81.183.92.22 - - [14/Mar/2021:19:27:34 +0100] "GET /aktualis_elemei/bio2szulinap_elemei/image136.jpg HTTP/1.1" 200 7982 "http://www.greenaction.hu/aktualis_elemei/bio2szulinap.html" "Mozilla/5.0 (Windows NT 10.0; Win64; x64) AppleWebKit/537.36 (KHTML, like Gecko) Chrome/89.0.4389.82 Safari/537.36"
81.183.92.22 - - [14/Mar/2021:19:27:34 +0100] "GET /aktualis_elemei/bio2szulinap_elemei/image138.jpg HTTP/1.1" 200 9822 "http://www.greenaction.hu/aktualis_elemei/bio2szulinap.html" "Mozilla/5.0 (Windows NT 10.0; Win64; x64) AppleWebKit/537.36 (KHTML, like Gecko) Chrome/89.0.4389.82 Safari/537.36"
81.183.92.22 - - [14/Mar/2021:19:27:34 +0100] "GET /aktualis_elemei/bio2szulinap_elemei/image140.jpg HTTP/1.1" 200 9938 "http://www.greenaction.hu/aktualis_elemei/bio2szulinap.html" "Mozilla/5.0 (Windows NT 10.0; Win64; x64) AppleWebKit/537.36 (KHTML, like Gecko) Chrome/89.0.4389.82 Safari/537.36"
81.183.92.22 - - [14/Mar/2021:19:27:34 +0100] "GET /aktualis_elemei/bio2szulinap_elemei/image142.jpg HTTP/1.1" 200 9654 "http://www.greenaction.hu/aktualis_elemei/bio2szulinap.html" "Mozilla/5.0 (Windows NT 10.0; Win64; x64) AppleWebKit/537.36 (KHTML, like Gecko) Chrome/89.0.4389.82 Safari/537.36"
81.183.92.22 - - [14/Mar/2021:19:27:34 +0100] "GET /aktualis_elemei/bio2szulinap_elemei/image144.jpg HTTP/1.1" 200 9920 "http://www.greenaction.hu/aktualis_elemei/bio2szulinap.html" "Mozilla/5.0 (Windows NT 10.0; Win64; x64) AppleWebKit/537.36 (KHTML, like Gecko) Chrome/89.0.4389.82 Safari/537.36"
81.183.92.22 - - [14/Mar/2021:19:27:34 +0100] "GET /favicon.ico HTTP/1.1" 404 1181 "http://www.greenaction.hu/aktualis_elemei/bio2szulinap.html" "Mozilla/5.0 (Windows NT 10.0; Win64; x64) AppleWebKit/537.36 (KHTML, like Gecko) Chrome/89.0.4389.82 Safari/537.36"
5.34.180.192 - - [14/Mar/2021:19:40:09 +0100] "GET / HTTP/1.1" 200 884 "https://pl.painting-planet.com/" "Mozilla/4.0 (compatible; MSIE 6.0; Windows NT 5.1; SV1; InfoPath.1"
5.34.180.192 - - [14/Mar/2021:19:40:09 +0100] "GET / HTTP/1.1" 200 884 "https://pl.painting-planet.com/" "Mozilla/4.0 (compatible; MSIE 6.0; Windows NT 5.1; SV1; InfoPath.1"
5.34.180.192 - - [14/Mar/2021:19:40:10 +0100] "GET / HTTP/1.1" 200 884 "https://pl.painting-planet.com/" "Mozilla/4.0 (compatible; MSIE 6.0; Windows NT 5.1; SV1; InfoPath.1"
49.12.13.109 - - [14/Mar/2021:20:19:42 +0100] "HEAD / HTTP/1.1" 200 0 "-" "Alert_Alligator_webmonitoring_service_1.6.3_(alertalligator.com)"
13.66.139.105 - - [14/Mar/2021:20:42:45 +0100] "GET /aktualis_elemei/bio2szulinap_elemei/image142.jpg HTTP/1.1" 200 9654 "-" "Mozilla/5.0 (compatible; bingbot/2.0; +http://www.bing.com/bingbot.htm)"
114.119.155.44 - - [14/Mar/2021:20:44:00 +0100] "GET /aktualis_elemei/ausztriaut_elemei/image007.jpg HTTP/1.1" 404 1181 "-" "Mozilla/5.0 (Linux; Android 7.0;) AppleWebKit/537.36 (KHTML, like Gecko) Mobile Safari/537.36 (compatible; PetalBot;+https://aspiegel.com/petalbot)"
5.34.180.192 - - [14/Mar/2021:20:59:12 +0100] "GET / HTTP/1.1" 200 884 "https://dverirespekt.ru/" "Mozilla/4.0 (compatible; MSIE 6.0; Windows NT 5.1; SV1; FunWebProducts; MRA 4.6 (build 01425); .NET CLR 1.1.4322; .NET CLR 2.0.50727)"
5.34.180.192 - - [14/Mar/2021:20:59:13 +0100] "GET / HTTP/1.1" 200 884 "https://dverirespekt.ru/" "Mozilla/4.0 (compatible; MSIE 6.0; Windows NT 5.1; SV1; FunWebProducts; MRA 4.6 (build 01425); .NET CLR 1.1.4322; .NET CLR 2.0.50727)"
5.34.180.192 - - [14/Mar/2021:20:59:13 +0100] "GET / HTTP/1.1" 200 884 "https://dverirespekt.ru/" "Mozilla/4.0 (compatible; MSIE 6.0; Windows NT 5.1; SV1; FunWebProducts; MRA 4.6 (build 01425); .NET CLR 1.1.4322; .NET CLR 2.0.50727)"
114.119.159.128 - - [14/Mar/2021:21:01:07 +0100] "GET /robots.txt HTTP/1.1" 404 1181 "-" "(compatible;PetalBot;+https://aspiegel.com/petalbot)"
13.66.139.105 - - [14/Mar/2021:21:03:08 +0100] "GET /aktualis_elemei/katonai_elemei/image001.jpg HTTP/1.1" 200 35821 "-" "Mozilla/5.0 (compatible; bingbot/2.0; +http://www.bing.com/bingbot.htm)"
148.251.121.91 - - [14/Mar/2021:21:13:51 +0100] "GET /robots.txt HTTP/1.1" 404 1181 "-" "DomainStatsBot/1.0 (https://domainstats.com/pages/our-bot)"
148.251.121.91 - - [14/Mar/2021:21:13:52 +0100] "HEAD / HTTP/1.1" 200 0 "-" "DomainStatsBot/1.0 (https://domainstats.com/pages/our-bot)"
148.251.121.91 - - [14/Mar/2021:21:13:52 +0100] "GET / HTTP/1.1" 200 884 "-" "DomainStatsBot/1.0 (https://domainstats.com/pages/our-bot)"
49.12.13.109 - - [14/Mar/2021:21:18:44 +0100] "HEAD / HTTP/1.1" 200 0 "-" "Alert_Alligator_webmonitoring_service_1.6.3_(alertalligator.com)"
13.66.139.104 - - [14/Mar/2021:21:31:42 +0100] "GET /aktualis_elemei/fnhv_elemei/image005.jpg HTTP/1.1" 200 9968 "-" "Mozilla/5.0 (compatible; bingbot/2.0; +http://www.bing.com/bingbot.htm)"
49.12.13.109 - - [14/Mar/2021:22:17:48 +0100] "HEAD / HTTP/1.1" 200 0 "-" "Alert_Alligator_webmonitoring_service_1.6.3_(alertalligator.com)"
13.66.139.104 - - [14/Mar/2021:22:23:36 +0100] "GET / HTTP/1.1" 200 884 "-" "Mozilla/5.0 (compatible; bingbot/2.0; +http://www.bing.com/bingbot.htm)"
176.9.20.143 - - [14/Mar/2021:23:04:38 +0100] "GET /mail/config-v1.1.xml?emailaddress=admin%40greenaction.hu HTTP/1.1" 404 1181 "-" "Mozilla/5.0 (Windows NT 10.0; Win64; x64) AppleWebKit/537.36 (KHTML, like Gecko) Chrome/63.0.2275.160 Safari/537.36"
176.9.20.143 - - [14/Mar/2021:23:04:47 +0100] "GET /.well-known/autoconfig/mail/config-v1.1.xml?emailaddress=admin%40greenaction.hu HTTP/1.1" 404 1181 "-" "Mozilla/5.0 (Windows NT 6.1; WOW64) AppleWebKit/537.36 (KHTML, like Gecko) Chrome/62.0.3338.77 Safari/537.36"
176.9.20.143 - - [14/Mar/2021:23:04:51 +0100] "GET /autodiscover/autodiscover.xml HTTP/1.1" 404 1181 "-" "Mozilla/5.0 (Windows NT 6.2; WOW64) AppleWebKit/537.36 (KHTML, like Gecko) Chrome/63.0.3027.60 Safari/537.36"
13.66.139.104 - - [14/Mar/2021:23:15:41 +0100] "GET /aktualis_elemei/fnhv_elemei/image026.jpg HTTP/1.1" 200 11706 "-" "Mozilla/5.0 (compatible; bingbot/2.0; +http://www.bing.com/bingbot.htm)"
49.12.13.109 - - [14/Mar/2021:23:16:50 +0100] "HEAD / HTTP/1.1" 200 0 "-" "Alert_Alligator_webmonitoring_service_1.6.3_(alertalligator.com)"
13.66.139.112 - - [14/Mar/2021:23:21:52 +0100] "GET /aktualis_elemei/fnhv_elemei/image017.jpg HTTP/1.1" 200 11115 "-" "Mozilla/5.0 (compatible; bingbot/2.0; +http://www.bing.com/bingbot.htm)"
54.36.149.90 - - [14/Mar/2021:23:33:16 +0100] "GET /robots.txt HTTP/1.1" 404 1181 "-" "Mozilla/5.0 (compatible; AhrefsBot/7.0; +http://ahrefs.com/robot/)"
54.36.148.141 - - [14/Mar/2021:23:33:17 +0100] "GET / HTTP/1.1" 200 884 "-" "Mozilla/5.0 (compatible; AhrefsBot/7.0; +http://ahrefs.com/robot/)"
13.66.139.112 - - [14/Mar/2021:23:38:03 +0100] "GET /aktualis_elemei/bio2szulinap_elemei/image078.jpg HTTP/1.1" 200 7760 "-" "Mozilla/5.0 (compatible; bingbot/2.0; +http://www.bing.com/bingbot.htm)"
49.12.13.109 - - [15/Mar/2021:00:15:55 +0100] "HEAD / HTTP/1.1" 200 0 "-" "Alert_Alligator_webmonitoring_service_1.6.3_(alertalligator.com)"
114.119.153.158 - - [15/Mar/2021:00:20:45 +0100] "GET /robots.txt HTTP/1.1" 404 1181 "-" "(compatible;PetalBot;+https://aspiegel.com/petalbot)"
216.18.204.215 - - [15/Mar/2021:00:24:29 +0100] "GET /robots.txt HTTP/1.1" 404 1181 "-" "Mozilla/5.0 (compatible; Adsbot/3.1)"
216.18.204.215 - - [15/Mar/2021:00:24:37 +0100] "GET / HTTP/1.1" 200 884 "-" "Mozilla/5.0 (compatible; Adsbot/3.1)"
216.18.204.215 - - [15/Mar/2021:00:24:48 +0100] "GET /robots.txt HTTP/1.1" 404 1181 "-" "Mozilla/5.0 (compatible; Adsbot/3.1)"
216.18.204.215 - - [15/Mar/2021:00:24:53 +0100] "GET / HTTP/1.1" 200 884 "-" "Mozilla/5.0 (compatible; Adsbot/3.1)"
216.18.204.215 - - [15/Mar/2021:00:24:59 +0100] "GET /magunkrol_elemei/kozhasznu.html HTTP/1.1" 200 48365 "http://www.greenaction.hu/" "Mozilla/5.0 (compatible; Adsbot/3.1)"
13.66.139.105 - - [15/Mar/2021:00:35:37 +0100] "GET /aktualis_elemei/bio2szulinap_elemei/image082.jpg HTTP/1.1" 200 7560 "-" "Mozilla/5.0 (compatible; bingbot/2.0; +http://www.bing.com/bingbot.htm)"
13.66.139.105 - - [15/Mar/2021:00:57:51 +0100] "GET /aktualis_elemei/bio2szulinap_elemei/image018.gif HTTP/1.1" 200 41110 "-" "Mozilla/5.0 (compatible; bingbot/2.0; +http://www.bing.com/bingbot.htm)"
13.66.139.104 - - [15/Mar/2021:01:08:12 +0100] "GET /aktualis_elemei/bio2szulinap_elemei/image102.jpg HTTP/1.1" 200 8017 "-" "Mozilla/5.0 (compatible; bingbot/2.0; +http://www.bing.com/bingbot.htm)"
49.12.13.109 - - [15/Mar/2021:01:15:00 +0100] "HEAD / HTTP/1.1" 200 0 "-" "Alert_Alligator_webmonitoring_service_1.6.3_(alertalligator.com)"
13.66.139.112 - - [15/Mar/2021:01:35:15 +0100] "GET /aktualis_elemei/bio2szulinap_elemei/image080.jpg HTTP/1.1" 200 9907 "-" "Mozilla/5.0 (compatible; bingbot/2.0; +http://www.bing.com/bingbot.htm)"
212.237.51.151 - - [15/Mar/2021:02:14:04 +0100] "HEAD / HTTP/1.1" 200 0 "-" "Alert_Alligator_webmonitoring_service_1.6.3_(alertalligator.com)"
5.255.231.195 - - [15/Mar/2021:02:25:02 +0100] "GET /robots.txt HTTP/1.1" 404 1181 "-" "Mozilla/5.0 (compatible; YandexBot/3.0; +http://yandex.com/bots)"
5.255.231.195 - - [15/Mar/2021:02:25:03 +0100] "GET /robots.txt HTTP/1.1" 404 1181 "-" "Mozilla/5.0 (compatible; YandexBot/3.0; +http://yandex.com/bots)"
5.255.231.195 - - [15/Mar/2021:02:25:06 +0100] "GET / HTTP/1.1" 200 884 "-" "Mozilla/5.0 (compatible; YandexBot/3.0; +http://yandex.com/bots)"
5.255.231.195 - - [15/Mar/2021:02:25:06 +0100] "GET / HTTP/1.1" 200 884 "-" "Mozilla/5.0 (compatible; YandexBot/3.0; +http://yandex.com/bots)"
178.150.47.62 - - [15/Mar/2021:02:25:49 +0100] "GET / HTTP/1.1" 200 884 "https://luchshie-topcasino.ru/" "Mozilla/6.0 (compatible; MSIE 7.0a1; Windows NT 5.2; SV1)"
178.150.47.62 - - [15/Mar/2021:02:25:50 +0100] "GET / HTTP/1.1" 200 884 "https://luchshie-topcasino.ru/" "Mozilla/6.0 (compatible; MSIE 7.0a1; Windows NT 5.2; SV1)"
178.150.47.62 - - [15/Mar/2021:02:25:50 +0100] "GET / HTTP/1.1" 200 884 "https://luchshie-topcasino.ru/" "Mozilla/6.0 (compatible; MSIE 7.0a1; Windows NT 5.2; SV1)"
212.237.23.143 - - [15/Mar/2021:03:15:22 +0100] "HEAD / HTTP/1.1" 200 0 "-" "Alert_Alligator_webmonitoring_service_1.6.3_(alertalligator.com)"
66.249.66.143 - - [15/Mar/2021:04:07:27 +0100] "GET /robots.txt HTTP/1.1" 404 1181 "-" "Mozilla/5.0 (compatible; Googlebot/2.1; +http://www.google.com/bot.html)"
66.249.66.139 - - [15/Mar/2021:04:07:28 +0100] "GET /archiv_elemei/acitc_elemei/image004.jpg HTTP/1.1" 200 5323 "-" "Googlebot-Image/1.0"
212.237.51.151 - - [15/Mar/2021:04:14:26 +0100] "HEAD / HTTP/1.1" 200 0 "-" "Alert_Alligator_webmonitoring_service_1.6.3_(alertalligator.com)"
66.249.66.143 - - [15/Mar/2021:04:47:27 +0100] "GET /aktualis_elemei/bio2szulinap_elemei/image126.jpg HTTP/1.1" 200 9363 "-" "Googlebot-Image/1.0"
159.69.145.50 - - [15/Mar/2021:05:14:09 +0100] "HEAD / HTTP/1.1" 200 0 "-" "Alert_Alligator_webmonitoring_service_1.6.3_(alertalligator.com)"
66.249.66.143 - - [15/Mar/2021:05:17:22 +0100] "GET /kiadvany/delbukk.pdf HTTP/1.1" 304 - "-" "Mozilla/5.0 (Linux; Android 6.0.1; Nexus 5X Build/MMB29P) AppleWebKit/537.36 (KHTML, like Gecko) Chrome/88.0.4324.188 Mobile Safari/537.36 (compatible; Googlebot/2.1; +http://www.google.com/bot.html)"
13.66.139.2 - - [15/Mar/2021:06:09:01 +0100] "GET /aktualis_elemei/bio2szulinap_elemei/image128.jpg HTTP/1.1" 200 8653 "-" "Mozilla/5.0 (compatible; bingbot/2.0; +http://www.bing.com/bingbot.htm)"
159.69.145.50 - - [15/Mar/2021:06:13:12 +0100] "HEAD / HTTP/1.1" 200 0 "-" "Alert_Alligator_webmonitoring_service_1.6.3_(alertalligator.com)"
54.36.148.107 - - [15/Mar/2021:06:21:59 +0100] "GET / HTTP/1.1" 200 884 "-" "Mozilla/5.0 (compatible; AhrefsBot/7.0; +http://ahrefs.com/robot/)"
66.249.66.139 - - [15/Mar/2021:06:47:27 +0100] "GET /aktualis_elemei/bio2szulinap_elemei/image136.jpg HTTP/1.1" 200 7982 "-" "Googlebot-Image/1.0"
88.198.43.207 - - [15/Mar/2021:07:07:51 +0100] "GET /aktualis_elemei/katonai.html HTTP/1.1" 200 22109 "-" "Mozilla/5.0 (Windows NT 10.0; Win64; x64) AppleWebKit/537.36 (KHTML, like Gecko) Chrome/86.0.4240.193 Safari/537.36"
212.237.51.151 - - [15/Mar/2021:07:12:25 +0100] "HEAD / HTTP/1.1" 200 0 "-" "Alert_Alligator_webmonitoring_service_1.6.3_(alertalligator.com)"
13.66.139.2 - - [15/Mar/2021:07:39:49 +0100] "GET /aktualis_elemei/fnhv_elemei/image019.jpg HTTP/1.1" 200 14857 "-" "Mozilla/5.0 (compatible; bingbot/2.0; +http://www.bing.com/bingbot.htm)"
66.249.66.139 - - [15/Mar/2021:08:07:27 +0100] "GET /aktualis_elemei/fnhv_elemei/image019.jpg HTTP/1.1" 200 14857 "-" "Googlebot-Image/1.0"
3.250.36.157 - - [15/Mar/2021:08:07:32 +0100] "GET / HTTP/1.1" 200 884 "-" "Mozilla/5.0 (Macintosh; Intel Mac OS X 10.15; rv:81.0) Gecko/20100101 Firefox/81.0"
159.69.145.50 - - [15/Mar/2021:08:11:42 +0100] "HEAD / HTTP/1.1" 200 0 "-" "Alert_Alligator_webmonitoring_service_1.6.3_(alertalligator.com)"
5.35.248.93 - - [15/Mar/2021:09:01:41 +0100] "GET /.env HTTP/1.1" 404 1181 "-" "Mozilla/5.0 (X11; Linux x86_64) AppleWebKit/537.36 (KHTML, like Gecko) Chrome/81.0.4044.129 Safari/537.36"
5.35.248.93 - - [15/Mar/2021:09:02:58 +0100] "POST / HTTP/1.1" 405 1174 "-" "Mozilla/5.0 (X11; Linux x86_64) AppleWebKit/537.36 (KHTML, like Gecko) Chrome/81.0.4044.129 Safari/537.36"
13.66.139.105 - - [15/Mar/2021:09:09:13 +0100] "GET /aktualis_elemei/bio2szulinap_elemei/image134.jpg HTTP/1.1" 200 10678 "-" "Mozilla/5.0 (compatible; bingbot/2.0; +http://www.bing.com/bingbot.htm)"
212.237.51.151 - - [15/Mar/2021:09:10:48 +0100] "HEAD / HTTP/1.1" 200 0 "-" "Alert_Alligator_webmonitoring_service_1.6.3_(alertalligator.com)"
13.66.139.104 - - [15/Mar/2021:09:18:24 +0100] "GET / HTTP/1.1" 200 884 "-" "Mozilla/5.0 (compatible; bingbot/2.0; +http://www.bing.com/bingbot.htm)"
66.249.66.143 - - [15/Mar/2021:10:07:27 +0100] "GET /aktualis_elemei/fnhv_elemei/image016.jpg HTTP/1.1" 304 - "-" "Googlebot-Image/1.0"
159.69.145.50 - - [15/Mar/2021:10:10:19 +0100] "HEAD / HTTP/1.1" 200 0 "-" "Alert_Alligator_webmonitoring_service_1.6.3_(alertalligator.com)"
66.249.66.139 - - [15/Mar/2021:10:47:27 +0100] "GET /aktualis_elemei/fnhv_elemei/image001.jpg HTTP/1.1" 304 - "-" "Googlebot-Image/1.0"
159.69.145.50 - - [15/Mar/2021:11:09:22 +0100] "HEAD / HTTP/1.1" 200 0 "-" "Alert_Alligator_webmonitoring_service_1.6.3_(alertalligator.com)"
13.66.139.112 - - [15/Mar/2021:11:26:31 +0100] "GET /aktualis_elemei/bio2szulinap_elemei/image110.jpg HTTP/1.1" 200 8760 "-" "Mozilla/5.0 (compatible; bingbot/2.0; +http://www.bing.com/bingbot.htm)"
217.65.120.57 - - [15/Mar/2021:11:35:16 +0100] "GET /kiadvany/miskolchvte.pdf HTTP/1.1" 200 150903 "https://www.google.com/" "Mozilla/5.0 (Linux; Android 10; Nokia 7.1) AppleWebKit/537.36 (KHTML, like Gecko) Chrome/89.0.4389.86 Mobile Safari/537.36"
217.65.120.57 - - [15/Mar/2021:11:35:16 +0100] "GET /kiadvany/miskolchvte.pdf HTTP/1.1" 206 43968 "https://www.google.com/" "Mozilla/5.0 (Linux; Android 10; Nokia 7.1) AppleWebKit/537.36 (KHTML, like Gecko) Chrome/89.0.4389.86 Mobile Safari/537.36"
13.66.139.112 - - [15/Mar/2021:11:38:12 +0100] "GET /aktualis_elemei/bio2szulinap_elemei/image030.jpg HTTP/1.1" 200 18167 "-" "Mozilla/5.0 (compatible; bingbot/2.0; +http://www.bing.com/bingbot.htm)"
49.12.13.109 - - [15/Mar/2021:12:08:22 +0100] "HEAD / HTTP/1.1" 200 0 "-" "Alert_Alligator_webmonitoring_service_1.6.3_(alertalligator.com)"
3.249.46.49 - - [15/Mar/2021:12:27:12 +0100] "GET / HTTP/1.1" 200 884 "-" "Mozilla/5.0 (Macintosh; Intel Mac OS X 10.15; rv:81.0) Gecko/20100101 Firefox/81.0"
3.249.56.103 - - [15/Mar/2021:12:42:07 +0100] "GET / HTTP/1.1" 200 884 "-" "Mozilla/5.0 (Macintosh; Intel Mac OS X 10.15; rv:81.0) Gecko/20100101 Firefox/81.0"
49.12.13.109 - - [15/Mar/2021:13:07:29 +0100] "HEAD / HTTP/1.1" 200 0 "-" "Alert_Alligator_webmonitoring_service_1.6.3_(alertalligator.com)"
195.211.145.115 - - [15/Mar/2021:13:10:51 +0100] "GET / HTTP/1.1" 200 884 "-" "Mozilla/5.0 (Windows NT 10.0; Win64; x64) AppleWebKit/537.36 (KHTML, like Gecko) Chrome/85.0.4183.121 Safari/537.36"
54.36.149.75 - - [15/Mar/2021:13:47:24 +0100] "GET /robots.txt HTTP/1.1" 404 1181 "-" "Mozilla/5.0 (compatible; AhrefsBot/7.0; +http://ahrefs.com/robot/)"
54.36.148.153 - - [15/Mar/2021:13:47:25 +0100] "GET / HTTP/1.1" 200 884 "-" "Mozilla/5.0 (compatible; AhrefsBot/7.0; +http://ahrefs.com/robot/)"
178.159.37.104 - - [15/Mar/2021:14:00:06 +0100] "GET / HTTP/1.1" 200 884 "https://jobgirl24.ru/" "Mozilla/4.0 (compatible; MSIE 6.0; Windows NT 5.0; Avant Browser [avantbrowser.com]; Hotbar 4.4.5.0)"
212.237.23.143 - - [15/Mar/2021:14:07:30 +0100] "HEAD / HTTP/1.1" 200 0 "-" "Alert_Alligator_webmonitoring_service_1.6.3_(alertalligator.com)"
158.51.121.97 - - [15/Mar/2021:14:13:59 +0100] "GET / HTTP/1.1" 200 884 "-" "Mozilla/5.0 (Windows NT 10.0; Win64; x64) AppleWebKit/537.36 (KHTML, like Gecko) Chrome/86.0.4240.75 Safari/537.36"
66.42.106.74 - - [15/Mar/2021:14:49:25 +0100] "GET / HTTP/1.1" 200 884 "" "Mozilla/5.0 (X11; Linux x86_64) AppleWebKit/537.36 (KHTML, like Gecko) Chrome/42.0.2311.135 Safari/537.36"
212.237.23.143 - - [15/Mar/2021:15:07:13 +0100] "HEAD / HTTP/1.1" 200 0 "-" "Alert_Alligator_webmonitoring_service_1.6.3_(alertalligator.com)"
66.249.81.96 - - [15/Mar/2021:15:26:03 +0100] "GET /aktualis_elemei/upfuzet.tml_elemei/image002.jpg HTTP/1.1" 200 11918 "-" "Mozilla/5.0 (Windows NT 5.1; rv:11.0) Gecko Firefox/11.0 (via ggpht.com GoogleImageProxy)"
114.119.136.31 - - [15/Mar/2021:15:55:31 +0100] "GET /robots.txt HTTP/1.1" 404 1181 "-" "(compatible;PetalBot;+https://aspiegel.com/petalbot)"
159.69.145.50 - - [15/Mar/2021:16:06:23 +0100] "HEAD / HTTP/1.1" 200 0 "-" "Alert_Alligator_webmonitoring_service_1.6.3_(alertalligator.com)"
49.12.13.109 - - [15/Mar/2021:17:05:38 +0100] "HEAD / HTTP/1.1" 200 0 "-" "Alert_Alligator_webmonitoring_service_1.6.3_(alertalligator.com)"
62.210.188.222 - - [15/Mar/2021:17:37:19 +0100] "GET /robots.txt HTTP/1.1" 404 1181 "-" "Mozilla/5.0 (compatible; Barkrowler/0.9; +https://babbar.tech/crawler)"
62.210.188.222 - - [15/Mar/2021:17:37:37 +0100] "GET /robots.txt HTTP/1.1" 404 1181 "-" "Mozilla/5.0 (compatible; Barkrowler/0.9; +https://babbar.tech/crawler)"
62.210.188.222 - - [15/Mar/2021:17:38:16 +0100] "GET / HTTP/1.1" 304 - "-" "Mozilla/5.0 (compatible; Barkrowler/0.9; +https://babbar.tech/crawler)"
62.210.188.222 - - [15/Mar/2021:17:38:37 +0100] "GET / HTTP/1.1" 304 - "-" "Mozilla/5.0 (compatible; Barkrowler/0.9; +https://babbar.tech/crawler)"
62.210.188.222 - - [15/Mar/2021:17:38:58 +0100] "GET /magunkrol_elemei/kozhasznu.html HTTP/1.1" 304 - "-" "Mozilla/5.0 (compatible; Barkrowler/0.9; +https://babbar.tech/crawler)"
178.159.37.104 - - [15/Mar/2021:18:01:18 +0100] "GET / HTTP/1.1" 200 884 "https://avtolombard-voronezh.ru/" "Mozilla/4.61 [en] (X11; U; ) - BrowseX (2.0.0 Windows)"
178.159.37.104 - - [15/Mar/2021:18:01:18 +0100] "GET / HTTP/1.1" 200 884 "https://avtolombard-voronezh.ru/" "Mozilla/4.61 [en] (X11; U; ) - BrowseX (2.0.0 Windows)"
178.159.37.104 - - [15/Mar/2021:18:01:19 +0100] "GET / HTTP/1.1" 200 884 "https://avtolombard-voronezh.ru/" "Mozilla/4.61 [en] (X11; U; ) - BrowseX (2.0.0 Windows)"
159.69.145.50 - - [15/Mar/2021:18:04:43 +0100] "HEAD / HTTP/1.1" 200 0 "-" "Alert_Alligator_webmonitoring_service_1.6.3_(alertalligator.com)"
54.36.149.26 - - [15/Mar/2021:18:30:22 +0100] "GET / HTTP/1.1" 200 884 "-" "Mozilla/5.0 (compatible; AhrefsBot/7.0; +http://ahrefs.com/robot/)"
40.77.167.81 - - [15/Mar/2021:18:58:40 +0100] "GET /hirek/egyszazalek.pdf HTTP/1.1" 304 - "-" "Mozilla/5.0 (compatible; bingbot/2.0; +http://www.bing.com/bingbot.htm)"
159.69.145.50 - - [15/Mar/2021:19:03:57 +0100] "HEAD / HTTP/1.1" 200 0 "-" "Alert_Alligator_webmonitoring_service_1.6.3_(alertalligator.com)"
114.119.137.252 - - [15/Mar/2021:19:14:10 +0100] "GET /robots.txt HTTP/1.1" 404 1181 "-" "(compatible;PetalBot;+https://aspiegel.com/petalbot)"
92.118.160.37 - - [15/Mar/2021:19:46:01 +0100] "GET / HTTP/1.1" 200 884 "-" "NetSystemsResearch studies the availability of various services across the internet. Our website is netsystemsresearch.com"
49.12.13.109 - - [15/Mar/2021:20:03:00 +0100] "HEAD / HTTP/1.1" 200 0 "-" "Alert_Alligator_webmonitoring_service_1.6.3_(alertalligator.com)"
13.66.139.112 - - [15/Mar/2021:20:14:41 +0100] "GET /aktualis_elemei/fnhv_elemei/image014.jpg HTTP/1.1" 200 11092 "-" "Mozilla/5.0 (compatible; bingbot/2.0; +http://www.bing.com/bingbot.htm)"
13.66.139.104 - - [15/Mar/2021:20:16:57 +0100] "GET / HTTP/1.1" 200 884 "-" "Mozilla/5.0 (compatible; bingbot/2.0; +http://www.bing.com/bingbot.htm)"
195.123.209.118 - - [15/Mar/2021:20:22:17 +0100] "GET / HTTP/1.1" 200 884 "https://pinup-casino1.ru/" "Mozilla/4.61 [en] (X11; U; ) - BrowseX (2.0.0 Windows)"
195.123.209.118 - - [15/Mar/2021:20:22:18 +0100] "GET / HTTP/1.1" 200 884 "https://pinup-casino1.ru/" "Mozilla/4.61 [en] (X11; U; ) - BrowseX (2.0.0 Windows)"
195.123.209.118 - - [15/Mar/2021:20:22:18 +0100] "GET / HTTP/1.1" 200 884 "https://pinup-casino1.ru/" "Mozilla/4.61 [en] (X11; U; ) - BrowseX (2.0.0 Windows)"
212.237.53.115 - - [15/Mar/2021:21:02:10 +0100] "HEAD / HTTP/1.1" 200 0 "-" "Alert_Alligator_webmonitoring_service_1.6.3_(alertalligator.com)"
13.66.139.105 - - [15/Mar/2021:21:05:22 +0100] "GET /aktualis_elemei/bio2szulinap_elemei/image024.jpg HTTP/1.1" 200 12405 "-" "Mozilla/5.0 (compatible; bingbot/2.0; +http://www.bing.com/bingbot.htm)"
212.237.23.143 - - [15/Mar/2021:22:01:36 +0100] "HEAD / HTTP/1.1" 200 0 "-" "Alert_Alligator_webmonitoring_service_1.6.3_(alertalligator.com)"
77.110.130.123 - - [15/Mar/2021:22:28:03 +0100] "GET /favicon.ico HTTP/1.1" 404 1181 "http://www.greenaction.hu/kiadvany/miskolchvte.pdf" "Mozilla/5.0 (Windows NT 10.0; Win64; x64) AppleWebKit/537.36 (KHTML, like Gecko) Chrome/89.0.4389.82 Safari/537.36"
77.110.130.123 - - [15/Mar/2021:22:28:05 +0100] "GET /kiadvany/miskolchvte.pdf HTTP/1.1" 200 4059249 "https://www.google.com/" "Mozilla/5.0 (Windows NT 10.0; Win64; x64) AppleWebKit/537.36 (KHTML, like Gecko) Chrome/89.0.4389.82 Safari/537.36"
212.237.53.115 - - [15/Mar/2021:23:01:04 +0100] "HEAD / HTTP/1.1" 200 0 "-" "Alert_Alligator_webmonitoring_service_1.6.3_(alertalligator.com)"
158.51.121.207 - - [15/Mar/2021:23:06:12 +0100] "GET / HTTP/1.1" 200 884 "-" "Mozilla/5.0 (Windows NT 10.0; Win64; x64) AppleWebKit/537.36 (KHTML, like Gecko) Chrome/86.0.4240.75 Safari/537.36"
54.36.149.36 - - [15/Mar/2021:23:39:02 +0100] "GET /robots.txt HTTP/1.1" 404 1181 "-" "Mozilla/5.0 (compatible; AhrefsBot/7.0; +http://ahrefs.com/robot/)"
54.36.149.85 - - [15/Mar/2021:23:39:03 +0100] "GET / HTTP/1.1" 200 884 "-" "Mozilla/5.0 (compatible; AhrefsBot/7.0; +http://ahrefs.com/robot/)"
13.66.139.105 - - [15/Mar/2021:23:58:59 +0100] "GET /aktualis_elemei/bio2szulinap_elemei/image014.jpg HTTP/1.1" 200 10796 "-" "Mozilla/5.0 (compatible; bingbot/2.0; +http://www.bing.com/bingbot.htm)"
212.237.23.143 - - [16/Mar/2021:00:00:47 +0100] "HEAD / HTTP/1.1" 200 0 "-" "Alert_Alligator_webmonitoring_service_1.6.3_(alertalligator.com)"
42.236.10.83 - - [16/Mar/2021:00:02:13 +0100] "GET / HTTP/1.1" 200 884 "http://www.greenaction.hu/" "Mozilla/5.0 (Windows NT 6.1; WOW64) AppleWebKit/537.36 (KHTML, like Gecko) Chrome/50.4.2661.102 Safari/537.36; 360Spider"
13.66.139.105 - - [16/Mar/2021:00:22:30 +0100] "GET /aktualis_elemei/bio2szulinap_elemei/image038.jpg HTTP/1.1" 200 14459 "-" "Mozilla/5.0 (compatible; bingbot/2.0; +http://www.bing.com/bingbot.htm)"
212.237.53.115 - - [16/Mar/2021:01:00:09 +0100] "HEAD / HTTP/1.1" 200 0 "-" "Alert_Alligator_webmonitoring_service_1.6.3_(alertalligator.com)"
13.66.139.105 - - [16/Mar/2021:01:32:57 +0100] "GET /aktualis_elemei/fnhv_elemei/image022.jpg HTTP/1.1" 200 9202 "-" "Mozilla/5.0 (compatible; bingbot/2.0; +http://www.bing.com/bingbot.htm)"
13.66.139.112 - - [16/Mar/2021:01:40:42 +0100] "GET /aktualis_elemei/fnhv_elemei/image011.jpg HTTP/1.1" 200 8196 "-" "Mozilla/5.0 (compatible; bingbot/2.0; +http://www.bing.com/bingbot.htm)"
49.12.13.109 - - [16/Mar/2021:01:59:11 +0100] "HEAD / HTTP/1.1" 200 0 "-" "Alert_Alligator_webmonitoring_service_1.6.3_(alertalligator.com)"
49.12.13.109 - - [16/Mar/2021:02:58:11 +0100] "HEAD / HTTP/1.1" 200 0 "-" "Alert_Alligator_webmonitoring_service_1.6.3_(alertalligator.com)"
114.119.150.45 - - [16/Mar/2021:03:02:34 +0100] "GET /aktualis_elemei/humuszkotelhuzo.html HTTP/1.1" 200 14947 "-" "Mozilla/5.0 (Linux; Android 7.0;) AppleWebKit/537.36 (KHTML, like Gecko) Mobile Safari/537.36 (compatible; PetalBot;+https://aspiegel.com/petalbot)"
114.119.132.9 - - [16/Mar/2021:03:40:57 +0100] "GET /aktualis_elemei/biovasarszombat.html HTTP/1.1" 200 12258 "-" "Mozilla/5.0 (Linux; Android 7.0;) AppleWebKit/537.36 (KHTML, like Gecko) Mobile Safari/537.36 (compatible; PetalBot;+https://aspiegel.com/petalbot)"
49.12.13.109 - - [16/Mar/2021:03:57:32 +0100] "HEAD / HTTP/1.1" 200 0 "-" "Alert_Alligator_webmonitoring_service_1.6.3_(alertalligator.com)"
114.119.129.189 - - [16/Mar/2021:04:02:09 +0100] "GET /aktualis_elemei/ausztriaut_elemei/image007.jpg HTTP/1.1" 404 1181 "-" "Mozilla/5.0 (Linux; Android 7.0;) AppleWebKit/537.36 (KHTML, like Gecko) Mobile Safari/537.36 (compatible; PetalBot;+https://aspiegel.com/petalbot)"
13.66.139.112 - - [16/Mar/2021:04:08:46 +0100] "GET /aktualis_elemei/bio2szulinap_elemei/image050.jpg HTTP/1.1" 200 12224 "-" "Mozilla/5.0 (compatible; bingbot/2.0; +http://www.bing.com/bingbot.htm)"
49.12.13.109 - - [16/Mar/2021:04:56:34 +0100] "HEAD / HTTP/1.1" 200 0 "-" "Alert_Alligator_webmonitoring_service_1.6.3_(alertalligator.com)"
13.66.139.105 - - [16/Mar/2021:05:21:30 +0100] "GET /aktualis_elemei/fnhv_elemei/image001.jpg HTTP/1.1" 200 11658 "-" "Mozilla/5.0 (compatible; bingbot/2.0; +http://www.bing.com/bingbot.htm)"
192.36.52.37 - - [16/Mar/2021:05:29:32 +0100] "GET /robots.txt HTTP/1.1" 404 1181 "-" "Mozilla/5.0 (X11; CrOS x86_64 8172.45.0) AppleWebKit/537.36 (KHTML, like Gecko) Chrome/51.0.2704.64 Safari/537.36"
192.71.36.158 - - [16/Mar/2021:05:29:33 +0100] "GET /humans.txt HTTP/1.1" 404 1181 "-" "Mozilla/5.0 (X11; CrOS x86_64 8172.45.0) AppleWebKit/537.36 (KHTML, like Gecko) Chrome/51.0.2704.64 Safari/537.36"
192.71.126.175 - - [16/Mar/2021:05:29:33 +0100] "GET /ads.txt HTTP/1.1" 404 1181 "-" "Mozilla/5.0 (X11; CrOS x86_64 8172.45.0) AppleWebKit/537.36 (KHTML, like Gecko) Chrome/51.0.2704.64 Safari/537.36"
192.71.126.175 - - [16/Mar/2021:05:29:33 +0100] "GET / HTTP/1.1" 200 884 "-" "Mozilla/5.0 (X11; CrOS x86_64 8172.45.0) AppleWebKit/537.36 (KHTML, like Gecko) Chrome/51.0.2704.64 Safari/537.36"
54.36.149.31 - - [16/Mar/2021:05:30:41 +0100] "GET / HTTP/1.1" 200 884 "-" "Mozilla/5.0 (compatible; AhrefsBot/7.0; +http://ahrefs.com/robot/)"
13.66.139.104 - - [16/Mar/2021:05:33:31 +0100] "GET / HTTP/1.1" 200 884 "-" "Mozilla/5.0 (compatible; bingbot/2.0; +http://www.bing.com/bingbot.htm)"
114.119.155.44 - - [16/Mar/2021:05:53:00 +0100] "GET /aktualis_elemei/ausztriaut_elemei/image021.jpg HTTP/1.1" 404 1181 "-" "Mozilla/5.0 (Linux; Android 7.0;) AppleWebKit/537.36 (KHTML, like Gecko) Mobile Safari/537.36 (compatible; PetalBot;+https://aspiegel.com/petalbot)"
159.69.145.50 - - [16/Mar/2021:05:56:08 +0100] "HEAD / HTTP/1.1" 200 0 "-" "Alert_Alligator_webmonitoring_service_1.6.3_(alertalligator.com)"
114.119.130.136 - - [16/Mar/2021:05:58:50 +0100] "GET /archiv_elemei/csanyiktc.html HTTP/1.1" 200 13182 "-" "Mozilla/5.0 (Linux; Android 7.0;) AppleWebKit/537.36 (KHTML, like Gecko) Mobile Safari/537.36 (compatible; PetalBot;+https://aspiegel.com/petalbot)"
159.69.145.50 - - [16/Mar/2021:06:55:15 +0100] "HEAD / HTTP/1.1" 200 0 "-" "Alert_Alligator_webmonitoring_service_1.6.3_(alertalligator.com)"
194.153.113.13 - - [16/Mar/2021:07:28:49 +0100] "GET /robots.txt HTTP/1.1" 404 1181 "-" "Mozilla/5.0 (compatible; oBot/2.3.1; +http://www.xforce-security.com/crawler/)"
194.153.113.13 - - [16/Mar/2021:07:28:49 +0100] "GET / HTTP/1.1" 200 884 "-" "Mozilla/5.0 (compatible; oBot/2.3.1; +http://www.xforce-security.com/crawler/)"
194.153.113.13 - - [16/Mar/2021:07:28:50 +0100] "GET /zoldakcio.swf HTTP/1.1" 200 840351 "-" "Mozilla/5.0 (compatible; oBot/2.3.1; +http://www.xforce-security.com/crawler/)"
194.153.113.13 - - [16/Mar/2021:07:28:53 +0100] "GET /kiadvanyaink.html HTTP/1.1" 200 4921 "-" "Mozilla/5.0 (compatible; oBot/2.3.1; +http://www.xforce-security.com/crawler/)"
194.153.113.13 - - [16/Mar/2021:07:28:56 +0100] "GET /magunkrol.html HTTP/1.1" 200 6981 "-" "Mozilla/5.0 (compatible; oBot/2.3.1; +http://www.xforce-security.com/crawler/)"
194.153.113.13 - - [16/Mar/2021:07:28:56 +0100] "GET /tamogat.html HTTP/1.1" 200 1795 "-" "Mozilla/5.0 (compatible; oBot/2.3.1; +http://www.xforce-security.com/crawler/)"
194.153.113.13 - - [16/Mar/2021:07:28:57 +0100] "GET /visszatekint.html HTTP/1.1" 200 36767 "-" "Mozilla/5.0 (compatible; oBot/2.3.1; +http://www.xforce-security.com/crawler/)"
194.153.113.13 - - [16/Mar/2021:07:28:57 +0100] "GET /stab.html HTTP/1.1" 200 8653 "-" "Mozilla/5.0 (compatible; oBot/2.3.1; +http://www.xforce-security.com/crawler/)"
194.153.113.13 - - [16/Mar/2021:07:28:57 +0100] "GET /archiv.html HTTP/1.1" 200 100991 "-" "Mozilla/5.0 (compatible; oBot/2.3.1; +http://www.xforce-security.com/crawler/)"
194.153.113.13 - - [16/Mar/2021:07:28:57 +0100] "GET /archiv_elemei/image001.gif HTTP/1.1" 404 1181 "-" "Mozilla/5.0 (compatible; oBot/2.3.1; +http://www.xforce-security.com/crawler/)"
194.153.113.13 - - [16/Mar/2021:07:28:58 +0100] "GET /archiv_elemei/image049.gif HTTP/1.1" 404 1181 "-" "Mozilla/5.0 (compatible; oBot/2.3.1; +http://www.xforce-security.com/crawler/)"
194.153.113.13 - - [16/Mar/2021:07:28:58 +0100] "GET /archiv_elemei/image042.gif HTTP/1.1" 404 1181 "-" "Mozilla/5.0 (compatible; oBot/2.3.1; +http://www.xforce-security.com/crawler/)"
194.153.113.13 - - [16/Mar/2021:07:28:58 +0100] "GET /archiv_elemei/image016.gif HTTP/1.1" 404 1181 "-" "Mozilla/5.0 (compatible; oBot/2.3.1; +http://www.xforce-security.com/crawler/)"
194.153.113.13 - - [16/Mar/2021:07:28:58 +0100] "GET /archiv_elemei/image012.gif HTTP/1.1" 404 1181 "-" "Mozilla/5.0 (compatible; oBot/2.3.1; +http://www.xforce-security.com/crawler/)"
194.153.113.13 - - [16/Mar/2021:07:28:58 +0100] "GET /archiv_elemei/image021.gif HTTP/1.1" 404 1181 "-" "Mozilla/5.0 (compatible; oBot/2.3.1; +http://www.xforce-security.com/crawler/)"
194.153.113.13 - - [16/Mar/2021:07:28:58 +0100] "GET /archiv_elemei/image018.gif HTTP/1.1" 404 1181 "-" "Mozilla/5.0 (compatible; oBot/2.3.1; +http://www.xforce-security.com/crawler/)"
194.153.113.13 - - [16/Mar/2021:07:28:58 +0100] "GET /archiv_elemei/image007.gif HTTP/1.1" 404 1181 "-" "Mozilla/5.0 (compatible; oBot/2.3.1; +http://www.xforce-security.com/crawler/)"
194.153.113.13 - - [16/Mar/2021:07:28:58 +0100] "GET /archiv_elemei/image015.gif HTTP/1.1" 404 1181 "-" "Mozilla/5.0 (compatible; oBot/2.3.1; +http://www.xforce-security.com/crawler/)"
194.153.113.13 - - [16/Mar/2021:07:28:59 +0100] "GET /archiv_elemei/image017.gif HTTP/1.1" 404 1181 "-" "Mozilla/5.0 (compatible; oBot/2.3.1; +http://www.xforce-security.com/crawler/)"
194.153.113.13 - - [16/Mar/2021:07:28:59 +0100] "GET /archiv_elemei/image002.gif HTTP/1.1" 404 1181 "-" "Mozilla/5.0 (compatible; oBot/2.3.1; +http://www.xforce-security.com/crawler/)"
194.153.113.13 - - [16/Mar/2021:07:28:59 +0100] "GET /program.html HTTP/1.1" 200 12857 "-" "Mozilla/5.0 (compatible; oBot/2.3.1; +http://www.xforce-security.com/crawler/)"
194.153.113.13 - - [16/Mar/2021:07:28:59 +0100] "GET /partnereink.html HTTP/1.1" 200 1822 "-" "Mozilla/5.0 (compatible; oBot/2.3.1; +http://www.xforce-security.com/crawler/)"
212.237.51.151 - - [16/Mar/2021:07:54:19 +0100] "HEAD / HTTP/1.1" 200 0 "-" "Alert_Alligator_webmonitoring_service_1.6.3_(alertalligator.com)"
114.119.150.85 - - [16/Mar/2021:08:07:14 +0100] "GET /archiv_elemei/alsoavastc.html HTTP/1.1" 200 14965 "-" "Mozilla/5.0 (Linux; Android 7.0;) AppleWebKit/537.36 (KHTML, like Gecko) Mobile Safari/537.36 (compatible; PetalBot;+https://aspiegel.com/petalbot)"
18.203.161.242 - - [16/Mar/2021:08:09:09 +0100] "GET / HTTP/1.1" 200 884 "-" "Mozilla/5.0 (Macintosh; Intel Mac OS X 10.15; rv:81.0) Gecko/20100101 Firefox/81.0"
49.12.13.109 - - [16/Mar/2021:08:53:20 +0100] "HEAD / HTTP/1.1" 200 0 "-" "Alert_Alligator_webmonitoring_service_1.6.3_(alertalligator.com)"
5.34.180.192 - - [16/Mar/2021:09:28:41 +0100] "GET / HTTP/1.1" 200 884 "https://englishtopic.ru/" "Mozilla/4.0 (compatible; MSIE 5.5; Windows NT 5.0; T312461)"
5.34.180.192 - - [16/Mar/2021:09:28:42 +0100] "GET / HTTP/1.1" 200 884 "https://englishtopic.ru/" "Mozilla/4.0 (compatible; MSIE 5.5; Windows NT 5.0; T312461)"
5.34.180.192 - - [16/Mar/2021:09:28:42 +0100] "GET / HTTP/1.1" 200 884 "https://englishtopic.ru/" "Mozilla/4.0 (compatible; MSIE 5.5; Windows NT 5.0; T312461)"
13.66.139.112 - - [16/Mar/2021:09:42:38 +0100] "GET /aktualis_elemei/bio2szulinap_elemei/image062.jpg HTTP/1.1" 200 10742 "-" "Mozilla/5.0 (compatible; bingbot/2.0; +http://www.bing.com/bingbot.htm)"
114.119.141.100 - - [16/Mar/2021:09:46:32 +0100] "GET /archiv_elemei/tapolcatc.html HTTP/1.1" 200 12614 "-" "Mozilla/5.0 (Linux; Android 7.0;) AppleWebKit/537.36 (KHTML, like Gecko) Mobile Safari/537.36 (compatible; PetalBot;+https://aspiegel.com/petalbot)"
212.237.53.115 - - [16/Mar/2021:09:52:22 +0100] "HEAD / HTTP/1.1" 200 0 "-" "Alert_Alligator_webmonitoring_service_1.6.3_(alertalligator.com)"
54.36.148.153 - - [16/Mar/2021:10:20:51 +0100] "GET / HTTP/1.1" 200 884 "-" "Mozilla/5.0 (compatible; AhrefsBot/7.0; +http://ahrefs.com/robot/)"
212.237.53.115 - - [16/Mar/2021:10:51:56 +0100] "HEAD / HTTP/1.1" 200 0 "-" "Alert_Alligator_webmonitoring_service_1.6.3_(alertalligator.com)"
114.119.128.162 - - [16/Mar/2021:10:58:12 +0100] "GET /robots.txt HTTP/1.1" 404 1181 "-" "(compatible;PetalBot;+https://aspiegel.com/petalbot)"
40.77.167.91 - - [16/Mar/2021:10:58:12 +0100] "GET /robots.txt HTTP/1.1" 404 1181 "-" "Mozilla/5.0 (compatible; bingbot/2.0; +http://www.bing.com/bingbot.htm)"
13.66.139.104 - - [16/Mar/2021:10:58:21 +0100] "GET /aktualis_elemei/fnhv_elemei/image018.jpg HTTP/1.1" 200 11108 "-" "Mozilla/5.0 (compatible; bingbot/2.0; +http://www.bing.com/bingbot.htm)"
66.249.66.141 - - [16/Mar/2021:11:07:26 +0100] "GET /robots.txt HTTP/1.1" 404 1181 "-" "Mozilla/5.0 (compatible; Googlebot/2.1; +http://www.google.com/bot.html)"
66.249.66.143 - - [16/Mar/2021:11:07:26 +0100] "GET /aktualis_elemei/fnhv_elemei/image015.jpg HTTP/1.1" 200 11818 "-" "Googlebot-Image/1.0"
66.249.66.141 - - [16/Mar/2021:11:47:26 +0100] "GET /aktualis_elemei/fnhv_elemei/image017.jpg HTTP/1.1" 200 11115 "-" "Googlebot-Image/1.0"
49.12.13.109 - - [16/Mar/2021:11:50:57 +0100] "HEAD / HTTP/1.1" 200 0 "-" "Alert_Alligator_webmonitoring_service_1.6.3_(alertalligator.com)"
77.110.130.251 - - [16/Mar/2021:12:03:26 +0100] "GET /aktualis_elemei/bio2szulinap.html HTTP/1.1" 200 71694 "https://www.google.com/" "Mozilla/5.0 (Windows NT 10.0; Win64; x64) AppleWebKit/537.36 (KHTML, like Gecko) Chrome/88.0.4324.182 Safari/537.36"
77.110.130.251 - - [16/Mar/2021:12:03:26 +0100] "GET /aktualis_elemei/bio2szulinap_elemei/image002.jpg HTTP/1.1" 200 13498 "http://www.greenaction.hu/aktualis_elemei/bio2szulinap.html" "Mozilla/5.0 (Windows NT 10.0; Win64; x64) AppleWebKit/537.36 (KHTML, like Gecko) Chrome/88.0.4324.182 Safari/537.36"
77.110.130.251 - - [16/Mar/2021:12:03:26 +0100] "GET /aktualis_elemei/bio2szulinap_elemei/image008.jpg HTTP/1.1" 200 14223 "http://www.greenaction.hu/aktualis_elemei/bio2szulinap.html" "Mozilla/5.0 (Windows NT 10.0; Win64; x64) AppleWebKit/537.36 (KHTML, like Gecko) Chrome/88.0.4324.182 Safari/537.36"
77.110.130.251 - - [16/Mar/2021:12:03:26 +0100] "GET /aktualis_elemei/bio2szulinap_elemei/image010.jpg HTTP/1.1" 200 13442 "http://www.greenaction.hu/aktualis_elemei/bio2szulinap.html" "Mozilla/5.0 (Windows NT 10.0; Win64; x64) AppleWebKit/537.36 (KHTML, like Gecko) Chrome/88.0.4324.182 Safari/537.36"
77.110.130.251 - - [16/Mar/2021:12:03:26 +0100] "GET /aktualis_elemei/bio2szulinap_elemei/image006.jpg HTTP/1.1" 200 9889 "http://www.greenaction.hu/aktualis_elemei/bio2szulinap.html" "Mozilla/5.0 (Windows NT 10.0; Win64; x64) AppleWebKit/537.36 (KHTML, like Gecko) Chrome/88.0.4324.182 Safari/537.36"
77.110.130.251 - - [16/Mar/2021:12:03:26 +0100] "GET /aktualis_elemei/bio2szulinap_elemei/image004.jpg HTTP/1.1" 200 9638 "http://www.greenaction.hu/aktualis_elemei/bio2szulinap.html" "Mozilla/5.0 (Windows NT 10.0; Win64; x64) AppleWebKit/537.36 (KHTML, like Gecko) Chrome/88.0.4324.182 Safari/537.36"
77.110.130.251 - - [16/Mar/2021:12:03:26 +0100] "GET /aktualis_elemei/bio2szulinap_elemei/image012.jpg HTTP/1.1" 200 11039 "http://www.greenaction.hu/aktualis_elemei/bio2szulinap.html" "Mozilla/5.0 (Windows NT 10.0; Win64; x64) AppleWebKit/537.36 (KHTML, like Gecko) Chrome/88.0.4324.182 Safari/537.36"
77.110.130.251 - - [16/Mar/2021:12:03:26 +0100] "GET /aktualis_elemei/bio2szulinap_elemei/image014.jpg HTTP/1.1" 200 10796 "http://www.greenaction.hu/aktualis_elemei/bio2szulinap.html" "Mozilla/5.0 (Windows NT 10.0; Win64; x64) AppleWebKit/537.36 (KHTML, like Gecko) Chrome/88.0.4324.182 Safari/537.36"
77.110.130.251 - - [16/Mar/2021:12:03:26 +0100] "GET /aktualis_elemei/bio2szulinap_elemei/image016.jpg HTTP/1.1" 200 7778 "http://www.greenaction.hu/aktualis_elemei/bio2szulinap.html" "Mozilla/5.0 (Windows NT 10.0; Win64; x64) AppleWebKit/537.36 (KHTML, like Gecko) Chrome/88.0.4324.182 Safari/537.36"
77.110.130.251 - - [16/Mar/2021:12:03:26 +0100] "GET /aktualis_elemei/bio2szulinap_elemei/image018.gif HTTP/1.1" 200 41110 "http://www.greenaction.hu/aktualis_elemei/bio2szulinap.html" "Mozilla/5.0 (Windows NT 10.0; Win64; x64) AppleWebKit/537.36 (KHTML, like Gecko) Chrome/88.0.4324.182 Safari/537.36"
77.110.130.251 - - [16/Mar/2021:12:03:26 +0100] "GET /aktualis_elemei/bio2szulinap_elemei/image022.jpg HTTP/1.1" 200 11114 "http://www.greenaction.hu/aktualis_elemei/bio2szulinap.html" "Mozilla/5.0 (Windows NT 10.0; Win64; x64) AppleWebKit/537.36 (KHTML, like Gecko) Chrome/88.0.4324.182 Safari/537.36"
77.110.130.251 - - [16/Mar/2021:12:03:26 +0100] "GET /aktualis_elemei/bio2szulinap_elemei/image020.gif HTTP/1.1" 200 44876 "http://www.greenaction.hu/aktualis_elemei/bio2szulinap.html" "Mozilla/5.0 (Windows NT 10.0; Win64; x64) AppleWebKit/537.36 (KHTML, like Gecko) Chrome/88.0.4324.182 Safari/537.36"
77.110.130.251 - - [16/Mar/2021:12:03:26 +0100] "GET /aktualis_elemei/bio2szulinap_elemei/image024.jpg HTTP/1.1" 200 12405 "http://www.greenaction.hu/aktualis_elemei/bio2szulinap.html" "Mozilla/5.0 (Windows NT 10.0; Win64; x64) AppleWebKit/537.36 (KHTML, like Gecko) Chrome/88.0.4324.182 Safari/537.36"
77.110.130.251 - - [16/Mar/2021:12:03:26 +0100] "GET /aktualis_elemei/bio2szulinap_elemei/image026.jpg HTTP/1.1" 200 12161 "http://www.greenaction.hu/aktualis_elemei/bio2szulinap.html" "Mozilla/5.0 (Windows NT 10.0; Win64; x64) AppleWebKit/537.36 (KHTML, like Gecko) Chrome/88.0.4324.182 Safari/537.36"
77.110.130.251 - - [16/Mar/2021:12:03:26 +0100] "GET /aktualis_elemei/bio2szulinap_elemei/image028.jpg HTTP/1.1" 200 12629 "http://www.greenaction.hu/aktualis_elemei/bio2szulinap.html" "Mozilla/5.0 (Windows NT 10.0; Win64; x64) AppleWebKit/537.36 (KHTML, like Gecko) Chrome/88.0.4324.182 Safari/537.36"
77.110.130.251 - - [16/Mar/2021:12:03:26 +0100] "GET /aktualis_elemei/bio2szulinap_elemei/image030.jpg HTTP/1.1" 200 18167 "http://www.greenaction.hu/aktualis_elemei/bio2szulinap.html" "Mozilla/5.0 (Windows NT 10.0; Win64; x64) AppleWebKit/537.36 (KHTML, like Gecko) Chrome/88.0.4324.182 Safari/537.36"
77.110.130.251 - - [16/Mar/2021:12:03:26 +0100] "GET /aktualis_elemei/bio2szulinap_elemei/image032.jpg HTTP/1.1" 200 16073 "http://www.greenaction.hu/aktualis_elemei/bio2szulinap.html" "Mozilla/5.0 (Windows NT 10.0; Win64; x64) AppleWebKit/537.36 (KHTML, like Gecko) Chrome/88.0.4324.182 Safari/537.36"
77.110.130.251 - - [16/Mar/2021:12:03:26 +0100] "GET /aktualis_elemei/bio2szulinap_elemei/image034.jpg HTTP/1.1" 200 17799 "http://www.greenaction.hu/aktualis_elemei/bio2szulinap.html" "Mozilla/5.0 (Windows NT 10.0; Win64; x64) AppleWebKit/537.36 (KHTML, like Gecko) Chrome/88.0.4324.182 Safari/537.36"
77.110.130.251 - - [16/Mar/2021:12:03:26 +0100] "GET /aktualis_elemei/bio2szulinap_elemei/image036.jpg HTTP/1.1" 200 13931 "http://www.greenaction.hu/aktualis_elemei/bio2szulinap.html" "Mozilla/5.0 (Windows NT 10.0; Win64; x64) AppleWebKit/537.36 (KHTML, like Gecko) Chrome/88.0.4324.182 Safari/537.36"
77.110.130.251 - - [16/Mar/2021:12:03:26 +0100] "GET /aktualis_elemei/bio2szulinap_elemei/image038.jpg HTTP/1.1" 200 14459 "http://www.greenaction.hu/aktualis_elemei/bio2szulinap.html" "Mozilla/5.0 (Windows NT 10.0; Win64; x64) AppleWebKit/537.36 (KHTML, like Gecko) Chrome/88.0.4324.182 Safari/537.36"
77.110.130.251 - - [16/Mar/2021:12:03:26 +0100] "GET /aktualis_elemei/bio2szulinap_elemei/image042.jpg HTTP/1.1" 200 16066 "http://www.greenaction.hu/aktualis_elemei/bio2szulinap.html" "Mozilla/5.0 (Windows NT 10.0; Win64; x64) AppleWebKit/537.36 (KHTML, like Gecko) Chrome/88.0.4324.182 Safari/537.36"
77.110.130.251 - - [16/Mar/2021:12:03:26 +0100] "GET /aktualis_elemei/bio2szulinap_elemei/image040.jpg HTTP/1.1" 200 16250 "http://www.greenaction.hu/aktualis_elemei/bio2szulinap.html" "Mozilla/5.0 (Windows NT 10.0; Win64; x64) AppleWebKit/537.36 (KHTML, like Gecko) Chrome/88.0.4324.182 Safari/537.36"
77.110.130.251 - - [16/Mar/2021:12:03:26 +0100] "GET /aktualis_elemei/bio2szulinap_elemei/image044.jpg HTTP/1.1" 200 11923 "http://www.greenaction.hu/aktualis_elemei/bio2szulinap.html" "Mozilla/5.0 (Windows NT 10.0; Win64; x64) AppleWebKit/537.36 (KHTML, like Gecko) Chrome/88.0.4324.182 Safari/537.36"
77.110.130.251 - - [16/Mar/2021:12:03:26 +0100] "GET /aktualis_elemei/bio2szulinap_elemei/image046.jpg HTTP/1.1" 200 12403 "http://www.greenaction.hu/aktualis_elemei/bio2szulinap.html" "Mozilla/5.0 (Windows NT 10.0; Win64; x64) AppleWebKit/537.36 (KHTML, like Gecko) Chrome/88.0.4324.182 Safari/537.36"
77.110.130.251 - - [16/Mar/2021:12:03:26 +0100] "GET /aktualis_elemei/bio2szulinap_elemei/image048.jpg HTTP/1.1" 200 13760 "http://www.greenaction.hu/aktualis_elemei/bio2szulinap.html" "Mozilla/5.0 (Windows NT 10.0; Win64; x64) AppleWebKit/537.36 (KHTML, like Gecko) Chrome/88.0.4324.182 Safari/537.36"
77.110.130.251 - - [16/Mar/2021:12:03:26 +0100] "GET /aktualis_elemei/bio2szulinap_elemei/image052.jpg HTTP/1.1" 200 11533 "http://www.greenaction.hu/aktualis_elemei/bio2szulinap.html" "Mozilla/5.0 (Windows NT 10.0; Win64; x64) AppleWebKit/537.36 (KHTML, like Gecko) Chrome/88.0.4324.182 Safari/537.36"
77.110.130.251 - - [16/Mar/2021:12:03:26 +0100] "GET /aktualis_elemei/bio2szulinap_elemei/image050.jpg HTTP/1.1" 200 12224 "http://www.greenaction.hu/aktualis_elemei/bio2szulinap.html" "Mozilla/5.0 (Windows NT 10.0; Win64; x64) AppleWebKit/537.36 (KHTML, like Gecko) Chrome/88.0.4324.182 Safari/537.36"
77.110.130.251 - - [16/Mar/2021:12:03:26 +0100] "GET /aktualis_elemei/bio2szulinap_elemei/image054.jpg HTTP/1.1" 200 10738 "http://www.greenaction.hu/aktualis_elemei/bio2szulinap.html" "Mozilla/5.0 (Windows NT 10.0; Win64; x64) AppleWebKit/537.36 (KHTML, like Gecko) Chrome/88.0.4324.182 Safari/537.36"
77.110.130.251 - - [16/Mar/2021:12:03:26 +0100] "GET /aktualis_elemei/bio2szulinap_elemei/image056.jpg HTTP/1.1" 200 10317 "http://www.greenaction.hu/aktualis_elemei/bio2szulinap.html" "Mozilla/5.0 (Windows NT 10.0; Win64; x64) AppleWebKit/537.36 (KHTML, like Gecko) Chrome/88.0.4324.182 Safari/537.36"
77.110.130.251 - - [16/Mar/2021:12:03:26 +0100] "GET /aktualis_elemei/bio2szulinap_elemei/image058.jpg HTTP/1.1" 200 16787 "http://www.greenaction.hu/aktualis_elemei/bio2szulinap.html" "Mozilla/5.0 (Windows NT 10.0; Win64; x64) AppleWebKit/537.36 (KHTML, like Gecko) Chrome/88.0.4324.182 Safari/537.36"
77.110.130.251 - - [16/Mar/2021:12:03:26 +0100] "GET /aktualis_elemei/bio2szulinap_elemei/image062.jpg HTTP/1.1" 200 10742 "http://www.greenaction.hu/aktualis_elemei/bio2szulinap.html" "Mozilla/5.0 (Windows NT 10.0; Win64; x64) AppleWebKit/537.36 (KHTML, like Gecko) Chrome/88.0.4324.182 Safari/537.36"
77.110.130.251 - - [16/Mar/2021:12:03:26 +0100] "GET /aktualis_elemei/bio2szulinap_elemei/image060.jpg HTTP/1.1" 200 16684 "http://www.greenaction.hu/aktualis_elemei/bio2szulinap.html" "Mozilla/5.0 (Windows NT 10.0; Win64; x64) AppleWebKit/537.36 (KHTML, like Gecko) Chrome/88.0.4324.182 Safari/537.36"
77.110.130.251 - - [16/Mar/2021:12:03:26 +0100] "GET /aktualis_elemei/bio2szulinap_elemei/image066.jpg HTTP/1.1" 200 9626 "http://www.greenaction.hu/aktualis_elemei/bio2szulinap.html" "Mozilla/5.0 (Windows NT 10.0; Win64; x64) AppleWebKit/537.36 (KHTML, like Gecko) Chrome/88.0.4324.182 Safari/537.36"
77.110.130.251 - - [16/Mar/2021:12:03:26 +0100] "GET /aktualis_elemei/bio2szulinap_elemei/image064.jpg HTTP/1.1" 200 12049 "http://www.greenaction.hu/aktualis_elemei/bio2szulinap.html" "Mozilla/5.0 (Windows NT 10.0; Win64; x64) AppleWebKit/537.36 (KHTML, like Gecko) Chrome/88.0.4324.182 Safari/537.36"
77.110.130.251 - - [16/Mar/2021:12:03:26 +0100] "GET /aktualis_elemei/bio2szulinap_elemei/image068.jpg HTTP/1.1" 200 7021 "http://www.greenaction.hu/aktualis_elemei/bio2szulinap.html" "Mozilla/5.0 (Windows NT 10.0; Win64; x64) AppleWebKit/537.36 (KHTML, like Gecko) Chrome/88.0.4324.182 Safari/537.36"
77.110.130.251 - - [16/Mar/2021:12:03:26 +0100] "GET /aktualis_elemei/bio2szulinap_elemei/image070.jpg HTTP/1.1" 200 9176 "http://www.greenaction.hu/aktualis_elemei/bio2szulinap.html" "Mozilla/5.0 (Windows NT 10.0; Win64; x64) AppleWebKit/537.36 (KHTML, like Gecko) Chrome/88.0.4324.182 Safari/537.36"
77.110.130.251 - - [16/Mar/2021:12:03:26 +0100] "GET /aktualis_elemei/bio2szulinap_elemei/image072.jpg HTTP/1.1" 200 8143 "http://www.greenaction.hu/aktualis_elemei/bio2szulinap.html" "Mozilla/5.0 (Windows NT 10.0; Win64; x64) AppleWebKit/537.36 (KHTML, like Gecko) Chrome/88.0.4324.182 Safari/537.36"
77.110.130.251 - - [16/Mar/2021:12:03:26 +0100] "GET /aktualis_elemei/bio2szulinap_elemei/image074.jpg HTTP/1.1" 200 8857 "http://www.greenaction.hu/aktualis_elemei/bio2szulinap.html" "Mozilla/5.0 (Windows NT 10.0; Win64; x64) AppleWebKit/537.36 (KHTML, like Gecko) Chrome/88.0.4324.182 Safari/537.36"
77.110.130.251 - - [16/Mar/2021:12:03:26 +0100] "GET /aktualis_elemei/bio2szulinap_elemei/image080.jpg HTTP/1.1" 200 9907 "http://www.greenaction.hu/aktualis_elemei/bio2szulinap.html" "Mozilla/5.0 (Windows NT 10.0; Win64; x64) AppleWebKit/537.36 (KHTML, like Gecko) Chrome/88.0.4324.182 Safari/537.36"
77.110.130.251 - - [16/Mar/2021:12:03:26 +0100] "GET /aktualis_elemei/bio2szulinap_elemei/image076.jpg HTTP/1.1" 200 9572 "http://www.greenaction.hu/aktualis_elemei/bio2szulinap.html" "Mozilla/5.0 (Windows NT 10.0; Win64; x64) AppleWebKit/537.36 (KHTML, like Gecko) Chrome/88.0.4324.182 Safari/537.36"
77.110.130.251 - - [16/Mar/2021:12:03:26 +0100] "GET /aktualis_elemei/bio2szulinap_elemei/image078.jpg HTTP/1.1" 200 7760 "http://www.greenaction.hu/aktualis_elemei/bio2szulinap.html" "Mozilla/5.0 (Windows NT 10.0; Win64; x64) AppleWebKit/537.36 (KHTML, like Gecko) Chrome/88.0.4324.182 Safari/537.36"
77.110.130.251 - - [16/Mar/2021:12:03:26 +0100] "GET /aktualis_elemei/bio2szulinap_elemei/image082.jpg HTTP/1.1" 200 7560 "http://www.greenaction.hu/aktualis_elemei/bio2szulinap.html" "Mozilla/5.0 (Windows NT 10.0; Win64; x64) AppleWebKit/537.36 (KHTML, like Gecko) Chrome/88.0.4324.182 Safari/537.36"
77.110.130.251 - - [16/Mar/2021:12:03:26 +0100] "GET /aktualis_elemei/bio2szulinap_elemei/image084.jpg HTTP/1.1" 200 7747 "http://www.greenaction.hu/aktualis_elemei/bio2szulinap.html" "Mozilla/5.0 (Windows NT 10.0; Win64; x64) AppleWebKit/537.36 (KHTML, like Gecko) Chrome/88.0.4324.182 Safari/537.36"
77.110.130.251 - - [16/Mar/2021:12:03:26 +0100] "GET /aktualis_elemei/bio2szulinap_elemei/image086.jpg HTTP/1.1" 200 7670 "http://www.greenaction.hu/aktualis_elemei/bio2szulinap.html" "Mozilla/5.0 (Windows NT 10.0; Win64; x64) AppleWebKit/537.36 (KHTML, like Gecko) Chrome/88.0.4324.182 Safari/537.36"
77.110.130.251 - - [16/Mar/2021:12:03:26 +0100] "GET /aktualis_elemei/bio2szulinap_elemei/image088.jpg HTTP/1.1" 200 7592 "http://www.greenaction.hu/aktualis_elemei/bio2szulinap.html" "Mozilla/5.0 (Windows NT 10.0; Win64; x64) AppleWebKit/537.36 (KHTML, like Gecko) Chrome/88.0.4324.182 Safari/537.36"
77.110.130.251 - - [16/Mar/2021:12:03:26 +0100] "GET /aktualis_elemei/bio2szulinap_elemei/image092.jpg HTTP/1.1" 200 7352 "http://www.greenaction.hu/aktualis_elemei/bio2szulinap.html" "Mozilla/5.0 (Windows NT 10.0; Win64; x64) AppleWebKit/537.36 (KHTML, like Gecko) Chrome/88.0.4324.182 Safari/537.36"
77.110.130.251 - - [16/Mar/2021:12:03:26 +0100] "GET /aktualis_elemei/bio2szulinap_elemei/image090.jpg HTTP/1.1" 200 7132 "http://www.greenaction.hu/aktualis_elemei/bio2szulinap.html" "Mozilla/5.0 (Windows NT 10.0; Win64; x64) AppleWebKit/537.36 (KHTML, like Gecko) Chrome/88.0.4324.182 Safari/537.36"
77.110.130.251 - - [16/Mar/2021:12:03:26 +0100] "GET /aktualis_elemei/bio2szulinap_elemei/image096.jpg HTTP/1.1" 200 8771 "http://www.greenaction.hu/aktualis_elemei/bio2szulinap.html" "Mozilla/5.0 (Windows NT 10.0; Win64; x64) AppleWebKit/537.36 (KHTML, like Gecko) Chrome/88.0.4324.182 Safari/537.36"
77.110.130.251 - - [16/Mar/2021:12:03:26 +0100] "GET /aktualis_elemei/bio2szulinap_elemei/image094.jpg HTTP/1.1" 200 7635 "http://www.greenaction.hu/aktualis_elemei/bio2szulinap.html" "Mozilla/5.0 (Windows NT 10.0; Win64; x64) AppleWebKit/537.36 (KHTML, like Gecko) Chrome/88.0.4324.182 Safari/537.36"
77.110.130.251 - - [16/Mar/2021:12:03:26 +0100] "GET /aktualis_elemei/bio2szulinap_elemei/image098.jpg HTTP/1.1" 200 8855 "http://www.greenaction.hu/aktualis_elemei/bio2szulinap.html" "Mozilla/5.0 (Windows NT 10.0; Win64; x64) AppleWebKit/537.36 (KHTML, like Gecko) Chrome/88.0.4324.182 Safari/537.36"
77.110.130.251 - - [16/Mar/2021:12:03:26 +0100] "GET /aktualis_elemei/bio2szulinap_elemei/image100.jpg HTTP/1.1" 200 7946 "http://www.greenaction.hu/aktualis_elemei/bio2szulinap.html" "Mozilla/5.0 (Windows NT 10.0; Win64; x64) AppleWebKit/537.36 (KHTML, like Gecko) Chrome/88.0.4324.182 Safari/537.36"
