35.202.2.1 - - [07/Mar/2021:12:55:11 +0100] "GET /robots.txt HTTP/1.1" 404 1181 "-" "ltx71 - (http://ltx71.com/)"
35.202.2.1 - - [07/Mar/2021:12:55:58 +0100] "GET / HTTP/1.1" 200 884 "-" "ltx71 - (http://ltx71.com/)"
157.55.39.33 - - [07/Mar/2021:13:00:47 +0100] "GET /robots.txt HTTP/1.1" 404 1181 "-" "Mozilla/5.0 (compatible; bingbot/2.0; +http://www.bing.com/bingbot.htm)"
49.12.13.109 - - [07/Mar/2021:13:21:43 +0100] "HEAD / HTTP/1.1" 200 0 "-" "Alert_Alligator_webmonitoring_service_1.6.3_(alertalligator.com)"
159.69.145.50 - - [07/Mar/2021:14:20:47 +0100] "HEAD / HTTP/1.1" 200 0 "-" "Alert_Alligator_webmonitoring_service_1.6.3_(alertalligator.com)"
212.237.23.143 - - [07/Mar/2021:15:16:47 +0100] "HEAD / HTTP/1.1" 200 0 "-" "Alert_Alligator_webmonitoring_service_1.6.4_(alertalligator.com)"
13.66.139.104 - - [07/Mar/2021:15:25:56 +0100] "GET /aktualis_elemei/fnhv_elemei/image017.jpg HTTP/1.1" 200 11115 "-" "Mozilla/5.0 (compatible; bingbot/2.0; +http://www.bing.com/bingbot.htm)"
114.119.130.136 - - [07/Mar/2021:16:05:35 +0100] "GET /zoldakcio.swf HTTP/1.1" 200 840351 "-" "Mozilla/5.0 (Linux; Android 7.0;) AppleWebKit/537.36 (KHTML, like Gecko) Mobile Safari/537.36 (compatible; PetalBot;+https://aspiegel.com/petalbot)"
159.69.145.50 - - [07/Mar/2021:16:15:55 +0100] "HEAD / HTTP/1.1" 200 0 "-" "Alert_Alligator_webmonitoring_service_1.6.3_(alertalligator.com)"
13.66.139.104 - - [07/Mar/2021:16:34:28 +0100] "GET /aktualis_elemei/fnhv_elemei/image018.jpg HTTP/1.1" 200 11108 "-" "Mozilla/5.0 (compatible; bingbot/2.0; +http://www.bing.com/bingbot.htm)"
54.36.149.50 - - [07/Mar/2021:16:55:23 +0100] "GET / HTTP/1.1" 200 884 "-" "Mozilla/5.0 (compatible; AhrefsBot/7.0; +http://ahrefs.com/robot/)"
13.66.139.104 - - [07/Mar/2021:16:57:58 +0100] "GET / HTTP/1.1" 200 884 "-" "Mozilla/5.0 (compatible; bingbot/2.0; +http://www.bing.com/bingbot.htm)"
13.66.139.104 - - [07/Mar/2021:17:07:26 +0100] "GET /aktualis_elemei/bio2szulinap_elemei/image062.jpg HTTP/1.1" 200 10742 "-" "Mozilla/5.0 (compatible; bingbot/2.0; +http://www.bing.com/bingbot.htm)"
49.12.13.109 - - [07/Mar/2021:17:14:57 +0100] "HEAD / HTTP/1.1" 200 0 "-" "Alert_Alligator_webmonitoring_service_1.6.3_(alertalligator.com)"
13.66.139.104 - - [07/Mar/2021:17:15:57 +0100] "GET /aktualis_elemei/bio2szulinap_elemei/image116.jpg HTTP/1.1" 200 9709 "-" "Mozilla/5.0 (compatible; bingbot/2.0; +http://www.bing.com/bingbot.htm)"
114.119.156.181 - - [07/Mar/2021:17:18:06 +0100] "GET /robots.txt HTTP/1.1" 404 1181 "-" "(compatible;PetalBot;+https://aspiegel.com/petalbot)"
114.119.155.142 - - [07/Mar/2021:17:39:28 +0100] "GET /robots.txt HTTP/1.1" 404 1181 "-" "(compatible;PetalBot;+https://aspiegel.com/petalbot)"
49.12.13.109 - - [07/Mar/2021:18:13:58 +0100] "HEAD / HTTP/1.1" 200 0 "-" "Alert_Alligator_webmonitoring_service_1.6.3_(alertalligator.com)"
94.21.82.185 - - [07/Mar/2021:18:34:50 +0100] "GET / HTTP/1.1" 200 884 "https://www.google.com/" "Mozilla/5.0 (Windows NT 10.0; Win64; x64) AppleWebKit/537.36 (KHTML, like Gecko) Chrome/88.0.4324.190 Safari/537.36"
94.21.82.185 - - [07/Mar/2021:18:34:51 +0100] "GET /pattern.jpg HTTP/1.1" 200 13798 "http://www.greenaction.hu/" "Mozilla/5.0 (Windows NT 10.0; Win64; x64) AppleWebKit/537.36 (KHTML, like Gecko) Chrome/88.0.4324.190 Safari/537.36"
94.21.82.185 - - [07/Mar/2021:18:34:51 +0100] "GET /favicon.ico HTTP/1.1" 404 1181 "http://www.greenaction.hu/" "Mozilla/5.0 (Windows NT 10.0; Win64; x64) AppleWebKit/537.36 (KHTML, like Gecko) Chrome/88.0.4324.190 Safari/537.36"
146.148.76.122 - - [07/Mar/2021:18:43:37 +0100] "GET /wp-login.php HTTP/1.1" 404 1181 "-" "Mozilla/5.0(Windows NT 6.3; Win64; x64; rv:84.0) Gecko/20100101 Firefox/84.0"
212.237.53.115 - - [07/Mar/2021:19:13:10 +0100] "HEAD / HTTP/1.1" 200 0 "-" "Alert_Alligator_webmonitoring_service_1.6.3_(alertalligator.com)"
13.66.139.104 - - [07/Mar/2021:19:44:11 +0100] "GET /aktualis_elemei/katonai_elemei/image004.jpg HTTP/1.1" 200 56554 "-" "Mozilla/5.0 (compatible; bingbot/2.0; +http://www.bing.com/bingbot.htm)"
66.249.70.77 - - [07/Mar/2021:19:59:19 +0100] "GET /robots.txt HTTP/1.1" 404 1181 "-" "Mozilla/5.0 (compatible; Googlebot/2.1; +http://www.google.com/bot.html)"
66.249.70.77 - - [07/Mar/2021:19:59:19 +0100] "GET /aktualis_elemei/bekamentes_elemei/image003.jpg HTTP/1.1" 200 18979 "-" "Googlebot-Image/1.0"
49.12.13.109 - - [07/Mar/2021:20:12:11 +0100] "HEAD / HTTP/1.1" 200 0 "-" "Alert_Alligator_webmonitoring_service_1.6.3_(alertalligator.com)"
13.66.139.104 - - [07/Mar/2021:20:26:25 +0100] "GET /aktualis_elemei/fnhv_elemei/image011.jpg HTTP/1.1" 200 8196 "-" "Mozilla/5.0 (compatible; bingbot/2.0; +http://www.bing.com/bingbot.htm)"
54.36.149.18 - - [07/Mar/2021:20:52:46 +0100] "GET / HTTP/1.1" 200 884 "-" "Mozilla/5.0 (compatible; AhrefsBot/7.0; +http://ahrefs.com/robot/)"
212.237.51.151 - - [07/Mar/2021:21:11:11 +0100] "HEAD / HTTP/1.1" 200 0 "-" "Alert_Alligator_webmonitoring_service_1.6.3_(alertalligator.com)"
13.66.139.104 - - [07/Mar/2021:21:27:14 +0100] "GET /aktualis_elemei/bio2szulinap_elemei/image096.jpg HTTP/1.1" 200 8771 "-" "Mozilla/5.0 (compatible; bingbot/2.0; +http://www.bing.com/bingbot.htm)"
44.233.249.174 - - [07/Mar/2021:21:38:19 +0100] "GET / HTTP/1.1" 200 884 "-" "Mozilla/5.0 (X11; Linux x86_64) AppleWebKit/537.36 (KHTML, like Gecko) Chrome/83.0.4103.97 Safari/537.36"
13.66.139.104 - - [07/Mar/2021:21:45:04 +0100] "GET /aktualis_elemei/bio2szulinap_elemei/image050.jpg HTTP/1.1" 200 12224 "-" "Mozilla/5.0 (compatible; bingbot/2.0; +http://www.bing.com/bingbot.htm)"
13.66.139.104 - - [07/Mar/2021:21:50:54 +0100] "GET /aktualis_elemei/bio2szulinap_elemei/image100.jpg HTTP/1.1" 200 7946 "-" "Mozilla/5.0 (compatible; bingbot/2.0; +http://www.bing.com/bingbot.htm)"
159.69.145.50 - - [07/Mar/2021:22:10:51 +0100] "HEAD / HTTP/1.1" 200 0 "-" "Alert_Alligator_webmonitoring_service_1.6.3_(alertalligator.com)"
13.66.139.103 - - [07/Mar/2021:22:49:04 +0100] "GET /aktualis_elemei/bio2szulinap_elemei/image070.jpg HTTP/1.1" 200 9176 "-" "Mozilla/5.0 (compatible; bingbot/2.0; +http://www.bing.com/bingbot.htm)"
13.66.139.103 - - [07/Mar/2021:22:58:45 +0100] "GET /aktualis_elemei/bio2szulinap_elemei/image014.jpg HTTP/1.1" 200 10796 "-" "Mozilla/5.0 (compatible; bingbot/2.0; +http://www.bing.com/bingbot.htm)"
49.12.13.109 - - [07/Mar/2021:23:09:53 +0100] "HEAD / HTTP/1.1" 200 0 "-" "Alert_Alligator_webmonitoring_service_1.6.3_(alertalligator.com)"
45.10.167.167 - - [07/Mar/2021:23:10:51 +0100] "GET /horde HTTP/1.1" 404 1181 "-" "Mozilla/5.0 (Windows NT 6.1; WOW64; rv:39.0) Gecko/20100101 Firefox/49.0"
45.10.167.167 - - [07/Mar/2021:23:10:51 +0100] "GET /squirrelmail HTTP/1.1" 404 1181 "-" "Mozilla/5.0 (Windows NT 6.1; WOW64; rv:39.0) Gecko/20100101 Firefox/49.0"
45.10.167.167 - - [07/Mar/2021:23:10:51 +0100] "GET /webmail HTTP/1.1" 404 1181 "-" "Mozilla/5.0 (Windows NT 6.1; WOW64; rv:39.0) Gecko/20100101 Firefox/49.0"
45.10.167.167 - - [07/Mar/2021:23:10:51 +0100] "GET /roundcube HTTP/1.1" 404 1181 "-" "Mozilla/5.0 (Windows NT 6.1; WOW64; rv:39.0) Gecko/20100101 Firefox/49.0"
45.10.167.167 - - [07/Mar/2021:23:10:51 +0100] "GET /roundcubemail HTTP/1.1" 404 1181 "-" "Mozilla/5.0 (Windows NT 6.1; WOW64; rv:39.0) Gecko/20100101 Firefox/49.0"
45.10.167.167 - - [07/Mar/2021:23:10:51 +0100] "GET /mail HTTP/1.1" 404 1181 "-" "Mozilla/5.0 (Windows NT 6.1; WOW64; rv:39.0) Gecko/20100101 Firefox/49.0"
45.10.167.167 - - [07/Mar/2021:23:10:51 +0100] "GET /squirrel HTTP/1.1" 404 1181 "-" "Mozilla/5.0 (Windows NT 6.1; WOW64; rv:39.0) Gecko/20100101 Firefox/49.0"
13.66.139.104 - - [07/Mar/2021:23:32:04 +0100] "GET /aktualis_elemei/fnhv_elemei/image013.jpg HTTP/1.1" 200 12875 "-" "Mozilla/5.0 (compatible; bingbot/2.0; +http://www.bing.com/bingbot.htm)"
13.66.139.103 - - [07/Mar/2021:23:51:51 +0100] "GET /aktualis_elemei/bio2szulinap_elemei/image094.jpg HTTP/1.1" 200 7635 "-" "Mozilla/5.0 (compatible; bingbot/2.0; +http://www.bing.com/bingbot.htm)"
13.66.139.104 - - [08/Mar/2021:00:03:16 +0100] "GET /aktualis_elemei/fnhv_elemei/image004.jpg HTTP/1.1" 200 8820 "-" "Mozilla/5.0 (compatible; bingbot/2.0; +http://www.bing.com/bingbot.htm)"
17.58.96.188 - - [08/Mar/2021:00:08:08 +0100] "GET /robots.txt HTTP/1.1" 404 1181 "-" "Mozilla/5.0 (Macintosh; Intel Mac OS X 10_15_5) AppleWebKit/605.1.15 (KHTML, like Gecko) Version/13.1.1 Safari/605.1.15 (Applebot/0.1; +http://www.apple.com/go/applebot)"
17.58.98.113 - - [08/Mar/2021:00:08:09 +0100] "GET /magunkrol_elemei/kozhasznu.html HTTP/1.1" 200 48365 "-" "Mozilla/5.0 (Macintosh; Intel Mac OS X 10_15_5) AppleWebKit/605.1.15 (KHTML, like Gecko) Version/13.1.1 Safari/605.1.15 (Applebot/0.1; +http://www.apple.com/go/applebot)"
49.12.13.109 - - [08/Mar/2021:00:08:56 +0100] "HEAD / HTTP/1.1" 200 0 "-" "Alert_Alligator_webmonitoring_service_1.6.3_(alertalligator.com)"
188.143.52.96 - - [08/Mar/2021:00:27:39 +0100] "GET /kiadvany/miskolchvte.pdf HTTP/1.1" 200 229211 "https://www.google.com/" "Mozilla/5.0 (Linux; Android 9; JAT-L29) AppleWebKit/537.36 (KHTML, like Gecko) Chrome/88.0.4324.181 Mobile Safari/537.36"
188.143.52.96 - - [08/Mar/2021:00:27:39 +0100] "GET /kiadvany/miskolchvte.pdf HTTP/1.1" 206 45752 "https://www.google.com/" "Mozilla/5.0 (Linux; Android 9; JAT-L29) AppleWebKit/537.36 (KHTML, like Gecko) Chrome/88.0.4324.181 Mobile Safari/537.36"
188.143.52.96 - - [08/Mar/2021:00:27:41 +0100] "GET /kiadvany/miskolchvte.pdf HTTP/1.1" 206 1 "https://www.google.com/" "Mozilla/5.0 (Linux; Android 9; JAT-L29) AppleWebKit/537.36 (KHTML, like Gecko) Chrome/88.0.4324.181 Mobile Safari/537.36"
188.143.52.96 - - [08/Mar/2021:00:27:41 +0100] "GET /kiadvany/miskolchvte.pdf HTTP/1.1" 206 112954 "https://www.google.com/" "Mozilla/5.0 (Linux; Android 9; JAT-L29) AppleWebKit/537.36 (KHTML, like Gecko) Chrome/88.0.4324.181 Mobile Safari/537.36"
188.143.52.96 - - [08/Mar/2021:00:27:41 +0100] "GET /kiadvany/miskolchvte.pdf HTTP/1.1" 206 45752 "https://www.google.com/" "Mozilla/5.0 (Linux; Android 9; JAT-L29) AppleWebKit/537.36 (KHTML, like Gecko) Chrome/88.0.4324.181 Mobile Safari/537.36"
212.237.51.151 - - [08/Mar/2021:01:08:25 +0100] "HEAD / HTTP/1.1" 200 0 "-" "Alert_Alligator_webmonitoring_service_1.6.3_(alertalligator.com)"
13.66.139.104 - - [08/Mar/2021:01:37:26 +0100] "GET /aktualis_elemei/bio2szulinap_elemei/image136.jpg HTTP/1.1" 200 7982 "-" "Mozilla/5.0 (compatible; bingbot/2.0; +http://www.bing.com/bingbot.htm)"
178.150.47.62 - - [08/Mar/2021:02:06:23 +0100] "GET / HTTP/1.1" 200 884 "https://bestrating-casino.ru/" "Mozilla/4.0 (compatible; MSIE 5.5; Windows NT 5.0; .NET CLR 1.1.4322)"
178.150.47.62 - - [08/Mar/2021:02:06:23 +0100] "GET / HTTP/1.1" 200 884 "https://bestrating-casino.ru/" "Mozilla/4.0 (compatible; MSIE 5.5; Windows NT 5.0; .NET CLR 1.1.4322)"
178.150.47.62 - - [08/Mar/2021:02:06:24 +0100] "GET / HTTP/1.1" 200 884 "https://bestrating-casino.ru/" "Mozilla/4.0 (compatible; MSIE 5.5; Windows NT 5.0; .NET CLR 1.1.4322)"
159.69.145.50 - - [08/Mar/2021:02:07:43 +0100] "HEAD / HTTP/1.1" 200 0 "-" "Alert_Alligator_webmonitoring_service_1.6.3_(alertalligator.com)"
54.36.148.204 - - [08/Mar/2021:02:11:55 +0100] "GET / HTTP/1.1" 200 884 "-" "Mozilla/5.0 (compatible; AhrefsBot/7.0; +http://ahrefs.com/robot/)"
13.66.139.104 - - [08/Mar/2021:02:18:08 +0100] "GET / HTTP/1.1" 200 884 "-" "Mozilla/5.0 (compatible; bingbot/2.0; +http://www.bing.com/bingbot.htm)"
13.66.139.103 - - [08/Mar/2021:02:46:42 +0100] "GET /aktualis_elemei/fnhv_elemei/image009.jpg HTTP/1.1" 200 8066 "-" "Mozilla/5.0 (compatible; bingbot/2.0; +http://www.bing.com/bingbot.htm)"
212.237.53.115 - - [08/Mar/2021:03:06:52 +0100] "HEAD / HTTP/1.1" 200 0 "-" "Alert_Alligator_webmonitoring_service_1.6.3_(alertalligator.com)"
13.66.139.103 - - [08/Mar/2021:03:09:59 +0100] "GET /aktualis_elemei/bio2szulinap_elemei/image106.jpg HTTP/1.1" 200 7697 "-" "Mozilla/5.0 (compatible; bingbot/2.0; +http://www.bing.com/bingbot.htm)"
13.66.139.104 - - [08/Mar/2021:03:15:15 +0100] "GET /aktualis_elemei/bio2szulinap_elemei/image032.jpg HTTP/1.1" 200 16073 "-" "Mozilla/5.0 (compatible; bingbot/2.0; +http://www.bing.com/bingbot.htm)"
13.66.139.104 - - [08/Mar/2021:03:34:27 +0100] "GET /aktualis_elemei/bio2szulinap_elemei/image040.jpg HTTP/1.1" 200 16250 "-" "Mozilla/5.0 (compatible; bingbot/2.0; +http://www.bing.com/bingbot.htm)"
212.237.23.143 - - [08/Mar/2021:04:05:57 +0100] "HEAD / HTTP/1.1" 200 0 "-" "Alert_Alligator_webmonitoring_service_1.6.3_(alertalligator.com)"
13.66.139.103 - - [08/Mar/2021:04:15:18 +0100] "GET /aktualis_elemei/fnhv_elemei/image022.jpg HTTP/1.1" 200 9202 "-" "Mozilla/5.0 (compatible; bingbot/2.0; +http://www.bing.com/bingbot.htm)"
193.169.255.188 - - [08/Mar/2021:04:40:10 +0100] "GET /.env HTTP/1.1" 404 1181 "-" "Mozilla/5.0 (X11; Linux x86_64) AppleWebKit/537.36 (KHTML, like Gecko) Chrome/81.0.4044.129 Safari/537.36"
193.169.255.188 - - [08/Mar/2021:04:40:10 +0100] "GET /vendor/.env HTTP/1.1" 404 1181 "-" "Mozilla/5.0 (X11; Linux x86_64) AppleWebKit/537.36 (KHTML, like Gecko) Chrome/81.0.4044.129 Safari/537.36"
193.169.255.188 - - [08/Mar/2021:04:40:10 +0100] "GET /storage/.env HTTP/1.1" 404 1181 "-" "Mozilla/5.0 (X11; Linux x86_64) AppleWebKit/537.36 (KHTML, like Gecko) Chrome/81.0.4044.129 Safari/537.36"
193.169.255.188 - - [08/Mar/2021:04:40:10 +0100] "GET /public/.env HTTP/1.1" 404 1181 "-" "Mozilla/5.0 (X11; Linux x86_64) AppleWebKit/537.36 (KHTML, like Gecko) Chrome/81.0.4044.129 Safari/537.36"
193.169.255.188 - - [08/Mar/2021:04:40:11 +0100] "POST / HTTP/1.1" 405 1174 "-" "Mozilla/5.0 (X11; Linux x86_64) AppleWebKit/537.36 (KHTML, like Gecko) Chrome/81.0.4044.129 Safari/537.36"
157.55.39.18 - - [08/Mar/2021:04:43:12 +0100] "GET /robots.txt HTTP/1.1" 404 1181 "-" "Mozilla/5.0 (compatible; bingbot/2.0; +http://www.bing.com/bingbot.htm)"
13.66.139.104 - - [08/Mar/2021:04:43:23 +0100] "GET /aktualis_elemei/bio2szulinap_elemei/image086.jpg HTTP/1.1" 200 7670 "-" "Mozilla/5.0 (compatible; bingbot/2.0; +http://www.bing.com/bingbot.htm)"
159.69.145.50 - - [08/Mar/2021:05:04:59 +0100] "HEAD / HTTP/1.1" 200 0 "-" "Alert_Alligator_webmonitoring_service_1.6.3_(alertalligator.com)"
42.236.10.91 - - [08/Mar/2021:05:54:48 +0100] "GET / HTTP/1.1" 200 884 "http://www.greenaction.hu/" "Mozilla/5.0 (Windows NT 6.1; WOW64) AppleWebKit/537.36 (KHTML, like Gecko) Chrome/50.4.2661.102 Safari/537.36; 360Spider"
54.36.148.54 - - [08/Mar/2021:06:00:54 +0100] "GET / HTTP/1.1" 200 884 "-" "Mozilla/5.0 (compatible; AhrefsBot/7.0; +http://ahrefs.com/robot/)"
49.12.13.109 - - [08/Mar/2021:06:04:04 +0100] "HEAD / HTTP/1.1" 200 0 "-" "Alert_Alligator_webmonitoring_service_1.6.3_(alertalligator.com)"
45.158.15.36 - - [08/Mar/2021:06:40:05 +0100] "GET / HTTP/1.1" 200 884 "-" "Mozilla/5.0 (Windows NT 6.1; Win64; x64; rv:56.0) Gecko/20100101 Firefox/56.0"
176.9.47.122 - - [08/Mar/2021:06:41:38 +0100] "GET / HTTP/1.1" 200 884 "-" "Mozilla/5.0 (Windows NT 10.0; Win64; x64; rv:79.0) Gecko/20100101 Firefox/79.0"
159.69.145.50 - - [08/Mar/2021:07:03:07 +0100] "HEAD / HTTP/1.1" 200 0 "-" "Alert_Alligator_webmonitoring_service_1.6.3_(alertalligator.com)"
49.12.13.109 - - [08/Mar/2021:08:02:13 +0100] "HEAD / HTTP/1.1" 200 0 "-" "Alert_Alligator_webmonitoring_service_1.6.3_(alertalligator.com)"
13.66.139.103 - - [08/Mar/2021:08:08:14 +0100] "GET /aktualis_elemei/bio2szulinap_elemei/image112.jpg HTTP/1.1" 200 8269 "-" "Mozilla/5.0 (compatible; bingbot/2.0; +http://www.bing.com/bingbot.htm)"
13.66.139.104 - - [08/Mar/2021:08:08:53 +0100] "GET /aktualis_elemei/bio2szulinap_elemei/image026.jpg HTTP/1.1" 200 12161 "-" "Mozilla/5.0 (compatible; bingbot/2.0; +http://www.bing.com/bingbot.htm)"
86.106.74.211 - - [08/Mar/2021:08:15:57 +0100] "GET / HTTP/1.1" 200 884 "-" "python-requests/2.13.0"
212.237.23.143 - - [08/Mar/2021:09:01:18 +0100] "HEAD / HTTP/1.1" 200 0 "-" "Alert_Alligator_webmonitoring_service_1.6.3_(alertalligator.com)"
54.36.148.199 - - [08/Mar/2021:09:43:21 +0100] "GET /robots.txt HTTP/1.1" 404 1181 "-" "Mozilla/5.0 (compatible; AhrefsBot/6.1; +http://ahrefs.com/robot/)"
54.36.148.217 - - [08/Mar/2021:09:43:22 +0100] "GET / HTTP/1.1" 200 884 "-" "Mozilla/5.0 (compatible; AhrefsBot/7.0; +http://ahrefs.com/robot/)"
212.237.51.151 - - [08/Mar/2021:10:00:21 +0100] "HEAD / HTTP/1.1" 200 0 "-" "Alert_Alligator_webmonitoring_service_1.6.3_(alertalligator.com)"
13.66.139.104 - - [08/Mar/2021:10:07:42 +0100] "GET /aktualis_elemei/bio2szulinap_elemei/image020.gif HTTP/1.1" 200 44876 "-" "Mozilla/5.0 (compatible; bingbot/2.0; +http://www.bing.com/bingbot.htm)"
13.66.139.104 - - [08/Mar/2021:10:50:48 +0100] "GET /aktualis_elemei/bio2szulinap_elemei/image140.jpg HTTP/1.1" 200 9938 "-" "Mozilla/5.0 (compatible; bingbot/2.0; +http://www.bing.com/bingbot.htm)"
95.181.157.252 - - [08/Mar/2021:10:59:13 +0100] "GET /mail/config-v1.1.xml?emailaddress=admin%40greenaction.hu HTTP/1.1" 404 1181 "-" "Mozilla/5.0 (Windows NT 10.0; WOW64) AppleWebKit/537.36 (KHTML, like Gecko) Chrome/68.0.2649.115 Safari/537.36"
95.181.157.252 - - [08/Mar/2021:10:59:13 +0100] "GET /.well-known/autoconfig/mail/config-v1.1.xml?emailaddress=admin%40greenaction.hu HTTP/1.1" 404 1181 "-" "Mozilla/5.0 (Windows NT 10.0; WOW64) AppleWebKit/537.36 (KHTML, like Gecko) Chrome/66.0.2750.130 Safari/537.36"
95.181.157.252 - - [08/Mar/2021:10:59:13 +0100] "GET /autodiscover/autodiscover.xml HTTP/1.1" 404 1181 "-" "Mozilla/5.0 (Windows NT 10.0; Win64; x64) AppleWebKit/537.36 (KHTML, like Gecko) Chrome/62.0.3285.82 Safari/537.36"
212.237.51.151 - - [08/Mar/2021:10:59:29 +0100] "HEAD / HTTP/1.1" 200 0 "-" "Alert_Alligator_webmonitoring_service_1.6.3_(alertalligator.com)"
35.202.2.1 - - [08/Mar/2021:11:20:56 +0100] "GET /robots.txt HTTP/1.1" 404 1181 "-" "ltx71 - (http://ltx71.com/)"
35.202.2.1 - - [08/Mar/2021:11:21:38 +0100] "GET /magunkrol_elemei/kozhasznu.html HTTP/1.1" 200 48365 "-" "ltx71 - (http://ltx71.com/)"
212.237.53.115 - - [08/Mar/2021:11:58:30 +0100] "HEAD / HTTP/1.1" 200 0 "-" "Alert_Alligator_webmonitoring_service_1.6.3_(alertalligator.com)"
66.249.70.77 - - [08/Mar/2021:12:07:27 +0100] "GET /robots.txt HTTP/1.1" 404 1181 "-" "Mozilla/5.0 (compatible; Googlebot/2.1; +http://www.google.com/bot.html)"
66.249.70.75 - - [08/Mar/2021:12:07:28 +0100] "GET /aktualis_elemei/katonai_elemei/image003.jpg HTTP/1.1" 200 88392 "-" "Googlebot-Image/1.0"
114.119.158.217 - - [08/Mar/2021:12:52:40 +0100] "GET /robots.txt HTTP/1.1" 404 1181 "-" "(compatible;PetalBot;+https://aspiegel.com/petalbot)"
159.69.145.50 - - [08/Mar/2021:12:57:34 +0100] "HEAD / HTTP/1.1" 200 0 "-" "Alert_Alligator_webmonitoring_service_1.6.3_(alertalligator.com)"
114.119.157.142 - - [08/Mar/2021:13:13:54 +0100] "GET /robots.txt HTTP/1.1" 404 1181 "-" "(compatible;PetalBot;+https://aspiegel.com/petalbot)"
66.249.70.77 - - [08/Mar/2021:13:22:27 +0100] "GET /aktualis_elemei/bio2szulinap_elemei/image038.jpg HTTP/1.1" 200 14459 "-" "Googlebot-Image/1.0"
143.110.239.240 - - [08/Mar/2021:13:25:11 +0100] "GET / HTTP/1.0" 200 884 "-" "Mozilla/5.0 (iPad; U; CPU OS 3_2 like Mac OS X; en-us) AppleWebKit/531.21.10 (KHTML, like Gecko) Version/4.0.4 Mobile/7B334b Safari/531.21.102011-10-16 20:23:10"
66.249.70.77 - - [08/Mar/2021:13:42:42 +0100] "GET /aktualis_elemei/bio2szulinap_elemei/image136.jpg HTTP/1.1" 304 - "-" "Googlebot-Image/1.0"
66.249.70.77 - - [08/Mar/2021:13:52:26 +0100] "GET /aktualis_elemei/bio2szulinap_elemei/image092.jpg HTTP/1.1" 200 7352 "-" "Googlebot-Image/1.0"
212.237.23.143 - - [08/Mar/2021:13:56:52 +0100] "HEAD / HTTP/1.1" 200 0 "-" "Alert_Alligator_webmonitoring_service_1.6.3_(alertalligator.com)"
64.246.165.180 - - [08/Mar/2021:14:21:57 +0100] "GET /robots.txt HTTP/1.0" 404 1181 "-" "Mozilla/5.0 (Macintosh; Intel Mac OS X 10.10; rv:59.0) Gecko/20100101 Firefox/59.0"
64.246.165.180 - - [08/Mar/2021:14:21:57 +0100] "GET / HTTP/1.1" 200 884 "-" "Mozilla/5.0 (Macintosh; Intel Mac OS X 10.10; rv:59.0) Gecko/20100101 Firefox/59.0"
66.249.70.75 - - [08/Mar/2021:14:42:43 +0100] "GET /aktualis_elemei/fnhv_elemei/image019.jpg HTTP/1.1" 200 14857 "-" "Googlebot-Image/1.0"
212.237.51.151 - - [08/Mar/2021:14:55:54 +0100] "HEAD / HTTP/1.1" 200 0 "-" "Alert_Alligator_webmonitoring_service_1.6.3_(alertalligator.com)"
54.36.148.153 - - [08/Mar/2021:15:02:14 +0100] "GET / HTTP/1.1" 200 884 "-" "Mozilla/5.0 (compatible; AhrefsBot/7.0; +http://ahrefs.com/robot/)"
13.66.139.104 - - [08/Mar/2021:15:09:32 +0100] "GET / HTTP/1.1" 200 884 "-" "Mozilla/5.0 (compatible; bingbot/2.0; +http://www.bing.com/bingbot.htm)"
66.249.70.73 - - [08/Mar/2021:15:22:27 +0100] "GET /aktualis_elemei/bio2szulinap_elemei/image102.jpg HTTP/1.1" 200 8017 "-" "Googlebot-Image/1.0"
49.12.13.109 - - [08/Mar/2021:15:55:02 +0100] "HEAD / HTTP/1.1" 200 0 "-" "Alert_Alligator_webmonitoring_service_1.6.3_(alertalligator.com)"
66.249.70.75 - - [08/Mar/2021:16:42:43 +0100] "GET /aktualis_elemei/fnhv_elemei/image016.jpg HTTP/1.1" 304 - "-" "Googlebot-Image/1.0"
212.237.51.151 - - [08/Mar/2021:16:54:04 +0100] "HEAD / HTTP/1.1" 200 0 "-" "Alert_Alligator_webmonitoring_service_1.6.3_(alertalligator.com)"
188.165.228.82 - - [08/Mar/2021:17:30:25 +0100] "GET /wp-login.php HTTP/1.1" 404 1181 "-" "Mozilla/5.0(Windows NT 6.3; Win64; x64; rv:84.0) Gecko/20100101 Firefox/84.0"
188.165.228.82 - - [08/Mar/2021:17:30:25 +0100] "GET /wp-login.php HTTP/1.1" 404 1181 "-" "Mozilla/5.0(Windows NT 6.3; Win64; x64; rv:84.0) Gecko/20100101 Firefox/84.0"
66.249.70.77 - - [08/Mar/2021:17:42:42 +0100] "GET /aktualis_elemei/fnhv_elemei/image001.jpg HTTP/1.1" 304 - "-" "Googlebot-Image/1.0"
212.237.53.115 - - [08/Mar/2021:17:53:07 +0100] "HEAD / HTTP/1.1" 200 0 "-" "Alert_Alligator_webmonitoring_service_1.6.3_(alertalligator.com)"
66.249.70.75 - - [08/Mar/2021:18:01:03 +0100] "GET /aktualis_elemei/bio2szulinap_elemei/image046.jpg HTTP/1.1" 200 12403 "-" "Googlebot-Image/1.0"
13.66.139.104 - - [08/Mar/2021:18:21:00 +0100] "GET /aktualis_elemei/bio2szulinap_elemei/image006.jpg HTTP/1.1" 200 9889 "-" "Mozilla/5.0 (compatible; bingbot/2.0; +http://www.bing.com/bingbot.htm)"
54.36.149.106 - - [08/Mar/2021:18:22:37 +0100] "GET /robots.txt HTTP/1.1" 404 1181 "-" "Mozilla/5.0 (compatible; AhrefsBot/6.1; +http://ahrefs.com/robot/)"
54.36.148.112 - - [08/Mar/2021:18:22:37 +0100] "GET / HTTP/1.1" 200 884 "-" "Mozilla/5.0 (compatible; AhrefsBot/7.0; +http://ahrefs.com/robot/)"
157.55.39.207 - - [08/Mar/2021:18:26:04 +0100] "GET /aktualis_elemei/hulladek-klima.humusz.html HTTP/1.1" 200 13381 "-" "Mozilla/5.0 (compatible; bingbot/2.0; +http://www.bing.com/bingbot.htm)"
40.77.167.39 - - [08/Mar/2021:18:26:19 +0100] "GET /robots.txt HTTP/1.1" 404 1181 "-" "Mozilla/5.0 (compatible; bingbot/2.0; +http://www.bing.com/bingbot.htm)"
40.77.167.39 - - [08/Mar/2021:18:26:19 +0100] "GET /aktualis_elemei/hulladek-klima.humusz_elemei/image004.jpg HTTP/1.1" 200 14827 "-" "Mozilla/5.0 (compatible; bingbot/2.0; +http://www.bing.com/bingbot.htm)"
157.55.39.229 - - [08/Mar/2021:18:26:26 +0100] "GET /aktualis_elemei/hulladek-klima.humusz_elemei/image002.jpg HTTP/1.1" 200 4416 "-" "Mozilla/5.0 (compatible; bingbot/2.0; +http://www.bing.com/bingbot.htm)"
157.55.39.36 - - [08/Mar/2021:18:26:34 +0100] "GET /aktualis_elemei/hulladek-klima.humusz_elemei/image006.jpg HTTP/1.1" 200 15684 "-" "Mozilla/5.0 (compatible; bingbot/2.0; +http://www.bing.com/bingbot.htm)"
185.29.80.125 - - [08/Mar/2021:18:50:34 +0100] "GET /favicon.ico HTTP/1.1" 404 1181 "http://www.greenaction.hu/kiadvany/miabio.pdf" "Mozilla/5.0 (Windows NT 10.0; Win64; x64; rv:86.0) Gecko/20100101 Firefox/86.0"
185.29.80.125 - - [08/Mar/2021:18:50:34 +0100] "GET /kiadvany/miabio.pdf HTTP/1.1" 206 19594 "https://www.google.com/" "Mozilla/5.0 (Windows NT 10.0; Win64; x64; rv:86.0) Gecko/20100101 Firefox/86.0"
185.29.80.125 - - [08/Mar/2021:18:50:35 +0100] "GET /kiadvany/miabio.pdf HTTP/1.1" 206 65536 "https://www.google.com/" "Mozilla/5.0 (Windows NT 10.0; Win64; x64; rv:86.0) Gecko/20100101 Firefox/86.0"
185.29.80.125 - - [08/Mar/2021:18:50:36 +0100] "GET /kiadvany/miabio.pdf HTTP/1.1" 206 65536 "https://www.google.com/" "Mozilla/5.0 (Windows NT 10.0; Win64; x64; rv:86.0) Gecko/20100101 Firefox/86.0"
185.29.80.125 - - [08/Mar/2021:18:50:36 +0100] "GET /kiadvany/miabio.pdf HTTP/1.1" 200 11291786 "https://www.google.com/" "Mozilla/5.0 (Windows NT 10.0; Win64; x64; rv:86.0) Gecko/20100101 Firefox/86.0"
212.237.51.151 - - [08/Mar/2021:18:52:12 +0100] "HEAD / HTTP/1.1" 200 0 "-" "Alert_Alligator_webmonitoring_service_1.6.3_(alertalligator.com)"
66.249.70.75 - - [08/Mar/2021:19:01:03 +0100] "GET /aktualis_elemei/bio2szulinap_elemei/image082.jpg HTTP/1.1" 200 7560 "-" "Googlebot-Image/1.0"
159.69.145.50 - - [08/Mar/2021:19:51:15 +0100] "HEAD / HTTP/1.1" 200 0 "-" "Alert_Alligator_webmonitoring_service_1.6.3_(alertalligator.com)"
13.66.139.103 - - [08/Mar/2021:20:10:37 +0100] "GET /aktualis_elemei/fnhv_elemei/image007.jpg HTTP/1.1" 200 11194 "-" "Mozilla/5.0 (compatible; bingbot/2.0; +http://www.bing.com/bingbot.htm)"
66.249.70.75 - - [08/Mar/2021:20:37:32 +0100] "GET /kiadvany/miabio.pdf HTTP/1.1" 304 - "-" "Mozilla/5.0 (Linux; Android 6.0.1; Nexus 5X Build/MMB29P) AppleWebKit/537.36 (KHTML, like Gecko) Chrome/88.0.4324.188 Mobile Safari/537.36 (compatible; Googlebot/2.1; +http://www.google.com/bot.html)"
212.237.23.143 - - [08/Mar/2021:20:51:58 +0100] "HEAD / HTTP/1.1" 200 0 "-" "Alert_Alligator_webmonitoring_service_1.6.3_(alertalligator.com)"
13.66.139.103 - - [08/Mar/2021:21:12:53 +0100] "GET /aktualis_elemei/ujgyoritc.html HTTP/1.1" 200 14418 "-" "Mozilla/5.0 (compatible; bingbot/2.0; +http://www.bing.com/bingbot.htm)"
34.222.183.93 - - [08/Mar/2021:21:36:48 +0100] "GET /favicon.ico HTTP/1.1" 404 1181 "-" "Go-http-client/1.1"
34.222.183.93 - - [08/Mar/2021:21:36:50 +0100] "GET / HTTP/1.1" 200 884 "-" "Go-http-client/1.1"
212.237.51.151 - - [08/Mar/2021:21:51:07 +0100] "HEAD / HTTP/1.1" 200 0 "-" "Alert_Alligator_webmonitoring_service_1.6.3_(alertalligator.com)"
13.66.139.104 - - [08/Mar/2021:22:01:43 +0100] "GET /aktualis_elemei/bio2szulinap_elemei/image004.jpg HTTP/1.1" 200 9638 "-" "Mozilla/5.0 (compatible; bingbot/2.0; +http://www.bing.com/bingbot.htm)"
13.66.139.104 - - [08/Mar/2021:22:33:06 +0100] "GET /aktualis_elemei/bio2szulinap_elemei/image010.jpg HTTP/1.1" 200 13442 "-" "Mozilla/5.0 (compatible; bingbot/2.0; +http://www.bing.com/bingbot.htm)"
212.237.53.115 - - [08/Mar/2021:22:50:13 +0100] "HEAD / HTTP/1.1" 200 0 "-" "Alert_Alligator_webmonitoring_service_1.6.3_(alertalligator.com)"
66.249.70.75 - - [08/Mar/2021:22:54:29 +0100] "GET /hirek/fn_reszletes.pdf HTTP/1.1" 200 195567 "-" "Googlebot/2.1 (+http://www.google.com/bot.html)"
13.66.139.104 - - [08/Mar/2021:22:56:19 +0100] "GET /aktualis_elemei/bio2szulinap_elemei/image008.jpg HTTP/1.1" 200 14223 "-" "Mozilla/5.0 (compatible; bingbot/2.0; +http://www.bing.com/bingbot.htm)"
79.23.179.97 - - [08/Mar/2021:22:57:04 +0100] "GET / HTTP/1.1" 200 884 "-" "Mozilla/5.0 (Macintosh; Intel Mac OS X 10_15_6) AppleWebKit/605.1.15 (KHTML, like Gecko) Version/14.0.3 Safari/605.1.15"
79.23.179.97 - - [08/Mar/2021:22:57:04 +0100] "GET /pattern.jpg HTTP/1.1" 200 13798 "http://www.greenaction.hu/" "Mozilla/5.0 (Macintosh; Intel Mac OS X 10_15_6) AppleWebKit/605.1.15 (KHTML, like Gecko) Version/14.0.3 Safari/605.1.15"
79.23.179.97 - - [08/Mar/2021:22:57:04 +0100] "GET /favicon.ico HTTP/1.1" 404 1181 "http://www.greenaction.hu/" "Mozilla/5.0 (Macintosh; Intel Mac OS X 10_15_6) AppleWebKit/605.1.15 (KHTML, like Gecko) Version/14.0.3 Safari/605.1.15"
13.66.139.104 - - [08/Mar/2021:23:06:10 +0100] "GET /aktualis_elemei/fnhv_elemei/image016.jpg HTTP/1.1" 200 12069 "-" "Mozilla/5.0 (compatible; bingbot/2.0; +http://www.bing.com/bingbot.htm)"
54.36.149.54 - - [08/Mar/2021:23:21:56 +0100] "GET / HTTP/1.1" 200 884 "-" "Mozilla/5.0 (compatible; AhrefsBot/7.0; +http://ahrefs.com/robot/)"
49.12.13.109 - - [08/Mar/2021:23:49:20 +0100] "HEAD / HTTP/1.1" 200 0 "-" "Alert_Alligator_webmonitoring_service_1.6.3_(alertalligator.com)"
178.159.37.104 - - [08/Mar/2021:23:53:54 +0100] "GET / HTTP/1.1" 200 884 "https://sauni-moskva.ru/" "Mozilla/4.0 (compatible; MSIE 6.0; Windows NT 5.1; FREE; .NET CLR 1.1.4322)"
178.159.37.104 - - [08/Mar/2021:23:53:54 +0100] "GET / HTTP/1.1" 200 884 "https://avtolombard-voronezh.ru/" "Mozilla/4.0 (compatible; MSIE 6.0; Windows NT 5.1; FREE; .NET CLR 1.1.4322)"
178.159.37.104 - - [08/Mar/2021:23:53:54 +0100] "GET / HTTP/1.1" 200 884 "https://sauni-moskva.ru/" "Mozilla/4.0 (compatible; MSIE 6.0; Windows NT 5.1; FREE; .NET CLR 1.1.4322)"
178.159.37.104 - - [08/Mar/2021:23:53:54 +0100] "GET / HTTP/1.1" 200 884 "https://avtolombard-voronezh.ru/" "Mozilla/4.0 (compatible; MSIE 6.0; Windows NT 5.1; FREE; .NET CLR 1.1.4322)"
178.159.37.104 - - [08/Mar/2021:23:53:54 +0100] "GET / HTTP/1.1" 200 884 "https://sauni-moskva.ru/" "Mozilla/4.0 (compatible; MSIE 6.0; Windows NT 5.1; FREE; .NET CLR 1.1.4322)"
178.159.37.104 - - [08/Mar/2021:23:53:54 +0100] "GET / HTTP/1.1" 200 884 "https://avtolombard-voronezh.ru/" "Mozilla/4.0 (compatible; MSIE 6.0; Windows NT 5.1; FREE; .NET CLR 1.1.4322)"
13.66.139.103 - - [09/Mar/2021:00:20:33 +0100] "GET /aktualis_elemei/bio2szulinap_elemei/image042.jpg HTTP/1.1" 200 16066 "-" "Mozilla/5.0 (compatible; bingbot/2.0; +http://www.bing.com/bingbot.htm)"
185.253.96.125 - - [09/Mar/2021:00:24:51 +0100] "GET / HTTP/1.1" 200 884 "-" "Mozilla/5.0 (X11; Ubuntu; Linux i686; rv:28.0) Gecko/20100101 Firefox/28.0"
13.66.139.104 - - [09/Mar/2021:00:26:51 +0100] "GET / HTTP/1.1" 200 884 "-" "Mozilla/5.0 (compatible; bingbot/2.0; +http://www.bing.com/bingbot.htm)"
212.237.51.151 - - [09/Mar/2021:00:48:24 +0100] "HEAD / HTTP/1.1" 200 0 "-" "Alert_Alligator_webmonitoring_service_1.6.3_(alertalligator.com)"
93.158.90.37 - - [09/Mar/2021:01:02:23 +0100] "GET / HTTP/1.1" 200 884 "-" "Mozilla/5.0 (Macintosh; Intel Mac OS X 11.1; rv:84.0) Gecko/20100101 Firefox/84.0"
34.77.162.24 - - [09/Mar/2021:01:03:20 +0100] "GET / HTTP/1.1" 200 884 "-" "Expanse indexes the network perimeters of our customers. If you have any questions or concerns, please reach out to: scaninfo@expanseinc.com"
13.66.139.104 - - [09/Mar/2021:01:35:54 +0100] "GET /aktualis_elemei/bio2szulinap_elemei/image046.jpg HTTP/1.1" 200 12403 "-" "Mozilla/5.0 (compatible; bingbot/2.0; +http://www.bing.com/bingbot.htm)"
49.12.13.109 - - [09/Mar/2021:01:47:43 +0100] "HEAD / HTTP/1.1" 200 0 "-" "Alert_Alligator_webmonitoring_service_1.6.3_(alertalligator.com)"
66.249.64.99 - - [09/Mar/2021:02:29:58 +0100] "GET /robots.txt HTTP/1.1" 404 1181 "-" "Mozilla/5.0 (compatible; Googlebot/2.1; +http://www.google.com/bot.html)"
66.249.64.99 - - [09/Mar/2021:02:29:59 +0100] "GET / HTTP/1.1" 200 884 "-" "Mozilla/5.0 (compatible; Googlebot/2.1; +http://www.google.com/bot.html)"
212.237.51.151 - - [09/Mar/2021:02:46:45 +0100] "HEAD / HTTP/1.1" 200 0 "-" "Alert_Alligator_webmonitoring_service_1.6.3_(alertalligator.com)"
13.66.139.103 - - [09/Mar/2021:03:04:08 +0100] "GET /aktualis_elemei/bio2szulinap_elemei/image022.jpg HTTP/1.1" 200 11114 "-" "Mozilla/5.0 (compatible; bingbot/2.0; +http://www.bing.com/bingbot.htm)"
13.66.139.104 - - [09/Mar/2021:03:39:28 +0100] "GET /aktualis_elemei/bio2szulinap_elemei/image110.jpg HTTP/1.1" 200 8760 "-" "Mozilla/5.0 (compatible; bingbot/2.0; +http://www.bing.com/bingbot.htm)"
49.12.13.109 - - [09/Mar/2021:03:45:46 +0100] "HEAD / HTTP/1.1" 200 0 "-" "Alert_Alligator_webmonitoring_service_1.6.3_(alertalligator.com)"
54.36.148.119 - - [09/Mar/2021:04:02:05 +0100] "GET / HTTP/1.1" 200 884 "-" "Mozilla/5.0 (compatible; AhrefsBot/7.0; +http://ahrefs.com/robot/)"
66.249.70.75 - - [09/Mar/2021:04:05:41 +0100] "GET /robots.txt HTTP/1.1" 404 1181 "-" "Mozilla/5.0 (compatible; Googlebot/2.1; +http://www.google.com/bot.html)"
66.249.70.75 - - [09/Mar/2021:04:05:41 +0100] "GET /aktualis_elemei/deneverdani.html HTTP/1.1" 304 - "-" "Mozilla/5.0 (Linux; Android 6.0.1; Nexus 5X Build/MMB29P) AppleWebKit/537.36 (KHTML, like Gecko) Chrome/88.0.4324.188 Mobile Safari/537.36 (compatible; Googlebot/2.1; +http://www.google.com/bot.html)"
178.63.51.106 - - [09/Mar/2021:04:29:15 +0100] "GET /aktualis_elemei/katonai.html HTTP/1.1" 200 22109 "-" "Mozilla/5.0 (Windows NT 10.0; Win64; x64; rv:84.0) Gecko/20100101 Firefox/84.0"
178.63.51.106 - - [09/Mar/2021:04:29:29 +0100] "GET /aktualis_elemei/katonai.html HTTP/1.1" 200 22109 "-" "Mozilla/5.0 (X11; Linux x86_64; rv:82.0) Gecko/20100101 Firefox/82.0"
66.249.64.105 - - [09/Mar/2021:04:35:39 +0100] "GET / HTTP/1.1" 200 884 "-" "Mozilla/5.0 (Linux; Android 6.0.1; Nexus 5X Build/MMB29P) AppleWebKit/537.36 (KHTML, like Gecko) Chrome/88.0.4324.188 Mobile Safari/537.36 (compatible; Googlebot/2.1; +http://www.google.com/bot.html)"
212.237.23.143 - - [09/Mar/2021:04:45:05 +0100] "HEAD / HTTP/1.1" 200 0 "-" "Alert_Alligator_webmonitoring_service_1.6.3_(alertalligator.com)"
88.198.36.62 - - [09/Mar/2021:05:04:21 +0100] "GET /hirek/fn_reszletes.pdf HTTP/1.1" 200 195567 "-" "Mozilla/5.0 (Windows NT 10.0; WOW64) AppleWebKit/537.36 (KHTML, like Gecko) Chrome/86.0.4240.198 Safari/537.36"
78.46.90.120 - - [09/Mar/2021:05:04:28 +0100] "GET /hirek/fn_reszletes.pdf HTTP/1.1" 200 195567 "-" "Mozilla/5.0 (Macintosh; Intel Mac OS X 10_15_5) AppleWebKit/537.36 (KHTML, like Gecko) Chrome/86.0.4240.198 Safari/537.36"
13.66.139.103 - - [09/Mar/2021:05:09:05 +0100] "GET /aktualis_elemei/bio2szulinap_elemei/image134.jpg HTTP/1.1" 200 10678 "-" "Mozilla/5.0 (compatible; bingbot/2.0; +http://www.bing.com/bingbot.htm)"
13.66.139.104 - - [09/Mar/2021:05:21:29 +0100] "GET /aktualis_elemei/bio2szulinap_elemei/image078.jpg HTTP/1.1" 200 7760 "-" "Mozilla/5.0 (compatible; bingbot/2.0; +http://www.bing.com/bingbot.htm)"
192.99.7.128 - - [09/Mar/2021:05:34:05 +0100] "GET /robots.txt HTTP/1.1" 404 1181 "-" "Mozilla/5.0 (compatible; MJ12bot/v1.4.8; http://mj12bot.com/)"
192.99.7.128 - - [09/Mar/2021:05:34:39 +0100] "GET / HTTP/1.1" 200 884 "-" "Mozilla/5.0 (compatible; MJ12bot/v1.4.8; http://mj12bot.com/)"
212.237.23.143 - - [09/Mar/2021:05:36:04 +0100] "HEAD / HTTP/1.1" 200 0 "-" "Alert_Alligator_webmonitoring_service_1.6.4_(alertalligator.com)"
13.66.139.104 - - [09/Mar/2021:05:38:40 +0100] "GET /aktualis_elemei/bio2szulinap_elemei/image016.jpg HTTP/1.1" 200 7778 "-" "Mozilla/5.0 (compatible; bingbot/2.0; +http://www.bing.com/bingbot.htm)"
34.77.162.18 - - [09/Mar/2021:05:53:12 +0100] "GET / HTTP/1.1" 200 884 "-" "Expanse indexes the network perimeters of our customers. If you have any questions or concerns, please reach out to: scaninfo@expanseinc.com"
13.66.139.104 - - [09/Mar/2021:06:02:53 +0100] "GET /aktualis_elemei/belvarosk_elemei/image003.jpg HTTP/1.1" 200 66931 "-" "Mozilla/5.0 (compatible; bingbot/2.0; +http://www.bing.com/bingbot.htm)"
49.12.13.109 - - [09/Mar/2021:06:35:16 +0100] "HEAD / HTTP/1.1" 200 0 "-" "Alert_Alligator_webmonitoring_service_1.6.3_(alertalligator.com)"
66.249.64.99 - - [09/Mar/2021:06:47:32 +0100] "GET / HTTP/1.1" 200 884 "-" "Mozilla/5.0 (compatible; Googlebot/2.1; +http://www.google.com/bot.html)"
13.66.139.104 - - [09/Mar/2021:07:03:18 +0100] "GET /aktualis_elemei/bio2szulinap_elemei/image028.jpg HTTP/1.1" 200 12629 "-" "Mozilla/5.0 (compatible; bingbot/2.0; +http://www.bing.com/bingbot.htm)"
212.237.51.151 - - [09/Mar/2021:07:34:19 +0100] "HEAD / HTTP/1.1" 200 0 "-" "Alert_Alligator_webmonitoring_service_1.6.3_(alertalligator.com)"
195.123.209.118 - - [09/Mar/2021:07:51:20 +0100] "GET / HTTP/1.1" 200 884 "https://rating-bestcasino.com/" "Opera/8.00 (Windows NT 5.1; U; en)"
195.123.209.118 - - [09/Mar/2021:07:51:20 +0100] "GET / HTTP/1.1" 200 884 "https://rating-bestcasino.com/" "Opera/8.00 (Windows NT 5.1; U; en)"
195.123.209.118 - - [09/Mar/2021:07:51:21 +0100] "GET / HTTP/1.1" 200 884 "https://rating-bestcasino.com/" "Opera/8.00 (Windows NT 5.1; U; en)"
40.77.167.39 - - [09/Mar/2021:07:52:31 +0100] "GET /kiadvany/delbukk.pdf HTTP/1.1" 304 - "-" "Mozilla/5.0 (compatible; bingbot/2.0; +http://www.bing.com/bingbot.htm)"
66.249.70.77 - - [09/Mar/2021:07:58:12 +0100] "GET /aktualis_elemei/bio2szulinap_elemei/image142.jpg HTTP/1.1" 200 9654 "-" "Googlebot-Image/1.0"
45.77.71.28 - - [09/Mar/2021:08:06:11 +0100] "GET / HTTP/1.1" 200 884 "-" "Mozilla/5.0 (Windows NT 6.1; WOW64; rv:57.0) Gecko/20100101 Firefox/57.0"
114.119.155.142 - - [09/Mar/2021:08:28:31 +0100] "GET /robots.txt HTTP/1.1" 404 1181 "-" "(compatible;PetalBot;+https://aspiegel.com/petalbot)"
159.69.145.50 - - [09/Mar/2021:08:33:44 +0100] "HEAD / HTTP/1.1" 200 0 "-" "Alert_Alligator_webmonitoring_service_1.6.3_(alertalligator.com)"
13.66.139.104 - - [09/Mar/2021:08:40:28 +0100] "GET /aktualis_elemei/fnhv_elemei/image015.jpg HTTP/1.1" 200 11818 "-" "Mozilla/5.0 (compatible; bingbot/2.0; +http://www.bing.com/bingbot.htm)"
66.249.70.77 - - [09/Mar/2021:08:47:58 +0100] "GET /kiadvany/miskolchvte.pdf HTTP/1.1" 304 - "-" "Mozilla/5.0 (Linux; Android 6.0.1; Nexus 5X Build/MMB29P) AppleWebKit/537.36 (KHTML, like Gecko) Chrome/88.0.4324.188 Mobile Safari/537.36 (compatible; Googlebot/2.1; +http://www.google.com/bot.html)"
114.119.147.240 - - [09/Mar/2021:08:48:43 +0100] "GET /robots.txt HTTP/1.1" 404 1181 "-" "(compatible;PetalBot;+https://aspiegel.com/petalbot)"
66.249.70.75 - - [09/Mar/2021:09:13:12 +0100] "GET /aktualis_elemei/bio2szulinap_elemei/image094.jpg HTTP/1.1" 200 7635 "-" "Googlebot-Image/1.0"
159.69.145.50 - - [09/Mar/2021:09:33:21 +0100] "HEAD / HTTP/1.1" 200 0 "-" "Alert_Alligator_webmonitoring_service_1.6.3_(alertalligator.com)"
13.66.139.104 - - [09/Mar/2021:09:44:03 +0100] "GET /aktualis_elemei/katonai_elemei/image002.jpg HTTP/1.1" 200 34104 "-" "Mozilla/5.0 (compatible; bingbot/2.0; +http://www.bing.com/bingbot.htm)"
13.66.139.103 - - [09/Mar/2021:09:53:59 +0100] "GET /aktualis_elemei/bio2szulinap_elemei/image048.jpg HTTP/1.1" 200 13760 "-" "Mozilla/5.0 (compatible; bingbot/2.0; +http://www.bing.com/bingbot.htm)"
5.34.180.192 - - [09/Mar/2021:10:19:42 +0100] "GET / HTTP/1.1" 200 884 "https://poety.com.ua/" "Mozilla/4.0 (compatible; MSIE 6.0; MSIE 5.5; Windows NT 4.0) Opera 7.0 [en]"
5.34.180.192 - - [09/Mar/2021:10:19:43 +0100] "GET / HTTP/1.1" 200 884 "https://poety.com.ua/" "Mozilla/4.0 (compatible; MSIE 6.0; MSIE 5.5; Windows NT 4.0) Opera 7.0 [en]"
5.34.180.192 - - [09/Mar/2021:10:19:43 +0100] "GET / HTTP/1.1" 200 884 "https://poety.com.ua/" "Mozilla/4.0 (compatible; MSIE 6.0; MSIE 5.5; Windows NT 4.0) Opera 7.0 [en]"
13.66.139.104 - - [09/Mar/2021:10:20:56 +0100] "GET /aktualis_elemei/bio2szulinap_elemei/image044.jpg HTTP/1.1" 200 11923 "-" "Mozilla/5.0 (compatible; bingbot/2.0; +http://www.bing.com/bingbot.htm)"
49.12.13.109 - - [09/Mar/2021:10:32:26 +0100] "HEAD / HTTP/1.1" 200 0 "-" "Alert_Alligator_webmonitoring_service_1.6.3_(alertalligator.com)"
108.59.8.70 - - [09/Mar/2021:10:57:08 +0100] "GET /robots.txt HTTP/1.1" 404 1181 "-" "Mozilla/5.0 (compatible; MJ12bot/v1.4.8; http://mj12bot.com/)"
108.59.8.70 - - [09/Mar/2021:10:57:10 +0100] "GET / HTTP/1.1" 200 884 "-" "Mozilla/5.0 (compatible; MJ12bot/v1.4.8; http://mj12bot.com/)"
66.249.70.77 - - [09/Mar/2021:11:05:42 +0100] "GET /aktualis_elemei/upfuzet.tml_elemei/image004.jpg HTTP/1.1" 200 8736 "-" "Googlebot-Image/1.0"
176.31.183.124 - - [09/Mar/2021:11:07:09 +0100] "GET / HTTP/1.1" 200 884 "-" "python-requests/2.21.0"
176.31.183.124 - - [09/Mar/2021:11:07:09 +0100] "GET / HTTP/1.1" 200 884 "-" "python-requests/2.21.0"
176.31.183.124 - - [09/Mar/2021:11:07:09 +0100] "GET / HTTP/1.1" 200 884 "-" "python-requests/2.21.0"
176.31.183.124 - - [09/Mar/2021:11:07:09 +0100] "GET / HTTP/1.1" 200 884 "-" "python-requests/2.21.0"
176.31.183.124 - - [09/Mar/2021:11:07:09 +0100] "GET / HTTP/1.1" 200 884 "-" "python-requests/2.21.0"
176.31.183.124 - - [09/Mar/2021:11:07:09 +0100] "GET / HTTP/1.1" 200 884 "-" "python-requests/2.21.0"
54.36.148.215 - - [09/Mar/2021:11:09:04 +0100] "GET /robots.txt HTTP/1.1" 404 1181 "-" "Mozilla/5.0 (compatible; AhrefsBot/6.1; +http://ahrefs.com/robot/)"
54.36.148.153 - - [09/Mar/2021:11:09:05 +0100] "GET / HTTP/1.1" 200 884 "-" "Mozilla/5.0 (compatible; AhrefsBot/7.0; +http://ahrefs.com/robot/)"
103.99.16.94 - - [09/Mar/2021:11:18:57 +0100] "GET / HTTP/1.1" 200 884 "-" "Mozilla/5.0 (Windows NT 10.0; Win64; x64) AppleWebKit/537.36 (KHTML, like Gecko) Chrome/85.0.4183.121 Safari/537.36"
212.237.53.115 - - [09/Mar/2021:11:31:27 +0100] "HEAD / HTTP/1.1" 200 0 "-" "Alert_Alligator_webmonitoring_service_1.6.3_(alertalligator.com)"
13.66.139.103 - - [09/Mar/2021:11:40:40 +0100] "GET /aktualis_elemei/bio2szulinap_elemei/image090.jpg HTTP/1.1" 200 7132 "-" "Mozilla/5.0 (compatible; bingbot/2.0; +http://www.bing.com/bingbot.htm)"
13.66.139.103 - - [09/Mar/2021:11:43:20 +0100] "GET /aktualis_elemei/fnhv_elemei/image008.jpg HTTP/1.1" 200 12119 "-" "Mozilla/5.0 (compatible; bingbot/2.0; +http://www.bing.com/bingbot.htm)"
13.66.139.103 - - [09/Mar/2021:11:46:41 +0100] "GET /aktualis_elemei/fnhv_elemei/image024.jpg HTTP/1.1" 200 10080 "-" "Mozilla/5.0 (compatible; bingbot/2.0; +http://www.bing.com/bingbot.htm)"
212.237.53.115 - - [09/Mar/2021:12:30:43 +0100] "HEAD / HTTP/1.1" 200 0 "-" "Alert_Alligator_webmonitoring_service_1.6.3_(alertalligator.com)"
13.66.139.104 - - [09/Mar/2021:12:43:12 +0100] "GET /aktualis_elemei/bio2szulinap_elemei/image060.jpg HTTP/1.1" 200 16684 "-" "Mozilla/5.0 (compatible; bingbot/2.0; +http://www.bing.com/bingbot.htm)"
42.236.10.73 - - [09/Mar/2021:12:47:37 +0100] "GET / HTTP/1.1" 200 884 "http://www.greenaction.hu/" "Mozilla/5.0 (Windows NT 6.1; WOW64) AppleWebKit/537.36 (KHTML, like Gecko) Chrome/50.4.2661.102 Safari/537.36; 360Spider"
84.54.31.25 - - [09/Mar/2021:12:53:17 +0100] "GET / HTTP/1.0" 200 884 "http://greenaction.hu/" "Mozilla/5.0 (Windows NT 6.1; Win64; x64) AppleWebKit/537.36 (KHTML, like Gecko) Chrome/83.0.4103.61 Safari/537.36 Edg/83.0.478.37"
66.249.64.252 - - [09/Mar/2021:13:28:12 +0100] "GET /aktualis_elemei/bio2szulinap_elemei/image126.jpg HTTP/1.1" 200 9363 "-" "Googlebot-Image/1.0"
109.234.34.129 - - [09/Mar/2021:13:29:18 +0100] "GET / HTTP/1.0" 200 884 "-" "Mozilla/5.0 (Windows NT 6.3; Win64; x64) AppleWebKit/537.36 (KHTML, like Gecko) Chrome/75.0.3770.100 Safari/537.36"
159.69.145.50 - - [09/Mar/2021:13:29:56 +0100] "HEAD / HTTP/1.1" 200 0 "-" "Alert_Alligator_webmonitoring_service_1.6.3_(alertalligator.com)"
66.249.64.199 - - [09/Mar/2021:13:59:52 +0100] "GET / HTTP/1.1" 200 884 "-" "Mozilla/5.0 (Linux; Android 6.0.1; Nexus 5X Build/MMB29P) AppleWebKit/537.36 (KHTML, like Gecko) Chrome/88.0.4324.188 Mobile Safari/537.36 (compatible; Googlebot/2.1; +http://www.google.com/bot.html)"
49.12.13.109 - - [09/Mar/2021:14:29:12 +0100] "HEAD / HTTP/1.1" 200 0 "-" "Alert_Alligator_webmonitoring_service_1.6.3_(alertalligator.com)"
13.66.139.103 - - [09/Mar/2021:14:48:03 +0100] "GET /aktualis_elemei/bio2szulinap_elemei/image134.jpg HTTP/1.1" 200 10678 "-" "Mozilla/5.0 (compatible; bingbot/2.0; +http://www.bing.com/bingbot.htm)"
157.55.39.18 - - [09/Mar/2021:14:57:17 +0100] "GET /robots.txt HTTP/1.1" 404 1181 "-" "Mozilla/5.0 (compatible; bingbot/2.0; +http://www.bing.com/bingbot.htm)"
13.66.139.104 - - [09/Mar/2021:14:57:47 +0100] "GET / HTTP/1.1" 200 884 "-" "Mozilla/5.0 (compatible; bingbot/2.0; +http://www.bing.com/bingbot.htm)"
212.237.53.115 - - [09/Mar/2021:15:28:21 +0100] "HEAD / HTTP/1.1" 200 0 "-" "Alert_Alligator_webmonitoring_service_1.6.3_(alertalligator.com)"
66.249.64.201 - - [09/Mar/2021:16:13:11 +0100] "GET /robots.txt HTTP/1.1" 404 1181 "-" "Mozilla/5.0 (compatible; Googlebot/2.1; +http://www.google.com/bot.html)"
66.249.64.201 - - [09/Mar/2021:16:13:11 +0100] "GET / HTTP/1.1" 200 884 "-" "Mozilla/5.0 (compatible; Googlebot/2.1; +http://www.google.com/bot.html)"
212.237.23.143 - - [09/Mar/2021:16:28:12 +0100] "HEAD / HTTP/1.1" 200 0 "-" "Alert_Alligator_webmonitoring_service_1.6.3_(alertalligator.com)"
13.66.139.104 - - [09/Mar/2021:16:41:54 +0100] "GET /aktualis_elemei/bio2szulinap_elemei/image078.jpg HTTP/1.1" 200 7760 "-" "Mozilla/5.0 (compatible; bingbot/2.0; +http://www.bing.com/bingbot.htm)"
212.237.23.143 - - [09/Mar/2021:17:27:17 +0100] "HEAD / HTTP/1.1" 200 0 "-" "Alert_Alligator_webmonitoring_service_1.6.3_(alertalligator.com)"
78.97.11.139 - - [09/Mar/2021:17:50:30 +0100] "GET /favicon.ico HTTP/1.1" 404 1181 "http://www.greenaction.hu/kiadvany/miabio.pdf" "Mozilla/5.0 (Windows NT 10.0; Win64; x64) AppleWebKit/537.36 (KHTML, like Gecko) Chrome/89.0.4389.82 Safari/537.36"
78.97.11.139 - - [09/Mar/2021:17:50:36 +0100] "GET /kiadvany/miabio.pdf HTTP/1.1" 200 11291786 "https://www.google.com/" "Mozilla/5.0 (Windows NT 10.0; Win64; x64) AppleWebKit/537.36 (KHTML, like Gecko) Chrome/89.0.4389.82 Safari/537.36"
94.21.54.40 - - [09/Mar/2021:17:56:51 +0100] "GET /kiadvany/miskolchvte.pdf HTTP/1.1" 200 723359 "http://www.google.hu/search?q=miskolc+h%C3%ADres+f%C3%A1i&source=hp&oq=miskolc+h%C3%ADres+f%C3%A1i&gs_l=mobile-heirloom-hp.12...2886.18435.0.20474.20.14.1.5.5.0.269.2683.0j8j6.14.0....0...1c.1.34.mobile-heirloom-hp..3.17.2966.ulCOwSNYwlk" "Mozilla/5.0 (Mobile; Windows Phone 8.1; Android 4.0; ARM; Trident/7.0; Touch; rv:11.0; IEMobile/11.0; Microsoft; Lumia 640 LTE Dual SIM) like iPhone OS 7_0_3 Mac OS X AppleWebKit/537 (KHTML, like Gecko) Mobile Safari/537"
94.21.54.40 - - [09/Mar/2021:17:56:52 +0100] "GET /kiadvany/miskolchvte.pdf HTTP/1.1" 200 4059249 "-" "Mozilla/5.0 (Windows Phone 8.1; ARM; Trident/7.0; Touch; rv:11.0; IEMobile/11.0; Microsoft; Lumia 640 LTE Dual SIM) like Gecko"
212.237.51.151 - - [09/Mar/2021:18:26:21 +0100] "HEAD / HTTP/1.1" 200 0 "-" "Alert_Alligator_webmonitoring_service_1.6.3_(alertalligator.com)"
67.205.58.218 - - [09/Mar/2021:18:55:40 +0100] "GET /wp-login.php HTTP/1.1" 404 1181 "-" "Mozilla/5.0(Windows NT 6.3; Win64; x64; rv:84.0) Gecko/20100101 Firefox/84.0"
54.36.148.101 - - [09/Mar/2021:19:06:53 +0100] "GET / HTTP/1.1" 200 884 "-" "Mozilla/5.0 (compatible; AhrefsBot/7.0; +http://ahrefs.com/robot/)"
212.237.51.151 - - [09/Mar/2021:19:25:25 +0100] "HEAD / HTTP/1.1" 200 0 "-" "Alert_Alligator_webmonitoring_service_1.6.3_(alertalligator.com)"
123.116.48.174 - - [09/Mar/2021:20:03:30 +0100] "GET / HTTP/1.1" 200 884 "-" "Mozilla/5.0 (Macintosh; Intel Mac OS X 10_15_7) AppleWebKit/537.36 (KHTML, like Gecko) Chrome/87.0.4280.141 Safari/537.36"
40.127.242.189 - - [09/Mar/2021:20:11:02 +0100] "GET /aktualis_elemei/fnhv_elemei/image025.jpg HTTP/1.1" 200 13871 "-" "DuckDuckBot/1.1; (+http://duckduckgo.com/duckduckbot.html)"
40.127.242.189 - - [09/Mar/2021:20:11:10 +0100] "GET /aktualis_elemei/fnhv_elemei/image019.jpg HTTP/1.1" 200 14857 "-" "DuckDuckBot/1.1; (+http://duckduckgo.com/duckduckbot.html)"
49.12.13.109 - - [09/Mar/2021:20:24:30 +0100] "HEAD / HTTP/1.1" 200 0 "-" "Alert_Alligator_webmonitoring_service_1.6.3_(alertalligator.com)"
13.66.139.103 - - [09/Mar/2021:20:33:27 +0100] "GET /aktualis_elemei/bio2szulinap_elemei/image082.jpg HTTP/1.1" 200 7560 "-" "Mozilla/5.0 (compatible; bingbot/2.0; +http://www.bing.com/bingbot.htm)"
185.15.56.22 - - [09/Mar/2021:21:15:59 +0100] "HEAD /kiadvany/miskolchvte.pdf HTTP/1.1" 200 0 "-" "IABot/2.0 (+https://meta.wikimedia.org/wiki/InternetArchiveBot/FAQ_for_sysadmins) (Checking if link from Wikipedia is broken and needs removal)"
212.237.51.151 - - [09/Mar/2021:21:23:33 +0100] "HEAD / HTTP/1.1" 200 0 "-" "Alert_Alligator_webmonitoring_service_1.6.3_(alertalligator.com)"
13.66.139.104 - - [09/Mar/2021:21:59:07 +0100] "GET /aktualis_elemei/bio2szulinap_elemei/image102.jpg HTTP/1.1" 200 8017 "-" "Mozilla/5.0 (compatible; bingbot/2.0; +http://www.bing.com/bingbot.htm)"
159.69.145.50 - - [09/Mar/2021:22:22:36 +0100] "HEAD / HTTP/1.1" 200 0 "-" "Alert_Alligator_webmonitoring_service_1.6.3_(alertalligator.com)"
66.249.64.248 - - [09/Mar/2021:22:52:12 +0100] "GET /robots.txt HTTP/1.1" 404 1181 "-" "Mozilla/5.0 (compatible; Googlebot/2.1; +http://www.google.com/bot.html)"
66.249.64.250 - - [09/Mar/2021:22:52:13 +0100] "GET / HTTP/1.1" 200 884 "-" "Mozilla/5.0 (Linux; Android 6.0.1; Nexus 5X Build/MMB29P) AppleWebKit/537.36 (KHTML, like Gecko) Chrome/89.0.4389.84 Mobile Safari/537.36 (compatible; Googlebot/2.1; +http://www.google.com/bot.html)"
49.12.13.109 - - [09/Mar/2021:23:21:38 +0100] "HEAD / HTTP/1.1" 200 0 "-" "Alert_Alligator_webmonitoring_service_1.6.3_(alertalligator.com)"
66.249.64.250 - - [10/Mar/2021:00:16:36 +0100] "GET /archiv_elemei/csanyiktc.html HTTP/1.1" 200 13182 "-" "Mozilla/5.0 (Linux; Android 6.0.1; Nexus 5X Build/MMB29P) AppleWebKit/537.36 (KHTML, like Gecko) Chrome/88.0.4324.188 Mobile Safari/537.36 (compatible; Googlebot/2.1; +http://www.google.com/bot.html)"
157.55.39.18 - - [10/Mar/2021:00:17:45 +0100] "GET /robots.txt HTTP/1.1" 404 1181 "-" "Mozilla/5.0 (compatible; bingbot/2.0; +http://www.bing.com/bingbot.htm)"
13.66.139.104 - - [10/Mar/2021:00:17:52 +0100] "GET / HTTP/1.1" 200 884 "-" "Mozilla/5.0 (compatible; bingbot/2.0; +http://www.bing.com/bingbot.htm)"
212.237.53.115 - - [10/Mar/2021:00:21:08 +0100] "HEAD / HTTP/1.1" 200 0 "-" "Alert_Alligator_webmonitoring_service_1.6.3_(alertalligator.com)"
66.249.64.195 - - [10/Mar/2021:01:07:20 +0100] "GET / HTTP/1.1" 200 884 "-" "Mozilla/5.0 (compatible; Googlebot/2.1; +http://www.google.com/bot.html)"
49.12.13.109 - - [10/Mar/2021:01:20:10 +0100] "HEAD / HTTP/1.1" 200 0 "-" "Alert_Alligator_webmonitoring_service_1.6.3_(alertalligator.com)"
49.12.13.109 - - [10/Mar/2021:02:19:14 +0100] "HEAD / HTTP/1.1" 200 0 "-" "Alert_Alligator_webmonitoring_service_1.6.3_(alertalligator.com)"
212.237.51.151 - - [10/Mar/2021:03:18:38 +0100] "HEAD / HTTP/1.1" 200 0 "-" "Alert_Alligator_webmonitoring_service_1.6.3_(alertalligator.com)"
114.119.163.186 - - [10/Mar/2021:04:01:36 +0100] "GET /robots.txt HTTP/1.1" 404 1181 "-" "(compatible;PetalBot;+https://aspiegel.com/petalbot)"
212.237.23.143 - - [10/Mar/2021:04:20:50 +0100] "HEAD / HTTP/1.1" 200 0 "-" "Alert_Alligator_webmonitoring_service_1.6.3_(alertalligator.com)"
54.36.148.153 - - [10/Mar/2021:04:37:56 +0100] "GET / HTTP/1.1" 200 884 "-" "Mozilla/5.0 (compatible; AhrefsBot/7.0; +http://ahrefs.com/robot/)"
66.175.233.119 - - [10/Mar/2021:04:51:34 +0100] "GET / HTTP/1.1" 200 884 "-" "Mozilla/5.0 (Windows NT 10.0; WOW64; rv:40.0) Gecko/20100101 Firefox/40.0"
