212.237.51.151 - - [01/Mar/2021:00:38:58 +0100] "HEAD / HTTP/1.1" 200 0 "-" "Alert_Alligator_webmonitoring_service_1.6.3_(alertalligator.com)"
185.220.101.207 - - [01/Mar/2021:00:49:38 +0100] "GET /wp-config.php.bak HTTP/1.1" 404 1181 "https://www.google.com/search" "Mozlila/5.0 (Linux; Android 7.0; SM-G892A Bulid/NRD90M; wv) AppleWebKit/537.36 (KHTML, like Gecko) Version/4.0 Chrome/60.0.3112.107 Moblie Safari/537.36"
185.220.101.207 - - [01/Mar/2021:00:49:38 +0100] "GET /wp-config.php.b HTTP/1.1" 404 1181 "https://www.google.com/search" "Mozlila/5.0 (Linux; Android 7.0; SM-G892A Bulid/NRD90M; wv) AppleWebKit/537.36 (KHTML, like Gecko) Version/4.0 Chrome/60.0.3112.107 Moblie Safari/537.36"
185.220.101.207 - - [01/Mar/2021:00:49:38 +0100] "GET /wp-config.php.save HTTP/1.1" 404 1181 "https://www.google.com/search" "Mozlila/5.0 (Linux; Android 7.0; SM-G892A Bulid/NRD90M; wv) AppleWebKit/537.36 (KHTML, like Gecko) Version/4.0 Chrome/60.0.3112.107 Moblie Safari/537.36"
185.220.101.207 - - [01/Mar/2021:00:49:38 +0100] "GET /wp-config.php.a HTTP/1.1" 404 1181 "https://www.google.com/search" "Mozlila/5.0 (Linux; Android 7.0; SM-G892A Bulid/NRD90M; wv) AppleWebKit/537.36 (KHTML, like Gecko) Version/4.0 Chrome/60.0.3112.107 Moblie Safari/537.36"
185.220.101.207 - - [01/Mar/2021:00:49:38 +0100] "GET /wp-config.php.bk HTTP/1.1" 404 1181 "https://www.google.com/search" "Mozlila/5.0 (Linux; Android 7.0; SM-G892A Bulid/NRD90M; wv) AppleWebKit/537.36 (KHTML, like Gecko) Version/4.0 Chrome/60.0.3112.107 Moblie Safari/537.36"
185.220.101.207 - - [01/Mar/2021:00:49:38 +0100] "GET /wp-config.php~ HTTP/1.1" 404 1181 "https://www.google.com/search" "Mozlila/5.0 (Linux; Android 7.0; SM-G892A Bulid/NRD90M; wv) AppleWebKit/537.36 (KHTML, like Gecko) Version/4.0 Chrome/60.0.3112.107 Moblie Safari/537.36"
185.220.101.207 - - [01/Mar/2021:00:49:38 +0100] "GET /wp-admin/admin-ajax.php?action=revslider_show_image&img=../wp-config.php HTTP/1.1" 404 1181 "https://www.google.com/search" "Mozlila/5.0 (Linux; Android 7.0; SM-G892A Bulid/NRD90M; wv) AppleWebKit/537.36 (KHTML, like Gecko) Version/4.0 Chrome/60.0.3112.107 Moblie Safari/537.36"
185.220.101.207 - - [01/Mar/2021:00:49:38 +0100] "GET /wp-config.php.old HTTP/1.1" 404 1181 "https://www.google.com/search" "Mozlila/5.0 (Linux; Android 7.0; SM-G892A Bulid/NRD90M; wv) AppleWebKit/537.36 (KHTML, like Gecko) Version/4.0 Chrome/60.0.3112.107 Moblie Safari/537.36"
185.220.101.207 - - [01/Mar/2021:00:49:38 +0100] "GET /wp-config.php.orig HTTP/1.1" 404 1181 "https://www.google.com/search" "Mozlila/5.0 (Linux; Android 7.0; SM-G892A Bulid/NRD90M; wv) AppleWebKit/537.36 (KHTML, like Gecko) Version/4.0 Chrome/60.0.3112.107 Moblie Safari/537.36"
185.220.101.207 - - [01/Mar/2021:00:49:38 +0100] "GET /wp-config.php.backup HTTP/1.1" 404 1181 "https://www.google.com/search" "Mozlila/5.0 (Linux; Android 7.0; SM-G892A Bulid/NRD90M; wv) AppleWebKit/537.36 (KHTML, like Gecko) Version/4.0 Chrome/60.0.3112.107 Moblie Safari/537.36"
185.220.101.207 - - [01/Mar/2021:00:49:39 +0100] "GET /wp-config.php.1 HTTP/1.1" 404 1181 "https://www.google.com/search" "Mozlila/5.0 (Linux; Android 7.0; SM-G892A Bulid/NRD90M; wv) AppleWebKit/537.36 (KHTML, like Gecko) Version/4.0 Chrome/60.0.3112.107 Moblie Safari/537.36"
185.220.101.207 - - [01/Mar/2021:00:49:40 +0100] "GET /wp-config.php_ HTTP/1.1" 404 1181 "https://www.google.com/search" "Mozlila/5.0 (Linux; Android 7.0; SM-G892A Bulid/NRD90M; wv) AppleWebKit/537.36 (KHTML, like Gecko) Version/4.0 Chrome/60.0.3112.107 Moblie Safari/537.36"
185.220.101.207 - - [01/Mar/2021:00:49:40 +0100] "GET /wp-config.php.2 HTTP/1.1" 404 1181 "https://www.google.com/search" "Mozlila/5.0 (Linux; Android 7.0; SM-G892A Bulid/NRD90M; wv) AppleWebKit/537.36 (KHTML, like Gecko) Version/4.0 Chrome/60.0.3112.107 Moblie Safari/537.36"
185.220.101.207 - - [01/Mar/2021:00:49:41 +0100] "GET /wp-config.php.3 HTTP/1.1" 404 1181 "https://www.google.com/search" "Mozlila/5.0 (Linux; Android 7.0; SM-G892A Bulid/NRD90M; wv) AppleWebKit/537.36 (KHTML, like Gecko) Version/4.0 Chrome/60.0.3112.107 Moblie Safari/537.36"
185.220.101.207 - - [01/Mar/2021:00:49:41 +0100] "GET /wp-config.php.4 HTTP/1.1" 404 1181 "https://www.google.com/search" "Mozlila/5.0 (Linux; Android 7.0; SM-G892A Bulid/NRD90M; wv) AppleWebKit/537.36 (KHTML, like Gecko) Version/4.0 Chrome/60.0.3112.107 Moblie Safari/537.36"
185.220.101.207 - - [01/Mar/2021:00:49:41 +0100] "GET /wp-config.php.5 HTTP/1.1" 404 1181 "https://www.google.com/search" "Mozlila/5.0 (Linux; Android 7.0; SM-G892A Bulid/NRD90M; wv) AppleWebKit/537.36 (KHTML, like Gecko) Version/4.0 Chrome/60.0.3112.107 Moblie Safari/537.36"
185.220.101.207 - - [01/Mar/2021:00:49:41 +0100] "GET /wp-config.php.6 HTTP/1.1" 404 1181 "https://www.google.com/search" "Mozlila/5.0 (Linux; Android 7.0; SM-G892A Bulid/NRD90M; wv) AppleWebKit/537.36 (KHTML, like Gecko) Version/4.0 Chrome/60.0.3112.107 Moblie Safari/537.36"
185.220.101.207 - - [01/Mar/2021:00:49:42 +0100] "GET /wp-config.php.7 HTTP/1.1" 404 1181 "https://www.google.com/search" "Mozlila/5.0 (Linux; Android 7.0; SM-G892A Bulid/NRD90M; wv) AppleWebKit/537.36 (KHTML, like Gecko) Version/4.0 Chrome/60.0.3112.107 Moblie Safari/537.36"
185.220.101.207 - - [01/Mar/2021:00:49:42 +0100] "GET /wp-config.php.8 HTTP/1.1" 404 1181 "https://www.google.com/search" "Mozlila/5.0 (Linux; Android 7.0; SM-G892A Bulid/NRD90M; wv) AppleWebKit/537.36 (KHTML, like Gecko) Version/4.0 Chrome/60.0.3112.107 Moblie Safari/537.36"
185.220.101.207 - - [01/Mar/2021:00:49:42 +0100] "GET /wp-config.php.0 HTTP/1.1" 404 1181 "https://www.google.com/search" "Mozlila/5.0 (Linux; Android 7.0; SM-G892A Bulid/NRD90M; wv) AppleWebKit/537.36 (KHTML, like Gecko) Version/4.0 Chrome/60.0.3112.107 Moblie Safari/537.36"
185.220.101.207 - - [01/Mar/2021:00:49:42 +0100] "GET /wp-config.php.9 HTTP/1.1" 404 1181 "https://www.google.com/search" "Mozlila/5.0 (Linux; Android 7.0; SM-G892A Bulid/NRD90M; wv) AppleWebKit/537.36 (KHTML, like Gecko) Version/4.0 Chrome/60.0.3112.107 Moblie Safari/537.36"
185.220.101.207 - - [01/Mar/2021:00:49:42 +0100] "GET /wp-config.bak HTTP/1.1" 404 1181 "https://www.google.com/search" "Mozlila/5.0 (Linux; Android 7.0; SM-G892A Bulid/NRD90M; wv) AppleWebKit/537.36 (KHTML, like Gecko) Version/4.0 Chrome/60.0.3112.107 Moblie Safari/537.36"
185.220.101.207 - - [01/Mar/2021:00:49:42 +0100] "GET /wp-config.php.original HTTP/1.1" 404 1181 "https://www.google.com/search" "Mozlila/5.0 (Linux; Android 7.0; SM-G892A Bulid/NRD90M; wv) AppleWebKit/537.36 (KHTML, like Gecko) Version/4.0 Chrome/60.0.3112.107 Moblie Safari/537.36"
185.220.101.207 - - [01/Mar/2021:00:49:42 +0100] "GET /wp-config.php.new HTTP/1.1" 404 1181 "https://www.google.com/search" "Mozlila/5.0 (Linux; Android 7.0; SM-G892A Bulid/NRD90M; wv) AppleWebKit/537.36 (KHTML, like Gecko) Version/4.0 Chrome/60.0.3112.107 Moblie Safari/537.36"
185.220.101.207 - - [01/Mar/2021:00:49:44 +0100] "GET /wp-config.php_orig HTTP/1.1" 404 1181 "https://www.google.com/search" "Mozlila/5.0 (Linux; Android 7.0; SM-G892A Bulid/NRD90M; wv) AppleWebKit/537.36 (KHTML, like Gecko) Version/4.0 Chrome/60.0.3112.107 Moblie Safari/537.36"
185.220.101.207 - - [01/Mar/2021:00:49:44 +0100] "GET /wp-config.php.disabled HTTP/1.1" 404 1181 "https://www.google.com/search" "Mozlila/5.0 (Linux; Android 7.0; SM-G892A Bulid/NRD90M; wv) AppleWebKit/537.36 (KHTML, like Gecko) Version/4.0 Chrome/60.0.3112.107 Moblie Safari/537.36"
185.220.101.207 - - [01/Mar/2021:00:49:44 +0100] "GET /wp-config.php-original HTTP/1.1" 404 1181 "https://www.google.com/search" "Mozlila/5.0 (Linux; Android 7.0; SM-G892A Bulid/NRD90M; wv) AppleWebKit/537.36 (KHTML, like Gecko) Version/4.0 Chrome/60.0.3112.107 Moblie Safari/537.36"
185.220.101.207 - - [01/Mar/2021:00:49:44 +0100] "GET /wp-config.php_original HTTP/1.1" 404 1181 "https://www.google.com/search" "Mozlila/5.0 (Linux; Android 7.0; SM-G892A Bulid/NRD90M; wv) AppleWebKit/537.36 (KHTML, like Gecko) Version/4.0 Chrome/60.0.3112.107 Moblie Safari/537.36"
185.220.101.207 - - [01/Mar/2021:00:49:44 +0100] "GET /wp-config.php.swp HTTP/1.1" 404 1181 "https://www.google.com/search" "Mozlila/5.0 (Linux; Android 7.0; SM-G892A Bulid/NRD90M; wv) AppleWebKit/537.36 (KHTML, like Gecko) Version/4.0 Chrome/60.0.3112.107 Moblie Safari/537.36"
185.220.101.207 - - [01/Mar/2021:00:49:44 +0100] "GET /wp-config.phporiginal HTTP/1.1" 404 1181 "https://www.google.com/search" "Mozlila/5.0 (Linux; Android 7.0; SM-G892A Bulid/NRD90M; wv) AppleWebKit/537.36 (KHTML, like Gecko) Version/4.0 Chrome/60.0.3112.107 Moblie Safari/537.36"
185.220.101.207 - - [01/Mar/2021:00:49:44 +0100] "GET /wp-config.good HTTP/1.1" 404 1181 "https://www.google.com/search" "Mozlila/5.0 (Linux; Android 7.0; SM-G892A Bulid/NRD90M; wv) AppleWebKit/537.36 (KHTML, like Gecko) Version/4.0 Chrome/60.0.3112.107 Moblie Safari/537.36"
185.220.101.207 - - [01/Mar/2021:00:49:44 +0100] "GET /wp-config_good HTTP/1.1" 404 1181 "https://www.google.com/search" "Mozlila/5.0 (Linux; Android 7.0; SM-G892A Bulid/NRD90M; wv) AppleWebKit/537.36 (KHTML, like Gecko) Version/4.0 Chrome/60.0.3112.107 Moblie Safari/537.36"
185.220.101.207 - - [01/Mar/2021:00:49:44 +0100] "GET /wp-config.php_bak HTTP/1.1" 404 1181 "https://www.google.com/search" "Mozlila/5.0 (Linux; Android 7.0; SM-G892A Bulid/NRD90M; wv) AppleWebKit/537.36 (KHTML, like Gecko) Version/4.0 Chrome/60.0.3112.107 Moblie Safari/537.36"
185.220.101.207 - - [01/Mar/2021:00:49:44 +0100] "GET /wp-config-good HTTP/1.1" 404 1181 "https://www.google.com/search" "Mozlila/5.0 (Linux; Android 7.0; SM-G892A Bulid/NRD90M; wv) AppleWebKit/537.36 (KHTML, like Gecko) Version/4.0 Chrome/60.0.3112.107 Moblie Safari/537.36"
185.220.101.207 - - [01/Mar/2021:00:49:45 +0100] "GET /wp-config.php~ HTTP/1.1" 404 1181 "https://www.google.com/search" "Mozlila/5.0 (Linux; Android 7.0; SM-G892A Bulid/NRD90M; wv) AppleWebKit/537.36 (KHTML, like Gecko) Version/4.0 Chrome/60.0.3112.107 Moblie Safari/537.36"
185.220.101.207 - - [01/Mar/2021:00:49:46 +0100] "GET /wp-config.php_bak HTTP/1.1" 404 1181 "https://www.google.com/search" "Mozlila/5.0 (Linux; Android 7.0; SM-G892A Bulid/NRD90M; wv) AppleWebKit/537.36 (KHTML, like Gecko) Version/4.0 Chrome/60.0.3112.107 Moblie Safari/537.36"
185.220.101.207 - - [01/Mar/2021:00:49:46 +0100] "GET /wp-config.php.swo HTTP/1.1" 404 1181 "https://www.google.com/search" "Mozlila/5.0 (Linux; Android 7.0; SM-G892A Bulid/NRD90M; wv) AppleWebKit/537.36 (KHTML, like Gecko) Version/4.0 Chrome/60.0.3112.107 Moblie Safari/537.36"
185.220.101.207 - - [01/Mar/2021:00:49:47 +0100] "GET /wp-config.php.save HTTP/1.1" 404 1181 "https://www.google.com/search" "Mozlila/5.0 (Linux; Android 7.0; SM-G892A Bulid/NRD90M; wv) AppleWebKit/537.36 (KHTML, like Gecko) Version/4.0 Chrome/60.0.3112.107 Moblie Safari/537.36"
185.220.101.207 - - [01/Mar/2021:00:49:47 +0100] "GET /wp-config.php.bak HTTP/1.1" 404 1181 "https://www.google.com/search" "Mozlila/5.0 (Linux; Android 7.0; SM-G892A Bulid/NRD90M; wv) AppleWebKit/537.36 (KHTML, like Gecko) Version/4.0 Chrome/60.0.3112.107 Moblie Safari/537.36"
185.220.101.207 - - [01/Mar/2021:00:49:47 +0100] "GET /wp-config.php_1 HTTP/1.1" 404 1181 "https://www.google.com/search" "Mozlila/5.0 (Linux; Android 7.0; SM-G892A Bulid/NRD90M; wv) AppleWebKit/537.36 (KHTML, like Gecko) Version/4.0 Chrome/60.0.3112.107 Moblie Safari/537.36"
185.220.101.207 - - [01/Mar/2021:00:49:47 +0100] "GET /wp-config.php.swn HTTP/1.1" 404 1181 "https://www.google.com/search" "Mozlila/5.0 (Linux; Android 7.0; SM-G892A Bulid/NRD90M; wv) AppleWebKit/537.36 (KHTML, like Gecko) Version/4.0 Chrome/60.0.3112.107 Moblie Safari/537.36"
185.220.101.207 - - [01/Mar/2021:00:49:48 +0100] "GET /wp-config.php_new HTTP/1.1" 404 1181 "https://www.google.com/search" "Mozlila/5.0 (Linux; Android 7.0; SM-G892A Bulid/NRD90M; wv) AppleWebKit/537.36 (KHTML, like Gecko) Version/4.0 Chrome/60.0.3112.107 Moblie Safari/537.36"
185.220.101.207 - - [01/Mar/2021:00:49:48 +0100] "GET /wp-config.php.cust HTTP/1.1" 404 1181 "https://www.google.com/search" "Mozlila/5.0 (Linux; Android 7.0; SM-G892A Bulid/NRD90M; wv) AppleWebKit/537.36 (KHTML, like Gecko) Version/4.0 Chrome/60.0.3112.107 Moblie Safari/537.36"
185.220.101.207 - - [01/Mar/2021:00:49:48 +0100] "GET /wp-config.php-bak HTTP/1.1" 404 1181 "https://www.google.com/search" "Mozlila/5.0 (Linux; Android 7.0; SM-G892A Bulid/NRD90M; wv) AppleWebKit/537.36 (KHTML, like Gecko) Version/4.0 Chrome/60.0.3112.107 Moblie Safari/537.36"
185.220.101.207 - - [01/Mar/2021:00:49:48 +0100] "GET /wp-config.php.bak1 HTTP/1.1" 404 1181 "https://www.google.com/search" "Mozlila/5.0 (Linux; Android 7.0; SM-G892A Bulid/NRD90M; wv) AppleWebKit/537.36 (KHTML, like Gecko) Version/4.0 Chrome/60.0.3112.107 Moblie Safari/537.36"
185.220.101.207 - - [01/Mar/2021:00:49:48 +0100] "GET /wp-config.php_Old HTTP/1.1" 404 1181 "https://www.google.com/search" "Mozlila/5.0 (Linux; Android 7.0; SM-G892A Bulid/NRD90M; wv) AppleWebKit/537.36 (KHTML, like Gecko) Version/4.0 Chrome/60.0.3112.107 Moblie Safari/537.36"
185.191.171.8 - - [01/Mar/2021:00:56:32 +0100] "GET /robots.txt HTTP/1.1" 404 1181 "-" "Mozilla/5.0 (compatible; SemrushBot/7~bl; +http://www.semrush.com/bot.html)"
185.191.171.1 - - [01/Mar/2021:00:56:33 +0100] "GET / HTTP/1.1" 200 884 "-" "Mozilla/5.0 (compatible; SemrushBot/7~bl; +http://www.semrush.com/bot.html)"
212.237.23.143 - - [01/Mar/2021:01:39:00 +0100] "HEAD / HTTP/1.1" 200 0 "-" "Alert_Alligator_webmonitoring_service_1.6.3_(alertalligator.com)"
66.249.70.75 - - [01/Mar/2021:02:02:07 +0100] "GET /archiv_elemei/hkkarpatok.html HTTP/1.1" 304 - "-" "Mozilla/5.0 (Linux; Android 6.0.1; Nexus 5X Build/MMB29P) AppleWebKit/537.36 (KHTML, like Gecko) Chrome/88.0.4324.188 Mobile Safari/537.36 (compatible; Googlebot/2.1; +http://www.google.com/bot.html)"
114.119.130.168 - - [01/Mar/2021:02:28:09 +0100] "GET /robots.txt HTTP/1.1" 404 1181 "-" "(compatible;PetalBot;+https://aspiegel.com/petalbot)"
212.237.53.115 - - [01/Mar/2021:02:42:08 +0100] "HEAD / HTTP/1.1" 200 0 "-" "Alert_Alligator_webmonitoring_service_1.6.3_(alertalligator.com)"
66.249.70.73 - - [01/Mar/2021:03:03:49 +0100] "GET /aktualis_elemei/hk2006.html HTTP/1.1" 200 16289 "-" "Mozilla/5.0 (Linux; Android 6.0.1; Nexus 5X Build/MMB29P) AppleWebKit/537.36 (KHTML, like Gecko) Chrome/88.0.4324.188 Mobile Safari/537.36 (compatible; Googlebot/2.1; +http://www.google.com/bot.html)"
212.237.23.143 - - [01/Mar/2021:03:42:56 +0100] "HEAD / HTTP/1.1" 200 0 "-" "Alert_Alligator_webmonitoring_service_1.6.3_(alertalligator.com)"
35.202.2.1 - - [01/Mar/2021:04:19:32 +0100] "GET /robots.txt HTTP/1.1" 404 1181 "-" "ltx71 - (http://ltx71.com/)"
54.36.148.173 - - [01/Mar/2021:04:24:48 +0100] "GET / HTTP/1.1" 200 884 "-" "Mozilla/5.0 (compatible; AhrefsBot/7.0; +http://ahrefs.com/robot/)"
130.255.162.159 - - [01/Mar/2021:04:25:02 +0100] "GET / HTTP/1.1" 200 884 "-" "Mozilla/5.0 (Macintosh; Intel Mac OS X 11.1; rv:84.0) Gecko/20100101 Firefox/84.0"
212.237.23.143 - - [01/Mar/2021:04:42:05 +0100] "HEAD / HTTP/1.1" 200 0 "-" "Alert_Alligator_webmonitoring_service_1.6.3_(alertalligator.com)"
114.119.142.156 - - [01/Mar/2021:04:57:41 +0100] "GET /robots.txt HTTP/1.1" 404 1181 "-" "(compatible;PetalBot;+https://aspiegel.com/petalbot)"
13.66.139.111 - - [01/Mar/2021:05:10:58 +0100] "GET / HTTP/1.1" 200 884 "-" "Mozilla/5.0 (compatible; bingbot/2.0; +http://www.bing.com/bingbot.htm)"
195.123.209.118 - - [01/Mar/2021:05:12:58 +0100] "GET / HTTP/1.1" 200 884 "https://erotag.com/" "Mozilla/4.0 (compatible; MSIE 6.0; Windows NT 5.1; MyIE2; Deepnet Explorer)"
195.123.209.118 - - [01/Mar/2021:05:12:59 +0100] "GET / HTTP/1.1" 200 884 "https://erotag.com/" "Mozilla/4.0 (compatible; MSIE 6.0; Windows NT 5.1; MyIE2; Deepnet Explorer)"
195.123.209.118 - - [01/Mar/2021:05:12:59 +0100] "GET / HTTP/1.1" 200 884 "https://erotag.com/" "Mozilla/4.0 (compatible; MSIE 6.0; Windows NT 5.1; MyIE2; Deepnet Explorer)"
49.12.13.109 - - [01/Mar/2021:05:41:20 +0100] "HEAD / HTTP/1.1" 200 0 "-" "Alert_Alligator_webmonitoring_service_1.6.3_(alertalligator.com)"
173.231.59.214 - - [01/Mar/2021:05:52:21 +0100] "GET /robots.txt HTTP/1.1" 404 1181 "-" "Mozilla/5.0 (compatible; Adsbot/3.1)"
173.231.59.214 - - [01/Mar/2021:05:52:28 +0100] "GET / HTTP/1.1" 200 884 "-" "Mozilla/5.0 (compatible; Adsbot/3.1)"
159.69.145.50 - - [01/Mar/2021:06:41:27 +0100] "HEAD / HTTP/1.1" 200 0 "-" "Alert_Alligator_webmonitoring_service_1.6.3_(alertalligator.com)"
212.237.53.115 - - [01/Mar/2021:07:40:46 +0100] "HEAD / HTTP/1.1" 200 0 "-" "Alert_Alligator_webmonitoring_service_1.6.3_(alertalligator.com)"
159.69.145.50 - - [01/Mar/2021:08:39:47 +0100] "HEAD / HTTP/1.1" 200 0 "-" "Alert_Alligator_webmonitoring_service_1.6.3_(alertalligator.com)"
66.249.70.73 - - [01/Mar/2021:08:42:05 +0100] "GET /aktualis_elemei/bio2szulinap_elemei/image136.jpg HTTP/1.1" 304 - "-" "Googlebot-Image/1.0"
193.6.201.253 - - [01/Mar/2021:08:51:18 +0100] "GET / HTTP/1.1" 200 884 "-" "Mozilla/5.0 (X11; Linux x86_64; rv:58.0) Gecko/20100101 Firefox/58.0"
66.249.70.73 - - [01/Mar/2021:09:22:05 +0100] "GET /robots.txt HTTP/1.1" 404 1181 "-" "Mozilla/5.0 (compatible; Googlebot/2.1; +http://www.google.com/bot.html)"
66.249.70.75 - - [01/Mar/2021:09:22:05 +0100] "GET /aktualis_elemei/fnhv_elemei/image019.jpg HTTP/1.1" 200 14857 "-" "Googlebot-Image/1.0"
159.69.145.50 - - [01/Mar/2021:09:39:02 +0100] "HEAD / HTTP/1.1" 200 0 "-" "Alert_Alligator_webmonitoring_service_1.6.3_(alertalligator.com)"
66.249.70.77 - - [01/Mar/2021:09:40:49 +0100] "GET / HTTP/1.1" 200 884 "-" "Mozilla/5.0 (Linux; Android 6.0.1; Nexus 5X Build/MMB29P) AppleWebKit/537.36 (KHTML, like Gecko) Chrome/88.0.4324.188 Mobile Safari/537.36 (compatible; Googlebot/2.1; +http://www.google.com/bot.html)"
195.38.97.172 - - [01/Mar/2021:09:44:29 +0100] "GET /favicon.ico HTTP/1.1" 404 1181 "http://www.greenaction.hu/kiadvany/miabio.pdf" "Mozilla/5.0 (Windows NT 10.0; Win64; x64; rv:86.0) Gecko/20100101 Firefox/86.0"
195.38.97.172 - - [01/Mar/2021:09:44:29 +0100] "GET /kiadvany/miabio.pdf HTTP/1.1" 206 19594 "https://www.google.com/" "Mozilla/5.0 (Windows NT 10.0; Win64; x64; rv:86.0) Gecko/20100101 Firefox/86.0"
195.38.97.172 - - [01/Mar/2021:09:44:30 +0100] "GET /kiadvany/miabio.pdf HTTP/1.1" 206 65536 "https://www.google.com/" "Mozilla/5.0 (Windows NT 10.0; Win64; x64; rv:86.0) Gecko/20100101 Firefox/86.0"
195.38.97.172 - - [01/Mar/2021:09:44:30 +0100] "GET /kiadvany/miabio.pdf HTTP/1.1" 206 65536 "https://www.google.com/" "Mozilla/5.0 (Windows NT 10.0; Win64; x64; rv:86.0) Gecko/20100101 Firefox/86.0"
195.38.97.172 - - [01/Mar/2021:09:44:30 +0100] "GET /kiadvany/miabio.pdf HTTP/1.1" 206 65536 "https://www.google.com/" "Mozilla/5.0 (Windows NT 10.0; Win64; x64; rv:86.0) Gecko/20100101 Firefox/86.0"
195.38.97.172 - - [01/Mar/2021:09:44:30 +0100] "GET /kiadvany/miabio.pdf HTTP/1.1" 206 65536 "https://www.google.com/" "Mozilla/5.0 (Windows NT 10.0; Win64; x64; rv:86.0) Gecko/20100101 Firefox/86.0"
195.38.97.172 - - [01/Mar/2021:09:44:30 +0100] "GET /kiadvany/miabio.pdf HTTP/1.1" 206 65536 "https://www.google.com/" "Mozilla/5.0 (Windows NT 10.0; Win64; x64; rv:86.0) Gecko/20100101 Firefox/86.0"
195.38.97.172 - - [01/Mar/2021:09:44:30 +0100] "GET /kiadvany/miabio.pdf HTTP/1.1" 206 65536 "https://www.google.com/" "Mozilla/5.0 (Windows NT 10.0; Win64; x64; rv:86.0) Gecko/20100101 Firefox/86.0"
195.38.97.172 - - [01/Mar/2021:09:44:30 +0100] "GET /kiadvany/miabio.pdf HTTP/1.1" 206 65536 "https://www.google.com/" "Mozilla/5.0 (Windows NT 10.0; Win64; x64; rv:86.0) Gecko/20100101 Firefox/86.0"
195.38.97.172 - - [01/Mar/2021:09:44:30 +0100] "GET /kiadvany/miabio.pdf HTTP/1.1" 206 65536 "https://www.google.com/" "Mozilla/5.0 (Windows NT 10.0; Win64; x64; rv:86.0) Gecko/20100101 Firefox/86.0"
195.38.97.172 - - [01/Mar/2021:09:44:30 +0100] "GET /kiadvany/miabio.pdf HTTP/1.1" 206 65536 "https://www.google.com/" "Mozilla/5.0 (Windows NT 10.0; Win64; x64; rv:86.0) Gecko/20100101 Firefox/86.0"
195.38.97.172 - - [01/Mar/2021:09:44:30 +0100] "GET /kiadvany/miabio.pdf HTTP/1.1" 206 65536 "https://www.google.com/" "Mozilla/5.0 (Windows NT 10.0; Win64; x64; rv:86.0) Gecko/20100101 Firefox/86.0"
195.38.97.172 - - [01/Mar/2021:09:44:30 +0100] "GET /kiadvany/miabio.pdf HTTP/1.1" 206 65536 "https://www.google.com/" "Mozilla/5.0 (Windows NT 10.0; Win64; x64; rv:86.0) Gecko/20100101 Firefox/86.0"
195.38.97.172 - - [01/Mar/2021:09:44:30 +0100] "GET /kiadvany/miabio.pdf HTTP/1.1" 206 65536 "https://www.google.com/" "Mozilla/5.0 (Windows NT 10.0; Win64; x64; rv:86.0) Gecko/20100101 Firefox/86.0"
195.38.97.172 - - [01/Mar/2021:09:44:31 +0100] "GET /kiadvany/miabio.pdf HTTP/1.1" 206 65536 "https://www.google.com/" "Mozilla/5.0 (Windows NT 10.0; Win64; x64; rv:86.0) Gecko/20100101 Firefox/86.0"
195.38.97.172 - - [01/Mar/2021:09:44:31 +0100] "GET /kiadvany/miabio.pdf HTTP/1.1" 206 65536 "https://www.google.com/" "Mozilla/5.0 (Windows NT 10.0; Win64; x64; rv:86.0) Gecko/20100101 Firefox/86.0"
195.38.97.172 - - [01/Mar/2021:09:44:31 +0100] "GET /kiadvany/miabio.pdf HTTP/1.1" 206 65536 "https://www.google.com/" "Mozilla/5.0 (Windows NT 10.0; Win64; x64; rv:86.0) Gecko/20100101 Firefox/86.0"
195.38.97.172 - - [01/Mar/2021:09:44:31 +0100] "GET /kiadvany/miabio.pdf HTTP/1.1" 206 65536 "https://www.google.com/" "Mozilla/5.0 (Windows NT 10.0; Win64; x64; rv:86.0) Gecko/20100101 Firefox/86.0"
195.38.97.172 - - [01/Mar/2021:09:44:31 +0100] "GET /kiadvany/miabio.pdf HTTP/1.1" 206 65536 "https://www.google.com/" "Mozilla/5.0 (Windows NT 10.0; Win64; x64; rv:86.0) Gecko/20100101 Firefox/86.0"
195.38.97.172 - - [01/Mar/2021:09:44:31 +0100] "GET /kiadvany/miabio.pdf HTTP/1.1" 206 65536 "https://www.google.com/" "Mozilla/5.0 (Windows NT 10.0; Win64; x64; rv:86.0) Gecko/20100101 Firefox/86.0"
195.38.97.172 - - [01/Mar/2021:09:44:31 +0100] "GET /kiadvany/miabio.pdf HTTP/1.1" 206 65536 "https://www.google.com/" "Mozilla/5.0 (Windows NT 10.0; Win64; x64; rv:86.0) Gecko/20100101 Firefox/86.0"
195.38.97.172 - - [01/Mar/2021:09:44:32 +0100] "GET /kiadvany/miabio.pdf HTTP/1.1" 206 65536 "https://www.google.com/" "Mozilla/5.0 (Windows NT 10.0; Win64; x64; rv:86.0) Gecko/20100101 Firefox/86.0"
195.38.97.172 - - [01/Mar/2021:09:44:32 +0100] "GET /kiadvany/miabio.pdf HTTP/1.1" 206 65536 "https://www.google.com/" "Mozilla/5.0 (Windows NT 10.0; Win64; x64; rv:86.0) Gecko/20100101 Firefox/86.0"
195.38.97.172 - - [01/Mar/2021:09:44:32 +0100] "GET /kiadvany/miabio.pdf HTTP/1.1" 206 65536 "https://www.google.com/" "Mozilla/5.0 (Windows NT 10.0; Win64; x64; rv:86.0) Gecko/20100101 Firefox/86.0"
195.38.97.172 - - [01/Mar/2021:09:44:32 +0100] "GET /kiadvany/miabio.pdf HTTP/1.1" 206 65536 "https://www.google.com/" "Mozilla/5.0 (Windows NT 10.0; Win64; x64; rv:86.0) Gecko/20100101 Firefox/86.0"
195.38.97.172 - - [01/Mar/2021:09:44:32 +0100] "GET /kiadvany/miabio.pdf HTTP/1.1" 206 65536 "https://www.google.com/" "Mozilla/5.0 (Windows NT 10.0; Win64; x64; rv:86.0) Gecko/20100101 Firefox/86.0"
195.38.97.172 - - [01/Mar/2021:09:44:32 +0100] "GET /kiadvany/miabio.pdf HTTP/1.1" 206 65536 "https://www.google.com/" "Mozilla/5.0 (Windows NT 10.0; Win64; x64; rv:86.0) Gecko/20100101 Firefox/86.0"
195.38.97.172 - - [01/Mar/2021:09:44:33 +0100] "GET /kiadvany/miabio.pdf HTTP/1.1" 206 65536 "https://www.google.com/" "Mozilla/5.0 (Windows NT 10.0; Win64; x64; rv:86.0) Gecko/20100101 Firefox/86.0"
195.38.97.172 - - [01/Mar/2021:09:44:33 +0100] "GET /kiadvany/miabio.pdf HTTP/1.1" 206 65536 "https://www.google.com/" "Mozilla/5.0 (Windows NT 10.0; Win64; x64; rv:86.0) Gecko/20100101 Firefox/86.0"
195.38.97.172 - - [01/Mar/2021:09:44:33 +0100] "GET /kiadvany/miabio.pdf HTTP/1.1" 206 65536 "https://www.google.com/" "Mozilla/5.0 (Windows NT 10.0; Win64; x64; rv:86.0) Gecko/20100101 Firefox/86.0"
195.38.97.172 - - [01/Mar/2021:09:44:34 +0100] "GET /kiadvany/miabio.pdf HTTP/1.1" 206 65536 "https://www.google.com/" "Mozilla/5.0 (Windows NT 10.0; Win64; x64; rv:86.0) Gecko/20100101 Firefox/86.0"
195.38.97.172 - - [01/Mar/2021:09:44:35 +0100] "GET /kiadvany/miabio.pdf HTTP/1.1" 200 11291786 "https://www.google.com/" "Mozilla/5.0 (Windows NT 10.0; Win64; x64; rv:86.0) Gecko/20100101 Firefox/86.0"
195.38.97.172 - - [01/Mar/2021:09:47:38 +0100] "GET /favicon.ico HTTP/1.1" 404 1181 "http://www.greenaction.hu/kiadvany/miabio.pdf" "Mozilla/5.0 (Windows NT 10.0; Win64; x64; rv:86.0) Gecko/20100101 Firefox/86.0"
31.46.89.77 - - [01/Mar/2021:10:03:17 +0100] "GET /favicon.ico HTTP/1.1" 404 1181 "http://www.greenaction.hu/kiadvany/miabio.pdf" "Mozilla/5.0 (Windows NT 6.1) AppleWebKit/537.36 (KHTML, like Gecko) Chrome/87.0.4280.88 Safari/537.36"
31.46.89.77 - - [01/Mar/2021:10:03:22 +0100] "GET /kiadvany/miabio.pdf HTTP/1.1" 200 11291786 "https://www.google.com/" "Mozilla/5.0 (Windows NT 6.1) AppleWebKit/537.36 (KHTML, like Gecko) Chrome/87.0.4280.88 Safari/537.36"
49.12.13.109 - - [01/Mar/2021:10:38:04 +0100] "HEAD / HTTP/1.1" 200 0 "-" "Alert_Alligator_webmonitoring_service_1.6.3_(alertalligator.com)"
66.249.70.75 - - [01/Mar/2021:10:42:04 +0100] "GET /aktualis_elemei/fnhv_elemei/image016.jpg HTTP/1.1" 304 - "-" "Googlebot-Image/1.0"
66.249.70.73 - - [01/Mar/2021:11:22:05 +0100] "GET /aktualis_elemei/fnhv_elemei/image001.jpg HTTP/1.1" 304 - "-" "Googlebot-Image/1.0"
212.237.53.115 - - [01/Mar/2021:11:37:06 +0100] "HEAD / HTTP/1.1" 200 0 "-" "Alert_Alligator_webmonitoring_service_1.6.3_(alertalligator.com)"
54.36.148.141 - - [01/Mar/2021:12:30:47 +0100] "GET / HTTP/1.1" 200 884 "-" "Mozilla/5.0 (compatible; AhrefsBot/7.0; +http://ahrefs.com/robot/)"
212.237.23.143 - - [01/Mar/2021:12:36:31 +0100] "HEAD / HTTP/1.1" 200 0 "-" "Alert_Alligator_webmonitoring_service_1.6.3_(alertalligator.com)"
42.236.10.110 - - [01/Mar/2021:12:41:34 +0100] "GET / HTTP/1.1" 200 884 "http://www.greenaction.hu/" "Mozilla/5.0 (Windows NT 6.1; WOW64) AppleWebKit/537.36 (KHTML, like Gecko) Chrome/50.4.2661.102 Safari/537.36; 360Spider"
49.12.13.109 - - [01/Mar/2021:13:35:48 +0100] "HEAD / HTTP/1.1" 200 0 "-" "Alert_Alligator_webmonitoring_service_1.6.3_(alertalligator.com)"
5.188.62.140 - - [01/Mar/2021:13:37:14 +0100] "GET / HTTP/1.1" 200 884 "-" "Mozilla/5.0 (Windows NT 5.1) AppleWebKit/537.36 (KHTML, like Gecko) Chrome/41.0.2228.0 Safari/537.36"
5.188.62.140 - - [01/Mar/2021:13:37:15 +0100] "GET /robots.txt HTTP/1.1" 404 1181 "-" "Mozilla/5.0 (Windows NT 5.1) AppleWebKit/537.36 (KHTML, like Gecko) Chrome/41.0.2228.0 Safari/537.36"
46.35.192.190 - - [01/Mar/2021:13:42:53 +0100] "GET /favicon.ico HTTP/1.1" 404 1181 "http://www.greenaction.hu/kiadvany/miabio.pdf" "Mozilla/5.0 (Windows NT 10.0; Win64; x64) AppleWebKit/537.36 (KHTML, like Gecko) Chrome/88.0.4324.190 Safari/537.36"
46.35.192.190 - - [01/Mar/2021:13:42:58 +0100] "GET /kiadvany/miabio.pdf HTTP/1.1" 200 11291786 "https://www.google.com/" "Mozilla/5.0 (Windows NT 10.0; Win64; x64) AppleWebKit/537.36 (KHTML, like Gecko) Chrome/88.0.4324.190 Safari/537.36"
199.58.86.209 - - [01/Mar/2021:13:48:20 +0100] "GET /robots.txt HTTP/1.1" 404 1181 "-" "Mozilla/5.0 (compatible; MJ12bot/v1.4.8; http://mj12bot.com/)"
199.58.86.209 - - [01/Mar/2021:13:48:22 +0100] "GET / HTTP/1.1" 200 884 "-" "Mozilla/5.0 (compatible; MJ12bot/v1.4.8; http://mj12bot.com/)"
159.69.145.50 - - [01/Mar/2021:14:34:54 +0100] "HEAD / HTTP/1.1" 200 0 "-" "Alert_Alligator_webmonitoring_service_1.6.3_(alertalligator.com)"
47.242.231.66 - - [01/Mar/2021:14:55:44 +0100] "GET /xmlrpc.php HTTP/1.1" 404 1181 "-" "Mozilla/5.0 (Windows NT 6.1; WOW64; rv:45.0) Gecko/20100101 Firefox/45.0"
176.77.148.213 - - [01/Mar/2021:15:10:42 +0100] "GET /kiadvany/miskolchvte.pdf HTTP/1.1" 200 46075 "https://www.google.com/" "Mozilla/5.0 (Linux; Android 9; BV9600Pro) AppleWebKit/537.36 (KHTML, like Gecko) Chrome/88.0.4324.181 Mobile Safari/537.36"
176.77.148.213 - - [01/Mar/2021:15:10:43 +0100] "GET /kiadvany/miskolchvte.pdf HTTP/1.1" 206 46016 "https://www.google.com/" "Mozilla/5.0 (Linux; Android 9; BV9600Pro) AppleWebKit/537.36 (KHTML, like Gecko) Chrome/88.0.4324.181 Mobile Safari/537.36"
49.12.13.109 - - [01/Mar/2021:15:34:09 +0100] "HEAD / HTTP/1.1" 200 0 "-" "Alert_Alligator_webmonitoring_service_1.6.3_(alertalligator.com)"
144.91.83.67 - - [01/Mar/2021:16:00:59 +0100] "GET /wp-login.php HTTP/1.1" 404 1181 "-" "Mozilla/5.0(Windows NT 6.3; Win64; x64; rv:84.0) Gecko/20100101 Firefox/84.0"
54.36.149.42 - - [01/Mar/2021:16:01:27 +0100] "GET / HTTP/1.1" 200 884 "-" "Mozilla/5.0 (compatible; AhrefsBot/7.0; +http://ahrefs.com/robot/)"
23.229.35.98 - - [01/Mar/2021:16:32:30 +0100] "GET / HTTP/1.1" 200 884 "-" "node-fetch/1.0 (+https://github.com/bitinn/node-fetch)"
49.12.13.109 - - [01/Mar/2021:16:39:15 +0100] "HEAD / HTTP/1.1" 200 0 "-" "Alert_Alligator_webmonitoring_service_1.6.3_(alertalligator.com)"
13.66.139.111 - - [01/Mar/2021:17:36:18 +0100] "GET / HTTP/1.1" 200 884 "-" "Mozilla/5.0 (compatible; bingbot/2.0; +http://www.bing.com/bingbot.htm)"
212.237.51.151 - - [01/Mar/2021:17:38:46 +0100] "HEAD / HTTP/1.1" 200 0 "-" "Alert_Alligator_webmonitoring_service_1.6.3_(alertalligator.com)"
49.12.13.109 - - [01/Mar/2021:18:38:14 +0100] "HEAD / HTTP/1.1" 200 0 "-" "Alert_Alligator_webmonitoring_service_1.6.3_(alertalligator.com)"
157.55.39.33 - - [01/Mar/2021:19:21:37 +0100] "GET /robots.txt HTTP/1.1" 404 1181 "-" "Mozilla/5.0 (compatible; bingbot/2.0; +http://www.bing.com/bingbot.htm)"
13.66.139.115 - - [01/Mar/2021:19:21:49 +0100] "GET /aktualis_elemei/fnhv_elemei/image004.jpg HTTP/1.1" 200 8820 "-" "Mozilla/5.0 (compatible; bingbot/2.0; +http://www.bing.com/bingbot.htm)"
54.36.148.178 - - [01/Mar/2021:19:26:13 +0100] "GET /robots.txt HTTP/1.1" 404 1181 "-" "Mozilla/5.0 (compatible; AhrefsBot/6.1; +http://ahrefs.com/robot/)"
54.36.148.153 - - [01/Mar/2021:19:32:27 +0100] "GET / HTTP/1.1" 200 884 "-" "Mozilla/5.0 (compatible; AhrefsBot/7.0; +http://ahrefs.com/robot/)"
49.12.13.109 - - [01/Mar/2021:19:37:27 +0100] "HEAD / HTTP/1.1" 200 0 "-" "Alert_Alligator_webmonitoring_service_1.6.3_(alertalligator.com)"
176.77.137.15 - - [01/Mar/2021:20:13:50 +0100] "GET /kiadvany/miskolchvte.pdf HTTP/1.1" 200 100987 "https://www.google.com/" "Mozilla/5.0 (Linux; Android 9; SM-J530F) AppleWebKit/537.36 (KHTML, like Gecko) Chrome/88.0.4324.181 Mobile Safari/537.36"
176.77.137.15 - - [01/Mar/2021:20:13:55 +0100] "GET /kiadvany/miskolchvte.pdf HTTP/1.1" 206 1 "https://www.google.com/" "Mozilla/5.0 (Linux; Android 9; SM-J530F) AppleWebKit/537.36 (KHTML, like Gecko) Chrome/88.0.4324.181 Mobile Safari/537.36"
176.77.137.15 - - [01/Mar/2021:20:13:55 +0100] "GET /kiadvany/miskolchvte.pdf HTTP/1.1" 206 46018 "https://www.google.com/" "Mozilla/5.0 (Linux; Android 9; SM-J530F) AppleWebKit/537.36 (KHTML, like Gecko) Chrome/88.0.4324.181 Mobile Safari/537.36"
176.77.137.15 - - [01/Mar/2021:20:13:55 +0100] "GET /kiadvany/miskolchvte.pdf HTTP/1.1" 206 46016 "https://www.google.com/" "Mozilla/5.0 (Linux; Android 9; SM-J530F) AppleWebKit/537.36 (KHTML, like Gecko) Chrome/88.0.4324.181 Mobile Safari/537.36"
5.34.180.192 - - [01/Mar/2021:20:22:43 +0100] "GET / HTTP/1.1" 200 884 "https://pinapchik.com/" "Mozilla/4.0 (compatible; MSIE 6.0; Windows NT 5.1)"
5.34.180.192 - - [01/Mar/2021:20:22:43 +0100] "GET / HTTP/1.1" 200 884 "https://pinapchik.com/" "Mozilla/4.0 (compatible; MSIE 6.0; Windows NT 5.1)"
5.34.180.192 - - [01/Mar/2021:20:22:43 +0100] "GET / HTTP/1.1" 200 884 "https://pinapchik.com/" "Mozilla/4.0 (compatible; MSIE 6.0; Windows NT 5.1)"
212.237.53.115 - - [01/Mar/2021:20:36:37 +0100] "HEAD / HTTP/1.1" 200 0 "-" "Alert_Alligator_webmonitoring_service_1.6.3_(alertalligator.com)"
13.66.139.117 - - [01/Mar/2021:20:58:33 +0100] "GET /aktualis_elemei/fnhv_elemei/image001.jpg HTTP/1.1" 200 11658 "-" "Mozilla/5.0 (compatible; bingbot/2.0; +http://www.bing.com/bingbot.htm)"
49.12.13.109 - - [01/Mar/2021:21:35:39 +0100] "HEAD / HTTP/1.1" 200 0 "-" "Alert_Alligator_webmonitoring_service_1.6.3_(alertalligator.com)"
114.119.144.72 - - [01/Mar/2021:21:37:16 +0100] "GET /robots.txt HTTP/1.1" 404 1181 "-" "(compatible;PetalBot;+https://aspiegel.com/petalbot)"
94.230.208.148 - - [01/Mar/2021:21:37:20 +0100] "GET /.git/config HTTP/1.1" 404 1181 "-" "Go-http-client/1.1"
13.66.139.111 - - [01/Mar/2021:21:46:37 +0100] "GET /aktualis_elemei/bio2szulinap_elemei/image088.jpg HTTP/1.1" 200 7592 "-" "Mozilla/5.0 (compatible; bingbot/2.0; +http://www.bing.com/bingbot.htm)"
13.66.139.150 - - [01/Mar/2021:21:46:46 +0100] "GET /aktualis_elemei/fnhv_elemei/image023.jpg HTTP/1.1" 200 10309 "-" "Mozilla/5.0 (compatible; bingbot/2.0; +http://www.bing.com/bingbot.htm)"
176.63.28.128 - - [01/Mar/2021:21:56:05 +0100] "GET /kiadvany/miskolchvte.pdf HTTP/1.1" 200 1317504 "http://www.google.com/" "Mozilla/5.0 (Linux; Android 10; SM-A202F) AppleWebKit/537.36 (KHTML, like Gecko) Chrome/88.0.4324.181 Mobile Safari/537.36"
176.63.28.128 - - [01/Mar/2021:21:56:16 +0100] "GET /kiadvany/miskolchvte.pdf HTTP/1.1" 206 1 "http://www.google.com/" "Mozilla/5.0 (Linux; Android 10; SM-A202F) AppleWebKit/537.36 (KHTML, like Gecko) Chrome/88.0.4324.181 Mobile Safari/537.36"
104.248.21.41 - - [01/Mar/2021:22:05:32 +0100] "GET /checkout HTTP/1.1" 404 1181 "-" "Mozilla/5.0 (X11; Ubuntu; Linux x86_64; rv:62.0) Gecko/20100101 Firefox/62.0"
159.69.145.50 - - [01/Mar/2021:22:34:48 +0100] "HEAD / HTTP/1.1" 200 0 "-" "Alert_Alligator_webmonitoring_service_1.6.3_(alertalligator.com)"
66.249.70.77 - - [01/Mar/2021:22:44:17 +0100] "GET /robots.txt HTTP/1.1" 404 1181 "-" "Mozilla/5.0 (compatible; Googlebot/2.1; +http://www.google.com/bot.html)"
66.249.70.73 - - [01/Mar/2021:22:44:18 +0100] "GET /aktualis_elemei/bekamentes_elemei/image004.jpg HTTP/1.1" 200 15267 "-" "Googlebot-Image/1.0"
13.66.139.117 - - [01/Mar/2021:22:52:04 +0100] "GET /aktualis_elemei/ujgyoritc.html HTTP/1.1" 200 14418 "-" "Mozilla/5.0 (compatible; bingbot/2.0; +http://www.bing.com/bingbot.htm)"
212.237.23.143 - - [01/Mar/2021:23:33:50 +0100] "HEAD / HTTP/1.1" 200 0 "-" "Alert_Alligator_webmonitoring_service_1.6.3_(alertalligator.com)"
3.249.35.175 - - [01/Mar/2021:23:50:19 +0100] "GET / HTTP/1.1" 200 884 "-" "Mozilla/5.0 (Macintosh; Intel Mac OS X 10_15_6) AppleWebKit/537.36 (KHTML, like Gecko) Chrome/84.0.4147.105 Safari/537.36"
114.119.153.247 - - [01/Mar/2021:23:58:27 +0100] "GET /robots.txt HTTP/1.1" 404 1181 "-" "(compatible;PetalBot;+https://aspiegel.com/petalbot)"
34.245.226.123 - - [02/Mar/2021:00:03:19 +0100] "GET / HTTP/1.1" 200 884 "-" "Mozilla/5.0 (Macintosh; Intel Mac OS X 10_15_6) AppleWebKit/537.36 (KHTML, like Gecko) Chrome/84.0.4147.105 Safari/537.36"
159.69.145.50 - - [02/Mar/2021:00:32:46 +0100] "HEAD / HTTP/1.1" 200 0 "-" "Alert_Alligator_webmonitoring_service_1.6.3_(alertalligator.com)"
13.66.139.111 - - [02/Mar/2021:00:45:33 +0100] "GET /aktualis_elemei/bio2szulinap_elemei/image054.jpg HTTP/1.1" 200 10738 "-" "Mozilla/5.0 (compatible; bingbot/2.0; +http://www.bing.com/bingbot.htm)"
5.34.180.192 - - [02/Mar/2021:00:46:42 +0100] "GET / HTTP/1.1" 200 884 "https://rental-power.com.ua/generators/" "Mozilla/4.0 (compatible; MSIE 6.0; Windows NT 5.1)"
5.34.180.192 - - [02/Mar/2021:00:46:43 +0100] "GET / HTTP/1.1" 200 884 "https://rental-power.com.ua/generators/" "Mozilla/4.0 (compatible; MSIE 6.0; Windows NT 5.1)"
5.34.180.192 - - [02/Mar/2021:00:46:43 +0100] "GET / HTTP/1.1" 200 884 "https://rental-power.com.ua/generators/" "Mozilla/4.0 (compatible; MSIE 6.0; Windows NT 5.1)"
46.185.117.92 - - [02/Mar/2021:00:54:00 +0100] "GET / HTTP/1.1" 200 884 "https://bestrating-casino.ru/" "Mozilla/4.0 (compatible; MSIE 6.0; Windows NT 5.1; FREE; .NET CLR 1.1.4322)"
46.185.117.92 - - [02/Mar/2021:00:54:00 +0100] "GET / HTTP/1.1" 200 884 "https://bestrating-casino.ru/" "Mozilla/4.0 (compatible; MSIE 6.0; Windows NT 5.1; FREE; .NET CLR 1.1.4322)"
46.185.117.92 - - [02/Mar/2021:00:54:00 +0100] "GET / HTTP/1.1" 200 884 "https://bestrating-casino.ru/" "Mozilla/4.0 (compatible; MSIE 6.0; Windows NT 5.1; FREE; .NET CLR 1.1.4322)"
54.36.148.127 - - [02/Mar/2021:00:59:25 +0100] "GET /robots.txt HTTP/1.1" 404 1181 "-" "Mozilla/5.0 (compatible; AhrefsBot/6.1; +http://ahrefs.com/robot/)"
54.36.148.153 - - [02/Mar/2021:00:59:26 +0100] "GET / HTTP/1.1" 200 884 "-" "Mozilla/5.0 (compatible; AhrefsBot/7.0; +http://ahrefs.com/robot/)"
46.185.117.92 - - [02/Mar/2021:01:07:48 +0100] "GET / HTTP/1.1" 200 884 "https://gigienadez.ru/" "Mozilla/5.0 (Windows NT 5.1; U; en) Opera 8.00"
46.185.117.92 - - [02/Mar/2021:01:07:49 +0100] "GET / HTTP/1.1" 200 884 "https://gigienadez.ru/" "Mozilla/5.0 (Windows NT 5.1; U; en) Opera 8.00"
46.185.117.92 - - [02/Mar/2021:01:07:49 +0100] "GET / HTTP/1.1" 200 884 "https://gigienadez.ru/" "Mozilla/5.0 (Windows NT 5.1; U; en) Opera 8.00"
49.12.13.109 - - [02/Mar/2021:01:32:16 +0100] "HEAD / HTTP/1.1" 200 0 "-" "Alert_Alligator_webmonitoring_service_1.6.3_(alertalligator.com)"
13.66.139.150 - - [02/Mar/2021:01:37:40 +0100] "GET /aktualis_elemei/fnhv_elemei/image019.jpg HTTP/1.1" 200 14857 "-" "Mozilla/5.0 (compatible; bingbot/2.0; +http://www.bing.com/bingbot.htm)"
49.12.13.109 - - [02/Mar/2021:02:32:19 +0100] "HEAD / HTTP/1.1" 200 0 "-" "Alert_Alligator_webmonitoring_service_1.6.3_(alertalligator.com)"
157.55.39.33 - - [02/Mar/2021:02:40:29 +0100] "GET /robots.txt HTTP/1.1" 404 1181 "-" "Mozilla/5.0 (compatible; bingbot/2.0; +http://www.bing.com/bingbot.htm)"
13.66.139.150 - - [02/Mar/2021:02:40:38 +0100] "GET /aktualis_elemei/bio2szulinap_elemei/image126.jpg HTTP/1.1" 200 9363 "-" "Mozilla/5.0 (compatible; bingbot/2.0; +http://www.bing.com/bingbot.htm)"
13.66.139.111 - - [02/Mar/2021:02:54:02 +0100] "GET / HTTP/1.1" 200 884 "-" "Mozilla/5.0 (compatible; bingbot/2.0; +http://www.bing.com/bingbot.htm)"
66.249.66.139 - - [02/Mar/2021:03:17:14 +0100] "GET / HTTP/1.1" 200 884 "-" "Mozilla/5.0 (compatible; Googlebot/2.1; +http://www.google.com/bot.html)"
212.237.51.151 - - [02/Mar/2021:03:32:00 +0100] "HEAD / HTTP/1.1" 200 0 "-" "Alert_Alligator_webmonitoring_service_1.6.3_(alertalligator.com)"
49.12.13.109 - - [02/Mar/2021:04:31:15 +0100] "HEAD / HTTP/1.1" 200 0 "-" "Alert_Alligator_webmonitoring_service_1.6.3_(alertalligator.com)"
13.66.139.111 - - [02/Mar/2021:04:55:43 +0100] "GET /aktualis_elemei/fnhv_elemei/image005.jpg HTTP/1.1" 200 9968 "-" "Mozilla/5.0 (compatible; bingbot/2.0; +http://www.bing.com/bingbot.htm)"
13.66.139.117 - - [02/Mar/2021:05:04:45 +0100] "GET /aktualis_elemei/bio2szulinap_elemei/image022.jpg HTTP/1.1" 200 11114 "-" "Mozilla/5.0 (compatible; bingbot/2.0; +http://www.bing.com/bingbot.htm)"
173.208.130.202 - - [02/Mar/2021:05:08:41 +0100] "GET /robots.txt HTTP/1.1" 404 1181 "-" "Mozilla/5.0 (compatible; MJ12bot/v1.4.8; http://mj12bot.com/)"
173.208.130.202 - - [02/Mar/2021:05:08:42 +0100] "GET / HTTP/1.1" 200 884 "-" "Mozilla/5.0 (compatible; MJ12bot/v1.4.8; http://mj12bot.com/)"
13.66.139.150 - - [02/Mar/2021:05:09:01 +0100] "GET /aktualis_elemei/bio2szulinap_elemei/image030.jpg HTTP/1.1" 200 18167 "-" "Mozilla/5.0 (compatible; bingbot/2.0; +http://www.bing.com/bingbot.htm)"
13.66.139.117 - - [02/Mar/2021:05:16:50 +0100] "GET /aktualis_elemei/bio2szulinap_elemei/image018.gif HTTP/1.1" 200 41110 "-" "Mozilla/5.0 (compatible; bingbot/2.0; +http://www.bing.com/bingbot.htm)"
13.66.139.117 - - [02/Mar/2021:05:25:44 +0100] "GET /aktualis_elemei/fnhv_elemei/image006.jpg HTTP/1.1" 200 9537 "-" "Mozilla/5.0 (compatible; bingbot/2.0; +http://www.bing.com/bingbot.htm)"
212.237.51.151 - - [02/Mar/2021:05:30:12 +0100] "HEAD / HTTP/1.1" 200 0 "-" "Alert_Alligator_webmonitoring_service_1.6.3_(alertalligator.com)"
54.36.148.153 - - [02/Mar/2021:05:48:22 +0100] "GET / HTTP/1.1" 200 884 "-" "Mozilla/5.0 (compatible; AhrefsBot/7.0; +http://ahrefs.com/robot/)"
13.66.139.150 - - [02/Mar/2021:06:28:25 +0100] "GET /aktualis_elemei/bio2szulinap_elemei/image052.jpg HTTP/1.1" 200 11533 "-" "Mozilla/5.0 (compatible; bingbot/2.0; +http://www.bing.com/bingbot.htm)"
49.12.13.109 - - [02/Mar/2021:06:29:18 +0100] "HEAD / HTTP/1.1" 200 0 "-" "Alert_Alligator_webmonitoring_service_1.6.3_(alertalligator.com)"
13.66.139.117 - - [02/Mar/2021:07:23:28 +0100] "GET /aktualis_elemei/katonai_elemei/image001.jpg HTTP/1.1" 200 35821 "-" "Mozilla/5.0 (compatible; bingbot/2.0; +http://www.bing.com/bingbot.htm)"
159.69.145.50 - - [02/Mar/2021:07:29:40 +0100] "HEAD / HTTP/1.1" 200 0 "-" "Alert_Alligator_webmonitoring_service_1.6.3_(alertalligator.com)"
13.66.139.117 - - [02/Mar/2021:07:32:03 +0100] "GET /aktualis_elemei/fnhv_elemei/image008.jpg HTTP/1.1" 200 12119 "-" "Mozilla/5.0 (compatible; bingbot/2.0; +http://www.bing.com/bingbot.htm)"
13.66.139.117 - - [02/Mar/2021:07:43:01 +0100] "GET /aktualis_elemei/bio2szulinap_elemei/image108.jpg HTTP/1.1" 200 9238 "-" "Mozilla/5.0 (compatible; bingbot/2.0; +http://www.bing.com/bingbot.htm)"
13.66.139.117 - - [02/Mar/2021:08:24:59 +0100] "GET /aktualis_elemei/fnhv_elemei/image009.jpg HTTP/1.1" 200 8066 "-" "Mozilla/5.0 (compatible; bingbot/2.0; +http://www.bing.com/bingbot.htm)"
212.237.53.115 - - [02/Mar/2021:08:28:44 +0100] "HEAD / HTTP/1.1" 200 0 "-" "Alert_Alligator_webmonitoring_service_1.6.3_(alertalligator.com)"
178.159.37.104 - - [02/Mar/2021:09:17:28 +0100] "GET / HTTP/1.1" 200 884 "https://avtolombard-voronezh.ru/" "Mozilla/4.0 (compatible; MSIE 5.0; Windows NT; DigExt)"
49.12.13.109 - - [02/Mar/2021:09:27:51 +0100] "HEAD / HTTP/1.1" 200 0 "-" "Alert_Alligator_webmonitoring_service_1.6.3_(alertalligator.com)"
54.36.148.153 - - [02/Mar/2021:09:28:41 +0100] "GET / HTTP/1.1" 200 884 "-" "Mozilla/5.0 (compatible; AhrefsBot/7.0; +http://ahrefs.com/robot/)"
13.66.139.117 - - [02/Mar/2021:09:44:57 +0100] "GET /aktualis_elemei/bio2szulinap_elemei/image106.jpg HTTP/1.1" 200 7697 "-" "Mozilla/5.0 (compatible; bingbot/2.0; +http://www.bing.com/bingbot.htm)"
66.249.66.143 - - [02/Mar/2021:09:45:19 +0100] "GET /archiv_elemei/acitc_elemei/image004.jpg HTTP/1.1" 200 5323 "-" "Googlebot-Image/1.0"
13.66.139.150 - - [02/Mar/2021:10:09:21 +0100] "GET /aktualis_elemei/bio2szulinap_elemei/image004.jpg HTTP/1.1" 200 9638 "-" "Mozilla/5.0 (compatible; bingbot/2.0; +http://www.bing.com/bingbot.htm)"
13.66.139.150 - - [02/Mar/2021:10:16:58 +0100] "GET /aktualis_elemei/bio2szulinap_elemei/image060.jpg HTTP/1.1" 200 16684 "-" "Mozilla/5.0 (compatible; bingbot/2.0; +http://www.bing.com/bingbot.htm)"
159.69.145.50 - - [02/Mar/2021:10:28:01 +0100] "HEAD / HTTP/1.1" 200 0 "-" "Alert_Alligator_webmonitoring_service_1.6.3_(alertalligator.com)"
66.249.66.139 - - [02/Mar/2021:10:28:44 +0100] "GET /hirek/fn_rovid.pdf HTTP/1.1" 304 - "-" "Mozilla/5.0 (compatible; Googlebot/2.1; +http://www.google.com/bot.html)"
108.59.8.70 - - [02/Mar/2021:10:34:34 +0100] "GET /robots.txt HTTP/1.1" 404 1181 "-" "Mozilla/5.0 (compatible; MJ12bot/v1.4.8; http://mj12bot.com/)"
108.59.8.70 - - [02/Mar/2021:10:34:35 +0100] "GET / HTTP/1.1" 200 884 "-" "Mozilla/5.0 (compatible; MJ12bot/v1.4.8; http://mj12bot.com/)"
212.237.23.143 - - [02/Mar/2021:11:27:44 +0100] "HEAD / HTTP/1.1" 200 0 "-" "Alert_Alligator_webmonitoring_service_1.6.3_(alertalligator.com)"
13.66.139.150 - - [02/Mar/2021:12:06:03 +0100] "GET /aktualis_elemei/fnhv_elemei/image016.jpg HTTP/1.1" 200 12069 "-" "Mozilla/5.0 (compatible; bingbot/2.0; +http://www.bing.com/bingbot.htm)"
212.237.51.151 - - [02/Mar/2021:12:27:01 +0100] "HEAD / HTTP/1.1" 200 0 "-" "Alert_Alligator_webmonitoring_service_1.6.3_(alertalligator.com)"
212.237.23.143 - - [02/Mar/2021:13:26:37 +0100] "HEAD / HTTP/1.1" 200 0 "-" "Alert_Alligator_webmonitoring_service_1.6.3_(alertalligator.com)"
54.36.148.195 - - [02/Mar/2021:13:58:38 +0100] "GET / HTTP/1.1" 200 884 "-" "Mozilla/5.0 (compatible; AhrefsBot/7.0; +http://ahrefs.com/robot/)"
13.66.139.150 - - [02/Mar/2021:14:00:34 +0100] "GET /aktualis_elemei/katonai_elemei/image002.jpg HTTP/1.1" 200 34104 "-" "Mozilla/5.0 (compatible; bingbot/2.0; +http://www.bing.com/bingbot.htm)"
159.69.145.50 - - [02/Mar/2021:14:26:02 +0100] "HEAD / HTTP/1.1" 200 0 "-" "Alert_Alligator_webmonitoring_service_1.6.3_(alertalligator.com)"
13.66.139.111 - - [02/Mar/2021:14:34:38 +0100] "GET /aktualis_elemei/bio2szulinap_elemei/image020.gif HTTP/1.1" 200 44876 "-" "Mozilla/5.0 (compatible; bingbot/2.0; +http://www.bing.com/bingbot.htm)"
176.31.183.124 - - [02/Mar/2021:14:50:41 +0100] "GET / HTTP/1.1" 200 884 "-" "python-requests/2.21.0"
176.31.183.124 - - [02/Mar/2021:14:50:41 +0100] "GET / HTTP/1.1" 200 884 "-" "python-requests/2.21.0"
13.66.139.111 - - [02/Mar/2021:15:04:50 +0100] "GET /aktualis_elemei/bio2szulinap_elemei/image006.jpg HTTP/1.1" 200 9889 "-" "Mozilla/5.0 (compatible; bingbot/2.0; +http://www.bing.com/bingbot.htm)"
13.66.139.111 - - [02/Mar/2021:15:16:12 +0100] "GET / HTTP/1.1" 200 884 "-" "Mozilla/5.0 (compatible; bingbot/2.0; +http://www.bing.com/bingbot.htm)"
212.237.51.151 - - [02/Mar/2021:15:25:03 +0100] "HEAD / HTTP/1.1" 200 0 "-" "Alert_Alligator_webmonitoring_service_1.6.3_(alertalligator.com)"
5.34.180.192 - - [02/Mar/2021:15:45:33 +0100] "GET / HTTP/1.1" 200 884 "https://sex-znakomstva.online/" "Mozilla/4.0 (compatible; MSIE 6.0; Windows NT 5.0)"
5.34.180.192 - - [02/Mar/2021:15:45:33 +0100] "GET / HTTP/1.1" 200 884 "https://sex-znakomstva.online/" "Mozilla/4.0 (compatible; MSIE 6.0; Windows NT 5.0)"
5.34.180.192 - - [02/Mar/2021:15:45:33 +0100] "GET / HTTP/1.1" 200 884 "https://sex-znakomstva.online/" "Mozilla/4.0 (compatible; MSIE 6.0; Windows NT 5.0)"
34.220.214.64 - - [02/Mar/2021:16:11:43 +0100] "GET / HTTP/1.1" 200 884 "-" "Mozilla/5.0 (X11; Linux x86_64) AppleWebKit/537.36 (KHTML, like Gecko) Chrome/83.0.4103.97 Safari/537.36"
178.159.37.104 - - [02/Mar/2021:16:11:58 +0100] "GET / HTTP/1.1" 200 884 "https://avtolombard-voronezh.ru/" "Mozilla/0.6 Beta (Windows)"
178.159.37.104 - - [02/Mar/2021:16:11:58 +0100] "GET / HTTP/1.1" 200 884 "https://sauni-moskva.ru/" "Mozilla/0.6 Beta (Windows)"
178.159.37.104 - - [02/Mar/2021:16:11:59 +0100] "GET / HTTP/1.1" 200 884 "https://avtolombard-voronezh.ru/" "Mozilla/0.6 Beta (Windows)"
178.159.37.104 - - [02/Mar/2021:16:11:59 +0100] "GET / HTTP/1.1" 200 884 "https://sauni-moskva.ru/" "Mozilla/0.6 Beta (Windows)"
178.159.37.104 - - [02/Mar/2021:16:11:59 +0100] "GET / HTTP/1.1" 200 884 "https://avtolombard-voronezh.ru/" "Mozilla/0.6 Beta (Windows)"
178.159.37.104 - - [02/Mar/2021:16:11:59 +0100] "GET / HTTP/1.1" 200 884 "https://sauni-moskva.ru/" "Mozilla/0.6 Beta (Windows)"
159.69.145.50 - - [02/Mar/2021:16:24:15 +0100] "HEAD / HTTP/1.1" 200 0 "-" "Alert_Alligator_webmonitoring_service_1.6.3_(alertalligator.com)"
114.119.141.178 - - [02/Mar/2021:16:28:44 +0100] "GET /robots.txt HTTP/1.1" 404 1181 "-" "(compatible;PetalBot;+https://aspiegel.com/petalbot)"
159.69.145.50 - - [02/Mar/2021:17:23:26 +0100] "HEAD / HTTP/1.1" 200 0 "-" "Alert_Alligator_webmonitoring_service_1.6.3_(alertalligator.com)"
34.77.162.19 - - [02/Mar/2021:17:37:56 +0100] "GET / HTTP/1.1" 200 884 "-" "Expanse indexes the network perimeters of our customers. If you have any questions or concerns, please reach out to: scaninfo@expanseinc.com"
178.170.47.11 - - [02/Mar/2021:18:03:21 +0100] "GET /robots.txt HTTP/1.1" 404 1181 "-" "Mozilla/5.0 (compatible; Barkrowler/0.9; +https://babbar.tech/crawler)"
178.170.47.11 - - [02/Mar/2021:18:03:28 +0100] "GET / HTTP/1.1" 304 - "-" "Mozilla/5.0 (compatible; Barkrowler/0.9; +https://babbar.tech/crawler)"
13.66.139.117 - - [02/Mar/2021:18:04:18 +0100] "GET /aktualis_elemei/bio2szulinap_elemei/image022.jpg HTTP/1.1" 200 11114 "-" "Mozilla/5.0 (compatible; bingbot/2.0; +http://www.bing.com/bingbot.htm)"
159.69.145.50 - - [02/Mar/2021:18:22:52 +0100] "HEAD / HTTP/1.1" 200 0 "-" "Alert_Alligator_webmonitoring_service_1.6.3_(alertalligator.com)"
13.66.139.37 - - [02/Mar/2021:18:26:38 +0100] "GET /aktualis_elemei/fnhv_elemei/image013.jpg HTTP/1.1" 200 12875 "-" "Mozilla/5.0 (compatible; bingbot/2.0; +http://www.bing.com/bingbot.htm)"
13.66.139.117 - - [02/Mar/2021:18:33:39 +0100] "GET /aktualis_elemei/bio2szulinap_elemei/image070.jpg HTTP/1.1" 200 9176 "-" "Mozilla/5.0 (compatible; bingbot/2.0; +http://www.bing.com/bingbot.htm)"
114.119.155.250 - - [02/Mar/2021:18:50:09 +0100] "GET /robots.txt HTTP/1.1" 404 1181 "-" "(compatible;PetalBot;+https://aspiegel.com/petalbot)"
66.249.66.141 - - [02/Mar/2021:18:54:00 +0100] "GET /robots.txt HTTP/1.1" 404 1181 "-" "Mozilla/5.0 (compatible; Googlebot/2.1; +http://www.google.com/bot.html)"
66.249.66.139 - - [02/Mar/2021:18:54:01 +0100] "GET /zoldakcio.swf HTTP/1.1" 200 840351 "-" "Mozilla/5.0 (Linux; Android 6.0.1; Nexus 5X Build/MMB29P) AppleWebKit/537.36 (KHTML, like Gecko) Chrome/88.0.4324.188 Mobile Safari/537.36 (compatible; Googlebot/2.1; +http://www.google.com/bot.html)"
13.66.139.117 - - [02/Mar/2021:19:10:49 +0100] "GET /aktualis_elemei/fnhv_elemei/image009.jpg HTTP/1.1" 200 8066 "-" "Mozilla/5.0 (compatible; bingbot/2.0; +http://www.bing.com/bingbot.htm)"
49.12.13.109 - - [02/Mar/2021:19:21:52 +0100] "HEAD / HTTP/1.1" 200 0 "-" "Alert_Alligator_webmonitoring_service_1.6.3_(alertalligator.com)"
13.66.139.37 - - [02/Mar/2021:19:28:04 +0100] "GET /aktualis_elemei/fnhv_elemei/image023.jpg HTTP/1.1" 200 10309 "-" "Mozilla/5.0 (compatible; bingbot/2.0; +http://www.bing.com/bingbot.htm)"
176.63.28.183 - - [02/Mar/2021:19:36:25 +0100] "GET /favicon.ico HTTP/1.1" 404 1181 "http://www.greenaction.hu/kiadvany/miskolchvte.pdf" "Mozilla/5.0 (Windows NT 10.0; Win64; x64) AppleWebKit/537.36 (KHTML, like Gecko) Chrome/88.0.4324.190 Safari/537.36"
176.63.28.183 - - [02/Mar/2021:19:36:27 +0100] "GET /kiadvany/miskolchvte.pdf HTTP/1.1" 200 4059249 "https://www.google.com/" "Mozilla/5.0 (Windows NT 10.0; Win64; x64) AppleWebKit/537.36 (KHTML, like Gecko) Chrome/88.0.4324.190 Safari/537.36"
54.36.148.153 - - [02/Mar/2021:19:38:54 +0100] "GET / HTTP/1.1" 200 884 "-" "Mozilla/5.0 (compatible; AhrefsBot/7.0; +http://ahrefs.com/robot/)"
49.12.13.109 - - [02/Mar/2021:20:21:21 +0100] "HEAD / HTTP/1.1" 200 0 "-" "Alert_Alligator_webmonitoring_service_1.6.3_(alertalligator.com)"
13.66.139.37 - - [02/Mar/2021:20:35:20 +0100] "GET /aktualis_elemei/fnhv_elemei/image004.jpg HTTP/1.1" 200 8820 "-" "Mozilla/5.0 (compatible; bingbot/2.0; +http://www.bing.com/bingbot.htm)"
