125.64.94.212 - - [26/Mar/2021:17:21:02 +0100] "GET /app/images/login/logo.png HTTP/1.1" 404 1181 "-" "Mozilla/5.0 (Macintosh; Intel Mac OS X 10_9_4) AppleWebKit/537.36 (KHTML, like Gecko) Chrome/36.0.1985.125 Safari/537.36"
125.64.94.212 - - [26/Mar/2021:17:21:03 +0100] "GET /app/images/login/toplogo.gif HTTP/1.1" 404 1181 "-" "Mozilla/5.0 (Macintosh; Intel Mac OS X 10_9_4) AppleWebKit/537.36 (KHTML, like Gecko) Chrome/36.0.1985.125 Safari/537.36"
125.64.94.212 - - [26/Mar/2021:17:21:03 +0100] "GET /advfile/ad12.js HTTP/1.1" 404 1181 "-" "Mozilla/5.0 (Macintosh; Intel Mac OS X 10_9_4) AppleWebKit/537.36 (KHTML, like Gecko) Chrome/36.0.1985.125 Safari/537.36"
125.64.94.212 - - [26/Mar/2021:17:21:03 +0100] "GET /README.txt HTTP/1.1" 404 1181 "-" "Mozilla/5.0 (Macintosh; Intel Mac OS X 10_9_4) AppleWebKit/537.36 (KHTML, like Gecko) Chrome/36.0.1985.125 Safari/537.36"
125.64.94.212 - - [26/Mar/2021:17:21:04 +0100] "GET /pub/guiedit/guiedit.js HTTP/1.1" 404 1181 "-" "Mozilla/5.0 (Macintosh; Intel Mac OS X 10_9_4) AppleWebKit/537.36 (KHTML, like Gecko) Chrome/36.0.1985.125 Safari/537.36"
125.64.94.212 - - [26/Mar/2021:17:21:10 +0100] "GET /pub/skins/pmwiki/pmwiki.css HTTP/1.1" 404 1181 "-" "Mozilla/5.0 (Macintosh; Intel Mac OS X 10_9_4) AppleWebKit/537.36 (KHTML, like Gecko) Chrome/36.0.1985.125 Safari/537.36"
125.64.94.212 - - [26/Mar/2021:17:21:10 +0100] "GET /docs/DOCUMENTATION.txt HTTP/1.1" 404 1181 "-" "Mozilla/5.0 (Macintosh; Intel Mac OS X 10_9_4) AppleWebKit/537.36 (KHTML, like Gecko) Chrome/36.0.1985.125 Safari/537.36"
125.64.94.212 - - [26/Mar/2021:17:21:11 +0100] "GET /skin/frontend/default/modern/css/styles.css HTTP/1.1" 404 1181 "-" "Mozilla/5.0 (Macintosh; Intel Mac OS X 10_9_4) AppleWebKit/537.36 (KHTML, like Gecko) Chrome/36.0.1985.125 Safari/537.36"
125.64.94.212 - - [26/Mar/2021:17:21:12 +0100] "GET /admin.php?mod=profile&u_key=123456 HTTP/1.1" 404 1181 "-" "Mozilla/5.0 (Macintosh; Intel Mac OS X 10_9_4) AppleWebKit/537.36 (KHTML, like Gecko) Chrome/36.0.1985.125 Safari/537.36"
125.64.94.212 - - [26/Mar/2021:17:21:13 +0100] "GET /helpnew/faq/faq_simple_zh_CN.jsp HTTP/1.1" 404 1181 "-" "Mozilla/5.0 (Macintosh; Intel Mac OS X 10_9_4) AppleWebKit/537.36 (KHTML, like Gecko) Chrome/36.0.1985.125 Safari/537.36"
125.64.94.212 - - [26/Mar/2021:17:21:14 +0100] "GET /ymail/images/index_r1_c4.jpg HTTP/1.1" 404 1181 "-" "Mozilla/5.0 (Macintosh; Intel Mac OS X 10_9_4) AppleWebKit/537.36 (KHTML, like Gecko) Chrome/36.0.1985.125 Safari/537.36"
125.64.94.212 - - [26/Mar/2021:17:21:15 +0100] "GET /install HTTP/1.1" 404 1181 "-" "Mozilla/5.0 (Macintosh; Intel Mac OS X 10_9_4) AppleWebKit/537.36 (KHTML, like Gecko) Chrome/36.0.1985.125 Safari/537.36"
125.64.94.212 - - [26/Mar/2021:17:21:15 +0100] "GET /Wq_StranJF.js HTTP/1.1" 404 1181 "-" "Mozilla/5.0 (Macintosh; Intel Mac OS X 10_9_4) AppleWebKit/537.36 (KHTML, like Gecko) Chrome/36.0.1985.125 Safari/537.36"
125.64.94.212 - - [26/Mar/2021:17:21:22 +0100] "GET /admin/login.asp HTTP/1.1" 404 1181 "-" "Mozilla/5.0 (Macintosh; Intel Mac OS X 10_9_4) AppleWebKit/537.36 (KHTML, like Gecko) Chrome/36.0.1985.125 Safari/537.36"
125.64.94.212 - - [26/Mar/2021:17:21:22 +0100] "GET /template/1/bluewise/_files/jspxcms.css HTTP/1.1" 404 1181 "-" "Mozilla/5.0 (Macintosh; Intel Mac OS X 10_9_4) AppleWebKit/537.36 (KHTML, like Gecko) Chrome/36.0.1985.125 Safari/537.36"
125.64.94.212 - - [26/Mar/2021:17:21:23 +0100] "GET /back/scripts/jspxcms_choose.js HTTP/1.1" 404 1181 "-" "Mozilla/5.0 (Macintosh; Intel Mac OS X 10_9_4) AppleWebKit/537.36 (KHTML, like Gecko) Chrome/36.0.1985.125 Safari/537.36"
125.64.94.212 - - [26/Mar/2021:17:21:23 +0100] "GET /inc/playerKinds.xml HTTP/1.1" 404 1181 "-" "Mozilla/5.0 (Macintosh; Intel Mac OS X 10_9_4) AppleWebKit/537.36 (KHTML, like Gecko) Chrome/36.0.1985.125 Safari/537.36"
125.64.94.212 - - [26/Mar/2021:17:21:23 +0100] "GET /plugin.php?id=milu_seotool:sitemap&tpl=no&myac=milu_seotool_cron&inajax=1 HTTP/1.1" 404 1181 "-" "Mozilla/5.0 (Macintosh; Intel Mac OS X 10_9_4) AppleWebKit/537.36 (KHTML, like Gecko) Chrome/36.0.1985.125 Safari/537.36"
125.64.94.212 - - [26/Mar/2021:17:21:23 +0100] "GET /admin/login.aspx HTTP/1.1" 404 1181 "-" "Mozilla/5.0 (Macintosh; Intel Mac OS X 10_9_4) AppleWebKit/537.36 (KHTML, like Gecko) Chrome/36.0.1985.125 Safari/537.36"
125.64.94.212 - - [26/Mar/2021:17:21:24 +0100] "GET /Error.aspx HTTP/1.1" 404 1181 "-" "Mozilla/5.0 (Macintosh; Intel Mac OS X 10_9_4) AppleWebKit/537.36 (KHTML, like Gecko) Chrome/36.0.1985.125 Safari/537.36"
125.64.94.212 - - [26/Mar/2021:17:21:24 +0100] "GET /admin/login.php HTTP/1.1" 404 1181 "-" "Mozilla/5.0 (Macintosh; Intel Mac OS X 10_9_4) AppleWebKit/537.36 (KHTML, like Gecko) Chrome/36.0.1985.125 Safari/537.36"
125.64.94.212 - - [26/Mar/2021:17:21:37 +0100] "GET /images/logo_88x31.gif HTTP/1.1" 404 1181 "-" "Mozilla/5.0 (Macintosh; Intel Mac OS X 10_9_4) AppleWebKit/537.36 (KHTML, like Gecko) Chrome/36.0.1985.125 Safari/537.36"
125.64.94.212 - - [26/Mar/2021:17:21:37 +0100] "GET /deptWebsiteAction.do HTTP/1.1" 404 1181 "-" "Mozilla/5.0 (Macintosh; Intel Mac OS X 10_9_4) AppleWebKit/537.36 (KHTML, like Gecko) Chrome/36.0.1985.125 Safari/537.36"
125.64.94.212 - - [26/Mar/2021:17:21:37 +0100] "GET /style/default/hdwiki.css HTTP/1.1" 404 1181 "-" "Mozilla/5.0 (Macintosh; Intel Mac OS X 10_9_4) AppleWebKit/537.36 (KHTML, like Gecko) Chrome/36.0.1985.125 Safari/537.36"
125.64.94.212 - - [26/Mar/2021:17:21:40 +0100] "GET /script/valid_formdata.js HTTP/1.1" 404 1181 "-" "Mozilla/5.0 (Macintosh; Intel Mac OS X 10_9_4) AppleWebKit/537.36 (KHTML, like Gecko) Chrome/36.0.1985.125 Safari/537.36"
125.64.94.212 - - [26/Mar/2021:17:21:41 +0100] "GET /themes/graphics/horde-power1.png HTTP/1.1" 404 1181 "-" "Mozilla/5.0 (Macintosh; Intel Mac OS X 10_9_4) AppleWebKit/537.36 (KHTML, like Gecko) Chrome/36.0.1985.125 Safari/537.36"
125.64.94.212 - - [26/Mar/2021:17:21:41 +0100] "GET /themes/default/graphics/favicon.ico HTTP/1.1" 404 1181 "-" "Mozilla/5.0 (Macintosh; Intel Mac OS X 10_9_4) AppleWebKit/537.36 (KHTML, like Gecko) Chrome/36.0.1985.125 Safari/537.36"
125.64.94.212 - - [26/Mar/2021:17:21:42 +0100] "GET /themes/default/graphics/horde-power1.png HTTP/1.1" 404 1181 "-" "Mozilla/5.0 (Macintosh; Intel Mac OS X 10_9_4) AppleWebKit/537.36 (KHTML, like Gecko) Chrome/36.0.1985.125 Safari/537.36"
125.64.94.212 - - [26/Mar/2021:17:21:42 +0100] "GET /public/js/ipb.js HTTP/1.1" 404 1181 "-" "Mozilla/5.0 (Macintosh; Intel Mac OS X 10_9_4) AppleWebKit/537.36 (KHTML, like Gecko) Chrome/36.0.1985.125 Safari/537.36"
125.64.94.212 - - [26/Mar/2021:17:21:47 +0100] "GET /forums/list.page HTTP/1.1" 404 1181 "-" "Mozilla/5.0 (Macintosh; Intel Mac OS X 10_9_4) AppleWebKit/537.36 (KHTML, like Gecko) Chrome/36.0.1985.125 Safari/537.36"
125.64.94.212 - - [26/Mar/2021:17:21:47 +0100] "GET /doku.php HTTP/1.1" 404 1181 "-" "Mozilla/5.0 (Macintosh; Intel Mac OS X 10_9_4) AppleWebKit/537.36 (KHTML, like Gecko) Chrome/36.0.1985.125 Safari/537.36"
125.64.94.212 - - [26/Mar/2021:17:21:48 +0100] "GET /rss.aspx HTTP/1.1" 404 1181 "-" "Mozilla/5.0 (Macintosh; Intel Mac OS X 10_9_4) AppleWebKit/537.36 (KHTML, like Gecko) Chrome/36.0.1985.125 Safari/537.36"
125.64.94.212 - - [26/Mar/2021:17:21:49 +0100] "GET /max-templates/classic/styles/app.css HTTP/1.1" 404 1181 "-" "Mozilla/5.0 (Macintosh; Intel Mac OS X 10_9_4) AppleWebKit/537.36 (KHTML, like Gecko) Chrome/36.0.1985.125 Safari/537.36"
125.64.94.212 - - [26/Mar/2021:17:21:50 +0100] "GET /media/com_hikashop/js/hikashop.js HTTP/1.1" 404 1181 "-" "Mozilla/5.0 (Macintosh; Intel Mac OS X 10_9_4) AppleWebKit/537.36 (KHTML, like Gecko) Chrome/36.0.1985.125 Safari/537.36"
125.64.94.212 - - [26/Mar/2021:17:21:50 +0100] "GET /templates/jsn_glass_pro/ext/hikashop/jsn_ext_hikashop.css HTTP/1.1" 404 1181 "-" "Mozilla/5.0 (Macintosh; Intel Mac OS X 10_9_4) AppleWebKit/537.36 (KHTML, like Gecko) Chrome/36.0.1985.125 Safari/537.36"
125.64.94.212 - - [26/Mar/2021:17:21:51 +0100] "GET /app/Tpl/fanwe_1/js/DD_belatedPNG_0.0.8a-min.js HTTP/1.1" 404 1181 "-" "Mozilla/5.0 (Macintosh; Intel Mac OS X 10_9_4) AppleWebKit/537.36 (KHTML, like Gecko) Chrome/36.0.1985.125 Safari/537.36"
125.64.94.212 - - [26/Mar/2021:17:21:52 +0100] "GET /admin/start/index.php HTTP/1.1" 404 1181 "-" "Mozilla/5.0 (Macintosh; Intel Mac OS X 10_9_4) AppleWebKit/537.36 (KHTML, like Gecko) Chrome/36.0.1985.125 Safari/537.36"
125.64.94.212 - - [26/Mar/2021:17:21:54 +0100] "GET /whir_system/login.aspx HTTP/1.1" 404 1181 "-" "Mozilla/5.0 (Macintosh; Intel Mac OS X 10_9_4) AppleWebKit/537.36 (KHTML, like Gecko) Chrome/36.0.1985.125 Safari/537.36"
125.64.94.212 - - [26/Mar/2021:17:21:54 +0100] "GET /whir_system/module/security/login.aspx HTTP/1.1" 404 1181 "-" "Mozilla/5.0 (Macintosh; Intel Mac OS X 10_9_4) AppleWebKit/537.36 (KHTML, like Gecko) Chrome/36.0.1985.125 Safari/537.36"
125.64.94.212 - - [26/Mar/2021:17:21:55 +0100] "GET /system/Login.aspx HTTP/1.1" 404 1181 "-" "Mozilla/5.0 (Macintosh; Intel Mac OS X 10_9_4) AppleWebKit/537.36 (KHTML, like Gecko) Chrome/36.0.1985.125 Safari/537.36"
125.64.94.212 - - [26/Mar/2021:17:21:55 +0100] "GET /User/Login.aspx HTTP/1.1" 404 1181 "-" "Mozilla/5.0 (Macintosh; Intel Mac OS X 10_9_4) AppleWebKit/537.36 (KHTML, like Gecko) Chrome/36.0.1985.125 Safari/537.36"
125.64.94.212 - - [26/Mar/2021:17:21:55 +0100] "GET /API/DW/Dwplugin/TemplateManage/manage_site.htm HTTP/1.1" 404 1181 "-" "Mozilla/5.0 (Macintosh; Intel Mac OS X 10_9_4) AppleWebKit/537.36 (KHTML, like Gecko) Chrome/36.0.1985.125 Safari/537.36"
125.64.94.212 - - [26/Mar/2021:17:21:56 +0100] "GET /API/DW/Dwplugin/TemplateManage/save_template.htm HTTP/1.1" 404 1181 "-" "Mozilla/5.0 (Macintosh; Intel Mac OS X 10_9_4) AppleWebKit/537.36 (KHTML, like Gecko) Chrome/36.0.1985.125 Safari/537.36"
125.64.94.212 - - [26/Mar/2021:17:21:57 +0100] "GET /API/DW/Dwplugin/ThirdPartyTags/SiteFactory.xml HTTP/1.1" 404 1181 "-" "Mozilla/5.0 (Macintosh; Intel Mac OS X 10_9_4) AppleWebKit/537.36 (KHTML, like Gecko) Chrome/36.0.1985.125 Safari/537.36"
125.64.94.212 - - [26/Mar/2021:17:21:58 +0100] "GET /Admin/Common/HelpLinks.xml HTTP/1.1" 404 1181 "-" "Mozilla/5.0 (Macintosh; Intel Mac OS X 10_9_4) AppleWebKit/537.36 (KHTML, like Gecko) Chrome/36.0.1985.125 Safari/537.36"
125.64.94.212 - - [26/Mar/2021:17:22:05 +0100] "GET /API/DW/Dwplugin/TemplateManage/login_site.htm HTTP/1.1" 404 1181 "-" "Mozilla/5.0 (Macintosh; Intel Mac OS X 10_9_4) AppleWebKit/537.36 (KHTML, like Gecko) Chrome/36.0.1985.125 Safari/537.36"
125.64.94.212 - - [26/Mar/2021:17:22:05 +0100] "GET /API/DW/Dwplugin/SystemLabel/SiteConfig.htm HTTP/1.1" 404 1181 "-" "Mozilla/5.0 (Macintosh; Intel Mac OS X 10_9_4) AppleWebKit/537.36 (KHTML, like Gecko) Chrome/36.0.1985.125 Safari/537.36"
125.64.94.212 - - [26/Mar/2021:17:22:06 +0100] "GET /Admin/Login.aspx HTTP/1.1" 404 1181 "-" "Mozilla/5.0 (Macintosh; Intel Mac OS X 10_9_4) AppleWebKit/537.36 (KHTML, like Gecko) Chrome/36.0.1985.125 Safari/537.36"
125.64.94.212 - - [26/Mar/2021:17:22:06 +0100] "GET /Admin/Images/LoginImages/admin_text.gif HTTP/1.1" 404 1181 "-" "Mozilla/5.0 (Macintosh; Intel Mac OS X 10_9_4) AppleWebKit/537.36 (KHTML, like Gecko) Chrome/36.0.1985.125 Safari/537.36"
125.64.94.212 - - [26/Mar/2021:17:22:06 +0100] "GET /Template/Default/Skin/user/images/login_back.jpg HTTP/1.1" 404 1181 "-" "Mozilla/5.0 (Macintosh; Intel Mac OS X 10_9_4) AppleWebKit/537.36 (KHTML, like Gecko) Chrome/36.0.1985.125 Safari/537.36"
125.64.94.212 - - [26/Mar/2021:17:22:06 +0100] "GET /Prompt/images/P_Wrong.gif HTTP/1.1" 404 1181 "-" "Mozilla/5.0 (Macintosh; Intel Mac OS X 10_9_4) AppleWebKit/537.36 (KHTML, like Gecko) Chrome/36.0.1985.125 Safari/537.36"
125.64.94.212 - - [26/Mar/2021:17:22:07 +0100] "GET /Admin/Images/LoginImages/admin_top.gif HTTP/1.1" 404 1181 "-" "Mozilla/5.0 (Macintosh; Intel Mac OS X 10_9_4) AppleWebKit/537.36 (KHTML, like Gecko) Chrome/36.0.1985.125 Safari/537.36"
125.64.94.212 - - [26/Mar/2021:17:22:08 +0100] "GET /index.php HTTP/1.1" 404 1181 "-" "Mozilla/5.0 (Macintosh; Intel Mac OS X 10_9_4) AppleWebKit/537.36 (KHTML, like Gecko) Chrome/36.0.1985.125 Safari/537.36"
125.64.94.212 - - [26/Mar/2021:17:22:24 +0100] "GET /images/logo_product-cml.png HTTP/1.1" 404 1181 "-" "Mozilla/5.0 (Macintosh; Intel Mac OS X 10_9_4) AppleWebKit/537.36 (KHTML, like Gecko) Chrome/36.0.1985.125 Safari/537.36"
125.64.94.212 - - [26/Mar/2021:17:22:24 +0100] "GET /help/user/index.html HTTP/1.1" 404 1181 "-" "Mozilla/5.0 (Macintosh; Intel Mac OS X 10_9_4) AppleWebKit/537.36 (KHTML, like Gecko) Chrome/36.0.1985.125 Safari/537.36"
125.64.94.212 - - [26/Mar/2021:17:22:26 +0100] "GET /licence.txt HTTP/1.1" 404 1181 "-" "Mozilla/5.0 (Macintosh; Intel Mac OS X 10_9_4) AppleWebKit/537.36 (KHTML, like Gecko) Chrome/36.0.1985.125 Safari/537.36"
125.64.94.212 - - [26/Mar/2021:17:22:26 +0100] "GET /kindeditor-min.js HTTP/1.1" 404 1181 "-" "Mozilla/5.0 (Macintosh; Intel Mac OS X 10_9_4) AppleWebKit/537.36 (KHTML, like Gecko) Chrome/36.0.1985.125 Safari/537.36"
125.64.94.212 - - [26/Mar/2021:17:22:26 +0100] "GET /kindeditor.js HTTP/1.1" 404 1181 "-" "Mozilla/5.0 (Macintosh; Intel Mac OS X 10_9_4) AppleWebKit/537.36 (KHTML, like Gecko) Chrome/36.0.1985.125 Safari/537.36"
125.64.94.212 - - [26/Mar/2021:17:22:27 +0100] "GET /lang/en.js HTTP/1.1" 404 1181 "-" "Mozilla/5.0 (Macintosh; Intel Mac OS X 10_9_4) AppleWebKit/537.36 (KHTML, like Gecko) Chrome/36.0.1985.125 Safari/537.36"
125.64.94.212 - - [26/Mar/2021:17:22:27 +0100] "GET /themes/default/default.css HTTP/1.1" 404 1181 "-" "Mozilla/5.0 (Macintosh; Intel Mac OS X 10_9_4) AppleWebKit/537.36 (KHTML, like Gecko) Chrome/36.0.1985.125 Safari/537.36"
125.64.94.212 - - [26/Mar/2021:17:22:27 +0100] "GET /examples/index.html HTTP/1.1" 404 1181 "-" "Mozilla/5.0 (Macintosh; Intel Mac OS X 10_9_4) AppleWebKit/537.36 (KHTML, like Gecko) Chrome/36.0.1985.125 Safari/537.36"
125.64.94.212 - - [26/Mar/2021:17:22:32 +0100] "GET /examples/file-manager.html HTTP/1.1" 404 1181 "-" "Mozilla/5.0 (Macintosh; Intel Mac OS X 10_9_4) AppleWebKit/537.36 (KHTML, like Gecko) Chrome/36.0.1985.125 Safari/537.36"
125.64.94.212 - - [26/Mar/2021:17:22:33 +0100] "GET /plugins/filemanager/filemanager/js HTTP/1.1" 404 1181 "-" "Mozilla/5.0 (Macintosh; Intel Mac OS X 10_9_4) AppleWebKit/537.36 (KHTML, like Gecko) Chrome/36.0.1985.125 Safari/537.36"
125.64.94.212 - - [26/Mar/2021:17:22:33 +0100] "GET /plugins/anchor/anchor.js HTTP/1.1" 404 1181 "-" "Mozilla/5.0 (Macintosh; Intel Mac OS X 10_9_4) AppleWebKit/537.36 (KHTML, like Gecko) Chrome/36.0.1985.125 Safari/537.36"
125.64.94.212 - - [26/Mar/2021:17:22:33 +0100] "GET /asp.net/README.txt HTTP/1.1" 404 1181 "-" "Mozilla/5.0 (Macintosh; Intel Mac OS X 10_9_4) AppleWebKit/537.36 (KHTML, like Gecko) Chrome/36.0.1985.125 Safari/537.36"
125.64.94.212 - - [26/Mar/2021:17:22:33 +0100] "GET /examples/readonly.html HTTP/1.1" 404 1181 "-" "Mozilla/5.0 (Macintosh; Intel Mac OS X 10_9_4) AppleWebKit/537.36 (KHTML, like Gecko) Chrome/36.0.1985.125 Safari/537.36"
125.64.94.212 - - [26/Mar/2021:17:22:34 +0100] "GET /Scripts/jquery/maticsoft.jquery.min.js HTTP/1.1" 404 1181 "-" "Mozilla/5.0 (Macintosh; Intel Mac OS X 10_9_4) AppleWebKit/537.36 (KHTML, like Gecko) Chrome/36.0.1985.125 Safari/537.36"
125.64.94.212 - - [26/Mar/2021:17:22:34 +0100] "GET /stylesheet.css HTTP/1.1" 404 1181 "-" "Mozilla/5.0 (Macintosh; Intel Mac OS X 10_9_4) AppleWebKit/537.36 (KHTML, like Gecko) Chrome/36.0.1985.125 Safari/537.36"
125.64.94.212 - - [26/Mar/2021:17:22:35 +0100] "GET /includes/general.js HTTP/1.1" 404 1181 "-" "Mozilla/5.0 (Macintosh; Intel Mac OS X 10_9_4) AppleWebKit/537.36 (KHTML, like Gecko) Chrome/36.0.1985.125 Safari/537.36"
125.64.94.212 - - [26/Mar/2021:17:22:37 +0100] "GET /forum.php HTTP/1.1" 404 1181 "-" "Mozilla/5.0 (Macintosh; Intel Mac OS X 10_9_4) AppleWebKit/537.36 (KHTML, like Gecko) Chrome/36.0.1985.125 Safari/537.36"
125.64.94.212 - - [26/Mar/2021:17:22:38 +0100] "GET /archiver/ HTTP/1.1" 404 1181 "-" "Mozilla/5.0 (Macintosh; Intel Mac OS X 10_9_4) AppleWebKit/537.36 (KHTML, like Gecko) Chrome/36.0.1985.125 Safari/537.36"
125.64.94.212 - - [26/Mar/2021:17:22:38 +0100] "GET /uc_server/control/admin/db.php HTTP/1.1" 404 1181 "-" "Mozilla/5.0 (Macintosh; Intel Mac OS X 10_9_4) AppleWebKit/537.36 (KHTML, like Gecko) Chrome/36.0.1985.125 Safari/537.36"
125.64.94.212 - - [26/Mar/2021:17:22:38 +0100] "GET /include/dedeajax2.js HTTP/1.1" 404 1181 "-" "Mozilla/5.0 (Macintosh; Intel Mac OS X 10_9_4) AppleWebKit/537.36 (KHTML, like Gecko) Chrome/36.0.1985.125 Safari/537.36"
125.64.94.212 - - [26/Mar/2021:17:22:38 +0100] "GET /data/admin/ver.txt HTTP/1.1" 404 1181 "-" "Mozilla/5.0 (Macintosh; Intel Mac OS X 10_9_4) AppleWebKit/537.36 (KHTML, like Gecko) Chrome/36.0.1985.125 Safari/537.36"
125.64.94.212 - - [26/Mar/2021:17:22:39 +0100] "GET /include/dialog/config.php HTTP/1.1" 404 1181 "-" "Mozilla/5.0 (Macintosh; Intel Mac OS X 10_9_4) AppleWebKit/537.36 (KHTML, like Gecko) Chrome/36.0.1985.125 Safari/537.36"
125.64.94.212 - - [26/Mar/2021:17:22:39 +0100] "GET /plus/download.php HTTP/1.1" 404 1181 "-" "Mozilla/5.0 (Macintosh; Intel Mac OS X 10_9_4) AppleWebKit/537.36 (KHTML, like Gecko) Chrome/36.0.1985.125 Safari/537.36"
125.64.94.212 - - [26/Mar/2021:17:22:39 +0100] "GET /digg.php HTTP/1.1" 404 1181 "-" "Mozilla/5.0 (Macintosh; Intel Mac OS X 10_9_4) AppleWebKit/537.36 (KHTML, like Gecko) Chrome/36.0.1985.125 Safari/537.36"
125.64.94.212 - - [26/Mar/2021:17:22:50 +0100] "GET /plus/sitemap.html HTTP/1.1" 404 1181 "-" "Mozilla/5.0 (Macintosh; Intel Mac OS X 10_9_4) AppleWebKit/537.36 (KHTML, like Gecko) Chrome/36.0.1985.125 Safari/537.36"
125.64.94.212 - - [26/Mar/2021:17:22:51 +0100] "GET /plus/rssmap.html HTTP/1.1" 404 1181 "-" "Mozilla/5.0 (Macintosh; Intel Mac OS X 10_9_4) AppleWebKit/537.36 (KHTML, like Gecko) Chrome/36.0.1985.125 Safari/537.36"
125.64.94.212 - - [26/Mar/2021:17:22:51 +0100] "GET /plus/heightsearch.php HTTP/1.1" 404 1181 "-" "Mozilla/5.0 (Macintosh; Intel Mac OS X 10_9_4) AppleWebKit/537.36 (KHTML, like Gecko) Chrome/36.0.1985.125 Safari/537.36"
125.64.94.212 - - [26/Mar/2021:17:22:52 +0100] "GET /member/space/company/info.txt HTTP/1.1" 404 1181 "-" "Mozilla/5.0 (Macintosh; Intel Mac OS X 10_9_4) AppleWebKit/537.36 (KHTML, like Gecko) Chrome/36.0.1985.125 Safari/537.36"
125.64.94.212 - - [26/Mar/2021:17:22:53 +0100] "GET /Help HTTP/1.1" 404 1181 "-" "Mozilla/5.0 (Macintosh; Intel Mac OS X 10_9_4) AppleWebKit/537.36 (KHTML, like Gecko) Chrome/36.0.1985.125 Safari/537.36"
125.64.94.212 - - [26/Mar/2021:17:22:53 +0100] "GET /images/branding/logo.gif HTTP/1.1" 404 1181 "-" "Mozilla/5.0 (Macintosh; Intel Mac OS X 10_9_4) AppleWebKit/537.36 (KHTML, like Gecko) Chrome/36.0.1985.125 Safari/537.36"
125.64.94.212 - - [26/Mar/2021:17:22:54 +0100] "GET /Install/logo.gif HTTP/1.1" 404 1181 "-" "Mozilla/5.0 (Macintosh; Intel Mac OS X 10_9_4) AppleWebKit/537.36 (KHTML, like Gecko) Chrome/36.0.1985.125 Safari/537.36"
125.64.94.212 - - [26/Mar/2021:17:22:54 +0100] "GET /CHANGELOG.txt HTTP/1.1" 404 1181 "-" "Mozilla/5.0 (Macintosh; Intel Mac OS X 10_9_4) AppleWebKit/537.36 (KHTML, like Gecko) Chrome/36.0.1985.125 Safari/537.36"
125.64.94.212 - - [26/Mar/2021:17:22:56 +0100] "GET /changelog.txt HTTP/1.1" 404 1181 "-" "Mozilla/5.0 (Macintosh; Intel Mac OS X 10_9_4) AppleWebKit/537.36 (KHTML, like Gecko) Chrome/36.0.1985.125 Safari/537.36"
125.64.94.212 - - [26/Mar/2021:17:22:56 +0100] "GET /adminsoft/templates/images/login_bg_top.jpg HTTP/1.1" 404 1181 "-" "Mozilla/5.0 (Macintosh; Intel Mac OS X 10_9_4) AppleWebKit/537.36 (KHTML, like Gecko) Chrome/36.0.1985.125 Safari/537.36"
125.64.94.212 - - [26/Mar/2021:17:22:56 +0100] "GET /jcms/index.jsp HTTP/1.1" 404 1181 "-" "Mozilla/5.0 (Macintosh; Intel Mac OS X 10_9_4) AppleWebKit/537.36 (KHTML, like Gecko) Chrome/36.0.1985.125 Safari/537.36"
125.64.94.212 - - [26/Mar/2021:17:22:56 +0100] "GET /jcms/index_jcms.jsp HTTP/1.1" 404 1181 "-" "Mozilla/5.0 (Macintosh; Intel Mac OS X 10_9_4) AppleWebKit/537.36 (KHTML, like Gecko) Chrome/36.0.1985.125 Safari/537.36"
125.64.94.212 - - [26/Mar/2021:17:22:57 +0100] "GET /Include/EcsServerApi.js HTTP/1.1" 404 1181 "-" "Mozilla/5.0 (Macintosh; Intel Mac OS X 10_9_4) AppleWebKit/537.36 (KHTML, like Gecko) Chrome/36.0.1985.125 Safari/537.36"
125.64.94.212 - - [26/Mar/2021:17:22:57 +0100] "GET /m HTTP/1.1" 404 1181 "-" "Mozilla/5.0 (Macintosh; Intel Mac OS X 10_9_4) AppleWebKit/537.36 (KHTML, like Gecko) Chrome/36.0.1985.125 Safari/537.36"
125.64.94.212 - - [26/Mar/2021:17:22:57 +0100] "GET /ks_inc/ajax.js HTTP/1.1" 404 1181 "-" "Mozilla/5.0 (Macintosh; Intel Mac OS X 10_9_4) AppleWebKit/537.36 (KHTML, like Gecko) Chrome/36.0.1985.125 Safari/537.36"
125.64.94.212 - - [26/Mar/2021:17:22:57 +0100] "GET /api/api_user.xml HTTP/1.1" 404 1181 "-" "Mozilla/5.0 (Macintosh; Intel Mac OS X 10_9_4) AppleWebKit/537.36 (KHTML, like Gecko) Chrome/36.0.1985.125 Safari/537.36"
125.64.94.212 - - [26/Mar/2021:17:23:04 +0100] "GET /base/login/login.php HTTP/1.1" 404 1181 "-" "Mozilla/5.0 (Macintosh; Intel Mac OS X 10_9_4) AppleWebKit/537.36 (KHTML, like Gecko) Chrome/36.0.1985.125 Safari/537.36"
125.64.94.212 - - [26/Mar/2021:17:23:04 +0100] "GET /template/home.htm HTTP/1.1" 404 1181 "-" "Mozilla/5.0 (Macintosh; Intel Mac OS X 10_9_4) AppleWebKit/537.36 (KHTML, like Gecko) Chrome/36.0.1985.125 Safari/537.36"
125.64.94.212 - - [26/Mar/2021:17:23:05 +0100] "GET /system/skins/default/system.login.htm HTTP/1.1" 404 1181 "-" "Mozilla/5.0 (Macintosh; Intel Mac OS X 10_9_4) AppleWebKit/537.36 (KHTML, like Gecko) Chrome/36.0.1985.125 Safari/537.36"
125.64.94.212 - - [26/Mar/2021:17:23:05 +0100] "GET /system/language/zh-cn.xml HTTP/1.1" 404 1181 "-" "Mozilla/5.0 (Macintosh; Intel Mac OS X 10_9_4) AppleWebKit/537.36 (KHTML, like Gecko) Chrome/36.0.1985.125 Safari/537.36"
125.64.94.212 - - [26/Mar/2021:17:23:05 +0100] "GET /static/hgicon.png HTTP/1.1" 404 1181 "-" "Mozilla/5.0 (Macintosh; Intel Mac OS X 10_9_4) AppleWebKit/537.36 (KHTML, like Gecko) Chrome/36.0.1985.125 Safari/537.36"
125.64.94.212 - - [26/Mar/2021:17:23:05 +0100] "GET /js/ajax_x.js HTTP/1.1" 404 1181 "-" "Mozilla/5.0 (Macintosh; Intel Mac OS X 10_9_4) AppleWebKit/537.36 (KHTML, like Gecko) Chrome/36.0.1985.125 Safari/537.36"
125.64.94.212 - - [26/Mar/2021:17:23:06 +0100] "GET /webbuilder/script/locale/wb-lang-zh_CN.js HTTP/1.1" 404 1181 "-" "Mozilla/5.0 (Macintosh; Intel Mac OS X 10_9_4) AppleWebKit/537.36 (KHTML, like Gecko) Chrome/36.0.1985.125 Safari/537.36"
125.64.94.212 - - [26/Mar/2021:17:23:07 +0100] "GET /login/Jeecms.do HTTP/1.1" 404 1181 "-" "Mozilla/5.0 (Macintosh; Intel Mac OS X 10_9_4) AppleWebKit/537.36 (KHTML, like Gecko) Chrome/36.0.1985.125 Safari/537.36"
125.64.94.212 - - [26/Mar/2021:17:23:08 +0100] "GET /admin/ HTTP/1.1" 404 1181 "-" "Mozilla/5.0 (Macintosh; Intel Mac OS X 10_9_4) AppleWebKit/537.36 (KHTML, like Gecko) Chrome/36.0.1985.125 Safari/537.36"
125.64.94.212 - - [26/Mar/2021:17:23:08 +0100] "GET /plug/publish HTTP/1.1" 404 1181 "-" "Mozilla/5.0 (Macintosh; Intel Mac OS X 10_9_4) AppleWebKit/537.36 (KHTML, like Gecko) Chrome/36.0.1985.125 Safari/537.36"
125.64.94.212 - - [26/Mar/2021:17:23:09 +0100] "GET /images/login_Name.jpg HTTP/1.1" 404 1181 "-" "Mozilla/5.0 (Macintosh; Intel Mac OS X 10_9_4) AppleWebKit/537.36 (KHTML, like Gecko) Chrome/36.0.1985.125 Safari/537.36"
125.64.94.212 - - [26/Mar/2021:17:23:09 +0100] "GET /datacenter/downloadApp/showDownload.do HTTP/1.1" 404 1181 "-" "Mozilla/5.0 (Macintosh; Intel Mac OS X 10_9_4) AppleWebKit/537.36 (KHTML, like Gecko) Chrome/36.0.1985.125 Safari/537.36"
125.64.94.212 - - [26/Mar/2021:17:23:09 +0100] "GET /admin.php HTTP/1.1" 404 1181 "-" "Mozilla/5.0 (Macintosh; Intel Mac OS X 10_9_4) AppleWebKit/537.36 (KHTML, like Gecko) Chrome/36.0.1985.125 Safari/537.36"
125.64.94.212 - - [26/Mar/2021:17:23:27 +0100] "GET /public/about.html HTTP/1.1" 404 1181 "-" "Mozilla/5.0 (Macintosh; Intel Mac OS X 10_9_4) AppleWebKit/537.36 (KHTML, like Gecko) Chrome/36.0.1985.125 Safari/537.36"
125.64.94.212 - - [26/Mar/2021:17:23:27 +0100] "GET /help/en/h_authenticate.html HTTP/1.1" 404 1181 "-" "Mozilla/5.0 (Macintosh; Intel Mac OS X 10_9_4) AppleWebKit/537.36 (KHTML, like Gecko) Chrome/36.0.1985.125 Safari/537.36"
125.64.94.212 - - [26/Mar/2021:17:23:27 +0100] "GET /static/images/logo/webserver_small.gif HTTP/1.1" 404 1181 "-" "Mozilla/5.0 (Macintosh; Intel Mac OS X 10_9_4) AppleWebKit/537.36 (KHTML, like Gecko) Chrome/36.0.1985.125 Safari/537.36"
125.64.94.212 - - [26/Mar/2021:17:23:27 +0100] "GET /script/login.js HTTP/1.1" 404 1181 "-" "Mozilla/5.0 (Macintosh; Intel Mac OS X 10_9_4) AppleWebKit/537.36 (KHTML, like Gecko) Chrome/36.0.1985.125 Safari/537.36"
125.64.94.212 - - [26/Mar/2021:17:23:28 +0100] "GET /Site/Pages/WebResources.ashx/PoweredByKodakImage HTTP/1.1" 404 1181 "-" "Mozilla/5.0 (Macintosh; Intel Mac OS X 10_9_4) AppleWebKit/537.36 (KHTML, like Gecko) Chrome/36.0.1985.125 Safari/537.36"
125.64.94.212 - - [26/Mar/2021:17:23:28 +0100] "GET /Site/SystemThemes/7917A0869761B5458281E407AE0090F5/Images/ISBanner58px.jpg HTTP/1.1" 404 1181 "-" "Mozilla/5.0 (Macintosh; Intel Mac OS X 10_9_4) AppleWebKit/537.36 (KHTML, like Gecko) Chrome/36.0.1985.125 Safari/537.36"
125.64.94.212 - - [26/Mar/2021:17:23:28 +0100] "GET /imagesschool/style1/flash2.jpg HTTP/1.1" 404 1181 "-" "Mozilla/5.0 (Macintosh; Intel Mac OS X 10_9_4) AppleWebKit/537.36 (KHTML, like Gecko) Chrome/36.0.1985.125 Safari/537.36"
125.64.94.212 - - [26/Mar/2021:17:23:28 +0100] "GET /system/Update.aspx HTTP/1.1" 404 1181 "-" "Mozilla/5.0 (Macintosh; Intel Mac OS X 10_9_4) AppleWebKit/537.36 (KHTML, like Gecko) Chrome/36.0.1985.125 Safari/537.36"
125.64.94.212 - - [26/Mar/2021:17:23:36 +0100] "GET /admin/admin_login.php?act=login HTTP/1.1" 404 1181 "-" "Mozilla/5.0 (Macintosh; Intel Mac OS X 10_9_4) AppleWebKit/537.36 (KHTML, like Gecko) Chrome/36.0.1985.125 Safari/537.36"
125.64.94.212 - - [26/Mar/2021:17:23:37 +0100] "GET /data/images/wap_logo.gif HTTP/1.1" 404 1181 "-" "Mozilla/5.0 (Macintosh; Intel Mac OS X 10_9_4) AppleWebKit/537.36 (KHTML, like Gecko) Chrome/36.0.1985.125 Safari/537.36"
125.64.94.212 - - [26/Mar/2021:17:23:38 +0100] "GET /Public/Admin/Images/login_main_bg.jpg HTTP/1.1" 404 1181 "-" "Mozilla/5.0 (Macintosh; Intel Mac OS X 10_9_4) AppleWebKit/537.36 (KHTML, like Gecko) Chrome/36.0.1985.125 Safari/537.36"
125.64.94.212 - - [26/Mar/2021:17:23:39 +0100] "GET /images/zh-CN/logo.ico HTTP/1.1" 404 1181 "-" "Mozilla/5.0 (Macintosh; Intel Mac OS X 10_9_4) AppleWebKit/537.36 (KHTML, like Gecko) Chrome/36.0.1985.125 Safari/537.36"
125.64.94.212 - - [26/Mar/2021:17:23:40 +0100] "GET /images/favicon.ico HTTP/1.1" 404 1181 "-" "Mozilla/5.0 (Macintosh; Intel Mac OS X 10_9_4) AppleWebKit/537.36 (KHTML, like Gecko) Chrome/36.0.1985.125 Safari/537.36"
125.64.94.212 - - [26/Mar/2021:17:23:40 +0100] "GET /images/logo-white.png HTTP/1.1" 404 1181 "-" "Mozilla/5.0 (Macintosh; Intel Mac OS X 10_9_4) AppleWebKit/537.36 (KHTML, like Gecko) Chrome/36.0.1985.125 Safari/537.36"
125.64.94.212 - - [26/Mar/2021:17:23:41 +0100] "GET /customdir/images/english_logo.jpg HTTP/1.1" 404 1181 "-" "Mozilla/5.0 (Macintosh; Intel Mac OS X 10_9_4) AppleWebKit/537.36 (KHTML, like Gecko) Chrome/36.0.1985.125 Safari/537.36"
125.64.94.212 - - [26/Mar/2021:17:23:41 +0100] "GET /wp-cron.php HTTP/1.1" 404 1181 "-" "Mozilla/5.0 (Macintosh; Intel Mac OS X 10_9_4) AppleWebKit/537.36 (KHTML, like Gecko) Chrome/36.0.1985.125 Safari/537.36"
125.64.94.212 - - [26/Mar/2021:17:24:08 +0100] "GET /wp-content HTTP/1.1" 404 1181 "-" "Mozilla/5.0 (Macintosh; Intel Mac OS X 10_9_4) AppleWebKit/537.36 (KHTML, like Gecko) Chrome/36.0.1985.125 Safari/537.36"
125.64.94.212 - - [26/Mar/2021:17:24:08 +0100] "GET /wp-login.php HTTP/1.1" 404 1181 "-" "Mozilla/5.0 (Macintosh; Intel Mac OS X 10_9_4) AppleWebKit/537.36 (KHTML, like Gecko) Chrome/36.0.1985.125 Safari/537.36"
125.64.94.212 - - [26/Mar/2021:17:24:08 +0100] "GET /license.txt HTTP/1.1" 404 1181 "-" "Mozilla/5.0 (Macintosh; Intel Mac OS X 10_9_4) AppleWebKit/537.36 (KHTML, like Gecko) Chrome/36.0.1985.125 Safari/537.36"
125.64.94.212 - - [26/Mar/2021:17:24:09 +0100] "GET /readme.html HTTP/1.1" 404 1181 "-" "Mozilla/5.0 (Macintosh; Intel Mac OS X 10_9_4) AppleWebKit/537.36 (KHTML, like Gecko) Chrome/36.0.1985.125 Safari/537.36"
125.64.94.212 - - [26/Mar/2021:17:24:10 +0100] "GET /business/images/index-gg1.jpg HTTP/1.1" 404 1181 "-" "Mozilla/5.0 (Macintosh; Intel Mac OS X 10_9_4) AppleWebKit/537.36 (KHTML, like Gecko) Chrome/36.0.1985.125 Safari/537.36"
125.64.94.212 - - [26/Mar/2021:17:24:11 +0100] "GET /img/pic/login/top-left.jpg HTTP/1.1" 404 1181 "-" "Mozilla/5.0 (Macintosh; Intel Mac OS X 10_9_4) AppleWebKit/537.36 (KHTML, like Gecko) Chrome/36.0.1985.125 Safari/537.36"
125.64.94.212 - - [26/Mar/2021:17:24:12 +0100] "GET /images/Default_bg_002.gif HTTP/1.1" 404 1181 "-" "Mozilla/5.0 (Macintosh; Intel Mac OS X 10_9_4) AppleWebKit/537.36 (KHTML, like Gecko) Chrome/36.0.1985.125 Safari/537.36"
125.64.94.212 - - [26/Mar/2021:17:24:12 +0100] "GET /custom/SkinTemplate/skin/public/images/sys-logo-1caitong-180.jpg HTTP/1.1" 404 1181 "-" "Mozilla/5.0 (Macintosh; Intel Mac OS X 10_9_4) AppleWebKit/537.36 (KHTML, like Gecko) Chrome/36.0.1985.125 Safari/537.36"
125.64.94.212 - - [26/Mar/2021:17:24:26 +0100] "GET /eams/static/scripts/grade/course/input.js HTTP/1.1" 404 1181 "-" "Mozilla/5.0 (Macintosh; Intel Mac OS X 10_9_4) AppleWebKit/537.36 (KHTML, like Gecko) Chrome/36.0.1985.125 Safari/537.36"
125.64.94.212 - - [26/Mar/2021:17:24:27 +0100] "GET /include/install_ocx.aspx HTTP/1.1" 404 1181 "-" "Mozilla/5.0 (Macintosh; Intel Mac OS X 10_9_4) AppleWebKit/537.36 (KHTML, like Gecko) Chrome/36.0.1985.125 Safari/537.36"
125.64.94.212 - - [26/Mar/2021:17:24:27 +0100] "GET /logo/logo_jw.png HTTP/1.1" 404 1181 "-" "Mozilla/5.0 (Macintosh; Intel Mac OS X 10_9_4) AppleWebKit/537.36 (KHTML, like Gecko) Chrome/36.0.1985.125 Safari/537.36"
125.64.94.212 - - [26/Mar/2021:17:24:27 +0100] "GET /was/help.jsp HTTP/1.1" 404 1181 "-" "Mozilla/5.0 (Macintosh; Intel Mac OS X 10_9_4) AppleWebKit/537.36 (KHTML, like Gecko) Chrome/36.0.1985.125 Safari/537.36"
125.64.94.212 - - [26/Mar/2021:17:24:27 +0100] "GET /was5/web/index.jsp HTTP/1.1" 404 1181 "-" "Mozilla/5.0 (Macintosh; Intel Mac OS X 10_9_4) AppleWebKit/537.36 (KHTML, like Gecko) Chrome/36.0.1985.125 Safari/537.36"
125.64.94.212 - - [26/Mar/2021:17:24:28 +0100] "GET /was/main.html HTTP/1.1" 404 1181 "-" "Mozilla/5.0 (Macintosh; Intel Mac OS X 10_9_4) AppleWebKit/537.36 (KHTML, like Gecko) Chrome/36.0.1985.125 Safari/537.36"
125.64.94.212 - - [26/Mar/2021:17:24:29 +0100] "GET /?c=4e5e5d7364f443e28fbf0d3ae744a59a HTTP/1.1" 200 884 "-" "Mozilla/5.0 (Macintosh; Intel Mac OS X 10_9_4) AppleWebKit/537.36 (KHTML, like Gecko) Chrome/36.0.1985.125 Safari/537.36"
125.64.94.212 - - [26/Mar/2021:17:24:29 +0100] "GET /phpmyadmin/ HTTP/1.1" 404 1181 "-" "Mozilla/5.0 (Macintosh; Intel Mac OS X 10_9_4) AppleWebKit/537.36 (KHTML, like Gecko) Chrome/36.0.1985.125 Safari/537.36"
125.64.94.212 - - [26/Mar/2021:17:24:31 +0100] "GET /weblog/ HTTP/1.1" 404 1181 "-" "Mozilla/5.0 (Macintosh; Intel Mac OS X 10_9_4) AppleWebKit/537.36 (KHTML, like Gecko) Chrome/36.0.1985.125 Safari/537.36"
125.64.94.212 - - [26/Mar/2021:17:24:31 +0100] "GET /blog/ HTTP/1.1" 404 1181 "-" "Mozilla/5.0 (Macintosh; Intel Mac OS X 10_9_4) AppleWebKit/537.36 (KHTML, like Gecko) Chrome/36.0.1985.125 Safari/537.36"
125.64.94.212 - - [26/Mar/2021:17:24:31 +0100] "GET /forum/ HTTP/1.1" 404 1181 "-" "Mozilla/5.0 (Macintosh; Intel Mac OS X 10_9_4) AppleWebKit/537.36 (KHTML, like Gecko) Chrome/36.0.1985.125 Safari/537.36"
125.64.94.212 - - [26/Mar/2021:17:24:31 +0100] "GET /bbs/ HTTP/1.1" 404 1181 "-" "Mozilla/5.0 (Macintosh; Intel Mac OS X 10_9_4) AppleWebKit/537.36 (KHTML, like Gecko) Chrome/36.0.1985.125 Safari/537.36"
125.64.94.212 - - [26/Mar/2021:17:24:32 +0100] "GET /wcm/ HTTP/1.1" 404 1181 "-" "Mozilla/5.0 (Macintosh; Intel Mac OS X 10_9_4) AppleWebKit/537.36 (KHTML, like Gecko) Chrome/36.0.1985.125 Safari/537.36"
125.64.94.212 - - [26/Mar/2021:17:24:33 +0100] "GET /admin/editor/ HTTP/1.1" 404 1181 "-" "Mozilla/5.0 (Macintosh; Intel Mac OS X 10_9_4) AppleWebKit/537.36 (KHTML, like Gecko) Chrome/36.0.1985.125 Safari/537.36"
125.64.94.212 - - [26/Mar/2021:17:24:37 +0100] "GET //favicon.ico HTTP/1.1" 404 1181 "-" "python-requests/2.23.0"
212.237.23.143 - - [26/Mar/2021:17:25:20 +0100] "HEAD / HTTP/1.1" 200 0 "-" "Alert_Alligator_webmonitoring_service_1.6.3_(alertalligator.com)"
184.107.72.133 - - [26/Mar/2021:18:03:32 +0100] "GET /wp-login.php HTTP/1.1" 404 1181 "-" "Mozilla/5.0 (X11; Ubuntu; Linux x86_64; rv:62.0) Gecko/20100101 Firefox/62.0"
184.107.72.133 - - [26/Mar/2021:18:03:32 +0100] "GET /wp-login.php HTTP/1.1" 404 1181 "-" "Mozilla/5.0 (X11; Ubuntu; Linux x86_64; rv:62.0) Gecko/20100101 Firefox/62.0"
13.66.139.71 - - [26/Mar/2021:18:06:26 +0100] "GET /aktualis_elemei/fnhv_elemei/image007.jpg HTTP/1.1" 200 11194 "-" "Mozilla/5.0 (compatible; bingbot/2.0; +http://www.bing.com/bingbot.htm)"
159.69.145.50 - - [26/Mar/2021:18:24:25 +0100] "HEAD / HTTP/1.1" 200 0 "-" "Alert_Alligator_webmonitoring_service_1.6.3_(alertalligator.com)"
108.59.8.80 - - [26/Mar/2021:19:17:04 +0100] "GET /robots.txt HTTP/1.1" 404 1181 "-" "Mozilla/5.0 (compatible; MJ12bot/v1.4.8; http://mj12bot.com/)"
108.59.8.80 - - [26/Mar/2021:19:17:05 +0100] "GET / HTTP/1.1" 200 884 "-" "Mozilla/5.0 (compatible; MJ12bot/v1.4.8; http://mj12bot.com/)"
5.34.180.192 - - [26/Mar/2021:19:23:06 +0100] "GET / HTTP/1.1" 200 884 "https://vinodelie-online.ru/" "Mozilla/4.0 (compatible; MSIE 6.0; Windows NT) ::ELNSB50::000061100320025802a00111000000000507000900000000"
5.34.180.192 - - [26/Mar/2021:19:23:06 +0100] "GET / HTTP/1.1" 200 884 "https://vinodelie-online.ru/" "Mozilla/4.0 (compatible; MSIE 6.0; Windows NT) ::ELNSB50::000061100320025802a00111000000000507000900000000"
5.34.180.192 - - [26/Mar/2021:19:23:07 +0100] "GET / HTTP/1.1" 200 884 "https://vinodelie-online.ru/" "Mozilla/4.0 (compatible; MSIE 6.0; Windows NT) ::ELNSB50::000061100320025802a00111000000000507000900000000"
159.69.145.50 - - [26/Mar/2021:19:23:58 +0100] "HEAD / HTTP/1.1" 200 0 "-" "Alert_Alligator_webmonitoring_service_1.6.3_(alertalligator.com)"
66.249.70.77 - - [26/Mar/2021:19:45:46 +0100] "GET /kiadvany/miskolchvte.pdf HTTP/1.1" 304 - "-" "Mozilla/5.0 (Linux; Android 6.0.1; Nexus 5X Build/MMB29P) AppleWebKit/537.36 (KHTML, like Gecko) Chrome/89.0.4389.102 Mobile Safari/537.36 (compatible; Googlebot/2.1; +http://www.google.com/bot.html)"
163.172.68.99 - - [26/Mar/2021:20:13:35 +0100] "GET /robots.txt HTTP/1.1" 404 1181 "-" "Mozilla/5.0 ((Windows; U; Windows NT 6.1; fr; rv:1.9.2) Gecko/20100115 Firefox/3.6)"
163.172.68.99 - - [26/Mar/2021:20:13:35 +0100] "GET / HTTP/1.1" 200 884 "-" "Mozilla/5.0 ((Windows; U; Windows NT 6.1; fr; rv:1.9.2) Gecko/20100115 Firefox/3.6)"
13.66.139.103 - - [26/Mar/2021:20:20:00 +0100] "GET / HTTP/1.1" 200 884 "-" "Mozilla/5.0 (compatible; bingbot/2.0; +http://www.bing.com/bingbot.htm)"
212.237.53.115 - - [26/Mar/2021:20:24:11 +0100] "HEAD / HTTP/1.1" 200 0 "-" "Alert_Alligator_webmonitoring_service_1.6.3_(alertalligator.com)"
66.249.70.73 - - [26/Mar/2021:20:38:57 +0100] "GET /aktualis_elemei/bio2szulinap_elemei/image104.jpg HTTP/1.1" 200 8372 "-" "Googlebot-Image/1.0"
54.36.148.110 - - [26/Mar/2021:20:55:25 +0100] "GET / HTTP/1.1" 200 884 "-" "Mozilla/5.0 (compatible; AhrefsBot/7.0; +http://ahrefs.com/robot/)"
66.249.70.77 - - [26/Mar/2021:21:01:29 +0100] "GET /aktualis_elemei/bio2szulinap_elemei/image120.jpg HTTP/1.1" 200 9114 "-" "Googlebot-Image/1.0"
66.249.81.125 - - [26/Mar/2021:21:02:48 +0100] "GET /aktualis_elemei/bio2szulinap_elemei/image108.jpg HTTP/1.1" 200 9238 "-" "Mozilla/5.0 (Windows NT 5.1; rv:11.0) Gecko Firefox/11.0 (via ggpht.com GoogleImageProxy)"
114.119.150.85 - - [26/Mar/2021:21:06:41 +0100] "GET /archiv_elemei/belvarostc.html HTTP/1.1" 200 12601 "-" "Mozilla/5.0 (Linux; Android 7.0;) AppleWebKit/537.36 (KHTML, like Gecko) Mobile Safari/537.36 (compatible; PetalBot;+https://aspiegel.com/petalbot)"
159.69.145.50 - - [26/Mar/2021:21:23:16 +0100] "HEAD / HTTP/1.1" 200 0 "-" "Alert_Alligator_webmonitoring_service_1.6.3_(alertalligator.com)"
66.249.70.77 - - [26/Mar/2021:21:43:57 +0100] "GET /aktualis_elemei/bio2szulinap_elemei/image090.jpg HTTP/1.1" 200 7132 "-" "Googlebot-Image/1.0"
212.237.53.115 - - [26/Mar/2021:22:23:13 +0100] "HEAD / HTTP/1.1" 200 0 "-" "Alert_Alligator_webmonitoring_service_1.6.3_(alertalligator.com)"
216.18.204.215 - - [26/Mar/2021:23:06:14 +0100] "GET /robots.txt HTTP/1.1" 404 1181 "-" "Mozilla/5.0 (compatible; Adsbot/3.1; +https://seostar.co/robot/)"
216.18.204.215 - - [26/Mar/2021:23:06:20 +0100] "GET / HTTP/1.1" 200 884 "-" "Mozilla/5.0 (compatible; Adsbot/3.1; +https://seostar.co/robot/)"
216.18.204.215 - - [26/Mar/2021:23:06:36 +0100] "GET /robots.txt HTTP/1.1" 404 1181 "-" "Mozilla/5.0 (compatible; Adsbot/3.1; +https://seostar.co/robot/)"
216.18.204.215 - - [26/Mar/2021:23:06:42 +0100] "GET / HTTP/1.1" 200 884 "-" "Mozilla/5.0 (compatible; Adsbot/3.1; +https://seostar.co/robot/)"
216.18.204.215 - - [26/Mar/2021:23:06:48 +0100] "GET /magunkrol_elemei/kozhasznu.html HTTP/1.1" 200 48365 "http://www.greenaction.hu/" "Mozilla/5.0 (compatible; Adsbot/3.1; +https://seostar.co/robot/)"
212.237.23.143 - - [26/Mar/2021:23:22:34 +0100] "HEAD / HTTP/1.1" 200 0 "-" "Alert_Alligator_webmonitoring_service_1.6.3_(alertalligator.com)"
178.159.37.104 - - [27/Mar/2021:00:19:30 +0100] "GET / HTTP/1.1" 200 884 "https://deznadzor.ru/" "Mozilla/4.0 (compatible; MSIE 6.0; Windows NT 5.1; MyIE2; Deepnet Explorer)"
178.159.37.104 - - [27/Mar/2021:00:19:31 +0100] "GET / HTTP/1.1" 200 884 "https://deznadzor.ru/" "Mozilla/4.0 (compatible; MSIE 6.0; Windows NT 5.1; MyIE2; Deepnet Explorer)"
178.159.37.104 - - [27/Mar/2021:00:19:31 +0100] "GET / HTTP/1.1" 200 884 "https://deznadzor.ru/" "Mozilla/4.0 (compatible; MSIE 6.0; Windows NT 5.1; MyIE2; Deepnet Explorer)"
159.69.145.50 - - [27/Mar/2021:00:21:40 +0100] "HEAD / HTTP/1.1" 200 0 "-" "Alert_Alligator_webmonitoring_service_1.6.3_(alertalligator.com)"
66.249.70.77 - - [27/Mar/2021:00:58:47 +0100] "GET /robots.txt HTTP/1.1" 404 1181 "-" "Mozilla/5.0 (compatible; Googlebot/2.1; +http://www.google.com/bot.html)"
66.249.70.75 - - [27/Mar/2021:00:58:48 +0100] "GET /kiadvanyaink.html HTTP/1.1" 200 4921 "-" "Mozilla/5.0 (compatible; Googlebot/2.1; +http://www.google.com/bot.html)"
66.249.70.75 - - [27/Mar/2021:01:06:17 +0100] "GET /kiadvany/agrark.pdf HTTP/1.1" 200 3405360 "-" "Mozilla/5.0 (compatible; Googlebot/2.1; +http://www.google.com/bot.html)"
66.249.70.75 - - [27/Mar/2021:01:08:14 +0100] "GET /kiadvany/riport.pdf HTTP/1.1" 200 1048785 "-" "Mozilla/5.0 (compatible; Googlebot/2.1; +http://www.google.com/bot.html)"
66.249.70.77 - - [27/Mar/2021:01:09:27 +0100] "GET /kiadvany/delbukk.pdf HTTP/1.1" 200 1540585 "-" "Mozilla/5.0 (compatible; Googlebot/2.1; +http://www.google.com/bot.html)"
66.249.70.77 - - [27/Mar/2021:01:13:20 +0100] "GET /kiadvany/miskolchvte.pdf HTTP/1.1" 200 4059249 "-" "Mozilla/5.0 (compatible; Googlebot/2.1; +http://www.google.com/bot.html)"
159.69.145.50 - - [27/Mar/2021:01:20:47 +0100] "HEAD / HTTP/1.1" 200 0 "-" "Alert_Alligator_webmonitoring_service_1.6.3_(alertalligator.com)"
212.237.53.115 - - [27/Mar/2021:02:19:52 +0100] "HEAD / HTTP/1.1" 200 0 "-" "Alert_Alligator_webmonitoring_service_1.6.3_(alertalligator.com)"
54.36.148.96 - - [27/Mar/2021:02:26:57 +0100] "GET / HTTP/1.1" 200 884 "-" "Mozilla/5.0 (compatible; AhrefsBot/7.0; +http://ahrefs.com/robot/)"
216.244.66.234 - - [27/Mar/2021:02:59:39 +0100] "GET /robots.txt HTTP/1.1" 404 1181 "-" "Mozilla/5.0 (compatible; DotBot/1.2; +https://opensiteexplorer.org/dotbot; help@moz.com)"
216.244.66.234 - - [27/Mar/2021:03:10:37 +0100] "GET / HTTP/1.1" 200 884 "-" "Mozilla/5.0 (compatible; DotBot/1.2; +https://opensiteexplorer.org/dotbot; help@moz.com)"
159.69.145.50 - - [27/Mar/2021:03:18:58 +0100] "HEAD / HTTP/1.1" 200 0 "-" "Alert_Alligator_webmonitoring_service_1.6.3_(alertalligator.com)"
212.237.23.143 - - [27/Mar/2021:04:14:51 +0100] "HEAD / HTTP/1.1" 200 0 "-" "Alert_Alligator_webmonitoring_service_1.6.4_(alertalligator.com)"
94.130.77.240 - - [27/Mar/2021:04:34:32 +0100] "GET / HTTP/1.1" 200 884 "-" "Mozilla/5.0 (Windows NT 10.0; Win64; x64; de,en;q=0.7,en-us;q=0.3) AppleWebKit/537.36 (KHTML, like Gecko) Chrome/74.0.3729.169 Safari/537.36"
114.119.146.244 - - [27/Mar/2021:04:34:38 +0100] "GET /archiv_elemei/biomassza.html HTTP/1.1" 200 13300 "-" "Mozilla/5.0 (Linux; Android 7.0;) AppleWebKit/537.36 (KHTML, like Gecko) Mobile Safari/537.36 (compatible; PetalBot;+https://aspiegel.com/petalbot)"
193.30.121.46 - - [27/Mar/2021:04:35:19 +0100] "GET / HTTP/1.1" 200 884 "-" "Mozilla/5.0 (Windows NT 10.0; Win64; x64; de,en;q=0.7,en-us;q=0.3) AppleWebKit/537.36 (KHTML, like Gecko) Chrome/74.0.3729.169 Safari/537.36"
66.249.70.73 - - [27/Mar/2021:04:36:58 +0100] "GET / HTTP/1.1" 200 884 "-" "Mozilla/5.0 (Linux; Android 6.0.1; Nexus 5X Build/MMB29P) AppleWebKit/537.36 (KHTML, like Gecko) Chrome/89.0.4389.108 Mobile Safari/537.36 (compatible; Googlebot/2.1; +http://www.google.com/bot.html)"
212.237.51.151 - - [27/Mar/2021:05:13:55 +0100] "HEAD / HTTP/1.1" 200 0 "-" "Alert_Alligator_webmonitoring_service_1.6.3_(alertalligator.com)"
13.66.139.103 - - [27/Mar/2021:05:39:23 +0100] "GET / HTTP/1.1" 200 884 "-" "Mozilla/5.0 (compatible; bingbot/2.0; +http://www.bing.com/bingbot.htm)"
66.249.70.77 - - [27/Mar/2021:05:49:46 +0100] "GET / HTTP/1.1" 200 884 "-" "Mozilla/5.0 (compatible; Googlebot/2.1; +http://www.google.com/bot.html)"
212.237.51.151 - - [27/Mar/2021:06:12:55 +0100] "HEAD / HTTP/1.1" 200 0 "-" "Alert_Alligator_webmonitoring_service_1.6.3_(alertalligator.com)"
66.249.70.77 - - [27/Mar/2021:06:12:56 +0100] "GET /favicon.ico HTTP/1.1" 404 1181 "-" "Googlebot-Image/1.0"
35.202.2.1 - - [27/Mar/2021:07:10:35 +0100] "GET /robots.txt HTTP/1.1" 404 1181 "-" "ltx71 - (http://ltx71.com/)"
35.202.2.1 - - [27/Mar/2021:07:11:18 +0100] "GET / HTTP/1.1" 200 884 "-" "ltx71 - (http://ltx71.com/)"
159.69.145.50 - - [27/Mar/2021:07:11:59 +0100] "HEAD / HTTP/1.1" 200 0 "-" "Alert_Alligator_webmonitoring_service_1.6.3_(alertalligator.com)"
66.249.70.73 - - [27/Mar/2021:07:25:13 +0100] "GET / HTTP/1.1" 200 884 "-" "Mozilla/5.0 (Linux; Android 6.0.1; Nexus 5X Build/MMB29P) AppleWebKit/537.36 (KHTML, like Gecko) Chrome/89.0.4389.108 Mobile Safari/537.36 (compatible; Googlebot/2.1; +http://www.google.com/bot.html)"
114.119.132.9 - - [27/Mar/2021:07:45:28 +0100] "GET /aktualis_elemei/ktavmuhely.html HTTP/1.1" 200 22398 "-" "Mozilla/5.0 (Linux; Android 7.0;) AppleWebKit/537.36 (KHTML, like Gecko) Mobile Safari/537.36 (compatible; PetalBot;+https://aspiegel.com/petalbot)"
212.237.53.115 - - [27/Mar/2021:08:11:19 +0100] "HEAD / HTTP/1.1" 200 0 "-" "Alert_Alligator_webmonitoring_service_1.6.3_(alertalligator.com)"
114.119.146.45 - - [27/Mar/2021:08:19:14 +0100] "GET /robots.txt HTTP/1.1" 404 1181 "-" "(compatible;PetalBot;+https://aspiegel.com/petalbot)"
49.12.13.109 - - [27/Mar/2021:09:10:24 +0100] "HEAD / HTTP/1.1" 200 0 "-" "Alert_Alligator_webmonitoring_service_1.6.3_(alertalligator.com)"
90.29.11.42 - - [27/Mar/2021:09:12:00 +0100] "GET / HTTP/1.1" 200 884 "-" "Mozilla/5.0 (Macintosh; Intel Mac OS X 10_12_6) AppleWebKit/537.36 (KHTML, like Gecko) Chrome/74.0.3729.169 Safari/537.36"
159.69.145.50 - - [27/Mar/2021:10:09:25 +0100] "HEAD / HTTP/1.1" 200 0 "-" "Alert_Alligator_webmonitoring_service_1.6.3_(alertalligator.com)"
114.119.150.45 - - [27/Mar/2021:10:20:54 +0100] "GET /aktualis_elemei/biokutatas.html HTTP/1.1" 200 6334 "-" "Mozilla/5.0 (Linux; Android 7.0;) AppleWebKit/537.36 (KHTML, like Gecko) Mobile Safari/537.36 (compatible; PetalBot;+https://aspiegel.com/petalbot)"
54.36.149.86 - - [27/Mar/2021:10:47:54 +0100] "GET /robots.txt HTTP/1.1" 404 1181 "-" "Mozilla/5.0 (compatible; AhrefsBot/7.0; +http://ahrefs.com/robot/)"
90.29.11.42 - - [27/Mar/2021:10:49:32 +0100] "GET / HTTP/1.1" 200 884 "-" "Mozilla/5.0 (Macintosh; Intel Mac OS X 10_12_6) AppleWebKit/537.36 (KHTML, like Gecko) Chrome/74.0.3729.169 Safari/537.36"
114.119.156.140 - - [27/Mar/2021:10:57:44 +0100] "GET /archiv_elemei/felsoavastc.html HTTP/1.1" 200 14594 "-" "Mozilla/5.0 (Linux; Android 7.0;) AppleWebKit/537.36 (KHTML, like Gecko) Mobile Safari/537.36 (compatible; PetalBot;+https://aspiegel.com/petalbot)"
114.119.130.136 - - [27/Mar/2021:11:05:07 +0100] "GET /magunkrol_elemei/kozhasznu.html HTTP/1.1" 200 48365 "-" "Mozilla/5.0 (Linux; Android 7.0;) AppleWebKit/537.36 (KHTML, like Gecko) Mobile Safari/537.36 (compatible; PetalBot;+https://aspiegel.com/petalbot)"
159.69.145.50 - - [27/Mar/2021:11:08:26 +0100] "HEAD / HTTP/1.1" 200 0 "-" "Alert_Alligator_webmonitoring_service_1.6.3_(alertalligator.com)"
114.119.132.9 - - [27/Mar/2021:11:11:15 +0100] "GET /aktualis_elemei/katonai.html HTTP/1.1" 200 22109 "-" "Mozilla/5.0 (Linux; Android 7.0;) AppleWebKit/537.36 (KHTML, like Gecko) Mobile Safari/537.36 (compatible; PetalBot;+https://aspiegel.com/petalbot)"
114.119.130.27 - - [27/Mar/2021:11:53:16 +0100] "GET /robots.txt HTTP/1.1" 404 1181 "-" "(compatible;PetalBot;+https://aspiegel.com/petalbot)"
114.119.130.136 - - [27/Mar/2021:12:04:05 +0100] "GET /archiv_elemei/lyukotc.html HTTP/1.1" 200 11705 "-" "Mozilla/5.0 (Linux; Android 7.0;) AppleWebKit/537.36 (KHTML, like Gecko) Mobile Safari/537.36 (compatible; PetalBot;+https://aspiegel.com/petalbot)"
54.36.149.53 - - [27/Mar/2021:12:06:32 +0100] "GET / HTTP/1.1" 200 884 "-" "Mozilla/5.0 (compatible; AhrefsBot/7.0; +http://ahrefs.com/robot/)"
212.237.23.143 - - [27/Mar/2021:12:07:56 +0100] "HEAD / HTTP/1.1" 200 0 "-" "Alert_Alligator_webmonitoring_service_1.6.3_(alertalligator.com)"
34.77.162.9 - - [27/Mar/2021:12:12:22 +0100] "GET / HTTP/1.1" 200 884 "-" "Expanse indexes the network perimeters of our customers. If you have any questions or concerns, please reach out to: scaninfo@expanseinc.com"
114.119.132.9 - - [27/Mar/2021:12:13:48 +0100] "GET /aktualis_elemei/ausztriaut_elemei/image041.jpg HTTP/1.1" 404 1181 "-" "Mozilla/5.0 (Linux; Android 7.0;) AppleWebKit/537.36 (KHTML, like Gecko) Mobile Safari/537.36 (compatible; PetalBot;+https://aspiegel.com/petalbot)"
34.77.162.22 - - [27/Mar/2021:12:15:38 +0100] "GET / HTTP/1.1" 200 884 "-" "Expanse indexes the network perimeters of our customers. If you have any questions or concerns, please reach out to: scaninfo@expanseinc.com"
188.143.46.236 - - [27/Mar/2021:12:24:44 +0100] "GET /kiadvany/miskolchvte.pdf HTTP/1.1" 200 4059249 "-" "Dalvik/2.1.0 (Linux; U; Android 9; VTR-L09 Build/HUAWEIVTR-L09)"
49.12.13.109 - - [27/Mar/2021:13:06:59 +0100] "HEAD / HTTP/1.1" 200 0 "-" "Alert_Alligator_webmonitoring_service_1.6.3_(alertalligator.com)"
114.119.155.233 - - [27/Mar/2021:13:31:51 +0100] "GET /archiv_elemei/csanyiktc.html HTTP/1.1" 200 13182 "-" "Mozilla/5.0 (Linux; Android 7.0;) AppleWebKit/537.36 (KHTML, like Gecko) Mobile Safari/537.36 (compatible; PetalBot;+https://aspiegel.com/petalbot)"
116.203.84.136 - - [27/Mar/2021:13:36:19 +0100] "GET / HTTP/1.1" 200 884 "-" "Mozilla/5.0 (Windows NT 6.1; WOW64; rv:54.0) Gecko/20100101 Firefox/73.0"
159.69.145.50 - - [27/Mar/2021:14:06:22 +0100] "HEAD / HTTP/1.1" 200 0 "-" "Alert_Alligator_webmonitoring_service_1.6.3_(alertalligator.com)"
114.119.150.85 - - [27/Mar/2021:14:09:27 +0100] "GET /aktualis_elemei/bioarak%2009.07.html HTTP/1.1" 200 504057 "-" "Mozilla/5.0 (Linux; Android 7.0;) AppleWebKit/537.36 (KHTML, like Gecko) Mobile Safari/537.36 (compatible; PetalBot;+https://aspiegel.com/petalbot)"
37.76.61.164 - - [27/Mar/2021:14:34:29 +0100] "GET /kiadvany/miskolchvte.pdf HTTP/1.1" 206 2693916 "http://www.google.com/" "Mozilla/5.0 (Linux; Android 10; ONEPLUS A6000) AppleWebKit/537.36 (KHTML, like Gecko) Chrome/89.0.4389.105 Mobile Safari/537.36"
37.76.61.164 - - [27/Mar/2021:14:35:00 +0100] "GET /kiadvany/miskolchvte.pdf HTTP/1.1" 200 1507328 "http://www.google.com/" "Mozilla/5.0 (Linux; Android 10; ONEPLUS A6000) AppleWebKit/537.36 (KHTML, like Gecko) Chrome/89.0.4389.105 Mobile Safari/537.36"
37.76.61.164 - - [27/Mar/2021:14:35:14 +0100] "GET /kiadvany/miskolchvte.pdf HTTP/1.1" 206 1 "http://www.google.com/" "Mozilla/5.0 (Linux; Android 10; ONEPLUS A6000) AppleWebKit/537.36 (KHTML, like Gecko) Chrome/89.0.4389.105 Mobile Safari/537.36"
37.76.61.164 - - [27/Mar/2021:14:35:14 +0100] "GET /kiadvany/miskolchvte.pdf HTTP/1.1" 206 46744 "http://www.google.com/" "Mozilla/5.0 (Linux; Android 10; ONEPLUS A6000) AppleWebKit/537.36 (KHTML, like Gecko) Chrome/89.0.4389.105 Mobile Safari/537.36"
37.76.61.164 - - [27/Mar/2021:14:35:16 +0100] "GET /kiadvany/miskolchvte.pdf HTTP/1.1" 206 2693553 "http://www.google.com/" "Mozilla/5.0 (Linux; Android 10; ONEPLUS A6000) AppleWebKit/537.36 (KHTML, like Gecko) Chrome/89.0.4389.105 Mobile Safari/537.36"
185.81.157.172 - - [27/Mar/2021:14:47:18 +0100] "GET /dup-installer/main.installer.php HTTP/1.1" 404 1181 "-" "Python-urllib/2.7"
159.69.145.50 - - [27/Mar/2021:15:05:23 +0100] "HEAD / HTTP/1.1" 200 0 "-" "Alert_Alligator_webmonitoring_service_1.6.3_(alertalligator.com)"
114.119.132.9 - - [27/Mar/2021:15:07:34 +0100] "GET /visszatekint.html HTTP/1.1" 200 36767 "-" "Mozilla/5.0 (Linux; Android 7.0;) AppleWebKit/537.36 (KHTML, like Gecko) Mobile Safari/537.36 (compatible; PetalBot;+https://aspiegel.com/petalbot)"
62.4.29.77 - - [27/Mar/2021:16:04:56 +0100] "GET / HTTP/1.1" 200 884 "-" "python-requests/2.25.1"
49.12.13.109 - - [27/Mar/2021:16:05:06 +0100] "HEAD / HTTP/1.1" 200 0 "-" "Alert_Alligator_webmonitoring_service_1.6.3_(alertalligator.com)"
54.36.149.17 - - [27/Mar/2021:17:01:24 +0100] "GET / HTTP/1.1" 200 884 "-" "Mozilla/5.0 (compatible; AhrefsBot/7.0; +http://ahrefs.com/robot/)"
212.237.51.151 - - [27/Mar/2021:17:04:10 +0100] "HEAD / HTTP/1.1" 200 0 "-" "Alert_Alligator_webmonitoring_service_1.6.3_(alertalligator.com)"
