114.119.130.136 - - [25/Apr/2021:17:12:22 +0200] "GET /archiv_elemei/hkkarpatok.html HTTP/1.1" 200 6152 "-" "Mozilla/5.0 (Linux; Android 7.0;) AppleWebKit/537.36 (KHTML, like Gecko) Mobile Safari/537.36 (compatible; PetalBot;+https://webmaster.petalsearch.com/site/petalbot)"
54.36.148.237 - - [25/Apr/2021:17:20:57 +0200] "GET / HTTP/1.1" 200 884 "-" "Mozilla/5.0 (compatible; AhrefsBot/7.0; +http://ahrefs.com/robot/)"
114.119.150.45 - - [25/Apr/2021:17:25:29 +0200] "GET /aktualis_elemei/hk2006.html HTTP/1.1" 200 16289 "-" "Mozilla/5.0 (Linux; Android 7.0;) AppleWebKit/537.36 (KHTML, like Gecko) Mobile Safari/537.36 (compatible; PetalBot;+https://webmaster.petalsearch.com/site/petalbot)"
212.237.51.151 - - [25/Apr/2021:17:36:04 +0200] "HEAD / HTTP/1.1" 200 0 "-" "Alert_Alligator_webmonitoring_service_1.6.3_(alertalligator.com)"
212.237.23.143 - - [25/Apr/2021:18:35:10 +0200] "HEAD / HTTP/1.1" 200 0 "-" "Alert_Alligator_webmonitoring_service_1.6.3_(alertalligator.com)"
114.119.151.133 - - [25/Apr/2021:19:23:24 +0200] "GET / HTTP/1.1" 200 884 "-" "Mozilla/5.0 (Linux; Android 7.0;) AppleWebKit/537.36 (KHTML, like Gecko) Mobile Safari/537.36 (compatible; PetalBot;+https://webmaster.petalsearch.com/site/petalbot)"
159.69.145.50 - - [25/Apr/2021:19:34:13 +0200] "HEAD / HTTP/1.1" 200 0 "-" "Alert_Alligator_webmonitoring_service_1.6.3_(alertalligator.com)"
114.119.152.245 - - [25/Apr/2021:20:09:43 +0200] "GET / HTTP/1.1" 200 884 "-" "Mozilla/5.0 (Linux; Android 7.0;) AppleWebKit/537.36 (KHTML, like Gecko) Mobile Safari/537.36 (compatible; PetalBot;+https://webmaster.petalsearch.com/site/petalbot)"
212.237.23.143 - - [25/Apr/2021:20:33:15 +0200] "HEAD / HTTP/1.1" 200 0 "-" "Alert_Alligator_webmonitoring_service_1.6.3_(alertalligator.com)"
207.46.13.19 - - [25/Apr/2021:20:41:30 +0200] "GET /aktualis_elemei/bio2szulinap_elemei/image018.gif HTTP/1.1" 200 41110 "-" "Mozilla/5.0 (compatible; bingbot/2.0; +http://www.bing.com/bingbot.htm)"
178.150.47.62 - - [25/Apr/2021:20:52:42 +0200] "GET / HTTP/1.1" 200 884 "https://subject-book.com/" "Mozilla/4.0 (compatible; MSIE 6.0; Windows NT 5.2; Win64; AMD64)"
178.150.47.62 - - [25/Apr/2021:20:52:43 +0200] "GET / HTTP/1.1" 200 884 "https://subject-book.com/" "Mozilla/4.0 (compatible; MSIE 6.0; Windows NT 5.2; Win64; AMD64)"
114.119.150.85 - - [25/Apr/2021:21:11:23 +0200] "GET /aktualis_elemei/fnp.html HTTP/1.1" 200 51102 "-" "Mozilla/5.0 (Linux; Android 7.0;) AppleWebKit/537.36 (KHTML, like Gecko) Mobile Safari/537.36 (compatible; PetalBot;+https://webmaster.petalsearch.com/site/petalbot)"
114.119.156.140 - - [25/Apr/2021:21:25:22 +0200] "GET /aktualis_elemei/ausztriaut_elemei/image035.jpg HTTP/1.1" 404 1181 "-" "Mozilla/5.0 (Linux; Android 7.0;) AppleWebKit/537.36 (KHTML, like Gecko) Mobile Safari/537.36 (compatible; PetalBot;+https://webmaster.petalsearch.com/site/petalbot)"
212.237.53.115 - - [25/Apr/2021:21:32:34 +0200] "HEAD / HTTP/1.1" 200 0 "-" "Alert_Alligator_webmonitoring_service_1.6.3_(alertalligator.com)"
114.119.150.45 - - [25/Apr/2021:21:33:10 +0200] "GET /aktualis_elemei/mszforum.html HTTP/1.1" 200 7326 "-" "Mozilla/5.0 (Linux; Android 7.0;) AppleWebKit/537.36 (KHTML, like Gecko) Mobile Safari/537.36 (compatible; PetalBot;+https://webmaster.petalsearch.com/site/petalbot)"
44.242.163.228 - - [25/Apr/2021:22:05:13 +0200] "GET / HTTP/1.1" 200 884 "-" "Mozilla/5.0 (Macintosh; Intel Mac OS X 10_8_3) AppleWebKit/537.31 (KHTML, like Gecko) Chrome/26.0.1410.65 Safari/537.31"
40.77.167.43 - - [25/Apr/2021:22:20:13 +0200] "GET /robots.txt HTTP/1.1" 404 1181 "-" "Mozilla/5.0 (compatible; bingbot/2.0; +http://www.bing.com/bingbot.htm)"
207.46.13.19 - - [25/Apr/2021:22:20:20 +0200] "GET /aktualis_elemei/bio2szulinap_elemei/image092.jpg HTTP/1.1" 200 7352 "-" "Mozilla/5.0 (compatible; bingbot/2.0; +http://www.bing.com/bingbot.htm)"
114.119.139.201 - - [25/Apr/2021:22:28:18 +0200] "GET / HTTP/1.1" 200 884 "-" "Mozilla/5.0 (Linux; Android 7.0;) AppleWebKit/537.36 (KHTML, like Gecko) Mobile Safari/537.36 (compatible; PetalBot;+https://webmaster.petalsearch.com/site/petalbot)"
49.12.13.109 - - [25/Apr/2021:22:31:38 +0200] "HEAD / HTTP/1.1" 200 0 "-" "Alert_Alligator_webmonitoring_service_1.6.3_(alertalligator.com)"
54.36.148.161 - - [25/Apr/2021:23:23:37 +0200] "GET /robots.txt HTTP/1.1" 404 1181 "-" "Mozilla/5.0 (compatible; AhrefsBot/7.0; +http://ahrefs.com/robot/)"
207.46.13.19 - - [25/Apr/2021:23:26:46 +0200] "GET /aktualis_elemei/bio2szulinap_elemei/image112.jpg HTTP/1.1" 200 8269 "-" "Mozilla/5.0 (compatible; bingbot/2.0; +http://www.bing.com/bingbot.htm)"
212.237.23.143 - - [25/Apr/2021:23:30:51 +0200] "HEAD / HTTP/1.1" 200 0 "-" "Alert_Alligator_webmonitoring_service_1.6.3_(alertalligator.com)"
5.34.180.192 - - [25/Apr/2021:23:37:23 +0200] "GET / HTTP/1.1" 200 884 "https://exci.ru/" "Mozilla/4.0 (compatible; MSIE 6.0; Windows NT 5.0; APC; .NET CLR 1.0.3705; .NET CLR 1.1.4322; .NET CLR 2.0.50215; InfoPath.1)"
5.34.180.192 - - [25/Apr/2021:23:37:23 +0200] "GET / HTTP/1.1" 200 884 "https://exci.ru/" "Mozilla/4.0 (compatible; MSIE 6.0; Windows NT 5.0; APC; .NET CLR 1.0.3705; .NET CLR 1.1.4322; .NET CLR 2.0.50215; InfoPath.1)"
5.34.180.192 - - [25/Apr/2021:23:37:24 +0200] "GET / HTTP/1.1" 200 884 "https://exci.ru/" "Mozilla/4.0 (compatible; MSIE 6.0; Windows NT 5.0; APC; .NET CLR 1.0.3705; .NET CLR 1.1.4322; .NET CLR 2.0.50215; InfoPath.1)"
40.77.167.43 - - [25/Apr/2021:23:42:09 +0200] "GET /robots.txt HTTP/1.1" 404 1181 "-" "Mozilla/5.0 (compatible; bingbot/2.0; +http://www.bing.com/bingbot.htm)"
207.46.13.35 - - [25/Apr/2021:23:42:12 +0200] "GET /aktualis_elemei/bio2szulinap_elemei/image062.jpg HTTP/1.1" 200 10742 "-" "Mozilla/5.0 (compatible; bingbot/2.0; +http://www.bing.com/bingbot.htm)"
114.119.134.152 - - [25/Apr/2021:23:47:12 +0200] "GET / HTTP/1.1" 200 884 "-" "Mozilla/5.0 (Linux; Android 7.0;) AppleWebKit/537.36 (KHTML, like Gecko) Mobile Safari/537.36 (compatible; PetalBot;+https://webmaster.petalsearch.com/site/petalbot)"
114.119.141.152 - - [25/Apr/2021:23:53:58 +0200] "GET / HTTP/1.1" 200 884 "-" "Mozilla/5.0 (Linux; Android 7.0;) AppleWebKit/537.36 (KHTML, like Gecko) Mobile Safari/537.36 (compatible; PetalBot;+https://webmaster.petalsearch.com/site/petalbot)"
207.46.13.100 - - [26/Apr/2021:00:24:25 +0200] "GET /aktualis_elemei/bio2szulinap_elemei/image138.jpg HTTP/1.1" 200 9822 "-" "Mozilla/5.0 (compatible; bingbot/2.0; +http://www.bing.com/bingbot.htm)"
159.69.145.50 - - [26/Apr/2021:00:30:45 +0200] "HEAD / HTTP/1.1" 200 0 "-" "Alert_Alligator_webmonitoring_service_1.6.3_(alertalligator.com)"
207.46.13.39 - - [26/Apr/2021:00:40:23 +0200] "GET /aktualis_elemei/bio2szulinap_elemei/image038.jpg HTTP/1.1" 200 14459 "-" "Mozilla/5.0 (compatible; bingbot/2.0; +http://www.bing.com/bingbot.htm)"
207.46.13.39 - - [26/Apr/2021:01:13:37 +0200] "GET /aktualis_elemei/fnhv_elemei/image008.jpg HTTP/1.1" 200 12119 "-" "Mozilla/5.0 (compatible; bingbot/2.0; +http://www.bing.com/bingbot.htm)"
207.46.13.91 - - [26/Apr/2021:01:18:11 +0200] "GET /aktualis_elemei/hulladek-klima.humusz_elemei/image006.jpg HTTP/1.1" 200 15684 "-" "Mozilla/5.0 (compatible; bingbot/2.0; +http://www.bing.com/bingbot.htm)"
114.119.141.100 - - [26/Apr/2021:01:19:25 +0200] "GET /archiv.html HTTP/1.1" 200 100991 "-" "Mozilla/5.0 (Linux; Android 7.0;) AppleWebKit/537.36 (KHTML, like Gecko) Mobile Safari/537.36 (compatible; PetalBot;+https://webmaster.petalsearch.com/site/petalbot)"
114.119.129.189 - - [26/Apr/2021:01:22:23 +0200] "GET /aktualis_elemei/bioarak%2009.07.html HTTP/1.1" 200 504057 "-" "Mozilla/5.0 (Linux; Android 7.0;) AppleWebKit/537.36 (KHTML, like Gecko) Mobile Safari/537.36 (compatible; PetalBot;+https://webmaster.petalsearch.com/site/petalbot)"
159.69.145.50 - - [26/Apr/2021:01:29:45 +0200] "HEAD / HTTP/1.1" 200 0 "-" "Alert_Alligator_webmonitoring_service_1.6.3_(alertalligator.com)"
168.119.229.248 - - [26/Apr/2021:01:47:45 +0200] "GET / HTTP/1.1" 200 884 "-" "Mozilla/5.0 (Macintosh; Intel Mac OS X 10_12_6) AppleWebKit/604.1.38 (KHTML, like Gecko) Version/11.0 Safari/604.1.38"
54.218.93.54 - - [26/Apr/2021:01:59:46 +0200] "GET / HTTP/1.1" 200 884 "-" "Mozilla/5.0 (Macintosh; Intel Mac OS X 10_8_3) AppleWebKit/537.31 (KHTML, like Gecko) Chrome/26.0.1410.65 Safari/537.31"
114.119.146.41 - - [26/Apr/2021:02:00:09 +0200] "GET /robots.txt HTTP/1.1" 404 1181 "-" "Mozilla/5.0 (compatible;PetalBot;+https://webmaster.petalsearch.com/site/petalbot)"
207.46.13.19 - - [26/Apr/2021:02:06:11 +0200] "GET / HTTP/1.1" 200 884 "-" "Mozilla/5.0 (compatible; bingbot/2.0; +http://www.bing.com/bingbot.htm)"
159.69.145.50 - - [26/Apr/2021:02:28:48 +0200] "HEAD / HTTP/1.1" 200 0 "-" "Alert_Alligator_webmonitoring_service_1.6.3_(alertalligator.com)"
114.119.131.202 - - [26/Apr/2021:02:50:07 +0200] "GET / HTTP/1.1" 200 884 "-" "Mozilla/5.0 (Linux; Android 7.0;) AppleWebKit/537.36 (KHTML, like Gecko) Mobile Safari/537.36 (compatible; PetalBot;+https://webmaster.petalsearch.com/site/petalbot)"
114.119.146.111 - - [26/Apr/2021:03:06:09 +0200] "GET / HTTP/1.1" 200 884 "-" "Mozilla/5.0 (Linux; Android 7.0;) AppleWebKit/537.36 (KHTML, like Gecko) Mobile Safari/537.36 (compatible; PetalBot;+https://webmaster.petalsearch.com/site/petalbot)"
195.123.209.118 - - [26/Apr/2021:03:30:28 +0200] "GET / HTTP/1.1" 200 884 "http://livesex-amateure.info/" "Mozilla/4.0 (compatible; MSIE 6.0; Windows NT 5.1; Deepnet Explorer 1.5.0; .NET CLR 1.0.3705)"
195.123.209.118 - - [26/Apr/2021:03:30:28 +0200] "GET / HTTP/1.1" 200 884 "http://livesex-amateure.info/" "Mozilla/4.0 (compatible; MSIE 6.0; Windows NT 5.1; Deepnet Explorer 1.5.0; .NET CLR 1.0.3705)"
195.123.209.118 - - [26/Apr/2021:03:30:28 +0200] "GET / HTTP/1.1" 200 884 "http://livesex-amateure.info/" "Mozilla/4.0 (compatible; MSIE 6.0; Windows NT 5.1; Deepnet Explorer 1.5.0; .NET CLR 1.0.3705)"
212.237.23.143 - - [26/Apr/2021:03:30:28 +0200] "HEAD / HTTP/1.1" 200 0 "-" "Alert_Alligator_webmonitoring_service_1.6.3_(alertalligator.com)"
114.119.152.149 - - [26/Apr/2021:03:30:33 +0200] "GET / HTTP/1.1" 200 884 "-" "Mozilla/5.0 (Linux; Android 7.0;) AppleWebKit/537.36 (KHTML, like Gecko) Mobile Safari/537.36 (compatible; PetalBot;+https://webmaster.petalsearch.com/site/petalbot)"
40.77.167.66 - - [26/Apr/2021:03:47:32 +0200] "GET /aktualis_elemei/katonai_elemei/image002.jpg HTTP/1.1" 200 34104 "-" "Mozilla/5.0 (compatible; bingbot/2.0; +http://www.bing.com/bingbot.htm)"
54.36.148.144 - - [26/Apr/2021:03:49:23 +0200] "GET / HTTP/1.1" 200 884 "-" "Mozilla/5.0 (compatible; AhrefsBot/7.0; +http://ahrefs.com/robot/)"
49.12.13.109 - - [26/Apr/2021:04:29:34 +0200] "HEAD / HTTP/1.1" 200 0 "-" "Alert_Alligator_webmonitoring_service_1.6.3_(alertalligator.com)"
49.232.100.129 - - [26/Apr/2021:05:03:42 +0200] "GET /xmlrpc.php HTTP/1.1" 404 1181 "-" "Mozilla/5.0 (Windows NT 6.1; WOW64; rv:45.0) Gecko/20100101 Firefox/45.0"
212.237.23.143 - - [26/Apr/2021:05:28:38 +0200] "HEAD / HTTP/1.1" 200 0 "-" "Alert_Alligator_webmonitoring_service_1.6.3_(alertalligator.com)"
207.46.13.88 - - [26/Apr/2021:05:53:23 +0200] "GET /aktualis_elemei/fnhv_elemei/image022.jpg HTTP/1.1" 200 9202 "-" "Mozilla/5.0 (compatible; bingbot/2.0; +http://www.bing.com/bingbot.htm)"
114.119.132.9 - - [26/Apr/2021:05:57:04 +0200] "GET /aktualis.html HTTP/1.1" 200 104235 "-" "Mozilla/5.0 (Linux; Android 7.0;) AppleWebKit/537.36 (KHTML, like Gecko) Mobile Safari/537.36 (compatible; PetalBot;+https://webmaster.petalsearch.com/site/petalbot)"
114.119.155.233 - - [26/Apr/2021:06:12:50 +0200] "GET /aktualis_elemei/biovasarszombat.html HTTP/1.1" 200 12258 "-" "Mozilla/5.0 (Linux; Android 7.0;) AppleWebKit/537.36 (KHTML, like Gecko) Mobile Safari/537.36 (compatible; PetalBot;+https://webmaster.petalsearch.com/site/petalbot)"
207.46.13.88 - - [26/Apr/2021:06:20:26 +0200] "GET /aktualis_elemei/bio2szulinap_elemei/image012.jpg HTTP/1.1" 200 11039 "-" "Mozilla/5.0 (compatible; bingbot/2.0; +http://www.bing.com/bingbot.htm)"
207.46.13.39 - - [26/Apr/2021:06:21:16 +0200] "GET /aktualis_elemei/bio2szulinap_elemei/image002.jpg HTTP/1.1" 200 13498 "-" "Mozilla/5.0 (compatible; bingbot/2.0; +http://www.bing.com/bingbot.htm)"
159.69.145.50 - - [26/Apr/2021:06:27:40 +0200] "HEAD / HTTP/1.1" 200 0 "-" "Alert_Alligator_webmonitoring_service_1.6.3_(alertalligator.com)"
114.119.155.44 - - [26/Apr/2021:06:42:56 +0200] "GET /aktualis_elemei/feleslegesaruk.html HTTP/1.1" 200 36259 "-" "Mozilla/5.0 (Linux; Android 7.0;) AppleWebKit/537.36 (KHTML, like Gecko) Mobile Safari/537.36 (compatible; PetalBot;+https://webmaster.petalsearch.com/site/petalbot)"
207.46.13.39 - - [26/Apr/2021:07:20:52 +0200] "GET /aktualis_elemei/bio2szulinap_elemei/image142.jpg HTTP/1.1" 200 9654 "-" "Mozilla/5.0 (compatible; bingbot/2.0; +http://www.bing.com/bingbot.htm)"
159.69.145.50 - - [26/Apr/2021:07:27:04 +0200] "HEAD / HTTP/1.1" 200 0 "-" "Alert_Alligator_webmonitoring_service_1.6.3_(alertalligator.com)"
40.77.167.80 - - [26/Apr/2021:07:36:21 +0200] "GET /aktualis_elemei/bio2szulinap_elemei/image022.jpg HTTP/1.1" 200 11114 "-" "Mozilla/5.0 (compatible; bingbot/2.0; +http://www.bing.com/bingbot.htm)"
40.77.167.66 - - [26/Apr/2021:07:53:36 +0200] "GET /aktualis_elemei/bio2szulinap_elemei/image004.jpg HTTP/1.1" 200 9638 "-" "Mozilla/5.0 (compatible; bingbot/2.0; +http://www.bing.com/bingbot.htm)"
159.69.145.50 - - [26/Apr/2021:08:26:21 +0200] "HEAD / HTTP/1.1" 200 0 "-" "Alert_Alligator_webmonitoring_service_1.6.3_(alertalligator.com)"
54.155.226.11 - - [26/Apr/2021:09:07:04 +0200] "GET / HTTP/1.1" 200 884 "-" "Mozilla/5.0 (Macintosh; Intel Mac OS X 10.15; rv:81.0) Gecko/20100101 Firefox/81.0"
212.237.23.143 - - [26/Apr/2021:09:25:24 +0200] "HEAD / HTTP/1.1" 200 0 "-" "Alert_Alligator_webmonitoring_service_1.6.3_(alertalligator.com)"
114.119.150.85 - - [26/Apr/2021:09:26:39 +0200] "GET /aktualis_elemei/bbbekagyar.html HTTP/1.1" 200 11951 "-" "Mozilla/5.0 (Linux; Android 7.0;) AppleWebKit/537.36 (KHTML, like Gecko) Mobile Safari/537.36 (compatible; PetalBot;+https://webmaster.petalsearch.com/site/petalbot)"
82.209.130.197 - - [26/Apr/2021:09:33:33 +0200] "GET / HTTP/1.1" 200 884 "-" "Mozilla/5.0 (Windows NT 10.0; Win64; x64) AppleWebKit/537.36 (KHTML, like Gecko) Chrome/89.0.4389.128 Safari/537.36"
82.209.130.197 - - [26/Apr/2021:09:33:34 +0200] "GET /pattern.jpg HTTP/1.1" 200 13798 "http://www.greenaction.hu/" "Mozilla/5.0 (Windows NT 10.0; Win64; x64) AppleWebKit/537.36 (KHTML, like Gecko) Chrome/89.0.4389.128 Safari/537.36"
82.209.130.197 - - [26/Apr/2021:09:33:34 +0200] "GET /favicon.ico HTTP/1.1" 404 1181 "http://www.greenaction.hu/" "Mozilla/5.0 (Windows NT 10.0; Win64; x64) AppleWebKit/537.36 (KHTML, like Gecko) Chrome/89.0.4389.128 Safari/537.36"
35.245.188.175 - - [26/Apr/2021:09:38:44 +0200] "GET /kiadvany/riport.pdf HTTP/1.1" 200 388219 "-" "Mozilla/5.0 (Windows NT 6.1; WOW64; Trident/7.0; rv:11.0) like Gecko"
35.245.188.175 - - [26/Apr/2021:09:38:45 +0200] "GET /kiadvany/riport.pdf HTTP/1.1" 200 619392 "-" "Mozilla/5.0 (Windows NT 6.1; WOW64; Trident/7.0; rv:11.0) like Gecko"
114.119.129.189 - - [26/Apr/2021:09:47:38 +0200] "GET /aktualis_elemei/bio2szulinap.html HTTP/1.1" 200 71694 "-" "Mozilla/5.0 (Linux; Android 7.0;) AppleWebKit/537.36 (KHTML, like Gecko) Mobile Safari/537.36 (compatible; PetalBot;+https://webmaster.petalsearch.com/site/petalbot)"
114.119.129.189 - - [26/Apr/2021:09:52:19 +0200] "GET /archiv_elemei/veszhullgytc.html HTTP/1.1" 200 16844 "-" "Mozilla/5.0 (Linux; Android 7.0;) AppleWebKit/537.36 (KHTML, like Gecko) Mobile Safari/537.36 (compatible; PetalBot;+https://webmaster.petalsearch.com/site/petalbot)"
114.119.135.30 - - [26/Apr/2021:10:06:44 +0200] "GET /robots.txt HTTP/1.1" 404 1181 "-" "Mozilla/5.0 (compatible;PetalBot;+https://webmaster.petalsearch.com/site/petalbot)"
159.69.145.50 - - [26/Apr/2021:10:24:25 +0200] "HEAD / HTTP/1.1" 200 0 "-" "Alert_Alligator_webmonitoring_service_1.6.3_(alertalligator.com)"
114.119.150.85 - - [26/Apr/2021:10:52:21 +0200] "GET /aktualis_elemei/ausztriaut_elemei/image013.jpg HTTP/1.1" 404 1181 "-" "Mozilla/5.0 (Linux; Android 7.0;) AppleWebKit/537.36 (KHTML, like Gecko) Mobile Safari/537.36 (compatible; PetalBot;+https://webmaster.petalsearch.com/site/petalbot)"
114.119.132.9 - - [26/Apr/2021:11:04:01 +0200] "GET /archiv_elemei/acitc.html HTTP/1.1" 200 13312 "-" "Mozilla/5.0 (Linux; Android 7.0;) AppleWebKit/537.36 (KHTML, like Gecko) Mobile Safari/537.36 (compatible; PetalBot;+https://webmaster.petalsearch.com/site/petalbot)"
159.69.145.50 - - [26/Apr/2021:11:23:29 +0200] "HEAD / HTTP/1.1" 200 0 "-" "Alert_Alligator_webmonitoring_service_1.6.3_(alertalligator.com)"
159.69.145.50 - - [26/Apr/2021:12:22:40 +0200] "HEAD / HTTP/1.1" 200 0 "-" "Alert_Alligator_webmonitoring_service_1.6.3_(alertalligator.com)"
159.69.145.50 - - [26/Apr/2021:13:21:52 +0200] "HEAD / HTTP/1.1" 200 0 "-" "Alert_Alligator_webmonitoring_service_1.6.3_(alertalligator.com)"
54.36.148.19 - - [26/Apr/2021:14:20:48 +0200] "GET / HTTP/1.1" 200 884 "-" "Mozilla/5.0 (compatible; AhrefsBot/7.0; +http://ahrefs.com/robot/)"
49.12.13.109 - - [26/Apr/2021:14:20:56 +0200] "HEAD / HTTP/1.1" 200 0 "-" "Alert_Alligator_webmonitoring_service_1.6.3_(alertalligator.com)"
42.236.10.108 - - [26/Apr/2021:14:55:09 +0200] "GET / HTTP/1.1" 200 884 "http://www.greenaction.hu/" "Mozilla/5.0 (Windows NT 6.1; WOW64) AppleWebKit/537.36 (KHTML, like Gecko) Chrome/50.4.2661.102 Safari/537.36; 360Spider"
51.77.52.160 - - [26/Apr/2021:15:10:25 +0200] "GET / HTTP/1.1" 200 884 "-" "Mozilla/5.0 (X11; Linux x86_64) AppleWebKit/537.36 (KHTML, like Gecko) Chrome/75.0.3770.100 Safari/537.36 OPR/62.0.3331.99"
212.237.23.143 - - [26/Apr/2021:15:19:57 +0200] "HEAD / HTTP/1.1" 200 0 "-" "Alert_Alligator_webmonitoring_service_1.6.3_(alertalligator.com)"
207.46.13.19 - - [26/Apr/2021:16:09:42 +0200] "GET / HTTP/1.1" 200 884 "-" "Mozilla/5.0 (compatible; bingbot/2.0; +http://www.bing.com/bingbot.htm)"
212.237.53.115 - - [26/Apr/2021:16:19:53 +0200] "HEAD / HTTP/1.1" 200 0 "-" "Alert_Alligator_webmonitoring_service_1.6.3_(alertalligator.com)"
139.99.196.183 - - [26/Apr/2021:16:40:11 +0200] "GET /wp-login.php HTTP/1.1" 404 1181 "-" "Mozilla/5.0 (X11; Ubuntu; Linux x86_64; rv:62.0) Gecko/20100101 Firefox/62.0"
66.249.69.75 - - [26/Apr/2021:17:17:10 +0200] "GET /robots.txt HTTP/1.1" 404 1181 "-" "Mozilla/5.0 (compatible; Googlebot/2.1; +http://www.google.com/bot.html)"
66.249.69.73 - - [26/Apr/2021:17:17:10 +0200] "GET /aktualis_elemei/bio2szulinap_elemei/image126.jpg HTTP/1.1" 200 9363 "-" "Googlebot-Image/1.0"
212.237.53.115 - - [26/Apr/2021:17:18:59 +0200] "HEAD / HTTP/1.1" 200 0 "-" "Alert_Alligator_webmonitoring_service_1.6.3_(alertalligator.com)"
207.46.13.39 - - [26/Apr/2021:17:28:10 +0200] "GET /aktualis_elemei/bio2szulinap_elemei/image134.jpg HTTP/1.1" 200 10678 "-" "Mozilla/5.0 (compatible; bingbot/2.0; +http://www.bing.com/bingbot.htm)"
207.46.13.39 - - [26/Apr/2021:17:54:21 +0200] "GET /aktualis_elemei/fnhv_elemei/image013.jpg HTTP/1.1" 200 12875 "-" "Mozilla/5.0 (compatible; bingbot/2.0; +http://www.bing.com/bingbot.htm)"
207.46.13.39 - - [26/Apr/2021:17:57:11 +0200] "GET /aktualis_elemei/bio2szulinap_elemei/image032.jpg HTTP/1.1" 200 16073 "-" "Mozilla/5.0 (compatible; bingbot/2.0; +http://www.bing.com/bingbot.htm)"
159.69.145.50 - - [26/Apr/2021:18:18:00 +0200] "HEAD / HTTP/1.1" 200 0 "-" "Alert_Alligator_webmonitoring_service_1.6.3_(alertalligator.com)"
66.249.69.77 - - [26/Apr/2021:18:53:46 +0200] "GET /kiadvany/miskolchvte.pdf HTTP/1.1" 304 - "-" "Mozilla/5.0 (Linux; Android 6.0.1; Nexus 5X Build/MMB29P) AppleWebKit/537.36 (KHTML, like Gecko) Chrome/90.0.4430.80 Mobile Safari/537.36 (compatible; Googlebot/2.1; +http://www.google.com/bot.html)"
49.12.13.109 - - [26/Apr/2021:19:17:27 +0200] "HEAD / HTTP/1.1" 200 0 "-" "Alert_Alligator_webmonitoring_service_1.6.3_(alertalligator.com)"
207.46.13.39 - - [26/Apr/2021:19:30:59 +0200] "GET /aktualis_elemei/fnhv_elemei/image015.jpg HTTP/1.1" 200 11818 "-" "Mozilla/5.0 (compatible; bingbot/2.0; +http://www.bing.com/bingbot.htm)"
54.36.148.149 - - [26/Apr/2021:19:35:45 +0200] "GET / HTTP/1.1" 200 884 "-" "Mozilla/5.0 (compatible; AhrefsBot/7.0; +http://ahrefs.com/robot/)"
89.132.170.248 - - [26/Apr/2021:19:58:18 +0200] "GET /kiadvany/miskolchvte.pdf HTTP/1.1" 200 4059249 "https://www.google.com/" "Mozilla/5.0 (Windows NT 6.1; rv:88.0) Gecko/20100101 Firefox/88.0"
66.249.69.73 - - [26/Apr/2021:20:10:42 +0200] "GET /aktualis_elemei/bio2szulinap_elemei/image136.jpg HTTP/1.1" 200 7982 "-" "Googlebot-Image/1.0"
42.236.10.77 - - [26/Apr/2021:20:11:13 +0200] "GET / HTTP/1.1" 200 884 "http://www.greenaction.hu/" "Mozilla/5.0 (Windows NT 6.1; WOW64) AppleWebKit/537.36 (KHTML, like Gecko) Chrome/50.4.2661.102 Safari/537.36; 360Spider"
159.69.145.50 - - [26/Apr/2021:20:16:31 +0200] "HEAD / HTTP/1.1" 200 0 "-" "Alert_Alligator_webmonitoring_service_1.6.3_(alertalligator.com)"
162.210.196.130 - - [26/Apr/2021:20:44:32 +0200] "GET /robots.txt HTTP/1.1" 404 1181 "-" "Mozilla/5.0 (compatible; MJ12bot/v1.4.8; http://mj12bot.com/)"
162.210.196.130 - - [26/Apr/2021:20:44:34 +0200] "GET / HTTP/1.1" 200 884 "-" "Mozilla/5.0 (compatible; MJ12bot/v1.4.8; http://mj12bot.com/)"
114.119.128.39 - - [26/Apr/2021:20:59:12 +0200] "GET /robots.txt HTTP/1.1" 404 1181 "-" "Mozilla/5.0 (compatible;PetalBot;+https://webmaster.petalsearch.com/site/petalbot)"
40.77.167.66 - - [26/Apr/2021:21:13:53 +0200] "GET /aktualis_elemei/bio2szulinap_elemei/image016.jpg HTTP/1.1" 200 7778 "-" "Mozilla/5.0 (compatible; bingbot/2.0; +http://www.bing.com/bingbot.htm)"
212.237.53.115 - - [26/Apr/2021:21:16:47 +0200] "HEAD / HTTP/1.1" 200 0 "-" "Alert_Alligator_webmonitoring_service_1.6.3_(alertalligator.com)"
212.237.23.143 - - [26/Apr/2021:22:16:45 +0200] "HEAD / HTTP/1.1" 200 0 "-" "Alert_Alligator_webmonitoring_service_1.6.3_(alertalligator.com)"
66.249.69.73 - - [26/Apr/2021:22:29:07 +0200] "GET /aktualis_elemei/fnhv_elemei/image019.jpg HTTP/1.1" 200 14857 "-" "Googlebot-Image/1.0"
195.123.209.118 - - [26/Apr/2021:22:53:45 +0200] "GET / HTTP/1.1" 200 884 "https://nano-dent.com/" "Mozilla/4.0 (compatible; MSIE 6.0; Windows NT 5.0; APC; .NET CLR 1.0.3705; .NET CLR 1.1.4322; .NET CLR 2.0.50215; InfoPath.1)"
195.123.209.118 - - [26/Apr/2021:22:53:45 +0200] "GET / HTTP/1.1" 200 884 "https://nano-dent.com/" "Mozilla/4.0 (compatible; MSIE 6.0; Windows NT 5.0; APC; .NET CLR 1.0.3705; .NET CLR 1.1.4322; .NET CLR 2.0.50215; InfoPath.1)"
195.123.209.118 - - [26/Apr/2021:22:53:46 +0200] "GET / HTTP/1.1" 200 884 "https://nano-dent.com/" "Mozilla/4.0 (compatible; MSIE 6.0; Windows NT 5.0; APC; .NET CLR 1.0.3705; .NET CLR 1.1.4322; .NET CLR 2.0.50215; InfoPath.1)"
86.106.74.211 - - [26/Apr/2021:23:09:48 +0200] "GET / HTTP/1.1" 200 884 "-" "python-requests/2.24.0"
159.69.145.50 - - [26/Apr/2021:23:15:49 +0200] "HEAD / HTTP/1.1" 200 0 "-" "Alert_Alligator_webmonitoring_service_1.6.3_(alertalligator.com)"
66.249.69.75 - - [27/Apr/2021:00:01:18 +0200] "GET /aktualis_elemei/fnhv_elemei/image016.jpg HTTP/1.1" 200 12069 "-" "Googlebot-Image/1.0"
212.237.53.115 - - [27/Apr/2021:00:14:56 +0200] "HEAD / HTTP/1.1" 200 0 "-" "Alert_Alligator_webmonitoring_service_1.6.3_(alertalligator.com)"
54.36.149.30 - - [27/Apr/2021:00:58:12 +0200] "GET /robots.txt HTTP/1.1" 404 1181 "-" "Mozilla/5.0 (compatible; AhrefsBot/7.0; +http://ahrefs.com/robot/)"
54.36.148.149 - - [27/Apr/2021:00:58:13 +0200] "GET / HTTP/1.1" 200 884 "-" "Mozilla/5.0 (compatible; AhrefsBot/7.0; +http://ahrefs.com/robot/)"
159.69.145.50 - - [27/Apr/2021:01:13:58 +0200] "HEAD / HTTP/1.1" 200 0 "-" "Alert_Alligator_webmonitoring_service_1.6.3_(alertalligator.com)"
178.150.47.62 - - [27/Apr/2021:01:29:52 +0200] "GET / HTTP/1.1" 200 884 "https://aviastrana.online/" "Mozilla/4.0 (compatible; MSIE 6.0; Windows NT 5.1; SV1; Media Center PC"
178.150.47.62 - - [27/Apr/2021:01:29:52 +0200] "GET / HTTP/1.1" 200 884 "https://aviastrana.online/" "Mozilla/4.0 (compatible; MSIE 6.0; Windows NT 5.1; SV1; Media Center PC"
178.150.47.62 - - [27/Apr/2021:01:29:53 +0200] "GET / HTTP/1.1" 200 884 "https://aviastrana.online/" "Mozilla/4.0 (compatible; MSIE 6.0; Windows NT 5.1; SV1; Media Center PC"
207.46.13.19 - - [27/Apr/2021:01:37:20 +0200] "GET / HTTP/1.1" 200 884 "-" "Mozilla/5.0 (compatible; bingbot/2.0; +http://www.bing.com/bingbot.htm)"
114.119.150.85 - - [27/Apr/2021:01:42:22 +0200] "GET /aktualis_elemei/bbbekagyart%20elozetes.html HTTP/1.1" 200 9699 "-" "Mozilla/5.0 (Linux; Android 7.0;) AppleWebKit/537.36 (KHTML, like Gecko) Mobile Safari/537.36 (compatible; PetalBot;+https://webmaster.petalsearch.com/site/petalbot)"
66.249.69.75 - - [27/Apr/2021:01:57:42 +0200] "GET /aktualis_elemei/fnhv_elemei/image001.jpg HTTP/1.1" 200 11658 "-" "Googlebot-Image/1.0"
66.249.69.143 - - [27/Apr/2021:02:04:03 +0200] "GET /robots.txt HTTP/1.1" 404 1181 "-" "Mozilla/5.0 (compatible; Googlebot/2.1; +http://www.google.com/bot.html)"
66.249.69.143 - - [27/Apr/2021:02:04:04 +0200] "GET / HTTP/1.1" 200 884 "-" "Mozilla/5.0 (compatible; Googlebot/2.1; +http://www.google.com/bot.html)"
114.119.153.38 - - [27/Apr/2021:02:06:42 +0200] "GET / HTTP/1.1" 200 884 "-" "Mozilla/5.0 (Linux; Android 7.0;) AppleWebKit/537.36 (KHTML, like Gecko) Mobile Safari/537.36 (compatible; PetalBot;+https://webmaster.petalsearch.com/site/petalbot)"
49.12.13.109 - - [27/Apr/2021:02:13:05 +0200] "HEAD / HTTP/1.1" 200 0 "-" "Alert_Alligator_webmonitoring_service_1.6.3_(alertalligator.com)"
114.119.146.244 - - [27/Apr/2021:02:34:17 +0200] "GET /hirek/fn_rovid.pdf HTTP/1.1" 200 77231 "-" "Mozilla/5.0 (Linux; Android 7.0;) AppleWebKit/537.36 (KHTML, like Gecko) Mobile Safari/537.36 (compatible; PetalBot;+https://webmaster.petalsearch.com/site/petalbot)"
34.86.35.22 - - [27/Apr/2021:02:44:13 +0200] "GET / HTTP/1.1" 200 884 "-" "Expanse, a Palo Alto Networks company, searches across the global IPv4 space multiple times per day to identify customers' presences on the Internet. If you would like to be excluded from our scans, please send IP addresses/domains to: scaninfo@paloaltonetworks.com"
114.119.132.9 - - [27/Apr/2021:02:45:35 +0200] "GET /aktualis_elemei/fnhv.html HTTP/1.1" 200 48118 "-" "Mozilla/5.0 (Linux; Android 7.0;) AppleWebKit/537.36 (KHTML, like Gecko) Mobile Safari/537.36 (compatible; PetalBot;+https://webmaster.petalsearch.com/site/petalbot)"
212.237.51.151 - - [27/Apr/2021:03:12:09 +0200] "HEAD / HTTP/1.1" 200 0 "-" "Alert_Alligator_webmonitoring_service_1.6.3_(alertalligator.com)"
114.119.141.100 - - [27/Apr/2021:03:40:44 +0200] "GET /archiv_elemei/belvarostc.html HTTP/1.1" 200 12601 "-" "Mozilla/5.0 (Linux; Android 7.0;) AppleWebKit/537.36 (KHTML, like Gecko) Mobile Safari/537.36 (compatible; PetalBot;+https://webmaster.petalsearch.com/site/petalbot)"
159.69.145.50 - - [27/Apr/2021:04:11:11 +0200] "HEAD / HTTP/1.1" 200 0 "-" "Alert_Alligator_webmonitoring_service_1.6.3_(alertalligator.com)"
114.119.129.189 - - [27/Apr/2021:04:23:17 +0200] "GET /aktualis_elemei/humuszkotelhuzo.html HTTP/1.1" 200 14947 "-" "Mozilla/5.0 (Linux; Android 7.0;) AppleWebKit/537.36 (KHTML, like Gecko) Mobile Safari/537.36 (compatible; PetalBot;+https://webmaster.petalsearch.com/site/petalbot)"
66.249.69.77 - - [27/Apr/2021:04:31:34 +0200] "GET /archiv_elemei/acitc_elemei/image004.jpg HTTP/1.1" 200 5323 "-" "Googlebot-Image/1.0"
40.77.167.80 - - [27/Apr/2021:04:49:08 +0200] "GET /aktualis_elemei/bio2szulinap_elemei/image106.jpg HTTP/1.1" 200 7697 "-" "Mozilla/5.0 (compatible; bingbot/2.0; +http://www.bing.com/bingbot.htm)"
114.119.145.78 - - [27/Apr/2021:05:10:33 +0200] "GET /robots.txt HTTP/1.1" 404 1181 "-" "Mozilla/5.0 (compatible;PetalBot;+https://webmaster.petalsearch.com/site/petalbot)"
212.237.23.143 - - [27/Apr/2021:05:10:39 +0200] "HEAD / HTTP/1.1" 200 0 "-" "Alert_Alligator_webmonitoring_service_1.6.3_(alertalligator.com)"
207.46.13.174 - - [27/Apr/2021:05:32:08 +0200] "GET /aktualis_elemei/bio2szulinap_elemei/image054.jpg HTTP/1.1" 200 10738 "-" "Mozilla/5.0 (compatible; bingbot/2.0; +http://www.bing.com/bingbot.htm)"
54.36.148.109 - - [27/Apr/2021:05:57:13 +0200] "GET / HTTP/1.1" 200 884 "-" "Mozilla/5.0 (compatible; AhrefsBot/7.0; +http://ahrefs.com/robot/)"
212.237.51.151 - - [27/Apr/2021:06:09:42 +0200] "HEAD / HTTP/1.1" 200 0 "-" "Alert_Alligator_webmonitoring_service_1.6.3_(alertalligator.com)"
212.237.23.143 - - [27/Apr/2021:07:09:22 +0200] "HEAD / HTTP/1.1" 200 0 "-" "Alert_Alligator_webmonitoring_service_1.6.3_(alertalligator.com)"
159.69.145.50 - - [27/Apr/2021:08:08:25 +0200] "HEAD / HTTP/1.1" 200 0 "-" "Alert_Alligator_webmonitoring_service_1.6.3_(alertalligator.com)"
114.119.130.136 - - [27/Apr/2021:08:32:37 +0200] "GET /aktualis_elemei/ausztriaut_elemei/image033.jpg HTTP/1.1" 404 1181 "-" "Mozilla/5.0 (Linux; Android 7.0;) AppleWebKit/537.36 (KHTML, like Gecko) Mobile Safari/537.36 (compatible; PetalBot;+https://webmaster.petalsearch.com/site/petalbot)"
212.237.53.115 - - [27/Apr/2021:09:07:29 +0200] "HEAD / HTTP/1.1" 200 0 "-" "Alert_Alligator_webmonitoring_service_1.6.3_(alertalligator.com)"
52.49.229.38 - - [27/Apr/2021:09:07:59 +0200] "GET / HTTP/1.1" 200 884 "-" "Mozilla/5.0 (Macintosh; Intel Mac OS X 10.15; rv:81.0) Gecko/20100101 Firefox/81.0"
114.119.132.9 - - [27/Apr/2021:09:43:27 +0200] "GET /aktualis_elemei/katonai.html HTTP/1.1" 200 22109 "-" "Mozilla/5.0 (Linux; Android 7.0;) AppleWebKit/537.36 (KHTML, like Gecko) Mobile Safari/537.36 (compatible; PetalBot;+https://webmaster.petalsearch.com/site/petalbot)"
114.119.130.136 - - [27/Apr/2021:09:48:27 +0200] "GET /aktualis_elemei/ausztriaut_elemei/image045.jpg HTTP/1.1" 404 1181 "-" "Mozilla/5.0 (Linux; Android 7.0;) AppleWebKit/537.36 (KHTML, like Gecko) Mobile Safari/537.36 (compatible; PetalBot;+https://webmaster.petalsearch.com/site/petalbot)"
212.237.51.151 - - [27/Apr/2021:10:06:31 +0200] "HEAD / HTTP/1.1" 200 0 "-" "Alert_Alligator_webmonitoring_service_1.6.3_(alertalligator.com)"
114.119.146.244 - - [27/Apr/2021:10:34:08 +0200] "GET /aktualis_elemei/ausztriaut_elemei/image025.jpg HTTP/1.1" 404 1181 "-" "Mozilla/5.0 (Linux; Android 7.0;) AppleWebKit/537.36 (KHTML, like Gecko) Mobile Safari/537.36 (compatible; PetalBot;+https://webmaster.petalsearch.com/site/petalbot)"
66.249.69.75 - - [27/Apr/2021:10:43:02 +0200] "GET /robots.txt HTTP/1.1" 404 1181 "-" "Mozilla/5.0 (compatible; Googlebot/2.1; +http://www.google.com/bot.html)"
66.249.69.73 - - [27/Apr/2021:10:43:03 +0200] "GET /hirek/fn_rovid.pdf HTTP/1.1" 200 77231 "-" "Googlebot/2.1 (+http://www.google.com/bot.html)"
114.119.150.45 - - [27/Apr/2021:10:46:53 +0200] "GET /aktualis_elemei/ausztriaut_elemei/image023.jpg HTTP/1.1" 404 1181 "-" "Mozilla/5.0 (Linux; Android 7.0;) AppleWebKit/537.36 (KHTML, like Gecko) Mobile Safari/537.36 (compatible; PetalBot;+https://webmaster.petalsearch.com/site/petalbot)"
212.237.51.151 - - [27/Apr/2021:11:05:39 +0200] "HEAD / HTTP/1.1" 200 0 "-" "Alert_Alligator_webmonitoring_service_1.6.3_(alertalligator.com)"
54.36.148.149 - - [27/Apr/2021:11:33:19 +0200] "GET / HTTP/1.1" 200 884 "-" "Mozilla/5.0 (compatible; AhrefsBot/7.0; +http://ahrefs.com/robot/)"
159.69.145.50 - - [27/Apr/2021:12:04:40 +0200] "HEAD / HTTP/1.1" 200 0 "-" "Alert_Alligator_webmonitoring_service_1.6.3_(alertalligator.com)"
84.225.167.70 - - [27/Apr/2021:12:38:21 +0200] "GET /kiadvany/miskolchvte.pdf HTTP/1.1" 200 4059249 "-" "Dalvik/2.1.0 (Linux; U; Android 10; M2004J19C MIUI/V12.0.2.0.QJCEUXM)"
162.210.196.130 - - [27/Apr/2021:12:54:27 +0200] "GET /robots.txt HTTP/1.1" 404 1181 "-" "Mozilla/5.0 (compatible; MJ12bot/v1.4.8; http://mj12bot.com/)"
162.210.196.130 - - [27/Apr/2021:12:54:29 +0200] "GET / HTTP/1.1" 200 884 "-" "Mozilla/5.0 (compatible; MJ12bot/v1.4.8; http://mj12bot.com/)"
49.12.13.109 - - [27/Apr/2021:13:03:42 +0200] "HEAD / HTTP/1.1" 200 0 "-" "Alert_Alligator_webmonitoring_service_1.6.3_(alertalligator.com)"
212.237.51.151 - - [27/Apr/2021:14:02:50 +0200] "HEAD / HTTP/1.1" 200 0 "-" "Alert_Alligator_webmonitoring_service_1.6.3_(alertalligator.com)"
159.69.145.50 - - [27/Apr/2021:15:01:53 +0200] "HEAD / HTTP/1.1" 200 0 "-" "Alert_Alligator_webmonitoring_service_1.6.3_(alertalligator.com)"
40.77.167.43 - - [27/Apr/2021:15:23:06 +0200] "GET /robots.txt HTTP/1.1" 404 1181 "-" "Mozilla/5.0 (compatible; bingbot/2.0; +http://www.bing.com/bingbot.htm)"
207.46.13.19 - - [27/Apr/2021:15:23:14 +0200] "GET / HTTP/1.1" 304 - "-" "Mozilla/5.0 (compatible; bingbot/2.0; +http://www.bing.com/bingbot.htm)"
207.46.13.19 - - [27/Apr/2021:15:33:47 +0200] "GET / HTTP/1.1" 200 884 "-" "Mozilla/5.0 (compatible; bingbot/2.0; +http://www.bing.com/bingbot.htm)"
212.237.51.151 - - [27/Apr/2021:16:00:54 +0200] "HEAD / HTTP/1.1" 200 0 "-" "Alert_Alligator_webmonitoring_service_1.6.3_(alertalligator.com)"
207.46.13.19 - - [27/Apr/2021:16:23:31 +0200] "GET /aktualis_elemei/bio2szulinap_elemei/image028.jpg HTTP/1.1" 200 12629 "-" "Mozilla/5.0 (compatible; bingbot/2.0; +http://www.bing.com/bingbot.htm)"
125.64.94.212 - - [27/Apr/2021:16:38:07 +0200] "GET /robots.txt HTTP/1.1" 404 1181 "-" "Mozilla/5.0 (Macintosh; Intel Mac OS X 10_9_4) AppleWebKit/537.36 (KHTML, like Gecko) Chrome/36.0.1985.125 Safari/537.36"
125.64.94.212 - - [27/Apr/2021:16:38:08 +0200] "GET / HTTP/1.1" 200 884 "-" "Mozilla/5.0 (Macintosh; Intel Mac OS X 10_9_4) AppleWebKit/537.36 (KHTML, like Gecko) Chrome/36.0.1985.125 Safari/537.36"
125.64.94.212 - - [27/Apr/2021:16:38:08 +0200] "GET /test_404_page/ HTTP/1.1" 404 1181 "-" "Mozilla/5.0 (Macintosh; Intel Mac OS X 10_9_4) AppleWebKit/537.36 (KHTML, like Gecko) Chrome/36.0.1985.125 Safari/537.36"
125.64.94.212 - - [27/Apr/2021:16:38:09 +0200] "GET /issmall/ HTTP/1.1" 404 1181 "-" "Mozilla/5.0 (Macintosh; Intel Mac OS X 10_9_4) AppleWebKit/537.36 (KHTML, like Gecko) Chrome/36.0.1985.125 Safari/537.36"
125.64.94.212 - - [27/Apr/2021:16:38:10 +0200] "GET /administrator/manifests/files/joomla.xml HTTP/1.1" 404 1181 "-" "Mozilla/5.0 (Macintosh; Intel Mac OS X 10_9_4) AppleWebKit/537.36 (KHTML, like Gecko) Chrome/36.0.1985.125 Safari/537.36"
125.64.94.212 - - [27/Apr/2021:16:38:10 +0200] "GET /ckeditor/ckeditor.js HTTP/1.1" 404 1181 "-" "Mozilla/5.0 (Macintosh; Intel Mac OS X 10_9_4) AppleWebKit/537.36 (KHTML, like Gecko) Chrome/36.0.1985.125 Safari/537.36"
125.64.94.212 - - [27/Apr/2021:16:38:11 +0200] "GET /docs/ HTTP/1.1" 404 1181 "-" "Mozilla/5.0 (Macintosh; Intel Mac OS X 10_9_4) AppleWebKit/537.36 (KHTML, like Gecko) Chrome/36.0.1985.125 Safari/537.36"
125.64.94.212 - - [27/Apr/2021:16:38:11 +0200] "GET /fckeditor/fckconfig.js HTTP/1.1" 404 1181 "-" "Mozilla/5.0 (Macintosh; Intel Mac OS X 10_9_4) AppleWebKit/537.36 (KHTML, like Gecko) Chrome/36.0.1985.125 Safari/537.36"
125.64.94.212 - - [27/Apr/2021:16:38:20 +0200] "GET /fckeditor/editor/dtd/fck_dtd_test.html HTTP/1.1" 404 1181 "-" "Mozilla/5.0 (Macintosh; Intel Mac OS X 10_9_4) AppleWebKit/537.36 (KHTML, like Gecko) Chrome/36.0.1985.125 Safari/537.36"
125.64.94.212 - - [27/Apr/2021:16:38:22 +0200] "GET /fckeditor/license.txt HTTP/1.1" 404 1181 "-" "Mozilla/5.0 (Macintosh; Intel Mac OS X 10_9_4) AppleWebKit/537.36 (KHTML, like Gecko) Chrome/36.0.1985.125 Safari/537.36"
125.64.94.212 - - [27/Apr/2021:16:38:25 +0200] "GET /fckeditor/editor/js/fckeditorcode_ie.js HTTP/1.1" 404 1181 "-" "Mozilla/5.0 (Macintosh; Intel Mac OS X 10_9_4) AppleWebKit/537.36 (KHTML, like Gecko) Chrome/36.0.1985.125 Safari/537.36"
125.64.94.212 - - [27/Apr/2021:16:38:27 +0200] "GET /fckeditor/fckeditor.js HTTP/1.1" 404 1181 "-" "Mozilla/5.0 (Macintosh; Intel Mac OS X 10_9_4) AppleWebKit/537.36 (KHTML, like Gecko) Chrome/36.0.1985.125 Safari/537.36"
125.64.94.212 - - [27/Apr/2021:16:38:28 +0200] "GET /FCK/editor/js/fckeditorcode_ie.js HTTP/1.1" 404 1181 "-" "Mozilla/5.0 (Macintosh; Intel Mac OS X 10_9_4) AppleWebKit/537.36 (KHTML, like Gecko) Chrome/36.0.1985.125 Safari/537.36"
125.64.94.212 - - [27/Apr/2021:16:38:28 +0200] "GET /FCK/fckeditor.js HTTP/1.1" 404 1181 "-" "Mozilla/5.0 (Macintosh; Intel Mac OS X 10_9_4) AppleWebKit/537.36 (KHTML, like Gecko) Chrome/36.0.1985.125 Safari/537.36"
125.64.94.212 - - [27/Apr/2021:16:38:33 +0200] "GET /fckeditor.js HTTP/1.1" 404 1181 "-" "Mozilla/5.0 (Macintosh; Intel Mac OS X 10_9_4) AppleWebKit/537.36 (KHTML, like Gecko) Chrome/36.0.1985.125 Safari/537.36"
125.64.94.212 - - [27/Apr/2021:16:38:33 +0200] "GET /editor/fckeditor.js HTTP/1.1" 404 1181 "-" "Mozilla/5.0 (Macintosh; Intel Mac OS X 10_9_4) AppleWebKit/537.36 (KHTML, like Gecko) Chrome/36.0.1985.125 Safari/537.36"
125.64.94.212 - - [27/Apr/2021:16:38:40 +0200] "GET /editor/js/fckeditorcode_ie.js HTTP/1.1" 404 1181 "-" "Mozilla/5.0 (Macintosh; Intel Mac OS X 10_9_4) AppleWebKit/537.36 (KHTML, like Gecko) Chrome/36.0.1985.125 Safari/537.36"
125.64.94.212 - - [27/Apr/2021:16:38:40 +0200] "GET /?q=login.destroy.session&r=0.01231231230 HTTP/1.1" 200 884 "-" "Mozilla/5.0 (Macintosh; Intel Mac OS X 10_9_4) AppleWebKit/537.36 (KHTML, like Gecko) Chrome/36.0.1985.125 Safari/537.36"
125.64.94.212 - - [27/Apr/2021:16:38:41 +0200] "GET /tpl/user/tpl1/css/skins/blue.css HTTP/1.1" 404 1181 "-" "Mozilla/5.0 (Macintosh; Intel Mac OS X 10_9_4) AppleWebKit/537.36 (KHTML, like Gecko) Chrome/36.0.1985.125 Safari/537.36"
125.64.94.212 - - [27/Apr/2021:16:38:41 +0200] "GET /favicon.ico HTTP/1.1" 404 1181 "-" "Mozilla/5.0 (Macintosh; Intel Mac OS X 10_9_4) AppleWebKit/537.36 (KHTML, like Gecko) Chrome/36.0.1985.125 Safari/537.36"
125.64.94.212 - - [27/Apr/2021:16:38:41 +0200] "GET /images/login/eyoumail.gif HTTP/1.1" 404 1181 "-" "Mozilla/5.0 (Macintosh; Intel Mac OS X 10_9_4) AppleWebKit/537.36 (KHTML, like Gecko) Chrome/36.0.1985.125 Safari/537.36"
125.64.94.212 - - [27/Apr/2021:16:38:43 +0200] "GET /images/login/logo.gif HTTP/1.1" 404 1181 "-" "Mozilla/5.0 (Macintosh; Intel Mac OS X 10_9_4) AppleWebKit/537.36 (KHTML, like Gecko) Chrome/36.0.1985.125 Safari/537.36"
125.64.94.212 - - [27/Apr/2021:16:38:44 +0200] "GET /tpl/login/user/images/login_bg_1.jpg HTTP/1.1" 404 1181 "-" "Mozilla/5.0 (Macintosh; Intel Mac OS X 10_9_4) AppleWebKit/537.36 (KHTML, like Gecko) Chrome/36.0.1985.125 Safari/537.36"
125.64.94.212 - - [27/Apr/2021:16:38:45 +0200] "GET /images/login/icon-up.gif HTTP/1.1" 404 1181 "-" "Mozilla/5.0 (Macintosh; Intel Mac OS X 10_9_4) AppleWebKit/537.36 (KHTML, like Gecko) Chrome/36.0.1985.125 Safari/537.36"
125.64.94.212 - - [27/Apr/2021:16:38:53 +0200] "GET /new_gb/help/images/usage/3.3.gif HTTP/1.1" 404 1181 "-" "Mozilla/5.0 (Macintosh; Intel Mac OS X 10_9_4) AppleWebKit/537.36 (KHTML, like Gecko) Chrome/36.0.1985.125 Safari/537.36"
125.64.94.212 - - [27/Apr/2021:16:38:54 +0200] "GET /web2/login_template/1.files/Logo1.jpg HTTP/1.1" 404 1181 "-" "Mozilla/5.0 (Macintosh; Intel Mac OS X 10_9_4) AppleWebKit/537.36 (KHTML, like Gecko) Chrome/36.0.1985.125 Safari/537.36"
125.64.94.212 - - [27/Apr/2021:16:38:55 +0200] "GET /docs.css HTTP/1.1" 404 1181 "-" "Mozilla/5.0 (Macintosh; Intel Mac OS X 10_9_4) AppleWebKit/537.36 (KHTML, like Gecko) Chrome/36.0.1985.125 Safari/537.36"
125.64.94.212 - - [27/Apr/2021:16:38:55 +0200] "GET /phpmyadmin/themes/original/img/logo_right.png HTTP/1.1" 404 1181 "-" "Mozilla/5.0 (Macintosh; Intel Mac OS X 10_9_4) AppleWebKit/537.36 (KHTML, like Gecko) Chrome/36.0.1985.125 Safari/537.36"
125.64.94.212 - - [27/Apr/2021:16:38:56 +0200] "GET /phpmyadmin/favicon.ico HTTP/1.1" 404 1181 "-" "Mozilla/5.0 (Macintosh; Intel Mac OS X 10_9_4) AppleWebKit/537.36 (KHTML, like Gecko) Chrome/36.0.1985.125 Safari/537.36"
125.64.94.212 - - [27/Apr/2021:16:38:57 +0200] "GET /phpmyadmin/docs.css HTTP/1.1" 404 1181 "-" "Mozilla/5.0 (Macintosh; Intel Mac OS X 10_9_4) AppleWebKit/537.36 (KHTML, like Gecko) Chrome/36.0.1985.125 Safari/537.36"
125.64.94.212 - - [27/Apr/2021:16:38:58 +0200] "GET /common/help/images/helplogo.gif HTTP/1.1" 404 1181 "-" "Mozilla/5.0 (Macintosh; Intel Mac OS X 10_9_4) AppleWebKit/537.36 (KHTML, like Gecko) Chrome/36.0.1985.125 Safari/537.36"
125.64.94.212 - - [27/Apr/2021:16:38:59 +0200] "GET /common/help/images/helplogo_zh.gif HTTP/1.1" 404 1181 "-" "Mozilla/5.0 (Macintosh; Intel Mac OS X 10_9_4) AppleWebKit/537.36 (KHTML, like Gecko) Chrome/36.0.1985.125 Safari/537.36"
125.64.94.212 - - [27/Apr/2021:16:39:05 +0200] "GET /coremail/common/help/images/helplogo_zh.gif HTTP/1.1" 404 1181 "-" "Mozilla/5.0 (Macintosh; Intel Mac OS X 10_9_4) AppleWebKit/537.36 (KHTML, like Gecko) Chrome/36.0.1985.125 Safari/537.36"
125.64.94.212 - - [27/Apr/2021:16:39:08 +0200] "GET /coremail/common/help/images/helplogo.gif HTTP/1.1" 404 1181 "-" "Mozilla/5.0 (Macintosh; Intel Mac OS X 10_9_4) AppleWebKit/537.36 (KHTML, like Gecko) Chrome/36.0.1985.125 Safari/537.36"
125.64.94.212 - - [27/Apr/2021:16:39:09 +0200] "GET /ckfinder/ckfinder.html HTTP/1.1" 404 1181 "-" "Mozilla/5.0 (Macintosh; Intel Mac OS X 10_9_4) AppleWebKit/537.36 (KHTML, like Gecko) Chrome/36.0.1985.125 Safari/537.36"
125.64.94.212 - - [27/Apr/2021:16:39:09 +0200] "GET /ckfinder/install.txt HTTP/1.1" 404 1181 "-" "Mozilla/5.0 (Macintosh; Intel Mac OS X 10_9_4) AppleWebKit/537.36 (KHTML, like Gecko) Chrome/36.0.1985.125 Safari/537.36"
125.64.94.212 - - [27/Apr/2021:16:39:12 +0200] "GET /ckeditor/ckfinder/ckfinder.html HTTP/1.1" 404 1181 "-" "Mozilla/5.0 (Macintosh; Intel Mac OS X 10_9_4) AppleWebKit/537.36 (KHTML, like Gecko) Chrome/36.0.1985.125 Safari/537.36"
125.64.94.212 - - [27/Apr/2021:16:39:13 +0200] "GET /ckeditor/ckfinder/install.txt HTTP/1.1" 404 1181 "-" "Mozilla/5.0 (Macintosh; Intel Mac OS X 10_9_4) AppleWebKit/537.36 (KHTML, like Gecko) Chrome/36.0.1985.125 Safari/537.36"
125.64.94.212 - - [27/Apr/2021:16:39:14 +0200] "GET /e/master/login.aspx HTTP/1.1" 404 1181 "-" "Mozilla/5.0 (Macintosh; Intel Mac OS X 10_9_4) AppleWebKit/537.36 (KHTML, like Gecko) Chrome/36.0.1985.125 Safari/537.36"
125.64.94.212 - - [27/Apr/2021:16:39:14 +0200] "GET /master/login.aspx HTTP/1.1" 404 1181 "-" "Mozilla/5.0 (Macintosh; Intel Mac OS X 10_9_4) AppleWebKit/537.36 (KHTML, like Gecko) Chrome/36.0.1985.125 Safari/537.36"
125.64.94.212 - - [27/Apr/2021:16:39:23 +0200] "GET /rss.php HTTP/1.1" 404 1181 "-" "Mozilla/5.0 (Macintosh; Intel Mac OS X 10_9_4) AppleWebKit/537.36 (KHTML, like Gecko) Chrome/36.0.1985.125 Safari/537.36"
125.64.94.212 - - [27/Apr/2021:16:39:24 +0200] "GET /admin HTTP/1.1" 404 1181 "-" "Mozilla/5.0 (Macintosh; Intel Mac OS X 10_9_4) AppleWebKit/537.36 (KHTML, like Gecko) Chrome/36.0.1985.125 Safari/537.36"
125.64.94.212 - - [27/Apr/2021:16:39:28 +0200] "GET /list.php HTTP/1.1" 404 1181 "-" "Mozilla/5.0 (Macintosh; Intel Mac OS X 10_9_4) AppleWebKit/537.36 (KHTML, like Gecko) Chrome/36.0.1985.125 Safari/537.36"
125.64.94.212 - - [27/Apr/2021:16:39:29 +0200] "GET /admin/template/article_more/config.htm HTTP/1.1" 404 1181 "-" "Mozilla/5.0 (Macintosh; Intel Mac OS X 10_9_4) AppleWebKit/537.36 (KHTML, like Gecko) Chrome/36.0.1985.125 Safari/537.36"
125.64.94.212 - - [27/Apr/2021:16:39:29 +0200] "GET /Images/login/biaoti.jpg HTTP/1.1" 404 1181 "-" "Mozilla/5.0 (Macintosh; Intel Mac OS X 10_9_4) AppleWebKit/537.36 (KHTML, like Gecko) Chrome/36.0.1985.125 Safari/537.36"
125.64.94.212 - - [27/Apr/2021:16:39:29 +0200] "GET /Images/login/lefttu.jpg HTTP/1.1" 404 1181 "-" "Mozilla/5.0 (Macintosh; Intel Mac OS X 10_9_4) AppleWebKit/537.36 (KHTML, like Gecko) Chrome/36.0.1985.125 Safari/537.36"
125.64.94.212 - - [27/Apr/2021:16:39:30 +0200] "GET /Images/login/mainlogo.gif HTTP/1.1" 404 1181 "-" "Mozilla/5.0 (Macintosh; Intel Mac OS X 10_9_4) AppleWebKit/537.36 (KHTML, like Gecko) Chrome/36.0.1985.125 Safari/537.36"
125.64.94.212 - - [27/Apr/2021:16:39:30 +0200] "GET /next/img/logo.gif HTTP/1.1" 404 1181 "-" "Mozilla/5.0 (Macintosh; Intel Mac OS X 10_9_4) AppleWebKit/537.36 (KHTML, like Gecko) Chrome/36.0.1985.125 Safari/537.36"
125.64.94.212 - - [27/Apr/2021:16:39:37 +0200] "GET /maintlogin.jsp HTTP/1.1" 404 1181 "-" "Mozilla/5.0 (Macintosh; Intel Mac OS X 10_9_4) AppleWebKit/537.36 (KHTML, like Gecko) Chrome/36.0.1985.125 Safari/537.36"
125.64.94.212 - - [27/Apr/2021:16:39:37 +0200] "GET /archiver HTTP/1.1" 404 1181 "-" "Mozilla/5.0 (Macintosh; Intel Mac OS X 10_9_4) AppleWebKit/537.36 (KHTML, like Gecko) Chrome/36.0.1985.125 Safari/537.36"
125.64.94.212 - - [27/Apr/2021:16:39:37 +0200] "GET /tools/rss.aspx HTTP/1.1" 404 1181 "-" "Mozilla/5.0 (Macintosh; Intel Mac OS X 10_9_4) AppleWebKit/537.36 (KHTML, like Gecko) Chrome/36.0.1985.125 Safari/537.36"
125.64.94.212 - - [27/Apr/2021:16:39:38 +0200] "GET /auth/login HTTP/1.1" 404 1181 "-" "Mozilla/5.0 (Macintosh; Intel Mac OS X 10_9_4) AppleWebKit/537.36 (KHTML, like Gecko) Chrome/36.0.1985.125 Safari/537.36"
125.64.94.212 - - [27/Apr/2021:16:39:40 +0200] "GET /License.txt HTTP/1.1" 404 1181 "-" "Mozilla/5.0 (Macintosh; Intel Mac OS X 10_9_4) AppleWebKit/537.36 (KHTML, like Gecko) Chrome/36.0.1985.125 Safari/537.36"
125.64.94.212 - - [27/Apr/2021:16:39:42 +0200] "GET /inc/rsd.php HTTP/1.1" 404 1181 "-" "Mozilla/5.0 (Macintosh; Intel Mac OS X 10_9_4) AppleWebKit/537.36 (KHTML, like Gecko) Chrome/36.0.1985.125 Safari/537.36"
125.64.94.212 - - [27/Apr/2021:16:39:43 +0200] "GET /Ntalker/lawfirm.aspx?17 HTTP/1.1" 404 1181 "-" "Mozilla/5.0 (Macintosh; Intel Mac OS X 10_9_4) AppleWebKit/537.36 (KHTML, like Gecko) Chrome/36.0.1985.125 Safari/537.36"
125.64.94.212 - - [27/Apr/2021:16:39:43 +0200] "GET /Search.html HTTP/1.1" 404 1181 "-" "Mozilla/5.0 (Macintosh; Intel Mac OS X 10_9_4) AppleWebKit/537.36 (KHTML, like Gecko) Chrome/36.0.1985.125 Safari/537.36"
125.64.94.212 - - [27/Apr/2021:16:39:44 +0200] "GET /help/ch_gb/images/help-title.gif HTTP/1.1" 404 1181 "-" "Mozilla/5.0 (Macintosh; Intel Mac OS X 10_9_4) AppleWebKit/537.36 (KHTML, like Gecko) Chrome/36.0.1985.125 Safari/537.36"
125.64.94.212 - - [27/Apr/2021:16:39:44 +0200] "GET /admin/index.php HTTP/1.1" 404 1181 "-" "Mozilla/5.0 (Macintosh; Intel Mac OS X 10_9_4) AppleWebKit/537.36 (KHTML, like Gecko) Chrome/36.0.1985.125 Safari/537.36"
125.64.94.212 - - [27/Apr/2021:16:39:45 +0200] "GET /images/hwem.css HTTP/1.1" 404 1181 "-" "Mozilla/5.0 (Macintosh; Intel Mac OS X 10_9_4) AppleWebKit/537.36 (KHTML, like Gecko) Chrome/36.0.1985.125 Safari/537.36"
125.64.94.212 - - [27/Apr/2021:16:39:46 +0200] "GET /admin/inc/xml.xslt HTTP/1.1" 404 1181 "-" "Mozilla/5.0 (Macintosh; Intel Mac OS X 10_9_4) AppleWebKit/537.36 (KHTML, like Gecko) Chrome/36.0.1985.125 Safari/537.36"
125.64.94.212 - - [27/Apr/2021:16:39:46 +0200] "GET /index.cgi HTTP/1.1" 404 1181 "-" "Mozilla/5.0 (Macintosh; Intel Mac OS X 10_9_4) AppleWebKit/537.36 (KHTML, like Gecko) Chrome/36.0.1985.125 Safari/537.36"
125.64.94.212 - - [27/Apr/2021:16:39:46 +0200] "GET /cgi/index.cgi HTTP/1.1" 404 1181 "-" "Mozilla/5.0 (Macintosh; Intel Mac OS X 10_9_4) AppleWebKit/537.36 (KHTML, like Gecko) Chrome/36.0.1985.125 Safari/537.36"
125.64.94.212 - - [27/Apr/2021:16:39:47 +0200] "GET /default/images/logo.gif HTTP/1.1" 404 1181 "-" "Mozilla/5.0 (Macintosh; Intel Mac OS X 10_9_4) AppleWebKit/537.36 (KHTML, like Gecko) Chrome/36.0.1985.125 Safari/537.36"
125.64.94.212 - - [27/Apr/2021:16:39:47 +0200] "GET /extman/default/images/logo.gif HTTP/1.1" 404 1181 "-" "Mozilla/5.0 (Macintosh; Intel Mac OS X 10_9_4) AppleWebKit/537.36 (KHTML, like Gecko) Chrome/36.0.1985.125 Safari/537.36"
125.64.94.212 - - [27/Apr/2021:16:40:01 +0200] "GET /index.php?m=search HTTP/1.1" 404 1181 "-" "Mozilla/5.0 (Macintosh; Intel Mac OS X 10_9_4) AppleWebKit/537.36 (KHTML, like Gecko) Chrome/36.0.1985.125 Safari/537.36"
125.64.94.212 - - [27/Apr/2021:16:40:01 +0200] "GET /index.php?m=wap HTTP/1.1" 404 1181 "-" "Mozilla/5.0 (Macintosh; Intel Mac OS X 10_9_4) AppleWebKit/537.36 (KHTML, like Gecko) Chrome/36.0.1985.125 Safari/537.36"
125.64.94.212 - - [27/Apr/2021:16:40:02 +0200] "GET /index.php?m=admin HTTP/1.1" 404 1181 "-" "Mozilla/5.0 (Macintosh; Intel Mac OS X 10_9_4) AppleWebKit/537.36 (KHTML, like Gecko) Chrome/36.0.1985.125 Safari/537.36"
125.64.94.212 - - [27/Apr/2021:16:40:03 +0200] "GET /index.php?m=admin&c=index&a=login&pc_hash= HTTP/1.1" 404 1181 "-" "Mozilla/5.0 (Macintosh; Intel Mac OS X 10_9_4) AppleWebKit/537.36 (KHTML, like Gecko) Chrome/36.0.1985.125 Safari/537.36"
125.64.94.212 - - [27/Apr/2021:16:40:05 +0200] "GET /bencandy.php HTTP/1.1" 404 1181 "-" "Mozilla/5.0 (Macintosh; Intel Mac OS X 10_9_4) AppleWebKit/537.36 (KHTML, like Gecko) Chrome/36.0.1985.125 Safari/537.36"
125.64.94.212 - - [27/Apr/2021:16:40:05 +0200] "GET /images/default/post_bt.gif HTTP/1.1" 404 1181 "-" "Mozilla/5.0 (Macintosh; Intel Mac OS X 10_9_4) AppleWebKit/537.36 (KHTML, like Gecko) Chrome/36.0.1985.125 Safari/537.36"
125.64.94.212 - - [27/Apr/2021:16:40:06 +0200] "GET /dialog/dialog.js HTTP/1.1" 404 1181 "-" "Mozilla/5.0 (Macintosh; Intel Mac OS X 10_9_4) AppleWebKit/537.36 (KHTML, like Gecko) Chrome/36.0.1985.125 Safari/537.36"
125.64.94.212 - - [27/Apr/2021:16:40:06 +0200] "GET /Editor.js HTTP/1.1" 404 1181 "-" "Mozilla/5.0 (Macintosh; Intel Mac OS X 10_9_4) AppleWebKit/537.36 (KHTML, like Gecko) Chrome/36.0.1985.125 Safari/537.36"
125.64.94.212 - - [27/Apr/2021:16:40:08 +0200] "GET /images/2_11.gif HTTP/1.1" 404 1181 "-" "Mozilla/5.0 (Macintosh; Intel Mac OS X 10_9_4) AppleWebKit/537.36 (KHTML, like Gecko) Chrome/36.0.1985.125 Safari/537.36"
125.64.94.212 - - [27/Apr/2021:16:40:09 +0200] "GET /js/buttons.js HTTP/1.1" 404 1181 "-" "Mozilla/5.0 (Macintosh; Intel Mac OS X 10_9_4) AppleWebKit/537.36 (KHTML, like Gecko) Chrome/36.0.1985.125 Safari/537.36"
125.64.94.212 - - [27/Apr/2021:16:40:10 +0200] "GET /admin/js/IdSUtil.js HTTP/1.1" 404 1181 "-" "Mozilla/5.0 (Macintosh; Intel Mac OS X 10_9_4) AppleWebKit/537.36 (KHTML, like Gecko) Chrome/36.0.1985.125 Safari/537.36"
125.64.94.212 - - [27/Apr/2021:16:40:10 +0200] "GET /ids/admin/login.jsp HTTP/1.1" 404 1181 "-" "Mozilla/5.0 (Macintosh; Intel Mac OS X 10_9_4) AppleWebKit/537.36 (KHTML, like Gecko) Chrome/36.0.1985.125 Safari/537.36"
125.64.94.212 - - [27/Apr/2021:16:40:11 +0200] "GET /ids/admin/userhome/forgetPwd.jsp HTTP/1.1" 404 1181 "-" "Mozilla/5.0 (Macintosh; Intel Mac OS X 10_9_4) AppleWebKit/537.36 (KHTML, like Gecko) Chrome/36.0.1985.125 Safari/537.36"
