148.251.195.14 - - [10/Apr/2021:09:15:15 +0200] "GET /aktualis_elemei/bbbekagyart%20elozetes.html HTTP/1.1" 200 9699 "-" "Mozilla/5.0 (compatible; MJ12bot/v1.4.8; http://mj12bot.com/)"
148.251.195.14 - - [10/Apr/2021:09:15:17 +0200] "GET /aktualis_elemei/bio2szulinap.html HTTP/1.1" 200 71694 "-" "Mozilla/5.0 (compatible; MJ12bot/v1.4.8; http://mj12bot.com/)"
148.251.195.14 - - [10/Apr/2021:09:15:19 +0200] "GET /aktualis_elemei/deneverdani.html HTTP/1.1" 200 7036 "-" "Mozilla/5.0 (compatible; MJ12bot/v1.4.8; http://mj12bot.com/)"
148.251.195.14 - - [10/Apr/2021:09:15:20 +0200] "GET /aktualis_elemei/fnh2008.html HTTP/1.1" 200 41031 "-" "Mozilla/5.0 (compatible; MJ12bot/v1.4.8; http://mj12bot.com/)"
148.251.195.14 - - [10/Apr/2021:09:15:22 +0200] "GET /aktualis_elemei/hulladek-klima.humusz.html HTTP/1.1" 200 13381 "-" "Mozilla/5.0 (compatible; MJ12bot/v1.4.8; http://mj12bot.com/)"
148.251.195.14 - - [10/Apr/2021:09:15:24 +0200] "GET /aktualis_elemei/loverecycling.html HTTP/1.1" 200 11087 "-" "Mozilla/5.0 (compatible; MJ12bot/v1.4.8; http://mj12bot.com/)"
148.251.195.14 - - [10/Apr/2021:09:15:25 +0200] "GET /aktualis_elemei/megelozes-humusz.html HTTP/1.1" 200 20947 "-" "Mozilla/5.0 (compatible; MJ12bot/v1.4.8; http://mj12bot.com/)"
148.251.195.14 - - [10/Apr/2021:09:15:27 +0200] "GET /aktualis_elemei/mszforum.html HTTP/1.1" 200 7326 "-" "Mozilla/5.0 (compatible; MJ12bot/v1.4.8; http://mj12bot.com/)"
148.251.195.14 - - [10/Apr/2021:09:15:29 +0200] "GET /archiv_elemei/lombkomposzt.html HTTP/1.1" 200 16239 "-" "Mozilla/5.0 (compatible; MJ12bot/v1.4.8; http://mj12bot.com/)"
148.251.195.14 - - [10/Apr/2021:09:15:30 +0200] "GET /archiv_elemei/zsarnaitc.html HTTP/1.1" 200 14522 "-" "Mozilla/5.0 (compatible; MJ12bot/v1.4.8; http://mj12bot.com/)"
199.58.86.209 - - [10/Apr/2021:09:15:57 +0200] "GET /robots.txt HTTP/1.1" 404 1181 "-" "Mozilla/5.0 (compatible; MJ12bot/v1.4.8; http://mj12bot.com/)"
199.58.86.209 - - [10/Apr/2021:09:16:00 +0200] "GET / HTTP/1.1" 200 884 "-" "Mozilla/5.0 (compatible; MJ12bot/v1.4.8; http://mj12bot.com/)"
46.251.2.66 - - [10/Apr/2021:09:59:50 +0200] "GET / HTTP/1.1" 200 884 "http://www.google.com/" "Mozilla/5.0 (Linux; Android 10; Lenovo TB-8505F) AppleWebKit/537.36 (KHTML, like Gecko) Chrome/89.0.4389.105 Mobile Safari/537.36"
46.251.2.66 - - [10/Apr/2021:09:59:50 +0200] "GET /pattern.jpg HTTP/1.1" 200 13798 "http://www.greenaction.hu/" "Mozilla/5.0 (Linux; Android 10; Lenovo TB-8505F) AppleWebKit/537.36 (KHTML, like Gecko) Chrome/89.0.4389.105 Mobile Safari/537.36"
46.251.2.66 - - [10/Apr/2021:09:59:50 +0200] "GET /favicon.ico HTTP/1.1" 404 1181 "http://www.greenaction.hu/" "Mozilla/5.0 (Linux; Android 10; Lenovo TB-8505F) AppleWebKit/537.36 (KHTML, like Gecko) Chrome/89.0.4389.105 Mobile Safari/537.36"
49.12.13.109 - - [10/Apr/2021:10:08:08 +0200] "HEAD / HTTP/1.1" 200 0 "-" "Alert_Alligator_webmonitoring_service_1.6.3_(alertalligator.com)"
42.236.10.88 - - [10/Apr/2021:10:10:32 +0200] "GET / HTTP/1.1" 200 884 "http://www.greenaction.hu/" "Mozilla/5.0 (Windows NT 6.1; WOW64) AppleWebKit/537.36 (KHTML, like Gecko) Chrome/50.0.2661.102 Safari/537.36; 360Spider"
5.255.231.195 - - [10/Apr/2021:10:33:58 +0200] "GET /robots.txt HTTP/1.1" 404 1181 "-" "Mozilla/5.0 (compatible; YandexBot/3.0; +http://yandex.com/bots)"
5.255.231.195 - - [10/Apr/2021:10:33:59 +0200] "GET /robots.txt HTTP/1.1" 404 1181 "-" "Mozilla/5.0 (compatible; YandexBot/3.0; +http://yandex.com/bots)"
5.255.253.138 - - [10/Apr/2021:10:34:06 +0200] "GET / HTTP/1.1" 200 884 "-" "Mozilla/5.0 (compatible; YandexBot/3.0; +http://yandex.com/bots)"
5.45.207.189 - - [10/Apr/2021:10:34:11 +0200] "GET / HTTP/1.1" 200 884 "-" "Mozilla/5.0 (compatible; YandexBot/3.0; +http://yandex.com/bots)"
114.119.135.64 - - [10/Apr/2021:10:38:33 +0200] "GET /robots.txt HTTP/1.1" 404 1181 "-" "Mozilla/5.0 (compatible;PetalBot;+https://webmaster.petalsearch.com/site/petalbot)"
159.69.145.50 - - [10/Apr/2021:11:07:29 +0200] "HEAD / HTTP/1.1" 200 0 "-" "Alert_Alligator_webmonitoring_service_1.6.3_(alertalligator.com)"
114.119.155.44 - - [10/Apr/2021:11:49:52 +0200] "GET /aktualis_elemei/bioarak%2009.07.html HTTP/1.1" 200 504057 "-" "Mozilla/5.0 (Linux; Android 7.0;) AppleWebKit/537.36 (KHTML, like Gecko) Mobile Safari/537.36 (compatible; PetalBot;+https://webmaster.petalsearch.com/site/petalbot)"
212.237.23.143 - - [10/Apr/2021:12:07:33 +0200] "HEAD / HTTP/1.1" 200 0 "-" "Alert_Alligator_webmonitoring_service_1.6.3_(alertalligator.com)"
114.119.142.27 - - [10/Apr/2021:12:20:54 +0200] "GET /robots.txt HTTP/1.1" 404 1181 "-" "Mozilla/5.0 (compatible;PetalBot;+https://webmaster.petalsearch.com/site/petalbot)"
89.134.140.170 - - [10/Apr/2021:12:32:04 +0200] "GET /kiadvany/miskolchvte.pdf HTTP/1.1" 200 535680 "https://www.google.com/" "Mozilla/5.0 (Linux; Android 8.0.0; AGS2-L09) AppleWebKit/537.36 (KHTML, like Gecko) Chrome/89.0.4389.105 Safari/537.36"
89.134.140.170 - - [10/Apr/2021:12:32:04 +0200] "GET /kiadvany/miskolchvte.pdf HTTP/1.1" 206 46016 "https://www.google.com/" "Mozilla/5.0 (Linux; Android 8.0.0; AGS2-L09) AppleWebKit/537.36 (KHTML, like Gecko) Chrome/89.0.4389.105 Safari/537.36"
89.134.140.170 - - [10/Apr/2021:12:32:08 +0200] "GET /kiadvany/miskolchvte.pdf HTTP/1.1" 206 1 "https://www.google.com/" "Mozilla/5.0 (Linux; Android 8.0.0; AGS2-L09) AppleWebKit/537.36 (KHTML, like Gecko) Chrome/89.0.4389.105 Safari/537.36"
89.134.140.170 - - [10/Apr/2021:12:32:08 +0200] "GET /kiadvany/miskolchvte.pdf HTTP/1.1" 206 46017 "https://www.google.com/" "Mozilla/5.0 (Linux; Android 8.0.0; AGS2-L09) AppleWebKit/537.36 (KHTML, like Gecko) Chrome/89.0.4389.105 Safari/537.36"
89.134.140.170 - - [10/Apr/2021:12:32:08 +0200] "GET /kiadvany/miskolchvte.pdf HTTP/1.1" 206 46016 "https://www.google.com/" "Mozilla/5.0 (Linux; Android 8.0.0; AGS2-L09) AppleWebKit/537.36 (KHTML, like Gecko) Chrome/89.0.4389.105 Safari/537.36"
89.134.140.170 - - [10/Apr/2021:12:32:10 +0200] "GET /kiadvany/miskolchvte.pdf HTTP/1.1" 206 1 "https://www.google.com/" "Mozilla/5.0 (Linux; Android 8.0.0; AGS2-L09) AppleWebKit/537.36 (KHTML, like Gecko) Chrome/89.0.4389.105 Safari/537.36"
89.134.140.170 - - [10/Apr/2021:12:32:10 +0200] "GET /kiadvany/miskolchvte.pdf HTTP/1.1" 206 46017 "https://www.google.com/" "Mozilla/5.0 (Linux; Android 8.0.0; AGS2-L09) AppleWebKit/537.36 (KHTML, like Gecko) Chrome/89.0.4389.105 Safari/537.36"
89.134.140.170 - - [10/Apr/2021:12:32:10 +0200] "GET /kiadvany/miskolchvte.pdf HTTP/1.1" 206 46016 "https://www.google.com/" "Mozilla/5.0 (Linux; Android 8.0.0; AGS2-L09) AppleWebKit/537.36 (KHTML, like Gecko) Chrome/89.0.4389.105 Safari/537.36"
89.134.140.170 - - [10/Apr/2021:12:32:11 +0200] "GET /kiadvany/miskolchvte.pdf HTTP/1.1" 206 1 "https://www.google.com/" "Mozilla/5.0 (Linux; Android 8.0.0; AGS2-L09) AppleWebKit/537.36 (KHTML, like Gecko) Chrome/89.0.4389.105 Safari/537.36"
89.134.140.170 - - [10/Apr/2021:12:32:11 +0200] "GET /kiadvany/miskolchvte.pdf HTTP/1.1" 206 46017 "https://www.google.com/" "Mozilla/5.0 (Linux; Android 8.0.0; AGS2-L09) AppleWebKit/537.36 (KHTML, like Gecko) Chrome/89.0.4389.105 Safari/537.36"
89.134.140.170 - - [10/Apr/2021:12:32:11 +0200] "GET /kiadvany/miskolchvte.pdf HTTP/1.1" 206 46016 "https://www.google.com/" "Mozilla/5.0 (Linux; Android 8.0.0; AGS2-L09) AppleWebKit/537.36 (KHTML, like Gecko) Chrome/89.0.4389.105 Safari/537.36"
89.134.140.170 - - [10/Apr/2021:12:32:13 +0200] "GET /kiadvany/miskolchvte.pdf HTTP/1.1" 206 1 "https://www.google.com/" "Mozilla/5.0 (Linux; Android 8.0.0; AGS2-L09) AppleWebKit/537.36 (KHTML, like Gecko) Chrome/89.0.4389.105 Safari/537.36"
89.134.140.170 - - [10/Apr/2021:12:32:13 +0200] "GET /kiadvany/miskolchvte.pdf HTTP/1.1" 206 46017 "https://www.google.com/" "Mozilla/5.0 (Linux; Android 8.0.0; AGS2-L09) AppleWebKit/537.36 (KHTML, like Gecko) Chrome/89.0.4389.105 Safari/537.36"
89.134.140.170 - - [10/Apr/2021:12:32:13 +0200] "GET /kiadvany/miskolchvte.pdf HTTP/1.1" 206 46016 "https://www.google.com/" "Mozilla/5.0 (Linux; Android 8.0.0; AGS2-L09) AppleWebKit/537.36 (KHTML, like Gecko) Chrome/89.0.4389.105 Safari/537.36"
89.134.140.170 - - [10/Apr/2021:12:32:26 +0200] "GET /kiadvany/miskolchvte.pdf HTTP/1.1" 206 1 "https://www.google.com/" "Mozilla/5.0 (Linux; Android 8.0.0; AGS2-L09) AppleWebKit/537.36 (KHTML, like Gecko) Chrome/89.0.4389.105 Safari/537.36"
89.134.140.170 - - [10/Apr/2021:12:32:26 +0200] "GET /kiadvany/miskolchvte.pdf HTTP/1.1" 206 46017 "https://www.google.com/" "Mozilla/5.0 (Linux; Android 8.0.0; AGS2-L09) AppleWebKit/537.36 (KHTML, like Gecko) Chrome/89.0.4389.105 Safari/537.36"
89.134.140.170 - - [10/Apr/2021:12:32:26 +0200] "GET /kiadvany/miskolchvte.pdf HTTP/1.1" 206 46016 "https://www.google.com/" "Mozilla/5.0 (Linux; Android 8.0.0; AGS2-L09) AppleWebKit/537.36 (KHTML, like Gecko) Chrome/89.0.4389.105 Safari/537.36"
89.134.140.170 - - [10/Apr/2021:12:33:16 +0200] "GET /kiadvany/miskolchvte.pdf HTTP/1.1" 206 1 "https://www.google.com/" "Mozilla/5.0 (Linux; Android 8.0.0; AGS2-L09) AppleWebKit/537.36 (KHTML, like Gecko) Chrome/89.0.4389.105 Safari/537.36"
89.134.140.170 - - [10/Apr/2021:12:33:16 +0200] "GET /kiadvany/miskolchvte.pdf HTTP/1.1" 206 46017 "https://www.google.com/" "Mozilla/5.0 (Linux; Android 8.0.0; AGS2-L09) AppleWebKit/537.36 (KHTML, like Gecko) Chrome/89.0.4389.105 Safari/537.36"
89.134.140.170 - - [10/Apr/2021:12:33:16 +0200] "GET /kiadvany/miskolchvte.pdf HTTP/1.1" 206 46016 "https://www.google.com/" "Mozilla/5.0 (Linux; Android 8.0.0; AGS2-L09) AppleWebKit/537.36 (KHTML, like Gecko) Chrome/89.0.4389.105 Safari/537.36"
89.134.140.170 - - [10/Apr/2021:12:33:48 +0200] "GET /kiadvany/miskolchvte.pdf HTTP/1.1" 206 1 "https://www.google.com/" "Mozilla/5.0 (Linux; Android 8.0.0; AGS2-L09) AppleWebKit/537.36 (KHTML, like Gecko) Chrome/89.0.4389.105 Safari/537.36"
89.134.140.170 - - [10/Apr/2021:12:33:48 +0200] "GET /kiadvany/miskolchvte.pdf HTTP/1.1" 206 46017 "https://www.google.com/" "Mozilla/5.0 (Linux; Android 8.0.0; AGS2-L09) AppleWebKit/537.36 (KHTML, like Gecko) Chrome/89.0.4389.105 Safari/537.36"
89.134.140.170 - - [10/Apr/2021:12:33:48 +0200] "GET /kiadvany/miskolchvte.pdf HTTP/1.1" 206 46016 "https://www.google.com/" "Mozilla/5.0 (Linux; Android 8.0.0; AGS2-L09) AppleWebKit/537.36 (KHTML, like Gecko) Chrome/89.0.4389.105 Safari/537.36"
89.134.140.170 - - [10/Apr/2021:12:34:02 +0200] "GET /kiadvany/miskolchvte.pdf HTTP/1.1" 206 1 "https://www.google.com/" "Mozilla/5.0 (Linux; Android 8.0.0; AGS2-L09) AppleWebKit/537.36 (KHTML, like Gecko) Chrome/89.0.4389.105 Safari/537.36"
89.134.140.170 - - [10/Apr/2021:12:34:02 +0200] "GET /kiadvany/miskolchvte.pdf HTTP/1.1" 206 46017 "https://www.google.com/" "Mozilla/5.0 (Linux; Android 8.0.0; AGS2-L09) AppleWebKit/537.36 (KHTML, like Gecko) Chrome/89.0.4389.105 Safari/537.36"
89.134.140.170 - - [10/Apr/2021:12:34:02 +0200] "GET /kiadvany/miskolchvte.pdf HTTP/1.1" 206 46016 "https://www.google.com/" "Mozilla/5.0 (Linux; Android 8.0.0; AGS2-L09) AppleWebKit/537.36 (KHTML, like Gecko) Chrome/89.0.4389.105 Safari/537.36"
89.134.140.170 - - [10/Apr/2021:12:34:08 +0200] "GET /kiadvany/miskolchvte.pdf HTTP/1.1" 206 1 "https://www.google.com/" "Mozilla/5.0 (Linux; Android 8.0.0; AGS2-L09) AppleWebKit/537.36 (KHTML, like Gecko) Chrome/89.0.4389.105 Safari/537.36"
89.134.140.170 - - [10/Apr/2021:12:34:08 +0200] "GET /kiadvany/miskolchvte.pdf HTTP/1.1" 206 46017 "https://www.google.com/" "Mozilla/5.0 (Linux; Android 8.0.0; AGS2-L09) AppleWebKit/537.36 (KHTML, like Gecko) Chrome/89.0.4389.105 Safari/537.36"
89.134.140.170 - - [10/Apr/2021:12:34:08 +0200] "GET /kiadvany/miskolchvte.pdf HTTP/1.1" 206 46016 "https://www.google.com/" "Mozilla/5.0 (Linux; Android 8.0.0; AGS2-L09) AppleWebKit/537.36 (KHTML, like Gecko) Chrome/89.0.4389.105 Safari/537.36"
95.163.255.185 - - [10/Apr/2021:12:34:28 +0200] "GET /robots.txt HTTP/1.0" 404 1181 "-" "Mozilla/5.0 (compatible; Linux x86_64; Mail.RU_Bot/2.0; +http://go.mail.ru/help/robots)"
95.163.255.182 - - [10/Apr/2021:12:34:29 +0200] "GET /hirek/F%F6ld%20Napja%20Hete%202011.%20programaj%E1nl%F3.pdf HTTP/1.1" 404 1181 "-" "Mozilla/5.0 (compatible; Linux x86_64; Mail.RU_Bot/2.0; +http://go.mail.ru/help/robots)"
89.134.140.170 - - [10/Apr/2021:12:34:51 +0200] "GET /kiadvany/miskolchvte.pdf HTTP/1.1" 206 1 "https://www.google.com/" "Mozilla/5.0 (Linux; Android 8.0.0; AGS2-L09) AppleWebKit/537.36 (KHTML, like Gecko) Chrome/89.0.4389.105 Safari/537.36"
89.134.140.170 - - [10/Apr/2021:12:34:52 +0200] "GET /kiadvany/miskolchvte.pdf HTTP/1.1" 206 46017 "https://www.google.com/" "Mozilla/5.0 (Linux; Android 8.0.0; AGS2-L09) AppleWebKit/537.36 (KHTML, like Gecko) Chrome/89.0.4389.105 Safari/537.36"
89.134.140.170 - - [10/Apr/2021:12:34:52 +0200] "GET /kiadvany/miskolchvte.pdf HTTP/1.1" 206 46016 "https://www.google.com/" "Mozilla/5.0 (Linux; Android 8.0.0; AGS2-L09) AppleWebKit/537.36 (KHTML, like Gecko) Chrome/89.0.4389.105 Safari/537.36"
13.66.139.101 - - [10/Apr/2021:12:54:21 +0200] "GET / HTTP/1.1" 200 884 "-" "Mozilla/5.0 (compatible; bingbot/2.0; +http://www.bing.com/bingbot.htm)"
159.69.145.50 - - [10/Apr/2021:13:06:59 +0200] "HEAD / HTTP/1.1" 200 0 "-" "Alert_Alligator_webmonitoring_service_1.6.3_(alertalligator.com)"
212.237.53.115 - - [10/Apr/2021:14:07:18 +0200] "HEAD / HTTP/1.1" 200 0 "-" "Alert_Alligator_webmonitoring_service_1.6.3_(alertalligator.com)"
159.69.145.50 - - [10/Apr/2021:15:06:22 +0200] "HEAD / HTTP/1.1" 200 0 "-" "Alert_Alligator_webmonitoring_service_1.6.3_(alertalligator.com)"
114.119.156.140 - - [10/Apr/2021:15:07:59 +0200] "GET /aktualis_elemei/megelozes-humusz.html HTTP/1.1" 200 20947 "-" "Mozilla/5.0 (Linux; Android 7.0;) AppleWebKit/537.36 (KHTML, like Gecko) Mobile Safari/537.36 (compatible; PetalBot;+https://webmaster.petalsearch.com/site/petalbot)"
114.119.132.9 - - [10/Apr/2021:15:11:56 +0200] "GET /aktualis_elemei/upfuzet.html HTTP/1.1" 200 13137 "-" "Mozilla/5.0 (Linux; Android 7.0;) AppleWebKit/537.36 (KHTML, like Gecko) Mobile Safari/537.36 (compatible; PetalBot;+https://webmaster.petalsearch.com/site/petalbot)"
54.36.148.136 - - [10/Apr/2021:15:23:01 +0200] "GET / HTTP/1.1" 200 884 "-" "Mozilla/5.0 (compatible; AhrefsBot/7.0; +http://ahrefs.com/robot/)"
159.69.145.50 - - [10/Apr/2021:16:05:23 +0200] "HEAD / HTTP/1.1" 200 0 "-" "Alert_Alligator_webmonitoring_service_1.6.3_(alertalligator.com)"
188.157.29.11 - - [10/Apr/2021:16:35:30 +0200] "GET /favicon.ico HTTP/1.1" 404 1181 "http://www.greenaction.hu/kiadvany/riport.pdf" "Mozilla/5.0 (Windows NT 10.0; Win64; x64) AppleWebKit/537.36 (KHTML, like Gecko) Chrome/89.0.4389.114 Safari/537.36"
188.157.29.11 - - [10/Apr/2021:16:36:32 +0200] "GET /kiadvany/riport.pdf HTTP/1.1" 304 - "-" "Mozilla/5.0 (Windows NT 10.0; Win64; x64) AppleWebKit/537.36 (KHTML, like Gecko) Chrome/89.0.4389.114 Safari/537.36"
188.157.29.11 - - [10/Apr/2021:16:36:32 +0200] "GET /kiadvany/riport.pdf HTTP/1.1" 200 1048785 "https://www.google.com/" "Mozilla/5.0 (Windows NT 10.0; Win64; x64) AppleWebKit/537.36 (KHTML, like Gecko) Chrome/89.0.4389.114 Safari/537.36"
42.236.10.81 - - [10/Apr/2021:16:38:38 +0200] "GET / HTTP/1.1" 200 884 "http://www.greenaction.hu/" "Mozilla/5.0 (Windows NT 6.1; WOW64) AppleWebKit/537.36 (KHTML, like Gecko) Chrome/50.0.2661.102 Safari/537.36; 360Spider"
212.237.23.143 - - [10/Apr/2021:17:04:39 +0200] "HEAD / HTTP/1.1" 200 0 "-" "Alert_Alligator_webmonitoring_service_1.6.3_(alertalligator.com)"
114.119.130.136 - - [10/Apr/2021:17:17:14 +0200] "GET /aktualis_elemei/biovasarszombat.html HTTP/1.1" 200 12258 "-" "Mozilla/5.0 (Linux; Android 7.0;) AppleWebKit/537.36 (KHTML, like Gecko) Mobile Safari/537.36 (compatible; PetalBot;+https://webmaster.petalsearch.com/site/petalbot)"
54.188.199.214 - - [10/Apr/2021:17:21:35 +0200] "GET / HTTP/1.1" 200 884 "-" "Mozilla/5.0 (X11; Linux x86_64) AppleWebKit/537.36 (KHTML, like Gecko) Chrome/83.0.4103.97 Safari/537.36"
114.119.155.233 - - [10/Apr/2021:17:22:43 +0200] "GET /aktualis_elemei/bbbekagyar.html HTTP/1.1" 200 11951 "-" "Mozilla/5.0 (Linux; Android 7.0;) AppleWebKit/537.36 (KHTML, like Gecko) Mobile Safari/537.36 (compatible; PetalBot;+https://webmaster.petalsearch.com/site/petalbot)"
114.119.129.189 - - [10/Apr/2021:17:26:08 +0200] "GET /aktualis_elemei/bparak0908.html HTTP/1.1" 200 63132 "-" "Mozilla/5.0 (Linux; Android 7.0;) AppleWebKit/537.36 (KHTML, like Gecko) Mobile Safari/537.36 (compatible; PetalBot;+https://webmaster.petalsearch.com/site/petalbot)"
35.202.2.1 - - [10/Apr/2021:17:26:20 +0200] "GET /robots.txt HTTP/1.1" 404 1181 "-" "ltx71 - (http://ltx71.com/)"
35.202.2.1 - - [10/Apr/2021:17:28:22 +0200] "GET / HTTP/1.1" 200 884 "-" "ltx71 - (http://ltx71.com/)"
45.62.58.249 - - [10/Apr/2021:18:00:49 +0200] "GET / HTTP/1.1" 200 884 "-" "User-Agent\" \"Mozilla/5.0 (Windows NT 6.1;) Gecko/20100101 Firefox/13.0.1, Mozilla/5.0 (Windows NT 10.0; Win64; x64) AppleWebKit/537.36 (KHTML, like Gecko) Chrome/76.0.3809.132 Safari/537.36 OPR/63.0.3368.107"
159.69.145.50 - - [10/Apr/2021:18:03:42 +0200] "HEAD / HTTP/1.1" 200 0 "-" "Alert_Alligator_webmonitoring_service_1.6.3_(alertalligator.com)"
95.163.255.166 - - [10/Apr/2021:18:54:36 +0200] "GET /robots.txt HTTP/1.0" 404 1181 "-" "Mozilla/5.0 (compatible; Linux x86_64; Mail.RU_Bot/2.0; +http://go.mail.ru/help/robots)"
95.163.255.183 - - [10/Apr/2021:18:54:37 +0200] "GET /sitemap.xml HTTP/1.1" 404 1181 "-" "Mozilla/5.0 (compatible; Linux x86_64; Mail.RU_Bot/2.0; +http://go.mail.ru/help/robots)"
212.237.23.143 - - [10/Apr/2021:19:02:51 +0200] "HEAD / HTTP/1.1" 200 0 "-" "Alert_Alligator_webmonitoring_service_1.6.3_(alertalligator.com)"
114.119.150.85 - - [10/Apr/2021:19:15:24 +0200] "GET /aktualis_elemei/fnp.html HTTP/1.1" 200 51102 "-" "Mozilla/5.0 (Linux; Android 7.0;) AppleWebKit/537.36 (KHTML, like Gecko) Mobile Safari/537.36 (compatible; PetalBot;+https://webmaster.petalsearch.com/site/petalbot)"
27.115.124.6 - - [10/Apr/2021:19:51:31 +0200] "GET / HTTP/1.1" 200 884 "http://baidu.com/" "Mozilla/5.0 (Linux; U; Android 8.1.0; zh-CN; EML-AL00 Build/HUAWEIEML-AL00) AppleWebKit/537.36 (KHTML, like Gecko) Version/4.0 Chrome/57.0.2987.108 baidu.sogo.uc.UCBrowser/11.9.4.974 UWS/2.13.1.48 Mobile Safari/537.36 AliApp(DingTalk/4.5.11) com.alibaba.android.rimet/10487439 Channel/227200 language/zh-CN"
27.115.124.6 - - [10/Apr/2021:19:51:32 +0200] "GET /pattern.jpg HTTP/1.1" 200 13798 "http://www.greenaction.hu/" "Mozilla/5.0 (Linux; U; Android 8.1.0; zh-CN; EML-AL00 Build/HUAWEIEML-AL00) AppleWebKit/537.36 (KHTML, like Gecko) Version/4.0 Chrome/57.0.2987.108 baidu.sogo.uc.UCBrowser/11.9.4.974 UWS/2.13.1.48 Mobile Safari/537.36 AliApp(DingTalk/4.5.11) com.alibaba.android.rimet/10487439 Channel/227200 language/zh-CN"
212.237.23.143 - - [10/Apr/2021:20:01:55 +0200] "HEAD / HTTP/1.1" 200 0 "-" "Alert_Alligator_webmonitoring_service_1.6.3_(alertalligator.com)"
212.237.51.151 - - [10/Apr/2021:21:00:56 +0200] "HEAD / HTTP/1.1" 200 0 "-" "Alert_Alligator_webmonitoring_service_1.6.3_(alertalligator.com)"
114.119.130.136 - - [10/Apr/2021:21:41:59 +0200] "GET /aktualis_elemei/kakcionap.html HTTP/1.1" 200 9027 "-" "Mozilla/5.0 (Linux; Android 7.0;) AppleWebKit/537.36 (KHTML, like Gecko) Mobile Safari/537.36 (compatible; PetalBot;+https://webmaster.petalsearch.com/site/petalbot)"
159.69.145.50 - - [10/Apr/2021:22:00:06 +0200] "HEAD / HTTP/1.1" 200 0 "-" "Alert_Alligator_webmonitoring_service_1.6.3_(alertalligator.com)"
13.66.139.101 - - [10/Apr/2021:22:18:05 +0200] "GET / HTTP/1.1" 200 884 "-" "Mozilla/5.0 (compatible; bingbot/2.0; +http://www.bing.com/bingbot.htm)"
13.66.139.104 - - [10/Apr/2021:22:56:00 +0200] "GET /kiadvany/delbukk.pdf HTTP/1.1" 200 1540585 "-" "Mozilla/5.0 (iPhone; CPU iPhone OS 7_0 like Mac OS X) AppleWebKit/537.51.1 (KHTML, like Gecko) Version/7.0 Mobile/11A465 Safari/9537.53 (compatible; bingbot/2.0; +http://www.bing.com/bingbot.htm)"
212.237.51.151 - - [10/Apr/2021:22:59:09 +0200] "HEAD / HTTP/1.1" 200 0 "-" "Alert_Alligator_webmonitoring_service_1.6.3_(alertalligator.com)"
216.244.66.234 - - [10/Apr/2021:23:38:06 +0200] "GET /robots.txt HTTP/1.1" 404 1181 "-" "Mozilla/5.0 (compatible; DotBot/1.2; +https://opensiteexplorer.org/dotbot; help@moz.com)"
216.244.66.234 - - [10/Apr/2021:23:52:55 +0200] "GET /kiadvany/miskolchvte.pdf HTTP/1.1" 200 2228224 "-" "Mozilla/5.0 (compatible; DotBot/1.2; +https://opensiteexplorer.org/dotbot; help@moz.com)"
159.69.145.50 - - [10/Apr/2021:23:58:30 +0200] "HEAD / HTTP/1.1" 200 0 "-" "Alert_Alligator_webmonitoring_service_1.6.3_(alertalligator.com)"
198.46.134.188 - - [11/Apr/2021:00:01:19 +0200] "GET / HTTP/1.1" 200 884 "-" "Mozilla/5.0 (Windows NT 10.0; Win64; x64) AppleWebKit/537.36 (KHTML, like Gecko) Chrome/72.0.3626.121 Safari/537.36"
114.119.155.44 - - [11/Apr/2021:00:21:38 +0200] "GET /archiv_elemei/tapolcatc.html HTTP/1.1" 200 12614 "-" "Mozilla/5.0 (Linux; Android 7.0;) AppleWebKit/537.36 (KHTML, like Gecko) Mobile Safari/537.36 (compatible; PetalBot;+https://webmaster.petalsearch.com/site/petalbot)"
49.12.13.109 - - [11/Apr/2021:00:57:59 +0200] "HEAD / HTTP/1.1" 200 0 "-" "Alert_Alligator_webmonitoring_service_1.6.3_(alertalligator.com)"
207.46.13.38 - - [11/Apr/2021:01:02:49 +0200] "GET /robots.txt HTTP/1.1" 404 1181 "-" "Mozilla/5.0 (compatible; bingbot/2.0; +http://www.bing.com/bingbot.htm)"
95.163.255.171 - - [11/Apr/2021:01:13:07 +0200] "GET /robots.txt HTTP/1.0" 404 1181 "-" "Mozilla/5.0 (compatible; Linux x86_64; Mail.RU_Bot/2.0; +http://go.mail.ru/help/robots)"
95.163.255.181 - - [11/Apr/2021:01:13:09 +0200] "GET /magunkrol_elemei/kozhasznu.html HTTP/1.1" 200 48365 "-" "Mozilla/5.0 (compatible; Linux x86_64; Mail.RU_Bot/2.0; +http://go.mail.ru/help/robots)"
212.237.53.115 - - [11/Apr/2021:01:57:30 +0200] "HEAD / HTTP/1.1" 200 0 "-" "Alert_Alligator_webmonitoring_service_1.6.3_(alertalligator.com)"
159.69.145.50 - - [11/Apr/2021:02:57:12 +0200] "HEAD / HTTP/1.1" 200 0 "-" "Alert_Alligator_webmonitoring_service_1.6.3_(alertalligator.com)"
66.249.79.73 - - [11/Apr/2021:02:57:59 +0200] "GET /robots.txt HTTP/1.1" 404 1181 "-" "Mozilla/5.0 (compatible; Googlebot/2.1; +http://www.google.com/bot.html)"
66.249.79.75 - - [11/Apr/2021:02:58:01 +0200] "GET /hirek/fn_reszletes.pdf HTTP/1.1" 200 195567 "-" "Mozilla/5.0 (Linux; Android 6.0.1; Nexus 5X Build/MMB29P) AppleWebKit/537.36 (KHTML, like Gecko) Chrome/89.0.4389.125 Mobile Safari/537.36 (compatible; Googlebot/2.1; +http://www.google.com/bot.html)"
46.32.230.60 - - [11/Apr/2021:03:28:28 +0200] "POST /blog/xmlrpc.php HTTP/1.1" 404 1181 "-" "Mozilla/5.0 (Macintosh; U; Intel Mac OS X 10.6; fr; rv:1.9.2.8) Gecko/20100722 Firefox/3.6.8"
46.32.230.60 - - [11/Apr/2021:03:28:28 +0200] "POST /xmlrpc.php HTTP/1.1" 404 1181 "-" "Mozilla/5.0 (Macintosh; U; Intel Mac OS X 10.6; fr; rv:1.9.2.8) Gecko/20100722 Firefox/3.6.8"
212.237.23.143 - - [11/Apr/2021:03:58:44 +0200] "HEAD / HTTP/1.1" 200 0 "-" "Alert_Alligator_webmonitoring_service_1.6.3_(alertalligator.com)"
54.36.148.68 - - [11/Apr/2021:04:03:35 +0200] "GET /robots.txt HTTP/1.1" 404 1181 "-" "Mozilla/5.0 (compatible; AhrefsBot/7.0; +http://ahrefs.com/robot/)"
54.36.148.44 - - [11/Apr/2021:04:03:36 +0200] "GET / HTTP/1.1" 200 884 "-" "Mozilla/5.0 (compatible; AhrefsBot/7.0; +http://ahrefs.com/robot/)"
40.77.167.56 - - [11/Apr/2021:04:35:25 +0200] "GET /robots.txt HTTP/1.1" 404 1181 "-" "Mozilla/5.0 (compatible; bingbot/2.0; +http://www.bing.com/bingbot.htm)"
13.66.139.101 - - [11/Apr/2021:04:35:33 +0200] "GET / HTTP/1.1" 200 884 "-" "Mozilla/5.0 (iPhone; CPU iPhone OS 7_0 like Mac OS X) AppleWebKit/537.51.1 (KHTML, like Gecko) Version/7.0 Mobile/11A465 Safari/9537.53 (compatible; bingbot/2.0; +http://www.bing.com/bingbot.htm)"
207.46.13.38 - - [11/Apr/2021:04:35:39 +0200] "GET /robots.txt HTTP/1.1" 404 1181 "-" "Mozilla/5.0 (compatible; bingbot/2.0; +http://www.bing.com/bingbot.htm)"
207.46.13.38 - - [11/Apr/2021:04:35:39 +0200] "GET /robots.txt HTTP/1.1" 404 1181 "-" "Mozilla/5.0 (compatible; bingbot/2.0; +http://www.bing.com/bingbot.htm)"
54.36.149.67 - - [11/Apr/2021:04:47:54 +0200] "GET /robots.txt HTTP/1.1" 404 1181 "-" "Mozilla/5.0 (compatible; AhrefsBot/7.0; +http://ahrefs.com/robot/)"
49.12.13.109 - - [11/Apr/2021:04:57:53 +0200] "HEAD / HTTP/1.1" 200 0 "-" "Alert_Alligator_webmonitoring_service_1.6.3_(alertalligator.com)"
114.119.155.236 - - [11/Apr/2021:05:22:09 +0200] "GET /robots.txt HTTP/1.1" 404 1181 "-" "Mozilla/5.0 (compatible;PetalBot;+https://webmaster.petalsearch.com/site/petalbot)"
212.237.53.115 - - [11/Apr/2021:05:57:13 +0200] "HEAD / HTTP/1.1" 200 0 "-" "Alert_Alligator_webmonitoring_service_1.6.3_(alertalligator.com)"
114.119.155.233 - - [11/Apr/2021:06:03:57 +0200] "GET /aktualis_elemei/ausztriaut_elemei/image031.jpg HTTP/1.1" 404 1181 "-" "Mozilla/5.0 (Linux; Android 7.0;) AppleWebKit/537.36 (KHTML, like Gecko) Mobile Safari/537.36 (compatible; PetalBot;+https://webmaster.petalsearch.com/site/petalbot)"
114.119.129.189 - - [11/Apr/2021:06:09:04 +0200] "GET /aktualis_elemei/ausztriaut_elemei/image037.jpg HTTP/1.1" 404 1181 "-" "Mozilla/5.0 (Linux; Android 7.0;) AppleWebKit/537.36 (KHTML, like Gecko) Mobile Safari/537.36 (compatible; PetalBot;+https://webmaster.petalsearch.com/site/petalbot)"
42.236.10.76 - - [11/Apr/2021:06:10:37 +0200] "GET / HTTP/1.1" 200 884 "http://www.greenaction.hu/" "Mozilla/5.0 (Windows NT 6.1; WOW64) AppleWebKit/537.36 (KHTML, like Gecko) Chrome/50.0.2661.102 Safari/537.36; 360Spider"
114.119.141.100 - - [11/Apr/2021:06:34:02 +0200] "GET /archiv_elemei/hkkarpatok.html HTTP/1.1" 200 6152 "-" "Mozilla/5.0 (Linux; Android 7.0;) AppleWebKit/537.36 (KHTML, like Gecko) Mobile Safari/537.36 (compatible; PetalBot;+https://webmaster.petalsearch.com/site/petalbot)"
114.119.129.189 - - [11/Apr/2021:06:39:39 +0200] "GET /aktualis_elemei/hktetemvar.html HTTP/1.1" 200 16033 "-" "Mozilla/5.0 (Linux; Android 7.0;) AppleWebKit/537.36 (KHTML, like Gecko) Mobile Safari/537.36 (compatible; PetalBot;+https://webmaster.petalsearch.com/site/petalbot)"
212.237.53.115 - - [11/Apr/2021:06:56:45 +0200] "HEAD / HTTP/1.1" 200 0 "-" "Alert_Alligator_webmonitoring_service_1.6.3_(alertalligator.com)"
114.119.128.142 - - [11/Apr/2021:07:05:13 +0200] "GET /robots.txt HTTP/1.1" 404 1181 "-" "Mozilla/5.0 (compatible;PetalBot;+https://webmaster.petalsearch.com/site/petalbot)"
42.236.10.121 - - [11/Apr/2021:07:10:32 +0200] "GET / HTTP/1.1" 200 884 "http://www.greenaction.hu/" "Mozilla/5.0 (Windows NT 6.1; WOW64) AppleWebKit/537.36 (KHTML, like Gecko) Chrome/50.0.2661.102 Safari/537.36; 360Spider"
212.237.23.143 - - [11/Apr/2021:07:51:24 +0200] "HEAD / HTTP/1.1" 200 0 "-" "Alert_Alligator_webmonitoring_service_1.6.4_(alertalligator.com)"
199.58.86.209 - - [11/Apr/2021:08:00:14 +0200] "GET /robots.txt HTTP/1.1" 404 1181 "-" "Mozilla/5.0 (compatible; MJ12bot/v1.4.8; http://mj12bot.com/)"
199.58.86.209 - - [11/Apr/2021:08:00:17 +0200] "GET / HTTP/1.1" 200 884 "-" "Mozilla/5.0 (compatible; MJ12bot/v1.4.8; http://mj12bot.com/)"
49.12.13.109 - - [11/Apr/2021:08:50:32 +0200] "HEAD / HTTP/1.1" 200 0 "-" "Alert_Alligator_webmonitoring_service_1.6.3_(alertalligator.com)"
114.119.132.9 - - [11/Apr/2021:09:04:03 +0200] "GET /aktualis_elemei/katonai.html HTTP/1.1" 200 22109 "-" "Mozilla/5.0 (Linux; Android 7.0;) AppleWebKit/537.36 (KHTML, like Gecko) Mobile Safari/537.36 (compatible; PetalBot;+https://webmaster.petalsearch.com/site/petalbot)"
216.244.66.234 - - [11/Apr/2021:09:42:33 +0200] "GET /robots.txt HTTP/1.1" 404 1181 "-" "Mozilla/5.0 (compatible; DotBot/1.2; +https://opensiteexplorer.org/dotbot; help@moz.com)"
212.237.51.151 - - [11/Apr/2021:09:49:33 +0200] "HEAD / HTTP/1.1" 200 0 "-" "Alert_Alligator_webmonitoring_service_1.6.3_(alertalligator.com)"
216.244.66.234 - - [11/Apr/2021:09:59:19 +0200] "GET /magunkrol_elemei/kozhasznu.html HTTP/1.1" 200 48365 "-" "Mozilla/5.0 (compatible; DotBot/1.2; +https://opensiteexplorer.org/dotbot; help@moz.com)"
114.119.155.233 - - [11/Apr/2021:10:23:46 +0200] "GET /aktualis_elemei/loverecycling.html HTTP/1.1" 200 11087 "-" "Mozilla/5.0 (Linux; Android 7.0;) AppleWebKit/537.36 (KHTML, like Gecko) Mobile Safari/537.36 (compatible; PetalBot;+https://webmaster.petalsearch.com/site/petalbot)"
159.69.145.50 - - [11/Apr/2021:10:48:54 +0200] "HEAD / HTTP/1.1" 200 0 "-" "Alert_Alligator_webmonitoring_service_1.6.3_(alertalligator.com)"
114.119.146.244 - - [11/Apr/2021:11:17:00 +0200] "GET /aktualis_elemei/ktavmuhely.html HTTP/1.1" 200 22398 "-" "Mozilla/5.0 (Linux; Android 7.0;) AppleWebKit/537.36 (KHTML, like Gecko) Mobile Safari/537.36 (compatible; PetalBot;+https://webmaster.petalsearch.com/site/petalbot)"
42.236.10.81 - - [11/Apr/2021:11:39:43 +0200] "GET / HTTP/1.1" 200 884 "http://www.greenaction.hu/" "Mozilla/5.0 (Windows NT 6.1; WOW64) AppleWebKit/537.36 (KHTML, like Gecko) Chrome/50.4.2661.102 Safari/537.36; 360Spider"
212.237.23.143 - - [11/Apr/2021:11:48:03 +0200] "HEAD / HTTP/1.1" 200 0 "-" "Alert_Alligator_webmonitoring_service_1.6.3_(alertalligator.com)"
212.237.51.151 - - [11/Apr/2021:12:47:07 +0200] "HEAD / HTTP/1.1" 200 0 "-" "Alert_Alligator_webmonitoring_service_1.6.3_(alertalligator.com)"
13.66.139.100 - - [11/Apr/2021:13:38:00 +0200] "GET /aktualis_elemei/bparak0908.html HTTP/1.1" 200 63132 "-" "Mozilla/5.0 (iPhone; CPU iPhone OS 7_0 like Mac OS X) AppleWebKit/537.51.1 (KHTML, like Gecko) Version/7.0 Mobile/11A465 Safari/9537.53 (compatible; bingbot/2.0; +http://www.bing.com/bingbot.htm)"
207.46.13.38 - - [11/Apr/2021:13:45:12 +0200] "GET /robots.txt HTTP/1.1" 404 1181 "-" "Mozilla/5.0 (compatible; bingbot/2.0; +http://www.bing.com/bingbot.htm)"
49.12.13.109 - - [11/Apr/2021:13:46:11 +0200] "HEAD / HTTP/1.1" 200 0 "-" "Alert_Alligator_webmonitoring_service_1.6.3_(alertalligator.com)"
212.237.23.143 - - [11/Apr/2021:14:45:21 +0200] "HEAD / HTTP/1.1" 200 0 "-" "Alert_Alligator_webmonitoring_service_1.6.3_(alertalligator.com)"
167.86.98.40 - - [11/Apr/2021:15:15:36 +0200] "GET /wp-login.php HTTP/1.1" 404 1181 "-" "Mozilla/5.0 (X11; Ubuntu; Linux x86_64; rv:62.0) Gecko/20100101 Firefox/62.0"
167.86.98.40 - - [11/Apr/2021:15:15:36 +0200] "GET /wp-login.php HTTP/1.1" 404 1181 "-" "Mozilla/5.0 (X11; Ubuntu; Linux x86_64; rv:62.0) Gecko/20100101 Firefox/62.0"
143.110.239.240 - - [11/Apr/2021:15:26:44 +0200] "GET / HTTP/1.0" 200 884 "-" "Mozilla/5.0 (iPad; U; CPU OS 3_2 like Mac OS X; en-us) AppleWebKit/531.21.10 (KHTML, like Gecko) Version/4.0.4 Mobile/7B334b Safari/531.21.102011-10-16 20:23:10"
159.69.145.50 - - [11/Apr/2021:15:44:25 +0200] "HEAD / HTTP/1.1" 200 0 "-" "Alert_Alligator_webmonitoring_service_1.6.3_(alertalligator.com)"
66.249.79.73 - - [11/Apr/2021:15:50:21 +0200] "GET /robots.txt HTTP/1.1" 404 1181 "-" "Mozilla/5.0 (compatible; Googlebot/2.1; +http://www.google.com/bot.html)"
66.249.79.77 - - [11/Apr/2021:15:50:22 +0200] "GET /aktualis_elemei/fnhv_elemei/image005.jpg HTTP/1.1" 200 9968 "-" "Googlebot-Image/1.0"
178.150.47.62 - - [11/Apr/2021:15:50:29 +0200] "GET / HTTP/1.1" 200 884 "https://jav-idol.com/" "Mozilla/4.0 (compatible; MSIE 6.0; Windows NT 5.1; ru) Opera 8.50"
178.159.37.104 - - [11/Apr/2021:16:10:53 +0200] "GET / HTTP/1.1" 200 884 "https://klopovv.ru/" "Mozilla/4.0 (compatible; MSIE 6.0; Windows NT 5.1; ru) Opera 8.50"
178.159.37.104 - - [11/Apr/2021:16:10:54 +0200] "GET / HTTP/1.1" 200 884 "https://klopovv.ru/" "Mozilla/4.0 (compatible; MSIE 6.0; Windows NT 5.1; ru) Opera 8.50"
178.159.37.104 - - [11/Apr/2021:16:10:54 +0200] "GET / HTTP/1.1" 200 884 "https://klopovv.ru/" "Mozilla/4.0 (compatible; MSIE 6.0; Windows NT 5.1; ru) Opera 8.50"
159.69.145.50 - - [11/Apr/2021:16:43:32 +0200] "HEAD / HTTP/1.1" 200 0 "-" "Alert_Alligator_webmonitoring_service_1.6.3_(alertalligator.com)"
176.63.25.58 - - [11/Apr/2021:17:31:33 +0200] "GET /archiv.html HTTP/1.1" 200 100991 "https://www.google.com/" "Mozilla/5.0 (Windows NT 10.0; Win64; x64) AppleWebKit/537.36 (KHTML, like Gecko) Chrome/89.0.4389.114 Safari/537.36"
176.63.25.58 - - [11/Apr/2021:17:31:33 +0200] "GET /archiv_elemei/image004.jpg HTTP/1.1" 200 7491 "http://www.greenaction.hu/archiv.html" "Mozilla/5.0 (Windows NT 10.0; Win64; x64) AppleWebKit/537.36 (KHTML, like Gecko) Chrome/89.0.4389.114 Safari/537.36"
176.63.25.58 - - [11/Apr/2021:17:31:33 +0200] "GET /archiv_elemei/image002.gif HTTP/1.1" 404 1181 "http://www.greenaction.hu/archiv.html" "Mozilla/5.0 (Windows NT 10.0; Win64; x64) AppleWebKit/537.36 (KHTML, like Gecko) Chrome/89.0.4389.114 Safari/537.36"
176.63.25.58 - - [11/Apr/2021:17:31:33 +0200] "GET /archiv_elemei/image001.gif HTTP/1.1" 404 1181 "http://www.greenaction.hu/archiv.html" "Mozilla/5.0 (Windows NT 10.0; Win64; x64) AppleWebKit/537.36 (KHTML, like Gecko) Chrome/89.0.4389.114 Safari/537.36"
176.63.25.58 - - [11/Apr/2021:17:31:33 +0200] "GET /archiv_elemei/image017.gif HTTP/1.1" 404 1181 "http://www.greenaction.hu/archiv.html" "Mozilla/5.0 (Windows NT 10.0; Win64; x64) AppleWebKit/537.36 (KHTML, like Gecko) Chrome/89.0.4389.114 Safari/537.36"
176.63.25.58 - - [11/Apr/2021:17:31:33 +0200] "GET /archiv_elemei/image007.jpg HTTP/1.1" 200 8006 "http://www.greenaction.hu/archiv.html" "Mozilla/5.0 (Windows NT 10.0; Win64; x64) AppleWebKit/537.36 (KHTML, like Gecko) Chrome/89.0.4389.114 Safari/537.36"
176.63.25.58 - - [11/Apr/2021:17:31:33 +0200] "GET /archiv_elemei/image008.gif HTTP/1.1" 404 1181 "http://www.greenaction.hu/archiv.html" "Mozilla/5.0 (Windows NT 10.0; Win64; x64) AppleWebKit/537.36 (KHTML, like Gecko) Chrome/89.0.4389.114 Safari/537.36"
176.63.25.58 - - [11/Apr/2021:17:31:33 +0200] "GET /archiv_elemei/image010.jpg HTTP/1.1" 200 4559 "http://www.greenaction.hu/archiv.html" "Mozilla/5.0 (Windows NT 10.0; Win64; x64) AppleWebKit/537.36 (KHTML, like Gecko) Chrome/89.0.4389.114 Safari/537.36"
176.63.25.58 - - [11/Apr/2021:17:31:33 +0200] "GET /archiv_elemei/image011.gif HTTP/1.1" 404 1181 "http://www.greenaction.hu/archiv.html" "Mozilla/5.0 (Windows NT 10.0; Win64; x64) AppleWebKit/537.36 (KHTML, like Gecko) Chrome/89.0.4389.114 Safari/537.36"
176.63.25.58 - - [11/Apr/2021:17:31:33 +0200] "GET /archiv_elemei/image012.gif HTTP/1.1" 404 1181 "http://www.greenaction.hu/archiv.html" "Mozilla/5.0 (Windows NT 10.0; Win64; x64) AppleWebKit/537.36 (KHTML, like Gecko) Chrome/89.0.4389.114 Safari/537.36"
176.63.25.58 - - [11/Apr/2021:17:31:33 +0200] "GET /archiv_elemei/image014.jpg HTTP/1.1" 200 8670 "http://www.greenaction.hu/archiv.html" "Mozilla/5.0 (Windows NT 10.0; Win64; x64) AppleWebKit/537.36 (KHTML, like Gecko) Chrome/89.0.4389.114 Safari/537.36"
176.63.25.58 - - [11/Apr/2021:17:31:33 +0200] "GET /archiv_elemei/image015.gif HTTP/1.1" 404 1181 "http://www.greenaction.hu/archiv.html" "Mozilla/5.0 (Windows NT 10.0; Win64; x64) AppleWebKit/537.36 (KHTML, like Gecko) Chrome/89.0.4389.114 Safari/537.36"
176.63.25.58 - - [11/Apr/2021:17:31:33 +0200] "GET /archiv_elemei/image016.gif HTTP/1.1" 404 1181 "http://www.greenaction.hu/archiv.html" "Mozilla/5.0 (Windows NT 10.0; Win64; x64) AppleWebKit/537.36 (KHTML, like Gecko) Chrome/89.0.4389.114 Safari/537.36"
176.63.25.58 - - [11/Apr/2021:17:31:33 +0200] "GET /archiv_elemei/image007.gif HTTP/1.1" 404 1181 "http://www.greenaction.hu/archiv.html" "Mozilla/5.0 (Windows NT 10.0; Win64; x64) AppleWebKit/537.36 (KHTML, like Gecko) Chrome/89.0.4389.114 Safari/537.36"
176.63.25.58 - - [11/Apr/2021:17:31:33 +0200] "GET /archiv_elemei/image018.gif HTTP/1.1" 404 1181 "http://www.greenaction.hu/archiv.html" "Mozilla/5.0 (Windows NT 10.0; Win64; x64) AppleWebKit/537.36 (KHTML, like Gecko) Chrome/89.0.4389.114 Safari/537.36"
176.63.25.58 - - [11/Apr/2021:17:31:33 +0200] "GET /archiv_elemei/image020.jpg HTTP/1.1" 200 7898 "http://www.greenaction.hu/archiv.html" "Mozilla/5.0 (Windows NT 10.0; Win64; x64) AppleWebKit/537.36 (KHTML, like Gecko) Chrome/89.0.4389.114 Safari/537.36"
176.63.25.58 - - [11/Apr/2021:17:31:33 +0200] "GET /archiv_elemei/image021.gif HTTP/1.1" 404 1181 "http://www.greenaction.hu/archiv.html" "Mozilla/5.0 (Windows NT 10.0; Win64; x64) AppleWebKit/537.36 (KHTML, like Gecko) Chrome/89.0.4389.114 Safari/537.36"
176.63.25.58 - - [11/Apr/2021:17:31:33 +0200] "GET /archiv_elemei/image023.jpg HTTP/1.1" 200 7081 "http://www.greenaction.hu/archiv.html" "Mozilla/5.0 (Windows NT 10.0; Win64; x64) AppleWebKit/537.36 (KHTML, like Gecko) Chrome/89.0.4389.114 Safari/537.36"
176.63.25.58 - - [11/Apr/2021:17:31:33 +0200] "GET /archiv_elemei/image024.gif HTTP/1.1" 404 1181 "http://www.greenaction.hu/archiv.html" "Mozilla/5.0 (Windows NT 10.0; Win64; x64) AppleWebKit/537.36 (KHTML, like Gecko) Chrome/89.0.4389.114 Safari/537.36"
176.63.25.58 - - [11/Apr/2021:17:31:33 +0200] "GET /archiv_elemei/image026.jpg HTTP/1.1" 200 4734 "http://www.greenaction.hu/archiv.html" "Mozilla/5.0 (Windows NT 10.0; Win64; x64) AppleWebKit/537.36 (KHTML, like Gecko) Chrome/89.0.4389.114 Safari/537.36"
176.63.25.58 - - [11/Apr/2021:17:31:33 +0200] "GET /archiv_elemei/image028.jpg HTTP/1.1" 200 5544 "http://www.greenaction.hu/archiv.html" "Mozilla/5.0 (Windows NT 10.0; Win64; x64) AppleWebKit/537.36 (KHTML, like Gecko) Chrome/89.0.4389.114 Safari/537.36"
176.63.25.58 - - [11/Apr/2021:17:31:33 +0200] "GET /archiv_elemei/image030.jpg HTTP/1.1" 200 9737 "http://www.greenaction.hu/archiv.html" "Mozilla/5.0 (Windows NT 10.0; Win64; x64) AppleWebKit/537.36 (KHTML, like Gecko) Chrome/89.0.4389.114 Safari/537.36"
176.63.25.58 - - [11/Apr/2021:17:31:33 +0200] "GET /archiv_elemei/image032.jpg HTTP/1.1" 200 5708 "http://www.greenaction.hu/archiv.html" "Mozilla/5.0 (Windows NT 10.0; Win64; x64) AppleWebKit/537.36 (KHTML, like Gecko) Chrome/89.0.4389.114 Safari/537.36"
176.63.25.58 - - [11/Apr/2021:17:31:33 +0200] "GET /archiv_elemei/image034.jpg HTTP/1.1" 200 8179 "http://www.greenaction.hu/archiv.html" "Mozilla/5.0 (Windows NT 10.0; Win64; x64) AppleWebKit/537.36 (KHTML, like Gecko) Chrome/89.0.4389.114 Safari/537.36"
176.63.25.58 - - [11/Apr/2021:17:31:33 +0200] "GET /archiv_elemei/image038.jpg HTTP/1.1" 200 4318 "http://www.greenaction.hu/archiv.html" "Mozilla/5.0 (Windows NT 10.0; Win64; x64) AppleWebKit/537.36 (KHTML, like Gecko) Chrome/89.0.4389.114 Safari/537.36"
176.63.25.58 - - [11/Apr/2021:17:31:33 +0200] "GET /archiv_elemei/image036.jpg HTTP/1.1" 200 8062 "http://www.greenaction.hu/archiv.html" "Mozilla/5.0 (Windows NT 10.0; Win64; x64) AppleWebKit/537.36 (KHTML, like Gecko) Chrome/89.0.4389.114 Safari/537.36"
176.63.25.58 - - [11/Apr/2021:17:31:33 +0200] "GET /archiv_elemei/image039.gif HTTP/1.1" 404 1181 "http://www.greenaction.hu/archiv.html" "Mozilla/5.0 (Windows NT 10.0; Win64; x64) AppleWebKit/537.36 (KHTML, like Gecko) Chrome/89.0.4389.114 Safari/537.36"
176.63.25.58 - - [11/Apr/2021:17:31:33 +0200] "GET /archiv_elemei/image041.jpg HTTP/1.1" 200 6468 "http://www.greenaction.hu/archiv.html" "Mozilla/5.0 (Windows NT 10.0; Win64; x64) AppleWebKit/537.36 (KHTML, like Gecko) Chrome/89.0.4389.114 Safari/537.36"
176.63.25.58 - - [11/Apr/2021:17:31:33 +0200] "GET /archiv_elemei/image042.gif HTTP/1.1" 404 1181 "http://www.greenaction.hu/archiv.html" "Mozilla/5.0 (Windows NT 10.0; Win64; x64) AppleWebKit/537.36 (KHTML, like Gecko) Chrome/89.0.4389.114 Safari/537.36"
176.63.25.58 - - [11/Apr/2021:17:31:33 +0200] "GET /archiv_elemei/image044.jpg HTTP/1.1" 200 8307 "http://www.greenaction.hu/archiv.html" "Mozilla/5.0 (Windows NT 10.0; Win64; x64) AppleWebKit/537.36 (KHTML, like Gecko) Chrome/89.0.4389.114 Safari/537.36"
176.63.25.58 - - [11/Apr/2021:17:31:33 +0200] "GET /archiv_elemei/image046.jpg HTTP/1.1" 200 8017 "http://www.greenaction.hu/archiv.html" "Mozilla/5.0 (Windows NT 10.0; Win64; x64) AppleWebKit/537.36 (KHTML, like Gecko) Chrome/89.0.4389.114 Safari/537.36"
176.63.25.58 - - [11/Apr/2021:17:31:33 +0200] "GET /archiv_elemei/image049.gif HTTP/1.1" 404 1181 "http://www.greenaction.hu/archiv.html" "Mozilla/5.0 (Windows NT 10.0; Win64; x64) AppleWebKit/537.36 (KHTML, like Gecko) Chrome/89.0.4389.114 Safari/537.36"
176.63.25.58 - - [11/Apr/2021:17:31:33 +0200] "GET /archiv_elemei/image048.jpg HTTP/1.1" 200 9950 "http://www.greenaction.hu/archiv.html" "Mozilla/5.0 (Windows NT 10.0; Win64; x64) AppleWebKit/537.36 (KHTML, like Gecko) Chrome/89.0.4389.114 Safari/537.36"
176.63.25.58 - - [11/Apr/2021:17:31:33 +0200] "GET /archiv_elemei/image051.jpg HTTP/1.1" 200 8798 "http://www.greenaction.hu/archiv.html" "Mozilla/5.0 (Windows NT 10.0; Win64; x64) AppleWebKit/537.36 (KHTML, like Gecko) Chrome/89.0.4389.114 Safari/537.36"
176.63.25.58 - - [11/Apr/2021:17:31:33 +0200] "GET /favicon.ico HTTP/1.1" 404 1181 "http://www.greenaction.hu/archiv.html" "Mozilla/5.0 (Windows NT 10.0; Win64; x64) AppleWebKit/537.36 (KHTML, like Gecko) Chrome/89.0.4389.114 Safari/537.36"
114.119.132.9 - - [11/Apr/2021:17:38:30 +0200] "GET /aktualis_elemei/fnh2008.html HTTP/1.1" 200 41031 "-" "Mozilla/5.0 (Linux; Android 7.0;) AppleWebKit/537.36 (KHTML, like Gecko) Mobile Safari/537.36 (compatible; PetalBot;+https://webmaster.petalsearch.com/site/petalbot)"
114.119.155.233 - - [11/Apr/2021:17:40:59 +0200] "GET /aktualis_elemei/bio2szulinap.html HTTP/1.1" 200 71694 "-" "Mozilla/5.0 (Linux; Android 7.0;) AppleWebKit/537.36 (KHTML, like Gecko) Mobile Safari/537.36 (compatible; PetalBot;+https://webmaster.petalsearch.com/site/petalbot)"
49.12.13.109 - - [11/Apr/2021:17:43:05 +0200] "HEAD / HTTP/1.1" 200 0 "-" "Alert_Alligator_webmonitoring_service_1.6.3_(alertalligator.com)"
5.34.180.192 - - [11/Apr/2021:18:21:52 +0200] "GET / HTTP/1.1" 200 884 "https://predmety.in.ua/" "Mozilla/4.0 (compatible; MSIE 6.0; Windows NT 5.0; .NET CLR 1.0.3705; .NET CLR 1.1.4322)"
5.34.180.192 - - [11/Apr/2021:18:21:53 +0200] "GET / HTTP/1.1" 200 884 "https://predmety.in.ua/" "Mozilla/4.0 (compatible; MSIE 6.0; Windows NT 5.0; .NET CLR 1.0.3705; .NET CLR 1.1.4322)"
5.34.180.192 - - [11/Apr/2021:18:21:53 +0200] "GET / HTTP/1.1" 200 884 "https://predmety.in.ua/" "Mozilla/4.0 (compatible; MSIE 6.0; Windows NT 5.0; .NET CLR 1.0.3705; .NET CLR 1.1.4322)"
212.237.51.151 - - [11/Apr/2021:18:42:22 +0200] "HEAD / HTTP/1.1" 200 0 "-" "Alert_Alligator_webmonitoring_service_1.6.3_(alertalligator.com)"
178.150.47.62 - - [11/Apr/2021:19:00:11 +0200] "GET / HTTP/1.1" 200 884 "https://zagadki-rebusy.com/" "Mozilla/4.0 (compatible; MSIE 6.0; Windows NT 5.1; ru) Opera 8.01"
178.150.47.62 - - [11/Apr/2021:19:00:11 +0200] "GET / HTTP/1.1" 200 884 "https://zagadki-rebusy.com/" "Mozilla/4.0 (compatible; MSIE 6.0; Windows NT 5.1; ru) Opera 8.01"
178.150.47.62 - - [11/Apr/2021:19:00:23 +0200] "GET / HTTP/1.1" 200 884 "https://zagadki-rebusy.com/" "Mozilla/4.0 (compatible; MSIE 6.0; Windows NT 5.1; ru) Opera 8.01"
49.12.13.109 - - [11/Apr/2021:19:41:29 +0200] "HEAD / HTTP/1.1" 200 0 "-" "Alert_Alligator_webmonitoring_service_1.6.3_(alertalligator.com)"
66.249.75.207 - - [11/Apr/2021:20:09:54 +0200] "GET /robots.txt HTTP/1.1" 404 1181 "-" "Mozilla/5.0 (compatible; Googlebot/2.1; +http://www.google.com/bot.html)"
66.249.75.209 - - [11/Apr/2021:20:09:54 +0200] "GET / HTTP/1.1" 200 884 "-" "Mozilla/5.0 (compatible; Googlebot/2.1; +http://www.google.com/bot.html)"
54.36.149.98 - - [11/Apr/2021:20:35:28 +0200] "GET / HTTP/1.1" 200 884 "-" "Mozilla/5.0 (compatible; AhrefsBot/7.0; +http://ahrefs.com/robot/)"
42.236.10.98 - - [11/Apr/2021:20:38:39 +0200] "GET / HTTP/1.1" 200 884 "http://www.greenaction.hu/" "Mozilla/5.0 (Windows NT 6.1; WOW64) AppleWebKit/537.36 (KHTML, like Gecko) Chrome/50.0.2661.102 Safari/537.36; 360Spider"
212.237.51.151 - - [11/Apr/2021:20:40:54 +0200] "HEAD / HTTP/1.1" 200 0 "-" "Alert_Alligator_webmonitoring_service_1.6.3_(alertalligator.com)"
13.66.139.101 - - [11/Apr/2021:21:13:27 +0200] "GET / HTTP/1.1" 200 884 "-" "Mozilla/5.0 (compatible; bingbot/2.0; +http://www.bing.com/bingbot.htm)"
212.237.51.151 - - [11/Apr/2021:21:40:36 +0200] "HEAD / HTTP/1.1" 200 0 "-" "Alert_Alligator_webmonitoring_service_1.6.3_(alertalligator.com)"
114.119.146.244 - - [11/Apr/2021:21:50:12 +0200] "GET /archiv_elemei/tapolcatc.html HTTP/1.1" 200 12614 "-" "Mozilla/5.0 (Linux; Android 7.0;) AppleWebKit/537.36 (KHTML, like Gecko) Mobile Safari/537.36 (compatible; PetalBot;+https://webmaster.petalsearch.com/site/petalbot)"
49.12.13.109 - - [11/Apr/2021:22:39:39 +0200] "HEAD / HTTP/1.1" 200 0 "-" "Alert_Alligator_webmonitoring_service_1.6.3_(alertalligator.com)"
42.236.10.104 - - [11/Apr/2021:23:38:18 +0200] "GET / HTTP/1.1" 200 884 "http://www.greenaction.hu/" "Mozilla/5.0 (Windows NT 6.1; WOW64) AppleWebKit/537.36 (KHTML, like Gecko) Chrome/50.0.2661.102 Safari/537.36; 360Spider"
49.12.13.109 - - [11/Apr/2021:23:39:35 +0200] "HEAD / HTTP/1.1" 200 0 "-" "Alert_Alligator_webmonitoring_service_1.6.3_(alertalligator.com)"
114.119.129.81 - - [11/Apr/2021:23:57:55 +0200] "GET /robots.txt HTTP/1.1" 404 1181 "-" "Mozilla/5.0 (compatible;PetalBot;+https://webmaster.petalsearch.com/site/petalbot)"
159.69.145.50 - - [12/Apr/2021:00:40:09 +0200] "HEAD / HTTP/1.1" 200 0 "-" "Alert_Alligator_webmonitoring_service_1.6.3_(alertalligator.com)"
192.71.3.26 - - [12/Apr/2021:01:03:37 +0200] "GET /robots.txt HTTP/1.1" 404 1181 "-" "Mozilla/5.0 (Linux; Android 7.0; SM-G892A Build/NRD90M; wv) AppleWebKit/537.36 (KHTML, like Gecko) Version/4.0 Chrome/60.0.3112.107 Mobile Safari/537.36"
192.71.2.171 - - [12/Apr/2021:01:03:37 +0200] "GET /humans.txt HTTP/1.1" 404 1181 "-" "Mozilla/5.0 (Linux; Android 7.0; SM-G892A Build/NRD90M; wv) AppleWebKit/537.36 (KHTML, like Gecko) Version/4.0 Chrome/60.0.3112.107 Mobile Safari/537.36"
192.71.103.173 - - [12/Apr/2021:01:03:38 +0200] "GET /ads.txt HTTP/1.1" 404 1181 "-" "Mozilla/5.0 (Linux; Android 7.0; SM-G892A Build/NRD90M; wv) AppleWebKit/537.36 (KHTML, like Gecko) Version/4.0 Chrome/60.0.3112.107 Mobile Safari/537.36"
192.71.44.44 - - [12/Apr/2021:01:03:38 +0200] "GET / HTTP/1.1" 200 884 "-" "Mozilla/5.0 (Linux; Android 7.0; SM-G892A Build/NRD90M; wv) AppleWebKit/537.36 (KHTML, like Gecko) Version/4.0 Chrome/60.0.3112.107 Mobile Safari/537.36"
49.12.13.109 - - [12/Apr/2021:01:39:20 +0200] "HEAD / HTTP/1.1" 200 0 "-" "Alert_Alligator_webmonitoring_service_1.6.3_(alertalligator.com)"
114.119.138.127 - - [12/Apr/2021:01:40:40 +0200] "GET /robots.txt HTTP/1.1" 404 1181 "-" "Mozilla/5.0 (compatible;PetalBot;+https://webmaster.petalsearch.com/site/petalbot)"
49.12.13.109 - - [12/Apr/2021:02:38:37 +0200] "HEAD / HTTP/1.1" 200 0 "-" "Alert_Alligator_webmonitoring_service_1.6.3_(alertalligator.com)"
66.249.69.7 - - [12/Apr/2021:03:09:18 +0200] "GET /aktualis_elemei/bio2szulinap_elemei/image126.jpg HTTP/1.1" 200 9363 "-" "Googlebot-Image/1.0"
66.249.75.209 - - [12/Apr/2021:03:11:16 +0200] "GET / HTTP/1.1" 200 884 "-" "Mozilla/5.0 (Linux; Android 6.0.1; Nexus 5X Build/MMB29P) AppleWebKit/537.36 (KHTML, like Gecko) Chrome/89.0.4389.122 Mobile Safari/537.36 (compatible; Googlebot/2.1; +http://www.google.com/bot.html)"
212.237.51.151 - - [12/Apr/2021:03:37:39 +0200] "HEAD / HTTP/1.1" 200 0 "-" "Alert_Alligator_webmonitoring_service_1.6.3_(alertalligator.com)"
66.249.69.5 - - [12/Apr/2021:04:06:13 +0200] "GET /robots.txt HTTP/1.1" 404 1181 "-" "Mozilla/5.0 (compatible; Googlebot/2.1; +http://www.google.com/bot.html)"
66.249.69.3 - - [12/Apr/2021:04:06:13 +0200] "GET /aktualis_elemei/bio2szulinap_elemei/image004.jpg HTTP/1.1" 200 9638 "-" "Googlebot-Image/1.0"
13.66.139.101 - - [12/Apr/2021:04:07:56 +0200] "GET / HTTP/1.1" 200 884 "-" "Mozilla/5.0 (compatible; bingbot/2.0; +http://www.bing.com/bingbot.htm)"
66.249.69.3 - - [12/Apr/2021:04:36:32 +0200] "GET /aktualis_elemei/bio2szulinap_elemei/image136.jpg HTTP/1.1" 200 7982 "-" "Googlebot-Image/1.0"
159.69.145.50 - - [12/Apr/2021:04:36:43 +0200] "HEAD / HTTP/1.1" 200 0 "-" "Alert_Alligator_webmonitoring_service_1.6.3_(alertalligator.com)"
114.119.155.233 - - [12/Apr/2021:05:23:37 +0200] "GET /archiv_elemei/belvaros2.html HTTP/1.1" 200 12988 "-" "Mozilla/5.0 (Linux; Android 7.0;) AppleWebKit/537.36 (KHTML, like Gecko) Mobile Safari/537.36 (compatible; PetalBot;+https://webmaster.petalsearch.com/site/petalbot)"
49.12.13.109 - - [12/Apr/2021:05:35:47 +0200] "HEAD / HTTP/1.1" 200 0 "-" "Alert_Alligator_webmonitoring_service_1.6.3_(alertalligator.com)"
66.249.69.5 - - [12/Apr/2021:05:40:32 +0200] "GET /aktualis_elemei/fnhv_elemei/image019.jpg HTTP/1.1" 200 14857 "-" "Googlebot-Image/1.0"
54.36.148.74 - - [12/Apr/2021:06:32:11 +0200] "GET /robots.txt HTTP/1.1" 404 1181 "-" "Mozilla/5.0 (compatible; AhrefsBot/7.0; +http://ahrefs.com/robot/)"
159.69.145.50 - - [12/Apr/2021:06:34:53 +0200] "HEAD / HTTP/1.1" 200 0 "-" "Alert_Alligator_webmonitoring_service_1.6.3_(alertalligator.com)"
212.237.53.115 - - [12/Apr/2021:07:33:56 +0200] "HEAD / HTTP/1.1" 200 0 "-" "Alert_Alligator_webmonitoring_service_1.6.3_(alertalligator.com)"
66.249.69.5 - - [12/Apr/2021:08:20:32 +0200] "GET /aktualis_elemei/fnhv_elemei/image016.jpg HTTP/1.1" 200 12069 "-" "Googlebot-Image/1.0"
54.36.149.76 - - [12/Apr/2021:08:27:16 +0200] "GET /robots.txt HTTP/1.1" 404 1181 "-" "Mozilla/5.0 (compatible; AhrefsBot/7.0; +http://ahrefs.com/robot/)"
54.36.148.149 - - [12/Apr/2021:08:27:17 +0200] "GET / HTTP/1.1" 200 884 "-" "Mozilla/5.0 (compatible; AhrefsBot/7.0; +http://ahrefs.com/robot/)"
212.237.51.151 - - [12/Apr/2021:08:33:04 +0200] "HEAD / HTTP/1.1" 200 0 "-" "Alert_Alligator_webmonitoring_service_1.6.3_(alertalligator.com)"
54.216.93.90 - - [12/Apr/2021:09:07:08 +0200] "GET / HTTP/1.1" 200 884 "-" "Mozilla/5.0 (Macintosh; Intel Mac OS X 10.15; rv:81.0) Gecko/20100101 Firefox/81.0"
66.249.69.3 - - [12/Apr/2021:09:23:26 +0200] "GET /aktualis_elemei/bio2szulinap_elemei/image130.jpg HTTP/1.1" 200 7636 "-" "Googlebot-Image/1.0"
66.249.69.3 - - [12/Apr/2021:09:24:32 +0200] "GET /aktualis_elemei/fnhv_elemei/image001.jpg HTTP/1.1" 200 11658 "-" "Googlebot-Image/1.0"
159.69.145.50 - - [12/Apr/2021:09:32:05 +0200] "HEAD / HTTP/1.1" 200 0 "-" "Alert_Alligator_webmonitoring_service_1.6.3_(alertalligator.com)"
114.119.141.100 - - [12/Apr/2021:09:37:24 +0200] "GET /hirek/fn_rovid.pdf HTTP/1.1" 200 77231 "-" "Mozilla/5.0 (Linux; Android 7.0;) AppleWebKit/537.36 (KHTML, like Gecko) Mobile Safari/537.36 (compatible; PetalBot;+https://webmaster.petalsearch.com/site/petalbot)"
