114.119.150.85 - - [04/May/2021:20:00:14 +0200] "GET /aktualis_elemei/bekamentes.html HTTP/1.1" 200 27223 "-" "Mozilla/5.0 (Linux; Android 7.0;) AppleWebKit/537.36 (KHTML, like Gecko) Mobile Safari/537.36 (compatible; PetalBot;+https://webmaster.petalsearch.com/site/petalbot)"
114.119.150.85 - - [04/May/2021:20:09:57 +0200] "GET /aktualis_elemei/ausztriaut_elemei/image023.jpg HTTP/1.1" 404 1181 "-" "Mozilla/5.0 (Linux; Android 7.0;) AppleWebKit/537.36 (KHTML, like Gecko) Mobile Safari/537.36 (compatible; PetalBot;+https://webmaster.petalsearch.com/site/petalbot)"
49.12.13.109 - - [04/May/2021:20:35:45 +0200] "HEAD / HTTP/1.1" 200 0 "-" "Alert_Alligator_webmonitoring_service_1.6.3_(alertalligator.com)"
114.119.146.244 - - [04/May/2021:20:43:42 +0200] "GET /archiv_elemei/belvarostc.html HTTP/1.1" 200 12601 "-" "Mozilla/5.0 (Linux; Android 7.0;) AppleWebKit/537.36 (KHTML, like Gecko) Mobile Safari/537.36 (compatible; PetalBot;+https://webmaster.petalsearch.com/site/petalbot)"
114.119.146.244 - - [04/May/2021:21:00:12 +0200] "GET /aktualis_elemei/ktavmuhely.html HTTP/1.1" 200 22398 "-" "Mozilla/5.0 (Linux; Android 7.0;) AppleWebKit/537.36 (KHTML, like Gecko) Mobile Safari/537.36 (compatible; PetalBot;+https://webmaster.petalsearch.com/site/petalbot)"
159.69.145.50 - - [04/May/2021:21:34:47 +0200] "HEAD / HTTP/1.1" 200 0 "-" "Alert_Alligator_webmonitoring_service_1.6.3_(alertalligator.com)"
114.119.155.44 - - [04/May/2021:21:51:09 +0200] "GET /archiv_elemei/zsarnaitc.html HTTP/1.1" 200 14522 "-" "Mozilla/5.0 (Linux; Android 7.0;) AppleWebKit/537.36 (KHTML, like Gecko) Mobile Safari/537.36 (compatible; PetalBot;+https://webmaster.petalsearch.com/site/petalbot)"
207.46.13.19 - - [04/May/2021:22:20:51 +0200] "GET /aktualis_elemei/bio2szulinap_elemei/image024.jpg HTTP/1.1" 200 12405 "-" "Mozilla/5.0 (compatible; bingbot/2.0; +http://www.bing.com/bingbot.htm)"
114.119.155.44 - - [04/May/2021:22:25:00 +0200] "GET /archiv_elemei/szulinaptc.html HTTP/1.1" 200 13371 "-" "Mozilla/5.0 (Linux; Android 7.0;) AppleWebKit/537.36 (KHTML, like Gecko) Mobile Safari/537.36 (compatible; PetalBot;+https://webmaster.petalsearch.com/site/petalbot)"
207.46.13.19 - - [04/May/2021:22:34:03 +0200] "GET / HTTP/1.1" 200 884 "-" "Mozilla/5.0 (compatible; bingbot/2.0; +http://www.bing.com/bingbot.htm)"
49.12.13.109 - - [04/May/2021:22:34:23 +0200] "HEAD / HTTP/1.1" 200 0 "-" "Alert_Alligator_webmonitoring_service_1.6.3_(alertalligator.com)"
185.191.171.37 - - [04/May/2021:23:01:41 +0200] "GET /robots.txt HTTP/1.1" 404 1181 "-" "Mozilla/5.0 (compatible; SemrushBot/7~bl; +http://www.semrush.com/bot.html)"
185.191.171.26 - - [04/May/2021:23:01:42 +0200] "GET /magunkrol_elemei/kozhasznu.html HTTP/1.1" 200 48365 "-" "Mozilla/5.0 (compatible; SemrushBot/7~bl; +http://www.semrush.com/bot.html)"
185.191.171.2 - - [04/May/2021:23:01:46 +0200] "GET /sitemap.xml HTTP/1.1" 404 1181 "-" "Mozilla/5.0 (compatible; SemrushBot/7~bl; +http://www.semrush.com/bot.html)"
66.249.69.141 - - [04/May/2021:23:22:41 +0200] "GET / HTTP/1.1" 200 884 "-" "Mozilla/5.0 (Linux; Android 6.0.1; Nexus 5X Build/MMB29P) AppleWebKit/537.36 (KHTML, like Gecko) Chrome/90.0.4430.84 Mobile Safari/537.36 (compatible; Googlebot/2.1; +http://www.google.com/bot.html)"
212.237.23.143 - - [04/May/2021:23:34:45 +0200] "HEAD / HTTP/1.1" 200 0 "-" "Alert_Alligator_webmonitoring_service_1.6.3_(alertalligator.com)"
54.36.148.130 - - [04/May/2021:23:47:46 +0200] "GET /robots.txt HTTP/1.1" 404 1181 "-" "Mozilla/5.0 (compatible; AhrefsBot/7.0; +http://ahrefs.com/robot/)"
54.36.148.30 - - [04/May/2021:23:47:46 +0200] "GET / HTTP/1.1" 200 884 "-" "Mozilla/5.0 (compatible; AhrefsBot/7.0; +http://ahrefs.com/robot/)"
49.12.13.109 - - [05/May/2021:00:33:47 +0200] "HEAD / HTTP/1.1" 200 0 "-" "Alert_Alligator_webmonitoring_service_1.6.3_(alertalligator.com)"
40.77.167.80 - - [05/May/2021:01:18:07 +0200] "GET /aktualis_elemei/bio2szulinap_elemei/image140.jpg HTTP/1.1" 200 9938 "-" "Mozilla/5.0 (compatible; bingbot/2.0; +http://www.bing.com/bingbot.htm)"
34.86.35.26 - - [05/May/2021:01:30:02 +0200] "GET / HTTP/1.1" 200 884 "-" "Expanse, a Palo Alto Networks company, searches across the global IPv4 space multiple times per day to identify customers' presences on the Internet. If you would like to be excluded from our scans, please send IP addresses/domains to: scaninfo@paloaltonetworks.com"
159.69.145.50 - - [05/May/2021:01:33:00 +0200] "HEAD / HTTP/1.1" 200 0 "-" "Alert_Alligator_webmonitoring_service_1.6.3_(alertalligator.com)"
66.249.69.141 - - [05/May/2021:01:38:31 +0200] "GET / HTTP/1.1" 200 884 "-" "Mozilla/5.0 (compatible; Googlebot/2.1; +http://www.google.com/bot.html)"
93.158.90.156 - - [05/May/2021:01:55:26 +0200] "GET /robots.txt HTTP/1.1" 404 1181 "-" "Mozilla/5.0 (Linux; Android 8.0.0; SM-G960F Build/R16NW) AppleWebKit/537.36 (KHTML, like Gecko) Chrome/62.0.3202.84 Mobile Safari/537.36"
93.158.90.168 - - [05/May/2021:01:55:26 +0200] "GET /humans.txt HTTP/1.1" 404 1181 "-" "Mozilla/5.0 (Linux; Android 8.0.0; SM-G960F Build/R16NW) AppleWebKit/537.36 (KHTML, like Gecko) Chrome/62.0.3202.84 Mobile Safari/537.36"
93.158.90.143 - - [05/May/2021:01:55:27 +0200] "GET /ads.txt HTTP/1.1" 404 1181 "-" "Mozilla/5.0 (Linux; Android 8.0.0; SM-G960F Build/R16NW) AppleWebKit/537.36 (KHTML, like Gecko) Chrome/62.0.3202.84 Mobile Safari/537.36"
93.158.90.168 - - [05/May/2021:01:55:28 +0200] "GET / HTTP/1.1" 200 884 "-" "Mozilla/5.0 (Linux; Android 8.0.0; SM-G960F Build/R16NW) AppleWebKit/537.36 (KHTML, like Gecko) Chrome/62.0.3202.84 Mobile Safari/537.36"
34.86.35.21 - - [05/May/2021:02:06:24 +0200] "GET / HTTP/1.1" 200 884 "-" "Expanse, a Palo Alto Networks company, searches across the global IPv4 space multiple times per day to identify customers' presences on the Internet. If you would like to be excluded from our scans, please send IP addresses/domains to: scaninfo@paloaltonetworks.com"
159.69.145.50 - - [05/May/2021:02:32:02 +0200] "HEAD / HTTP/1.1" 200 0 "-" "Alert_Alligator_webmonitoring_service_1.6.3_(alertalligator.com)"
114.119.141.100 - - [05/May/2021:02:57:09 +0200] "GET /aktualis_elemei/ausztriaut_elemei/image041.jpg HTTP/1.1" 404 1181 "-" "Mozilla/5.0 (Linux; Android 7.0;) AppleWebKit/537.36 (KHTML, like Gecko) Mobile Safari/537.36 (compatible; PetalBot;+https://webmaster.petalsearch.com/site/petalbot)"
114.119.150.85 - - [05/May/2021:03:13:59 +0200] "GET /aktualis_elemei/belefulladunk.html HTTP/1.1" 200 11597 "-" "Mozilla/5.0 (Linux; Android 7.0;) AppleWebKit/537.36 (KHTML, like Gecko) Mobile Safari/537.36 (compatible; PetalBot;+https://webmaster.petalsearch.com/site/petalbot)"
49.12.13.109 - - [05/May/2021:03:31:02 +0200] "HEAD / HTTP/1.1" 200 0 "-" "Alert_Alligator_webmonitoring_service_1.6.3_(alertalligator.com)"
213.180.203.115 - - [05/May/2021:03:41:39 +0200] "GET /robots.txt HTTP/1.1" 404 1181 "-" "Mozilla/5.0 (compatible; YandexBot/3.0; +http://yandex.com/bots)"
213.180.203.115 - - [05/May/2021:03:41:43 +0200] "GET / HTTP/1.1" 200 884 "-" "Mozilla/5.0 (compatible; YandexBot/3.0; +http://yandex.com/bots)"
42.236.10.69 - - [05/May/2021:03:58:11 +0200] "GET / HTTP/1.1" 200 884 "http://www.greenaction.hu/" "Mozilla/5.0 (Windows NT 6.1; WOW64) AppleWebKit/537.36 (KHTML, like Gecko) Chrome/50.4.2661.102 Safari/537.36; 360Spider"
216.151.2.52 - - [05/May/2021:04:14:13 +0200] "GET /robots.txt HTTP/1.1" 404 1181 "-" "Mozilla/5.0 (compatible; WbSrch/1.1 +https://wbsrch.com)"
216.151.2.52 - - [05/May/2021:04:14:13 +0200] "GET / HTTP/1.1" 200 884 "-" "Mozilla/5.0 (compatible; WbSrch/1.2 +https://wbsrch.com)"
49.12.13.109 - - [05/May/2021:04:30:02 +0200] "HEAD / HTTP/1.1" 200 0 "-" "Alert_Alligator_webmonitoring_service_1.6.3_(alertalligator.com)"
114.119.141.100 - - [05/May/2021:04:43:35 +0200] "GET /aktualis_elemei/knavastc.html HTTP/1.1" 200 12073 "-" "Mozilla/5.0 (Linux; Android 7.0;) AppleWebKit/537.36 (KHTML, like Gecko) Mobile Safari/537.36 (compatible; PetalBot;+https://webmaster.petalsearch.com/site/petalbot)"
89.45.46.91 - - [05/May/2021:04:53:42 +0200] "GET /wp-json/wp/v2/users/ HTTP/1.1" 404 1181 "-" "python-requests/2.25.1"
40.77.167.43 - - [05/May/2021:04:54:24 +0200] "GET /robots.txt HTTP/1.1" 404 1181 "-" "Mozilla/5.0 (compatible; bingbot/2.0; +http://www.bing.com/bingbot.htm)"
207.46.13.174 - - [05/May/2021:04:54:33 +0200] "GET /aktualis_elemei/bio2szulinap_elemei/image124.jpg HTTP/1.1" 200 8278 "-" "Mozilla/5.0 (compatible; bingbot/2.0; +http://www.bing.com/bingbot.htm)"
185.46.8.135 - - [05/May/2021:05:04:29 +0200] "HEAD / HTTP/1.0" 200 0 "-" "Opera/9.00 (Windows NT 5.1; U; en)"
185.46.8.135 - - [05/May/2021:05:04:30 +0200] "GET / HTTP/1.1" 200 884 "-" "Mozilla/5.0 (Windows NT 5.1) AppleWebKit/535.2 (KHTML, like Gecko) Chrome/15.0.874.120 Safari/535.2"
185.46.8.135 - - [05/May/2021:05:04:30 +0200] "HEAD / HTTP/1.1" 200 0 "-" "curl/7.29.0"
185.46.8.135 - - [05/May/2021:05:04:32 +0200] "GET /admin/ HTTP/1.1" 404 1181 "-" "Mozilla/5.0 (Windows; U; Windows NT 5.1; ru; rv:1.9.2.26) Gecko/20120128 MRA 5.7 (build 03796) Firefox/3.6.26 sputnik 2.5.0.148"
185.46.8.135 - - [05/May/2021:05:04:34 +0200] "GET /manager/ HTTP/1.1" 404 1181 "-" "Mozilla/4.0 (compatible; MSIE 6.0; Windows NT 5.1; .NET CLR 1.1.4322; FDM)"
185.46.8.135 - - [05/May/2021:05:04:36 +0200] "GET /admin/content/sitetree/ HTTP/1.1" 404 1181 "-" "Mozilla/4.0 (compatible; MSIE 8.0; Windows NT 6.0; Trident/4.0; MRSPUTNIK 2, 4, 0, 491; SLCC1; .NET CLR 2.0.50727; Media Center PC 5.0; InfoPath.2; .NET CLR 3.5.30729; .NET4.0C; .NET CLR 3.0.30729)"
185.46.8.135 - - [05/May/2021:05:04:39 +0200] "GET /simpla/ HTTP/1.0" 404 1181 "-" "Mozilla/5.0 (Windows NT 6.1; rv:11.0) Gecko/20100101 Firefox/11.0"
185.46.8.135 - - [05/May/2021:05:04:39 +0200] "GET /js/mage/cookies.js HTTP/1.1" 404 1181 "-" "Opera/8.01 (J2ME/MIDP; Opera Mini/1.2.3214/1724; ru; U; ssr)"
66.249.69.143 - - [05/May/2021:05:05:25 +0200] "GET / HTTP/1.1" 200 884 "-" "Mozilla/5.0 (compatible; Googlebot/2.1; +http://www.google.com/bot.html)"
207.46.13.91 - - [05/May/2021:05:16:34 +0200] "GET /aktualis_elemei/bio2szulinap_elemei/image104.jpg HTTP/1.1" 200 8372 "-" "Mozilla/5.0 (compatible; bingbot/2.0; +http://www.bing.com/bingbot.htm)"
159.69.145.50 - - [05/May/2021:05:29:16 +0200] "HEAD / HTTP/1.1" 200 0 "-" "Alert_Alligator_webmonitoring_service_1.6.3_(alertalligator.com)"
114.119.132.9 - - [05/May/2021:05:48:38 +0200] "GET /archiv_elemei/martintc.html HTTP/1.1" 200 15741 "-" "Mozilla/5.0 (Linux; Android 7.0;) AppleWebKit/537.36 (KHTML, like Gecko) Mobile Safari/537.36 (compatible; PetalBot;+https://webmaster.petalsearch.com/site/petalbot)"
62.210.188.222 - - [05/May/2021:06:27:30 +0200] "GET /robots.txt HTTP/1.1" 404 1181 "-" "Mozilla/5.0 (compatible; Barkrowler/0.9; +https://babbar.tech/crawler)"
62.210.188.222 - - [05/May/2021:06:27:46 +0200] "GET / HTTP/1.1" 304 - "-" "Mozilla/5.0 (compatible; Barkrowler/0.9; +https://babbar.tech/crawler)"
159.69.145.50 - - [05/May/2021:06:28:19 +0200] "HEAD / HTTP/1.1" 200 0 "-" "Alert_Alligator_webmonitoring_service_1.6.3_(alertalligator.com)"
159.69.145.50 - - [05/May/2021:07:27:46 +0200] "HEAD / HTTP/1.1" 200 0 "-" "Alert_Alligator_webmonitoring_service_1.6.3_(alertalligator.com)"
207.46.13.19 - - [05/May/2021:07:57:26 +0200] "GET / HTTP/1.1" 200 884 "-" "Mozilla/5.0 (compatible; bingbot/2.0; +http://www.bing.com/bingbot.htm)"
114.119.155.233 - - [05/May/2021:08:02:20 +0200] "GET /aktualis_elemei/ausztriaut_elemei/image049.jpg HTTP/1.1" 404 1181 "-" "Mozilla/5.0 (Linux; Android 7.0;) AppleWebKit/537.36 (KHTML, like Gecko) Mobile Safari/537.36 (compatible; PetalBot;+https://webmaster.petalsearch.com/site/petalbot)"
114.119.155.233 - - [05/May/2021:08:18:37 +0200] "GET /hirek/fn_rovid.pdf HTTP/1.1" 200 77231 "-" "Mozilla/5.0 (Linux; Android 7.0;) AppleWebKit/537.36 (KHTML, like Gecko) Mobile Safari/537.36 (compatible; PetalBot;+https://webmaster.petalsearch.com/site/petalbot)"
49.12.13.109 - - [05/May/2021:08:26:52 +0200] "HEAD / HTTP/1.1" 200 0 "-" "Alert_Alligator_webmonitoring_service_1.6.3_(alertalligator.com)"
207.46.13.39 - - [05/May/2021:08:51:51 +0200] "GET /aktualis_elemei/bio2szulinap_elemei/image002.jpg HTTP/1.1" 200 13498 "-" "Mozilla/5.0 (compatible; bingbot/2.0; +http://www.bing.com/bingbot.htm)"
178.150.47.62 - - [05/May/2021:08:53:29 +0200] "GET / HTTP/1.1" 200 884 "https://jobgirl24.ru/" "Mozilla/4.0 (compatible; MSIE 5.5; Windows NT 4.0; .NET CLR 1.0.2914)"
178.150.47.62 - - [05/May/2021:08:53:30 +0200] "GET / HTTP/1.1" 200 884 "https://jobgirl24.ru/" "Mozilla/4.0 (compatible; MSIE 5.5; Windows NT 4.0; .NET CLR 1.0.2914)"
34.244.173.30 - - [05/May/2021:09:05:24 +0200] "GET / HTTP/1.1" 200 884 "-" "Mozilla/5.0 (Macintosh; Intel Mac OS X 10.15; rv:81.0) Gecko/20100101 Firefox/81.0"
114.119.146.244 - - [05/May/2021:09:22:36 +0200] "GET /aktualis_elemei/kakcionap.html HTTP/1.1" 200 9027 "-" "Mozilla/5.0 (Linux; Android 7.0;) AppleWebKit/537.36 (KHTML, like Gecko) Mobile Safari/537.36 (compatible; PetalBot;+https://webmaster.petalsearch.com/site/petalbot)"
212.237.23.143 - - [05/May/2021:09:25:57 +0200] "HEAD / HTTP/1.1" 200 0 "-" "Alert_Alligator_webmonitoring_service_1.6.3_(alertalligator.com)"
66.249.69.143 - - [05/May/2021:09:36:28 +0200] "GET /robots.txt HTTP/1.1" 404 1181 "-" "Mozilla/5.0 (compatible; Googlebot/2.1; +http://www.google.com/bot.html)"
66.249.69.139 - - [05/May/2021:09:36:28 +0200] "GET / HTTP/1.1" 200 884 "-" "Mozilla/5.0 (Linux; Android 6.0.1; Nexus 5X Build/MMB29P) AppleWebKit/537.36 (KHTML, like Gecko) Chrome/90.0.4430.84 Mobile Safari/537.36 (compatible; Googlebot/2.1; +http://www.google.com/bot.html)"
212.237.53.115 - - [05/May/2021:10:25:03 +0200] "HEAD / HTTP/1.1" 200 0 "-" "Alert_Alligator_webmonitoring_service_1.6.3_(alertalligator.com)"
114.119.155.233 - - [05/May/2021:10:47:24 +0200] "GET /aktualis_elemei/hulladek-klima.humusz.html HTTP/1.1" 200 13381 "-" "Mozilla/5.0 (Linux; Android 7.0;) AppleWebKit/537.36 (KHTML, like Gecko) Mobile Safari/537.36 (compatible; PetalBot;+https://webmaster.petalsearch.com/site/petalbot)"
49.12.13.109 - - [05/May/2021:11:24:45 +0200] "HEAD / HTTP/1.1" 200 0 "-" "Alert_Alligator_webmonitoring_service_1.6.3_(alertalligator.com)"
207.46.13.122 - - [05/May/2021:11:50:48 +0200] "GET /aktualis_elemei/bio2szulinap_elemei/image008.jpg HTTP/1.1" 200 14223 "-" "Mozilla/5.0 (compatible; bingbot/2.0; +http://www.bing.com/bingbot.htm)"
114.119.155.44 - - [05/May/2021:12:17:58 +0200] "GET /aktualis_elemei/humuszkotelhuzo.html HTTP/1.1" 200 14947 "-" "Mozilla/5.0 (Linux; Android 7.0;) AppleWebKit/537.36 (KHTML, like Gecko) Mobile Safari/537.36 (compatible; PetalBot;+https://webmaster.petalsearch.com/site/petalbot)"
154.54.249.16 - - [05/May/2021:12:18:13 +0200] "GET /robots.txt HTTP/1.1" 404 1181 "-" "Mozilla/5.0 (compatible; Barkrowler/0.9; +https://babbar.tech/crawler)"
154.54.249.16 - - [05/May/2021:12:18:35 +0200] "GET / HTTP/1.1" 304 - "-" "Mozilla/5.0 (compatible; Barkrowler/0.9; +https://babbar.tech/crawler)"
212.237.23.143 - - [05/May/2021:12:23:53 +0200] "HEAD / HTTP/1.1" 200 0 "-" "Alert_Alligator_webmonitoring_service_1.6.3_(alertalligator.com)"
114.119.132.9 - - [05/May/2021:12:38:32 +0200] "GET /aktualis_elemei/ausztriaut_elemei/image015.jpg HTTP/1.1" 404 1181 "-" "Mozilla/5.0 (Linux; Android 7.0;) AppleWebKit/537.36 (KHTML, like Gecko) Mobile Safari/537.36 (compatible; PetalBot;+https://webmaster.petalsearch.com/site/petalbot)"
5.34.180.192 - - [05/May/2021:12:39:46 +0200] "GET / HTTP/1.1" 200 884 "https://credit.co.ua/" "Mozilla/4.0 (compatible; MSIE 5.5; Windows NT 5.0; T312461)"
5.34.180.192 - - [05/May/2021:12:39:46 +0200] "GET / HTTP/1.1" 200 884 "https://credit.co.ua/" "Mozilla/4.0 (compatible; MSIE 5.5; Windows NT 5.0; T312461)"
5.34.180.192 - - [05/May/2021:12:39:46 +0200] "GET / HTTP/1.1" 200 884 "https://credit.co.ua/" "Mozilla/4.0 (compatible; MSIE 5.5; Windows NT 5.0; T312461)"
212.237.53.115 - - [05/May/2021:13:23:44 +0200] "HEAD / HTTP/1.1" 200 0 "-" "Alert_Alligator_webmonitoring_service_1.6.3_(alertalligator.com)"
207.46.13.39 - - [05/May/2021:13:29:58 +0200] "GET /aktualis_elemei/bio2szulinap_elemei/image134.jpg HTTP/1.1" 200 10678 "-" "Mozilla/5.0 (compatible; bingbot/2.0; +http://www.bing.com/bingbot.htm)"
114.119.132.9 - - [05/May/2021:13:35:19 +0200] "GET /hirek/hirek.txt HTTP/1.1" 200 96857 "-" "Mozilla/5.0 (Linux; Android 7.0;) AppleWebKit/537.36 (KHTML, like Gecko) Mobile Safari/537.36 (compatible; PetalBot;+https://webmaster.petalsearch.com/site/petalbot)"
162.210.196.98 - - [05/May/2021:14:14:26 +0200] "GET /robots.txt HTTP/1.1" 404 1181 "-" "Mozilla/5.0 (compatible; MJ12bot/v1.4.8; http://mj12bot.com/)"
162.210.196.98 - - [05/May/2021:14:14:28 +0200] "GET / HTTP/1.1" 200 884 "-" "Mozilla/5.0 (compatible; MJ12bot/v1.4.8; http://mj12bot.com/)"
212.237.51.151 - - [05/May/2021:14:22:53 +0200] "HEAD / HTTP/1.1" 200 0 "-" "Alert_Alligator_webmonitoring_service_1.6.3_(alertalligator.com)"
121.167.15.221 - - [05/May/2021:14:29:44 +0200] "GET /wp-login.php HTTP/1.1" 404 1181 "http://greenaction.hu/wp-login.php" "Mozilla/5.0 (Windows NT 10.0; Win64; x64) AppleWebKit/537.36 (KHTML, like Gecko) Chrome/86.0.4240.198 Safari/4D0941"
121.167.15.221 - - [05/May/2021:14:29:51 +0200] "GET /admin/ HTTP/1.1" 404 1181 "http://greenaction.hu/admin/" "Mozilla/5.0 (Windows NT 10.0; Win64; x64) AppleWebKit/537.36 (KHTML, like Gecko) Chrome/86.0.4240.198 Safari/4D0941"
121.167.15.221 - - [05/May/2021:14:29:57 +0200] "GET /downloader/ HTTP/1.1" 404 1181 "http://greenaction.hu/downloader/" "Mozilla/5.0 (Windows NT 10.0; Win64; x64) AppleWebKit/537.36 (KHTML, like Gecko) Chrome/86.0.4240.198 Safari/4D0941"
121.167.15.221 - - [05/May/2021:14:30:04 +0200] "GET /admin.php HTTP/1.1" 404 1181 "http://greenaction.hu/admin.php" "Mozilla/5.0 (Windows NT 10.0; Win64; x64) AppleWebKit/537.36 (KHTML, like Gecko) Chrome/86.0.4240.198 Safari/4D0941"
121.167.15.221 - - [05/May/2021:14:30:10 +0200] "GET /Backoffice/ HTTP/1.1" 404 1181 "http://greenaction.hu/Backoffice/" "Mozilla/5.0 (Windows NT 10.0; Win64; x64) AppleWebKit/537.36 (KHTML, like Gecko) Chrome/86.0.4240.198 Safari/4D0941"
121.167.15.221 - - [05/May/2021:14:30:15 +0200] "GET /administrator/ HTTP/1.1" 404 1181 "http://greenaction.hu/administrator/" "Mozilla/5.0 (Windows NT 10.0; Win64; x64) AppleWebKit/537.36 (KHTML, like Gecko) Chrome/86.0.4240.198 Safari/4D0941"
54.36.148.149 - - [05/May/2021:14:39:55 +0200] "GET / HTTP/1.1" 200 884 "-" "Mozilla/5.0 (compatible; AhrefsBot/7.0; +http://ahrefs.com/robot/)"
114.119.154.169 - - [05/May/2021:14:48:17 +0200] "GET /robots.txt HTTP/1.1" 404 1181 "-" "Mozilla/5.0 (compatible;PetalBot;+https://webmaster.petalsearch.com/site/petalbot)"
114.119.132.9 - - [05/May/2021:14:54:08 +0200] "GET /aktualis_elemei/ausztriaut_elemei/image021.jpg HTTP/1.1" 404 1181 "-" "Mozilla/5.0 (Linux; Android 7.0;) AppleWebKit/537.36 (KHTML, like Gecko) Mobile Safari/537.36 (compatible; PetalBot;+https://webmaster.petalsearch.com/site/petalbot)"
207.46.13.88 - - [05/May/2021:14:54:59 +0200] "GET /aktualis_elemei/lazadasatanyerodban.html HTTP/1.1" 304 - "-" "Mozilla/5.0 (compatible; bingbot/2.0; +http://www.bing.com/bingbot.htm)"
66.249.69.73 - - [05/May/2021:14:58:59 +0200] "GET /robots.txt HTTP/1.1" 404 1181 "-" "Mozilla/5.0 (compatible; Googlebot/2.1; +http://www.google.com/bot.html)"
66.249.69.73 - - [05/May/2021:14:58:59 +0200] "GET /kiadvany/miskolchvte.pdf HTTP/1.1" 304 - "-" "Mozilla/5.0 (Linux; Android 6.0.1; Nexus 5X Build/MMB29P) AppleWebKit/537.36 (KHTML, like Gecko) Chrome/90.0.4430.84 Mobile Safari/537.36 (compatible; Googlebot/2.1; +http://www.google.com/bot.html)"
49.12.13.109 - - [05/May/2021:15:21:59 +0200] "HEAD / HTTP/1.1" 200 0 "-" "Alert_Alligator_webmonitoring_service_1.6.3_(alertalligator.com)"
212.237.23.143 - - [05/May/2021:16:21:37 +0200] "HEAD / HTTP/1.1" 200 0 "-" "Alert_Alligator_webmonitoring_service_1.6.3_(alertalligator.com)"
114.119.155.44 - - [05/May/2021:16:23:47 +0200] "GET /archiv_elemei/belvaros2.html HTTP/1.1" 200 12988 "-" "Mozilla/5.0 (Linux; Android 7.0;) AppleWebKit/537.36 (KHTML, like Gecko) Mobile Safari/537.36 (compatible; PetalBot;+https://webmaster.petalsearch.com/site/petalbot)"
66.249.69.75 - - [05/May/2021:17:09:50 +0200] "GET /kiadvany/riport.pdf HTTP/1.1" 304 - "-" "Mozilla/5.0 (compatible; Googlebot/2.1; +http://www.google.com/bot.html)"
114.119.152.134 - - [05/May/2021:17:10:56 +0200] "GET /robots.txt HTTP/1.1" 404 1181 "-" "Mozilla/5.0 (compatible;PetalBot;+https://webmaster.petalsearch.com/site/petalbot)"
114.119.130.136 - - [05/May/2021:17:15:35 +0200] "GET /archiv_elemei/csanyiktc.html HTTP/1.1" 200 13182 "-" "Mozilla/5.0 (Linux; Android 7.0;) AppleWebKit/537.36 (KHTML, like Gecko) Mobile Safari/537.36 (compatible; PetalBot;+https://webmaster.petalsearch.com/site/petalbot)"
159.69.145.50 - - [05/May/2021:17:20:42 +0200] "HEAD / HTTP/1.1" 200 0 "-" "Alert_Alligator_webmonitoring_service_1.6.3_(alertalligator.com)"
207.46.13.39 - - [05/May/2021:17:21:48 +0200] "GET /aktualis_elemei/bio2szulinap_elemei/image134.jpg HTTP/1.1" 200 10678 "-" "Mozilla/5.0 (compatible; bingbot/2.0; +http://www.bing.com/bingbot.htm)"
185.191.171.24 - - [05/May/2021:17:30:10 +0200] "GET /robots.txt HTTP/1.1" 404 1181 "-" "Mozilla/5.0 (compatible; SemrushBot/7~bl; +http://www.semrush.com/bot.html)"
185.191.171.25 - - [05/May/2021:17:30:10 +0200] "GET / HTTP/1.1" 200 884 "-" "Mozilla/5.0 (compatible; SemrushBot/7~bl; +http://www.semrush.com/bot.html)"
188.130.219.139 - - [05/May/2021:17:30:16 +0200] "GET / HTTP/1.0" 200 884 "http://greenaction.hu/" "Mozilla/5.0 (Windows NT 10.0; Win64; x64) AppleWebKit/537.36 (KHTML, like Gecko) Chrome/66.0.3359.170 Safari/537.36 OPR/53.0.2907.99"
77.75.79.101 - - [05/May/2021:17:33:21 +0200] "GET /robots.txt HTTP/1.1" 404 1181 "-" "Mozilla/5.0 (compatible; SeznamBot/3.2; +http://napoveda.seznam.cz/en/seznambot-intro/)"
77.75.79.101 - - [05/May/2021:17:33:21 +0200] "GET / HTTP/1.1" 304 - "-" "Mozilla/5.0 (compatible; SeznamBot/3.2; +http://napoveda.seznam.cz/en/seznambot-intro/)"
207.46.13.19 - - [05/May/2021:18:05:14 +0200] "GET /aktualis_elemei/bio2szulinap_elemei/image024.jpg HTTP/1.1" 200 12405 "-" "Mozilla/5.0 (compatible; bingbot/2.0; +http://www.bing.com/bingbot.htm)"
49.12.13.109 - - [05/May/2021:18:19:59 +0200] "HEAD / HTTP/1.1" 200 0 "-" "Alert_Alligator_webmonitoring_service_1.6.3_(alertalligator.com)"
94.21.100.73 - - [05/May/2021:18:51:33 +0200] "GET /kiadvany/miskolchvte.pdf HTTP/1.1" 304 - "-" "Mozilla/5.0 (Android 11; Mobile; rv:88.0) Gecko/88.0 Firefox/88.0"
212.237.51.151 - - [05/May/2021:19:19:01 +0200] "HEAD / HTTP/1.1" 200 0 "-" "Alert_Alligator_webmonitoring_service_1.6.3_(alertalligator.com)"
158.101.108.23 - - [05/May/2021:19:27:18 +0200] "POST / HTTP/1.1" 405 1174 "-" "Mozilla/5.0 (X11; Linux x86_64) AppleWebKit/537.36 (KHTML, like Gecko) Chrome/81.0.4044.129 Safari/537.36"
158.101.108.23 - - [05/May/2021:19:27:19 +0200] "GET /.env HTTP/1.1" 404 1181 "-" "Mozilla/5.0 (X11; Linux x86_64) AppleWebKit/537.36 (KHTML, like Gecko) Chrome/81.0.4044.129 Safari/537.36"
49.12.13.109 - - [05/May/2021:20:18:50 +0200] "HEAD / HTTP/1.1" 200 0 "-" "Alert_Alligator_webmonitoring_service_1.6.3_(alertalligator.com)"
66.115.173.18 - - [05/May/2021:20:22:49 +0200] "GET /wp-login.php HTTP/1.1" 404 1181 "-" "Mozilla/5.0 (X11; Ubuntu; Linux x86_64; rv:62.0) Gecko/20100101 Firefox/62.0"
66.115.173.18 - - [05/May/2021:20:22:49 +0200] "GET /wp-login.php HTTP/1.1" 404 1181 "-" "Mozilla/5.0 (X11; Ubuntu; Linux x86_64; rv:62.0) Gecko/20100101 Firefox/62.0"
143.110.239.240 - - [05/May/2021:21:04:58 +0200] "GET / HTTP/1.0" 200 884 "-" "Mozilla/5.0 (iPad; U; CPU OS 3_2 like Mac OS X; en-us) AppleWebKit/531.21.10 (KHTML, like Gecko) Version/4.0.4 Mobile/7B334b Safari/531.21.102011-10-16 20:23:10"
212.237.53.115 - - [05/May/2021:21:18:09 +0200] "HEAD / HTTP/1.1" 200 0 "-" "Alert_Alligator_webmonitoring_service_1.6.3_(alertalligator.com)"
114.119.141.100 - - [05/May/2021:21:22:59 +0200] "GET /aktualis_elemei/ausztriaut_elemei/image007.jpg HTTP/1.1" 404 1181 "-" "Mozilla/5.0 (Linux; Android 7.0;) AppleWebKit/537.36 (KHTML, like Gecko) Mobile Safari/537.36 (compatible; PetalBot;+https://webmaster.petalsearch.com/site/petalbot)"
114.119.155.44 - - [05/May/2021:21:31:55 +0200] "GET /aktualis_elemei/ausztriaut_elemei/image045.jpg HTTP/1.1" 404 1181 "-" "Mozilla/5.0 (Linux; Android 7.0;) AppleWebKit/537.36 (KHTML, like Gecko) Mobile Safari/537.36 (compatible; PetalBot;+https://webmaster.petalsearch.com/site/petalbot)"
207.46.13.122 - - [05/May/2021:22:09:11 +0200] "GET /aktualis_elemei/bio2szulinap_elemei/image008.jpg HTTP/1.1" 200 14223 "-" "Mozilla/5.0 (compatible; bingbot/2.0; +http://www.bing.com/bingbot.htm)"
212.237.23.143 - - [05/May/2021:22:17:59 +0200] "HEAD / HTTP/1.1" 200 0 "-" "Alert_Alligator_webmonitoring_service_1.6.3_(alertalligator.com)"
40.77.167.80 - - [05/May/2021:22:40:25 +0200] "GET /aktualis_elemei/bio2szulinap_elemei/image140.jpg HTTP/1.1" 200 9938 "-" "Mozilla/5.0 (compatible; bingbot/2.0; +http://www.bing.com/bingbot.htm)"
212.237.51.151 - - [05/May/2021:23:17:11 +0200] "HEAD / HTTP/1.1" 200 0 "-" "Alert_Alligator_webmonitoring_service_1.6.3_(alertalligator.com)"
212.237.23.143 - - [06/May/2021:00:16:14 +0200] "HEAD / HTTP/1.1" 200 0 "-" "Alert_Alligator_webmonitoring_service_1.6.3_(alertalligator.com)"
114.119.133.236 - - [06/May/2021:00:37:29 +0200] "GET /robots.txt HTTP/1.1" 404 1181 "-" "Mozilla/5.0 (compatible;PetalBot;+https://webmaster.petalsearch.com/site/petalbot)"
49.12.13.109 - - [06/May/2021:01:15:20 +0200] "HEAD / HTTP/1.1" 200 0 "-" "Alert_Alligator_webmonitoring_service_1.6.3_(alertalligator.com)"
114.119.150.85 - - [06/May/2021:01:47:06 +0200] "GET /aktualis_elemei/ausztriaut_elemei/image017.jpg HTTP/1.1" 404 1181 "-" "Mozilla/5.0 (Linux; Android 7.0;) AppleWebKit/537.36 (KHTML, like Gecko) Mobile Safari/537.36 (compatible; PetalBot;+https://webmaster.petalsearch.com/site/petalbot)"
114.119.150.85 - - [06/May/2021:01:53:52 +0200] "GET /archiv_elemei/csanyiktc.html HTTP/1.1" 200 13182 "-" "Mozilla/5.0 (Linux; Android 7.0;) AppleWebKit/537.36 (KHTML, like Gecko) Mobile Safari/537.36 (compatible; PetalBot;+https://webmaster.petalsearch.com/site/petalbot)"
49.12.13.109 - - [06/May/2021:02:14:24 +0200] "HEAD / HTTP/1.1" 200 0 "-" "Alert_Alligator_webmonitoring_service_1.6.3_(alertalligator.com)"
5.188.211.21 - - [06/May/2021:02:49:17 +0200] "GET /__media__/js/netsoltrademark.php?d=baidu.com HTTP/1.1" 404 1181 "-" "Mozilla/5.0 (compatible; Googlebot/2.1; +http://www.google.com/bot.html)"
49.12.13.109 - - [06/May/2021:03:13:30 +0200] "HEAD / HTTP/1.1" 200 0 "-" "Alert_Alligator_webmonitoring_service_1.6.3_(alertalligator.com)"
18.215.232.69 - - [06/May/2021:03:22:09 +0200] "GET / HTTP/1.1" 200 884 "-" "Mozilla/5.0 (X11; Linux x86_64) AppleWebKit/537.36 (KHTML, like Gecko) Chrome/58.0.3029.110 Safari/537.36"
49.12.13.109 - - [06/May/2021:04:12:52 +0200] "HEAD / HTTP/1.1" 200 0 "-" "Alert_Alligator_webmonitoring_service_1.6.3_(alertalligator.com)"
207.46.13.19 - - [06/May/2021:04:23:04 +0200] "GET / HTTP/1.1" 200 884 "-" "Mozilla/5.0 (compatible; bingbot/2.0; +http://www.bing.com/bingbot.htm)"
54.36.148.115 - - [06/May/2021:04:27:47 +0200] "GET /robots.txt HTTP/1.1" 404 1181 "-" "Mozilla/5.0 (compatible; AhrefsBot/7.0; +http://ahrefs.com/robot/)"
212.237.53.115 - - [06/May/2021:05:12:13 +0200] "HEAD / HTTP/1.1" 200 0 "-" "Alert_Alligator_webmonitoring_service_1.6.3_(alertalligator.com)"
192.99.5.48 - - [06/May/2021:05:14:25 +0200] "GET /robots.txt HTTP/1.1" 404 1181 "-" "Mozilla/5.0 (compatible; MJ12bot/v1.4.8; http://mj12bot.com/)"
192.99.5.48 - - [06/May/2021:05:15:08 +0200] "GET / HTTP/1.1" 200 884 "-" "Mozilla/5.0 (compatible; MJ12bot/v1.4.8; http://mj12bot.com/)"
114.119.146.244 - - [06/May/2021:05:32:46 +0200] "GET /aktualis_elemei/belefulladunk.html HTTP/1.1" 200 11597 "-" "Mozilla/5.0 (Linux; Android 7.0;) AppleWebKit/537.36 (KHTML, like Gecko) Mobile Safari/537.36 (compatible; PetalBot;+https://webmaster.petalsearch.com/site/petalbot)"
212.237.23.143 - - [06/May/2021:06:11:39 +0200] "HEAD / HTTP/1.1" 200 0 "-" "Alert_Alligator_webmonitoring_service_1.6.3_(alertalligator.com)"
114.119.149.168 - - [06/May/2021:06:15:07 +0200] "GET / HTTP/1.1" 200 884 "-" "Mozilla/5.0 (Linux; Android 7.0;) AppleWebKit/537.36 (KHTML, like Gecko) Mobile Safari/537.36 (compatible; PetalBot;+https://webmaster.petalsearch.com/site/petalbot)"
207.46.13.91 - - [06/May/2021:06:19:57 +0200] "GET /aktualis_elemei/bio2szulinap_elemei/image104.jpg HTTP/1.1" 200 8372 "-" "Mozilla/5.0 (compatible; bingbot/2.0; +http://www.bing.com/bingbot.htm)"
40.77.167.42 - - [06/May/2021:06:59:07 +0200] "GET /robots.txt HTTP/1.1" 404 1181 "-" "Mozilla/5.0 (compatible; bingbot/2.0; +http://www.bing.com/bingbot.htm)"
207.46.13.39 - - [06/May/2021:06:59:20 +0200] "GET /aktualis_elemei/bio2szulinap_elemei/image002.jpg HTTP/1.1" 200 13498 "-" "Mozilla/5.0 (compatible; bingbot/2.0; +http://www.bing.com/bingbot.htm)"
159.69.145.50 - - [06/May/2021:07:11:06 +0200] "HEAD / HTTP/1.1" 200 0 "-" "Alert_Alligator_webmonitoring_service_1.6.3_(alertalligator.com)"
114.119.150.85 - - [06/May/2021:07:42:49 +0200] "GET /archiv.html HTTP/1.1" 200 100991 "-" "Mozilla/5.0 (Linux; Android 7.0;) AppleWebKit/537.36 (KHTML, like Gecko) Mobile Safari/537.36 (compatible; PetalBot;+https://webmaster.petalsearch.com/site/petalbot)"
5.34.180.192 - - [06/May/2021:07:48:36 +0200] "GET / HTTP/1.1" 200 884 "https://primedicdefib.ru/" "Mozilla/4.0 (compatible; MSIE 5.5; Windows NT 4.0; .NET CLR 1.0.2914)"
5.34.180.192 - - [06/May/2021:07:48:36 +0200] "GET / HTTP/1.1" 200 884 "https://primedicdefib.ru/" "Mozilla/4.0 (compatible; MSIE 5.5; Windows NT 4.0; .NET CLR 1.0.2914)"
5.34.180.192 - - [06/May/2021:07:48:37 +0200] "GET / HTTP/1.1" 200 884 "https://primedicdefib.ru/" "Mozilla/4.0 (compatible; MSIE 5.5; Windows NT 4.0; .NET CLR 1.0.2914)"
212.237.51.151 - - [06/May/2021:08:10:12 +0200] "HEAD / HTTP/1.1" 200 0 "-" "Alert_Alligator_webmonitoring_service_1.6.3_(alertalligator.com)"
207.46.13.19 - - [06/May/2021:08:28:18 +0200] "GET / HTTP/1.1" 200 884 "-" "Mozilla/5.0 (compatible; bingbot/2.0; +http://www.bing.com/bingbot.htm)"
63.34.163.221 - - [06/May/2021:09:05:23 +0200] "GET / HTTP/1.1" 200 884 "-" "Mozilla/5.0 (Macintosh; Intel Mac OS X 10.15; rv:81.0) Gecko/20100101 Firefox/81.0"
212.237.51.151 - - [06/May/2021:09:09:14 +0200] "HEAD / HTTP/1.1" 200 0 "-" "Alert_Alligator_webmonitoring_service_1.6.3_(alertalligator.com)"
114.119.150.45 - - [06/May/2021:09:58:37 +0200] "GET /aktualis_elemei/ausztriaut_elemei/image021.jpg HTTP/1.1" 404 1181 "-" "Mozilla/5.0 (Linux; Android 7.0;) AppleWebKit/537.36 (KHTML, like Gecko) Mobile Safari/537.36 (compatible; PetalBot;+https://webmaster.petalsearch.com/site/petalbot)"
212.237.51.151 - - [06/May/2021:10:08:23 +0200] "HEAD / HTTP/1.1" 200 0 "-" "Alert_Alligator_webmonitoring_service_1.6.3_(alertalligator.com)"
212.237.53.115 - - [06/May/2021:11:07:26 +0200] "HEAD / HTTP/1.1" 200 0 "-" "Alert_Alligator_webmonitoring_service_1.6.3_(alertalligator.com)"
35.202.2.1 - - [06/May/2021:11:21:53 +0200] "GET /robots.txt HTTP/1.1" 404 1181 "-" "ltx71 - (http://ltx71.com/)"
66.249.69.73 - - [06/May/2021:11:52:32 +0200] "GET /robots.txt HTTP/1.1" 404 1181 "-" "Mozilla/5.0 (compatible; Googlebot/2.1; +http://www.google.com/bot.html)"
66.249.69.73 - - [06/May/2021:11:52:32 +0200] "GET /archiv_elemei/lombkomposzt.html HTTP/1.1" 200 16239 "-" "Mozilla/5.0 (compatible; Googlebot/2.1; +http://www.google.com/bot.html)"
159.69.145.50 - - [06/May/2021:12:06:50 +0200] "HEAD / HTTP/1.1" 200 0 "-" "Alert_Alligator_webmonitoring_service_1.6.3_(alertalligator.com)"
82.76.59.36 - - [06/May/2021:12:33:03 +0200] "GET /aktualis_elemei/katonai.html HTTP/1.1" 200 22109 "https://www.google.ro/" "Mozilla/5.0 (Windows NT 10.0; Win64; x64; rv:88.0) Gecko/20100101 Firefox/88.0"
82.76.59.36 - - [06/May/2021:12:33:04 +0200] "GET /aktualis_elemei/katonai_elemei/image002.jpg HTTP/1.1" 200 34104 "http://www.greenaction.hu/aktualis_elemei/katonai.html" "Mozilla/5.0 (Windows NT 10.0; Win64; x64; rv:88.0) Gecko/20100101 Firefox/88.0"
82.76.59.36 - - [06/May/2021:12:33:04 +0200] "GET /aktualis_elemei/katonai_elemei/image001.jpg HTTP/1.1" 200 35821 "http://www.greenaction.hu/aktualis_elemei/katonai.html" "Mozilla/5.0 (Windows NT 10.0; Win64; x64; rv:88.0) Gecko/20100101 Firefox/88.0"
82.76.59.36 - - [06/May/2021:12:33:04 +0200] "GET /aktualis_elemei/katonai_elemei/image004.jpg HTTP/1.1" 200 56554 "http://www.greenaction.hu/aktualis_elemei/katonai.html" "Mozilla/5.0 (Windows NT 10.0; Win64; x64; rv:88.0) Gecko/20100101 Firefox/88.0"
82.76.59.36 - - [06/May/2021:12:33:04 +0200] "GET /aktualis_elemei/katonai_elemei/image003.jpg HTTP/1.1" 200 88392 "http://www.greenaction.hu/aktualis_elemei/katonai.html" "Mozilla/5.0 (Windows NT 10.0; Win64; x64; rv:88.0) Gecko/20100101 Firefox/88.0"
82.76.59.36 - - [06/May/2021:12:33:04 +0200] "GET /favicon.ico HTTP/1.1" 404 1181 "http://www.greenaction.hu/aktualis_elemei/katonai.html" "Mozilla/5.0 (Windows NT 10.0; Win64; x64; rv:88.0) Gecko/20100101 Firefox/88.0"
159.69.145.50 - - [06/May/2021:13:05:57 +0200] "HEAD / HTTP/1.1" 200 0 "-" "Alert_Alligator_webmonitoring_service_1.6.3_(alertalligator.com)"
114.119.155.233 - - [06/May/2021:13:41:32 +0200] "GET /aktualis_elemei/fnhv.html HTTP/1.1" 200 48118 "-" "Mozilla/5.0 (Linux; Android 7.0;) AppleWebKit/537.36 (KHTML, like Gecko) Mobile Safari/537.36 (compatible; PetalBot;+https://webmaster.petalsearch.com/site/petalbot)"
88.132.43.187 - - [06/May/2021:13:57:08 +0200] "GET /aktualis_elemei/katonai.html HTTP/1.1" 200 22109 "https://www.google.com/" "Mozilla/5.0 (Linux; Android 10; YAL-L21) AppleWebKit/537.36 (KHTML, like Gecko) Chrome/90.0.4430.91 Mobile Safari/537.36"
88.132.43.187 - - [06/May/2021:13:57:08 +0200] "GET /aktualis_elemei/katonai_elemei/image002.jpg HTTP/1.1" 200 34104 "http://www.greenaction.hu/aktualis_elemei/katonai.html" "Mozilla/5.0 (Linux; Android 10; YAL-L21) AppleWebKit/537.36 (KHTML, like Gecko) Chrome/90.0.4430.91 Mobile Safari/537.36"
88.132.43.187 - - [06/May/2021:13:57:08 +0200] "GET /aktualis_elemei/katonai_elemei/image001.jpg HTTP/1.1" 200 35821 "http://www.greenaction.hu/aktualis_elemei/katonai.html" "Mozilla/5.0 (Linux; Android 10; YAL-L21) AppleWebKit/537.36 (KHTML, like Gecko) Chrome/90.0.4430.91 Mobile Safari/537.36"
88.132.43.187 - - [06/May/2021:13:57:08 +0200] "GET /aktualis_elemei/katonai_elemei/image003.jpg HTTP/1.1" 200 88392 "http://www.greenaction.hu/aktualis_elemei/katonai.html" "Mozilla/5.0 (Linux; Android 10; YAL-L21) AppleWebKit/537.36 (KHTML, like Gecko) Chrome/90.0.4430.91 Mobile Safari/537.36"
88.132.43.187 - - [06/May/2021:13:57:08 +0200] "GET /aktualis_elemei/katonai_elemei/image004.jpg HTTP/1.1" 200 56554 "http://www.greenaction.hu/aktualis_elemei/katonai.html" "Mozilla/5.0 (Linux; Android 10; YAL-L21) AppleWebKit/537.36 (KHTML, like Gecko) Chrome/90.0.4430.91 Mobile Safari/537.36"
88.132.43.187 - - [06/May/2021:13:57:08 +0200] "GET /favicon.ico HTTP/1.1" 404 1181 "http://www.greenaction.hu/aktualis_elemei/katonai.html" "Mozilla/5.0 (Linux; Android 10; YAL-L21) AppleWebKit/537.36 (KHTML, like Gecko) Chrome/90.0.4430.91 Mobile Safari/537.36"
159.69.145.50 - - [06/May/2021:14:04:59 +0200] "HEAD / HTTP/1.1" 200 0 "-" "Alert_Alligator_webmonitoring_service_1.6.3_(alertalligator.com)"
114.119.130.136 - - [06/May/2021:14:17:57 +0200] "GET /archiv_elemei/lombkomposzt.html HTTP/1.1" 200 16239 "-" "Mozilla/5.0 (Linux; Android 7.0;) AppleWebKit/537.36 (KHTML, like Gecko) Mobile Safari/537.36 (compatible; PetalBot;+https://webmaster.petalsearch.com/site/petalbot)"
114.119.129.189 - - [06/May/2021:14:56:03 +0200] "GET /aktualis_elemei/biovasarszombat.html HTTP/1.1" 200 12258 "-" "Mozilla/5.0 (Linux; Android 7.0;) AppleWebKit/537.36 (KHTML, like Gecko) Mobile Safari/537.36 (compatible; PetalBot;+https://webmaster.petalsearch.com/site/petalbot)"
212.237.23.143 - - [06/May/2021:15:04:04 +0200] "HEAD / HTTP/1.1" 200 0 "-" "Alert_Alligator_webmonitoring_service_1.6.3_(alertalligator.com)"
103.111.30.40 - - [06/May/2021:15:20:40 +0200] "GET /wp-login.php HTTP/1.1" 404 1181 "-" "Mozilla/5.0 (X11; Ubuntu; Linux x86_64; rv:62.0) Gecko/20100101 Firefox/62.0"
103.111.30.40 - - [06/May/2021:15:20:40 +0200] "GET /wp-login.php HTTP/1.1" 404 1181 "-" "Mozilla/5.0 (X11; Ubuntu; Linux x86_64; rv:62.0) Gecko/20100101 Firefox/62.0"
185.220.101.214 - - [06/May/2021:15:22:32 +0200] "GET /_wpeprivate/config.json HTTP/1.1" 404 1181 "https://www.google.com/search" "Mozlila/5.0 (Linux; Android 7.0; SM-G892A Bulid/NRD90M; wv) AppleWebKit/537.36 (KHTML, like Gecko) Version/4.0 Chrome/60.0.3112.107 Moblie Safari/537.36"
185.220.101.214 - - [06/May/2021:15:22:32 +0200] "GET /wp-config-sample.php HTTP/1.1" 404 1181 "https://www.google.com/search" "Mozlila/5.0 (Linux; Android 7.0; SM-G892A Bulid/NRD90M; wv) AppleWebKit/537.36 (KHTML, like Gecko) Version/4.0 Chrome/60.0.3112.107 Moblie Safari/537.36"
185.220.101.214 - - [06/May/2021:15:22:32 +0200] "GET /wp%E2%80%94admin/admin%E2%80%94ajax.php?action=duplicator_download&file=/../wp-config.php HTTP/1.1" 404 1181 "https://www.google.com/search" "Mozlila/5.0 (Linux; Android 7.0; SM-G892A Bulid/NRD90M; wv) AppleWebKit/537.36 (KHTML, like Gecko) Version/4.0 Chrome/60.0.3112.107 Moblie Safari/537.36"
185.220.101.214 - - [06/May/2021:15:22:32 +0200] "GET /wp-config.php HTTP/1.1" 404 1181 "https://www.google.com/search" "Mozlila/5.0 (Linux; Android 7.0; SM-G892A Bulid/NRD90M; wv) AppleWebKit/537.36 (KHTML, like Gecko) Version/4.0 Chrome/60.0.3112.107 Moblie Safari/537.36"
185.220.101.214 - - [06/May/2021:15:22:32 +0200] "GET /wp-content/plugins/adaptive-images/adaptive-images-script.php?adaptive-images-settings[source_file]=../../../wp-config.php HTTP/1.1" 404 1181 "https://www.google.com/search" "Mozlila/5.0 (Linux; Android 7.0; SM-G892A Bulid/NRD90M; wv) AppleWebKit/537.36 (KHTML, like Gecko) Version/4.0 Chrome/60.0.3112.107 Moblie Safari/537.36"
185.220.101.214 - - [06/May/2021:15:22:32 +0200] "GET /wp-license.php?file=../..//wp-config HTTP/1.1" 404 1181 "https://www.google.com/search" "Mozlila/5.0 (Linux; Android 7.0; SM-G892A Bulid/NRD90M; wv) AppleWebKit/537.36 (KHTML, like Gecko) Version/4.0 Chrome/60.0.3112.107 Moblie Safari/537.36"
185.220.101.214 - - [06/May/2021:15:22:32 +0200] "GET /wp-config.php.txt HTTP/1.1" 404 1181 "https://www.google.com/search" "Mozlila/5.0 (Linux; Android 7.0; SM-G892A Bulid/NRD90M; wv) AppleWebKit/537.36 (KHTML, like Gecko) Version/4.0 Chrome/60.0.3112.107 Moblie Safari/537.36"
185.220.101.214 - - [06/May/2021:15:22:32 +0200] "GET /wp-admin/admin-ajax.php?action=revslider_show_image&img=../wp-config.php HTTP/1.1" 404 1181 "https://www.google.com/search" "Mozlila/5.0 (Linux; Android 7.0; SM-G892A Bulid/NRD90M; wv) AppleWebKit/537.36 (KHTML, like Gecko) Version/4.0 Chrome/60.0.3112.107 Moblie Safari/537.36"
185.220.101.214 - - [06/May/2021:15:22:32 +0200] "GET /wp-config-backup.txt HTTP/1.1" 404 1181 "https://www.google.com/search" "Mozlila/5.0 (Linux; Android 7.0; SM-G892A Bulid/NRD90M; wv) AppleWebKit/537.36 (KHTML, like Gecko) Version/4.0 Chrome/60.0.3112.107 Moblie Safari/537.36"
185.220.101.214 - - [06/May/2021:15:22:32 +0200] "GET /wp-config.php.bk HTTP/1.1" 404 1181 "https://www.google.com/search" "Mozlila/5.0 (Linux; Android 7.0; SM-G892A Bulid/NRD90M; wv) AppleWebKit/537.36 (KHTML, like Gecko) Version/4.0 Chrome/60.0.3112.107 Moblie Safari/537.36"
185.220.101.214 - - [06/May/2021:15:22:33 +0200] "GET /wp-config.php.bak HTTP/1.1" 404 1181 "https://www.google.com/search" "Mozlila/5.0 (Linux; Android 7.0; SM-G892A Bulid/NRD90M; wv) AppleWebKit/537.36 (KHTML, like Gecko) Version/4.0 Chrome/60.0.3112.107 Moblie Safari/537.36"
185.220.101.214 - - [06/May/2021:15:22:33 +0200] "GET /wp-config.php.a HTTP/1.1" 404 1181 "https://www.google.com/search" "Mozlila/5.0 (Linux; Android 7.0; SM-G892A Bulid/NRD90M; wv) AppleWebKit/537.36 (KHTML, like Gecko) Version/4.0 Chrome/60.0.3112.107 Moblie Safari/537.36"
185.220.101.214 - - [06/May/2021:15:22:34 +0200] "GET /wp-config.php.b HTTP/1.1" 404 1181 "https://www.google.com/search" "Mozlila/5.0 (Linux; Android 7.0; SM-G892A Bulid/NRD90M; wv) AppleWebKit/537.36 (KHTML, like Gecko) Version/4.0 Chrome/60.0.3112.107 Moblie Safari/537.36"
185.220.101.214 - - [06/May/2021:15:22:34 +0200] "GET /wp-config.php.save HTTP/1.1" 404 1181 "https://www.google.com/search" "Mozlila/5.0 (Linux; Android 7.0; SM-G892A Bulid/NRD90M; wv) AppleWebKit/537.36 (KHTML, like Gecko) Version/4.0 Chrome/60.0.3112.107 Moblie Safari/537.36"
185.220.101.214 - - [06/May/2021:15:22:34 +0200] "GET /wp-config.php~ HTTP/1.1" 404 1181 "https://www.google.com/search" "Mozlila/5.0 (Linux; Android 7.0; SM-G892A Bulid/NRD90M; wv) AppleWebKit/537.36 (KHTML, like Gecko) Version/4.0 Chrome/60.0.3112.107 Moblie Safari/537.36"
185.220.101.214 - - [06/May/2021:15:22:34 +0200] "GET /wp-admin/admin-ajax.php?action=revslider_show_image&img=../wp-config.php HTTP/1.1" 404 1181 "https://www.google.com/search" "Mozlila/5.0 (Linux; Android 7.0; SM-G892A Bulid/NRD90M; wv) AppleWebKit/537.36 (KHTML, like Gecko) Version/4.0 Chrome/60.0.3112.107 Moblie Safari/537.36"
185.220.101.214 - - [06/May/2021:15:22:35 +0200] "GET /wp-config.php.old HTTP/1.1" 404 1181 "https://www.google.com/search" "Mozlila/5.0 (Linux; Android 7.0; SM-G892A Bulid/NRD90M; wv) AppleWebKit/537.36 (KHTML, like Gecko) Version/4.0 Chrome/60.0.3112.107 Moblie Safari/537.36"
185.220.101.214 - - [06/May/2021:15:22:35 +0200] "GET /wp-config.php.backup HTTP/1.1" 404 1181 "https://www.google.com/search" "Mozlila/5.0 (Linux; Android 7.0; SM-G892A Bulid/NRD90M; wv) AppleWebKit/537.36 (KHTML, like Gecko) Version/4.0 Chrome/60.0.3112.107 Moblie Safari/537.36"
185.220.101.214 - - [06/May/2021:15:22:35 +0200] "GET /wp-config.php.orig HTTP/1.1" 404 1181 "https://www.google.com/search" "Mozlila/5.0 (Linux; Android 7.0; SM-G892A Bulid/NRD90M; wv) AppleWebKit/537.36 (KHTML, like Gecko) Version/4.0 Chrome/60.0.3112.107 Moblie Safari/537.36"
185.220.101.214 - - [06/May/2021:15:22:35 +0200] "GET /wp-config.php_ HTTP/1.1" 404 1181 "https://www.google.com/search" "Mozlila/5.0 (Linux; Android 7.0; SM-G892A Bulid/NRD90M; wv) AppleWebKit/537.36 (KHTML, like Gecko) Version/4.0 Chrome/60.0.3112.107 Moblie Safari/537.36"
185.220.101.214 - - [06/May/2021:15:22:35 +0200] "GET /wp-config.php.1 HTTP/1.1" 404 1181 "https://www.google.com/search" "Mozlila/5.0 (Linux; Android 7.0; SM-G892A Bulid/NRD90M; wv) AppleWebKit/537.36 (KHTML, like Gecko) Version/4.0 Chrome/60.0.3112.107 Moblie Safari/537.36"
185.220.101.214 - - [06/May/2021:15:22:35 +0200] "GET /wp-config.php.2 HTTP/1.1" 404 1181 "https://www.google.com/search" "Mozlila/5.0 (Linux; Android 7.0; SM-G892A Bulid/NRD90M; wv) AppleWebKit/537.36 (KHTML, like Gecko) Version/4.0 Chrome/60.0.3112.107 Moblie Safari/537.36"
185.220.101.214 - - [06/May/2021:15:22:35 +0200] "GET /wp-config.php.3 HTTP/1.1" 404 1181 "https://www.google.com/search" "Mozlila/5.0 (Linux; Android 7.0; SM-G892A Bulid/NRD90M; wv) AppleWebKit/537.36 (KHTML, like Gecko) Version/4.0 Chrome/60.0.3112.107 Moblie Safari/537.36"
185.220.101.214 - - [06/May/2021:15:22:37 +0200] "GET /wp-config.php.8 HTTP/1.1" 404 1181 "https://www.google.com/search" "Mozlila/5.0 (Linux; Android 7.0; SM-G892A Bulid/NRD90M; wv) AppleWebKit/537.36 (KHTML, like Gecko) Version/4.0 Chrome/60.0.3112.107 Moblie Safari/537.36"
185.220.101.214 - - [06/May/2021:15:22:37 +0200] "GET /wp-config.php.7 HTTP/1.1" 404 1181 "https://www.google.com/search" "Mozlila/5.0 (Linux; Android 7.0; SM-G892A Bulid/NRD90M; wv) AppleWebKit/537.36 (KHTML, like Gecko) Version/4.0 Chrome/60.0.3112.107 Moblie Safari/537.36"
185.220.101.214 - - [06/May/2021:15:22:37 +0200] "GET /wp-config.php.5 HTTP/1.1" 404 1181 "https://www.google.com/search" "Mozlila/5.0 (Linux; Android 7.0; SM-G892A Bulid/NRD90M; wv) AppleWebKit/537.36 (KHTML, like Gecko) Version/4.0 Chrome/60.0.3112.107 Moblie Safari/537.36"
185.220.101.214 - - [06/May/2021:15:22:37 +0200] "GET /wp-config.php.4 HTTP/1.1" 404 1181 "https://www.google.com/search" "Mozlila/5.0 (Linux; Android 7.0; SM-G892A Bulid/NRD90M; wv) AppleWebKit/537.36 (KHTML, like Gecko) Version/4.0 Chrome/60.0.3112.107 Moblie Safari/537.36"
185.220.101.214 - - [06/May/2021:15:22:37 +0200] "GET /wp-config.php.9 HTTP/1.1" 404 1181 "https://www.google.com/search" "Mozlila/5.0 (Linux; Android 7.0; SM-G892A Bulid/NRD90M; wv) AppleWebKit/537.36 (KHTML, like Gecko) Version/4.0 Chrome/60.0.3112.107 Moblie Safari/537.36"
185.220.101.214 - - [06/May/2021:15:22:37 +0200] "GET /wp-config.bak HTTP/1.1" 404 1181 "https://www.google.com/search" "Mozlila/5.0 (Linux; Android 7.0; SM-G892A Bulid/NRD90M; wv) AppleWebKit/537.36 (KHTML, like Gecko) Version/4.0 Chrome/60.0.3112.107 Moblie Safari/537.36"
185.220.101.214 - - [06/May/2021:15:22:37 +0200] "GET /wp-config.php.new HTTP/1.1" 404 1181 "https://www.google.com/search" "Mozlila/5.0 (Linux; Android 7.0; SM-G892A Bulid/NRD90M; wv) AppleWebKit/537.36 (KHTML, like Gecko) Version/4.0 Chrome/60.0.3112.107 Moblie Safari/537.36"
185.220.101.214 - - [06/May/2021:15:22:37 +0200] "GET /wp-config.php.0 HTTP/1.1" 404 1181 "https://www.google.com/search" "Mozlila/5.0 (Linux; Android 7.0; SM-G892A Bulid/NRD90M; wv) AppleWebKit/537.36 (KHTML, like Gecko) Version/4.0 Chrome/60.0.3112.107 Moblie Safari/537.36"
185.220.101.214 - - [06/May/2021:15:22:37 +0200] "GET /wp-config.php.6 HTTP/1.1" 404 1181 "https://www.google.com/search" "Mozlila/5.0 (Linux; Android 7.0; SM-G892A Bulid/NRD90M; wv) AppleWebKit/537.36 (KHTML, like Gecko) Version/4.0 Chrome/60.0.3112.107 Moblie Safari/537.36"
185.220.101.214 - - [06/May/2021:15:22:38 +0200] "GET /wp-config.php.original HTTP/1.1" 404 1181 "https://www.google.com/search" "Mozlila/5.0 (Linux; Android 7.0; SM-G892A Bulid/NRD90M; wv) AppleWebKit/537.36 (KHTML, like Gecko) Version/4.0 Chrome/60.0.3112.107 Moblie Safari/537.36"
185.220.101.214 - - [06/May/2021:15:22:38 +0200] "GET /wp-config.php.disabled HTTP/1.1" 404 1181 "https://www.google.com/search" "Mozlila/5.0 (Linux; Android 7.0; SM-G892A Bulid/NRD90M; wv) AppleWebKit/537.36 (KHTML, like Gecko) Version/4.0 Chrome/60.0.3112.107 Moblie Safari/537.36"
185.220.101.214 - - [06/May/2021:15:22:39 +0200] "GET /wp-config_good HTTP/1.1" 404 1181 "https://www.google.com/search" "Mozlila/5.0 (Linux; Android 7.0; SM-G892A Bulid/NRD90M; wv) AppleWebKit/537.36 (KHTML, like Gecko) Version/4.0 Chrome/60.0.3112.107 Moblie Safari/537.36"
185.220.101.214 - - [06/May/2021:15:22:39 +0200] "GET /wp-config.php-original HTTP/1.1" 404 1181 "https://www.google.com/search" "Mozlila/5.0 (Linux; Android 7.0; SM-G892A Bulid/NRD90M; wv) AppleWebKit/537.36 (KHTML, like Gecko) Version/4.0 Chrome/60.0.3112.107 Moblie Safari/537.36"
185.220.101.214 - - [06/May/2021:15:22:40 +0200] "GET /wp-config.phporiginal HTTP/1.1" 404 1181 "https://www.google.com/search" "Mozlila/5.0 (Linux; Android 7.0; SM-G892A Bulid/NRD90M; wv) AppleWebKit/537.36 (KHTML, like Gecko) Version/4.0 Chrome/60.0.3112.107 Moblie Safari/537.36"
185.220.101.214 - - [06/May/2021:15:22:40 +0200] "GET /wp-config.good HTTP/1.1" 404 1181 "https://www.google.com/search" "Mozlila/5.0 (Linux; Android 7.0; SM-G892A Bulid/NRD90M; wv) AppleWebKit/537.36 (KHTML, like Gecko) Version/4.0 Chrome/60.0.3112.107 Moblie Safari/537.36"
185.220.101.214 - - [06/May/2021:15:22:40 +0200] "GET /wp-config.php.swp HTTP/1.1" 404 1181 "https://www.google.com/search" "Mozlila/5.0 (Linux; Android 7.0; SM-G892A Bulid/NRD90M; wv) AppleWebKit/537.36 (KHTML, like Gecko) Version/4.0 Chrome/60.0.3112.107 Moblie Safari/537.36"
185.220.101.214 - - [06/May/2021:15:22:40 +0200] "GET /wp-config.php_1 HTTP/1.1" 404 1181 "https://www.google.com/search" "Mozlila/5.0 (Linux; Android 7.0; SM-G892A Bulid/NRD90M; wv) AppleWebKit/537.36 (KHTML, like Gecko) Version/4.0 Chrome/60.0.3112.107 Moblie Safari/537.36"
185.220.101.214 - - [06/May/2021:15:22:41 +0200] "GET /wp-config.php_orig HTTP/1.1" 404 1181 "https://www.google.com/search" "Mozlila/5.0 (Linux; Android 7.0; SM-G892A Bulid/NRD90M; wv) AppleWebKit/537.36 (KHTML, like Gecko) Version/4.0 Chrome/60.0.3112.107 Moblie Safari/537.36"
185.220.101.214 - - [06/May/2021:15:22:41 +0200] "GET /wp-config.php_original HTTP/1.1" 404 1181 "https://www.google.com/search" "Mozlila/5.0 (Linux; Android 7.0; SM-G892A Bulid/NRD90M; wv) AppleWebKit/537.36 (KHTML, like Gecko) Version/4.0 Chrome/60.0.3112.107 Moblie Safari/537.36"
185.220.101.214 - - [06/May/2021:15:22:41 +0200] "GET /wp-config.php.swo HTTP/1.1" 404 1181 "https://www.google.com/search" "Mozlila/5.0 (Linux; Android 7.0; SM-G892A Bulid/NRD90M; wv) AppleWebKit/537.36 (KHTML, like Gecko) Version/4.0 Chrome/60.0.3112.107 Moblie Safari/537.36"
185.220.101.214 - - [06/May/2021:15:22:41 +0200] "GET /wp-config.php.swn HTTP/1.1" 404 1181 "https://www.google.com/search" "Mozlila/5.0 (Linux; Android 7.0; SM-G892A Bulid/NRD90M; wv) AppleWebKit/537.36 (KHTML, like Gecko) Version/4.0 Chrome/60.0.3112.107 Moblie Safari/537.36"
185.220.101.214 - - [06/May/2021:15:22:41 +0200] "GET /wp-config.php_new HTTP/1.1" 404 1181 "https://www.google.com/search" "Mozlila/5.0 (Linux; Android 7.0; SM-G892A Bulid/NRD90M; wv) AppleWebKit/537.36 (KHTML, like Gecko) Version/4.0 Chrome/60.0.3112.107 Moblie Safari/537.36"
185.220.101.214 - - [06/May/2021:15:22:41 +0200] "GET /wp-config.php_Old HTTP/1.1" 404 1181 "https://www.google.com/search" "Mozlila/5.0 (Linux; Android 7.0; SM-G892A Bulid/NRD90M; wv) AppleWebKit/537.36 (KHTML, like Gecko) Version/4.0 Chrome/60.0.3112.107 Moblie Safari/537.36"
185.220.101.214 - - [06/May/2021:15:22:41 +0200] "GET /wp-config.php_bak HTTP/1.1" 404 1181 "https://www.google.com/search" "Mozlila/5.0 (Linux; Android 7.0; SM-G892A Bulid/NRD90M; wv) AppleWebKit/537.36 (KHTML, like Gecko) Version/4.0 Chrome/60.0.3112.107 Moblie Safari/537.36"
