125.64.94.212 - - [12/May/2021:14:46:51 +0200] "GET /history.txt HTTP/1.1" 404 1181 "-" "Mozilla/5.0 (Macintosh; Intel Mac OS X 10_9_4) AppleWebKit/537.36 (KHTML, like Gecko) Chrome/36.0.1985.125 Safari/537.36"
125.64.94.212 - - [12/May/2021:14:46:53 +0200] "GET /common/common.js HTTP/1.1" 404 1181 "-" "Mozilla/5.0 (Macintosh; Intel Mac OS X 10_9_4) AppleWebKit/537.36 (KHTML, like Gecko) Chrome/36.0.1985.125 Safari/537.36"
125.64.94.212 - - [12/May/2021:14:46:55 +0200] "GET /skin/frontend/default/modern/css/styles.css HTTP/1.1" 404 1181 "-" "Mozilla/5.0 (Macintosh; Intel Mac OS X 10_9_4) AppleWebKit/537.36 (KHTML, like Gecko) Chrome/36.0.1985.125 Safari/537.36"
125.64.94.212 - - [12/May/2021:14:46:56 +0200] "GET /README.txt HTTP/1.1" 404 1181 "-" "Mozilla/5.0 (Macintosh; Intel Mac OS X 10_9_4) AppleWebKit/537.36 (KHTML, like Gecko) Chrome/36.0.1985.125 Safari/537.36"
125.64.94.212 - - [12/May/2021:14:47:11 +0200] "GET /pub/guiedit/guiedit.js HTTP/1.1" 404 1181 "-" "Mozilla/5.0 (Macintosh; Intel Mac OS X 10_9_4) AppleWebKit/537.36 (KHTML, like Gecko) Chrome/36.0.1985.125 Safari/537.36"
125.64.94.212 - - [12/May/2021:14:47:14 +0200] "GET /pub/skins/pmwiki/pmwiki.css HTTP/1.1" 404 1181 "-" "Mozilla/5.0 (Macintosh; Intel Mac OS X 10_9_4) AppleWebKit/537.36 (KHTML, like Gecko) Chrome/36.0.1985.125 Safari/537.36"
125.64.94.212 - - [12/May/2021:14:47:16 +0200] "GET /docs/DOCUMENTATION.txt HTTP/1.1" 404 1181 "-" "Mozilla/5.0 (Macintosh; Intel Mac OS X 10_9_4) AppleWebKit/537.36 (KHTML, like Gecko) Chrome/36.0.1985.125 Safari/537.36"
125.64.94.212 - - [12/May/2021:14:47:18 +0200] "GET /advfile/ad12.js HTTP/1.1" 404 1181 "-" "Mozilla/5.0 (Macintosh; Intel Mac OS X 10_9_4) AppleWebKit/537.36 (KHTML, like Gecko) Chrome/36.0.1985.125 Safari/537.36"
125.64.94.212 - - [12/May/2021:14:47:21 +0200] "GET /admin.php?mod=profile&u_key=123456 HTTP/1.1" 404 1181 "-" "Mozilla/5.0 (Macintosh; Intel Mac OS X 10_9_4) AppleWebKit/537.36 (KHTML, like Gecko) Chrome/36.0.1985.125 Safari/537.36"
125.64.94.212 - - [12/May/2021:14:47:23 +0200] "GET /helpnew/faq/faq_simple_zh_CN.jsp HTTP/1.1" 404 1181 "-" "Mozilla/5.0 (Macintosh; Intel Mac OS X 10_9_4) AppleWebKit/537.36 (KHTML, like Gecko) Chrome/36.0.1985.125 Safari/537.36"
125.64.94.212 - - [12/May/2021:14:47:24 +0200] "GET /ymail/images/index_r1_c4.jpg HTTP/1.1" 404 1181 "-" "Mozilla/5.0 (Macintosh; Intel Mac OS X 10_9_4) AppleWebKit/537.36 (KHTML, like Gecko) Chrome/36.0.1985.125 Safari/537.36"
125.64.94.212 - - [12/May/2021:14:47:25 +0200] "GET /template/1/bluewise/_files/jspxcms.css HTTP/1.1" 404 1181 "-" "Mozilla/5.0 (Macintosh; Intel Mac OS X 10_9_4) AppleWebKit/537.36 (KHTML, like Gecko) Chrome/36.0.1985.125 Safari/537.36"
125.64.94.212 - - [12/May/2021:14:47:32 +0200] "GET /back/scripts/jspxcms_choose.js HTTP/1.1" 404 1181 "-" "Mozilla/5.0 (Macintosh; Intel Mac OS X 10_9_4) AppleWebKit/537.36 (KHTML, like Gecko) Chrome/36.0.1985.125 Safari/537.36"
125.64.94.212 - - [12/May/2021:14:47:33 +0200] "GET /install HTTP/1.1" 404 1181 "-" "Mozilla/5.0 (Macintosh; Intel Mac OS X 10_9_4) AppleWebKit/537.36 (KHTML, like Gecko) Chrome/36.0.1985.125 Safari/537.36"
125.64.94.212 - - [12/May/2021:14:47:33 +0200] "GET /Wq_StranJF.js HTTP/1.1" 404 1181 "-" "Mozilla/5.0 (Macintosh; Intel Mac OS X 10_9_4) AppleWebKit/537.36 (KHTML, like Gecko) Chrome/36.0.1985.125 Safari/537.36"
125.64.94.212 - - [12/May/2021:14:47:34 +0200] "GET /admin/login.asp HTTP/1.1" 404 1181 "-" "Mozilla/5.0 (Macintosh; Intel Mac OS X 10_9_4) AppleWebKit/537.36 (KHTML, like Gecko) Chrome/36.0.1985.125 Safari/537.36"
125.64.94.212 - - [12/May/2021:14:47:34 +0200] "GET /plugin.php?id=milu_seotool:sitemap&tpl=no&myac=milu_seotool_cron&inajax=1 HTTP/1.1" 404 1181 "-" "Mozilla/5.0 (Macintosh; Intel Mac OS X 10_9_4) AppleWebKit/537.36 (KHTML, like Gecko) Chrome/36.0.1985.125 Safari/537.36"
125.64.94.212 - - [12/May/2021:14:47:36 +0200] "GET /inc/playerKinds.xml HTTP/1.1" 404 1181 "-" "Mozilla/5.0 (Macintosh; Intel Mac OS X 10_9_4) AppleWebKit/537.36 (KHTML, like Gecko) Chrome/36.0.1985.125 Safari/537.36"
125.64.94.212 - - [12/May/2021:14:47:57 +0200] "GET /admin/login.aspx HTTP/1.1" 404 1181 "-" "Mozilla/5.0 (Macintosh; Intel Mac OS X 10_9_4) AppleWebKit/537.36 (KHTML, like Gecko) Chrome/36.0.1985.125 Safari/537.36"
125.64.94.212 - - [12/May/2021:14:48:00 +0200] "GET /Error.aspx HTTP/1.1" 404 1181 "-" "Mozilla/5.0 (Macintosh; Intel Mac OS X 10_9_4) AppleWebKit/537.36 (KHTML, like Gecko) Chrome/36.0.1985.125 Safari/537.36"
125.64.94.212 - - [12/May/2021:14:48:01 +0200] "GET /media/com_hikashop/js/hikashop.js HTTP/1.1" 404 1181 "-" "Mozilla/5.0 (Macintosh; Intel Mac OS X 10_9_4) AppleWebKit/537.36 (KHTML, like Gecko) Chrome/36.0.1985.125 Safari/537.36"
125.64.94.212 - - [12/May/2021:14:48:03 +0200] "GET /templates/jsn_glass_pro/ext/hikashop/jsn_ext_hikashop.css HTTP/1.1" 404 1181 "-" "Mozilla/5.0 (Macintosh; Intel Mac OS X 10_9_4) AppleWebKit/537.36 (KHTML, like Gecko) Chrome/36.0.1985.125 Safari/537.36"
125.64.94.212 - - [12/May/2021:14:48:05 +0200] "GET /doku.php HTTP/1.1" 404 1181 "-" "Mozilla/5.0 (Macintosh; Intel Mac OS X 10_9_4) AppleWebKit/537.36 (KHTML, like Gecko) Chrome/36.0.1985.125 Safari/537.36"
125.64.94.212 - - [12/May/2021:14:48:08 +0200] "GET /style/default/hdwiki.css HTTP/1.1" 404 1181 "-" "Mozilla/5.0 (Macintosh; Intel Mac OS X 10_9_4) AppleWebKit/537.36 (KHTML, like Gecko) Chrome/36.0.1985.125 Safari/537.36"
125.64.94.212 - - [12/May/2021:14:48:10 +0200] "GET /app/Tpl/fanwe_1/js/DD_belatedPNG_0.0.8a-min.js HTTP/1.1" 404 1181 "-" "Mozilla/5.0 (Macintosh; Intel Mac OS X 10_9_4) AppleWebKit/537.36 (KHTML, like Gecko) Chrome/36.0.1985.125 Safari/537.36"
125.64.94.212 - - [12/May/2021:14:48:12 +0200] "GET /rss.aspx HTTP/1.1" 404 1181 "-" "Mozilla/5.0 (Macintosh; Intel Mac OS X 10_9_4) AppleWebKit/537.36 (KHTML, like Gecko) Chrome/36.0.1985.125 Safari/537.36"
125.64.94.212 - - [12/May/2021:14:48:40 +0200] "GET /max-templates/classic/styles/app.css HTTP/1.1" 404 1181 "-" "Mozilla/5.0 (Macintosh; Intel Mac OS X 10_9_4) AppleWebKit/537.36 (KHTML, like Gecko) Chrome/36.0.1985.125 Safari/537.36"
125.64.94.212 - - [12/May/2021:14:48:41 +0200] "GET /public/js/ipb.js HTTP/1.1" 404 1181 "-" "Mozilla/5.0 (Macintosh; Intel Mac OS X 10_9_4) AppleWebKit/537.36 (KHTML, like Gecko) Chrome/36.0.1985.125 Safari/537.36"
125.64.94.212 - - [12/May/2021:14:48:42 +0200] "GET /index.php HTTP/1.1" 404 1181 "-" "Mozilla/5.0 (Macintosh; Intel Mac OS X 10_9_4) AppleWebKit/537.36 (KHTML, like Gecko) Chrome/36.0.1985.125 Safari/537.36"
125.64.94.212 - - [12/May/2021:14:48:42 +0200] "GET /images/logo_product-cml.png HTTP/1.1" 404 1181 "-" "Mozilla/5.0 (Macintosh; Intel Mac OS X 10_9_4) AppleWebKit/537.36 (KHTML, like Gecko) Chrome/36.0.1985.125 Safari/537.36"
125.64.94.212 - - [12/May/2021:14:48:44 +0200] "GET /kindeditor-min.js HTTP/1.1" 404 1181 "-" "Mozilla/5.0 (Macintosh; Intel Mac OS X 10_9_4) AppleWebKit/537.36 (KHTML, like Gecko) Chrome/36.0.1985.125 Safari/537.36"
125.64.94.212 - - [12/May/2021:14:48:44 +0200] "GET /kindeditor.js HTTP/1.1" 404 1181 "-" "Mozilla/5.0 (Macintosh; Intel Mac OS X 10_9_4) AppleWebKit/537.36 (KHTML, like Gecko) Chrome/36.0.1985.125 Safari/537.36"
125.64.94.212 - - [12/May/2021:14:48:44 +0200] "GET /lang/en.js HTTP/1.1" 404 1181 "-" "Mozilla/5.0 (Macintosh; Intel Mac OS X 10_9_4) AppleWebKit/537.36 (KHTML, like Gecko) Chrome/36.0.1985.125 Safari/537.36"
125.64.94.212 - - [12/May/2021:14:48:45 +0200] "GET /themes/default/default.css HTTP/1.1" 404 1181 "-" "Mozilla/5.0 (Macintosh; Intel Mac OS X 10_9_4) AppleWebKit/537.36 (KHTML, like Gecko) Chrome/36.0.1985.125 Safari/537.36"
125.64.94.212 - - [12/May/2021:14:49:06 +0200] "GET /examples/index.html HTTP/1.1" 404 1181 "-" "Mozilla/5.0 (Macintosh; Intel Mac OS X 10_9_4) AppleWebKit/537.36 (KHTML, like Gecko) Chrome/36.0.1985.125 Safari/537.36"
125.64.94.212 - - [12/May/2021:14:49:10 +0200] "GET /examples/file-manager.html HTTP/1.1" 404 1181 "-" "Mozilla/5.0 (Macintosh; Intel Mac OS X 10_9_4) AppleWebKit/537.36 (KHTML, like Gecko) Chrome/36.0.1985.125 Safari/537.36"
125.64.94.212 - - [12/May/2021:14:49:13 +0200] "GET /plugins/filemanager/filemanager/js HTTP/1.1" 404 1181 "-" "Mozilla/5.0 (Macintosh; Intel Mac OS X 10_9_4) AppleWebKit/537.36 (KHTML, like Gecko) Chrome/36.0.1985.125 Safari/537.36"
125.64.94.212 - - [12/May/2021:14:49:15 +0200] "GET /plugins/anchor/anchor.js HTTP/1.1" 404 1181 "-" "Mozilla/5.0 (Macintosh; Intel Mac OS X 10_9_4) AppleWebKit/537.36 (KHTML, like Gecko) Chrome/36.0.1985.125 Safari/537.36"
125.64.94.212 - - [12/May/2021:14:49:15 +0200] "GET /asp.net/README.txt HTTP/1.1" 404 1181 "-" "Mozilla/5.0 (Macintosh; Intel Mac OS X 10_9_4) AppleWebKit/537.36 (KHTML, like Gecko) Chrome/36.0.1985.125 Safari/537.36"
125.64.94.212 - - [12/May/2021:14:49:18 +0200] "GET /examples/readonly.html HTTP/1.1" 404 1181 "-" "Mozilla/5.0 (Macintosh; Intel Mac OS X 10_9_4) AppleWebKit/537.36 (KHTML, like Gecko) Chrome/36.0.1985.125 Safari/537.36"
125.64.94.212 - - [12/May/2021:14:49:19 +0200] "GET /Scripts/jquery/maticsoft.jquery.min.js HTTP/1.1" 404 1181 "-" "Mozilla/5.0 (Macintosh; Intel Mac OS X 10_9_4) AppleWebKit/537.36 (KHTML, like Gecko) Chrome/36.0.1985.125 Safari/537.36"
125.64.94.212 - - [12/May/2021:14:49:21 +0200] "GET /licence.txt HTTP/1.1" 404 1181 "-" "Mozilla/5.0 (Macintosh; Intel Mac OS X 10_9_4) AppleWebKit/537.36 (KHTML, like Gecko) Chrome/36.0.1985.125 Safari/537.36"
125.64.94.212 - - [12/May/2021:14:49:27 +0200] "GET /script/valid_formdata.js HTTP/1.1" 404 1181 "-" "Mozilla/5.0 (Macintosh; Intel Mac OS X 10_9_4) AppleWebKit/537.36 (KHTML, like Gecko) Chrome/36.0.1985.125 Safari/537.36"
125.64.94.212 - - [12/May/2021:14:49:29 +0200] "GET /forums/list.page HTTP/1.1" 404 1181 "-" "Mozilla/5.0 (Macintosh; Intel Mac OS X 10_9_4) AppleWebKit/537.36 (KHTML, like Gecko) Chrome/36.0.1985.125 Safari/537.36"
125.64.94.212 - - [12/May/2021:14:49:31 +0200] "GET /deptWebsiteAction.do HTTP/1.1" 404 1181 "-" "Mozilla/5.0 (Macintosh; Intel Mac OS X 10_9_4) AppleWebKit/537.36 (KHTML, like Gecko) Chrome/36.0.1985.125 Safari/537.36"
125.64.94.212 - - [12/May/2021:14:49:31 +0200] "GET /admin/start/index.php HTTP/1.1" 404 1181 "-" "Mozilla/5.0 (Macintosh; Intel Mac OS X 10_9_4) AppleWebKit/537.36 (KHTML, like Gecko) Chrome/36.0.1985.125 Safari/537.36"
125.64.94.212 - - [12/May/2021:14:49:36 +0200] "GET /admin/login.php HTTP/1.1" 404 1181 "-" "Mozilla/5.0 (Macintosh; Intel Mac OS X 10_9_4) AppleWebKit/537.36 (KHTML, like Gecko) Chrome/36.0.1985.125 Safari/537.36"
125.64.94.212 - - [12/May/2021:14:49:39 +0200] "GET /images/logo_88x31.gif HTTP/1.1" 404 1181 "-" "Mozilla/5.0 (Macintosh; Intel Mac OS X 10_9_4) AppleWebKit/537.36 (KHTML, like Gecko) Chrome/36.0.1985.125 Safari/537.36"
125.64.94.212 - - [12/May/2021:14:50:41 +0200] "GET /User/Login.aspx HTTP/1.1" 404 1181 "-" "Mozilla/5.0 (Macintosh; Intel Mac OS X 10_9_4) AppleWebKit/537.36 (KHTML, like Gecko) Chrome/36.0.1985.125 Safari/537.36"
125.64.94.212 - - [12/May/2021:14:50:43 +0200] "GET /API/DW/Dwplugin/TemplateManage/manage_site.htm HTTP/1.1" 404 1181 "-" "Mozilla/5.0 (Macintosh; Intel Mac OS X 10_9_4) AppleWebKit/537.36 (KHTML, like Gecko) Chrome/36.0.1985.125 Safari/537.36"
125.64.94.212 - - [12/May/2021:14:50:45 +0200] "GET /API/DW/Dwplugin/TemplateManage/save_template.htm HTTP/1.1" 404 1181 "-" "Mozilla/5.0 (Macintosh; Intel Mac OS X 10_9_4) AppleWebKit/537.36 (KHTML, like Gecko) Chrome/36.0.1985.125 Safari/537.36"
125.64.94.212 - - [12/May/2021:14:50:48 +0200] "GET /API/DW/Dwplugin/ThirdPartyTags/SiteFactory.xml HTTP/1.1" 404 1181 "-" "Mozilla/5.0 (Macintosh; Intel Mac OS X 10_9_4) AppleWebKit/537.36 (KHTML, like Gecko) Chrome/36.0.1985.125 Safari/537.36"
125.64.94.212 - - [12/May/2021:14:50:51 +0200] "GET /Admin/Common/HelpLinks.xml HTTP/1.1" 404 1181 "-" "Mozilla/5.0 (Macintosh; Intel Mac OS X 10_9_4) AppleWebKit/537.36 (KHTML, like Gecko) Chrome/36.0.1985.125 Safari/537.36"
125.64.94.212 - - [12/May/2021:14:50:55 +0200] "GET /API/DW/Dwplugin/TemplateManage/login_site.htm HTTP/1.1" 404 1181 "-" "Mozilla/5.0 (Macintosh; Intel Mac OS X 10_9_4) AppleWebKit/537.36 (KHTML, like Gecko) Chrome/36.0.1985.125 Safari/537.36"
125.64.94.212 - - [12/May/2021:14:50:58 +0200] "GET /API/DW/Dwplugin/SystemLabel/SiteConfig.htm HTTP/1.1" 404 1181 "-" "Mozilla/5.0 (Macintosh; Intel Mac OS X 10_9_4) AppleWebKit/537.36 (KHTML, like Gecko) Chrome/36.0.1985.125 Safari/537.36"
125.64.94.212 - - [12/May/2021:14:50:58 +0200] "GET /Admin/Login.aspx HTTP/1.1" 404 1181 "-" "Mozilla/5.0 (Macintosh; Intel Mac OS X 10_9_4) AppleWebKit/537.36 (KHTML, like Gecko) Chrome/36.0.1985.125 Safari/537.36"
125.64.94.212 - - [12/May/2021:14:51:09 +0200] "GET /Admin/Images/LoginImages/admin_text.gif HTTP/1.1" 404 1181 "-" "Mozilla/5.0 (Macintosh; Intel Mac OS X 10_9_4) AppleWebKit/537.36 (KHTML, like Gecko) Chrome/36.0.1985.125 Safari/537.36"
125.64.94.212 - - [12/May/2021:14:51:12 +0200] "GET /Template/Default/Skin/user/images/login_back.jpg HTTP/1.1" 404 1181 "-" "Mozilla/5.0 (Macintosh; Intel Mac OS X 10_9_4) AppleWebKit/537.36 (KHTML, like Gecko) Chrome/36.0.1985.125 Safari/537.36"
125.64.94.212 - - [12/May/2021:14:51:15 +0200] "GET /Prompt/images/P_Wrong.gif HTTP/1.1" 404 1181 "-" "Mozilla/5.0 (Macintosh; Intel Mac OS X 10_9_4) AppleWebKit/537.36 (KHTML, like Gecko) Chrome/36.0.1985.125 Safari/537.36"
125.64.94.212 - - [12/May/2021:14:51:18 +0200] "GET /Admin/Images/LoginImages/admin_top.gif HTTP/1.1" 404 1181 "-" "Mozilla/5.0 (Macintosh; Intel Mac OS X 10_9_4) AppleWebKit/537.36 (KHTML, like Gecko) Chrome/36.0.1985.125 Safari/537.36"
125.64.94.212 - - [12/May/2021:14:51:20 +0200] "GET /help/user/index.html HTTP/1.1" 404 1181 "-" "Mozilla/5.0 (Macintosh; Intel Mac OS X 10_9_4) AppleWebKit/537.36 (KHTML, like Gecko) Chrome/36.0.1985.125 Safari/537.36"
125.64.94.212 - - [12/May/2021:14:51:21 +0200] "GET /themes/graphics/horde-power1.png HTTP/1.1" 404 1181 "-" "Mozilla/5.0 (Macintosh; Intel Mac OS X 10_9_4) AppleWebKit/537.36 (KHTML, like Gecko) Chrome/36.0.1985.125 Safari/537.36"
125.64.94.212 - - [12/May/2021:14:51:23 +0200] "GET /themes/default/graphics/favicon.ico HTTP/1.1" 404 1181 "-" "Mozilla/5.0 (Macintosh; Intel Mac OS X 10_9_4) AppleWebKit/537.36 (KHTML, like Gecko) Chrome/36.0.1985.125 Safari/537.36"
125.64.94.212 - - [12/May/2021:14:51:23 +0200] "GET /themes/default/graphics/horde-power1.png HTTP/1.1" 404 1181 "-" "Mozilla/5.0 (Macintosh; Intel Mac OS X 10_9_4) AppleWebKit/537.36 (KHTML, like Gecko) Chrome/36.0.1985.125 Safari/537.36"
125.64.94.212 - - [12/May/2021:14:51:30 +0200] "GET /whir_system/login.aspx HTTP/1.1" 404 1181 "-" "Mozilla/5.0 (Macintosh; Intel Mac OS X 10_9_4) AppleWebKit/537.36 (KHTML, like Gecko) Chrome/36.0.1985.125 Safari/537.36"
125.64.94.212 - - [12/May/2021:14:51:32 +0200] "GET /whir_system/module/security/login.aspx HTTP/1.1" 404 1181 "-" "Mozilla/5.0 (Macintosh; Intel Mac OS X 10_9_4) AppleWebKit/537.36 (KHTML, like Gecko) Chrome/36.0.1985.125 Safari/537.36"
125.64.94.212 - - [12/May/2021:14:51:32 +0200] "GET /system/Login.aspx HTTP/1.1" 404 1181 "-" "Mozilla/5.0 (Macintosh; Intel Mac OS X 10_9_4) AppleWebKit/537.36 (KHTML, like Gecko) Chrome/36.0.1985.125 Safari/537.36"
125.64.94.212 - - [12/May/2021:14:51:33 +0200] "GET /stylesheet.css HTTP/1.1" 404 1181 "-" "Mozilla/5.0 (Macintosh; Intel Mac OS X 10_9_4) AppleWebKit/537.36 (KHTML, like Gecko) Chrome/36.0.1985.125 Safari/537.36"
125.64.94.212 - - [12/May/2021:14:51:34 +0200] "GET /includes/general.js HTTP/1.1" 404 1181 "-" "Mozilla/5.0 (Macintosh; Intel Mac OS X 10_9_4) AppleWebKit/537.36 (KHTML, like Gecko) Chrome/36.0.1985.125 Safari/537.36"
125.64.94.212 - - [12/May/2021:14:51:37 +0200] "GET /forum.php HTTP/1.1" 404 1181 "-" "Mozilla/5.0 (Macintosh; Intel Mac OS X 10_9_4) AppleWebKit/537.36 (KHTML, like Gecko) Chrome/36.0.1985.125 Safari/537.36"
125.64.94.212 - - [12/May/2021:14:51:38 +0200] "GET /archiver/ HTTP/1.1" 404 1181 "-" "Mozilla/5.0 (Macintosh; Intel Mac OS X 10_9_4) AppleWebKit/537.36 (KHTML, like Gecko) Chrome/36.0.1985.125 Safari/537.36"
125.64.94.212 - - [12/May/2021:14:51:38 +0200] "GET /uc_server/control/admin/db.php HTTP/1.1" 404 1181 "-" "Mozilla/5.0 (Macintosh; Intel Mac OS X 10_9_4) AppleWebKit/537.36 (KHTML, like Gecko) Chrome/36.0.1985.125 Safari/537.36"
125.64.94.212 - - [12/May/2021:14:51:40 +0200] "GET /include/dedeajax2.js HTTP/1.1" 404 1181 "-" "Mozilla/5.0 (Macintosh; Intel Mac OS X 10_9_4) AppleWebKit/537.36 (KHTML, like Gecko) Chrome/36.0.1985.125 Safari/537.36"
125.64.94.212 - - [12/May/2021:14:51:41 +0200] "GET /data/admin/ver.txt HTTP/1.1" 404 1181 "-" "Mozilla/5.0 (Macintosh; Intel Mac OS X 10_9_4) AppleWebKit/537.36 (KHTML, like Gecko) Chrome/36.0.1985.125 Safari/537.36"
125.64.94.212 - - [12/May/2021:14:51:41 +0200] "GET /include/dialog/config.php HTTP/1.1" 404 1181 "-" "Mozilla/5.0 (Macintosh; Intel Mac OS X 10_9_4) AppleWebKit/537.36 (KHTML, like Gecko) Chrome/36.0.1985.125 Safari/537.36"
125.64.94.212 - - [12/May/2021:14:51:42 +0200] "GET /plus/download.php HTTP/1.1" 404 1181 "-" "Mozilla/5.0 (Macintosh; Intel Mac OS X 10_9_4) AppleWebKit/537.36 (KHTML, like Gecko) Chrome/36.0.1985.125 Safari/537.36"
125.64.94.212 - - [12/May/2021:14:51:43 +0200] "GET /digg.php HTTP/1.1" 404 1181 "-" "Mozilla/5.0 (Macintosh; Intel Mac OS X 10_9_4) AppleWebKit/537.36 (KHTML, like Gecko) Chrome/36.0.1985.125 Safari/537.36"
125.64.94.212 - - [12/May/2021:14:51:43 +0200] "GET /plus/sitemap.html HTTP/1.1" 404 1181 "-" "Mozilla/5.0 (Macintosh; Intel Mac OS X 10_9_4) AppleWebKit/537.36 (KHTML, like Gecko) Chrome/36.0.1985.125 Safari/537.36"
125.64.94.212 - - [12/May/2021:14:51:44 +0200] "GET /plus/rssmap.html HTTP/1.1" 404 1181 "-" "Mozilla/5.0 (Macintosh; Intel Mac OS X 10_9_4) AppleWebKit/537.36 (KHTML, like Gecko) Chrome/36.0.1985.125 Safari/537.36"
125.64.94.212 - - [12/May/2021:14:51:45 +0200] "GET /plus/heightsearch.php HTTP/1.1" 404 1181 "-" "Mozilla/5.0 (Macintosh; Intel Mac OS X 10_9_4) AppleWebKit/537.36 (KHTML, like Gecko) Chrome/36.0.1985.125 Safari/537.36"
125.64.94.212 - - [12/May/2021:14:51:57 +0200] "GET /member/space/company/info.txt HTTP/1.1" 404 1181 "-" "Mozilla/5.0 (Macintosh; Intel Mac OS X 10_9_4) AppleWebKit/537.36 (KHTML, like Gecko) Chrome/36.0.1985.125 Safari/537.36"
125.64.94.212 - - [12/May/2021:14:51:59 +0200] "GET /Help HTTP/1.1" 404 1181 "-" "Mozilla/5.0 (Macintosh; Intel Mac OS X 10_9_4) AppleWebKit/537.36 (KHTML, like Gecko) Chrome/36.0.1985.125 Safari/537.36"
125.64.94.212 - - [12/May/2021:14:52:03 +0200] "GET /images/branding/logo.gif HTTP/1.1" 404 1181 "-" "Mozilla/5.0 (Macintosh; Intel Mac OS X 10_9_4) AppleWebKit/537.36 (KHTML, like Gecko) Chrome/36.0.1985.125 Safari/537.36"
125.64.94.212 - - [12/May/2021:14:52:03 +0200] "GET /Install/logo.gif HTTP/1.1" 404 1181 "-" "Mozilla/5.0 (Macintosh; Intel Mac OS X 10_9_4) AppleWebKit/537.36 (KHTML, like Gecko) Chrome/36.0.1985.125 Safari/537.36"
125.64.94.212 - - [12/May/2021:14:52:05 +0200] "GET /CHANGELOG.txt HTTP/1.1" 404 1181 "-" "Mozilla/5.0 (Macintosh; Intel Mac OS X 10_9_4) AppleWebKit/537.36 (KHTML, like Gecko) Chrome/36.0.1985.125 Safari/537.36"
125.64.94.212 - - [12/May/2021:14:52:08 +0200] "GET /changelog.txt HTTP/1.1" 404 1181 "-" "Mozilla/5.0 (Macintosh; Intel Mac OS X 10_9_4) AppleWebKit/537.36 (KHTML, like Gecko) Chrome/36.0.1985.125 Safari/537.36"
125.64.94.212 - - [12/May/2021:14:52:11 +0200] "GET /adminsoft/templates/images/login_bg_top.jpg HTTP/1.1" 404 1181 "-" "Mozilla/5.0 (Macintosh; Intel Mac OS X 10_9_4) AppleWebKit/537.36 (KHTML, like Gecko) Chrome/36.0.1985.125 Safari/537.36"
125.64.94.212 - - [12/May/2021:14:52:13 +0200] "GET /Include/EcsServerApi.js HTTP/1.1" 404 1181 "-" "Mozilla/5.0 (Macintosh; Intel Mac OS X 10_9_4) AppleWebKit/537.36 (KHTML, like Gecko) Chrome/36.0.1985.125 Safari/537.36"
125.64.94.212 - - [12/May/2021:14:52:21 +0200] "GET /jcms/index.jsp HTTP/1.1" 404 1181 "-" "Mozilla/5.0 (Macintosh; Intel Mac OS X 10_9_4) AppleWebKit/537.36 (KHTML, like Gecko) Chrome/36.0.1985.125 Safari/537.36"
125.64.94.212 - - [12/May/2021:14:52:26 +0200] "GET /jcms/index_jcms.jsp HTTP/1.1" 404 1181 "-" "Mozilla/5.0 (Macintosh; Intel Mac OS X 10_9_4) AppleWebKit/537.36 (KHTML, like Gecko) Chrome/36.0.1985.125 Safari/537.36"
125.64.94.212 - - [12/May/2021:14:52:29 +0200] "GET /m HTTP/1.1" 404 1181 "-" "Mozilla/5.0 (Macintosh; Intel Mac OS X 10_9_4) AppleWebKit/537.36 (KHTML, like Gecko) Chrome/36.0.1985.125 Safari/537.36"
125.64.94.212 - - [12/May/2021:14:52:30 +0200] "GET /ks_inc/ajax.js HTTP/1.1" 404 1181 "-" "Mozilla/5.0 (Macintosh; Intel Mac OS X 10_9_4) AppleWebKit/537.36 (KHTML, like Gecko) Chrome/36.0.1985.125 Safari/537.36"
125.64.94.212 - - [12/May/2021:14:52:33 +0200] "GET /api/api_user.xml HTTP/1.1" 404 1181 "-" "Mozilla/5.0 (Macintosh; Intel Mac OS X 10_9_4) AppleWebKit/537.36 (KHTML, like Gecko) Chrome/36.0.1985.125 Safari/537.36"
125.64.94.212 - - [12/May/2021:14:52:35 +0200] "GET /static/hgicon.png HTTP/1.1" 404 1181 "-" "Mozilla/5.0 (Macintosh; Intel Mac OS X 10_9_4) AppleWebKit/537.36 (KHTML, like Gecko) Chrome/36.0.1985.125 Safari/537.36"
125.64.94.212 - - [12/May/2021:14:52:37 +0200] "GET /ycportal/js/wbTextBox/showimg.jsp HTTP/1.1" 404 1181 "-" "Mozilla/5.0 (Macintosh; Intel Mac OS X 10_9_4) AppleWebKit/537.36 (KHTML, like Gecko) Chrome/36.0.1985.125 Safari/537.36"
125.64.94.212 - - [12/May/2021:14:52:40 +0200] "GET /base/login/login.php HTTP/1.1" 404 1181 "-" "Mozilla/5.0 (Macintosh; Intel Mac OS X 10_9_4) AppleWebKit/537.36 (KHTML, like Gecko) Chrome/36.0.1985.125 Safari/537.36"
125.64.94.212 - - [12/May/2021:14:52:45 +0200] "GET /js/ajax_x.js HTTP/1.1" 404 1181 "-" "Mozilla/5.0 (Macintosh; Intel Mac OS X 10_9_4) AppleWebKit/537.36 (KHTML, like Gecko) Chrome/36.0.1985.125 Safari/537.36"
125.64.94.212 - - [12/May/2021:14:52:45 +0200] "GET /template/home.htm HTTP/1.1" 404 1181 "-" "Mozilla/5.0 (Macintosh; Intel Mac OS X 10_9_4) AppleWebKit/537.36 (KHTML, like Gecko) Chrome/36.0.1985.125 Safari/537.36"
125.64.94.212 - - [12/May/2021:14:52:47 +0200] "GET /system/skins/default/system.login.htm HTTP/1.1" 404 1181 "-" "Mozilla/5.0 (Macintosh; Intel Mac OS X 10_9_4) AppleWebKit/537.36 (KHTML, like Gecko) Chrome/36.0.1985.125 Safari/537.36"
125.64.94.212 - - [12/May/2021:14:52:47 +0200] "GET /system/language/zh-cn.xml HTTP/1.1" 404 1181 "-" "Mozilla/5.0 (Macintosh; Intel Mac OS X 10_9_4) AppleWebKit/537.36 (KHTML, like Gecko) Chrome/36.0.1985.125 Safari/537.36"
125.64.94.212 - - [12/May/2021:14:52:49 +0200] "GET /webbuilder/script/locale/wb-lang-zh_CN.js HTTP/1.1" 404 1181 "-" "Mozilla/5.0 (Macintosh; Intel Mac OS X 10_9_4) AppleWebKit/537.36 (KHTML, like Gecko) Chrome/36.0.1985.125 Safari/537.36"
125.64.94.212 - - [12/May/2021:14:52:49 +0200] "GET /login/Jeecms.do HTTP/1.1" 404 1181 "-" "Mozilla/5.0 (Macintosh; Intel Mac OS X 10_9_4) AppleWebKit/537.36 (KHTML, like Gecko) Chrome/36.0.1985.125 Safari/537.36"
125.64.94.212 - - [12/May/2021:14:52:51 +0200] "GET /images/login_Name.jpg HTTP/1.1" 404 1181 "-" "Mozilla/5.0 (Macintosh; Intel Mac OS X 10_9_4) AppleWebKit/537.36 (KHTML, like Gecko) Chrome/36.0.1985.125 Safari/537.36"
125.64.94.212 - - [12/May/2021:14:52:51 +0200] "GET /admin/ HTTP/1.1" 404 1181 "-" "Mozilla/5.0 (Macintosh; Intel Mac OS X 10_9_4) AppleWebKit/537.36 (KHTML, like Gecko) Chrome/36.0.1985.125 Safari/537.36"
125.64.94.212 - - [12/May/2021:14:53:10 +0200] "GET /plug/publish HTTP/1.1" 404 1181 "-" "Mozilla/5.0 (Macintosh; Intel Mac OS X 10_9_4) AppleWebKit/537.36 (KHTML, like Gecko) Chrome/36.0.1985.125 Safari/537.36"
125.64.94.212 - - [12/May/2021:14:53:10 +0200] "GET /datacenter/downloadApp/showDownload.do HTTP/1.1" 404 1181 "-" "Mozilla/5.0 (Macintosh; Intel Mac OS X 10_9_4) AppleWebKit/537.36 (KHTML, like Gecko) Chrome/36.0.1985.125 Safari/537.36"
125.64.94.212 - - [12/May/2021:14:53:13 +0200] "GET /admin.php HTTP/1.1" 404 1181 "-" "Mozilla/5.0 (Macintosh; Intel Mac OS X 10_9_4) AppleWebKit/537.36 (KHTML, like Gecko) Chrome/36.0.1985.125 Safari/537.36"
125.64.94.212 - - [12/May/2021:14:53:13 +0200] "GET /Site/Pages/WebResources.ashx/PoweredByKodakImage HTTP/1.1" 404 1181 "-" "Mozilla/5.0 (Macintosh; Intel Mac OS X 10_9_4) AppleWebKit/537.36 (KHTML, like Gecko) Chrome/36.0.1985.125 Safari/537.36"
125.64.94.212 - - [12/May/2021:14:53:15 +0200] "GET /Site/SystemThemes/7917A0869761B5458281E407AE0090F5/Images/ISBanner58px.jpg HTTP/1.1" 404 1181 "-" "Mozilla/5.0 (Macintosh; Intel Mac OS X 10_9_4) AppleWebKit/537.36 (KHTML, like Gecko) Chrome/36.0.1985.125 Safari/537.36"
125.64.94.212 - - [12/May/2021:14:53:18 +0200] "GET /public/about.html HTTP/1.1" 404 1181 "-" "Mozilla/5.0 (Macintosh; Intel Mac OS X 10_9_4) AppleWebKit/537.36 (KHTML, like Gecko) Chrome/36.0.1985.125 Safari/537.36"
125.64.94.212 - - [12/May/2021:14:53:18 +0200] "GET /help/en/h_authenticate.html HTTP/1.1" 404 1181 "-" "Mozilla/5.0 (Macintosh; Intel Mac OS X 10_9_4) AppleWebKit/537.36 (KHTML, like Gecko) Chrome/36.0.1985.125 Safari/537.36"
125.64.94.212 - - [12/May/2021:14:53:20 +0200] "GET /imagesschool/style1/flash2.jpg HTTP/1.1" 404 1181 "-" "Mozilla/5.0 (Macintosh; Intel Mac OS X 10_9_4) AppleWebKit/537.36 (KHTML, like Gecko) Chrome/36.0.1985.125 Safari/537.36"
125.64.94.212 - - [12/May/2021:14:53:30 +0200] "GET /admin/admin_login.php?act=login HTTP/1.1" 404 1181 "-" "Mozilla/5.0 (Macintosh; Intel Mac OS X 10_9_4) AppleWebKit/537.36 (KHTML, like Gecko) Chrome/36.0.1985.125 Safari/537.36"
125.64.94.212 - - [12/May/2021:14:53:31 +0200] "GET /data/images/wap_logo.gif HTTP/1.1" 404 1181 "-" "Mozilla/5.0 (Macintosh; Intel Mac OS X 10_9_4) AppleWebKit/537.36 (KHTML, like Gecko) Chrome/36.0.1985.125 Safari/537.36"
125.64.94.212 - - [12/May/2021:14:53:32 +0200] "GET /static/images/logo/webserver_small.gif HTTP/1.1" 404 1181 "-" "Mozilla/5.0 (Macintosh; Intel Mac OS X 10_9_4) AppleWebKit/537.36 (KHTML, like Gecko) Chrome/36.0.1985.125 Safari/537.36"
125.64.94.212 - - [12/May/2021:14:53:33 +0200] "GET /nobody/mobile.htm?Login=Captcha HTTP/1.1" 404 1181 "-" "Mozilla/5.0 (Macintosh; Intel Mac OS X 10_9_4) AppleWebKit/537.36 (KHTML, like Gecko) Chrome/36.0.1985.125 Safari/537.36"
125.64.94.212 - - [12/May/2021:14:53:34 +0200] "GET /Public/Admin/Images/login_main_bg.jpg HTTP/1.1" 404 1181 "-" "Mozilla/5.0 (Macintosh; Intel Mac OS X 10_9_4) AppleWebKit/537.36 (KHTML, like Gecko) Chrome/36.0.1985.125 Safari/537.36"
125.64.94.212 - - [12/May/2021:14:53:34 +0200] "GET /script/login.js HTTP/1.1" 404 1181 "-" "Mozilla/5.0 (Macintosh; Intel Mac OS X 10_9_4) AppleWebKit/537.36 (KHTML, like Gecko) Chrome/36.0.1985.125 Safari/537.36"
125.64.94.212 - - [12/May/2021:14:53:36 +0200] "GET /system/Update.aspx HTTP/1.1" 404 1181 "-" "Mozilla/5.0 (Macintosh; Intel Mac OS X 10_9_4) AppleWebKit/537.36 (KHTML, like Gecko) Chrome/36.0.1985.125 Safari/537.36"
125.64.94.212 - - [12/May/2021:14:53:36 +0200] "GET /images/zh-CN/logo.ico HTTP/1.1" 404 1181 "-" "Mozilla/5.0 (Macintosh; Intel Mac OS X 10_9_4) AppleWebKit/537.36 (KHTML, like Gecko) Chrome/36.0.1985.125 Safari/537.36"
49.12.13.109 - - [12/May/2021:14:53:41 +0200] "HEAD / HTTP/1.1" 200 0 "-" "Alert_Alligator_webmonitoring_service_1.6.3_(alertalligator.com)"
125.64.94.212 - - [12/May/2021:14:53:46 +0200] "GET /images/favicon.ico HTTP/1.1" 404 1181 "-" "Mozilla/5.0 (Macintosh; Intel Mac OS X 10_9_4) AppleWebKit/537.36 (KHTML, like Gecko) Chrome/36.0.1985.125 Safari/537.36"
125.64.94.212 - - [12/May/2021:14:53:47 +0200] "GET /images/logo-white.png HTTP/1.1" 404 1181 "-" "Mozilla/5.0 (Macintosh; Intel Mac OS X 10_9_4) AppleWebKit/537.36 (KHTML, like Gecko) Chrome/36.0.1985.125 Safari/537.36"
125.64.94.212 - - [12/May/2021:14:53:48 +0200] "GET /customdir/images/english_logo.jpg HTTP/1.1" 404 1181 "-" "Mozilla/5.0 (Macintosh; Intel Mac OS X 10_9_4) AppleWebKit/537.36 (KHTML, like Gecko) Chrome/36.0.1985.125 Safari/537.36"
125.64.94.212 - - [12/May/2021:14:53:50 +0200] "GET /wp-cron.php HTTP/1.1" 404 1181 "-" "Mozilla/5.0 (Macintosh; Intel Mac OS X 10_9_4) AppleWebKit/537.36 (KHTML, like Gecko) Chrome/36.0.1985.125 Safari/537.36"
125.64.94.212 - - [12/May/2021:14:53:50 +0200] "GET /wp-content HTTP/1.1" 404 1181 "-" "Mozilla/5.0 (Macintosh; Intel Mac OS X 10_9_4) AppleWebKit/537.36 (KHTML, like Gecko) Chrome/36.0.1985.125 Safari/537.36"
125.64.94.212 - - [12/May/2021:14:53:51 +0200] "GET /wp-login.php HTTP/1.1" 404 1181 "-" "Mozilla/5.0 (Macintosh; Intel Mac OS X 10_9_4) AppleWebKit/537.36 (KHTML, like Gecko) Chrome/36.0.1985.125 Safari/537.36"
125.64.94.212 - - [12/May/2021:14:53:52 +0200] "GET /license.txt HTTP/1.1" 404 1181 "-" "Mozilla/5.0 (Macintosh; Intel Mac OS X 10_9_4) AppleWebKit/537.36 (KHTML, like Gecko) Chrome/36.0.1985.125 Safari/537.36"
125.64.94.212 - - [12/May/2021:14:53:54 +0200] "GET /readme.html HTTP/1.1" 404 1181 "-" "Mozilla/5.0 (Macintosh; Intel Mac OS X 10_9_4) AppleWebKit/537.36 (KHTML, like Gecko) Chrome/36.0.1985.125 Safari/537.36"
125.64.94.212 - - [12/May/2021:14:54:02 +0200] "GET /business/images/index-gg1.jpg HTTP/1.1" 404 1181 "-" "Mozilla/5.0 (Macintosh; Intel Mac OS X 10_9_4) AppleWebKit/537.36 (KHTML, like Gecko) Chrome/36.0.1985.125 Safari/537.36"
125.64.94.212 - - [12/May/2021:14:54:02 +0200] "GET /img/pic/login/top-left.jpg HTTP/1.1" 404 1181 "-" "Mozilla/5.0 (Macintosh; Intel Mac OS X 10_9_4) AppleWebKit/537.36 (KHTML, like Gecko) Chrome/36.0.1985.125 Safari/537.36"
125.64.94.212 - - [12/May/2021:14:54:04 +0200] "GET /images/Default_bg_002.gif HTTP/1.1" 404 1181 "-" "Mozilla/5.0 (Macintosh; Intel Mac OS X 10_9_4) AppleWebKit/537.36 (KHTML, like Gecko) Chrome/36.0.1985.125 Safari/537.36"
125.64.94.212 - - [12/May/2021:14:54:04 +0200] "GET /custom/SkinTemplate/skin/public/images/sys-logo-1caitong-180.jpg HTTP/1.1" 404 1181 "-" "Mozilla/5.0 (Macintosh; Intel Mac OS X 10_9_4) AppleWebKit/537.36 (KHTML, like Gecko) Chrome/36.0.1985.125 Safari/537.36"
125.64.94.212 - - [12/May/2021:14:54:05 +0200] "GET /eams/static/scripts/grade/course/input.js HTTP/1.1" 404 1181 "-" "Mozilla/5.0 (Macintosh; Intel Mac OS X 10_9_4) AppleWebKit/537.36 (KHTML, like Gecko) Chrome/36.0.1985.125 Safari/537.36"
125.64.94.212 - - [12/May/2021:14:54:06 +0200] "GET /include/install_ocx.aspx HTTP/1.1" 404 1181 "-" "Mozilla/5.0 (Macintosh; Intel Mac OS X 10_9_4) AppleWebKit/537.36 (KHTML, like Gecko) Chrome/36.0.1985.125 Safari/537.36"
125.64.94.212 - - [12/May/2021:14:54:07 +0200] "GET /was/help.jsp HTTP/1.1" 404 1181 "-" "Mozilla/5.0 (Macintosh; Intel Mac OS X 10_9_4) AppleWebKit/537.36 (KHTML, like Gecko) Chrome/36.0.1985.125 Safari/537.36"
125.64.94.212 - - [12/May/2021:14:54:09 +0200] "GET /was5/web/index.jsp HTTP/1.1" 404 1181 "-" "Mozilla/5.0 (Macintosh; Intel Mac OS X 10_9_4) AppleWebKit/537.36 (KHTML, like Gecko) Chrome/36.0.1985.125 Safari/537.36"
125.64.94.212 - - [12/May/2021:14:54:15 +0200] "GET /was/main.html HTTP/1.1" 404 1181 "-" "Mozilla/5.0 (Macintosh; Intel Mac OS X 10_9_4) AppleWebKit/537.36 (KHTML, like Gecko) Chrome/36.0.1985.125 Safari/537.36"
125.64.94.212 - - [12/May/2021:14:54:15 +0200] "GET /logo/logo_jw.png HTTP/1.1" 404 1181 "-" "Mozilla/5.0 (Macintosh; Intel Mac OS X 10_9_4) AppleWebKit/537.36 (KHTML, like Gecko) Chrome/36.0.1985.125 Safari/537.36"
125.64.94.212 - - [12/May/2021:14:54:17 +0200] "GET /?c=4e5e5d7364f443e28fbf0d3ae744a59a HTTP/1.1" 200 884 "-" "Mozilla/5.0 (Macintosh; Intel Mac OS X 10_9_4) AppleWebKit/537.36 (KHTML, like Gecko) Chrome/36.0.1985.125 Safari/537.36"
125.64.94.212 - - [12/May/2021:14:54:19 +0200] "GET /phpmyadmin/ HTTP/1.1" 404 1181 "-" "Mozilla/5.0 (Macintosh; Intel Mac OS X 10_9_4) AppleWebKit/537.36 (KHTML, like Gecko) Chrome/36.0.1985.125 Safari/537.36"
125.64.94.212 - - [12/May/2021:14:54:19 +0200] "GET /weblog/ HTTP/1.1" 404 1181 "-" "Mozilla/5.0 (Macintosh; Intel Mac OS X 10_9_4) AppleWebKit/537.36 (KHTML, like Gecko) Chrome/36.0.1985.125 Safari/537.36"
125.64.94.212 - - [12/May/2021:14:54:20 +0200] "GET /blog/ HTTP/1.1" 404 1181 "-" "Mozilla/5.0 (Macintosh; Intel Mac OS X 10_9_4) AppleWebKit/537.36 (KHTML, like Gecko) Chrome/36.0.1985.125 Safari/537.36"
125.64.94.212 - - [12/May/2021:14:54:21 +0200] "GET /forum/ HTTP/1.1" 404 1181 "-" "Mozilla/5.0 (Macintosh; Intel Mac OS X 10_9_4) AppleWebKit/537.36 (KHTML, like Gecko) Chrome/36.0.1985.125 Safari/537.36"
125.64.94.212 - - [12/May/2021:14:54:24 +0200] "GET /bbs/ HTTP/1.1" 404 1181 "-" "Mozilla/5.0 (Macintosh; Intel Mac OS X 10_9_4) AppleWebKit/537.36 (KHTML, like Gecko) Chrome/36.0.1985.125 Safari/537.36"
125.64.94.212 - - [12/May/2021:14:54:33 +0200] "GET /wcm/ HTTP/1.1" 404 1181 "-" "Mozilla/5.0 (Macintosh; Intel Mac OS X 10_9_4) AppleWebKit/537.36 (KHTML, like Gecko) Chrome/36.0.1985.125 Safari/537.36"
125.64.94.212 - - [12/May/2021:14:54:34 +0200] "GET /admin/editor/ HTTP/1.1" 404 1181 "-" "Mozilla/5.0 (Macintosh; Intel Mac OS X 10_9_4) AppleWebKit/537.36 (KHTML, like Gecko) Chrome/36.0.1985.125 Safari/537.36"
125.64.94.212 - - [12/May/2021:14:54:40 +0200] "GET //favicon.ico HTTP/1.1" 404 1181 "-" "python-requests/2.23.0"
46.187.48.75 - - [12/May/2021:14:59:00 +0200] "GET /kiadvany/riport.pdf HTTP/1.1" 200 1048785 "-" "Mozilla/5.0 (compatible; Googlebot/2.1; +http://www.google.com/bot.html)"
40.77.167.80 - - [12/May/2021:14:59:43 +0200] "GET /aktualis_elemei/bio2szulinap_elemei/image128.jpg HTTP/1.1" 200 8653 "-" "Mozilla/5.0 (compatible; bingbot/2.0; +http://www.bing.com/bingbot.htm)"
35.202.2.1 - - [12/May/2021:15:08:32 +0200] "GET /robots.txt HTTP/1.1" 404 1181 "-" "ltx71 - (http://ltx71.com/)"
35.202.2.1 - - [12/May/2021:15:09:23 +0200] "GET /magunkrol_elemei/kozhasznu.html HTTP/1.1" 200 48365 "-" "ltx71 - (http://ltx71.com/)"
46.187.48.75 - - [12/May/2021:15:10:02 +0200] "GET /kiadvany/riport.pdf HTTP/1.1" 200 1048785 "-" "Mozilla/5.0 (compatible; Googlebot/2.1; +http://www.google.com/bot.html)"
164.68.115.235 - - [12/May/2021:15:17:58 +0200] "GET /.env HTTP/1.1" 404 1181 "-" "Mozilla/5.0 (X11; Linux x86_64) AppleWebKit/537.36 (KHTML, like Gecko) Chrome/81.0.4044.129 Safari/537.36"
164.68.115.235 - - [12/May/2021:15:17:58 +0200] "POST / HTTP/1.1" 405 1174 "-" "Mozilla/5.0 (X11; Linux x86_64) AppleWebKit/537.36 (KHTML, like Gecko) Chrome/81.0.4044.129 Safari/537.36"
49.12.13.109 - - [12/May/2021:15:52:45 +0200] "HEAD / HTTP/1.1" 200 0 "-" "Alert_Alligator_webmonitoring_service_1.6.3_(alertalligator.com)"
66.249.81.105 - - [12/May/2021:16:00:34 +0200] "GET /aktualis_elemei/fnhv_elemei/image023.jpg HTTP/1.1" 200 10309 "-" "Mozilla/5.0 (Windows NT 5.1; rv:11.0) Gecko Firefox/11.0 (via ggpht.com GoogleImageProxy)"
46.187.48.75 - - [12/May/2021:16:20:55 +0200] "GET /kiadvany/riport.pdf HTTP/1.1" 200 1048785 "-" "Mozilla/5.0 (compatible; Googlebot/2.1; +http://www.google.com/bot.html)"
49.12.13.109 - - [12/May/2021:16:51:50 +0200] "HEAD / HTTP/1.1" 200 0 "-" "Alert_Alligator_webmonitoring_service_1.6.3_(alertalligator.com)"
46.187.48.75 - - [12/May/2021:16:55:12 +0200] "GET /kiadvany/riport.pdf HTTP/1.1" 200 1048785 "-" "Mozilla/5.0 (compatible; Googlebot/2.1; +http://www.google.com/bot.html)"
207.46.13.174 - - [12/May/2021:17:03:30 +0200] "GET /aktualis_elemei/fnhv_elemei/image005.jpg HTTP/1.1" 200 9968 "-" "Mozilla/5.0 (compatible; bingbot/2.0; +http://www.bing.com/bingbot.htm)"
46.187.48.75 - - [12/May/2021:17:03:57 +0200] "GET /kiadvany/riport.pdf HTTP/1.1" 200 1048785 "-" "Mozilla/5.0 (compatible; Googlebot/2.1; +http://www.google.com/bot.html)"
207.46.13.122 - - [12/May/2021:17:24:59 +0200] "GET /aktualis_elemei/bio2szulinap_elemei/image078.jpg HTTP/1.1" 200 7760 "-" "Mozilla/5.0 (compatible; bingbot/2.0; +http://www.bing.com/bingbot.htm)"
46.187.48.75 - - [12/May/2021:17:39:00 +0200] "GET /kiadvany/riport.pdf HTTP/1.1" 200 1048785 "-" "Mozilla/5.0 (compatible; Googlebot/2.1; +http://www.google.com/bot.html)"
46.187.48.75 - - [12/May/2021:17:43:57 +0200] "GET /kiadvany/riport.pdf HTTP/1.1" 200 1048785 "-" "Mozilla/5.0 (compatible; Googlebot/2.1; +http://www.google.com/bot.html)"
159.69.145.50 - - [12/May/2021:17:51:01 +0200] "HEAD / HTTP/1.1" 200 0 "-" "Alert_Alligator_webmonitoring_service_1.6.3_(alertalligator.com)"
51.116.110.81 - - [12/May/2021:18:18:54 +0200] "GET / HTTP/1.1" 200 884 "-" "Mozilla/5.0 (Windows NT 10.0; Win64; x64) AppleWebKit/537.36 (KHTML, like Gecko) Chrome/78.0.3904.108 Safari/537.36"
51.116.110.81 - - [12/May/2021:18:18:54 +0200] "GET / HTTP/1.1" 200 884 "-" "Mozilla/5.0 (Windows NT 10.0; Win64; x64) AppleWebKit/537.36 (KHTML, like Gecko) Chrome/78.0.3904.108 Safari/537.36"
51.116.110.81 - - [12/May/2021:18:18:54 +0200] "GET /wp-includes/wlwmanifest.xml HTTP/1.1" 404 1181 "-" "Mozilla/5.0 (Windows NT 10.0; Win64; x64) AppleWebKit/537.36 (KHTML, like Gecko) Chrome/78.0.3904.108 Safari/537.36"
51.116.110.81 - - [12/May/2021:18:18:54 +0200] "GET /xmlrpc.php?rsd HTTP/1.1" 404 1181 "-" "Mozilla/5.0 (Windows NT 10.0; Win64; x64) AppleWebKit/537.36 (KHTML, like Gecko) Chrome/78.0.3904.108 Safari/537.36"
51.116.110.81 - - [12/May/2021:18:18:54 +0200] "GET / HTTP/1.1" 200 884 "-" "Mozilla/5.0 (Windows NT 10.0; Win64; x64) AppleWebKit/537.36 (KHTML, like Gecko) Chrome/78.0.3904.108 Safari/537.36"
51.116.110.81 - - [12/May/2021:18:18:54 +0200] "GET /blog/wp-includes/wlwmanifest.xml HTTP/1.1" 404 1181 "-" "Mozilla/5.0 (Windows NT 10.0; Win64; x64) AppleWebKit/537.36 (KHTML, like Gecko) Chrome/78.0.3904.108 Safari/537.36"
51.116.110.81 - - [12/May/2021:18:18:54 +0200] "GET /web/wp-includes/wlwmanifest.xml HTTP/1.1" 404 1181 "-" "Mozilla/5.0 (Windows NT 10.0; Win64; x64) AppleWebKit/537.36 (KHTML, like Gecko) Chrome/78.0.3904.108 Safari/537.36"
51.116.110.81 - - [12/May/2021:18:18:54 +0200] "GET /wordpress/wp-includes/wlwmanifest.xml HTTP/1.1" 404 1181 "-" "Mozilla/5.0 (Windows NT 10.0; Win64; x64) AppleWebKit/537.36 (KHTML, like Gecko) Chrome/78.0.3904.108 Safari/537.36"
51.116.110.81 - - [12/May/2021:18:18:54 +0200] "GET /website/wp-includes/wlwmanifest.xml HTTP/1.1" 404 1181 "-" "Mozilla/5.0 (Windows NT 10.0; Win64; x64) AppleWebKit/537.36 (KHTML, like Gecko) Chrome/78.0.3904.108 Safari/537.36"
51.116.110.81 - - [12/May/2021:18:18:54 +0200] "GET /wp/wp-includes/wlwmanifest.xml HTTP/1.1" 404 1181 "-" "Mozilla/5.0 (Windows NT 10.0; Win64; x64) AppleWebKit/537.36 (KHTML, like Gecko) Chrome/78.0.3904.108 Safari/537.36"
51.116.110.81 - - [12/May/2021:18:18:54 +0200] "GET /news/wp-includes/wlwmanifest.xml HTTP/1.1" 404 1181 "-" "Mozilla/5.0 (Windows NT 10.0; Win64; x64) AppleWebKit/537.36 (KHTML, like Gecko) Chrome/78.0.3904.108 Safari/537.36"
51.116.110.81 - - [12/May/2021:18:18:54 +0200] "GET /2018/wp-includes/wlwmanifest.xml HTTP/1.1" 404 1181 "-" "Mozilla/5.0 (Windows NT 10.0; Win64; x64) AppleWebKit/537.36 (KHTML, like Gecko) Chrome/78.0.3904.108 Safari/537.36"
51.116.110.81 - - [12/May/2021:18:18:54 +0200] "GET /2019/wp-includes/wlwmanifest.xml HTTP/1.1" 404 1181 "-" "Mozilla/5.0 (Windows NT 10.0; Win64; x64) AppleWebKit/537.36 (KHTML, like Gecko) Chrome/78.0.3904.108 Safari/537.36"
51.116.110.81 - - [12/May/2021:18:18:54 +0200] "GET /shop/wp-includes/wlwmanifest.xml HTTP/1.1" 404 1181 "-" "Mozilla/5.0 (Windows NT 10.0; Win64; x64) AppleWebKit/537.36 (KHTML, like Gecko) Chrome/78.0.3904.108 Safari/537.36"
51.116.110.81 - - [12/May/2021:18:18:54 +0200] "GET /wp1/wp-includes/wlwmanifest.xml HTTP/1.1" 404 1181 "-" "Mozilla/5.0 (Windows NT 10.0; Win64; x64) AppleWebKit/537.36 (KHTML, like Gecko) Chrome/78.0.3904.108 Safari/537.36"
51.116.110.81 - - [12/May/2021:18:18:54 +0200] "GET /test/wp-includes/wlwmanifest.xml HTTP/1.1" 404 1181 "-" "Mozilla/5.0 (Windows NT 10.0; Win64; x64) AppleWebKit/537.36 (KHTML, like Gecko) Chrome/78.0.3904.108 Safari/537.36"
51.116.110.81 - - [12/May/2021:18:18:55 +0200] "GET /media/wp-includes/wlwmanifest.xml HTTP/1.1" 404 1181 "-" "Mozilla/5.0 (Windows NT 10.0; Win64; x64) AppleWebKit/537.36 (KHTML, like Gecko) Chrome/78.0.3904.108 Safari/537.36"
51.116.110.81 - - [12/May/2021:18:18:54 +0200] "GET /wp2/wp-includes/wlwmanifest.xml HTTP/1.1" 404 1181 "-" "Mozilla/5.0 (Windows NT 10.0; Win64; x64) AppleWebKit/537.36 (KHTML, like Gecko) Chrome/78.0.3904.108 Safari/537.36"
51.116.110.81 - - [12/May/2021:18:18:54 +0200] "GET /site/wp-includes/wlwmanifest.xml HTTP/1.1" 404 1181 "-" "Mozilla/5.0 (Windows NT 10.0; Win64; x64) AppleWebKit/537.36 (KHTML, like Gecko) Chrome/78.0.3904.108 Safari/537.36"
51.116.110.81 - - [12/May/2021:18:18:55 +0200] "GET /cms/wp-includes/wlwmanifest.xml HTTP/1.1" 404 1181 "-" "Mozilla/5.0 (Windows NT 10.0; Win64; x64) AppleWebKit/537.36 (KHTML, like Gecko) Chrome/78.0.3904.108 Safari/537.36"
51.116.110.81 - - [12/May/2021:18:18:55 +0200] "GET /sito/wp-includes/wlwmanifest.xml HTTP/1.1" 404 1181 "-" "Mozilla/5.0 (Windows NT 10.0; Win64; x64) AppleWebKit/537.36 (KHTML, like Gecko) Chrome/78.0.3904.108 Safari/537.36"
185.33.138.2 - - [12/May/2021:18:28:40 +0200] "GET / HTTP/1.1" 200 884 "-" "Mozilla/5.0 (Windows NT 10.0; Win64; x64) AppleWebKit/537.36 (KHTML, like Gecko) Chrome/85.0.4183.102 Safari/537.36/8mqTxTuL-47"
46.187.48.75 - - [12/May/2021:18:38:23 +0200] "GET /kiadvany/riport.pdf HTTP/1.1" 200 1048785 "-" "Mozilla/5.0 (compatible; Googlebot/2.1; +http://www.google.com/bot.html)"
159.69.145.50 - - [12/May/2021:18:50:04 +0200] "HEAD / HTTP/1.1" 200 0 "-" "Alert_Alligator_webmonitoring_service_1.6.3_(alertalligator.com)"
114.119.153.212 - - [12/May/2021:18:54:44 +0200] "GET /robots.txt HTTP/1.1" 404 1181 "-" "Mozilla/5.0 (compatible;PetalBot;+https://webmaster.petalsearch.com/site/petalbot)"
66.249.66.72 - - [12/May/2021:18:57:09 +0200] "GET / HTTP/1.1" 200 884 "-" "Mozilla/5.0 (compatible; Googlebot/2.1; +http://www.google.com/bot.html)"
46.187.48.75 - - [12/May/2021:18:59:20 +0200] "GET /kiadvany/riport.pdf HTTP/1.1" 200 1048785 "-" "Mozilla/5.0 (compatible; Googlebot/2.1; +http://www.google.com/bot.html)"
46.187.48.75 - - [12/May/2021:19:02:40 +0200] "GET /kiadvany/riport.pdf HTTP/1.1" 200 1048785 "-" "Mozilla/5.0 (compatible; Googlebot/2.1; +http://www.google.com/bot.html)"
114.119.155.44 - - [12/May/2021:19:07:05 +0200] "GET /archiv_elemei/tapolcatc.html HTTP/1.1" 200 12614 "-" "Mozilla/5.0 (Linux; Android 7.0;) AppleWebKit/537.36 (KHTML, like Gecko) Mobile Safari/537.36 (compatible; PetalBot;+https://webmaster.petalsearch.com/site/petalbot)"
46.187.48.75 - - [12/May/2021:19:09:09 +0200] "GET /kiadvany/riport.pdf HTTP/1.1" 200 1048785 "-" "Mozilla/5.0 (compatible; Googlebot/2.1; +http://www.google.com/bot.html)"
114.119.155.233 - - [12/May/2021:19:25:09 +0200] "GET /aktualis_elemei/ausztriaut_elemei/image019.jpg HTTP/1.1" 404 1181 "-" "Mozilla/5.0 (Linux; Android 7.0;) AppleWebKit/537.36 (KHTML, like Gecko) Mobile Safari/537.36 (compatible; PetalBot;+https://webmaster.petalsearch.com/site/petalbot)"
159.203.77.13 - - [12/May/2021:19:26:52 +0200] "GET /wp-login.php HTTP/1.1" 404 1181 "-" "Mozilla/5.0 (X11; Ubuntu; Linux x86_64; rv:62.0) Gecko/20100101 Firefox/62.0"
159.203.77.13 - - [12/May/2021:19:26:52 +0200] "GET /wp-login.php HTTP/1.1" 404 1181 "-" "Mozilla/5.0 (X11; Ubuntu; Linux x86_64; rv:62.0) Gecko/20100101 Firefox/62.0"
212.237.51.151 - - [12/May/2021:19:49:08 +0200] "HEAD / HTTP/1.1" 200 0 "-" "Alert_Alligator_webmonitoring_service_1.6.3_(alertalligator.com)"
46.187.50.207 - - [12/May/2021:19:59:32 +0200] "GET /kiadvany/riport.pdf HTTP/1.1" 200 1048785 "-" "Mozilla/5.0 (compatible; Googlebot/2.1; +http://www.google.com/bot.html)"
54.36.148.210 - - [12/May/2021:20:18:54 +0200] "GET /robots.txt HTTP/1.1" 404 1181 "-" "Mozilla/5.0 (compatible; AhrefsBot/7.0; +http://ahrefs.com/robot/)"
66.249.66.73 - - [12/May/2021:20:27:58 +0200] "GET / HTTP/1.1" 200 884 "-" "Mozilla/5.0 (Linux; Android 6.0.1; Nexus 5X Build/MMB29P) AppleWebKit/537.36 (KHTML, like Gecko) Chrome/90.0.4430.97 Mobile Safari/537.36 (compatible; Googlebot/2.1; +http://www.google.com/bot.html)"
212.237.51.151 - - [12/May/2021:20:48:11 +0200] "HEAD / HTTP/1.1" 200 0 "-" "Alert_Alligator_webmonitoring_service_1.6.3_(alertalligator.com)"
114.119.154.41 - - [12/May/2021:21:00:25 +0200] "GET /robots.txt HTTP/1.1" 404 1181 "-" "Mozilla/5.0 (compatible;PetalBot;+https://webmaster.petalsearch.com/site/petalbot)"
66.249.81.105 - - [12/May/2021:21:01:28 +0200] "GET /aktualis_elemei/bio2szulinap_elemei/image098.jpg HTTP/1.1" 200 8855 "-" "Mozilla/5.0 (Windows NT 5.1; rv:11.0) Gecko Firefox/11.0 (via ggpht.com GoogleImageProxy)"
46.187.50.207 - - [12/May/2021:21:17:38 +0200] "GET /kiadvany/riport.pdf HTTP/1.1" 200 1048785 "-" "Mozilla/5.0 (compatible; Googlebot/2.1; +http://www.google.com/bot.html)"
46.187.50.207 - - [12/May/2021:21:29:02 +0200] "GET /kiadvany/riport.pdf HTTP/1.1" 200 1048785 "-" "Mozilla/5.0 (compatible; Googlebot/2.1; +http://www.google.com/bot.html)"
54.36.148.149 - - [12/May/2021:21:44:12 +0200] "GET / HTTP/1.1" 200 884 "-" "Mozilla/5.0 (compatible; AhrefsBot/7.0; +http://ahrefs.com/robot/)"
212.237.51.151 - - [12/May/2021:21:47:18 +0200] "HEAD / HTTP/1.1" 200 0 "-" "Alert_Alligator_webmonitoring_service_1.6.3_(alertalligator.com)"
66.249.66.53 - - [12/May/2021:21:49:29 +0200] "GET /robots.txt HTTP/1.1" 404 1181 "-" "Mozilla/5.0 (compatible; Googlebot/2.1; +http://www.google.com/bot.html)"
66.249.66.51 - - [12/May/2021:21:49:29 +0200] "GET / HTTP/1.1" 200 884 "-" "Mozilla/5.0 (Linux; Android 6.0.1; Nexus 5X Build/MMB29P) AppleWebKit/537.36 (KHTML, like Gecko) Chrome/90.0.4430.97 Mobile Safari/537.36 (compatible; Googlebot/2.1; +http://www.google.com/bot.html)"
46.187.50.207 - - [12/May/2021:22:08:38 +0200] "GET /kiadvany/riport.pdf HTTP/1.1" 200 1048785 "-" "Mozilla/5.0 (compatible; Googlebot/2.1; +http://www.google.com/bot.html)"
207.46.13.19 - - [12/May/2021:22:14:45 +0200] "GET / HTTP/1.1" 200 884 "-" "Mozilla/5.0 (compatible; bingbot/2.0; +http://www.bing.com/bingbot.htm)"
212.237.23.143 - - [12/May/2021:22:46:22 +0200] "HEAD / HTTP/1.1" 200 0 "-" "Alert_Alligator_webmonitoring_service_1.6.3_(alertalligator.com)"
46.187.50.207 - - [12/May/2021:22:48:34 +0200] "GET /kiadvany/riport.pdf HTTP/1.1" 200 1048785 "-" "Mozilla/5.0 (compatible; Googlebot/2.1; +http://www.google.com/bot.html)"
114.119.132.9 - - [12/May/2021:22:55:10 +0200] "GET /magunkrol_elemei/kozhasznu.html HTTP/1.1" 200 48365 "-" "Mozilla/5.0 (Linux; Android 7.0;) AppleWebKit/537.36 (KHTML, like Gecko) Mobile Safari/537.36 (compatible; PetalBot;+https://webmaster.petalsearch.com/site/petalbot)"
114.119.153.208 - - [12/May/2021:23:07:25 +0200] "GET /robots.txt HTTP/1.1" 404 1181 "-" "Mozilla/5.0 (compatible;PetalBot;+https://webmaster.petalsearch.com/site/petalbot)"
114.119.130.136 - - [12/May/2021:23:14:42 +0200] "GET /archiv.html HTTP/1.1" 200 100991 "-" "Mozilla/5.0 (Linux; Android 7.0;) AppleWebKit/537.36 (KHTML, like Gecko) Mobile Safari/537.36 (compatible; PetalBot;+https://webmaster.petalsearch.com/site/petalbot)"
49.12.13.109 - - [12/May/2021:23:45:56 +0200] "HEAD / HTTP/1.1" 200 0 "-" "Alert_Alligator_webmonitoring_service_1.6.3_(alertalligator.com)"
114.119.146.244 - - [12/May/2021:23:54:42 +0200] "GET /aktualis_elemei/ausztriaut_elemei/image027.jpg HTTP/1.1" 404 1181 "-" "Mozilla/5.0 (Linux; Android 7.0;) AppleWebKit/537.36 (KHTML, like Gecko) Mobile Safari/537.36 (compatible; PetalBot;+https://webmaster.petalsearch.com/site/petalbot)"
46.187.50.207 - - [13/May/2021:00:17:38 +0200] "GET /kiadvany/riport.pdf HTTP/1.1" 200 1048785 "-" "Mozilla/5.0 (compatible; Googlebot/2.1; +http://www.google.com/bot.html)"
157.90.182.24 - - [13/May/2021:00:27:20 +0200] "GET /robots.txt HTTP/1.1" 404 1181 "-" "Mozilla/5.0 (compatible; BLEXBot/1.0; +http://webmeup-crawler.com/)"
157.90.182.24 - - [13/May/2021:00:27:21 +0200] "GET / HTTP/1.1" 200 884 "-" "Mozilla/5.0 (compatible; BLEXBot/1.0; +http://webmeup-crawler.com/)"
49.12.13.109 - - [13/May/2021:00:45:34 +0200] "HEAD / HTTP/1.1" 200 0 "-" "Alert_Alligator_webmonitoring_service_1.6.3_(alertalligator.com)"
40.77.167.35 - - [13/May/2021:00:51:59 +0200] "GET /aktualis_elemei/bio2szulinap_elemei/image002.jpg HTTP/1.1" 200 13498 "-" "Mozilla/5.0 (compatible; bingbot/2.0; +http://www.bing.com/bingbot.htm)"
46.187.50.207 - - [13/May/2021:01:00:53 +0200] "GET /kiadvany/riport.pdf HTTP/1.1" 200 1048785 "-" "Mozilla/5.0 (compatible; Googlebot/2.1; +http://www.google.com/bot.html)"
114.119.158.193 - - [13/May/2021:01:14:22 +0200] "GET /robots.txt HTTP/1.1" 404 1181 "-" "Mozilla/5.0 (compatible;PetalBot;+https://webmaster.petalsearch.com/site/petalbot)"
66.249.66.51 - - [13/May/2021:01:42:59 +0200] "GET /kiadvany/miskolchvte.pdf HTTP/1.1" 304 - "-" "Mozilla/5.0 (Linux; Android 6.0.1; Nexus 5X Build/MMB29P) AppleWebKit/537.36 (KHTML, like Gecko) Chrome/90.0.4430.97 Mobile Safari/537.36 (compatible; Googlebot/2.1; +http://www.google.com/bot.html)"
159.69.145.50 - - [13/May/2021:01:44:36 +0200] "HEAD / HTTP/1.1" 200 0 "-" "Alert_Alligator_webmonitoring_service_1.6.3_(alertalligator.com)"
46.187.50.207 - - [13/May/2021:01:57:05 +0200] "GET /kiadvany/riport.pdf HTTP/1.1" 200 1048785 "-" "Mozilla/5.0 (compatible; Googlebot/2.1; +http://www.google.com/bot.html)"
5.34.180.192 - - [13/May/2021:02:01:10 +0200] "GET / HTTP/1.1" 200 884 "https://xxxasianporn.net/" "Mozilla/4.0 (compatible; MSIE 6.0; Windows NT 5.1; en) Opera 9.0"
5.34.180.192 - - [13/May/2021:02:01:11 +0200] "GET / HTTP/1.1" 200 884 "https://xxxasianporn.net/" "Mozilla/4.0 (compatible; MSIE 6.0; Windows NT 5.1; en) Opera 9.0"
5.34.180.192 - - [13/May/2021:02:01:11 +0200] "GET / HTTP/1.1" 200 884 "https://xxxasianporn.net/" "Mozilla/4.0 (compatible; MSIE 6.0; Windows NT 5.1; en) Opera 9.0"
46.187.50.207 - - [13/May/2021:02:07:25 +0200] "GET /kiadvany/riport.pdf HTTP/1.1" 200 1048785 "-" "Mozilla/5.0 (compatible; Googlebot/2.1; +http://www.google.com/bot.html)"
212.237.53.115 - - [13/May/2021:02:43:51 +0200] "HEAD / HTTP/1.1" 200 0 "-" "Alert_Alligator_webmonitoring_service_1.6.3_(alertalligator.com)"
46.187.50.207 - - [13/May/2021:03:03:13 +0200] "GET /kiadvany/riport.pdf HTTP/1.1" 200 1048785 "-" "Mozilla/5.0 (compatible; Googlebot/2.1; +http://www.google.com/bot.html)"
40.77.167.60 - - [13/May/2021:03:08:56 +0200] "GET /robots.txt HTTP/1.1" 404 1181 "-" "Mozilla/5.0 (compatible; bingbot/2.0; +http://www.bing.com/bingbot.htm)"
