66.249.64.137 - - [04/Nov/2020:22:17:24 +0100] "GET /favicon.ico HTTP/1.1" 404 57 "-" "Googlebot-Image/1.0"
185.191.171.8 - - [04/Nov/2020:22:23:03 +0100] "GET /robots.txt HTTP/1.1" 200 1627 "-" "Mozilla/5.0 (compatible; SemrushBot/6~bl; +http://www.semrush.com/bot.html)"
185.191.171.36 - - [04/Nov/2020:22:23:05 +0100] "GET /content/term%C3%A9kek-szolg%C3%A1ltat%C3%A1sok?destination=node%2F34 HTTP/1.1" 200 17753 "-" "Mozilla/5.0 (compatible; SemrushBot/6~bl; +http://www.semrush.com/bot.html)"
5.34.180.192 - - [04/Nov/2020:22:24:18 +0100] "GET / HTTP/1.1" 200 19615 "https://rus-lit.com/" "Mozilla/4.0 (compatible; MSIE 5.01; Windows 95; MSIECrawler)"
5.34.180.192 - - [04/Nov/2020:22:24:19 +0100] "GET / HTTP/1.1" 200 19615 "https://rus-lit.com/" "Mozilla/4.0 (compatible; MSIE 5.01; Windows 95; MSIECrawler)"
5.34.180.192 - - [04/Nov/2020:22:24:20 +0100] "GET / HTTP/1.1" 200 19615 "https://rus-lit.com/" "Mozilla/4.0 (compatible; MSIE 5.01; Windows 95; MSIECrawler)"
213.81.198.237 - - [04/Nov/2020:22:48:56 +0100] "GET / HTTP/1.1" 200 19615 "https://www.google.com/" "Mozilla/5.0 (Windows NT 6.1; Win64; x64) AppleWebKit/537.36 (KHTML, like Gecko) Chrome/86.0.4240.183 Safari/537.36"
213.81.198.237 - - [04/Nov/2020:22:48:56 +0100] "GET /modules/nice_menus/nice_menus.css?g HTTP/1.1" 200 3607 "http://www.gyurufu.hu/" "Mozilla/5.0 (Windows NT 6.1; Win64; x64) AppleWebKit/537.36 (KHTML, like Gecko) Chrome/86.0.4240.183 Safari/537.36"
213.81.198.237 - - [04/Nov/2020:22:48:57 +0100] "GET /modules/nice_menus/nice_menus_default.css?g HTTP/1.1" 200 4978 "http://www.gyurufu.hu/" "Mozilla/5.0 (Windows NT 6.1; Win64; x64) AppleWebKit/537.36 (KHTML, like Gecko) Chrome/86.0.4240.183 Safari/537.36"
213.81.198.237 - - [04/Nov/2020:22:48:57 +0100] "GET /modules/photos/photos.css?g HTTP/1.1" 200 5645 "http://www.gyurufu.hu/" "Mozilla/5.0 (Windows NT 6.1; Win64; x64) AppleWebKit/537.36 (KHTML, like Gecko) Chrome/86.0.4240.183 Safari/537.36"
213.81.198.237 - - [04/Nov/2020:22:48:57 +0100] "GET /modules/system/defaults.css?g HTTP/1.1" 200 757 "http://www.gyurufu.hu/" "Mozilla/5.0 (Windows NT 6.1; Win64; x64) AppleWebKit/537.36 (KHTML, like Gecko) Chrome/86.0.4240.183 Safari/537.36"
213.81.198.237 - - [04/Nov/2020:22:48:57 +0100] "GET /modules/system/system.css?g HTTP/1.1" 200 10020 "http://www.gyurufu.hu/" "Mozilla/5.0 (Windows NT 6.1; Win64; x64) AppleWebKit/537.36 (KHTML, like Gecko) Chrome/86.0.4240.183 Safari/537.36"
213.81.198.237 - - [04/Nov/2020:22:48:57 +0100] "GET /modules/system/system-menus.css?g HTTP/1.1" 200 935 "http://www.gyurufu.hu/" "Mozilla/5.0 (Windows NT 6.1; Win64; x64) AppleWebKit/537.36 (KHTML, like Gecko) Chrome/86.0.4240.183 Safari/537.36"
213.81.198.237 - - [04/Nov/2020:22:48:57 +0100] "GET /modules/node/node.css?g HTTP/1.1" 200 740 "http://www.gyurufu.hu/" "Mozilla/5.0 (Windows NT 6.1; Win64; x64) AppleWebKit/537.36 (KHTML, like Gecko) Chrome/86.0.4240.183 Safari/537.36"
213.81.198.237 - - [04/Nov/2020:22:48:57 +0100] "GET /modules/user/user.css?g HTTP/1.1" 200 1127 "http://www.gyurufu.hu/" "Mozilla/5.0 (Windows NT 6.1; Win64; x64) AppleWebKit/537.36 (KHTML, like Gecko) Chrome/86.0.4240.183 Safari/537.36"
213.81.198.237 - - [04/Nov/2020:22:48:57 +0100] "GET /misc/jquery.js?g HTTP/1.1" 200 31089 "http://www.gyurufu.hu/" "Mozilla/5.0 (Windows NT 6.1; Win64; x64) AppleWebKit/537.36 (KHTML, like Gecko) Chrome/86.0.4240.183 Safari/537.36"
213.81.198.237 - - [04/Nov/2020:22:48:57 +0100] "GET /themes/aboutpeople/style.css?g HTTP/1.1" 200 32283 "http://www.gyurufu.hu/" "Mozilla/5.0 (Windows NT 6.1; Win64; x64) AppleWebKit/537.36 (KHTML, like Gecko) Chrome/86.0.4240.183 Safari/537.36"
213.81.198.237 - - [04/Nov/2020:22:48:57 +0100] "GET /modules/google_analytics/googleanalytics.js?g HTTP/1.1" 200 2268 "http://www.gyurufu.hu/" "Mozilla/5.0 (Windows NT 6.1; Win64; x64) AppleWebKit/537.36 (KHTML, like Gecko) Chrome/86.0.4240.183 Safari/537.36"
213.81.198.237 - - [04/Nov/2020:22:48:57 +0100] "GET /misc/drupal.js?g HTTP/1.1" 200 9745 "http://www.gyurufu.hu/" "Mozilla/5.0 (Windows NT 6.1; Win64; x64) AppleWebKit/537.36 (KHTML, like Gecko) Chrome/86.0.4240.183 Safari/537.36"
213.81.198.237 - - [04/Nov/2020:22:48:57 +0100] "GET /modules/photos/photos.js?g HTTP/1.1" 200 2409 "http://www.gyurufu.hu/" "Mozilla/5.0 (Windows NT 6.1; Win64; x64) AppleWebKit/537.36 (KHTML, like Gecko) Chrome/86.0.4240.183 Safari/537.36"
213.81.198.237 - - [04/Nov/2020:22:48:57 +0100] "GET /sites/default/files/languages/hu_8582a244f490b74610256ab428690e24.js?g HTTP/1.1" 200 1838 "http://www.gyurufu.hu/" "Mozilla/5.0 (Windows NT 6.1; Win64; x64) AppleWebKit/537.36 (KHTML, like Gecko) Chrome/86.0.4240.183 Safari/537.36"
213.81.198.237 - - [04/Nov/2020:22:48:57 +0100] "GET /misc/powered-blue-80x15.png HTTP/1.1" 200 1011 "http://www.gyurufu.hu/" "Mozilla/5.0 (Windows NT 6.1; Win64; x64) AppleWebKit/537.36 (KHTML, like Gecko) Chrome/86.0.4240.183 Safari/537.36"
213.81.198.237 - - [04/Nov/2020:22:48:57 +0100] "GET /themes/aboutpeople/img/sticky.gif HTTP/1.1" 200 560 "http://www.gyurufu.hu/" "Mozilla/5.0 (Windows NT 6.1; Win64; x64) AppleWebKit/537.36 (KHTML, like Gecko) Chrome/86.0.4240.183 Safari/537.36"
213.81.198.237 - - [04/Nov/2020:22:48:57 +0100] "GET /themes/aboutpeople/img/bg.gif HTTP/1.1" 200 4764 "http://www.gyurufu.hu/themes/aboutpeople/style.css?g" "Mozilla/5.0 (Windows NT 6.1; Win64; x64) AppleWebKit/537.36 (KHTML, like Gecko) Chrome/86.0.4240.183 Safari/537.36"
213.81.198.237 - - [04/Nov/2020:22:48:57 +0100] "GET /themes/aboutpeople/img/login_line.png HTTP/1.1" 200 510 "http://www.gyurufu.hu/themes/aboutpeople/style.css?g" "Mozilla/5.0 (Windows NT 6.1; Win64; x64) AppleWebKit/537.36 (KHTML, like Gecko) Chrome/86.0.4240.183 Safari/537.36"
213.81.198.237 - - [04/Nov/2020:22:48:57 +0100] "GET /themes/aboutpeople/img/use11r.gif HTTP/1.1" 200 1001 "http://www.gyurufu.hu/themes/aboutpeople/style.css?g" "Mozilla/5.0 (Windows NT 6.1; Win64; x64) AppleWebKit/537.36 (KHTML, like Gecko) Chrome/86.0.4240.183 Safari/537.36"
213.81.198.237 - - [04/Nov/2020:22:48:58 +0100] "GET /themes/aboutpeople/img/menulinks.png HTTP/1.1" 200 1465 "http://www.gyurufu.hu/themes/aboutpeople/style.css?g" "Mozilla/5.0 (Windows NT 6.1; Win64; x64) AppleWebKit/537.36 (KHTML, like Gecko) Chrome/86.0.4240.183 Safari/537.36"
213.81.198.237 - - [04/Nov/2020:22:48:58 +0100] "GET /themes/aboutpeople/img/menulinks_corner.png HTTP/1.1" 200 215 "http://www.gyurufu.hu/themes/aboutpeople/style.css?g" "Mozilla/5.0 (Windows NT 6.1; Win64; x64) AppleWebKit/537.36 (KHTML, like Gecko) Chrome/86.0.4240.183 Safari/537.36"
213.81.198.237 - - [04/Nov/2020:22:48:58 +0100] "GET /modules/nice_menus/arrow-right.png HTTP/1.1" 200 258 "http://www.gyurufu.hu/modules/nice_menus/nice_menus_default.css?g" "Mozilla/5.0 (Windows NT 6.1; Win64; x64) AppleWebKit/537.36 (KHTML, like Gecko) Chrome/86.0.4240.183 Safari/537.36"
213.81.198.237 - - [04/Nov/2020:22:48:58 +0100] "GET /themes/aboutpeople/img/bgblock.gif HTTP/1.1" 200 1287 "http://www.gyurufu.hu/themes/aboutpeople/style.css?g" "Mozilla/5.0 (Windows NT 6.1; Win64; x64) AppleWebKit/537.36 (KHTML, like Gecko) Chrome/86.0.4240.183 Safari/537.36"
213.81.198.237 - - [04/Nov/2020:22:48:58 +0100] "GET /themes/aboutpeople/img/banners/rotate.php HTTP/1.1" 200 38338 "http://www.gyurufu.hu/themes/aboutpeople/style.css?g" "Mozilla/5.0 (Windows NT 6.1; Win64; x64) AppleWebKit/537.36 (KHTML, like Gecko) Chrome/86.0.4240.183 Safari/537.36"
213.81.198.237 - - [04/Nov/2020:22:48:58 +0100] "GET /themes/aboutpeople/img/slinks.gif HTTP/1.1" 200 487 "http://www.gyurufu.hu/themes/aboutpeople/style.css?g" "Mozilla/5.0 (Windows NT 6.1; Win64; x64) AppleWebKit/537.36 (KHTML, like Gecko) Chrome/86.0.4240.183 Safari/537.36"
213.81.198.237 - - [04/Nov/2020:22:48:58 +0100] "GET /themes/aboutpeople/img/menuline.png HTTP/1.1" 200 395 "http://www.gyurufu.hu/themes/aboutpeople/style.css?g" "Mozilla/5.0 (Windows NT 6.1; Win64; x64) AppleWebKit/537.36 (KHTML, like Gecko) Chrome/86.0.4240.183 Safari/537.36"
213.81.198.237 - - [04/Nov/2020:22:48:59 +0100] "GET /themes/aboutpeople/img/login.gif HTTP/1.1" 200 1018 "http://www.gyurufu.hu/themes/aboutpeople/style.css?g" "Mozilla/5.0 (Windows NT 6.1; Win64; x64) AppleWebKit/537.36 (KHTML, like Gecko) Chrome/86.0.4240.183 Safari/537.36"
213.81.198.237 - - [04/Nov/2020:22:48:59 +0100] "GET /themes/aboutpeople/img/down_arrow.png HTTP/1.1" 200 149 "http://www.gyurufu.hu/themes/aboutpeople/style.css?g" "Mozilla/5.0 (Windows NT 6.1; Win64; x64) AppleWebKit/537.36 (KHTML, like Gecko) Chrome/86.0.4240.183 Safari/537.36"
213.81.198.237 - - [04/Nov/2020:22:48:59 +0100] "GET /themes/aboutpeople/img/down_arrow_hover.png HTTP/1.1" 200 115 "http://www.gyurufu.hu/themes/aboutpeople/style.css?g" "Mozilla/5.0 (Windows NT 6.1; Win64; x64) AppleWebKit/537.36 (KHTML, like Gecko) Chrome/86.0.4240.183 Safari/537.36"
213.81.198.237 - - [04/Nov/2020:22:48:59 +0100] "GET /themes/aboutpeople/img/slinksover.gif HTTP/1.1" 200 478 "http://www.gyurufu.hu/themes/aboutpeople/style.css?g" "Mozilla/5.0 (Windows NT 6.1; Win64; x64) AppleWebKit/537.36 (KHTML, like Gecko) Chrome/86.0.4240.183 Safari/537.36"
213.81.198.237 - - [04/Nov/2020:22:48:59 +0100] "GET /themes/aboutpeople/img/readmore.gif HTTP/1.1" 200 366 "http://www.gyurufu.hu/themes/aboutpeople/style.css?g" "Mozilla/5.0 (Windows NT 6.1; Win64; x64) AppleWebKit/537.36 (KHTML, like Gecko) Chrome/86.0.4240.183 Safari/537.36"
213.81.198.237 - - [04/Nov/2020:22:48:59 +0100] "GET /favicon.ico HTTP/1.1" 404 57 "http://www.gyurufu.hu/" "Mozilla/5.0 (Windows NT 6.1; Win64; x64) AppleWebKit/537.36 (KHTML, like Gecko) Chrome/86.0.4240.183 Safari/537.36"
95.216.96.254 - - [04/Nov/2020:22:57:03 +0100] "GET /content/gy%C5%B1r%C5%B1f%C5%B1i-tal%C3%A1lkoz%C3%A1sok HTTP/1.1" 200 21494 "http://www.gyurufu.hu/" "Mozilla/5.0 (compatible; SEOkicks; +https://www.seokicks.de/robot.html)"
95.216.96.254 - - [04/Nov/2020:22:57:06 +0100] "GET /content/jurtaegyetem HTTP/1.1" 200 20541 "http://www.gyurufu.hu/" "Mozilla/5.0 (compatible; SEOkicks; +https://www.seokicks.de/robot.html)"
95.216.96.254 - - [04/Nov/2020:22:57:09 +0100] "GET /content/t%C3%A1rsadalmi-tev%C3%A9kenys%C3%A9g-nemzetk%C3%B6zi-kapcsolatok HTTP/1.1" 200 19473 "http://www.gyurufu.hu/" "Mozilla/5.0 (compatible; SEOkicks; +https://www.seokicks.de/robot.html)"
95.216.96.254 - - [04/Nov/2020:22:57:15 +0100] "GET /content/t%C3%A1mogat%C3%B3ink HTTP/1.1" 200 19167 "http://www.gyurufu.hu/" "Mozilla/5.0 (compatible; SEOkicks; +https://www.seokicks.de/robot.html)"
95.216.96.254 - - [04/Nov/2020:22:57:18 +0100] "GET /content/gy%C5%B1r%C5%B1f%C5%B1-alap%C3%ADtv%C3%A1ny HTTP/1.1" 200 17171 "http://www.gyurufu.hu/" "Mozilla/5.0 (compatible; SEOkicks; +https://www.seokicks.de/robot.html)"
95.216.96.254 - - [04/Nov/2020:22:57:23 +0100] "GET /content/v%C3%A1llalkoz%C3%A1sok HTTP/1.1" 200 17563 "http://www.gyurufu.hu/" "Mozilla/5.0 (compatible; SEOkicks; +https://www.seokicks.de/robot.html)"
95.216.96.254 - - [04/Nov/2020:22:57:25 +0100] "GET /content HTTP/1.1" 301 317 "http://www.gyurufu.hu/" "Mozilla/5.0 (compatible; SEOkicks; +https://www.seokicks.de/robot.html)"
95.216.96.254 - - [04/Nov/2020:22:57:28 +0100] "GET /content/ HTTP/1.1" 403 1172 "http://www.gyurufu.hu/content" "Mozilla/5.0 (compatible; SEOkicks; +https://www.seokicks.de/robot.html)"
95.216.96.254 - - [04/Nov/2020:22:57:31 +0100] "GET /content/gy%C5%B1r%C5%B1f%C5%B1-m%C5%B1hely-kft HTTP/1.1" 200 17788 "http://www.gyurufu.hu/" "Mozilla/5.0 (compatible; SEOkicks; +https://www.seokicks.de/robot.html)"
95.216.96.254 - - [04/Nov/2020:22:57:36 +0100] "GET /content/gy%C5%B1r%C5%B1f%C5%B1%C3%A9rt-nonprofit-kft HTTP/1.1" 200 20898 "http://www.gyurufu.hu/" "Mozilla/5.0 (compatible; SEOkicks; +https://www.seokicks.de/robot.html)"
95.216.96.254 - - [04/Nov/2020:22:57:40 +0100] "GET /content/lovastanya-vend%C3%A9gh%C3%A1z HTTP/1.1" 200 23213 "http://www.gyurufu.hu/" "Mozilla/5.0 (compatible; SEOkicks; +https://www.seokicks.de/robot.html)"
95.216.96.254 - - [04/Nov/2020:22:57:48 +0100] "GET /content/lovastanya-vend%C3%A9gh%C3%A1z HTTP/1.1" 200 23213 "http://gyurufu.hu/" "Mozilla/5.0 (compatible; SEOkicks; +https://www.seokicks.de/robot.html)"
95.216.96.254 - - [04/Nov/2020:22:57:52 +0100] "GET /content/h%C3%ADrek-esem%C3%A9nyek HTTP/1.1" 200 16582 "http://gyurufu.hu/" "Mozilla/5.0 (compatible; SEOkicks; +https://www.seokicks.de/robot.html)"
95.216.96.254 - - [04/Nov/2020:22:57:55 +0100] "GET /content/r%C3%A9gi-h%C3%ADrek-%C3%A9s-%C3%ADrott-dokumentumok-gy%C5%B1r%C5%B1f%C5%B1r%C5%91l HTTP/1.1" 200 22027 "http://gyurufu.hu/" "Mozilla/5.0 (compatible; SEOkicks; +https://www.seokicks.de/robot.html)"
95.216.96.254 - - [04/Nov/2020:22:57:58 +0100] "GET /content/bemutatkoz%C3%A1s HTTP/1.1" 200 16918 "http://gyurufu.hu/" "Mozilla/5.0 (compatible; SEOkicks; +https://www.seokicks.de/robot.html)"
95.216.96.254 - - [04/Nov/2020:22:58:08 +0100] "GET /content/gy%C5%B1r%C5%B1f%C5%B1-facebook HTTP/1.1" 200 16513 "http://gyurufu.hu/" "Mozilla/5.0 (compatible; SEOkicks; +https://www.seokicks.de/robot.html)"
95.216.96.254 - - [04/Nov/2020:22:58:11 +0100] "GET /user HTTP/1.1" 200 16244 "http://gyurufu.hu/user/login" "Mozilla/5.0 (compatible; SEOkicks; +https://www.seokicks.de/robot.html)"
66.249.70.73 - - [04/Nov/2020:23:02:24 +0100] "GET /content HTTP/1.1" 301 309 "-" "Googlebot/2.1 (+http://www.google.com/bot.html)"
66.249.64.141 - - [04/Nov/2020:23:25:18 +0100] "GET /planyo-files/planyo-jquery-reservations.js HTTP/1.1" 200 53690 "http://www.gyurufu.hu/lovastanya/foglalas.html" "Mozilla/5.0 (Linux; Android 6.0.1; Nexus 5X Build/MMB29P) AppleWebKit/537.36 (KHTML, like Gecko) Chrome/85.0.4183.140 Mobile Safari/537.36 (compatible; Googlebot/2.1; +http://www.google.com/bot.html)"
66.249.64.141 - - [04/Nov/2020:23:25:19 +0100] "GET /planyo-files/planyo-jquery-utils.js HTTP/1.1" 200 12322 "http://www.gyurufu.hu/lovastanya/foglalas.html" "Mozilla/5.0 (Linux; Android 6.0.1; Nexus 5X Build/MMB29P) AppleWebKit/537.36 (KHTML, like Gecko) Chrome/85.0.4183.140 Mobile Safari/537.36 (compatible; Googlebot/2.1; +http://www.google.com/bot.html)"
66.249.64.139 - - [04/Nov/2020:23:25:19 +0100] "GET /planyo-files/planyo-styles.css HTTP/1.1" 200 11368 "http://www.gyurufu.hu/lovastanya/foglalas.html" "Mozilla/5.0 (Linux; Android 6.0.1; Nexus 5X Build/MMB29P) AppleWebKit/537.36 (KHTML, like Gecko) Chrome/85.0.4183.140 Mobile Safari/537.36 (compatible; Googlebot/2.1; +http://www.google.com/bot.html)"
66.249.64.139 - - [04/Nov/2020:23:25:20 +0100] "GET /planyo-files/jquery.js HTTP/1.1" 200 93867 "http://www.gyurufu.hu/lovastanya/foglalas.html" "Mozilla/5.0 (Linux; Android 6.0.1; Nexus 5X Build/MMB29P) AppleWebKit/537.36 (KHTML, like Gecko) Chrome/85.0.4183.140 Mobile Safari/537.36 (compatible; Googlebot/2.1; +http://www.google.com/bot.html)"
66.249.64.139 - - [04/Nov/2020:23:25:21 +0100] "POST /planyo-files/ulap.php HTTP/1.1" 200 790 "http://www.gyurufu.hu/lovastanya/foglalas.html" "Mozilla/5.0 (Linux; Android 6.0.1; Nexus 5X Build/MMB29P) AppleWebKit/537.36 (KHTML, like Gecko) Chrome/85.0.4183.140 Mobile Safari/537.36 (compatible; Googlebot/2.1; +http://www.google.com/bot.html)"
66.249.64.139 - - [04/Nov/2020:23:26:37 +0100] "GET /lovastanya/index.html HTTP/1.1" 200 1449 "-" "Mozilla/5.0 (compatible; Googlebot/2.1; +http://www.google.com/bot.html)"
54.36.149.10 - - [04/Nov/2020:23:49:19 +0100] "GET /robots.txt HTTP/1.1" 200 1627 "-" "Mozilla/5.0 (compatible; AhrefsBot/6.1; +http://ahrefs.com/robot/)"
54.36.148.211 - - [04/Nov/2020:23:49:32 +0100] "GET /content/kezdetekt%C5%91l-mostan%C3%A1ig HTTP/1.1" 200 22292 "-" "Mozilla/5.0 (compatible; AhrefsBot/7.0; +http://ahrefs.com/robot/)"
185.191.171.4 - - [04/Nov/2020:23:53:02 +0100] "GET /robots.txt HTTP/1.1" 200 1627 "-" "Mozilla/5.0 (compatible; SemrushBot/6~bl; +http://www.semrush.com/bot.html)"
185.191.171.10 - - [04/Nov/2020:23:53:03 +0100] "GET /content/az-egyes%C3%BClet-c%C3%A9lja-%C3%A9s-k%C3%B6zhaszn%C3%BAs%C3%A1gi-jelent%C3%A9sei HTTP/1.1" 200 20410 "-" "Mozilla/5.0 (compatible; SemrushBot/6~bl; +http://www.semrush.com/bot.html)"
95.216.96.254 - - [04/Nov/2020:23:59:21 +0100] "GET /content/h%C3%ADrek-esem%C3%A9nyek HTTP/1.1" 200 16582 "http://www.gyurufu.hu/" "Mozilla/5.0 (compatible; SEOkicks; +https://www.seokicks.de/robot.html)"
95.216.96.254 - - [04/Nov/2020:23:59:24 +0100] "GET /content/r%C3%A9gi-h%C3%ADrek-%C3%A9s-%C3%ADrott-dokumentumok-gy%C5%B1r%C5%B1f%C5%B1r%C5%91l HTTP/1.1" 200 22027 "http://www.gyurufu.hu/" "Mozilla/5.0 (compatible; SEOkicks; +https://www.seokicks.de/robot.html)"
95.216.96.254 - - [04/Nov/2020:23:59:31 +0100] "GET /content/bemutatkoz%C3%A1s HTTP/1.1" 200 16918 "http://www.gyurufu.hu/" "Mozilla/5.0 (compatible; SEOkicks; +https://www.seokicks.de/robot.html)"
95.216.96.254 - - [04/Nov/2020:23:59:45 +0100] "GET /content/gy%C5%B1r%C5%B1f%C5%B1-facebook HTTP/1.1" 200 16513 "http://www.gyurufu.hu/" "Mozilla/5.0 (compatible; SEOkicks; +https://www.seokicks.de/robot.html)"
95.216.96.254 - - [04/Nov/2020:23:59:53 +0100] "GET /user HTTP/1.1" 200 16244 "http://www.gyurufu.hu/user/login" "Mozilla/5.0 (compatible; SEOkicks; +https://www.seokicks.de/robot.html)"
95.216.96.254 - - [04/Nov/2020:23:59:56 +0100] "GET /erdeiiskola/programok.html HTTP/1.1" 200 12642 "http://www.gyurufu.hu/erdeiiskola/navbar.html" "Mozilla/5.0 (compatible; SEOkicks; +https://www.seokicks.de/robot.html)"
95.216.96.254 - - [04/Nov/2020:23:59:59 +0100] "GET /erdeiiskola/vezetok.html HTTP/1.1" 200 2370 "http://www.gyurufu.hu/erdeiiskola/navbar.html" "Mozilla/5.0 (compatible; SEOkicks; +https://www.seokicks.de/robot.html)"
95.216.96.254 - - [05/Nov/2020:00:00:02 +0100] "GET /erdeiiskola/infrastrukt.html HTTP/1.1" 200 4636 "http://www.gyurufu.hu/erdeiiskola/navbar.html" "Mozilla/5.0 (compatible; SEOkicks; +https://www.seokicks.de/robot.html)"
95.216.96.254 - - [05/Nov/2020:00:00:05 +0100] "GET /erdeiiskola/arak.html HTTP/1.1" 200 2370 "http://www.gyurufu.hu/erdeiiskola/navbar.html" "Mozilla/5.0 (compatible; SEOkicks; +https://www.seokicks.de/robot.html)"
95.216.96.254 - - [05/Nov/2020:00:00:09 +0100] "GET /erdeiiskola/informacio.html HTTP/1.1" 200 3164 "http://www.gyurufu.hu/erdeiiskola/navbar.html" "Mozilla/5.0 (compatible; SEOkicks; +https://www.seokicks.de/robot.html)"
66.249.64.141 - - [05/Nov/2020:00:02:33 +0100] "GET / HTTP/1.1" 200 19615 "-" "Mozilla/5.0 (compatible; Googlebot/2.1; +http://www.google.com/bot.html)"
185.191.171.7 - - [05/Nov/2020:00:20:40 +0100] "GET /content/gy%C5%B1r%C5%B1f%C5%B1-t%C3%A1voli-m%C3%BAltja HTTP/1.1" 200 26711 "-" "Mozilla/5.0 (compatible; SemrushBot/6~bl; +http://www.semrush.com/bot.html)"
159.69.45.202 - - [05/Nov/2020:00:21:32 +0100] "GET /robots.txt HTTP/1.1" 200 1627 "-" "Mozilla/5.0 (compatible; um-IC/1.0; mailto: techinfo@ubermetrics-technologies.com; Windows NT 6.1; WOW64; rv:40.0) Gecko/20100101 Firefox/40.1"
159.69.45.202 - - [05/Nov/2020:00:21:33 +0100] "GET /rss.xml HTTP/1.1" 200 3891 "-" "Mozilla/5.0 (compatible; um-IC/1.0; mailto: techinfo@ubermetrics-technologies.com; Windows NT 6.1; WOW64; rv:40.0) Gecko/20100101 Firefox/40.1"
114.119.135.223 - - [05/Nov/2020:00:22:31 +0100] "GET /content/r%C3%A9sz%C3%B6nkorm%C3%A1nyzat HTTP/1.1" 200 16543 "-" "Mozilla/5.0 (Linux; Android 7.0;) AppleWebKit/537.36 (KHTML, like Gecko) Mobile Safari/537.36 (compatible; PetalBot;+https://aspiegel.com/petalbot)"
66.249.64.139 - - [05/Nov/2020:00:42:26 +0100] "GET / HTTP/1.1" 200 19615 "-" "Mozilla/5.0 (Linux; Android 6.0.1; Nexus 5X Build/MMB29P) AppleWebKit/537.36 (KHTML, like Gecko) Chrome/86.0.4240.96 Mobile Safari/537.36 (compatible; Googlebot/2.1; +http://www.google.com/bot.html)"
114.119.131.35 - - [05/Nov/2020:00:48:32 +0100] "GET /content/t%C3%A1mogat%C3%B3ink HTTP/1.1" 200 19167 "-" "Mozilla/5.0 (Linux; Android 7.0;) AppleWebKit/537.36 (KHTML, like Gecko) Mobile Safari/537.36 (compatible; PetalBot;+https://aspiegel.com/petalbot)"
95.216.96.254 - - [05/Nov/2020:00:56:31 +0100] "GET /erdeiiskola/kepgaleria.html HTTP/1.1" 200 902 "http://www.gyurufu.hu/erdeiiskola/navbar.html" "Mozilla/5.0 (compatible; SEOkicks; +https://www.seokicks.de/robot.html)"
95.216.96.254 - - [05/Nov/2020:00:56:36 +0100] "GET /erdeiiskola/images/termeszet/index.htm HTTP/1.1" 200 406 "http://www.gyurufu.hu/erdeiiskola/navbar.html" "Mozilla/5.0 (compatible; SEOkicks; +https://www.seokicks.de/robot.html)"
95.216.96.254 - - [05/Nov/2020:00:56:39 +0100] "GET /erdeiiskola/images/termeszet/Data/thumbs.htm HTTP/1.1" 200 657 "http://www.gyurufu.hu/erdeiiskola/images/termeszet/index.htm" "Mozilla/5.0 (compatible; SEOkicks; +https://www.seokicks.de/robot.html)"
95.216.96.254 - - [05/Nov/2020:00:56:41 +0100] "GET /erdeiiskola/images/termeszet/Data/page.htm HTTP/1.1" 200 668 "http://www.gyurufu.hu/erdeiiskola/images/termeszet/index.htm" "Mozilla/5.0 (compatible; SEOkicks; +https://www.seokicks.de/robot.html)"
95.216.96.254 - - [05/Nov/2020:00:56:45 +0100] "GET /erdeiiskola/images/hagyomany/index.htm HTTP/1.1" 200 406 "http://www.gyurufu.hu/erdeiiskola/navbar.html" "Mozilla/5.0 (compatible; SEOkicks; +https://www.seokicks.de/robot.html)"
95.216.96.254 - - [05/Nov/2020:00:56:48 +0100] "GET /erdeiiskola/images/hagyomany/Data/thumbs.htm HTTP/1.1" 200 657 "http://www.gyurufu.hu/erdeiiskola/images/hagyomany/index.htm" "Mozilla/5.0 (compatible; SEOkicks; +https://www.seokicks.de/robot.html)"
95.216.96.254 - - [05/Nov/2020:00:56:52 +0100] "GET /erdeiiskola/images/hagyomany/Data/page.htm HTTP/1.1" 200 668 "http://www.gyurufu.hu/erdeiiskola/images/hagyomany/index.htm" "Mozilla/5.0 (compatible; SEOkicks; +https://www.seokicks.de/robot.html)"
95.216.96.254 - - [05/Nov/2020:00:56:55 +0100] "GET /erdeiiskola/www.gyeregyalog.hu HTTP/1.1" 404 4562 "http://www.gyurufu.hu/erdeiiskola/jobbkeret.html" "Mozilla/5.0 (compatible; SEOkicks; +https://www.seokicks.de/robot.html)"
95.216.96.254 - - [05/Nov/2020:00:56:59 +0100] "GET /lovastanya HTTP/1.1" 301 320 "http://www.gyurufu.hu/erdeiiskola/jobbkeret.html" "Mozilla/5.0 (compatible; SEOkicks; +https://www.seokicks.de/robot.html)"
95.216.96.254 - - [05/Nov/2020:00:57:03 +0100] "GET /lovastanya/ HTTP/1.1" 200 1461 "http://www.gyurufu.hu/lovastanya" "Mozilla/5.0 (compatible; SEOkicks; +https://www.seokicks.de/robot.html)"
95.216.96.254 - - [05/Nov/2020:00:57:06 +0100] "GET /erdeiiskola/www.gyurufu/lovastanya/index.html HTTP/1.1" 404 4562 "http://www.gyurufu.hu/erdeiiskola/jobbkeret.html" "Mozilla/5.0 (compatible; SEOkicks; +https://www.seokicks.de/robot.html)"
66.249.64.137 - - [05/Nov/2020:01:12:46 +0100] "GET /content/jurtaegyetem HTTP/1.1" 200 20541 "-" "Mozilla/5.0 (Linux; Android 6.0.1; Nexus 5X Build/MMB29P) AppleWebKit/537.36 (KHTML, like Gecko) Chrome/86.0.4240.96 Mobile Safari/537.36 (compatible; Googlebot/2.1; +http://www.google.com/bot.html)"
157.55.39.237 - - [05/Nov/2020:01:15:03 +0100] "GET /robots.txt HTTP/1.1" 200 1627 "-" "Mozilla/5.0 (compatible; bingbot/2.0; +http://www.bing.com/bingbot.htm)"
207.46.13.77 - - [05/Nov/2020:01:18:49 +0100] "GET /lovastanya/images/telek/Data/page.htm HTTP/1.1" 200 668 "-" "Mozilla/5.0 (compatible; bingbot/2.0; +http://www.bing.com/bingbot.htm)"
207.46.13.77 - - [05/Nov/2020:01:18:51 +0100] "GET /lovastanya/images/telek/Data/thumbs.htm HTTP/1.1" 200 657 "-" "Mozilla/5.0 (compatible; bingbot/2.0; +http://www.bing.com/bingbot.htm)"
114.119.148.60 - - [05/Nov/2020:01:22:25 +0100] "GET /content/az-egyes%C3%BClet-c%C3%A9lja-%C3%A9s-k%C3%B6zhaszn%C3%BAs%C3%A1gi-jelent%C3%A9sei HTTP/1.1" 200 20446 "-" "Mozilla/5.0 (Linux; Android 7.0;) AppleWebKit/537.36 (KHTML, like Gecko) Mobile Safari/537.36 (compatible; PetalBot;+https://aspiegel.com/petalbot)"
54.197.6.195 - - [05/Nov/2020:01:26:31 +0100] "GET /rss.xml HTTP/1.1" 200 3891 "https://www.google.com/" "Mozilla/5.0 (Windows NT 6.1; Win64; x64; rv:73.0) Gecko/20100101 Firefox/73.0"
54.36.148.211 - - [05/Nov/2020:01:36:53 +0100] "GET /content/az-egyes%C3%BClet-c%C3%A9lja-%C3%A9s-k%C3%B6zhaszn%C3%BAs%C3%A1gi-jelent%C3%A9sei HTTP/1.1" 200 20446 "-" "Mozilla/5.0 (compatible; AhrefsBot/7.0; +http://ahrefs.com/robot/)"
145.236.121.66 - - [05/Nov/2020:01:43:25 +0100] "GET /lovastanya/ HTTP/1.1" 200 1461 "-" "Mozilla/5.0 (iPhone; CPU iPhone OS 12_4_8 like Mac OS X) AppleWebKit/605.1.15 (KHTML, like Gecko) Version/12.1.2 Mobile/15E148 Safari/604.1"
145.236.121.66 - - [05/Nov/2020:01:43:28 +0100] "GET /apple-touch-icon-120x120-precomposed.png HTTP/1.1" 404 4562 "-" "MobileSafari/604.1 CFNetwork/978.0.7 Darwin/18.7.0"
145.236.121.66 - - [05/Nov/2020:01:43:28 +0100] "GET /apple-touch-icon-120x120.png HTTP/1.1" 404 4562 "-" "MobileSafari/604.1 CFNetwork/978.0.7 Darwin/18.7.0"
145.236.121.66 - - [05/Nov/2020:01:43:29 +0100] "GET /apple-touch-icon-precomposed.png HTTP/1.1" 404 4562 "-" "MobileSafari/604.1 CFNetwork/978.0.7 Darwin/18.7.0"
145.236.121.66 - - [05/Nov/2020:01:43:29 +0100] "GET /apple-touch-icon.png HTTP/1.1" 404 4562 "-" "MobileSafari/604.1 CFNetwork/978.0.7 Darwin/18.7.0"
145.236.121.66 - - [05/Nov/2020:01:43:29 +0100] "GET /favicon.ico HTTP/1.1" 404 57 "-" "MobileSafari/604.1 CFNetwork/978.0.7 Darwin/18.7.0"
145.236.121.66 - - [05/Nov/2020:01:43:30 +0100] "GET /apple-touch-icon-120x120-precomposed.png HTTP/1.1" 404 4562 "-" "MobileSafari/604.1 CFNetwork/978.0.7 Darwin/18.7.0"
145.236.121.66 - - [05/Nov/2020:01:43:30 +0100] "GET /apple-touch-icon-120x120.png HTTP/1.1" 404 4562 "-" "MobileSafari/604.1 CFNetwork/978.0.7 Darwin/18.7.0"
145.236.121.66 - - [05/Nov/2020:01:43:30 +0100] "GET /apple-touch-icon-precomposed.png HTTP/1.1" 404 4562 "-" "MobileSafari/604.1 CFNetwork/978.0.7 Darwin/18.7.0"
145.236.121.66 - - [05/Nov/2020:01:43:30 +0100] "GET /apple-touch-icon.png HTTP/1.1" 404 4562 "-" "MobileSafari/604.1 CFNetwork/978.0.7 Darwin/18.7.0"
145.236.121.66 - - [05/Nov/2020:01:43:31 +0100] "GET /favicon.ico HTTP/1.1" 404 57 "-" "MobileSafari/604.1 CFNetwork/978.0.7 Darwin/18.7.0"
95.216.96.254 - - [05/Nov/2020:01:54:06 +0100] "GET /erdeiiskola HTTP/1.1" 301 321 "-" "Mozilla/5.0 (compatible; SEOkicks; +https://www.seokicks.de/robot.html)"
95.216.96.254 - - [05/Nov/2020:01:54:21 +0100] "GET /erdeiiskola/ HTTP/1.1" 200 954 "http://www.gyurufu.hu/erdeiiskola" "Mozilla/5.0 (compatible; SEOkicks; +https://www.seokicks.de/robot.html)"
95.216.96.254 - - [05/Nov/2020:01:54:27 +0100] "GET /lovastanya/vendeghaz.html HTTP/1.1" 200 14589 "http://www.gyurufu.hu/lovastanya/navbar.html" "Mozilla/5.0 (compatible; SEOkicks; +https://www.seokicks.de/robot.html)"
95.216.96.254 - - [05/Nov/2020:01:54:30 +0100] "GET /lovastanya/szolgaltatas.html HTTP/1.1" 200 4643 "http://www.gyurufu.hu/lovastanya/navbar.html" "Mozilla/5.0 (compatible; SEOkicks; +https://www.seokicks.de/robot.html)"
95.216.96.254 - - [05/Nov/2020:01:54:34 +0100] "GET /lovastanya/megkozelites.html HTTP/1.1" 200 5908 "http://www.gyurufu.hu/lovastanya/navbar.html" "Mozilla/5.0 (compatible; SEOkicks; +https://www.seokicks.de/robot.html)"
95.216.96.254 - - [05/Nov/2020:01:54:37 +0100] "GET /lovastanya/foglalas.html HTTP/1.1" 200 20392 "http://www.gyurufu.hu/lovastanya/navbar.html" "Mozilla/5.0 (compatible; SEOkicks; +https://www.seokicks.de/robot.html)"
95.216.96.254 - - [05/Nov/2020:01:54:40 +0100] "GET /lovastanya/informacio.html HTTP/1.1" 200 4821 "http://www.gyurufu.hu/lovastanya/navbar.html" "Mozilla/5.0 (compatible; SEOkicks; +https://www.seokicks.de/robot.html)"
95.216.96.254 - - [05/Nov/2020:01:54:42 +0100] "GET /lovastanya/kepgaleria.html HTTP/1.1" 200 5848 "http://www.gyurufu.hu/lovastanya/navbar.html" "Mozilla/5.0 (compatible; SEOkicks; +https://www.seokicks.de/robot.html)"
95.216.96.254 - - [05/Nov/2020:01:54:46 +0100] "GET /lovastanya/programok.html HTTP/1.1" 200 883 "http://www.gyurufu.hu/lovastanya/navbar.html" "Mozilla/5.0 (compatible; SEOkicks; +https://www.seokicks.de/robot.html)"
95.216.96.254 - - [05/Nov/2020:01:54:49 +0100] "GET /lovastanya/www.gyurufu.hu HTTP/1.1" 404 4562 "http://www.gyurufu.hu/lovastanya/bemutatkozas.html" "Mozilla/5.0 (compatible; SEOkicks; +https://www.seokicks.de/robot.html)"
95.216.96.254 - - [05/Nov/2020:01:54:52 +0100] "GET /lovastanya/www.gyurufu.hu/erdeiiskola HTTP/1.1" 404 4562 "http://www.gyurufu.hu/lovastanya/bemutatkozas.html" "Mozilla/5.0 (compatible; SEOkicks; +https://www.seokicks.de/robot.html)"
185.191.171.4 - - [05/Nov/2020:01:57:27 +0100] "GET /robots.txt HTTP/1.1" 200 1627 "-" "Mozilla/5.0 (compatible; SemrushBot/6~bl; +http://www.semrush.com/bot.html)"
185.191.171.7 - - [05/Nov/2020:01:57:29 +0100] "GET /content/k%C3%B6sz%C3%B6nt%C3%BCnk-gy%C5%B1r%C5%B1f%C5%B1n?destination=node%2F16 HTTP/1.1" 200 16685 "-" "Mozilla/5.0 (compatible; SemrushBot/6~bl; +http://www.semrush.com/bot.html)"
40.77.191.12 - - [05/Nov/2020:02:18:19 +0100] "GET /lovastanya/images/telek/Data/theme.js HTTP/1.1" 200 1835 "http://www.gyurufu.hu/lovastanya/images/telek/Data/thumbs.htm" "Mozilla/5.0 (Windows NT 6.1; WOW64) AppleWebKit/534+ (KHTML, like Gecko) BingPreview/1.0b"
40.77.191.12 - - [05/Nov/2020:02:18:19 +0100] "GET /lovastanya/images/telek/Data/data.js HTTP/1.1" 200 3209 "http://www.gyurufu.hu/lovastanya/images/telek/Data/thumbs.htm" "Mozilla/5.0 (Windows NT 6.1; WOW64) AppleWebKit/534+ (KHTML, like Gecko) BingPreview/1.0b"
40.77.191.12 - - [05/Nov/2020:02:18:19 +0100] "GET /lovastanya/images/telek/Data/common.js HTTP/1.1" 200 11306 "http://www.gyurufu.hu/lovastanya/images/telek/Data/thumbs.htm" "Mozilla/5.0 (Windows NT 6.1; WOW64) AppleWebKit/534+ (KHTML, like Gecko) BingPreview/1.0b"
40.77.191.12 - - [05/Nov/2020:02:18:19 +0100] "GET /lovastanya/images/telek/Data/thumbs.css HTTP/1.1" 200 463 "http://www.gyurufu.hu/lovastanya/images/telek/Data/thumbs.htm" "Mozilla/5.0 (Windows NT 6.1; WOW64) AppleWebKit/534+ (KHTML, like Gecko) BingPreview/1.0b"
40.77.191.12 - - [05/Nov/2020:02:18:19 +0100] "GET /lovastanya/images/telek/Data/page.css HTTP/1.1" 200 325 "http://www.gyurufu.hu/lovastanya/images/telek/Data/page.htm" "Mozilla/5.0 (Windows NT 6.1; WOW64) AppleWebKit/534+ (KHTML, like Gecko) BingPreview/1.0b"
185.191.171.4 - - [05/Nov/2020:02:19:49 +0100] "GET /content/az-egyes%C3%BClet-c%C3%A9lja-%C3%A9s-k%C3%B6zhaszn%C3%BAs%C3%A1gi-jelent%C3%A9sei?destination=node%2F9 HTTP/1.1" 200 20410 "-" "Mozilla/5.0 (compatible; SemrushBot/6~bl; +http://www.semrush.com/bot.html)"
17.58.98.121 - - [05/Nov/2020:02:20:27 +0100] "GET /content/veronika-erdei-iskola-gy%C5%B1r%C5%B1f%C5%B1n HTTP/1.1" 200 24603 "-" "Mozilla/5.0 (Macintosh; Intel Mac OS X 10_15_5) AppleWebKit/605.1.15 (KHTML, like Gecko) Version/13.1.1 Safari/605.1.15 (Applebot/0.1; +http://www.apple.com/go/applebot)"
145.236.121.66 - - [05/Nov/2020:02:32:20 +0100] "GET /lovastanya/ HTTP/1.1" 200 1461 "-" "Mozilla/5.0 (iPhone; CPU iPhone OS 12_4_8 like Mac OS X) AppleWebKit/605.1.15 (KHTML, like Gecko) Version/12.1.2 Mobile/15E148 Safari/604.1"
145.236.121.66 - - [05/Nov/2020:02:32:22 +0100] "GET /apple-touch-icon-120x120-precomposed.png HTTP/1.1" 404 4562 "-" "MobileSafari/604.1 CFNetwork/978.0.7 Darwin/18.7.0"
145.236.121.66 - - [05/Nov/2020:02:32:23 +0100] "GET /apple-touch-icon-120x120.png HTTP/1.1" 404 4562 "-" "MobileSafari/604.1 CFNetwork/978.0.7 Darwin/18.7.0"
145.236.121.66 - - [05/Nov/2020:02:32:23 +0100] "GET /apple-touch-icon-precomposed.png HTTP/1.1" 404 4562 "-" "MobileSafari/604.1 CFNetwork/978.0.7 Darwin/18.7.0"
145.236.121.66 - - [05/Nov/2020:02:32:23 +0100] "GET /apple-touch-icon.png HTTP/1.1" 404 4562 "-" "MobileSafari/604.1 CFNetwork/978.0.7 Darwin/18.7.0"
145.236.121.66 - - [05/Nov/2020:02:32:24 +0100] "GET /favicon.ico HTTP/1.1" 404 57 "-" "MobileSafari/604.1 CFNetwork/978.0.7 Darwin/18.7.0"
145.236.121.66 - - [05/Nov/2020:02:32:24 +0100] "GET /apple-touch-icon-120x120-precomposed.png HTTP/1.1" 404 4562 "-" "MobileSafari/604.1 CFNetwork/978.0.7 Darwin/18.7.0"
145.236.121.66 - - [05/Nov/2020:02:32:24 +0100] "GET /apple-touch-icon-120x120.png HTTP/1.1" 404 4562 "-" "MobileSafari/604.1 CFNetwork/978.0.7 Darwin/18.7.0"
145.236.121.66 - - [05/Nov/2020:02:32:24 +0100] "GET /apple-touch-icon-precomposed.png HTTP/1.1" 404 4562 "-" "MobileSafari/604.1 CFNetwork/978.0.7 Darwin/18.7.0"
145.236.121.66 - - [05/Nov/2020:02:32:25 +0100] "GET /apple-touch-icon.png HTTP/1.1" 404 4562 "-" "MobileSafari/604.1 CFNetwork/978.0.7 Darwin/18.7.0"
145.236.121.66 - - [05/Nov/2020:02:32:25 +0100] "GET /favicon.ico HTTP/1.1" 404 57 "-" "MobileSafari/604.1 CFNetwork/978.0.7 Darwin/18.7.0"
114.119.131.14 - - [05/Nov/2020:02:35:46 +0100] "GET /planyo HTTP/1.1" 404 4562 "-" "Mozilla/5.0 (Linux; Android 7.0;) AppleWebKit/537.36 (KHTML, like Gecko) Mobile Safari/537.36 (compatible; PetalBot;+https://aspiegel.com/petalbot)"
66.249.64.141 - - [05/Nov/2020:02:45:38 +0100] "GET /div%3E HTTP/1.1" 404 4562 "-" "Mozilla/5.0 (Linux; Android 6.0.1; Nexus 5X Build/MMB29P) AppleWebKit/537.36 (KHTML, like Gecko) Chrome/86.0.4240.96 Mobile Safari/537.36 (compatible; Googlebot/2.1; +http://www.google.com/bot.html)"
66.249.64.141 - - [05/Nov/2020:02:45:38 +0100] "GET /planyo-files HTTP/1.1" 301 322 "-" "Mozilla/5.0 (Linux; Android 6.0.1; Nexus 5X Build/MMB29P) AppleWebKit/537.36 (KHTML, like Gecko) Chrome/86.0.4240.96 Mobile Safari/537.36 (compatible; Googlebot/2.1; +http://www.google.com/bot.html)"
66.249.64.141 - - [05/Nov/2020:02:45:39 +0100] "GET /planyo-files/ HTTP/1.1" 403 1172 "-" "Mozilla/5.0 (Linux; Android 6.0.1; Nexus 5X Build/MMB29P) AppleWebKit/537.36 (KHTML, like Gecko) Chrome/86.0.4240.96 Mobile Safari/537.36 (compatible; Googlebot/2.1; +http://www.google.com/bot.html)"
95.216.96.254 - - [05/Nov/2020:02:49:26 +0100] "GET /lovastanya/vendeghaz HTTP/1.1" 200 14589 "http://www.gyurufu.hu/lovastanya/vendeghaz.html" "Mozilla/5.0 (compatible; SEOkicks; +https://www.seokicks.de/robot.html)"
77.75.78.162 - - [05/Nov/2020:03:07:10 +0100] "GET /robots.txt HTTP/1.1" 200 1627 "-" "Mozilla/5.0 (compatible; SeznamBot/3.2; +http://napoveda.seznam.cz/en/seznambot-intro/)"
77.75.78.162 - - [05/Nov/2020:03:07:21 +0100] "GET /content/t%C3%A1mogat%C3%B3ink HTTP/1.1" 200 19167 "-" "Mozilla/5.0 (compatible; SeznamBot/3.2; +http://napoveda.seznam.cz/en/seznambot-intro/)"
66.249.64.149 - - [05/Nov/2020:03:07:39 +0100] "GET /content/kapcsolatok HTTP/1.1" 200 18059 "-" "Mozilla/5.0 (Linux; Android 6.0.1; Nexus 5X Build/MMB29P) AppleWebKit/537.36 (KHTML, like Gecko) Chrome/86.0.4240.96 Mobile Safari/537.36 (compatible; Googlebot/2.1; +http://www.google.com/bot.html)"
17.58.98.121 - - [05/Nov/2020:03:12:15 +0100] "GET /favicon.ico HTTP/1.1" 404 57 "-" "Mozilla/5.0 (Macintosh; Intel Mac OS X 10_15_5) AppleWebKit/605.1.15 (KHTML, like Gecko) Version/13.1.1 Safari/605.1.15 (Applebot/0.1; +http://www.apple.com/go/applebot)"
216.244.66.227 - - [05/Nov/2020:03:15:06 +0100] "GET /robots.txt HTTP/1.1" 200 1627 "-" "Mozilla/5.0 (compatible; DotBot/1.1; http://www.opensiteexplorer.org/dotbot, help@moz.com)"
66.249.64.149 - - [05/Nov/2020:03:18:12 +0100] "GET /lovastanya/images/lovak/Data/data.js HTTP/1.1" 200 3079 "http://www.gyurufu.hu/lovastanya/images/lovak/Data/page.htm?8,0" "Mozilla/5.0 (Linux; Android 6.0.1; Nexus 5X Build/MMB29P) AppleWebKit/537.36 (KHTML, like Gecko) Chrome/85.0.4183.140 Mobile Safari/537.36 (compatible; Googlebot/2.1; +http://www.google.com/bot.html)"
66.249.64.151 - - [05/Nov/2020:03:18:13 +0100] "GET /lovastanya/images/lovak/Data/common.js HTTP/1.1" 200 11306 "http://www.gyurufu.hu/lovastanya/images/lovak/Data/page.htm?8,0" "Mozilla/5.0 (Linux; Android 6.0.1; Nexus 5X Build/MMB29P) AppleWebKit/537.36 (KHTML, like Gecko) Chrome/85.0.4183.140 Mobile Safari/537.36 (compatible; Googlebot/2.1; +http://www.google.com/bot.html)"
66.249.64.151 - - [05/Nov/2020:03:18:13 +0100] "GET /lovastanya/images/lovak/Data/theme.js HTTP/1.1" 200 1835 "http://www.gyurufu.hu/lovastanya/images/lovak/Data/page.htm?8,0" "Mozilla/5.0 (Linux; Android 6.0.1; Nexus 5X Build/MMB29P) AppleWebKit/537.36 (KHTML, like Gecko) Chrome/85.0.4183.140 Mobile Safari/537.36 (compatible; Googlebot/2.1; +http://www.google.com/bot.html)"
66.249.64.151 - - [05/Nov/2020:03:18:13 +0100] "GET /lovastanya/images/lovak/Data/page.css HTTP/1.1" 200 325 "http://www.gyurufu.hu/lovastanya/images/lovak/Data/page.htm?8,0" "Mozilla/5.0 (Linux; Android 6.0.1; Nexus 5X Build/MMB29P) AppleWebKit/537.36 (KHTML, like Gecko) Chrome/85.0.4183.140 Mobile Safari/537.36 (compatible; Googlebot/2.1; +http://www.google.com/bot.html)"
54.36.148.147 - - [05/Nov/2020:03:18:24 +0100] "GET /content/energia HTTP/1.1" 200 19605 "-" "Mozilla/5.0 (compatible; AhrefsBot/7.0; +http://ahrefs.com/robot/)"
216.244.66.227 - - [05/Nov/2020:03:31:17 +0100] "GET /content/lovastanya-vend%C3%A9gh%C3%A1z-falusi-sz%C3%A1ll%C3%A1shely-baranya-sz%C3%A1ll%C3%A1s-baranya-apartman-baranya-%C3%B6koturizmus?mode=reserve&lang=hu&calendar=&prefill=true&resource_id=&one_date=&start_time=&end_time= HTTP/1.1" 200 18744 "-" "Mozilla/5.0 (compatible; DotBot/1.1; http://www.opensiteexplorer.org/dotbot, help@moz.com)"
66.249.64.141 - - [05/Nov/2020:03:33:39 +0100] "GET /lovastanya/images/lovak/Data/page.htm?8,0 HTTP/1.1" 200 668 "-" "Mozilla/5.0 (Linux; Android 6.0.1; Nexus 5X Build/MMB29P) AppleWebKit/537.36 (KHTML, like Gecko) Chrome/86.0.4240.96 Mobile Safari/537.36 (compatible; Googlebot/2.1; +http://www.google.com/bot.html)"
66.249.64.139 - - [05/Nov/2020:03:34:09 +0100] "GET /content/h%C3%ADrek-esem%C3%A9nyek HTTP/1.1" 200 16582 "-" "Mozilla/5.0 (Linux; Android 6.0.1; Nexus 5X Build/MMB29P) AppleWebKit/537.36 (KHTML, like Gecko) Chrome/86.0.4240.96 Mobile Safari/537.36 (compatible; Googlebot/2.1; +http://www.google.com/bot.html)"
66.249.64.137 - - [05/Nov/2020:03:37:16 +0100] "GET /favicon.ico HTTP/1.1" 404 57 "-" "Googlebot-Image/1.0"
185.191.171.3 - - [05/Nov/2020:03:45:27 +0100] "GET /robots.txt HTTP/1.1" 200 1627 "-" "Mozilla/5.0 (compatible; SemrushBot/6~bl; +http://www.semrush.com/bot.html)"
185.191.171.19 - - [05/Nov/2020:03:45:28 +0100] "GET /content/az-egyes%C3%BClet-c%C3%A9lja-%C3%A9s-k%C3%B6zhaszn%C3%BAs%C3%A1gi-jelent%C3%A9sei HTTP/1.1" 200 20446 "-" "Mozilla/5.0 (compatible; SemrushBot/6~bl; +http://www.semrush.com/bot.html)"
114.119.131.206 - - [05/Nov/2020:03:52:28 +0100] "GET /robots.txt HTTP/1.1" 200 1627 "-" "(compatible;PetalBot;+https://aspiegel.com/petalbot)"
145.236.121.66 - - [05/Nov/2020:03:57:58 +0100] "GET /lovastanya/ HTTP/1.1" 200 1461 "-" "Mozilla/5.0 (iPhone; CPU iPhone OS 12_4_8 like Mac OS X) AppleWebKit/605.1.15 (KHTML, like Gecko) Version/12.1.2 Mobile/15E148 Safari/604.1"
145.236.121.66 - - [05/Nov/2020:03:57:59 +0100] "GET /apple-touch-icon-120x120-precomposed.png HTTP/1.1" 404 4562 "-" "MobileSafari/604.1 CFNetwork/978.0.7 Darwin/18.7.0"
145.236.121.66 - - [05/Nov/2020:03:58:00 +0100] "GET /apple-touch-icon-120x120.png HTTP/1.1" 404 4562 "-" "MobileSafari/604.1 CFNetwork/978.0.7 Darwin/18.7.0"
145.236.121.66 - - [05/Nov/2020:03:58:00 +0100] "GET /apple-touch-icon-precomposed.png HTTP/1.1" 404 4562 "-" "MobileSafari/604.1 CFNetwork/978.0.7 Darwin/18.7.0"
145.236.121.66 - - [05/Nov/2020:03:58:01 +0100] "GET /apple-touch-icon.png HTTP/1.1" 404 4562 "-" "MobileSafari/604.1 CFNetwork/978.0.7 Darwin/18.7.0"
145.236.121.66 - - [05/Nov/2020:03:58:01 +0100] "GET /favicon.ico HTTP/1.1" 404 57 "-" "MobileSafari/604.1 CFNetwork/978.0.7 Darwin/18.7.0"
145.236.121.66 - - [05/Nov/2020:03:58:01 +0100] "GET /apple-touch-icon-120x120-precomposed.png HTTP/1.1" 404 4562 "-" "MobileSafari/604.1 CFNetwork/978.0.7 Darwin/18.7.0"
145.236.121.66 - - [05/Nov/2020:03:58:01 +0100] "GET /apple-touch-icon-120x120.png HTTP/1.1" 404 4562 "-" "MobileSafari/604.1 CFNetwork/978.0.7 Darwin/18.7.0"
145.236.121.66 - - [05/Nov/2020:03:58:01 +0100] "GET /apple-touch-icon-precomposed.png HTTP/1.1" 404 4562 "-" "MobileSafari/604.1 CFNetwork/978.0.7 Darwin/18.7.0"
145.236.121.66 - - [05/Nov/2020:03:58:02 +0100] "GET /apple-touch-icon.png HTTP/1.1" 404 4562 "-" "MobileSafari/604.1 CFNetwork/978.0.7 Darwin/18.7.0"
145.236.121.66 - - [05/Nov/2020:03:58:02 +0100] "GET /favicon.ico HTTP/1.1" 404 57 "-" "MobileSafari/604.1 CFNetwork/978.0.7 Darwin/18.7.0"
207.46.13.161 - - [05/Nov/2020:04:13:01 +0100] "GET /robots.txt HTTP/1.1" 200 1627 "-" "Mozilla/5.0 (compatible; bingbot/2.0; +http://www.bing.com/bingbot.htm)"
66.249.70.73 - - [05/Nov/2020:04:34:45 +0100] "GET / HTTP/1.1" 200 19611 "-" "Mozilla/5.0 (compatible; Googlebot/2.1; +http://www.google.com/bot.html)"
54.36.148.107 - - [05/Nov/2020:04:39:43 +0100] "GET /content/lovasoktat%C3%A1s HTTP/1.1" 200 16717 "-" "Mozilla/5.0 (compatible; AhrefsBot/7.0; +http://ahrefs.com/robot/)"
66.249.64.141 - - [05/Nov/2020:04:44:54 +0100] "GET /content/leteleped%C3%A9s HTTP/1.1" 200 17070 "-" "Mozilla/5.0 (Linux; Android 6.0.1; Nexus 5X Build/MMB29P) AppleWebKit/537.36 (KHTML, like Gecko) Chrome/86.0.4240.96 Mobile Safari/537.36 (compatible; Googlebot/2.1; +http://www.google.com/bot.html)"
54.36.148.40 - - [05/Nov/2020:04:53:24 +0100] "GET /content/t%C3%A1rsadalmi-tev%C3%A9kenys%C3%A9g-nemzetk%C3%B6zi-kapcsolatok HTTP/1.1" 200 19473 "-" "Mozilla/5.0 (compatible; AhrefsBot/7.0; +http://ahrefs.com/robot/)"
35.210.12.185 - - [05/Nov/2020:05:00:18 +0100] "GET /robots.txt HTTP/1.1" 200 1627 "-" "Go-http-client/1.1"
35.210.12.185 - - [05/Nov/2020:05:00:19 +0100] "GET /erdeiiskola/informacio.html HTTP/1.1" 200 3164 "-" "Mozilla/5.0 (compatible; VelenPublicWebCrawler/1.0; +https://velen.io)"
54.36.148.211 - - [05/Nov/2020:05:01:14 +0100] "GET /content/l%C3%A1tnival%C3%B3k-gy%C5%B1r%C5%B1f%C5%B1n-%C3%A9s-k%C3%B6rny%C3%A9k%C3%A9n HTTP/1.1" 200 26040 "-" "Mozilla/5.0 (compatible; AhrefsBot/7.0; +http://ahrefs.com/robot/)"
54.36.149.101 - - [05/Nov/2020:05:09:51 +0100] "GET /content/permakult%C3%BAra-tanfolyamok HTTP/1.1" 200 19113 "-" "Mozilla/5.0 (compatible; AhrefsBot/7.0; +http://ahrefs.com/robot/)"
66.249.64.137 - - [05/Nov/2020:05:15:05 +0100] "GET /lovastanya/ HTTP/1.1" 200 1461 "-" "Mozilla/5.0 (Linux; Android 6.0.1; Nexus 5X Build/MMB29P) AppleWebKit/537.36 (KHTML, like Gecko) Chrome/86.0.4240.96 Mobile Safari/537.36 (compatible; Googlebot/2.1; +http://www.google.com/bot.html)"
8.29.198.27 - - [05/Nov/2020:05:17:31 +0100] "GET /rss.xml HTTP/1.1" 200 3891 "-" "Feedly/1.0 (+http://www.feedly.com/fetcher.html; 1 subscribers; like FeedFetcher-Google)"
66.249.64.139 - - [05/Nov/2020:05:18:42 +0100] "GET /lovastanya/ HTTP/1.1" 200 1461 "-" "Mozilla/5.0 (Linux; Android 6.0.1; Nexus 5X Build/MMB29P) AppleWebKit/537.36 (KHTML, like Gecko) Chrome/86.0.4240.96 Mobile Safari/537.36 (compatible; Googlebot/2.1; +http://www.google.com/bot.html)"
54.36.148.106 - - [05/Nov/2020:05:19:23 +0100] "GET /content/egyes%C3%BClet HTTP/1.1" 200 18424 "-" "Mozilla/5.0 (compatible; AhrefsBot/7.0; +http://ahrefs.com/robot/)"
51.38.44.24 - - [05/Nov/2020:05:37:59 +0100] "GET /content/images/termeszet280.jpg HTTP/1.1" 200 15253 "-" "-"
66.249.64.137 - - [05/Nov/2020:05:38:21 +0100] "GET /lovastanya/bemutatkozas.html HTTP/1.1" 200 6933 "-" "Mozilla/5.0 (Linux; Android 6.0.1; Nexus 5X Build/MMB29P) AppleWebKit/537.36 (KHTML, like Gecko) Chrome/86.0.4240.96 Mobile Safari/537.36 (compatible; Googlebot/2.1; +http://www.google.com/bot.html)"
159.69.45.202 - - [05/Nov/2020:05:40:34 +0100] "GET /robots.txt HTTP/1.1" 200 1627 "-" "Mozilla/5.0 (compatible; um-IC/1.0; mailto: techinfo@ubermetrics-technologies.com; Windows NT 6.1; WOW64; rv:40.0) Gecko/20100101 Firefox/40.1"
159.69.45.202 - - [05/Nov/2020:05:40:36 +0100] "GET /rss.xml HTTP/1.1" 200 3891 "-" "Mozilla/5.0 (compatible; um-IC/1.0; mailto: techinfo@ubermetrics-technologies.com; Windows NT 6.1; WOW64; rv:40.0) Gecko/20100101 Firefox/40.1"
66.249.64.137 - - [05/Nov/2020:05:45:35 +0100] "GET /lovastanya/index.html HTTP/1.1" 304 - "-" "Mozilla/5.0 (Linux; Android 6.0.1; Nexus 5X Build/MMB29P) AppleWebKit/537.36 (KHTML, like Gecko) Chrome/86.0.4240.96 Mobile Safari/537.36 (compatible; Googlebot/2.1; +http://www.google.com/bot.html)"
66.249.70.77 - - [05/Nov/2020:05:45:37 +0100] "GET / HTTP/1.1" 200 19611 "-" "Mozilla/5.0 (Linux; Android 6.0.1; Nexus 5X Build/MMB29P) AppleWebKit/537.36 (KHTML, like Gecko) Chrome/86.0.4240.96 Mobile Safari/537.36 (compatible; Googlebot/2.1; +http://www.google.com/bot.html)"
145.236.121.66 - - [05/Nov/2020:06:03:07 +0100] "GET /lovastanya/ HTTP/1.1" 200 1461 "-" "Mozilla/5.0 (iPhone; CPU iPhone OS 12_4_8 like Mac OS X) AppleWebKit/605.1.15 (KHTML, like Gecko) Version/12.1.2 Mobile/15E148 Safari/604.1"
145.236.121.66 - - [05/Nov/2020:06:03:07 +0100] "GET /apple-touch-icon-120x120-precomposed.png HTTP/1.1" 404 4562 "-" "MobileSafari/604.1 CFNetwork/978.0.7 Darwin/18.7.0"
145.236.121.66 - - [05/Nov/2020:06:03:08 +0100] "GET /apple-touch-icon-120x120.png HTTP/1.1" 404 4562 "-" "MobileSafari/604.1 CFNetwork/978.0.7 Darwin/18.7.0"
145.236.121.66 - - [05/Nov/2020:06:03:08 +0100] "GET /apple-touch-icon-precomposed.png HTTP/1.1" 404 4562 "-" "MobileSafari/604.1 CFNetwork/978.0.7 Darwin/18.7.0"
145.236.121.66 - - [05/Nov/2020:06:03:09 +0100] "GET /apple-touch-icon.png HTTP/1.1" 404 4562 "-" "MobileSafari/604.1 CFNetwork/978.0.7 Darwin/18.7.0"
145.236.121.66 - - [05/Nov/2020:06:03:09 +0100] "GET /favicon.ico HTTP/1.1" 404 57 "-" "MobileSafari/604.1 CFNetwork/978.0.7 Darwin/18.7.0"
145.236.121.66 - - [05/Nov/2020:06:03:09 +0100] "GET /apple-touch-icon-120x120-precomposed.png HTTP/1.1" 404 4562 "-" "MobileSafari/604.1 CFNetwork/978.0.7 Darwin/18.7.0"
145.236.121.66 - - [05/Nov/2020:06:03:09 +0100] "GET /apple-touch-icon-120x120.png HTTP/1.1" 404 4562 "-" "MobileSafari/604.1 CFNetwork/978.0.7 Darwin/18.7.0"
145.236.121.66 - - [05/Nov/2020:06:03:10 +0100] "GET /apple-touch-icon-precomposed.png HTTP/1.1" 404 4562 "-" "MobileSafari/604.1 CFNetwork/978.0.7 Darwin/18.7.0"
145.236.121.66 - - [05/Nov/2020:06:03:10 +0100] "GET /apple-touch-icon.png HTTP/1.1" 404 4562 "-" "MobileSafari/604.1 CFNetwork/978.0.7 Darwin/18.7.0"
145.236.121.66 - - [05/Nov/2020:06:03:10 +0100] "GET /favicon.ico HTTP/1.1" 404 57 "-" "MobileSafari/604.1 CFNetwork/978.0.7 Darwin/18.7.0"
114.119.131.205 - - [05/Nov/2020:06:05:26 +0100] "GET /biodiverzitas/terulet.html HTTP/1.1" 200 2038 "-" "Mozilla/5.0 (Linux; Android 7.0;) AppleWebKit/537.36 (KHTML, like Gecko) Mobile Safari/537.36 (compatible; PetalBot;+https://aspiegel.com/petalbot)"
207.46.13.161 - - [05/Nov/2020:06:18:05 +0100] "GET /robots.txt HTTP/1.1" 200 1627 "-" "Mozilla/5.0 (compatible; bingbot/2.0; +http://www.bing.com/bingbot.htm)"
66.249.64.137 - - [05/Nov/2020:06:22:11 +0100] "GET /content/v%C3%A1lyog%C3%A9p%C3%ADt%C3%A9sz-t%C3%A1borok-%C3%A9s-szaktan%C3%A1csad%C3%A1s HTTP/1.1" 200 16850 "-" "Mozilla/5.0 (Linux; Android 6.0.1; Nexus 5X Build/MMB29P) AppleWebKit/537.36 (KHTML, like Gecko) Chrome/86.0.4240.96 Mobile Safari/537.36 (compatible; Googlebot/2.1; +http://www.google.com/bot.html)"
207.46.13.161 - - [05/Nov/2020:06:31:20 +0100] "GET /robots.txt HTTP/1.1" 200 1627 "-" "Mozilla/5.0 (compatible; bingbot/2.0; +http://www.bing.com/bingbot.htm)"
66.249.64.137 - - [05/Nov/2020:06:56:01 +0100] "GET /content/%C3%A9p%C3%ADt%C3%A9szet HTTP/1.1" 200 19270 "-" "Mozilla/5.0 (Linux; Android 6.0.1; Nexus 5X Build/MMB29P) AppleWebKit/537.36 (KHTML, like Gecko) Chrome/86.0.4240.96 Mobile Safari/537.36 (compatible; Googlebot/2.1; +http://www.google.com/bot.html)"
114.119.147.246 - - [05/Nov/2020:07:02:08 +0100] "GET / HTTP/1.1" 200 19615 "-" "Mozilla/5.0 (Linux; Android 7.0;) AppleWebKit/537.36 (KHTML, like Gecko) Mobile Safari/537.36 (compatible; PetalBot;+https://aspiegel.com/petalbot)"
207.46.13.161 - - [05/Nov/2020:07:19:10 +0100] "GET /robots.txt HTTP/1.1" 200 1627 "-" "Mozilla/5.0 (compatible; bingbot/2.0; +http://www.bing.com/bingbot.htm)"
207.46.13.154 - - [05/Nov/2020:07:26:20 +0100] "GET / HTTP/1.1" 200 19611 "-" "Mozilla/5.0 (compatible; bingbot/2.0; +http://www.bing.com/bingbot.htm)"
84.236.73.205 - - [05/Nov/2020:07:43:43 +0100] "GET /content/gy%C5%B1r%C5%B1f%C5%B1-lak%C3%B3i HTTP/1.1" 200 17910 "-" "Mozilla/5.0 (iPad; CPU OS 12_4_8 like Mac OS X) AppleWebKit/605.1.15 (KHTML, like Gecko) Version/12.1.2 Mobile/15E148 Safari/604.1"
84.236.73.205 - - [05/Nov/2020:07:43:43 +0100] "GET /apple-touch-icon-152x152-precomposed.png HTTP/1.1" 404 4562 "-" "MobileSafari/604.1 CFNetwork/978.0.7 Darwin/18.7.0"
84.236.73.205 - - [05/Nov/2020:07:43:44 +0100] "GET /apple-touch-icon-152x152.png HTTP/1.1" 404 4562 "-" "MobileSafari/604.1 CFNetwork/978.0.7 Darwin/18.7.0"
84.236.73.205 - - [05/Nov/2020:07:43:44 +0100] "GET /apple-touch-icon-precomposed.png HTTP/1.1" 404 4562 "-" "MobileSafari/604.1 CFNetwork/978.0.7 Darwin/18.7.0"
84.236.73.205 - - [05/Nov/2020:07:43:45 +0100] "GET /apple-touch-icon.png HTTP/1.1" 404 4562 "-" "MobileSafari/604.1 CFNetwork/978.0.7 Darwin/18.7.0"
84.236.73.205 - - [05/Nov/2020:07:43:45 +0100] "GET /favicon.ico HTTP/1.1" 404 57 "-" "MobileSafari/604.1 CFNetwork/978.0.7 Darwin/18.7.0"
84.236.73.205 - - [05/Nov/2020:07:43:45 +0100] "GET /apple-touch-icon-152x152-precomposed.png HTTP/1.1" 404 4562 "-" "MobileSafari/604.1 CFNetwork/978.0.7 Darwin/18.7.0"
84.236.73.205 - - [05/Nov/2020:07:43:45 +0100] "GET /apple-touch-icon-152x152.png HTTP/1.1" 404 4562 "-" "MobileSafari/604.1 CFNetwork/978.0.7 Darwin/18.7.0"
84.236.73.205 - - [05/Nov/2020:07:43:46 +0100] "GET /apple-touch-icon-precomposed.png HTTP/1.1" 404 4562 "-" "MobileSafari/604.1 CFNetwork/978.0.7 Darwin/18.7.0"
84.236.73.205 - - [05/Nov/2020:07:43:46 +0100] "GET /apple-touch-icon.png HTTP/1.1" 404 4562 "-" "MobileSafari/604.1 CFNetwork/978.0.7 Darwin/18.7.0"
84.236.73.205 - - [05/Nov/2020:07:43:46 +0100] "GET /favicon.ico HTTP/1.1" 404 57 "-" "MobileSafari/604.1 CFNetwork/978.0.7 Darwin/18.7.0"
114.119.132.58 - - [05/Nov/2020:07:46:54 +0100] "GET /gyurufunet HTTP/1.1" 404 4562 "-" "Mozilla/5.0 (Linux; Android 7.0;) AppleWebKit/537.36 (KHTML, like Gecko) Mobile Safari/537.36 (compatible; PetalBot;+https://aspiegel.com/petalbot)"
84.236.73.205 - - [05/Nov/2020:07:54:33 +0100] "GET /content/gy%C5%B1r%C5%B1f%C5%B1-lak%C3%B3i HTTP/1.1" 200 17910 "-" "Mozilla/5.0 (iPad; CPU OS 12_4_8 like Mac OS X) AppleWebKit/605.1.15 (KHTML, like Gecko) Version/12.1.2 Mobile/15E148 Safari/604.1"
84.236.73.205 - - [05/Nov/2020:07:54:33 +0100] "GET /apple-touch-icon-152x152-precomposed.png HTTP/1.1" 404 4562 "-" "MobileSafari/604.1 CFNetwork/978.0.7 Darwin/18.7.0"
