89.101.204.254 - - [10/Dec/2020:17:37:06 +0100] "GET /content/modules/planyo/hourglass.gif HTTP/1.1" 404 4562 "http://www.gyurufu.hu/content/lovastanya-vend%C3%A9gh%C3%A1z-falusi-sz%C3%A1ll%C3%A1shely-baranya-sz%C3%A1ll%C3%A1s-baranya-apartman-baranya-%C3%B6koturizmus" "Mozilla/5.0 (Windows NT 10.0; Win64; x64) AppleWebKit/537.36 (KHTML, like Gecko) Chrome/86.0.4240.198 Safari/537.36"
89.101.204.254 - - [10/Dec/2020:17:37:15 +0100] "GET /erdeiiskola/index.html HTTP/1.1" 200 942 "http://www.gyurufu.hu/content/lovastanya-vend%C3%A9gh%C3%A1z-falusi-sz%C3%A1ll%C3%A1shely-baranya-sz%C3%A1ll%C3%A1s-baranya-apartman-baranya-%C3%B6koturizmus" "Mozilla/5.0 (Windows NT 10.0; Win64; x64) AppleWebKit/537.36 (KHTML, like Gecko) Chrome/86.0.4240.198 Safari/537.36"
89.101.204.254 - - [10/Dec/2020:17:37:15 +0100] "GET /erdeiiskola/fejlec.html HTTP/1.1" 200 658 "http://www.gyurufu.hu/erdeiiskola/index.html" "Mozilla/5.0 (Windows NT 10.0; Win64; x64) AppleWebKit/537.36 (KHTML, like Gecko) Chrome/86.0.4240.198 Safari/537.36"
89.101.204.254 - - [10/Dec/2020:17:37:15 +0100] "GET /erdeiiskola/navbar.html HTTP/1.1" 200 4922 "http://www.gyurufu.hu/erdeiiskola/index.html" "Mozilla/5.0 (Windows NT 10.0; Win64; x64) AppleWebKit/537.36 (KHTML, like Gecko) Chrome/86.0.4240.198 Safari/537.36"
89.101.204.254 - - [10/Dec/2020:17:37:15 +0100] "GET /erdeiiskola/jobbkeret.html HTTP/1.1" 200 1663 "http://www.gyurufu.hu/erdeiiskola/index.html" "Mozilla/5.0 (Windows NT 10.0; Win64; x64) AppleWebKit/537.36 (KHTML, like Gecko) Chrome/86.0.4240.198 Safari/537.36"
89.101.204.254 - - [10/Dec/2020:17:37:15 +0100] "GET /erdeiiskola/bemutatkozas.html HTTP/1.1" 200 5274 "http://www.gyurufu.hu/erdeiiskola/index.html" "Mozilla/5.0 (Windows NT 10.0; Win64; x64) AppleWebKit/537.36 (KHTML, like Gecko) Chrome/86.0.4240.198 Safari/537.36"
89.101.204.254 - - [10/Dec/2020:17:37:15 +0100] "GET /erdeiiskola/veronika_fej.css HTTP/1.1" 200 6266 "http://www.gyurufu.hu/erdeiiskola/fejlec.html" "Mozilla/5.0 (Windows NT 10.0; Win64; x64) AppleWebKit/537.36 (KHTML, like Gecko) Chrome/86.0.4240.198 Safari/537.36"
89.101.204.254 - - [10/Dec/2020:17:37:15 +0100] "GET /erdeiiskola/veronika.css HTTP/1.1" 200 8909 "http://www.gyurufu.hu/erdeiiskola/jobbkeret.html" "Mozilla/5.0 (Windows NT 10.0; Win64; x64) AppleWebKit/537.36 (KHTML, like Gecko) Chrome/86.0.4240.198 Safari/537.36"
89.101.204.254 - - [10/Dec/2020:17:37:15 +0100] "GET /erdeiiskola/images/fejlec_backgr.gif HTTP/1.1" 200 26761 "http://www.gyurufu.hu/erdeiiskola/fejlec.html" "Mozilla/5.0 (Windows NT 10.0; Win64; x64) AppleWebKit/537.36 (KHTML, like Gecko) Chrome/86.0.4240.198 Safari/537.36"
89.101.204.254 - - [10/Dec/2020:17:37:15 +0100] "GET /erdeiiskola/images/faemblema.gif HTTP/1.1" 200 4951 "http://www.gyurufu.hu/erdeiiskola/fejlec.html" "Mozilla/5.0 (Windows NT 10.0; Win64; x64) AppleWebKit/537.36 (KHTML, like Gecko) Chrome/86.0.4240.198 Safari/537.36"
89.101.204.254 - - [10/Dec/2020:17:37:15 +0100] "GET /erdeiiskola/images/lovastanya_emb1.gif HTTP/1.1" 200 8238 "http://www.gyurufu.hu/erdeiiskola/jobbkeret.html" "Mozilla/5.0 (Windows NT 10.0; Win64; x64) AppleWebKit/537.36 (KHTML, like Gecko) Chrome/86.0.4240.198 Safari/537.36"
89.101.204.254 - - [10/Dec/2020:17:37:15 +0100] "GET /erdeiiskola/images/gyeregyalog.gif HTTP/1.1" 200 3710 "http://www.gyurufu.hu/erdeiiskola/jobbkeret.html" "Mozilla/5.0 (Windows NT 10.0; Win64; x64) AppleWebKit/537.36 (KHTML, like Gecko) Chrome/86.0.4240.198 Safari/537.36"
89.101.204.254 - - [10/Dec/2020:17:37:15 +0100] "GET /erdeiiskola/images/gym_emb1.gif HTTP/1.1" 200 1469 "http://www.gyurufu.hu/erdeiiskola/jobbkeret.html" "Mozilla/5.0 (Windows NT 10.0; Win64; x64) AppleWebKit/537.36 (KHTML, like Gecko) Chrome/86.0.4240.198 Safari/537.36"
89.101.204.254 - - [10/Dec/2020:17:37:15 +0100] "GET /erdeiiskola/images/glbnav_left.gif HTTP/1.1" 200 194 "http://www.gyurufu.hu/erdeiiskola/navbar.html" "Mozilla/5.0 (Windows NT 10.0; Win64; x64) AppleWebKit/537.36 (KHTML, like Gecko) Chrome/86.0.4240.198 Safari/537.36"
89.101.204.254 - - [10/Dec/2020:17:37:15 +0100] "GET /erdeiiskola/images/termeszet280.jpg HTTP/1.1" 200 15253 "http://www.gyurufu.hu/erdeiiskola/bemutatkozas.html" "Mozilla/5.0 (Windows NT 10.0; Win64; x64) AppleWebKit/537.36 (KHTML, like Gecko) Chrome/86.0.4240.198 Safari/537.36"
89.101.204.254 - - [10/Dec/2020:17:37:15 +0100] "GET /erdeiiskola/images/glbnav_right.gif HTTP/1.1" 200 140 "http://www.gyurufu.hu/erdeiiskola/navbar.html" "Mozilla/5.0 (Windows NT 10.0; Win64; x64) AppleWebKit/537.36 (KHTML, like Gecko) Chrome/86.0.4240.198 Safari/537.36"
89.101.204.254 - - [10/Dec/2020:17:37:15 +0100] "GET /erdeiiskola/images/navbar_backgr.gif HTTP/1.1" 200 19673 "http://www.gyurufu.hu/erdeiiskola/navbar.html" "Mozilla/5.0 (Windows NT 10.0; Win64; x64) AppleWebKit/537.36 (KHTML, like Gecko) Chrome/86.0.4240.198 Safari/537.36"
89.101.204.254 - - [10/Dec/2020:17:37:15 +0100] "GET /erdeiiskola/images/glbnav_background4.gif HTTP/1.1" 200 496 "http://www.gyurufu.hu/erdeiiskola/veronika_fej.css" "Mozilla/5.0 (Windows NT 10.0; Win64; x64) AppleWebKit/537.36 (KHTML, like Gecko) Chrome/86.0.4240.198 Safari/537.36"
89.101.204.254 - - [10/Dec/2020:17:37:21 +0100] "GET /erdeiiskola/images/glbnav_background5.gif HTTP/1.1" 200 523 "http://www.gyurufu.hu/erdeiiskola/veronika_fej.css" "Mozilla/5.0 (Windows NT 10.0; Win64; x64) AppleWebKit/537.36 (KHTML, like Gecko) Chrome/86.0.4240.198 Safari/537.36"
89.101.204.254 - - [10/Dec/2020:17:37:25 +0100] "GET /content/szent-l%C3%A1szl%C3%B3-tan%C3%B6sv%C3%A9ny HTTP/1.1" 200 20370 "http://www.gyurufu.hu/content/lovastanya-vend%C3%A9gh%C3%A1z-falusi-sz%C3%A1ll%C3%A1shely-baranya-sz%C3%A1ll%C3%A1s-baranya-apartman-baranya-%C3%B6koturizmus" "Mozilla/5.0 (Windows NT 10.0; Win64; x64) AppleWebKit/537.36 (KHTML, like Gecko) Chrome/86.0.4240.198 Safari/537.36"
89.101.204.254 - - [10/Dec/2020:17:37:28 +0100] "GET /content/kapcsolatok HTTP/1.1" 200 18059 "http://www.gyurufu.hu/content/szent-l%C3%A1szl%C3%B3-tan%C3%B6sv%C3%A9ny" "Mozilla/5.0 (Windows NT 10.0; Win64; x64) AppleWebKit/537.36 (KHTML, like Gecko) Chrome/86.0.4240.198 Safari/537.36"
89.101.204.254 - - [10/Dec/2020:17:37:42 +0100] "GET /content/v%C3%A1lyog%C3%A9p%C3%ADt%C3%A9sz-t%C3%A1borok-%C3%A9s-szaktan%C3%A1csad%C3%A1s HTTP/1.1" 200 16850 "http://www.gyurufu.hu/content/kapcsolatok" "Mozilla/5.0 (Windows NT 10.0; Win64; x64) AppleWebKit/537.36 (KHTML, like Gecko) Chrome/86.0.4240.198 Safari/537.36"
89.101.204.254 - - [10/Dec/2020:17:37:52 +0100] "GET /content/permakult%C3%BAra-tanfolyamok HTTP/1.1" 200 19113 "http://www.gyurufu.hu/content/v%C3%A1lyog%C3%A9p%C3%ADt%C3%A9sz-t%C3%A1borok-%C3%A9s-szaktan%C3%A1csad%C3%A1s" "Mozilla/5.0 (Windows NT 10.0; Win64; x64) AppleWebKit/537.36 (KHTML, like Gecko) Chrome/86.0.4240.198 Safari/537.36"
89.101.204.254 - - [10/Dec/2020:17:38:50 +0100] "GET /content/lovasoktat%C3%A1s HTTP/1.1" 200 16717 "http://www.gyurufu.hu/content/permakult%C3%BAra-tanfolyamok" "Mozilla/5.0 (Windows NT 10.0; Win64; x64) AppleWebKit/537.36 (KHTML, like Gecko) Chrome/86.0.4240.198 Safari/537.36"
89.101.204.254 - - [10/Dec/2020:17:39:04 +0100] "GET /content/alapelvek HTTP/1.1" 200 20160 "http://www.gyurufu.hu/content/lovasoktat%C3%A1s" "Mozilla/5.0 (Windows NT 10.0; Win64; x64) AppleWebKit/537.36 (KHTML, like Gecko) Chrome/86.0.4240.198 Safari/537.36"
89.101.204.254 - - [10/Dec/2020:17:39:04 +0100] "GET /themes/aboutpeople/img/square.png HTTP/1.1" 200 3615 "http://www.gyurufu.hu/themes/aboutpeople/style.css?g" "Mozilla/5.0 (Windows NT 10.0; Win64; x64) AppleWebKit/537.36 (KHTML, like Gecko) Chrome/86.0.4240.198 Safari/537.36"
89.101.204.254 - - [10/Dec/2020:17:39:58 +0100] "GET /content/gy%C5%B1r%C5%B1f%C5%B1-lak%C3%B3i HTTP/1.1" 200 17910 "http://www.gyurufu.hu/content/alapelvek" "Mozilla/5.0 (Windows NT 10.0; Win64; x64) AppleWebKit/537.36 (KHTML, like Gecko) Chrome/86.0.4240.198 Safari/537.36"
114.119.152.70 - - [10/Dec/2020:17:43:35 +0100] "GET /content/erd%C5%91gazd%C3%A1lkod%C3%A1s HTTP/1.1" 200 18885 "-" "Mozilla/5.0 (Linux; Android 7.0;) AppleWebKit/537.36 (KHTML, like Gecko) Mobile Safari/537.36 (compatible; PetalBot;+https://aspiegel.com/petalbot)"
89.101.204.254 - - [10/Dec/2020:17:45:03 +0100] "GET /content/t%C3%A1rsadalmi-tev%C3%A9kenys%C3%A9g-nemzetk%C3%B6zi-kapcsolatok HTTP/1.1" 200 19473 "http://www.gyurufu.hu/content/gy%C5%B1r%C5%B1f%C5%B1-lak%C3%B3i" "Mozilla/5.0 (Windows NT 10.0; Win64; x64) AppleWebKit/537.36 (KHTML, like Gecko) Chrome/86.0.4240.198 Safari/537.36"
89.101.204.254 - - [10/Dec/2020:17:45:03 +0100] "GET /themes/aboutpeople/img/banners/rotate.php HTTP/1.1" 200 38338 "http://www.gyurufu.hu/themes/aboutpeople/style.css?g" "Mozilla/5.0 (Windows NT 10.0; Win64; x64) AppleWebKit/537.36 (KHTML, like Gecko) Chrome/86.0.4240.198 Safari/537.36"
89.101.204.254 - - [10/Dec/2020:17:45:32 +0100] "GET /content/gy%C5%B1r%C5%B1f%C5%B1i-tal%C3%A1lkoz%C3%A1sok HTTP/1.1" 200 21494 "http://www.gyurufu.hu/content/t%C3%A1rsadalmi-tev%C3%A9kenys%C3%A9g-nemzetk%C3%B6zi-kapcsolatok" "Mozilla/5.0 (Windows NT 10.0; Win64; x64) AppleWebKit/537.36 (KHTML, like Gecko) Chrome/86.0.4240.198 Safari/537.36"
89.101.204.254 - - [10/Dec/2020:17:45:33 +0100] "GET /themes/aboutpeople/img/banners/rotate.php HTTP/1.1" 200 38338 "http://www.gyurufu.hu/themes/aboutpeople/style.css?g" "Mozilla/5.0 (Windows NT 10.0; Win64; x64) AppleWebKit/537.36 (KHTML, like Gecko) Chrome/86.0.4240.198 Safari/537.36"
89.101.204.254 - - [10/Dec/2020:17:46:24 +0100] "GET /content HTTP/1.1" 301 317 "http://www.gyurufu.hu/content/gy%C5%B1r%C5%B1f%C5%B1i-tal%C3%A1lkoz%C3%A1sok" "Mozilla/5.0 (Windows NT 10.0; Win64; x64) AppleWebKit/537.36 (KHTML, like Gecko) Chrome/86.0.4240.198 Safari/537.36"
89.101.204.254 - - [10/Dec/2020:17:46:24 +0100] "GET /content/ HTTP/1.1" 403 1172 "http://www.gyurufu.hu/content/gy%C5%B1r%C5%B1f%C5%B1i-tal%C3%A1lkoz%C3%A1sok" "Mozilla/5.0 (Windows NT 10.0; Win64; x64) AppleWebKit/537.36 (KHTML, like Gecko) Chrome/86.0.4240.198 Safari/537.36"
89.101.204.254 - - [10/Dec/2020:17:46:34 +0100] "GET /content/bioterm%C3%A9kek HTTP/1.1" 200 16713 "http://www.gyurufu.hu/content/gy%C5%B1r%C5%B1f%C5%B1i-tal%C3%A1lkoz%C3%A1sok" "Mozilla/5.0 (Windows NT 10.0; Win64; x64) AppleWebKit/537.36 (KHTML, like Gecko) Chrome/86.0.4240.198 Safari/537.36"
89.101.204.254 - - [10/Dec/2020:17:46:34 +0100] "GET /themes/aboutpeople/img/banners/rotate.php HTTP/1.1" 200 38338 "http://www.gyurufu.hu/themes/aboutpeople/style.css?g" "Mozilla/5.0 (Windows NT 10.0; Win64; x64) AppleWebKit/537.36 (KHTML, like Gecko) Chrome/86.0.4240.198 Safari/537.36"
89.101.204.254 - - [10/Dec/2020:17:48:13 +0100] "GET /content/l%C3%A1tnival%C3%B3k-gy%C5%B1r%C5%B1f%C5%B1n-%C3%A9s-k%C3%B6rny%C3%A9k%C3%A9n HTTP/1.1" 200 26040 "http://www.gyurufu.hu/content/bioterm%C3%A9kek" "Mozilla/5.0 (Windows NT 10.0; Win64; x64) AppleWebKit/537.36 (KHTML, like Gecko) Chrome/86.0.4240.198 Safari/537.36"
89.101.204.254 - - [10/Dec/2020:17:48:13 +0100] "GET /themes/aboutpeople/img/banners/rotate.php HTTP/1.1" 200 38338 "http://www.gyurufu.hu/themes/aboutpeople/style.css?g" "Mozilla/5.0 (Windows NT 10.0; Win64; x64) AppleWebKit/537.36 (KHTML, like Gecko) Chrome/86.0.4240.198 Safari/537.36"
89.101.204.254 - - [10/Dec/2020:17:49:08 +0100] "GET /content/v%C3%ADzgazd%C3%A1lkod%C3%A1s HTTP/1.1" 200 20152 "http://www.gyurufu.hu/content/l%C3%A1tnival%C3%B3k-gy%C5%B1r%C5%B1f%C5%B1n-%C3%A9s-k%C3%B6rny%C3%A9k%C3%A9n" "Mozilla/5.0 (Windows NT 10.0; Win64; x64) AppleWebKit/537.36 (KHTML, like Gecko) Chrome/86.0.4240.198 Safari/537.36"
89.101.204.254 - - [10/Dec/2020:17:49:08 +0100] "GET /themes/aboutpeople/img/banners/rotate.php HTTP/1.1" 200 38338 "http://www.gyurufu.hu/themes/aboutpeople/style.css?g" "Mozilla/5.0 (Windows NT 10.0; Win64; x64) AppleWebKit/537.36 (KHTML, like Gecko) Chrome/86.0.4240.198 Safari/537.36"
89.101.204.254 - - [10/Dec/2020:17:50:18 +0100] "GET /content/hullad%C3%A9k-kezel%C3%A9s HTTP/1.1" 200 18896 "http://www.gyurufu.hu/content/v%C3%ADzgazd%C3%A1lkod%C3%A1s" "Mozilla/5.0 (Windows NT 10.0; Win64; x64) AppleWebKit/537.36 (KHTML, like Gecko) Chrome/86.0.4240.198 Safari/537.36"
89.101.204.254 - - [10/Dec/2020:17:50:19 +0100] "GET /themes/aboutpeople/img/banners/rotate.php HTTP/1.1" 200 38338 "http://www.gyurufu.hu/themes/aboutpeople/style.css?g" "Mozilla/5.0 (Windows NT 10.0; Win64; x64) AppleWebKit/537.36 (KHTML, like Gecko) Chrome/86.0.4240.198 Safari/537.36"
94.44.240.70 - - [10/Dec/2020:17:50:28 +0100] "GET / HTTP/1.1" 200 19615 "-" "Mozilla/5.0 (iPhone; CPU iPhone OS 14_2 like Mac OS X) AppleWebKit/605.1.15 (KHTML, like Gecko) Version/14.0.1 Mobile/15E148 Safari/604.1"
89.101.204.254 - - [10/Dec/2020:17:51:44 +0100] "GET /content/energia HTTP/1.1" 200 19605 "http://www.gyurufu.hu/content/hullad%C3%A9k-kezel%C3%A9s" "Mozilla/5.0 (Windows NT 10.0; Win64; x64) AppleWebKit/537.36 (KHTML, like Gecko) Chrome/86.0.4240.198 Safari/537.36"
89.101.204.254 - - [10/Dec/2020:17:51:45 +0100] "GET /themes/aboutpeople/img/banners/rotate.php HTTP/1.1" 200 38338 "http://www.gyurufu.hu/themes/aboutpeople/style.css?g" "Mozilla/5.0 (Windows NT 10.0; Win64; x64) AppleWebKit/537.36 (KHTML, like Gecko) Chrome/86.0.4240.198 Safari/537.36"
114.119.152.70 - - [10/Dec/2020:17:52:27 +0100] "GET /content/veronika-erdei-iskola-gy%C5%B1r%C5%B1f%C5%B1n HTTP/1.1" 200 24603 "-" "Mozilla/5.0 (Linux; Android 7.0;) AppleWebKit/537.36 (KHTML, like Gecko) Mobile Safari/537.36 (compatible; PetalBot;+https://aspiegel.com/petalbot)"
114.119.140.60 - - [10/Dec/2020:18:02:25 +0100] "GET /robots.txt HTTP/1.1" 200 1627 "-" "(compatible;PetalBot;+https://aspiegel.com/petalbot)"
66.249.66.89 - - [10/Dec/2020:18:18:46 +0100] "GET / HTTP/1.1" 200 19615 "-" "Mozilla/5.0 (Linux; Android 6.0.1; Nexus 5X Build/MMB29P) AppleWebKit/537.36 (KHTML, like Gecko) Chrome/86.0.4240.96 Mobile Safari/537.36 (compatible; Googlebot/2.1; +http://www.google.com/bot.html)"
3.88.242.229 - - [10/Dec/2020:18:27:46 +0100] "GET /rss.xml HTTP/1.1" 200 3891 "https://www.google.com/" "Mozilla/5.0 (Windows NT 10.0; Win64; x64; rv:56.0) Gecko/20100101 Firefox/56.0 Waterfox/56.2.14"
91.147.207.220 - - [10/Dec/2020:18:29:41 +0100] "GET / HTTP/1.1" 200 19615 "https://www.google.com/" "Mozilla/5.0 (Windows NT 10.0; Win64; x64) AppleWebKit/537.36 (KHTML, like Gecko) Chrome/87.0.4280.88 Safari/537.36"
91.147.207.220 - - [10/Dec/2020:18:29:41 +0100] "GET /modules/photos/photos.css?g HTTP/1.1" 200 5645 "http://www.gyurufu.hu/" "Mozilla/5.0 (Windows NT 10.0; Win64; x64) AppleWebKit/537.36 (KHTML, like Gecko) Chrome/87.0.4280.88 Safari/537.36"
91.147.207.220 - - [10/Dec/2020:18:29:41 +0100] "GET /modules/nice_menus/nice_menus_default.css?g HTTP/1.1" 200 4978 "http://www.gyurufu.hu/" "Mozilla/5.0 (Windows NT 10.0; Win64; x64) AppleWebKit/537.36 (KHTML, like Gecko) Chrome/87.0.4280.88 Safari/537.36"
91.147.207.220 - - [10/Dec/2020:18:29:41 +0100] "GET /modules/system/defaults.css?g HTTP/1.1" 200 757 "http://www.gyurufu.hu/" "Mozilla/5.0 (Windows NT 10.0; Win64; x64) AppleWebKit/537.36 (KHTML, like Gecko) Chrome/87.0.4280.88 Safari/537.36"
91.147.207.220 - - [10/Dec/2020:18:29:41 +0100] "GET /modules/system/system.css?g HTTP/1.1" 200 10020 "http://www.gyurufu.hu/" "Mozilla/5.0 (Windows NT 10.0; Win64; x64) AppleWebKit/537.36 (KHTML, like Gecko) Chrome/87.0.4280.88 Safari/537.36"
91.147.207.220 - - [10/Dec/2020:18:29:41 +0100] "GET /modules/node/node.css?g HTTP/1.1" 200 740 "http://www.gyurufu.hu/" "Mozilla/5.0 (Windows NT 10.0; Win64; x64) AppleWebKit/537.36 (KHTML, like Gecko) Chrome/87.0.4280.88 Safari/537.36"
91.147.207.220 - - [10/Dec/2020:18:29:41 +0100] "GET /modules/nice_menus/nice_menus.css?g HTTP/1.1" 200 3607 "http://www.gyurufu.hu/" "Mozilla/5.0 (Windows NT 10.0; Win64; x64) AppleWebKit/537.36 (KHTML, like Gecko) Chrome/87.0.4280.88 Safari/537.36"
91.147.207.220 - - [10/Dec/2020:18:29:41 +0100] "GET /modules/user/user.css?g HTTP/1.1" 200 1127 "http://www.gyurufu.hu/" "Mozilla/5.0 (Windows NT 10.0; Win64; x64) AppleWebKit/537.36 (KHTML, like Gecko) Chrome/87.0.4280.88 Safari/537.36"
91.147.207.220 - - [10/Dec/2020:18:29:41 +0100] "GET /modules/system/system-menus.css?g HTTP/1.1" 200 935 "http://www.gyurufu.hu/" "Mozilla/5.0 (Windows NT 10.0; Win64; x64) AppleWebKit/537.36 (KHTML, like Gecko) Chrome/87.0.4280.88 Safari/537.36"
91.147.207.220 - - [10/Dec/2020:18:29:41 +0100] "GET /misc/jquery.js?g HTTP/1.1" 200 31089 "http://www.gyurufu.hu/" "Mozilla/5.0 (Windows NT 10.0; Win64; x64) AppleWebKit/537.36 (KHTML, like Gecko) Chrome/87.0.4280.88 Safari/537.36"
91.147.207.220 - - [10/Dec/2020:18:29:41 +0100] "GET /themes/aboutpeople/style.css?g HTTP/1.1" 200 32283 "http://www.gyurufu.hu/" "Mozilla/5.0 (Windows NT 10.0; Win64; x64) AppleWebKit/537.36 (KHTML, like Gecko) Chrome/87.0.4280.88 Safari/537.36"
91.147.207.220 - - [10/Dec/2020:18:29:41 +0100] "GET /modules/photos/photos.js?g HTTP/1.1" 200 2409 "http://www.gyurufu.hu/" "Mozilla/5.0 (Windows NT 10.0; Win64; x64) AppleWebKit/537.36 (KHTML, like Gecko) Chrome/87.0.4280.88 Safari/537.36"
91.147.207.220 - - [10/Dec/2020:18:29:41 +0100] "GET /misc/drupal.js?g HTTP/1.1" 200 9745 "http://www.gyurufu.hu/" "Mozilla/5.0 (Windows NT 10.0; Win64; x64) AppleWebKit/537.36 (KHTML, like Gecko) Chrome/87.0.4280.88 Safari/537.36"
91.147.207.220 - - [10/Dec/2020:18:29:41 +0100] "GET /modules/google_analytics/googleanalytics.js?g HTTP/1.1" 200 2268 "http://www.gyurufu.hu/" "Mozilla/5.0 (Windows NT 10.0; Win64; x64) AppleWebKit/537.36 (KHTML, like Gecko) Chrome/87.0.4280.88 Safari/537.36"
91.147.207.220 - - [10/Dec/2020:18:29:41 +0100] "GET /sites/default/files/languages/hu_8582a244f490b74610256ab428690e24.js?g HTTP/1.1" 200 1838 "http://www.gyurufu.hu/" "Mozilla/5.0 (Windows NT 10.0; Win64; x64) AppleWebKit/537.36 (KHTML, like Gecko) Chrome/87.0.4280.88 Safari/537.36"
91.147.207.220 - - [10/Dec/2020:18:29:41 +0100] "GET /misc/powered-blue-80x15.png HTTP/1.1" 200 1011 "http://www.gyurufu.hu/" "Mozilla/5.0 (Windows NT 10.0; Win64; x64) AppleWebKit/537.36 (KHTML, like Gecko) Chrome/87.0.4280.88 Safari/537.36"
91.147.207.220 - - [10/Dec/2020:18:29:42 +0100] "GET /themes/aboutpeople/img/sticky.gif HTTP/1.1" 200 560 "http://www.gyurufu.hu/" "Mozilla/5.0 (Windows NT 10.0; Win64; x64) AppleWebKit/537.36 (KHTML, like Gecko) Chrome/87.0.4280.88 Safari/537.36"
91.147.207.220 - - [10/Dec/2020:18:29:42 +0100] "GET /themes/aboutpeople/img/use11r.gif HTTP/1.1" 200 1001 "http://www.gyurufu.hu/themes/aboutpeople/style.css?g" "Mozilla/5.0 (Windows NT 10.0; Win64; x64) AppleWebKit/537.36 (KHTML, like Gecko) Chrome/87.0.4280.88 Safari/537.36"
91.147.207.220 - - [10/Dec/2020:18:29:42 +0100] "GET /themes/aboutpeople/img/bg.gif HTTP/1.1" 200 4764 "http://www.gyurufu.hu/themes/aboutpeople/style.css?g" "Mozilla/5.0 (Windows NT 10.0; Win64; x64) AppleWebKit/537.36 (KHTML, like Gecko) Chrome/87.0.4280.88 Safari/537.36"
91.147.207.220 - - [10/Dec/2020:18:29:42 +0100] "GET /themes/aboutpeople/img/menulinks.png HTTP/1.1" 200 1465 "http://www.gyurufu.hu/themes/aboutpeople/style.css?g" "Mozilla/5.0 (Windows NT 10.0; Win64; x64) AppleWebKit/537.36 (KHTML, like Gecko) Chrome/87.0.4280.88 Safari/537.36"
91.147.207.220 - - [10/Dec/2020:18:29:42 +0100] "GET /themes/aboutpeople/img/menuline.png HTTP/1.1" 200 395 "http://www.gyurufu.hu/themes/aboutpeople/style.css?g" "Mozilla/5.0 (Windows NT 10.0; Win64; x64) AppleWebKit/537.36 (KHTML, like Gecko) Chrome/87.0.4280.88 Safari/537.36"
91.147.207.220 - - [10/Dec/2020:18:29:42 +0100] "GET /themes/aboutpeople/img/login_line.png HTTP/1.1" 200 510 "http://www.gyurufu.hu/themes/aboutpeople/style.css?g" "Mozilla/5.0 (Windows NT 10.0; Win64; x64) AppleWebKit/537.36 (KHTML, like Gecko) Chrome/87.0.4280.88 Safari/537.36"
91.147.207.220 - - [10/Dec/2020:18:29:42 +0100] "GET /themes/aboutpeople/img/down_arrow_hover.png HTTP/1.1" 200 115 "http://www.gyurufu.hu/themes/aboutpeople/style.css?g" "Mozilla/5.0 (Windows NT 10.0; Win64; x64) AppleWebKit/537.36 (KHTML, like Gecko) Chrome/87.0.4280.88 Safari/537.36"
91.147.207.220 - - [10/Dec/2020:18:29:42 +0100] "GET /themes/aboutpeople/img/menulinks_corner.png HTTP/1.1" 200 215 "http://www.gyurufu.hu/themes/aboutpeople/style.css?g" "Mozilla/5.0 (Windows NT 10.0; Win64; x64) AppleWebKit/537.36 (KHTML, like Gecko) Chrome/87.0.4280.88 Safari/537.36"
91.147.207.220 - - [10/Dec/2020:18:29:42 +0100] "GET /themes/aboutpeople/img/down_arrow.png HTTP/1.1" 200 149 "http://www.gyurufu.hu/themes/aboutpeople/style.css?g" "Mozilla/5.0 (Windows NT 10.0; Win64; x64) AppleWebKit/537.36 (KHTML, like Gecko) Chrome/87.0.4280.88 Safari/537.36"
91.147.207.220 - - [10/Dec/2020:18:29:42 +0100] "GET /themes/aboutpeople/img/slinks.gif HTTP/1.1" 200 487 "http://www.gyurufu.hu/themes/aboutpeople/style.css?g" "Mozilla/5.0 (Windows NT 10.0; Win64; x64) AppleWebKit/537.36 (KHTML, like Gecko) Chrome/87.0.4280.88 Safari/537.36"
91.147.207.220 - - [10/Dec/2020:18:29:42 +0100] "GET /themes/aboutpeople/img/slinksover.gif HTTP/1.1" 200 478 "http://www.gyurufu.hu/themes/aboutpeople/style.css?g" "Mozilla/5.0 (Windows NT 10.0; Win64; x64) AppleWebKit/537.36 (KHTML, like Gecko) Chrome/87.0.4280.88 Safari/537.36"
91.147.207.220 - - [10/Dec/2020:18:29:42 +0100] "GET /themes/aboutpeople/img/readmore.gif HTTP/1.1" 200 366 "http://www.gyurufu.hu/themes/aboutpeople/style.css?g" "Mozilla/5.0 (Windows NT 10.0; Win64; x64) AppleWebKit/537.36 (KHTML, like Gecko) Chrome/87.0.4280.88 Safari/537.36"
91.147.207.220 - - [10/Dec/2020:18:29:42 +0100] "GET /themes/aboutpeople/img/bgblock.gif HTTP/1.1" 200 1287 "http://www.gyurufu.hu/themes/aboutpeople/style.css?g" "Mozilla/5.0 (Windows NT 10.0; Win64; x64) AppleWebKit/537.36 (KHTML, like Gecko) Chrome/87.0.4280.88 Safari/537.36"
91.147.207.220 - - [10/Dec/2020:18:29:42 +0100] "GET /modules/nice_menus/arrow-right.png HTTP/1.1" 200 258 "http://www.gyurufu.hu/modules/nice_menus/nice_menus_default.css?g" "Mozilla/5.0 (Windows NT 10.0; Win64; x64) AppleWebKit/537.36 (KHTML, like Gecko) Chrome/87.0.4280.88 Safari/537.36"
91.147.207.220 - - [10/Dec/2020:18:29:42 +0100] "GET /themes/aboutpeople/img/login.gif HTTP/1.1" 200 1018 "http://www.gyurufu.hu/themes/aboutpeople/style.css?g" "Mozilla/5.0 (Windows NT 10.0; Win64; x64) AppleWebKit/537.36 (KHTML, like Gecko) Chrome/87.0.4280.88 Safari/537.36"
91.147.207.220 - - [10/Dec/2020:18:29:42 +0100] "GET /themes/aboutpeople/img/banners/rotate.php HTTP/1.1" 200 38338 "http://www.gyurufu.hu/themes/aboutpeople/style.css?g" "Mozilla/5.0 (Windows NT 10.0; Win64; x64) AppleWebKit/537.36 (KHTML, like Gecko) Chrome/87.0.4280.88 Safari/537.36"
91.147.207.220 - - [10/Dec/2020:18:29:42 +0100] "GET /favicon.ico HTTP/1.1" 404 57 "http://www.gyurufu.hu/" "Mozilla/5.0 (Windows NT 10.0; Win64; x64) AppleWebKit/537.36 (KHTML, like Gecko) Chrome/87.0.4280.88 Safari/537.36"
173.231.59.218 - - [10/Dec/2020:18:31:04 +0100] "GET / HTTP/1.1" 200 19615 "-" "Mozilla/5.0 (compatible; Adsbot/3.1)"
188.36.146.98 - - [10/Dec/2020:18:40:45 +0100] "GET /lovastanya/ HTTP/1.1" 200 1461 "-" "Mozilla/5.0 (iPhone; CPU iPhone OS 12_4_9 like Mac OS X) AppleWebKit/605.1.15 (KHTML, like Gecko) Version/12.1.2 Mobile/15E148 Safari/604.1"
188.36.146.98 - - [10/Dec/2020:18:40:46 +0100] "GET /apple-touch-icon-120x120-precomposed.png HTTP/1.1" 404 4562 "-" "MobileSafari/604.1 CFNetwork/978.0.7 Darwin/18.7.0"
188.36.146.98 - - [10/Dec/2020:18:40:47 +0100] "GET /apple-touch-icon-120x120.png HTTP/1.1" 404 4562 "-" "MobileSafari/604.1 CFNetwork/978.0.7 Darwin/18.7.0"
188.36.146.98 - - [10/Dec/2020:18:40:47 +0100] "GET /apple-touch-icon-precomposed.png HTTP/1.1" 404 4562 "-" "MobileSafari/604.1 CFNetwork/978.0.7 Darwin/18.7.0"
188.36.146.98 - - [10/Dec/2020:18:40:47 +0100] "GET /apple-touch-icon.png HTTP/1.1" 404 4562 "-" "MobileSafari/604.1 CFNetwork/978.0.7 Darwin/18.7.0"
188.36.146.98 - - [10/Dec/2020:18:40:48 +0100] "GET /favicon.ico HTTP/1.1" 404 57 "-" "MobileSafari/604.1 CFNetwork/978.0.7 Darwin/18.7.0"
188.36.146.98 - - [10/Dec/2020:18:40:48 +0100] "GET /apple-touch-icon-120x120-precomposed.png HTTP/1.1" 404 4562 "-" "MobileSafari/604.1 CFNetwork/978.0.7 Darwin/18.7.0"
188.36.146.98 - - [10/Dec/2020:18:40:48 +0100] "GET /apple-touch-icon-120x120.png HTTP/1.1" 404 4562 "-" "MobileSafari/604.1 CFNetwork/978.0.7 Darwin/18.7.0"
188.36.146.98 - - [10/Dec/2020:18:40:49 +0100] "GET /apple-touch-icon-precomposed.png HTTP/1.1" 404 4562 "-" "MobileSafari/604.1 CFNetwork/978.0.7 Darwin/18.7.0"
188.36.146.98 - - [10/Dec/2020:18:40:50 +0100] "GET /apple-touch-icon.png HTTP/1.1" 404 4562 "-" "MobileSafari/604.1 CFNetwork/978.0.7 Darwin/18.7.0"
188.36.146.98 - - [10/Dec/2020:18:40:50 +0100] "GET /favicon.ico HTTP/1.1" 404 57 "-" "MobileSafari/604.1 CFNetwork/978.0.7 Darwin/18.7.0"
167.114.64.97 - - [10/Dec/2020:18:57:37 +0100] "GET /robots.txt HTTP/1.1" 200 1627 "-" "Mozilla/5.0 (compatible; MJ12bot/v1.4.8; http://mj12bot.com/)"
167.114.64.97 - - [10/Dec/2020:18:58:16 +0100] "GET /content/az-egyes%C3%BClet-c%C3%A9lja-%C3%A9s-k%C3%B6zhaszn%C3%BAs%C3%A1gi-jelent%C3%A9sei HTTP/1.1" 200 20446 "-" "Mozilla/5.0 (compatible; MJ12bot/v1.4.8; http://mj12bot.com/)"
167.114.64.97 - - [10/Dec/2020:18:58:49 +0100] "GET /content/megk%C3%B6zel%C3%ADt%C3%A9s HTTP/1.1" 200 21815 "-" "Mozilla/5.0 (compatible; MJ12bot/v1.4.8; http://mj12bot.com/)"
31.13.127.8 - - [10/Dec/2020:19:11:15 +0100] "GET /lovastanya/ HTTP/1.1" 200 1461 "-" "facebookexternalhit/1.1 (+http://www.facebook.com/externalhit_uatext.php)"
31.13.127.111 - - [10/Dec/2020:19:11:15 +0100] "GET /lovastanya/ HTTP/1.1" 200 1461 "-" "facebookexternalhit/1.1 (+http://www.facebook.com/externalhit_uatext.php)"
66.249.66.87 - - [10/Dec/2020:19:27:42 +0100] "GET / HTTP/1.1" 200 19615 "-" "Mozilla/5.0 (compatible; Googlebot/2.1; +http://www.google.com/bot.html)"
84.236.104.79 - - [10/Dec/2020:20:07:15 +0100] "GET /content/mez%C5%91gazdas%C3%A1g HTTP/1.1" 200 19615 "https://www.google.com/" "Mozilla/5.0 (Windows NT 10.0; Win64; x64; rv:83.0) Gecko/20100101 Firefox/83.0"
84.236.104.79 - - [10/Dec/2020:20:07:16 +0100] "GET /modules/google_analytics/googleanalytics.js?g HTTP/1.1" 200 2268 "http://www.gyurufu.hu/content/mez%C5%91gazdas%C3%A1g" "Mozilla/5.0 (Windows NT 10.0; Win64; x64; rv:83.0) Gecko/20100101 Firefox/83.0"
84.236.104.79 - - [10/Dec/2020:20:07:16 +0100] "GET /misc/drupal.js?g HTTP/1.1" 200 9745 "http://www.gyurufu.hu/content/mez%C5%91gazdas%C3%A1g" "Mozilla/5.0 (Windows NT 10.0; Win64; x64; rv:83.0) Gecko/20100101 Firefox/83.0"
84.236.104.79 - - [10/Dec/2020:20:07:16 +0100] "GET /sites/default/files/languages/hu_8582a244f490b74610256ab428690e24.js?g HTTP/1.1" 200 1838 "http://www.gyurufu.hu/content/mez%C5%91gazdas%C3%A1g" "Mozilla/5.0 (Windows NT 10.0; Win64; x64; rv:83.0) Gecko/20100101 Firefox/83.0"
84.236.104.79 - - [10/Dec/2020:20:07:37 +0100] "GET /themes/aboutpeople/img/banners/rotate.php HTTP/1.1" 200 38338 "http://www.gyurufu.hu/themes/aboutpeople/style.css?g" "Mozilla/5.0 (Windows NT 10.0; Win64; x64; rv:83.0) Gecko/20100101 Firefox/83.0"
167.114.157.181 - - [10/Dec/2020:20:11:51 +0100] "GET /robots.txt HTTP/1.1" 200 1627 "-" "Mozilla/5.0 (compatible; MJ12bot/v1.4.8; http://mj12bot.com/)"
167.114.157.181 - - [10/Dec/2020:20:13:19 +0100] "GET /content/az-egyes%C3%BClet-c%C3%A9lja-%C3%A9s-k%C3%B6zhaszn%C3%BAs%C3%A1gi-jelent%C3%A9sei HTTP/1.1" 200 20410 "-" "Mozilla/5.0 (compatible; MJ12bot/v1.4.8; http://mj12bot.com/)"
167.114.157.181 - - [10/Dec/2020:20:14:03 +0100] "GET /content/megk%C3%B6zel%C3%ADt%C3%A9s HTTP/1.1" 200 21815 "-" "Mozilla/5.0 (compatible; MJ12bot/v1.4.8; http://mj12bot.com/)"
167.114.157.181 - - [10/Dec/2020:20:14:29 +0100] "GET /robots.txt HTTP/1.1" 200 1627 "-" "Mozilla/5.0 (compatible; MJ12bot/v1.4.8; http://mj12bot.com/)"
167.114.157.181 - - [10/Dec/2020:20:15:07 +0100] "GET /content/aktu%C3%A1lis-esem%C3%A9nyek-gy%25 HTTP/1.1" 404 4562 "-" "Mozilla/5.0 (compatible; MJ12bot/v1.4.8; http://mj12bot.com/)"
167.114.157.181 - - [10/Dec/2020:20:15:57 +0100] "GET /content/bioterm%C3%A9kek HTTP/1.1" 200 16713 "-" "Mozilla/5.0 (compatible; MJ12bot/v1.4.8; http://mj12bot.com/)"
167.114.157.181 - - [10/Dec/2020:20:16:42 +0100] "GET /content/gy%C5%B1r%C5%B1f%C5%B1i-tal%C3%A1lkoz%C3%A1sok HTTP/1.1" 200 21494 "-" "Mozilla/5.0 (compatible; MJ12bot/v1.4.8; http://mj12bot.com/)"
167.114.157.181 - - [10/Dec/2020:20:17:08 +0100] "GET /content/hullad%C3%A9k-kezel%C3%A9s HTTP/1.1" 200 18896 "-" "Mozilla/5.0 (compatible; MJ12bot/v1.4.8; http://mj12bot.com/)"
167.114.157.181 - - [10/Dec/2020:20:17:47 +0100] "GET /content/kezdetekt%C5%91l-mostan%C3%A1ig HTTP/1.1" 200 22292 "-" "Mozilla/5.0 (compatible; MJ12bot/v1.4.8; http://mj12bot.com/)"
66.249.66.87 - - [10/Dec/2020:20:17:55 +0100] "GET /robots.txt HTTP/1.1" 200 1627 "-" "Mozilla/5.0 (compatible; Googlebot/2.1; +http://www.google.com/bot.html)"
66.249.66.88 - - [10/Dec/2020:20:17:56 +0100] "GET /lovastanya/images/telek/Data/page.htm?11,0 HTTP/1.1" 304 - "-" "Mozilla/5.0 (Linux; Android 6.0.1; Nexus 5X Build/MMB29P) AppleWebKit/537.36 (KHTML, like Gecko) Chrome/86.0.4240.96 Mobile Safari/537.36 (compatible; Googlebot/2.1; +http://www.google.com/bot.html)"
167.114.157.181 - - [10/Dec/2020:20:18:21 +0100] "GET /content/leteleped%C3%A9s HTTP/1.1" 200 17070 "-" "Mozilla/5.0 (compatible; MJ12bot/v1.4.8; http://mj12bot.com/)"
167.114.157.181 - - [10/Dec/2020:20:19:04 +0100] "GET /content/permakult%C3%BAra-tanfolyamok HTTP/1.1" 200 19113 "-" "Mozilla/5.0 (compatible; MJ12bot/v1.4.8; http://mj12bot.com/)"
167.114.157.181 - - [10/Dec/2020:20:19:39 +0100] "GET /content/v%C3%ADzgazd%C3%A1lkod%C3%A1s HTTP/1.1" 200 20152 "-" "Mozilla/5.0 (compatible; MJ12bot/v1.4.8; http://mj12bot.com/)"
167.114.157.181 - - [10/Dec/2020:20:20:17 +0100] "GET /lovastanya%C2%A0Postac%C3%ADm: HTTP/1.1" 404 4562 "-" "Mozilla/5.0 (compatible; MJ12bot/v1.4.8; http://mj12bot.com/)"
66.249.66.87 - - [10/Dec/2020:20:27:56 +0100] "GET /content/kapcsolatok HTTP/1.1" 200 18059 "-" "Mozilla/5.0 (Linux; Android 6.0.1; Nexus 5X Build/MMB29P) AppleWebKit/537.36 (KHTML, like Gecko) Chrome/86.0.4240.96 Mobile Safari/537.36 (compatible; Googlebot/2.1; +http://www.google.com/bot.html)"
178.164.244.189 - - [10/Dec/2020:20:36:30 +0100] "GET /content/gy%C5%B1r%C5%B1f%C5%B1-lak%C3%B3i HTTP/1.1" 200 17910 "-" "Mozilla/5.0 (iPad; CPU OS 12_4_9 like Mac OS X) AppleWebKit/605.1.15 (KHTML, like Gecko) Version/12.1.2 Mobile/15E148 Safari/604.1"
178.164.244.189 - - [10/Dec/2020:20:36:30 +0100] "GET /apple-touch-icon-152x152-precomposed.png HTTP/1.1" 404 4562 "-" "MobileSafari/604.1 CFNetwork/978.0.7 Darwin/18.7.0"
178.164.244.189 - - [10/Dec/2020:20:36:31 +0100] "GET /apple-touch-icon-152x152.png HTTP/1.1" 404 4562 "-" "MobileSafari/604.1 CFNetwork/978.0.7 Darwin/18.7.0"
178.164.244.189 - - [10/Dec/2020:20:36:31 +0100] "GET /apple-touch-icon-precomposed.png HTTP/1.1" 404 4562 "-" "MobileSafari/604.1 CFNetwork/978.0.7 Darwin/18.7.0"
178.164.244.189 - - [10/Dec/2020:20:36:31 +0100] "GET /apple-touch-icon.png HTTP/1.1" 404 4562 "-" "MobileSafari/604.1 CFNetwork/978.0.7 Darwin/18.7.0"
178.164.244.189 - - [10/Dec/2020:20:36:31 +0100] "GET /favicon.ico HTTP/1.1" 404 57 "-" "MobileSafari/604.1 CFNetwork/978.0.7 Darwin/18.7.0"
178.164.244.189 - - [10/Dec/2020:20:36:31 +0100] "GET /apple-touch-icon-152x152-precomposed.png HTTP/1.1" 404 4562 "-" "MobileSafari/604.1 CFNetwork/978.0.7 Darwin/18.7.0"
178.164.244.189 - - [10/Dec/2020:20:36:32 +0100] "GET /apple-touch-icon-152x152.png HTTP/1.1" 404 4562 "-" "MobileSafari/604.1 CFNetwork/978.0.7 Darwin/18.7.0"
178.164.244.189 - - [10/Dec/2020:20:36:32 +0100] "GET /apple-touch-icon-precomposed.png HTTP/1.1" 404 4562 "-" "MobileSafari/604.1 CFNetwork/978.0.7 Darwin/18.7.0"
178.164.244.189 - - [10/Dec/2020:20:36:32 +0100] "GET /apple-touch-icon.png HTTP/1.1" 404 4562 "-" "MobileSafari/604.1 CFNetwork/978.0.7 Darwin/18.7.0"
178.164.244.189 - - [10/Dec/2020:20:36:32 +0100] "GET /favicon.ico HTTP/1.1" 404 57 "-" "MobileSafari/604.1 CFNetwork/978.0.7 Darwin/18.7.0"
173.231.59.218 - - [10/Dec/2020:20:49:08 +0100] "GET / HTTP/1.1" 200 19615 "-" "Mozilla/5.0 (compatible; Adsbot/3.1)"
114.119.148.60 - - [10/Dec/2020:21:05:32 +0100] "GET /content/lovastanya-vend%C3%A9gh%C3%A1z-falusi-sz%C3%A1ll%C3%A1shely-baranya-sz%C3%A1ll%C3%A1s-baranya-apartman-baranya-%C3%B6koturizmus HTTP/1.1" 200 18777 "-" "Mozilla/5.0 (Linux; Android 7.0;) AppleWebKit/537.36 (KHTML, like Gecko) Mobile Safari/537.36 (compatible; PetalBot;+https://aspiegel.com/petalbot)"
114.119.147.246 - - [10/Dec/2020:21:10:23 +0100] "GET /erdeiiskola/vezetok.html HTTP/1.1" 200 2370 "-" "Mozilla/5.0 (Linux; Android 7.0;) AppleWebKit/537.36 (KHTML, like Gecko) Mobile Safari/537.36 (compatible; PetalBot;+https://aspiegel.com/petalbot)"
114.119.135.223 - - [10/Dec/2020:21:20:34 +0100] "GET /content/v%C3%A1llalkoz%C3%A1sok HTTP/1.1" 200 17563 "-" "Mozilla/5.0 (Linux; Android 7.0;) AppleWebKit/537.36 (KHTML, like Gecko) Mobile Safari/537.36 (compatible; PetalBot;+https://aspiegel.com/petalbot)"
66.249.66.89 - - [10/Dec/2020:21:21:20 +0100] "GET /content/az-egyes%C3%BClet-c%C3%A9lja HTTP/1.1" 404 4562 "-" "Mozilla/5.0 (Linux; Android 6.0.1; Nexus 5X Build/MMB29P) AppleWebKit/537.36 (KHTML, like Gecko) Chrome/86.0.4240.96 Mobile Safari/537.36 (compatible; Googlebot/2.1; +http://www.google.com/bot.html)"
114.119.133.85 - - [10/Dec/2020:21:25:39 +0100] "GET /content/bioterm%C3%A9kek HTTP/1.1" 200 16713 "-" "Mozilla/5.0 (Linux; Android 7.0;) AppleWebKit/537.36 (KHTML, like Gecko) Mobile Safari/537.36 (compatible; PetalBot;+https://aspiegel.com/petalbot)"
114.119.133.85 - - [10/Dec/2020:21:30:45 +0100] "GET /content/r%C3%A9gi-h%C3%ADrek-%C3%A9s-%C3%ADrott-dokumentumok-gy%C5%B1r%C5%B1f%C5%B1r%C5%91l HTTP/1.1" 200 22027 "-" "Mozilla/5.0 (Linux; Android 7.0;) AppleWebKit/537.36 (KHTML, like Gecko) Mobile Safari/537.36 (compatible; PetalBot;+https://aspiegel.com/petalbot)"
114.119.147.246 - - [10/Dec/2020:21:35:51 +0100] "GET /content/erd%C5%91gazd%C3%A1lkod%C3%A1s HTTP/1.1" 200 18885 "-" "Mozilla/5.0 (Linux; Android 7.0;) AppleWebKit/537.36 (KHTML, like Gecko) Mobile Safari/537.36 (compatible; PetalBot;+https://aspiegel.com/petalbot)"
66.249.66.141 - - [10/Dec/2020:21:42:47 +0100] "GET / HTTP/1.1" 200 19611 "-" "Mozilla/5.0 (compatible; Googlebot/2.1; +http://www.google.com/bot.html)"
114.119.133.85 - - [10/Dec/2020:21:46:00 +0100] "GET /content/r%C3%A9gi-h%C3%ADrek-%C3%A9s-%C3%ADrott-dokumentumok-gy%C5%B1r%C5%B1f%C5%B1r%C5%91l HTTP/1.1" 200 22027 "-" "Mozilla/5.0 (Linux; Android 7.0;) AppleWebKit/537.36 (KHTML, like Gecko) Mobile Safari/537.36 (compatible; PetalBot;+https://aspiegel.com/petalbot)"
66.249.66.88 - - [10/Dec/2020:21:47:47 +0100] "GET /lovastanya/vendeghaz.html HTTP/1.1" 304 - "-" "Mozilla/5.0 (Linux; Android 6.0.1; Nexus 5X Build/MMB29P) AppleWebKit/537.36 (KHTML, like Gecko) Chrome/86.0.4240.96 Mobile Safari/537.36 (compatible; Googlebot/2.1; +http://www.google.com/bot.html)"
114.119.133.85 - - [10/Dec/2020:21:52:28 +0100] "GET /content/term%C3%A9szetv%C3%A9delem HTTP/1.1" 200 26936 "-" "Mozilla/5.0 (Linux; Android 7.0;) AppleWebKit/537.36 (KHTML, like Gecko) Mobile Safari/537.36 (compatible; PetalBot;+https://aspiegel.com/petalbot)"
66.249.66.88 - - [10/Dec/2020:22:02:50 +0100] "GET /content/megk%C3%B6zel%C3%ADt%C3%A9s HTTP/1.1" 200 21815 "-" "Mozilla/5.0 (Linux; Android 6.0.1; Nexus 5X Build/MMB29P) AppleWebKit/537.36 (KHTML, like Gecko) Chrome/86.0.4240.96 Mobile Safari/537.36 (compatible; Googlebot/2.1; +http://www.google.com/bot.html)"
66.249.66.87 - - [10/Dec/2020:22:12:41 +0100] "GET /lovastanya/ HTTP/1.1" 200 1461 "-" "Mozilla/5.0 (Linux; Android 6.0.1; Nexus 5X Build/MMB29P) AppleWebKit/537.36 (KHTML, like Gecko) Chrome/86.0.4240.96 Mobile Safari/537.36 (compatible; Googlebot/2.1; +http://www.google.com/bot.html)"
159.69.45.202 - - [10/Dec/2020:22:29:52 +0100] "GET /robots.txt HTTP/1.1" 200 1627 "-" "Mozilla/5.0 (compatible; um-IC/1.0; mailto: techinfo@ubermetrics-technologies.com; Windows NT 6.1; WOW64; rv:40.0) Gecko/20100101 Firefox/40.1"
159.69.45.202 - - [10/Dec/2020:22:29:54 +0100] "GET /rss.xml HTTP/1.1" 200 3891 "-" "Mozilla/5.0 (compatible; um-IC/1.0; mailto: techinfo@ubermetrics-technologies.com; Windows NT 6.1; WOW64; rv:40.0) Gecko/20100101 Firefox/40.1"
5.188.48.12 - - [10/Dec/2020:22:47:54 +0100] "GET /content/%C3%B6koturizmus-gy%C5%B1r%C5%B1f%C5%B1n HTTP/1.0" 200 17306 "http://gyurufu.hu/content/%C3%B6koturizmus-gy%C5%B1r%C5%B1f%C5%B1n" "Mozilla/5.0 (Windows NT 10.0; Win64; x64) AppleWebKit/537.36 (KHTML, like Gecko) Chrome/83.0.4087.0 Safari/537.36"
66.249.66.89 - - [10/Dec/2020:22:51:21 +0100] "GET /content/megk%C3%B6zel%C3%ADt%C3%A9s HTTP/1.1" 200 21815 "-" "Mozilla/5.0 (Linux; Android 6.0.1; Nexus 5X Build/MMB29P) AppleWebKit/537.36 (KHTML, like Gecko) Chrome/87.0.4280.90 Mobile Safari/537.36 (compatible; Googlebot/2.1; +http://www.google.com/bot.html)"
66.249.66.87 - - [10/Dec/2020:22:54:37 +0100] "GET /content/h%C3%ADrek-esem%C3%A9nyek HTTP/1.1" 200 16582 "-" "Mozilla/5.0 (compatible; Googlebot/2.1; +http://www.google.com/bot.html)"
66.249.66.89 - - [10/Dec/2020:22:57:33 +0100] "GET /content/v%C3%A1lyog%C3%A9p%C3%ADt%C3%A9sz-t%C3%A1borok-%C3%A9s-szaktan%C3%A1csad%C3%A1s HTTP/1.1" 200 16850 "-" "Mozilla/5.0 (Linux; Android 6.0.1; Nexus 5X Build/MMB29P) AppleWebKit/537.36 (KHTML, like Gecko) Chrome/87.0.4280.90 Mobile Safari/537.36 (compatible; Googlebot/2.1; +http://www.google.com/bot.html)"
66.249.66.89 - - [10/Dec/2020:23:16:10 +0100] "GET /lovastanya/ HTTP/1.1" 200 1461 "-" "Mozilla/5.0 (Linux; Android 6.0.1; Nexus 5X Build/MMB29P) AppleWebKit/537.36 (KHTML, like Gecko) Chrome/87.0.4280.90 Mobile Safari/537.36 (compatible; Googlebot/2.1; +http://www.google.com/bot.html)"
173.208.200.154 - - [10/Dec/2020:23:26:17 +0100] "GET /robots.txt HTTP/1.1" 200 1627 "-" "Mozilla/5.0 (compatible; MJ12bot/v1.4.8; http://mj12bot.com/)"
173.208.200.154 - - [10/Dec/2020:23:26:30 +0100] "GET /content/gy%C5%B1r%C5%B1f%C5%B1-t%C3%A1voli-m%C3%BAltja HTTP/1.1" 200 26711 "-" "Mozilla/5.0 (compatible; MJ12bot/v1.4.8; http://mj12bot.com/)"
66.249.66.87 - - [10/Dec/2020:23:53:25 +0100] "GET /content/gy%C5%B1r%C5%B1f%C5%B1-t%C3%A1voli-m%C3%BAltja HTTP/1.1" 200 26711 "-" "Mozilla/5.0 (Linux; Android 6.0.1; Nexus 5X Build/MMB29P) AppleWebKit/537.36 (KHTML, like Gecko) Chrome/87.0.4280.90 Mobile Safari/537.36 (compatible; Googlebot/2.1; +http://www.google.com/bot.html)"
114.119.135.223 - - [11/Dec/2020:00:21:30 +0100] "GET /content/szervezetek HTTP/1.1" 200 16506 "-" "Mozilla/5.0 (Linux; Android 7.0;) AppleWebKit/537.36 (KHTML, like Gecko) Mobile Safari/537.36 (compatible; PetalBot;+https://aspiegel.com/petalbot)"
66.249.81.11 - - [11/Dec/2020:00:45:50 +0100] "GET /lovastanya/images/vhaz_osz.jpg HTTP/1.1" 200 13627 "-" "Mozilla/5.0 (Windows NT 5.1; rv:11.0) Gecko Firefox/11.0 (via ggpht.com GoogleImageProxy)"
173.231.59.218 - - [11/Dec/2020:01:40:54 +0100] "GET / HTTP/1.1" 200 19615 "-" "Mozilla/5.0 (compatible; Adsbot/3.1)"
114.119.141.40 - - [11/Dec/2020:01:44:56 +0100] "GET /robots.txt HTTP/1.1" 200 1627 "-" "(compatible;PetalBot;+https://aspiegel.com/petalbot)"
95.163.255.190 - - [11/Dec/2020:02:01:27 +0100] "GET /robots.txt HTTP/1.0" 200 1627 "-" "Mozilla/5.0 (compatible; Linux x86_64; Mail.RU_Bot/2.0; +http://go.mail.ru/help/robots)"
95.163.255.153 - - [11/Dec/2020:02:01:28 +0100] "GET /lovastanya/images/kornyek/index.htm HTTP/1.1" 200 406 "-" "Mozilla/5.0 (compatible; Linux x86_64; Mail.RU_Bot/2.0; +http://go.mail.ru/help/robots)"
114.119.135.223 - - [11/Dec/2020:02:15:29 +0100] "GET /content/mez%C5%91gazdas%C3%A1g HTTP/1.1" 200 19615 "-" "Mozilla/5.0 (Linux; Android 7.0;) AppleWebKit/537.36 (KHTML, like Gecko) Mobile Safari/537.36 (compatible; PetalBot;+https://aspiegel.com/petalbot)"
66.249.66.87 - - [11/Dec/2020:02:21:43 +0100] "GET /erdeiiskola/images/termeszet/Data/page.htm?19,0 HTTP/1.1" 200 668 "-" "Mozilla/5.0 (Linux; Android 6.0.1; Nexus 5X Build/MMB29P) AppleWebKit/537.36 (KHTML, like Gecko) Chrome/87.0.4280.90 Mobile Safari/537.36 (compatible; Googlebot/2.1; +http://www.google.com/bot.html)"
66.249.66.89 - - [11/Dec/2020:02:21:44 +0100] "GET /erdeiiskola/images/termeszet/Data/index.htm HTTP/1.1" 404 4562 "-" "Mozilla/5.0 (Linux; Android 6.0.1; Nexus 5X Build/MMB29P) AppleWebKit/537.36 (KHTML, like Gecko) Chrome/87.0.4280.90 Mobile Safari/537.36 (compatible; Googlebot/2.1; +http://www.google.com/bot.html)"
66.249.66.88 - - [11/Dec/2020:02:21:56 +0100] "GET /erdeiiskola/images/termeszet/Data/data.js HTTP/1.1" 200 3811 "http://www.gyurufu.hu/erdeiiskola/images/termeszet/Data/page.htm?19,0" "Mozilla/5.0 (Linux; Android 6.0.1; Nexus 5X Build/MMB29P) AppleWebKit/537.36 (KHTML, like Gecko) Chrome/87.0.4280.90 Mobile Safari/537.36 (compatible; Googlebot/2.1; +http://www.google.com/bot.html)"
66.249.66.87 - - [11/Dec/2020:02:21:57 +0100] "GET /erdeiiskola/images/termeszet/Data/page.css HTTP/1.1" 200 325 "http://www.gyurufu.hu/erdeiiskola/images/termeszet/Data/page.htm?19,0" "Mozilla/5.0 (Linux; Android 6.0.1; Nexus 5X Build/MMB29P) AppleWebKit/537.36 (KHTML, like Gecko) Chrome/87.0.4280.90 Mobile Safari/537.36 (compatible; Googlebot/2.1; +http://www.google.com/bot.html)"
66.249.66.87 - - [11/Dec/2020:02:21:58 +0100] "GET /erdeiiskola/images/termeszet/Data/common.js HTTP/1.1" 200 11306 "http://www.gyurufu.hu/erdeiiskola/images/termeszet/Data/page.htm?19,0" "Mozilla/5.0 (Linux; Android 6.0.1; Nexus 5X Build/MMB29P) AppleWebKit/537.36 (KHTML, like Gecko) Chrome/87.0.4280.90 Mobile Safari/537.36 (compatible; Googlebot/2.1; +http://www.google.com/bot.html)"
66.249.66.87 - - [11/Dec/2020:02:31:33 +0100] "GET /yrmygheyik.html HTTP/1.1" 404 4562 "-" "Mozilla/5.0 (compatible; Googlebot/2.1; +http://www.google.com/bot.html)"
188.36.146.98 - - [11/Dec/2020:02:34:34 +0100] "GET /lovastanya/ HTTP/1.1" 200 1461 "-" "Mozilla/5.0 (iPhone; CPU iPhone OS 12_4_9 like Mac OS X) AppleWebKit/605.1.15 (KHTML, like Gecko) Version/12.1.2 Mobile/15E148 Safari/604.1"
188.36.146.98 - - [11/Dec/2020:02:34:34 +0100] "GET /apple-touch-icon-120x120-precomposed.png HTTP/1.1" 404 4562 "-" "MobileSafari/604.1 CFNetwork/978.0.7 Darwin/18.7.0"
188.36.146.98 - - [11/Dec/2020:02:34:35 +0100] "GET /apple-touch-icon-120x120.png HTTP/1.1" 404 4562 "-" "MobileSafari/604.1 CFNetwork/978.0.7 Darwin/18.7.0"
188.36.146.98 - - [11/Dec/2020:02:34:35 +0100] "GET /apple-touch-icon-precomposed.png HTTP/1.1" 404 4562 "-" "MobileSafari/604.1 CFNetwork/978.0.7 Darwin/18.7.0"
188.36.146.98 - - [11/Dec/2020:02:34:35 +0100] "GET /apple-touch-icon.png HTTP/1.1" 404 4562 "-" "MobileSafari/604.1 CFNetwork/978.0.7 Darwin/18.7.0"
188.36.146.98 - - [11/Dec/2020:02:34:36 +0100] "GET /favicon.ico HTTP/1.1" 404 57 "-" "MobileSafari/604.1 CFNetwork/978.0.7 Darwin/18.7.0"
188.36.146.98 - - [11/Dec/2020:02:34:36 +0100] "GET /apple-touch-icon-120x120-precomposed.png HTTP/1.1" 404 4562 "-" "MobileSafari/604.1 CFNetwork/978.0.7 Darwin/18.7.0"
188.36.146.98 - - [11/Dec/2020:02:34:36 +0100] "GET /apple-touch-icon-120x120.png HTTP/1.1" 404 4562 "-" "MobileSafari/604.1 CFNetwork/978.0.7 Darwin/18.7.0"
188.36.146.98 - - [11/Dec/2020:02:34:39 +0100] "GET /apple-touch-icon-precomposed.png HTTP/1.1" 404 4562 "-" "MobileSafari/604.1 CFNetwork/978.0.7 Darwin/18.7.0"
188.36.146.98 - - [11/Dec/2020:02:34:40 +0100] "GET /apple-touch-icon.png HTTP/1.1" 404 4562 "-" "MobileSafari/604.1 CFNetwork/978.0.7 Darwin/18.7.0"
188.36.146.98 - - [11/Dec/2020:02:34:40 +0100] "GET /favicon.ico HTTP/1.1" 404 57 "-" "MobileSafari/604.1 CFNetwork/978.0.7 Darwin/18.7.0"
114.119.147.246 - - [11/Dec/2020:02:49:24 +0100] "GET /content/gy%C5%B1r%C5%B1f%C5%B1-facebook HTTP/1.1" 200 16513 "-" "Mozilla/5.0 (Linux; Android 7.0;) AppleWebKit/537.36 (KHTML, like Gecko) Mobile Safari/537.36 (compatible; PetalBot;+https://aspiegel.com/petalbot)"
66.249.66.88 - - [11/Dec/2020:03:03:15 +0100] "GET /content/megk%25C3%25B6zel%25C3%25ADt%25C3%25A9s HTTP/1.1" 200 21815 "-" "Mozilla/5.0 (Linux; Android 6.0.1; Nexus 5X Build/MMB29P) AppleWebKit/537.36 (KHTML, like Gecko) Chrome/87.0.4280.90 Mobile Safari/537.36 (compatible; Googlebot/2.1; +http://www.google.com/bot.html)"
66.249.66.89 - - [11/Dec/2020:03:05:50 +0100] "GET /content/gy%C5%B1r%C5%B1f%C5%B1-m%C5%B1hely-kft HTTP/1.1" 200 17788 "-" "Mozilla/5.0 (Linux; Android 6.0.1; Nexus 5X Build/MMB29P) AppleWebKit/537.36 (KHTML, like Gecko) Chrome/87.0.4280.90 Mobile Safari/537.36 (compatible; Googlebot/2.1; +http://www.google.com/bot.html)"
5.188.48.12 - - [11/Dec/2020:03:19:20 +0100] "GET /content/gy%C5%B1r%C5%B1f%C5%B1-lak%C3%B3i HTTP/1.0" 200 17897 "http://gyurufu.hu/content/gy%C5%B1r%C5%B1f%C5%B1-lak%C3%B3i" "Mozilla/5.0 (Windows NT 10.0; WOW64) AppleWebKit/537.36 (KHTML, like Gecko) Chrome/83.0.4103.61 Safari/537.36"
114.119.136.245 - - [11/Dec/2020:03:57:03 +0100] "GET /robots.txt HTTP/1.1" 200 1627 "-" "(compatible;PetalBot;+https://aspiegel.com/petalbot)"
66.249.66.89 - - [11/Dec/2020:04:01:44 +0100] "GET /content/leteleped%C3%A9s HTTP/1.1" 200 17070 "-" "Mozilla/5.0 (Linux; Android 6.0.1; Nexus 5X Build/MMB29P) AppleWebKit/537.36 (KHTML, like Gecko) Chrome/87.0.4280.90 Mobile Safari/537.36 (compatible; Googlebot/2.1; +http://www.google.com/bot.html)"
114.119.131.14 - - [11/Dec/2020:04:12:39 +0100] "GET /content/l%C3%A1tnival%C3%B3k-gy%C5%B1r%C5%B1f%C5%B1n-%C3%A9s-k%C3%B6rny%C3%A9k%C3%A9n HTTP/1.1" 200 26040 "-" "Mozilla/5.0 (Linux; Android 7.0;) AppleWebKit/537.36 (KHTML, like Gecko) Mobile Safari/537.36 (compatible; PetalBot;+https://aspiegel.com/petalbot)"
159.69.45.202 - - [11/Dec/2020:04:20:47 +0100] "GET /robots.txt HTTP/1.1" 200 1627 "-" "Mozilla/5.0 (compatible; um-IC/1.0; mailto: techinfo@ubermetrics-technologies.com; Windows NT 6.1; WOW64; rv:40.0) Gecko/20100101 Firefox/40.1"
159.69.45.202 - - [11/Dec/2020:04:20:47 +0100] "GET /rss.xml HTTP/1.1" 200 3891 "-" "Mozilla/5.0 (compatible; um-IC/1.0; mailto: techinfo@ubermetrics-technologies.com; Windows NT 6.1; WOW64; rv:40.0) Gecko/20100101 Firefox/40.1"
35.198.205.123 - - [11/Dec/2020:04:30:13 +0100] "GET / HTTP/1.1" 200 19611 "-" "Mozilla/5.0 (Windows NT 10.0; Win64; x64) AppleWebKit/537.36 (KHTML, like Gecko) Chrome/76.0.3809.132 Safari/537.36"
35.198.205.123 - - [11/Dec/2020:04:30:13 +0100] "GET / HTTP/1.1" 200 19611 "-" "Mozilla/5.0 (Windows NT 10.0; Win64; x64) AppleWebKit/537.36 (KHTML, like Gecko) Chrome/76.0.3809.132 Safari/537.36"
35.198.205.123 - - [11/Dec/2020:04:30:16 +0100] "GET /wp-includes/wlwmanifest.xml HTTP/1.1" 404 4562 "-" "Mozilla/5.0 (Windows NT 10.0; Win64; x64) AppleWebKit/537.36 (KHTML, like Gecko) Chrome/76.0.3809.132 Safari/537.36"
35.198.205.123 - - [11/Dec/2020:04:30:16 +0100] "GET /wp-includes/wlwmanifest.xml HTTP/1.1" 404 4562 "-" "Mozilla/5.0 (Windows NT 10.0; Win64; x64) AppleWebKit/537.36 (KHTML, like Gecko) Chrome/76.0.3809.132 Safari/537.36"
35.198.205.123 - - [11/Dec/2020:04:30:16 +0100] "GET /xmlrpc.php?rsd HTTP/1.1" 200 54 "-" "Mozilla/5.0 (Windows NT 10.0; Win64; x64) AppleWebKit/537.36 (KHTML, like Gecko) Chrome/76.0.3809.132 Safari/537.36"
35.198.205.123 - - [11/Dec/2020:04:30:16 +0100] "GET /xmlrpc.php?rsd HTTP/1.1" 200 54 "-" "Mozilla/5.0 (Windows NT 10.0; Win64; x64) AppleWebKit/537.36 (KHTML, like Gecko) Chrome/76.0.3809.132 Safari/537.36"
35.198.205.123 - - [11/Dec/2020:04:30:17 +0100] "GET / HTTP/1.1" 200 19611 "-" "Mozilla/5.0 (Windows NT 10.0; Win64; x64) AppleWebKit/537.36 (KHTML, like Gecko) Chrome/76.0.3809.132 Safari/537.36"
35.198.205.123 - - [11/Dec/2020:04:30:17 +0100] "GET / HTTP/1.1" 200 19611 "-" "Mozilla/5.0 (Windows NT 10.0; Win64; x64) AppleWebKit/537.36 (KHTML, like Gecko) Chrome/76.0.3809.132 Safari/537.36"
35.198.205.123 - - [11/Dec/2020:04:30:18 +0100] "GET /blog/wp-includes/wlwmanifest.xml HTTP/1.1" 404 4562 "-" "Mozilla/5.0 (Windows NT 10.0; Win64; x64) AppleWebKit/537.36 (KHTML, like Gecko) Chrome/76.0.3809.132 Safari/537.36"
35.198.205.123 - - [11/Dec/2020:04:30:18 +0100] "GET /blog/wp-includes/wlwmanifest.xml HTTP/1.1" 404 4562 "-" "Mozilla/5.0 (Windows NT 10.0; Win64; x64) AppleWebKit/537.36 (KHTML, like Gecko) Chrome/76.0.3809.132 Safari/537.36"
35.198.205.123 - - [11/Dec/2020:04:30:19 +0100] "GET /web/wp-includes/wlwmanifest.xml HTTP/1.1" 404 4562 "-" "Mozilla/5.0 (Windows NT 10.0; Win64; x64) AppleWebKit/537.36 (KHTML, like Gecko) Chrome/76.0.3809.132 Safari/537.36"
35.198.205.123 - - [11/Dec/2020:04:30:19 +0100] "GET /web/wp-includes/wlwmanifest.xml HTTP/1.1" 404 4562 "-" "Mozilla/5.0 (Windows NT 10.0; Win64; x64) AppleWebKit/537.36 (KHTML, like Gecko) Chrome/76.0.3809.132 Safari/537.36"
35.198.205.123 - - [11/Dec/2020:04:30:19 +0100] "GET /wordpress/wp-includes/wlwmanifest.xml HTTP/1.1" 404 4562 "-" "Mozilla/5.0 (Windows NT 10.0; Win64; x64) AppleWebKit/537.36 (KHTML, like Gecko) Chrome/76.0.3809.132 Safari/537.36"
35.198.205.123 - - [11/Dec/2020:04:30:20 +0100] "GET /website/wp-includes/wlwmanifest.xml HTTP/1.1" 404 4562 "-" "Mozilla/5.0 (Windows NT 10.0; Win64; x64) AppleWebKit/537.36 (KHTML, like Gecko) Chrome/76.0.3809.132 Safari/537.36"
35.198.205.123 - - [11/Dec/2020:04:30:20 +0100] "GET /wordpress/wp-includes/wlwmanifest.xml HTTP/1.1" 404 4562 "-" "Mozilla/5.0 (Windows NT 10.0; Win64; x64) AppleWebKit/537.36 (KHTML, like Gecko) Chrome/76.0.3809.132 Safari/537.36"
35.198.205.123 - - [11/Dec/2020:04:30:20 +0100] "GET /wp/wp-includes/wlwmanifest.xml HTTP/1.1" 404 4562 "-" "Mozilla/5.0 (Windows NT 10.0; Win64; x64) AppleWebKit/537.36 (KHTML, like Gecko) Chrome/76.0.3809.132 Safari/537.36"
35.198.205.123 - - [11/Dec/2020:04:30:20 +0100] "GET /website/wp-includes/wlwmanifest.xml HTTP/1.1" 404 4562 "-" "Mozilla/5.0 (Windows NT 10.0; Win64; x64) AppleWebKit/537.36 (KHTML, like Gecko) Chrome/76.0.3809.132 Safari/537.36"
35.198.205.123 - - [11/Dec/2020:04:30:21 +0100] "GET /wp/wp-includes/wlwmanifest.xml HTTP/1.1" 404 4562 "-" "Mozilla/5.0 (Windows NT 10.0; Win64; x64) AppleWebKit/537.36 (KHTML, like Gecko) Chrome/76.0.3809.132 Safari/537.36"
35.198.205.123 - - [11/Dec/2020:04:30:21 +0100] "GET /news/wp-includes/wlwmanifest.xml HTTP/1.1" 404 4562 "-" "Mozilla/5.0 (Windows NT 10.0; Win64; x64) AppleWebKit/537.36 (KHTML, like Gecko) Chrome/76.0.3809.132 Safari/537.36"
