188.156.44.118 - - [05/Dec/2020:17:26:01 +0100] "GET /themes/aboutpeople/img/readmore.gif HTTP/1.1" 200 366 "http://www.gyurufu.hu/themes/aboutpeople/style.css?g" "Mozilla/5.0 (Windows NT 10.0; Win64; x64) AppleWebKit/537.36 (KHTML, like Gecko) Chrome/87.0.4280.88 Safari/537.36"
188.156.44.118 - - [05/Dec/2020:17:26:01 +0100] "GET /themes/aboutpeople/img/login.gif HTTP/1.1" 200 1018 "http://www.gyurufu.hu/themes/aboutpeople/style.css?g" "Mozilla/5.0 (Windows NT 10.0; Win64; x64) AppleWebKit/537.36 (KHTML, like Gecko) Chrome/87.0.4280.88 Safari/537.36"
188.156.44.118 - - [05/Dec/2020:17:26:01 +0100] "GET /favicon.ico HTTP/1.1" 404 57 "http://www.gyurufu.hu/" "Mozilla/5.0 (Windows NT 10.0; Win64; x64) AppleWebKit/537.36 (KHTML, like Gecko) Chrome/87.0.4280.88 Safari/537.36"
13.66.139.101 - - [05/Dec/2020:17:29:38 +0100] "GET /content/ny%C3%ADlt-napok-%C3%A9s-bemutat%C3%B3k HTTP/1.1" 200 17416 "-" "Mozilla/5.0 (compatible; bingbot/2.0; +http://www.bing.com/bingbot.htm)"
188.156.44.118 - - [05/Dec/2020:17:29:50 +0100] "GET /lovastanya/index.html HTTP/1.1" 200 1449 "http://www.gyurufu.hu/" "Mozilla/5.0 (Windows NT 10.0; Win64; x64) AppleWebKit/537.36 (KHTML, like Gecko) Chrome/87.0.4280.88 Safari/537.36"
188.156.44.118 - - [05/Dec/2020:17:29:51 +0100] "GET /lovastanya/fejlec.html HTTP/1.1" 200 976 "http://www.gyurufu.hu/lovastanya/index.html" "Mozilla/5.0 (Windows NT 10.0; Win64; x64) AppleWebKit/537.36 (KHTML, like Gecko) Chrome/87.0.4280.88 Safari/537.36"
188.156.44.118 - - [05/Dec/2020:17:29:51 +0100] "GET /lovastanya/navbar.html HTTP/1.1" 200 6160 "http://www.gyurufu.hu/lovastanya/index.html" "Mozilla/5.0 (Windows NT 10.0; Win64; x64) AppleWebKit/537.36 (KHTML, like Gecko) Chrome/87.0.4280.88 Safari/537.36"
188.156.44.118 - - [05/Dec/2020:17:29:51 +0100] "GET /lovastanya/bemutatkozas.html HTTP/1.1" 200 6933 "http://www.gyurufu.hu/lovastanya/index.html" "Mozilla/5.0 (Windows NT 10.0; Win64; x64) AppleWebKit/537.36 (KHTML, like Gecko) Chrome/87.0.4280.88 Safari/537.36"
188.156.44.118 - - [05/Dec/2020:17:29:51 +0100] "GET /lovastanya/jobbkeret.html HTTP/1.1" 200 1546 "http://www.gyurufu.hu/lovastanya/index.html" "Mozilla/5.0 (Windows NT 10.0; Win64; x64) AppleWebKit/537.36 (KHTML, like Gecko) Chrome/87.0.4280.88 Safari/537.36"
188.156.44.118 - - [05/Dec/2020:17:29:51 +0100] "GET /lovastanya/lovastanya_fej.css HTTP/1.1" 200 6259 "http://www.gyurufu.hu/lovastanya/fejlec.html" "Mozilla/5.0 (Windows NT 10.0; Win64; x64) AppleWebKit/537.36 (KHTML, like Gecko) Chrome/87.0.4280.88 Safari/537.36"
188.156.44.118 - - [05/Dec/2020:17:29:51 +0100] "GET /lovastanya/images/lovastanya_emb1.gif HTTP/1.1" 200 8238 "http://www.gyurufu.hu/lovastanya/fejlec.html" "Mozilla/5.0 (Windows NT 10.0; Win64; x64) AppleWebKit/537.36 (KHTML, like Gecko) Chrome/87.0.4280.88 Safari/537.36"
188.156.44.118 - - [05/Dec/2020:17:29:51 +0100] "GET /lovastanya/images/glbnav_left.gif HTTP/1.1" 200 194 "http://www.gyurufu.hu/lovastanya/navbar.html" "Mozilla/5.0 (Windows NT 10.0; Win64; x64) AppleWebKit/537.36 (KHTML, like Gecko) Chrome/87.0.4280.88 Safari/537.36"
188.156.44.118 - - [05/Dec/2020:17:29:51 +0100] "GET /lovastanya/lovastanya.css HTTP/1.1" 200 8894 "http://www.gyurufu.hu/lovastanya/bemutatkozas.html" "Mozilla/5.0 (Windows NT 10.0; Win64; x64) AppleWebKit/537.36 (KHTML, like Gecko) Chrome/87.0.4280.88 Safari/537.36"
188.156.44.118 - - [05/Dec/2020:17:29:51 +0100] "GET /lovastanya/images/gyurufu_280.jpg HTTP/1.1" 200 11188 "http://www.gyurufu.hu/lovastanya/bemutatkozas.html" "Mozilla/5.0 (Windows NT 10.0; Win64; x64) AppleWebKit/537.36 (KHTML, like Gecko) Chrome/87.0.4280.88 Safari/537.36"
188.156.44.118 - - [05/Dec/2020:17:29:51 +0100] "GET /lovastanya/images/veronika_emb.gif HTTP/1.1" 200 4951 "http://www.gyurufu.hu/lovastanya/jobbkeret.html" "Mozilla/5.0 (Windows NT 10.0; Win64; x64) AppleWebKit/537.36 (KHTML, like Gecko) Chrome/87.0.4280.88 Safari/537.36"
188.156.44.118 - - [05/Dec/2020:17:29:51 +0100] "GET /lovastanya/images/gym_emb1.gif HTTP/1.1" 200 1469 "http://www.gyurufu.hu/lovastanya/jobbkeret.html" "Mozilla/5.0 (Windows NT 10.0; Win64; x64) AppleWebKit/537.36 (KHTML, like Gecko) Chrome/87.0.4280.88 Safari/537.36"
188.156.44.118 - - [05/Dec/2020:17:29:51 +0100] "GET /lovastanya/images/glbnav_right.gif HTTP/1.1" 200 194 "http://www.gyurufu.hu/lovastanya/navbar.html" "Mozilla/5.0 (Windows NT 10.0; Win64; x64) AppleWebKit/537.36 (KHTML, like Gecko) Chrome/87.0.4280.88 Safari/537.36"
188.156.44.118 - - [05/Dec/2020:17:29:51 +0100] "GET /lovastanya/images/fejlec_backgr.gif HTTP/1.1" 200 26598 "http://www.gyurufu.hu/lovastanya/fejlec.html" "Mozilla/5.0 (Windows NT 10.0; Win64; x64) AppleWebKit/537.36 (KHTML, like Gecko) Chrome/87.0.4280.88 Safari/537.36"
188.156.44.118 - - [05/Dec/2020:17:29:51 +0100] "GET /lovastanya/images/navbar_backgr.gif HTTP/1.1" 200 22429 "http://www.gyurufu.hu/lovastanya/navbar.html" "Mozilla/5.0 (Windows NT 10.0; Win64; x64) AppleWebKit/537.36 (KHTML, like Gecko) Chrome/87.0.4280.88 Safari/537.36"
188.156.44.118 - - [05/Dec/2020:17:29:51 +0100] "GET /lovastanya/images/glbnav_background.gif HTTP/1.1" 200 496 "http://www.gyurufu.hu/lovastanya/lovastanya_fej.css" "Mozilla/5.0 (Windows NT 10.0; Win64; x64) AppleWebKit/537.36 (KHTML, like Gecko) Chrome/87.0.4280.88 Safari/537.36"
188.156.44.118 - - [05/Dec/2020:17:29:51 +0100] "GET /lovastanya/images/vhaz_osz.jpg HTTP/1.1" 200 13627 "http://www.gyurufu.hu/lovastanya/bemutatkozas.html" "Mozilla/5.0 (Windows NT 10.0; Win64; x64) AppleWebKit/537.36 (KHTML, like Gecko) Chrome/87.0.4280.88 Safari/537.36"
188.156.44.118 - - [05/Dec/2020:17:29:51 +0100] "GET /lovastanya/images/lorol_280.jpg HTTP/1.1" 200 13259 "http://www.gyurufu.hu/lovastanya/bemutatkozas.html" "Mozilla/5.0 (Windows NT 10.0; Win64; x64) AppleWebKit/537.36 (KHTML, like Gecko) Chrome/87.0.4280.88 Safari/537.36"
188.156.44.118 - - [05/Dec/2020:17:31:55 +0100] "GET /lovastanya/images/glbnav_hover.gif HTTP/1.1" 200 523 "http://www.gyurufu.hu/lovastanya/lovastanya_fej.css" "Mozilla/5.0 (Windows NT 10.0; Win64; x64) AppleWebKit/537.36 (KHTML, like Gecko) Chrome/87.0.4280.88 Safari/537.36"
188.156.44.118 - - [05/Dec/2020:17:31:55 +0100] "GET /lovastanya/szolgaltatas.html HTTP/1.1" 200 4643 "http://www.gyurufu.hu/lovastanya/navbar.html" "Mozilla/5.0 (Windows NT 10.0; Win64; x64) AppleWebKit/537.36 (KHTML, like Gecko) Chrome/87.0.4280.88 Safari/537.36"
13.66.139.125 - - [05/Dec/2020:17:46:48 +0100] "GET /content/gy%C5%B1r%C5%B1f%C5%B1i-tal%C3%A1lkoz%C3%A1sok HTTP/1.1" 200 21494 "-" "Mozilla/5.0 (compatible; bingbot/2.0; +http://www.bing.com/bingbot.htm)"
176.63.16.143 - - [05/Dec/2020:18:06:04 +0100] "GET / HTTP/1.1" 200 19615 "https://www.google.com/" "Mozilla/5.0 (Windows NT 10.0; Win64; x64) AppleWebKit/537.36 (KHTML, like Gecko) Chrome/86.0.4240.198 Safari/537.36"
176.63.16.143 - - [05/Dec/2020:18:06:04 +0100] "GET /modules/nice_menus/nice_menus.css?g HTTP/1.1" 200 3607 "http://www.gyurufu.hu/" "Mozilla/5.0 (Windows NT 10.0; Win64; x64) AppleWebKit/537.36 (KHTML, like Gecko) Chrome/86.0.4240.198 Safari/537.36"
176.63.16.143 - - [05/Dec/2020:18:06:04 +0100] "GET /modules/nice_menus/nice_menus_default.css?g HTTP/1.1" 200 4978 "http://www.gyurufu.hu/" "Mozilla/5.0 (Windows NT 10.0; Win64; x64) AppleWebKit/537.36 (KHTML, like Gecko) Chrome/86.0.4240.198 Safari/537.36"
176.63.16.143 - - [05/Dec/2020:18:06:04 +0100] "GET /modules/node/node.css?g HTTP/1.1" 200 740 "http://www.gyurufu.hu/" "Mozilla/5.0 (Windows NT 10.0; Win64; x64) AppleWebKit/537.36 (KHTML, like Gecko) Chrome/86.0.4240.198 Safari/537.36"
176.63.16.143 - - [05/Dec/2020:18:06:04 +0100] "GET /modules/photos/photos.css?g HTTP/1.1" 200 5645 "http://www.gyurufu.hu/" "Mozilla/5.0 (Windows NT 10.0; Win64; x64) AppleWebKit/537.36 (KHTML, like Gecko) Chrome/86.0.4240.198 Safari/537.36"
176.63.16.143 - - [05/Dec/2020:18:06:04 +0100] "GET /modules/system/defaults.css?g HTTP/1.1" 200 757 "http://www.gyurufu.hu/" "Mozilla/5.0 (Windows NT 10.0; Win64; x64) AppleWebKit/537.36 (KHTML, like Gecko) Chrome/86.0.4240.198 Safari/537.36"
176.63.16.143 - - [05/Dec/2020:18:06:04 +0100] "GET /modules/system/system.css?g HTTP/1.1" 200 10020 "http://www.gyurufu.hu/" "Mozilla/5.0 (Windows NT 10.0; Win64; x64) AppleWebKit/537.36 (KHTML, like Gecko) Chrome/86.0.4240.198 Safari/537.36"
176.63.16.143 - - [05/Dec/2020:18:06:04 +0100] "GET /modules/system/system-menus.css?g HTTP/1.1" 200 935 "http://www.gyurufu.hu/" "Mozilla/5.0 (Windows NT 10.0; Win64; x64) AppleWebKit/537.36 (KHTML, like Gecko) Chrome/86.0.4240.198 Safari/537.36"
176.63.16.143 - - [05/Dec/2020:18:06:04 +0100] "GET /themes/aboutpeople/style.css?g HTTP/1.1" 200 32283 "http://www.gyurufu.hu/" "Mozilla/5.0 (Windows NT 10.0; Win64; x64) AppleWebKit/537.36 (KHTML, like Gecko) Chrome/86.0.4240.198 Safari/537.36"
176.63.16.143 - - [05/Dec/2020:18:06:04 +0100] "GET /modules/user/user.css?g HTTP/1.1" 200 1127 "http://www.gyurufu.hu/" "Mozilla/5.0 (Windows NT 10.0; Win64; x64) AppleWebKit/537.36 (KHTML, like Gecko) Chrome/86.0.4240.198 Safari/537.36"
176.63.16.143 - - [05/Dec/2020:18:06:04 +0100] "GET /misc/jquery.js?g HTTP/1.1" 200 31089 "http://www.gyurufu.hu/" "Mozilla/5.0 (Windows NT 10.0; Win64; x64) AppleWebKit/537.36 (KHTML, like Gecko) Chrome/86.0.4240.198 Safari/537.36"
176.63.16.143 - - [05/Dec/2020:18:06:04 +0100] "GET /misc/drupal.js?g HTTP/1.1" 200 9745 "http://www.gyurufu.hu/" "Mozilla/5.0 (Windows NT 10.0; Win64; x64) AppleWebKit/537.36 (KHTML, like Gecko) Chrome/86.0.4240.198 Safari/537.36"
176.63.16.143 - - [05/Dec/2020:18:06:04 +0100] "GET /modules/google_analytics/googleanalytics.js?g HTTP/1.1" 200 2268 "http://www.gyurufu.hu/" "Mozilla/5.0 (Windows NT 10.0; Win64; x64) AppleWebKit/537.36 (KHTML, like Gecko) Chrome/86.0.4240.198 Safari/537.36"
176.63.16.143 - - [05/Dec/2020:18:06:04 +0100] "GET /modules/photos/photos.js?g HTTP/1.1" 200 2409 "http://www.gyurufu.hu/" "Mozilla/5.0 (Windows NT 10.0; Win64; x64) AppleWebKit/537.36 (KHTML, like Gecko) Chrome/86.0.4240.198 Safari/537.36"
176.63.16.143 - - [05/Dec/2020:18:06:04 +0100] "GET /sites/default/files/languages/hu_8582a244f490b74610256ab428690e24.js?g HTTP/1.1" 200 1838 "http://www.gyurufu.hu/" "Mozilla/5.0 (Windows NT 10.0; Win64; x64) AppleWebKit/537.36 (KHTML, like Gecko) Chrome/86.0.4240.198 Safari/537.36"
176.63.16.143 - - [05/Dec/2020:18:06:04 +0100] "GET /themes/aboutpeople/img/sticky.gif HTTP/1.1" 200 560 "http://www.gyurufu.hu/" "Mozilla/5.0 (Windows NT 10.0; Win64; x64) AppleWebKit/537.36 (KHTML, like Gecko) Chrome/86.0.4240.198 Safari/537.36"
176.63.16.143 - - [05/Dec/2020:18:06:04 +0100] "GET /misc/powered-blue-80x15.png HTTP/1.1" 200 1011 "http://www.gyurufu.hu/" "Mozilla/5.0 (Windows NT 10.0; Win64; x64) AppleWebKit/537.36 (KHTML, like Gecko) Chrome/86.0.4240.198 Safari/537.36"
66.249.64.149 - - [05/Dec/2020:18:11:46 +0100] "GET / HTTP/1.1" 200 19615 "-" "Mozilla/5.0 (Linux; Android 6.0.1; Nexus 5X Build/MMB29P) AppleWebKit/537.36 (KHTML, like Gecko) Chrome/86.0.4240.96 Mobile Safari/537.36 (compatible; Googlebot/2.1; +http://www.google.com/bot.html)"
45.143.147.114 - - [05/Dec/2020:18:21:18 +0100] "GET / HTTP/1.1" 200 18776 "http://www.gyurufu.hu" "Mozilla/5.0 (Macintosh; Intel Mac OS X 10_12_6) AppleWebKit/537.36 (KHTML, like Gecko) Chrome/66.0.3359.181 Safari/537.36"
45.143.147.114 - - [05/Dec/2020:18:21:19 +0100] "GET /?q=node/add HTTP/1.1" 403 15443 "http://www.gyurufu.hu" "Mozilla/5.0 (Macintosh; Intel Mac OS X 10_12_6) AppleWebKit/537.36 (KHTML, like Gecko) Chrome/66.0.3359.181 Safari/537.36"
45.143.147.114 - - [05/Dec/2020:18:21:20 +0100] "GET /?q=user HTTP/1.1" 200 15408 "http://www.gyurufu.hu/" "Mozilla/5.0 (Macintosh; Intel Mac OS X 10_12_6) AppleWebKit/537.36 (KHTML, like Gecko) Chrome/66.0.3359.181 Safari/537.36"
45.143.147.114 - - [05/Dec/2020:18:21:21 +0100] "POST /?q=user HTTP/1.1" 200 15603 "http://www.gyurufu.hu/?q=user" "Mozilla/5.0 (Macintosh; Intel Mac OS X 10_12_6) AppleWebKit/537.36 (KHTML, like Gecko) Chrome/66.0.3359.181 Safari/537.36"
45.143.147.114 - - [05/Dec/2020:18:21:21 +0100] "POST /?q=user HTTP/1.1" 200 15603 "http://www.gyurufu.hu/?q=user" "Mozilla/5.0 (Macintosh; Intel Mac OS X 10_12_6) AppleWebKit/537.36 (KHTML, like Gecko) Chrome/66.0.3359.181 Safari/537.36"
159.69.45.202 - - [05/Dec/2020:18:41:07 +0100] "GET /robots.txt HTTP/1.1" 200 1627 "-" "Mozilla/5.0 (compatible; um-IC/1.0; mailto: techinfo@ubermetrics-technologies.com; Windows NT 6.1; WOW64; rv:40.0) Gecko/20100101 Firefox/40.1"
159.69.45.202 - - [05/Dec/2020:18:41:09 +0100] "GET /rss.xml HTTP/1.1" 200 3891 "-" "Mozilla/5.0 (compatible; um-IC/1.0; mailto: techinfo@ubermetrics-technologies.com; Windows NT 6.1; WOW64; rv:40.0) Gecko/20100101 Firefox/40.1"
66.249.64.139 - - [05/Dec/2020:18:49:07 +0100] "GET /lovastanya/images/vendeghaz/7szoba3.jpg HTTP/1.1" 200 20294 "-" "Googlebot-Image/1.0"
157.55.39.71 - - [05/Dec/2020:19:04:19 +0100] "GET /lovastanya/images/vendeghaz/Data/page.htm?0,0 HTTP/1.1" 304 - "-" "Mozilla/5.0 (compatible; bingbot/2.0; +http://www.bing.com/bingbot.htm)"
185.191.171.19 - - [05/Dec/2020:19:04:28 +0100] "GET /robots.txt HTTP/1.1" 200 1627 "-" "Mozilla/5.0 (compatible; SemrushBot/7~bl; +http://www.semrush.com/bot.html)"
185.191.171.16 - - [05/Dec/2020:19:04:30 +0100] "GET /content/aktu%C3%A1lis-esem%C3%A9nyek-gy%C5%B1r%C5%B1f%C5%B1n HTTP/1.1" 200 17005 "-" "Mozilla/5.0 (compatible; SemrushBot/7~bl; +http://www.semrush.com/bot.html)"
157.55.39.202 - - [05/Dec/2020:19:07:55 +0100] "GET /erdeiiskola/index.html HTTP/1.1" 304 - "-" "Mozilla/5.0 (compatible; bingbot/2.0; +http://www.bing.com/bingbot.htm)"
185.191.171.42 - - [05/Dec/2020:19:13:23 +0100] "GET /robots.txt HTTP/1.1" 200 1627 "-" "Mozilla/5.0 (compatible; SemrushBot/7~bl; +http://www.semrush.com/bot.html)"
185.191.171.39 - - [05/Dec/2020:19:13:24 +0100] "GET /content/gy%C5%B1r%C5%B1f%C5%B1-lak%C3%B3i?destination=node%2F56 HTTP/1.1" 200 17910 "-" "Mozilla/5.0 (compatible; SemrushBot/7~bl; +http://www.semrush.com/bot.html)"
66.249.64.139 - - [05/Dec/2020:19:13:35 +0100] "GET /content/hullad%C3%A9k-kezel%C3%A9s HTTP/1.1" 200 18896 "-" "Mozilla/5.0 (compatible; Googlebot/2.1; +http://www.google.com/bot.html)"
188.36.146.98 - - [05/Dec/2020:19:15:11 +0100] "GET /lovastanya/ HTTP/1.1" 200 1461 "-" "Mozilla/5.0 (iPhone; CPU iPhone OS 12_4_9 like Mac OS X) AppleWebKit/605.1.15 (KHTML, like Gecko) Version/12.1.2 Mobile/15E148 Safari/604.1"
188.36.146.98 - - [05/Dec/2020:19:15:12 +0100] "GET /apple-touch-icon-120x120-precomposed.png HTTP/1.1" 404 4562 "-" "MobileSafari/604.1 CFNetwork/978.0.7 Darwin/18.7.0"
188.36.146.98 - - [05/Dec/2020:19:15:12 +0100] "GET /apple-touch-icon-120x120.png HTTP/1.1" 404 4562 "-" "MobileSafari/604.1 CFNetwork/978.0.7 Darwin/18.7.0"
188.36.146.98 - - [05/Dec/2020:19:15:13 +0100] "GET /apple-touch-icon-precomposed.png HTTP/1.1" 404 4562 "-" "MobileSafari/604.1 CFNetwork/978.0.7 Darwin/18.7.0"
188.36.146.98 - - [05/Dec/2020:19:15:13 +0100] "GET /apple-touch-icon.png HTTP/1.1" 404 4562 "-" "MobileSafari/604.1 CFNetwork/978.0.7 Darwin/18.7.0"
188.36.146.98 - - [05/Dec/2020:19:15:14 +0100] "GET /favicon.ico HTTP/1.1" 404 57 "-" "MobileSafari/604.1 CFNetwork/978.0.7 Darwin/18.7.0"
188.36.146.98 - - [05/Dec/2020:19:15:14 +0100] "GET /apple-touch-icon-120x120-precomposed.png HTTP/1.1" 404 4562 "-" "MobileSafari/604.1 CFNetwork/978.0.7 Darwin/18.7.0"
188.36.146.98 - - [05/Dec/2020:19:15:14 +0100] "GET /apple-touch-icon-120x120.png HTTP/1.1" 404 4562 "-" "MobileSafari/604.1 CFNetwork/978.0.7 Darwin/18.7.0"
188.36.146.98 - - [05/Dec/2020:19:15:15 +0100] "GET /apple-touch-icon-precomposed.png HTTP/1.1" 404 4562 "-" "MobileSafari/604.1 CFNetwork/978.0.7 Darwin/18.7.0"
188.36.146.98 - - [05/Dec/2020:19:15:15 +0100] "GET /apple-touch-icon.png HTTP/1.1" 404 4562 "-" "MobileSafari/604.1 CFNetwork/978.0.7 Darwin/18.7.0"
188.36.146.98 - - [05/Dec/2020:19:15:15 +0100] "GET /favicon.ico HTTP/1.1" 404 57 "-" "MobileSafari/604.1 CFNetwork/978.0.7 Darwin/18.7.0"
114.119.129.113 - - [05/Dec/2020:19:19:20 +0100] "GET /robots.txt HTTP/1.1" 200 1627 "-" "(compatible;PetalBot;+https://aspiegel.com/petalbot)"
114.119.147.246 - - [05/Dec/2020:19:24:28 +0100] "GET /erdeiiskola/arak.html HTTP/1.1" 200 2370 "-" "Mozilla/5.0 (Linux; Android 7.0;) AppleWebKit/537.36 (KHTML, like Gecko) Mobile Safari/537.36 (compatible; PetalBot;+https://aspiegel.com/petalbot)"
66.249.64.141 - - [05/Dec/2020:19:32:15 +0100] "GET /lovastanya/index.html HTTP/1.1" 200 1449 "-" "Mozilla/5.0 (compatible; Googlebot/2.1; +http://www.google.com/bot.html)"
66.249.64.141 - - [05/Dec/2020:19:32:18 +0100] "GET /lovastanya/jobbkeret.html HTTP/1.1" 200 1546 "http://www.gyurufu.hu/lovastanya/index.html" "Mozilla/5.0 AppleWebKit/537.36 (KHTML, like Gecko; compatible; Googlebot/2.1; +http://www.google.com/bot.html) Chrome/85.0.4183.140 Safari/537.36"
66.249.64.137 - - [05/Dec/2020:19:32:18 +0100] "GET /lovastanya/fejlec.html HTTP/1.1" 200 976 "http://www.gyurufu.hu/lovastanya/index.html" "Mozilla/5.0 AppleWebKit/537.36 (KHTML, like Gecko; compatible; Googlebot/2.1; +http://www.google.com/bot.html) Chrome/85.0.4183.140 Safari/537.36"
66.249.64.141 - - [05/Dec/2020:19:32:18 +0100] "GET /lovastanya/navbar.html HTTP/1.1" 200 6160 "http://www.gyurufu.hu/lovastanya/index.html" "Mozilla/5.0 AppleWebKit/537.36 (KHTML, like Gecko; compatible; Googlebot/2.1; +http://www.google.com/bot.html) Chrome/85.0.4183.140 Safari/537.36"
66.249.64.137 - - [05/Dec/2020:19:32:19 +0100] "GET /lovastanya/bemutatkozas.html HTTP/1.1" 200 6933 "http://www.gyurufu.hu/lovastanya/index.html" "Mozilla/5.0 AppleWebKit/537.36 (KHTML, like Gecko; compatible; Googlebot/2.1; +http://www.google.com/bot.html) Chrome/85.0.4183.140 Safari/537.36"
66.249.64.139 - - [05/Dec/2020:19:32:19 +0100] "GET /lovastanya/lovastanya.css HTTP/1.1" 200 8894 "http://www.gyurufu.hu/lovastanya/jobbkeret.html" "Mozilla/5.0 AppleWebKit/537.36 (KHTML, like Gecko; compatible; Googlebot/2.1; +http://www.google.com/bot.html) Chrome/85.0.4183.140 Safari/537.36"
66.249.64.139 - - [05/Dec/2020:19:37:37 +0100] "GET /content/%C3%B6koturizmus-gy%C5%B1r%C5%B1f%C5%B1n HTTP/1.1" 200 17319 "-" "Mozilla/5.0 (compatible; Googlebot/2.1; +http://www.google.com/bot.html)"
66.249.64.137 - - [05/Dec/2020:19:48:16 +0100] "GET /content/%C3%B6koturizmus-gy%C5%B1r%C5%B1f%C5%B1n HTTP/1.1" 200 17319 "-" "Mozilla/5.0 (Linux; Android 6.0.1; Nexus 5X Build/MMB29P) AppleWebKit/537.36 (KHTML, like Gecko) Chrome/87.0.4280.88 Mobile Safari/537.36 (compatible; Googlebot/2.1; +http://www.google.com/bot.html)"
114.119.152.70 - - [05/Dec/2020:20:10:39 +0100] "GET /content/energia HTTP/1.1" 200 19605 "-" "Mozilla/5.0 (Linux; Android 7.0;) AppleWebKit/537.36 (KHTML, like Gecko) Mobile Safari/537.36 (compatible; PetalBot;+https://aspiegel.com/petalbot)"
176.63.8.40 - - [05/Dec/2020:20:39:40 +0100] "GET / HTTP/1.1" 200 18776 "https://www.google.com/" "Mozilla/5.0 (Windows NT 10.0; Win64; x64) AppleWebKit/537.36 (KHTML, like Gecko) Chrome/86.0.4240.198 Safari/537.36"
176.63.8.40 - - [05/Dec/2020:20:39:40 +0100] "GET /modules/nice_menus/nice_menus_default.css?g HTTP/1.1" 200 4978 "http://www.gyurufu.hu/" "Mozilla/5.0 (Windows NT 10.0; Win64; x64) AppleWebKit/537.36 (KHTML, like Gecko) Chrome/86.0.4240.198 Safari/537.36"
176.63.8.40 - - [05/Dec/2020:20:39:40 +0100] "GET /modules/nice_menus/nice_menus.css?g HTTP/1.1" 200 3607 "http://www.gyurufu.hu/" "Mozilla/5.0 (Windows NT 10.0; Win64; x64) AppleWebKit/537.36 (KHTML, like Gecko) Chrome/86.0.4240.198 Safari/537.36"
176.63.8.40 - - [05/Dec/2020:20:39:40 +0100] "GET /modules/node/node.css?g HTTP/1.1" 200 740 "http://www.gyurufu.hu/" "Mozilla/5.0 (Windows NT 10.0; Win64; x64) AppleWebKit/537.36 (KHTML, like Gecko) Chrome/86.0.4240.198 Safari/537.36"
176.63.8.40 - - [05/Dec/2020:20:39:40 +0100] "GET /modules/photos/photos.css?g HTTP/1.1" 200 5645 "http://www.gyurufu.hu/" "Mozilla/5.0 (Windows NT 10.0; Win64; x64) AppleWebKit/537.36 (KHTML, like Gecko) Chrome/86.0.4240.198 Safari/537.36"
176.63.8.40 - - [05/Dec/2020:20:39:40 +0100] "GET /modules/system/defaults.css?g HTTP/1.1" 200 757 "http://www.gyurufu.hu/" "Mozilla/5.0 (Windows NT 10.0; Win64; x64) AppleWebKit/537.36 (KHTML, like Gecko) Chrome/86.0.4240.198 Safari/537.36"
176.63.8.40 - - [05/Dec/2020:20:39:40 +0100] "GET /modules/system/system.css?g HTTP/1.1" 200 10020 "http://www.gyurufu.hu/" "Mozilla/5.0 (Windows NT 10.0; Win64; x64) AppleWebKit/537.36 (KHTML, like Gecko) Chrome/86.0.4240.198 Safari/537.36"
176.63.8.40 - - [05/Dec/2020:20:39:40 +0100] "GET /modules/system/system-menus.css?g HTTP/1.1" 200 935 "http://www.gyurufu.hu/" "Mozilla/5.0 (Windows NT 10.0; Win64; x64) AppleWebKit/537.36 (KHTML, like Gecko) Chrome/86.0.4240.198 Safari/537.36"
176.63.8.40 - - [05/Dec/2020:20:39:40 +0100] "GET /modules/user/user.css?g HTTP/1.1" 200 1127 "http://www.gyurufu.hu/" "Mozilla/5.0 (Windows NT 10.0; Win64; x64) AppleWebKit/537.36 (KHTML, like Gecko) Chrome/86.0.4240.198 Safari/537.36"
176.63.8.40 - - [05/Dec/2020:20:39:40 +0100] "GET /misc/jquery.js?g HTTP/1.1" 200 31089 "http://www.gyurufu.hu/" "Mozilla/5.0 (Windows NT 10.0; Win64; x64) AppleWebKit/537.36 (KHTML, like Gecko) Chrome/86.0.4240.198 Safari/537.36"
176.63.8.40 - - [05/Dec/2020:20:39:40 +0100] "GET /misc/drupal.js?g HTTP/1.1" 200 9745 "http://www.gyurufu.hu/" "Mozilla/5.0 (Windows NT 10.0; Win64; x64) AppleWebKit/537.36 (KHTML, like Gecko) Chrome/86.0.4240.198 Safari/537.36"
176.63.8.40 - - [05/Dec/2020:20:39:40 +0100] "GET /themes/aboutpeople/style.css?g HTTP/1.1" 200 32283 "http://www.gyurufu.hu/" "Mozilla/5.0 (Windows NT 10.0; Win64; x64) AppleWebKit/537.36 (KHTML, like Gecko) Chrome/86.0.4240.198 Safari/537.36"
176.63.8.40 - - [05/Dec/2020:20:39:40 +0100] "GET /modules/photos/photos.js?g HTTP/1.1" 200 2409 "http://www.gyurufu.hu/" "Mozilla/5.0 (Windows NT 10.0; Win64; x64) AppleWebKit/537.36 (KHTML, like Gecko) Chrome/86.0.4240.198 Safari/537.36"
176.63.8.40 - - [05/Dec/2020:20:39:40 +0100] "GET /sites/default/files/languages/hu_8582a244f490b74610256ab428690e24.js?g HTTP/1.1" 200 1838 "http://www.gyurufu.hu/" "Mozilla/5.0 (Windows NT 10.0; Win64; x64) AppleWebKit/537.36 (KHTML, like Gecko) Chrome/86.0.4240.198 Safari/537.36"
176.63.8.40 - - [05/Dec/2020:20:39:40 +0100] "GET /themes/aboutpeople/img/sticky.gif HTTP/1.1" 200 560 "http://www.gyurufu.hu/" "Mozilla/5.0 (Windows NT 10.0; Win64; x64) AppleWebKit/537.36 (KHTML, like Gecko) Chrome/86.0.4240.198 Safari/537.36"
176.63.8.40 - - [05/Dec/2020:20:39:40 +0100] "GET /misc/powered-blue-80x15.png HTTP/1.1" 200 1011 "http://www.gyurufu.hu/" "Mozilla/5.0 (Windows NT 10.0; Win64; x64) AppleWebKit/537.36 (KHTML, like Gecko) Chrome/86.0.4240.198 Safari/537.36"
62.165.201.112 - - [05/Dec/2020:21:01:28 +0100] "GET /content/gy%C5%B1r%C5%B1f%C5%B1-lak%C3%B3i HTTP/1.1" 200 17910 "-" "Mozilla/5.0 (iPad; CPU OS 12_4_9 like Mac OS X) AppleWebKit/605.1.15 (KHTML, like Gecko) Version/12.1.2 Mobile/15E148 Safari/604.1"
62.165.201.112 - - [05/Dec/2020:21:01:30 +0100] "GET /apple-touch-icon-152x152-precomposed.png HTTP/1.1" 404 4562 "-" "MobileSafari/604.1 CFNetwork/978.0.7 Darwin/18.7.0"
62.165.201.112 - - [05/Dec/2020:21:01:30 +0100] "GET /apple-touch-icon-152x152.png HTTP/1.1" 404 4562 "-" "MobileSafari/604.1 CFNetwork/978.0.7 Darwin/18.7.0"
62.165.201.112 - - [05/Dec/2020:21:01:31 +0100] "GET /apple-touch-icon-precomposed.png HTTP/1.1" 404 4562 "-" "MobileSafari/604.1 CFNetwork/978.0.7 Darwin/18.7.0"
62.165.201.112 - - [05/Dec/2020:21:01:31 +0100] "GET /apple-touch-icon.png HTTP/1.1" 404 4562 "-" "MobileSafari/604.1 CFNetwork/978.0.7 Darwin/18.7.0"
62.165.201.112 - - [05/Dec/2020:21:01:31 +0100] "GET /favicon.ico HTTP/1.1" 404 57 "-" "MobileSafari/604.1 CFNetwork/978.0.7 Darwin/18.7.0"
62.165.201.112 - - [05/Dec/2020:21:01:32 +0100] "GET /apple-touch-icon-152x152-precomposed.png HTTP/1.1" 404 4562 "-" "MobileSafari/604.1 CFNetwork/978.0.7 Darwin/18.7.0"
62.165.201.112 - - [05/Dec/2020:21:01:33 +0100] "GET /apple-touch-icon-152x152.png HTTP/1.1" 404 4562 "-" "MobileSafari/604.1 CFNetwork/978.0.7 Darwin/18.7.0"
62.165.201.112 - - [05/Dec/2020:21:01:33 +0100] "GET /apple-touch-icon-precomposed.png HTTP/1.1" 404 4562 "-" "MobileSafari/604.1 CFNetwork/978.0.7 Darwin/18.7.0"
62.165.201.112 - - [05/Dec/2020:21:01:33 +0100] "GET /apple-touch-icon.png HTTP/1.1" 404 4562 "-" "MobileSafari/604.1 CFNetwork/978.0.7 Darwin/18.7.0"
62.165.201.112 - - [05/Dec/2020:21:01:33 +0100] "GET /favicon.ico HTTP/1.1" 404 57 "-" "MobileSafari/604.1 CFNetwork/978.0.7 Darwin/18.7.0"
54.36.149.19 - - [05/Dec/2020:21:02:40 +0100] "GET /robots.txt HTTP/1.1" 200 1627 "-" "Mozilla/5.0 (compatible; AhrefsBot/6.1; +http://ahrefs.com/robot/)"
144.91.125.147 - - [05/Dec/2020:21:08:18 +0100] "GET / HTTP/1.1" 200 18772 "-" "Panorax Content Recognition/1.0.0 (https://panorax.hisorange.me/)"
66.249.64.137 - - [05/Dec/2020:21:14:24 +0100] "GET /content/gy%C5%B1r%C5%B1f%C5%B1-t%C3%A1voli-m%C3%BAltja HTTP/1.1" 200 26711 "-" "Mozilla/5.0 (compatible; Googlebot/2.1; +http://www.google.com/bot.html)"
144.91.125.147 - - [05/Dec/2020:21:17:43 +0100] "GET / HTTP/1.1" 200 18772 "-" "Panorax Content Recognition/1.0.0 (https://panorax.hisorange.me/)"
144.91.125.147 - - [05/Dec/2020:21:20:43 +0100] "GET / HTTP/1.1" 200 18772 "-" "Panorax Content Recognition/1.0.0 (https://panorax.hisorange.me/)"
144.91.125.147 - - [05/Dec/2020:21:27:02 +0100] "GET / HTTP/1.1" 200 18772 "-" "Panorax Content Recognition/1.0.0 (https://panorax.hisorange.me/)"
144.91.125.147 - - [05/Dec/2020:21:28:21 +0100] "GET / HTTP/1.1" 200 18772 "-" "Panorax Content Recognition/1.0.0 (https://panorax.hisorange.me/)"
66.249.64.137 - - [05/Dec/2020:21:33:24 +0100] "GET /lovastanya/vendeghaz.html HTTP/1.1" 304 - "-" "Mozilla/5.0 (Linux; Android 6.0.1; Nexus 5X Build/MMB29P) AppleWebKit/537.36 (KHTML, like Gecko) Chrome/86.0.4240.96 Mobile Safari/537.36 (compatible; Googlebot/2.1; +http://www.google.com/bot.html)"
66.249.64.139 - - [05/Dec/2020:21:38:33 +0100] "GET /content/gy%C5%B1r%C5%B1f%C5%B1-t%C3%A1voli-m%C3%BAltja HTTP/1.1" 200 26711 "-" "Mozilla/5.0 (Linux; Android 6.0.1; Nexus 5X Build/MMB29P) AppleWebKit/537.36 (KHTML, like Gecko) Chrome/87.0.4280.88 Mobile Safari/537.36 (compatible; Googlebot/2.1; +http://www.google.com/bot.html)"
185.191.171.23 - - [05/Dec/2020:21:44:45 +0100] "GET /robots.txt HTTP/1.1" 200 1627 "-" "Mozilla/5.0 (compatible; SemrushBot/7~bl; +http://www.semrush.com/bot.html)"
185.191.171.8 - - [05/Dec/2020:21:44:46 +0100] "GET /content/r%C3%A9sz%C3%B6nkorm%C3%A1nyzat?destination=node%2F6 HTTP/1.1" 200 16543 "-" "Mozilla/5.0 (compatible; SemrushBot/7~bl; +http://www.semrush.com/bot.html)"
66.249.64.137 - - [05/Dec/2020:21:45:19 +0100] "GET /content/gy%C5%B1r%C5%B1f%C5%B1-facebook HTTP/1.1" 200 16513 "-" "Mozilla/5.0 (compatible; Googlebot/2.1; +http://www.google.com/bot.html)"
66.249.64.139 - - [05/Dec/2020:21:52:04 +0100] "GET /content/gy%C5%B1r%C5%B1f%C5%B1-facebook HTTP/1.1" 200 16513 "-" "Mozilla/5.0 (Linux; Android 6.0.1; Nexus 5X Build/MMB29P) AppleWebKit/537.36 (KHTML, like Gecko) Chrome/87.0.4280.88 Mobile Safari/537.36 (compatible; Googlebot/2.1; +http://www.google.com/bot.html)"
66.249.64.137 - - [05/Dec/2020:21:58:50 +0100] "GET /content/r%C3%A9sz%C3%B6nkorm%C3%A1nyzat HTTP/1.1" 200 16543 "-" "Mozilla/5.0 (compatible; Googlebot/2.1; +http://www.google.com/bot.html)"
66.249.64.141 - - [05/Dec/2020:22:05:36 +0100] "GET /content/lovastanya-vend%C3%A9gh%C3%A1z HTTP/1.1" 200 23213 "-" "Mozilla/5.0 (Linux; Android 6.0.1; Nexus 5X Build/MMB29P) AppleWebKit/537.36 (KHTML, like Gecko) Chrome/87.0.4280.88 Mobile Safari/537.36 (compatible; Googlebot/2.1; +http://www.google.com/bot.html)"
18.234.29.97 - - [05/Dec/2020:22:07:54 +0100] "GET /rss.xml HTTP/1.1" 200 3891 "https://www.google.com/" "Mozilla/5.0 (Macintosh; Intel Mac OS X 10_14_6) AppleWebKit/537.36 (KHTML, like Gecko) Chrome/80.0.3987.149 Safari/537.36"
66.249.64.141 - - [05/Dec/2020:22:17:56 +0100] "GET /favicon.ico HTTP/1.1" 404 57 "-" "Googlebot-Image/1.0"
114.119.131.205 - - [05/Dec/2020:22:24:12 +0100] "GET / HTTP/1.1" 200 19611 "-" "Mozilla/5.0 (Linux; Android 7.0;) AppleWebKit/537.36 (KHTML, like Gecko) Mobile Safari/537.36 (compatible; PetalBot;+https://aspiegel.com/petalbot)"
66.249.64.137 - - [05/Dec/2020:22:51:56 +0100] "GET /content/bioterm%C3%A9kek HTTP/1.1" 200 16713 "-" "Mozilla/5.0 (compatible; Googlebot/2.1; +http://www.google.com/bot.html)"
123.123.219.39 - - [05/Dec/2020:23:07:03 +0100] "GET /robots.txt HTTP/1.1" 200 1627 "-" "Mozilla/5.0 AppleWebKit/537.36 (KHTML, like Gecko) Chrome/55.0.2883.95 Safari/537.36"
123.123.219.39 - - [05/Dec/2020:23:07:05 +0100] "GET /erdeiiskola/dokumentumok/erdeiiskolaszerzodes.doc HTTP/1.1" 200 97280 "-" "Mozilla/5.0 AppleWebKit/537.36 (KHTML, like Gecko) Chrome/55.0.2883.95 Safari/537.36"
114.119.131.205 - - [05/Dec/2020:23:11:30 +0100] "GET /content/gazd%C3%A1lkod%C3%A1s-j%C3%B6v%C5%91nkkel HTTP/1.1" 200 16604 "-" "Mozilla/5.0 (Linux; Android 7.0;) AppleWebKit/537.36 (KHTML, like Gecko) Mobile Safari/537.36 (compatible; PetalBot;+https://aspiegel.com/petalbot)"
66.249.64.137 - - [05/Dec/2020:23:33:44 +0100] "GET /content/leteleped%C3%A9s HTTP/1.1" 200 17070 "-" "Mozilla/5.0 (Linux; Android 6.0.1; Nexus 5X Build/MMB29P) AppleWebKit/537.36 (KHTML, like Gecko) Chrome/86.0.4240.96 Mobile Safari/537.36 (compatible; Googlebot/2.1; +http://www.google.com/bot.html)"
114.119.147.246 - - [05/Dec/2020:23:55:53 +0100] "GET /content/mez%C5%91gazdas%C3%A1g HTTP/1.1" 200 19615 "-" "Mozilla/5.0 (Linux; Android 7.0;) AppleWebKit/537.36 (KHTML, like Gecko) Mobile Safari/537.36 (compatible; PetalBot;+https://aspiegel.com/petalbot)"
114.119.128.50 - - [06/Dec/2020:00:05:22 +0100] "GET /biodiverzitas/terulet.html HTTP/1.1" 200 2038 "-" "Mozilla/5.0 (Linux; Android 7.0;) AppleWebKit/537.36 (KHTML, like Gecko) Mobile Safari/537.36 (compatible; PetalBot;+https://aspiegel.com/petalbot)"
89.133.79.43 - - [06/Dec/2020:00:13:07 +0100] "GET /lovastanya HTTP/1.1" 301 320 "-" "Mozilla/5.0 (iPhone; CPU iPhone OS 14_2 like Mac OS X) AppleWebKit/605.1.15 (KHTML, like Gecko) Version/14.0.1 Mobile/15E148 Safari/604.1"
89.133.79.43 - - [06/Dec/2020:00:13:07 +0100] "GET /lovastanya/ HTTP/1.1" 200 1461 "-" "Mozilla/5.0 (iPhone; CPU iPhone OS 14_2 like Mac OS X) AppleWebKit/605.1.15 (KHTML, like Gecko) Version/14.0.1 Mobile/15E148 Safari/604.1"
89.133.79.43 - - [06/Dec/2020:00:13:07 +0100] "GET /lovastanya/fejlec.html HTTP/1.1" 200 976 "http://www.gyurufu.hu/lovastanya/" "Mozilla/5.0 (iPhone; CPU iPhone OS 14_2 like Mac OS X) AppleWebKit/605.1.15 (KHTML, like Gecko) Version/14.0.1 Mobile/15E148 Safari/604.1"
89.133.79.43 - - [06/Dec/2020:00:13:07 +0100] "GET /lovastanya/navbar.html HTTP/1.1" 200 6160 "http://www.gyurufu.hu/lovastanya/" "Mozilla/5.0 (iPhone; CPU iPhone OS 14_2 like Mac OS X) AppleWebKit/605.1.15 (KHTML, like Gecko) Version/14.0.1 Mobile/15E148 Safari/604.1"
89.133.79.43 - - [06/Dec/2020:00:13:07 +0100] "GET /lovastanya/lovastanya_fej.css HTTP/1.1" 200 6259 "http://www.gyurufu.hu/lovastanya/fejlec.html" "Mozilla/5.0 (iPhone; CPU iPhone OS 14_2 like Mac OS X) AppleWebKit/605.1.15 (KHTML, like Gecko) Version/14.0.1 Mobile/15E148 Safari/604.1"
89.133.79.43 - - [06/Dec/2020:00:13:07 +0100] "GET /lovastanya/bemutatkozas.html HTTP/1.1" 200 6933 "http://www.gyurufu.hu/lovastanya/" "Mozilla/5.0 (iPhone; CPU iPhone OS 14_2 like Mac OS X) AppleWebKit/605.1.15 (KHTML, like Gecko) Version/14.0.1 Mobile/15E148 Safari/604.1"
89.133.79.43 - - [06/Dec/2020:00:13:07 +0100] "GET /lovastanya/jobbkeret.html HTTP/1.1" 200 1546 "http://www.gyurufu.hu/lovastanya/" "Mozilla/5.0 (iPhone; CPU iPhone OS 14_2 like Mac OS X) AppleWebKit/605.1.15 (KHTML, like Gecko) Version/14.0.1 Mobile/15E148 Safari/604.1"
89.133.79.43 - - [06/Dec/2020:00:13:07 +0100] "GET /lovastanya/images/lovastanya_emb1.gif HTTP/1.1" 200 8238 "http://www.gyurufu.hu/lovastanya/fejlec.html" "Mozilla/5.0 (iPhone; CPU iPhone OS 14_2 like Mac OS X) AppleWebKit/605.1.15 (KHTML, like Gecko) Version/14.0.1 Mobile/15E148 Safari/604.1"
89.133.79.43 - - [06/Dec/2020:00:13:07 +0100] "GET /lovastanya/images/glbnav_left.gif HTTP/1.1" 200 194 "http://www.gyurufu.hu/lovastanya/navbar.html" "Mozilla/5.0 (iPhone; CPU iPhone OS 14_2 like Mac OS X) AppleWebKit/605.1.15 (KHTML, like Gecko) Version/14.0.1 Mobile/15E148 Safari/604.1"
89.133.79.43 - - [06/Dec/2020:00:13:07 +0100] "GET /lovastanya/images/glbnav_right.gif HTTP/1.1" 200 194 "http://www.gyurufu.hu/lovastanya/navbar.html" "Mozilla/5.0 (iPhone; CPU iPhone OS 14_2 like Mac OS X) AppleWebKit/605.1.15 (KHTML, like Gecko) Version/14.0.1 Mobile/15E148 Safari/604.1"
89.133.79.43 - - [06/Dec/2020:00:13:07 +0100] "GET /lovastanya/lovastanya.css HTTP/1.1" 200 8894 "http://www.gyurufu.hu/lovastanya/bemutatkozas.html" "Mozilla/5.0 (iPhone; CPU iPhone OS 14_2 like Mac OS X) AppleWebKit/605.1.15 (KHTML, like Gecko) Version/14.0.1 Mobile/15E148 Safari/604.1"
89.133.79.43 - - [06/Dec/2020:00:13:07 +0100] "GET /lovastanya/images/fejlec_backgr.gif HTTP/1.1" 200 26598 "http://www.gyurufu.hu/lovastanya/fejlec.html" "Mozilla/5.0 (iPhone; CPU iPhone OS 14_2 like Mac OS X) AppleWebKit/605.1.15 (KHTML, like Gecko) Version/14.0.1 Mobile/15E148 Safari/604.1"
89.133.79.43 - - [06/Dec/2020:00:13:07 +0100] "GET /lovastanya/images/navbar_backgr.gif HTTP/1.1" 200 22429 "http://www.gyurufu.hu/lovastanya/navbar.html" "Mozilla/5.0 (iPhone; CPU iPhone OS 14_2 like Mac OS X) AppleWebKit/605.1.15 (KHTML, like Gecko) Version/14.0.1 Mobile/15E148 Safari/604.1"
89.133.79.43 - - [06/Dec/2020:00:13:07 +0100] "GET /lovastanya/images/glbnav_background.gif HTTP/1.1" 200 496 "http://www.gyurufu.hu/lovastanya/navbar.html" "Mozilla/5.0 (iPhone; CPU iPhone OS 14_2 like Mac OS X) AppleWebKit/605.1.15 (KHTML, like Gecko) Version/14.0.1 Mobile/15E148 Safari/604.1"
89.133.79.43 - - [06/Dec/2020:00:13:07 +0100] "GET /lovastanya/images/gyurufu_280.jpg HTTP/1.1" 200 11188 "http://www.gyurufu.hu/lovastanya/bemutatkozas.html" "Mozilla/5.0 (iPhone; CPU iPhone OS 14_2 like Mac OS X) AppleWebKit/605.1.15 (KHTML, like Gecko) Version/14.0.1 Mobile/15E148 Safari/604.1"
89.133.79.43 - - [06/Dec/2020:00:13:07 +0100] "GET /lovastanya/images/veronika_emb.gif HTTP/1.1" 200 4951 "http://www.gyurufu.hu/lovastanya/jobbkeret.html" "Mozilla/5.0 (iPhone; CPU iPhone OS 14_2 like Mac OS X) AppleWebKit/605.1.15 (KHTML, like Gecko) Version/14.0.1 Mobile/15E148 Safari/604.1"
89.133.79.43 - - [06/Dec/2020:00:13:07 +0100] "GET /lovastanya/images/gym_emb1.gif HTTP/1.1" 200 1469 "http://www.gyurufu.hu/lovastanya/jobbkeret.html" "Mozilla/5.0 (iPhone; CPU iPhone OS 14_2 like Mac OS X) AppleWebKit/605.1.15 (KHTML, like Gecko) Version/14.0.1 Mobile/15E148 Safari/604.1"
89.133.79.43 - - [06/Dec/2020:00:13:07 +0100] "GET /lovastanya/images/vhaz_osz.jpg HTTP/1.1" 200 13627 "http://www.gyurufu.hu/lovastanya/bemutatkozas.html" "Mozilla/5.0 (iPhone; CPU iPhone OS 14_2 like Mac OS X) AppleWebKit/605.1.15 (KHTML, like Gecko) Version/14.0.1 Mobile/15E148 Safari/604.1"
89.133.79.43 - - [06/Dec/2020:00:13:07 +0100] "GET /lovastanya/images/lorol_280.jpg HTTP/1.1" 200 13259 "http://www.gyurufu.hu/lovastanya/bemutatkozas.html" "Mozilla/5.0 (iPhone; CPU iPhone OS 14_2 like Mac OS X) AppleWebKit/605.1.15 (KHTML, like Gecko) Version/14.0.1 Mobile/15E148 Safari/604.1"
89.133.79.43 - - [06/Dec/2020:00:13:08 +0100] "GET /favicon.ico HTTP/1.1" 404 57 "http://www.gyurufu.hu/lovastanya/" "Mozilla/5.0 (iPhone; CPU iPhone OS 14_2 like Mac OS X) AppleWebKit/605.1.15 (KHTML, like Gecko) Version/14.0.1 Mobile/15E148 Safari/604.1"
13.66.139.101 - - [06/Dec/2020:00:13:26 +0100] "GET /erdeiiskola/images/hagyomany/Data/page.htm HTTP/1.1" 200 668 "-" "Mozilla/5.0 (compatible; bingbot/2.0; +http://www.bing.com/bingbot.htm)"
114.119.147.246 - - [06/Dec/2020:00:21:45 +0100] "GET /lovastanya/www.gyurufu.hu HTTP/1.1" 404 4562 "-" "Mozilla/5.0 (Linux; Android 7.0;) AppleWebKit/537.36 (KHTML, like Gecko) Mobile Safari/537.36 (compatible; PetalBot;+https://aspiegel.com/petalbot)"
159.69.45.202 - - [06/Dec/2020:00:26:41 +0100] "GET /robots.txt HTTP/1.1" 200 1627 "-" "Mozilla/5.0 (compatible; um-IC/1.0; mailto: techinfo@ubermetrics-technologies.com; Windows NT 6.1; WOW64; rv:40.0) Gecko/20100101 Firefox/40.1"
159.69.45.202 - - [06/Dec/2020:00:26:43 +0100] "GET /rss.xml HTTP/1.1" 200 3891 "-" "Mozilla/5.0 (compatible; um-IC/1.0; mailto: techinfo@ubermetrics-technologies.com; Windows NT 6.1; WOW64; rv:40.0) Gecko/20100101 Firefox/40.1"
66.249.64.141 - - [06/Dec/2020:00:34:12 +0100] "GET /erdeiiskola/ HTTP/1.1" 200 954 "-" "Mozilla/5.0 (Linux; Android 6.0.1; Nexus 5X Build/MMB29P) AppleWebKit/537.36 (KHTML, like Gecko) Chrome/86.0.4240.96 Mobile Safari/537.36 (compatible; Googlebot/2.1; +http://www.google.com/bot.html)"
66.249.64.141 - - [06/Dec/2020:00:38:32 +0100] "GET /content/r%C3%A9sz%C3%B6nkorm%C3%A1nyzat HTTP/1.1" 200 16543 "-" "Mozilla/5.0 (Linux; Android 6.0.1; Nexus 5X Build/MMB29P) AppleWebKit/537.36 (KHTML, like Gecko) Chrome/87.0.4280.88 Mobile Safari/537.36 (compatible; Googlebot/2.1; +http://www.google.com/bot.html)"
114.119.131.14 - - [06/Dec/2020:00:42:12 +0100] "GET /content HTTP/1.1" 301 309 "-" "Mozilla/5.0 (Linux; Android 7.0;) AppleWebKit/537.36 (KHTML, like Gecko) Mobile Safari/537.36 (compatible; PetalBot;+https://aspiegel.com/petalbot)"
114.119.131.14 - - [06/Dec/2020:00:42:12 +0100] "GET /content/ HTTP/1.1" 403 1172 "-" "Mozilla/5.0 (Linux; Android 7.0;) AppleWebKit/537.36 (KHTML, like Gecko) Mobile Safari/537.36 (compatible; PetalBot;+https://aspiegel.com/petalbot)"
66.249.64.139 - - [06/Dec/2020:00:44:27 +0100] "GET /erdeiiskola/programok.html HTTP/1.1" 304 - "-" "Mozilla/5.0 (Linux; Android 6.0.1; Nexus 5X Build/MMB29P) AppleWebKit/537.36 (KHTML, like Gecko) Chrome/86.0.4240.96 Mobile Safari/537.36 (compatible; Googlebot/2.1; +http://www.google.com/bot.html)"
3.238.181.58 - - [06/Dec/2020:00:50:13 +0100] "GET / HTTP/1.1" 200 19611 "-" "Mozilla/5.0 (Macintosh; Intel Mac OS X 10_15_0) AppleWebKit/537.36 (KHTML, like Gecko) Chrome/78.0.3904.87 Safari/537.36"
188.36.146.98 - - [06/Dec/2020:01:07:18 +0100] "GET /lovastanya/ HTTP/1.1" 200 1461 "-" "Mozilla/5.0 (iPhone; CPU iPhone OS 12_4_9 like Mac OS X) AppleWebKit/605.1.15 (KHTML, like Gecko) Version/12.1.2 Mobile/15E148 Safari/604.1"
188.36.146.98 - - [06/Dec/2020:01:07:19 +0100] "GET /apple-touch-icon-120x120-precomposed.png HTTP/1.1" 404 4562 "-" "MobileSafari/604.1 CFNetwork/978.0.7 Darwin/18.7.0"
188.36.146.98 - - [06/Dec/2020:01:07:19 +0100] "GET /apple-touch-icon-120x120.png HTTP/1.1" 404 4562 "-" "MobileSafari/604.1 CFNetwork/978.0.7 Darwin/18.7.0"
188.36.146.98 - - [06/Dec/2020:01:07:20 +0100] "GET /apple-touch-icon-precomposed.png HTTP/1.1" 404 4562 "-" "MobileSafari/604.1 CFNetwork/978.0.7 Darwin/18.7.0"
188.36.146.98 - - [06/Dec/2020:01:07:20 +0100] "GET /apple-touch-icon.png HTTP/1.1" 404 4562 "-" "MobileSafari/604.1 CFNetwork/978.0.7 Darwin/18.7.0"
188.36.146.98 - - [06/Dec/2020:01:07:20 +0100] "GET /favicon.ico HTTP/1.1" 404 57 "-" "MobileSafari/604.1 CFNetwork/978.0.7 Darwin/18.7.0"
188.36.146.98 - - [06/Dec/2020:01:07:21 +0100] "GET /apple-touch-icon-120x120-precomposed.png HTTP/1.1" 404 4562 "-" "MobileSafari/604.1 CFNetwork/978.0.7 Darwin/18.7.0"
188.36.146.98 - - [06/Dec/2020:01:07:21 +0100] "GET /apple-touch-icon-120x120.png HTTP/1.1" 404 4562 "-" "MobileSafari/604.1 CFNetwork/978.0.7 Darwin/18.7.0"
188.36.146.98 - - [06/Dec/2020:01:07:22 +0100] "GET /apple-touch-icon-precomposed.png HTTP/1.1" 404 4562 "-" "MobileSafari/604.1 CFNetwork/978.0.7 Darwin/18.7.0"
188.36.146.98 - - [06/Dec/2020:01:07:22 +0100] "GET /apple-touch-icon.png HTTP/1.1" 404 4562 "-" "MobileSafari/604.1 CFNetwork/978.0.7 Darwin/18.7.0"
188.36.146.98 - - [06/Dec/2020:01:07:22 +0100] "GET /favicon.ico HTTP/1.1" 404 57 "-" "MobileSafari/604.1 CFNetwork/978.0.7 Darwin/18.7.0"
66.249.64.137 - - [06/Dec/2020:01:54:27 +0100] "GET /content/gy%C5%B1r%C5%B1f%C5%B1-m%C5%B1hely-kft HTTP/1.1" 200 17788 "-" "Mozilla/5.0 (Linux; Android 6.0.1; Nexus 5X Build/MMB29P) AppleWebKit/537.36 (KHTML, like Gecko) Chrome/86.0.4240.96 Mobile Safari/537.36 (compatible; Googlebot/2.1; +http://www.google.com/bot.html)"
66.249.64.137 - - [06/Dec/2020:02:00:17 +0100] "GET /content/v%C3%ADzgazd%C3%A1lkod%C3%A1s HTTP/1.1" 200 20152 "-" "Mozilla/5.0 (compatible; Googlebot/2.1; +http://www.google.com/bot.html)"
188.36.146.98 - - [06/Dec/2020:02:20:28 +0100] "GET /lovastanya/ HTTP/1.1" 200 1461 "-" "Mozilla/5.0 (iPhone; CPU iPhone OS 12_4_9 like Mac OS X) AppleWebKit/605.1.15 (KHTML, like Gecko) Version/12.1.2 Mobile/15E148 Safari/604.1"
188.36.146.98 - - [06/Dec/2020:02:20:29 +0100] "GET /apple-touch-icon-120x120-precomposed.png HTTP/1.1" 404 4562 "-" "MobileSafari/604.1 CFNetwork/978.0.7 Darwin/18.7.0"
188.36.146.98 - - [06/Dec/2020:02:20:29 +0100] "GET /apple-touch-icon-120x120.png HTTP/1.1" 404 4562 "-" "MobileSafari/604.1 CFNetwork/978.0.7 Darwin/18.7.0"
188.36.146.98 - - [06/Dec/2020:02:20:29 +0100] "GET /apple-touch-icon-precomposed.png HTTP/1.1" 404 4562 "-" "MobileSafari/604.1 CFNetwork/978.0.7 Darwin/18.7.0"
188.36.146.98 - - [06/Dec/2020:02:20:30 +0100] "GET /apple-touch-icon.png HTTP/1.1" 404 4562 "-" "MobileSafari/604.1 CFNetwork/978.0.7 Darwin/18.7.0"
188.36.146.98 - - [06/Dec/2020:02:20:30 +0100] "GET /favicon.ico HTTP/1.1" 404 57 "-" "MobileSafari/604.1 CFNetwork/978.0.7 Darwin/18.7.0"
188.36.146.98 - - [06/Dec/2020:02:20:30 +0100] "GET /apple-touch-icon-120x120-precomposed.png HTTP/1.1" 404 4562 "-" "MobileSafari/604.1 CFNetwork/978.0.7 Darwin/18.7.0"
188.36.146.98 - - [06/Dec/2020:02:20:31 +0100] "GET /apple-touch-icon-120x120.png HTTP/1.1" 404 4562 "-" "MobileSafari/604.1 CFNetwork/978.0.7 Darwin/18.7.0"
188.36.146.98 - - [06/Dec/2020:02:20:31 +0100] "GET /apple-touch-icon-precomposed.png HTTP/1.1" 404 4562 "-" "MobileSafari/604.1 CFNetwork/978.0.7 Darwin/18.7.0"
188.36.146.98 - - [06/Dec/2020:02:20:31 +0100] "GET /apple-touch-icon.png HTTP/1.1" 404 4562 "-" "MobileSafari/604.1 CFNetwork/978.0.7 Darwin/18.7.0"
188.36.146.98 - - [06/Dec/2020:02:20:31 +0100] "GET /favicon.ico HTTP/1.1" 404 57 "-" "MobileSafari/604.1 CFNetwork/978.0.7 Darwin/18.7.0"
66.249.64.141 - - [06/Dec/2020:02:44:22 +0100] "GET / HTTP/1.1" 200 19615 "-" "Mozilla/5.0 (compatible; Googlebot/2.1; +http://www.google.com/bot.html)"
114.119.133.85 - - [06/Dec/2020:03:07:25 +0100] "GET /user/login HTTP/1.1" 200 16250 "-" "Mozilla/5.0 (Linux; Android 7.0;) AppleWebKit/537.36 (KHTML, like Gecko) Mobile Safari/537.36 (compatible; PetalBot;+https://aspiegel.com/petalbot)"
157.55.39.64 - - [06/Dec/2020:03:10:01 +0100] "GET /content/szent-l%C3%A1szl%C3%B3-tan%C3%B6sv%C3%A9ny HTTP/1.1" 200 20370 "-" "Mozilla/5.0 (compatible; bingbot/2.0; +http://www.bing.com/bingbot.htm)"
66.249.64.141 - - [06/Dec/2020:03:24:59 +0100] "GET / HTTP/1.1" 200 19615 "-" "Mozilla/5.0 (Linux; Android 6.0.1; Nexus 5X Build/MMB29P) AppleWebKit/537.36 (KHTML, like Gecko) Chrome/86.0.4240.96 Mobile Safari/537.36 (compatible; Googlebot/2.1; +http://www.google.com/bot.html)"
66.249.64.139 - - [06/Dec/2020:03:33:20 +0100] "GET /lovastanya/ HTTP/1.1" 200 1461 "-" "Mozilla/5.0 (Linux; Android 6.0.1; Nexus 5X Build/MMB29P) AppleWebKit/537.36 (KHTML, like Gecko) Chrome/87.0.4280.88 Mobile Safari/537.36 (compatible; Googlebot/2.1; +http://www.google.com/bot.html)"
66.249.64.139 - - [06/Dec/2020:03:33:23 +0100] "GET /lovastanya/navbar.html HTTP/1.1" 200 6160 "http://www.gyurufu.hu/lovastanya/" "Mozilla/5.0 (Linux; Android 6.0.1; Nexus 5X Build/MMB29P) AppleWebKit/537.36 (KHTML, like Gecko) Chrome/85.0.4183.140 Mobile Safari/537.36 (compatible; Googlebot/2.1; +http://www.google.com/bot.html)"
66.249.64.141 - - [06/Dec/2020:03:33:24 +0100] "GET /lovastanya/lovastanya_fej.css HTTP/1.1" 200 6259 "http://www.gyurufu.hu/lovastanya/fejlec.html" "Mozilla/5.0 (Linux; Android 6.0.1; Nexus 5X Build/MMB29P) AppleWebKit/537.36 (KHTML, like Gecko) Chrome/85.0.4183.140 Mobile Safari/537.36 (compatible; Googlebot/2.1; +http://www.google.com/bot.html)"
66.249.64.137 - - [06/Dec/2020:04:15:19 +0100] "GET /content/aktu%C3%A1lis-esem%C3%A9nyek-gy%C5%B1r%C5%B1f%C5%B1n HTTP/1.1" 200 17005 "-" "Mozilla/5.0 (Linux; Android 6.0.1; Nexus 5X Build/MMB29P) AppleWebKit/537.36 (KHTML, like Gecko) Chrome/87.0.4280.88 Mobile Safari/537.36 (compatible; Googlebot/2.1; +http://www.google.com/bot.html)"
66.249.64.139 - - [06/Dec/2020:04:19:37 +0100] "GET /favicon.ico HTTP/1.1" 404 57 "-" "Googlebot-Image/1.0"
66.249.64.141 - - [06/Dec/2020:04:21:12 +0100] "GET /favicon.ico HTTP/1.1" 404 57 "-" "Googlebot-Image/1.0"
66.249.64.141 - - [06/Dec/2020:04:24:51 +0100] "GET /erdeiiskola/infrastrukt.html HTTP/1.1" 304 - "-" "Mozilla/5.0 (Linux; Android 6.0.1; Nexus 5X Build/MMB29P) AppleWebKit/537.36 (KHTML, like Gecko) Chrome/86.0.4240.96 Mobile Safari/537.36 (compatible; Googlebot/2.1; +http://www.google.com/bot.html)"
114.119.148.60 - - [06/Dec/2020:04:28:43 +0100] "GET /gyurufunet HTTP/1.1" 404 4562 "-" "Mozilla/5.0 (Linux; Android 7.0;) AppleWebKit/537.36 (KHTML, like Gecko) Mobile Safari/537.36 (compatible; PetalBot;+https://aspiegel.com/petalbot)"
114.119.135.223 - - [06/Dec/2020:04:45:03 +0100] "GET /content HTTP/1.1" 301 317 "-" "Mozilla/5.0 (Linux; Android 7.0;) AppleWebKit/537.36 (KHTML, like Gecko) Mobile Safari/537.36 (compatible; PetalBot;+https://aspiegel.com/petalbot)"
114.119.135.223 - - [06/Dec/2020:04:45:04 +0100] "GET /content/ HTTP/1.1" 403 1172 "-" "Mozilla/5.0 (Linux; Android 7.0;) AppleWebKit/537.36 (KHTML, like Gecko) Mobile Safari/537.36 (compatible; PetalBot;+https://aspiegel.com/petalbot)"
17.58.101.189 - - [06/Dec/2020:05:04:29 +0100] "GET /robots.txt HTTP/1.1" 200 1627 "-" "Mozilla/5.0 (Macintosh; Intel Mac OS X 10_15_5) AppleWebKit/605.1.15 (KHTML, like Gecko) Version/13.1.1 Safari/605.1.15 (Applebot/0.1; +http://www.apple.com/go/applebot)"
173.212.247.190 - - [06/Dec/2020:05:13:10 +0100] "GET /robots.txt HTTP/1.1" 200 1627 "-" "Mozilla/5.0 (compatible; MJ12bot/v1.4.8; http://mj12bot.com/)"
173.212.247.190 - - [06/Dec/2020:05:13:34 +0100] "GET /content/lovastanya-vend%C3%A9gh%C3%A1z-falusi-sz%C3%A1ll%C3%A1shely-baranya-sz%C3%A1ll%C3%A1s-baranya-apartman-baranya-%C3%B6koturizmus HTTP/1.1" 200 18777 "-" "Mozilla/5.0 (compatible; MJ12bot/v1.4.8; http://mj12bot.com/)"
66.249.64.137 - - [06/Dec/2020:05:15:27 +0100] "GET /content/szent-l%C3%A1szl%C3%B3-tan%C3%B6sv%C3%A9ny HTTP/1.1" 200 20370 "-" "Mozilla/5.0 (Linux; Android 6.0.1; Nexus 5X Build/MMB29P) AppleWebKit/537.36 (KHTML, like Gecko) Chrome/86.0.4240.96 Mobile Safari/537.36 (compatible; Googlebot/2.1; +http://www.google.com/bot.html)"
13.66.139.82 - - [06/Dec/2020:05:20:58 +0100] "GET /biodiverzitas/index.html HTTP/1.1" 200 927 "-" "Mozilla/5.0 (compatible; bingbot/2.0; +http://www.bing.com/bingbot.htm)"
8.29.198.25 - - [06/Dec/2020:05:30:51 +0100] "GET /rss.xml HTTP/1.1" 200 3891 "-" "Feedly/1.0 (+http://www.feedly.com/fetcher.html; 1 subscribers; like FeedFetcher-Google)"
114.119.131.35 - - [06/Dec/2020:05:51:29 +0100] "GET /content/gy%C5%B1r%C5%B1f%C5%B1-lett-baranya-biodiverzit%C3%A1s-f%C5%91v%C3%A1rosa HTTP/1.1" 200 18895 "-" "Mozilla/5.0 (Linux; Android 7.0;) AppleWebKit/537.36 (KHTML, like Gecko) Mobile Safari/537.36 (compatible; PetalBot;+https://aspiegel.com/petalbot)"
159.69.45.202 - - [06/Dec/2020:05:56:40 +0100] "GET /robots.txt HTTP/1.1" 200 1627 "-" "Mozilla/5.0 (compatible; um-IC/1.0; mailto: techinfo@ubermetrics-technologies.com; Windows NT 6.1; WOW64; rv:40.0) Gecko/20100101 Firefox/40.1"
159.69.45.202 - - [06/Dec/2020:05:56:40 +0100] "GET /rss.xml HTTP/1.1" 200 3891 "-" "Mozilla/5.0 (compatible; um-IC/1.0; mailto: techinfo@ubermetrics-technologies.com; Windows NT 6.1; WOW64; rv:40.0) Gecko/20100101 Firefox/40.1"
66.249.64.141 - - [06/Dec/2020:06:00:19 +0100] "GET /content/l%C3%A1tnival%C3%B3k-gy%C5%B1r%C5%B1f%C5%B1n-%C3%A9s-k%C3%B6rny%C3%A9k%C3%A9n HTTP/1.1" 200 26040 "-" "Mozilla/5.0 (Linux; Android 6.0.1; Nexus 5X Build/MMB29P) AppleWebKit/537.36 (KHTML, like Gecko) Chrome/87.0.4280.88 Mobile Safari/537.36 (compatible; Googlebot/2.1; +http://www.google.com/bot.html)"
114.119.148.60 - - [06/Dec/2020:06:04:43 +0100] "GET /content/bemutatkoz%C3%A1s HTTP/1.1" 200 16918 "-" "Mozilla/5.0 (Linux; Android 7.0;) AppleWebKit/537.36 (KHTML, like Gecko) Mobile Safari/537.36 (compatible; PetalBot;+https://aspiegel.com/petalbot)"
13.66.139.101 - - [06/Dec/2020:06:12:31 +0100] "GET /content/ny%C3%ADlt-napok-%C3%A9s-bemutat%C3%B3k HTTP/1.1" 200 17416 "-" "Mozilla/5.0 (compatible; bingbot/2.0; +http://www.bing.com/bingbot.htm)"
188.36.146.98 - - [06/Dec/2020:06:26:17 +0100] "GET /lovastanya/ HTTP/1.1" 200 1461 "-" "Mozilla/5.0 (iPhone; CPU iPhone OS 12_4_9 like Mac OS X) AppleWebKit/605.1.15 (KHTML, like Gecko) Version/12.1.2 Mobile/15E148 Safari/604.1"
188.36.146.98 - - [06/Dec/2020:06:26:20 +0100] "GET /apple-touch-icon-120x120-precomposed.png HTTP/1.1" 404 4562 "-" "MobileSafari/604.1 CFNetwork/978.0.7 Darwin/18.7.0"
188.36.146.98 - - [06/Dec/2020:06:26:21 +0100] "GET /apple-touch-icon-120x120.png HTTP/1.1" 404 4562 "-" "MobileSafari/604.1 CFNetwork/978.0.7 Darwin/18.7.0"
188.36.146.98 - - [06/Dec/2020:06:26:22 +0100] "GET /apple-touch-icon-precomposed.png HTTP/1.1" 404 4562 "-" "MobileSafari/604.1 CFNetwork/978.0.7 Darwin/18.7.0"
188.36.146.98 - - [06/Dec/2020:06:26:22 +0100] "GET /apple-touch-icon.png HTTP/1.1" 404 4562 "-" "MobileSafari/604.1 CFNetwork/978.0.7 Darwin/18.7.0"
188.36.146.98 - - [06/Dec/2020:06:26:22 +0100] "GET /favicon.ico HTTP/1.1" 404 57 "-" "MobileSafari/604.1 CFNetwork/978.0.7 Darwin/18.7.0"
188.36.146.98 - - [06/Dec/2020:06:26:22 +0100] "GET /apple-touch-icon-120x120-precomposed.png HTTP/1.1" 404 4562 "-" "MobileSafari/604.1 CFNetwork/978.0.7 Darwin/18.7.0"
188.36.146.98 - - [06/Dec/2020:06:26:23 +0100] "GET /apple-touch-icon-120x120.png HTTP/1.1" 404 4562 "-" "MobileSafari/604.1 CFNetwork/978.0.7 Darwin/18.7.0"
188.36.146.98 - - [06/Dec/2020:06:26:23 +0100] "GET /apple-touch-icon-precomposed.png HTTP/1.1" 404 4562 "-" "MobileSafari/604.1 CFNetwork/978.0.7 Darwin/18.7.0"
188.36.146.98 - - [06/Dec/2020:06:26:24 +0100] "GET /apple-touch-icon.png HTTP/1.1" 404 4562 "-" "MobileSafari/604.1 CFNetwork/978.0.7 Darwin/18.7.0"
