216.18.204.202 - - [01/Dec/2020:23:03:51 +0100] "GET /content/veronika-erdei-iskola-gy%C5%B1r%C5%B1f%C5%B1n HTTP/1.1" 200 24603 "http://gyurufu.hu/" "Mozilla/5.0 (compatible; Adsbot/3.1)"
216.18.204.202 - - [01/Dec/2020:23:04:36 +0100] "GET /content/gy%C5%B1r%C5%B1f%C5%B1-t%C3%A1voli-m%C3%BAltja HTTP/1.1" 200 26711 "http://gyurufu.hu/" "Mozilla/5.0 (compatible; Adsbot/3.1)"
216.18.204.202 - - [01/Dec/2020:23:05:48 +0100] "GET /content/gy%C5%B1r%C5%B1f%C5%B1i-tal%C3%A1lkoz%C3%A1sok HTTP/1.1" 200 21494 "http://gyurufu.hu/" "Mozilla/5.0 (compatible; Adsbot/3.1)"
66.249.79.73 - - [01/Dec/2020:23:06:19 +0100] "GET /content/gy%C5%B1r%C5%B1f%C5%B1%C3%A9rt-nonprofit-kft HTTP/1.1" 200 20898 "-" "Mozilla/5.0 (Linux; Android 6.0.1; Nexus 5X Build/MMB29P) AppleWebKit/537.36 (KHTML, like Gecko) Chrome/86.0.4240.96 Mobile Safari/537.36 (compatible; Googlebot/2.1; +http://www.google.com/bot.html)"
216.18.204.202 - - [01/Dec/2020:23:08:06 +0100] "GET /content/friss-h%C3%ADrek-gy%C5%B1r%C5%B1f%C5%B1r%C5%91l HTTP/1.1" 200 17259 "http://gyurufu.hu/" "Mozilla/5.0 (compatible; Adsbot/3.1)"
216.18.204.202 - - [01/Dec/2020:23:09:15 +0100] "GET /content/k%C3%B6sz%C3%B6nt%C3%BCnk-gy%C5%B1r%C5%B1f%C5%B1n HTTP/1.1" 200 16685 "http://gyurufu.hu/" "Mozilla/5.0 (compatible; Adsbot/3.1)"
13.66.139.114 - - [01/Dec/2020:23:13:18 +0100] "GET /lovastanya/images/telek/09lakohaz.jpg HTTP/1.1" 200 67493 "-" "Mozilla/5.0 (compatible; bingbot/2.0; +http://www.bing.com/bingbot.htm)"
216.18.204.202 - - [01/Dec/2020:23:15:04 +0100] "GET /content/aktu%C3%A1lis-esem%C3%A9nyek-gy%C5%B1r%C5%B1f%C5%B1n HTTP/1.1" 200 17005 "http://gyurufu.hu/" "Mozilla/5.0 (compatible; Adsbot/3.1)"
216.18.204.202 - - [01/Dec/2020:23:15:57 +0100] "GET /content/t%C3%A1rsadalmi-tev%C3%A9kenys%C3%A9g-nemzetk%C3%B6zi-kapcsolatok HTTP/1.1" 200 19473 "http://gyurufu.hu/" "Mozilla/5.0 (compatible; Adsbot/3.1)"
216.18.204.202 - - [01/Dec/2020:23:16:53 +0100] "GET /content/l%C3%A1tnival%C3%B3k-gy%C5%B1r%C5%B1f%C5%B1n-%C3%A9s-k%C3%B6rny%C3%A9k%C3%A9n HTTP/1.1" 200 26040 "http://gyurufu.hu/" "Mozilla/5.0 (compatible; Adsbot/3.1)"
216.18.204.202 - - [01/Dec/2020:23:19:23 +0100] "GET /content/v%C3%A1lyog%C3%A9p%C3%ADt%C3%A9sz-t%C3%A1borok-%C3%A9s-szaktan%C3%A1csad%C3%A1s HTTP/1.1" 200 16850 "http://gyurufu.hu/" "Mozilla/5.0 (compatible; Adsbot/3.1)"
216.18.204.202 - - [01/Dec/2020:23:20:31 +0100] "GET /content/az-egyes%C3%BClet-c%C3%A9lja-%C3%A9s-k%C3%B6zhaszn%C3%BAs%C3%A1gi-jelent%C3%A9sei HTTP/1.1" 200 20410 "http://gyurufu.hu/" "Mozilla/5.0 (compatible; Adsbot/3.1)"
216.18.204.202 - - [01/Dec/2020:23:21:22 +0100] "GET /content/r%C3%A9gi-h%C3%ADrek-%C3%A9s-%C3%ADrott-dokumentumok-gy%C5%B1r%C5%B1f%C5%B1r%C5%91l HTTP/1.1" 200 22027 "http://gyurufu.hu/" "Mozilla/5.0 (compatible; Adsbot/3.1)"
216.18.204.202 - - [01/Dec/2020:23:22:36 +0100] "GET /content/lovastanya-vend%C3%A9gh%C3%A1z-falusi-sz%C3%A1ll%C3%A1shely-baranya-sz%C3%A1ll%C3%A1s-baranya-apartman-baranya-%C3%B6koturizmus HTTP/1.1" 200 18777 "http://gyurufu.hu/" "Mozilla/5.0 (compatible; Adsbot/3.1)"
216.18.204.202 - - [01/Dec/2020:23:23:05 +0100] "GET /lovastanya/index.html HTTP/1.1" 200 1449 "http://www.gyurufu.hu/" "Mozilla/5.0 (compatible; Adsbot/3.1)"
185.191.171.1 - - [01/Dec/2020:23:25:00 +0100] "GET /content/v%C3%A1lyog%C3%A9p%C3%ADt%C3%A9sz-t%C3%A1borok-%C3%A9s-szaktan%C3%A1csad%C3%A1s?destination=node%2F50 HTTP/1.1" 200 16850 "-" "Mozilla/5.0 (compatible; SemrushBot/7~bl; +http://www.semrush.com/bot.html)"
13.66.139.125 - - [01/Dec/2020:23:46:05 +0100] "GET /content/images/megye260.jpg HTTP/1.1" 200 11536 "-" "Mozilla/5.0 (compatible; bingbot/2.0; +http://www.bing.com/bingbot.htm)"
66.249.79.77 - - [01/Dec/2020:23:51:15 +0100] "GET /content/v%C3%ADzgazd%C3%A1lkod%C3%A1s HTTP/1.1" 200 20152 "-" "Mozilla/5.0 (Linux; Android 6.0.1; Nexus 5X Build/MMB29P) AppleWebKit/537.36 (KHTML, like Gecko) Chrome/86.0.4240.96 Mobile Safari/537.36 (compatible; Googlebot/2.1; +http://www.google.com/bot.html)"
66.249.79.75 - - [02/Dec/2020:00:00:15 +0100] "GET /content/kezdetekt%C5%91l-mostan%C3%A1ig HTTP/1.1" 200 22292 "-" "Mozilla/5.0 (Linux; Android 6.0.1; Nexus 5X Build/MMB29P) AppleWebKit/537.36 (KHTML, like Gecko) Chrome/86.0.4240.96 Mobile Safari/537.36 (compatible; Googlebot/2.1; +http://www.google.com/bot.html)"
185.191.171.5 - - [02/Dec/2020:00:07:25 +0100] "GET /robots.txt HTTP/1.1" 200 1627 "-" "Mozilla/5.0 (compatible; SemrushBot/7~bl; +http://www.semrush.com/bot.html)"
185.191.171.43 - - [02/Dec/2020:00:07:27 +0100] "GET /content/lovastanya-vend%C3%A9gh%C3%A1z-falusi-sz%C3%A1ll%C3%A1shely-baranya-sz%C3%A1ll%C3%A1s-baranya-apartman-baranya-%C3%B6koturizmus?destination=node%2F169 HTTP/1.1" 200 18777 "-" "Mozilla/5.0 (compatible; SemrushBot/7~bl; +http://www.semrush.com/bot.html)"
66.249.79.77 - - [02/Dec/2020:00:09:15 +0100] "GET /content/v%C3%A1lyog%C3%A9p%C3%ADt%C3%A9sz-t%C3%A1borok-%C3%A9s-szaktan%C3%A1csad%C3%A1s HTTP/1.1" 200 16850 "-" "Mozilla/5.0 (Linux; Android 6.0.1; Nexus 5X Build/MMB29P) AppleWebKit/537.36 (KHTML, like Gecko) Chrome/86.0.4240.96 Mobile Safari/537.36 (compatible; Googlebot/2.1; +http://www.google.com/bot.html)"
66.249.79.73 - - [02/Dec/2020:00:13:45 +0100] "GET /content/gy%C5%B1r%C5%B1f%C5%B1-lak%C3%B3i HTTP/1.1" 200 17910 "-" "Mozilla/5.0 (Linux; Android 6.0.1; Nexus 5X Build/MMB29P) AppleWebKit/537.36 (KHTML, like Gecko) Chrome/86.0.4240.96 Mobile Safari/537.36 (compatible; Googlebot/2.1; +http://www.google.com/bot.html)"
68.183.104.51 - - [02/Dec/2020:00:16:17 +0100] "GET / HTTP/1.0" 200 19598 "http://gyurufu.hu/" "Mozilla/4.0 (compatible; MSIE 8.0; Windows NT 5.1; Trident/4.0; .NET CLR 2.0.50727; .NET CLR 3.0.4506.2152; .NET CLR 3.5.30729; InfoPath.1; .NET CLR 1.1.4322; .NET4.0C; .NET4.0E)"
68.183.104.51 - - [02/Dec/2020:00:16:17 +0100] "GET / HTTP/1.0" 200 19598 "http://gyurufu.hu/" "Mozilla/4.0 (compatible; MSIE 8.0; Windows NT 5.1; Trident/4.0; .NET CLR 2.0.50727; .NET CLR 3.0.4506.2152; .NET CLR 3.5.30729; InfoPath.1; .NET CLR 1.1.4322; .NET4.0C; .NET4.0E)"
66.249.79.73 - - [02/Dec/2020:00:22:54 +0100] "GET /content/egyes%C3%BClet HTTP/1.1" 200 18424 "-" "Mozilla/5.0 (Linux; Android 6.0.1; Nexus 5X Build/MMB29P) AppleWebKit/537.36 (KHTML, like Gecko) Chrome/86.0.4240.96 Mobile Safari/537.36 (compatible; Googlebot/2.1; +http://www.google.com/bot.html)"
66.249.79.75 - - [02/Dec/2020:00:27:22 +0100] "GET / HTTP/1.1" 200 19615 "-" "Mozilla/5.0 (compatible; Googlebot/2.1; +http://www.google.com/bot.html)"
185.191.171.8 - - [02/Dec/2020:00:29:45 +0100] "GET /content/megk%C3%B6zel%C3%ADt%C3%A9s?destination=node%2F20 HTTP/1.1" 200 21815 "-" "Mozilla/5.0 (compatible; SemrushBot/7~bl; +http://www.semrush.com/bot.html)"
114.119.147.246 - - [02/Dec/2020:00:35:31 +0100] "GET /content/term%C3%A9kek-szolg%C3%A1ltat%C3%A1sok HTTP/1.1" 200 17753 "-" "Mozilla/5.0 (Linux; Android 7.0;) AppleWebKit/537.36 (KHTML, like Gecko) Mobile Safari/537.36 (compatible; PetalBot;+https://aspiegel.com/petalbot)"
54.36.148.211 - - [02/Dec/2020:00:36:07 +0100] "GET /content/bioterm%C3%A9kek HTTP/1.1" 200 16713 "-" "Mozilla/5.0 (compatible; AhrefsBot/7.0; +http://ahrefs.com/robot/)"
213.180.203.115 - - [02/Dec/2020:00:38:49 +0100] "GET /robots.txt HTTP/1.1" 200 1627 "-" "Mozilla/5.0 (compatible; YandexBot/3.0; +http://yandex.com/bots)"
5.255.231.195 - - [02/Dec/2020:00:38:49 +0100] "GET /robots.txt HTTP/1.1" 200 1627 "-" "Mozilla/5.0 (compatible; YandexBot/3.0; +http://yandex.com/bots)"
213.180.203.115 - - [02/Dec/2020:00:38:53 +0100] "GET / HTTP/1.1" 200 19615 "-" "Mozilla/5.0 (compatible; YandexBot/3.0; +http://yandex.com/bots)"
5.255.231.195 - - [02/Dec/2020:00:38:53 +0100] "GET / HTTP/1.1" 200 19611 "-" "Mozilla/5.0 (compatible; YandexBot/3.0; +http://yandex.com/bots)"
216.18.204.202 - - [02/Dec/2020:00:46:55 +0100] "GET /lovastanya/index.html HTTP/1.1" 200 1449 "http://www.gyurufu.hu/" "Mozilla/5.0 (compatible; Adsbot/3.1)"
185.191.171.40 - - [02/Dec/2020:00:53:37 +0100] "GET /robots.txt HTTP/1.1" 200 1627 "-" "Mozilla/5.0 (compatible; SemrushBot/7~bl; +http://www.semrush.com/bot.html)"
185.191.171.4 - - [02/Dec/2020:00:53:38 +0100] "GET /content/v%C3%A1llalkoz%C3%A1sok?destination=node%2F38 HTTP/1.1" 200 17563 "-" "Mozilla/5.0 (compatible; SemrushBot/7~bl; +http://www.semrush.com/bot.html)"
148.251.143.210 - - [02/Dec/2020:00:56:05 +0100] "GET / HTTP/1.1" 200 19611 "-" "Mozilla/5.0 (Windows NT 10.0; Win64; x64) AppleWebKit/537.36 (KHTML, like Gecko) Chrome/72.0.3626.121 Safari/537.36"
37.76.18.224 - - [02/Dec/2020:01:13:01 +0100] "GET /lovastanya/ HTTP/1.1" 200 1461 "-" "Mozilla/5.0 (iPhone; CPU iPhone OS 12_4_9 like Mac OS X) AppleWebKit/605.1.15 (KHTML, like Gecko) Version/12.1.2 Mobile/15E148 Safari/604.1"
37.76.18.224 - - [02/Dec/2020:01:13:02 +0100] "GET /apple-touch-icon-120x120-precomposed.png HTTP/1.1" 404 4562 "-" "MobileSafari/604.1 CFNetwork/978.0.7 Darwin/18.7.0"
37.76.18.224 - - [02/Dec/2020:01:13:02 +0100] "GET /apple-touch-icon-120x120.png HTTP/1.1" 404 4562 "-" "MobileSafari/604.1 CFNetwork/978.0.7 Darwin/18.7.0"
37.76.18.224 - - [02/Dec/2020:01:13:03 +0100] "GET /apple-touch-icon-precomposed.png HTTP/1.1" 404 4562 "-" "MobileSafari/604.1 CFNetwork/978.0.7 Darwin/18.7.0"
37.76.18.224 - - [02/Dec/2020:01:13:03 +0100] "GET /apple-touch-icon.png HTTP/1.1" 404 4562 "-" "MobileSafari/604.1 CFNetwork/978.0.7 Darwin/18.7.0"
37.76.18.224 - - [02/Dec/2020:01:13:03 +0100] "GET /favicon.ico HTTP/1.1" 404 57 "-" "MobileSafari/604.1 CFNetwork/978.0.7 Darwin/18.7.0"
37.76.18.224 - - [02/Dec/2020:01:13:03 +0100] "GET /apple-touch-icon-120x120-precomposed.png HTTP/1.1" 404 4562 "-" "MobileSafari/604.1 CFNetwork/978.0.7 Darwin/18.7.0"
37.76.18.224 - - [02/Dec/2020:01:13:04 +0100] "GET /apple-touch-icon-120x120.png HTTP/1.1" 404 4562 "-" "MobileSafari/604.1 CFNetwork/978.0.7 Darwin/18.7.0"
37.76.18.224 - - [02/Dec/2020:01:13:04 +0100] "GET /apple-touch-icon-precomposed.png HTTP/1.1" 404 4562 "-" "MobileSafari/604.1 CFNetwork/978.0.7 Darwin/18.7.0"
37.76.18.224 - - [02/Dec/2020:01:13:04 +0100] "GET /apple-touch-icon.png HTTP/1.1" 404 4562 "-" "MobileSafari/604.1 CFNetwork/978.0.7 Darwin/18.7.0"
37.76.18.224 - - [02/Dec/2020:01:13:05 +0100] "GET /favicon.ico HTTP/1.1" 404 57 "-" "MobileSafari/604.1 CFNetwork/978.0.7 Darwin/18.7.0"
40.77.167.22 - - [02/Dec/2020:01:16:19 +0100] "GET /lovastanya/szolgaltatas.html HTTP/1.1" 200 4643 "-" "Mozilla/5.0 (compatible; bingbot/2.0; +http://www.bing.com/bingbot.htm)"
66.249.79.85 - - [02/Dec/2020:01:25:53 +0100] "GET /content/szent-l%C3%A1szl%C3%B3-tan%C3%B6sv%C3%A9ny HTTP/1.1" 200 20370 "-" "Mozilla/5.0 (Linux; Android 6.0.1; Nexus 5X Build/MMB29P) AppleWebKit/537.36 (KHTML, like Gecko) Chrome/86.0.4240.96 Mobile Safari/537.36 (compatible; Googlebot/2.1; +http://www.google.com/bot.html)"
216.18.204.202 - - [02/Dec/2020:01:27:10 +0100] "GET /lovastanya/index.html HTTP/1.1" 200 1449 "http://www.gyurufu.hu/" "Mozilla/5.0 (compatible; Adsbot/3.1)"
216.18.204.202 - - [02/Dec/2020:01:27:42 +0100] "GET /erdeiiskola/index.html HTTP/1.1" 200 942 "http://www.gyurufu.hu/" "Mozilla/5.0 (compatible; Adsbot/3.1)"
216.18.204.202 - - [02/Dec/2020:01:32:59 +0100] "GET / HTTP/1.1" 200 19615 "-" "Mozilla/5.0 (compatible; Adsbot/3.1)"
216.18.204.202 - - [02/Dec/2020:01:39:52 +0100] "GET /content/energia HTTP/1.1" 200 19605 "http://www.gyurufu.hu/" "Mozilla/5.0 (compatible; Adsbot/3.1)"
66.249.79.85 - - [02/Dec/2020:01:52:51 +0100] "GET / HTTP/1.1" 200 19615 "-" "Mozilla/5.0 (Linux; Android 6.0.1; Nexus 5X Build/MMB29P) AppleWebKit/537.36 (KHTML, like Gecko) Chrome/86.0.4240.96 Mobile Safari/537.36 (compatible; Googlebot/2.1; +http://www.google.com/bot.html)"
13.66.139.125 - - [02/Dec/2020:01:53:34 +0100] "GET /content/egyes%C3%BClet HTTP/1.1" 200 18424 "-" "Mozilla/5.0 (compatible; bingbot/2.0; +http://www.bing.com/bingbot.htm)"
17.58.101.26 - - [02/Dec/2020:01:58:19 +0100] "GET /robots.txt HTTP/1.1" 200 1627 "-" "Mozilla/5.0 (Macintosh; Intel Mac OS X 10_15_5) AppleWebKit/605.1.15 (KHTML, like Gecko) Version/13.1.1 Safari/605.1.15 (Applebot/0.1; +http://www.apple.com/go/applebot)"
17.58.98.123 - - [02/Dec/2020:01:58:20 +0100] "GET /content/%C3%A9p%C3%ADt%C3%A9szet HTTP/1.1" 200 19270 "-" "Mozilla/5.0 (Macintosh; Intel Mac OS X 10_15_5) AppleWebKit/605.1.15 (KHTML, like Gecko) Version/13.1.1 Safari/605.1.15 (Applebot/0.1; +http://www.apple.com/go/applebot)"
40.77.167.13 - - [02/Dec/2020:02:13:46 +0100] "GET /content/szent-l%C3%A1szl%C3%B3-tan%C3%B6sv%C3%A9ny HTTP/1.1" 200 20370 "-" "Mozilla/5.0 (compatible; bingbot/2.0; +http://www.bing.com/bingbot.htm)"
159.69.45.202 - - [02/Dec/2020:02:32:43 +0100] "GET /robots.txt HTTP/1.1" 200 1627 "-" "Mozilla/5.0 (compatible; um-IC/1.0; mailto: techinfo@ubermetrics-technologies.com; Windows NT 6.1; WOW64; rv:40.0) Gecko/20100101 Firefox/40.1"
159.69.45.202 - - [02/Dec/2020:02:32:45 +0100] "GET /rss.xml HTTP/1.1" 200 3891 "-" "Mozilla/5.0 (compatible; um-IC/1.0; mailto: techinfo@ubermetrics-technologies.com; Windows NT 6.1; WOW64; rv:40.0) Gecko/20100101 Firefox/40.1"
37.76.18.224 - - [02/Dec/2020:02:38:23 +0100] "GET /lovastanya/ HTTP/1.1" 200 1461 "-" "Mozilla/5.0 (iPhone; CPU iPhone OS 12_4_9 like Mac OS X) AppleWebKit/605.1.15 (KHTML, like Gecko) Version/12.1.2 Mobile/15E148 Safari/604.1"
37.76.18.224 - - [02/Dec/2020:02:38:24 +0100] "GET /apple-touch-icon-120x120-precomposed.png HTTP/1.1" 404 4562 "-" "MobileSafari/604.1 CFNetwork/978.0.7 Darwin/18.7.0"
37.76.18.224 - - [02/Dec/2020:02:38:24 +0100] "GET /apple-touch-icon-120x120.png HTTP/1.1" 404 4562 "-" "MobileSafari/604.1 CFNetwork/978.0.7 Darwin/18.7.0"
37.76.18.224 - - [02/Dec/2020:02:38:25 +0100] "GET /apple-touch-icon-precomposed.png HTTP/1.1" 404 4562 "-" "MobileSafari/604.1 CFNetwork/978.0.7 Darwin/18.7.0"
37.76.18.224 - - [02/Dec/2020:02:38:25 +0100] "GET /apple-touch-icon.png HTTP/1.1" 404 4562 "-" "MobileSafari/604.1 CFNetwork/978.0.7 Darwin/18.7.0"
37.76.18.224 - - [02/Dec/2020:02:38:26 +0100] "GET /favicon.ico HTTP/1.1" 404 57 "-" "MobileSafari/604.1 CFNetwork/978.0.7 Darwin/18.7.0"
37.76.18.224 - - [02/Dec/2020:02:38:26 +0100] "GET /apple-touch-icon-120x120-precomposed.png HTTP/1.1" 404 4562 "-" "MobileSafari/604.1 CFNetwork/978.0.7 Darwin/18.7.0"
37.76.18.224 - - [02/Dec/2020:02:38:26 +0100] "GET /apple-touch-icon-120x120.png HTTP/1.1" 404 4562 "-" "MobileSafari/604.1 CFNetwork/978.0.7 Darwin/18.7.0"
37.76.18.224 - - [02/Dec/2020:02:38:27 +0100] "GET /apple-touch-icon-precomposed.png HTTP/1.1" 404 4562 "-" "MobileSafari/604.1 CFNetwork/978.0.7 Darwin/18.7.0"
37.76.18.224 - - [02/Dec/2020:02:38:28 +0100] "GET /apple-touch-icon.png HTTP/1.1" 404 4562 "-" "MobileSafari/604.1 CFNetwork/978.0.7 Darwin/18.7.0"
37.76.18.224 - - [02/Dec/2020:02:38:28 +0100] "GET /favicon.ico HTTP/1.1" 404 57 "-" "MobileSafari/604.1 CFNetwork/978.0.7 Darwin/18.7.0"
13.66.139.125 - - [02/Dec/2020:02:41:24 +0100] "GET /content/gy%C5%B1r%C5%B1f%C5%B1-m%C5%B1hely-kft HTTP/1.1" 200 17788 "-" "Mozilla/5.0 (compatible; bingbot/2.0; +http://www.bing.com/bingbot.htm)"
40.77.167.13 - - [02/Dec/2020:03:00:50 +0100] "GET /erdeiiskola/images/termeszet/kornyezeti.jpg HTTP/1.1" 304 - "-" "Mozilla/5.0 (compatible; bingbot/2.0; +http://www.bing.com/bingbot.htm)"
66.249.79.73 - - [02/Dec/2020:03:04:46 +0100] "GET /lovastanya/images/lovak/Data/page.htm?7,0 HTTP/1.1" 304 - "-" "Mozilla/5.0 (Linux; Android 6.0.1; Nexus 5X Build/MMB29P) AppleWebKit/537.36 (KHTML, like Gecko) Chrome/86.0.4240.96 Mobile Safari/537.36 (compatible; Googlebot/2.1; +http://www.google.com/bot.html)"
52.16.88.52 - - [02/Dec/2020:03:09:15 +0100] "GET / HTTP/1.1" 200 19611 "-" "Mozilla/5.0 (Macintosh; Intel Mac OS X 10.15; rv:82.0) Gecko/20100101 Firefox/82.0"
52.16.88.52 - - [02/Dec/2020:03:09:16 +0100] "GET /content/t%C3%A1rsadalmi-tev%C3%A9kenys%C3%A9g-nemzetk%C3%B6zi-kapcsolatok HTTP/1.1" 200 19473 "http://gyurufu.hu" "Mozilla/5.0 (Macintosh; Intel Mac OS X 10.15; rv:82.0) Gecko/20100101 Firefox/82.0"
52.16.88.52 - - [02/Dec/2020:03:09:16 +0100] "GET /content/kapcsolatok HTTP/1.1" 200 18059 "http://gyurufu.hu" "Mozilla/5.0 (Macintosh; Intel Mac OS X 10.15; rv:82.0) Gecko/20100101 Firefox/82.0"
40.77.188.226 - - [02/Dec/2020:03:15:38 +0100] "GET /modules/nice_menus/nice_menus.css?g HTTP/1.1" 200 3607 "-" "Mozilla/5.0 (Windows NT 6.1; WOW64) AppleWebKit/534+ (KHTML, like Gecko) BingPreview/1.0b"
40.77.188.209 - - [02/Dec/2020:03:15:38 +0100] "GET /modules/system/system.css?g HTTP/1.1" 200 10020 "-" "Mozilla/5.0 (Windows NT 6.1; WOW64) AppleWebKit/534+ (KHTML, like Gecko) BingPreview/1.0b"
40.77.167.12 - - [02/Dec/2020:03:15:44 +0100] "GET /robots.txt HTTP/1.1" 200 1627 "-" "Mozilla/5.0 (compatible; bingbot/2.0; +http://www.bing.com/bingbot.htm)"
13.66.139.136 - - [02/Dec/2020:03:31:24 +0100] "GET /lovastanya/images/telek/10ijaszpalya.jpg HTTP/1.1" 200 79901 "-" "Mozilla/5.0 (compatible; bingbot/2.0; +http://www.bing.com/bingbot.htm)"
92.63.111.27 - - [02/Dec/2020:03:31:37 +0100] "GET / HTTP/1.1" 200 18772 "-" "Internet-structure-research-project-bot"
185.191.171.25 - - [02/Dec/2020:03:37:07 +0100] "GET /robots.txt HTTP/1.1" 200 1627 "-" "Mozilla/5.0 (compatible; SemrushBot/7~bl; +http://www.semrush.com/bot.html)"
185.191.171.36 - - [02/Dec/2020:03:37:08 +0100] "GET /content/bioterm%C3%A9kek HTTP/1.1" 200 16713 "-" "Mozilla/5.0 (compatible; SemrushBot/7~bl; +http://www.semrush.com/bot.html)"
114.119.152.70 - - [02/Dec/2020:03:42:40 +0100] "GET /content/gy%C5%B1r%C5%B1f%C5%B1-lak%C3%B3i HTTP/1.1" 200 17910 "-" "Mozilla/5.0 (Linux; Android 7.0;) AppleWebKit/537.36 (KHTML, like Gecko) Mobile Safari/537.36 (compatible; PetalBot;+https://aspiegel.com/petalbot)"
66.249.79.77 - - [02/Dec/2020:03:58:51 +0100] "GET /lovastanya/vendeghaz.html HTTP/1.1" 304 - "-" "Mozilla/5.0 (Linux; Android 6.0.1; Nexus 5X Build/MMB29P) AppleWebKit/537.36 (KHTML, like Gecko) Chrome/86.0.4240.96 Mobile Safari/537.36 (compatible; Googlebot/2.1; +http://www.google.com/bot.html)"
37.76.18.224 - - [02/Dec/2020:04:02:58 +0100] "GET /lovastanya/ HTTP/1.1" 200 1461 "-" "Mozilla/5.0 (iPhone; CPU iPhone OS 12_4_9 like Mac OS X) AppleWebKit/605.1.15 (KHTML, like Gecko) Version/12.1.2 Mobile/15E148 Safari/604.1"
37.76.18.224 - - [02/Dec/2020:04:02:59 +0100] "GET /apple-touch-icon-120x120-precomposed.png HTTP/1.1" 404 4562 "-" "MobileSafari/604.1 CFNetwork/978.0.7 Darwin/18.7.0"
37.76.18.224 - - [02/Dec/2020:04:02:59 +0100] "GET /apple-touch-icon-120x120.png HTTP/1.1" 404 4562 "-" "MobileSafari/604.1 CFNetwork/978.0.7 Darwin/18.7.0"
37.76.18.224 - - [02/Dec/2020:04:03:00 +0100] "GET /apple-touch-icon-precomposed.png HTTP/1.1" 404 4562 "-" "MobileSafari/604.1 CFNetwork/978.0.7 Darwin/18.7.0"
37.76.18.224 - - [02/Dec/2020:04:03:00 +0100] "GET /apple-touch-icon.png HTTP/1.1" 404 4562 "-" "MobileSafari/604.1 CFNetwork/978.0.7 Darwin/18.7.0"
37.76.18.224 - - [02/Dec/2020:04:03:00 +0100] "GET /favicon.ico HTTP/1.1" 404 57 "-" "MobileSafari/604.1 CFNetwork/978.0.7 Darwin/18.7.0"
37.76.18.224 - - [02/Dec/2020:04:03:01 +0100] "GET /apple-touch-icon-120x120-precomposed.png HTTP/1.1" 404 4562 "-" "MobileSafari/604.1 CFNetwork/978.0.7 Darwin/18.7.0"
37.76.18.224 - - [02/Dec/2020:04:03:01 +0100] "GET /apple-touch-icon-120x120.png HTTP/1.1" 404 4562 "-" "MobileSafari/604.1 CFNetwork/978.0.7 Darwin/18.7.0"
37.76.18.224 - - [02/Dec/2020:04:03:01 +0100] "GET /apple-touch-icon-precomposed.png HTTP/1.1" 404 4562 "-" "MobileSafari/604.1 CFNetwork/978.0.7 Darwin/18.7.0"
37.76.18.224 - - [02/Dec/2020:04:03:02 +0100] "GET /apple-touch-icon.png HTTP/1.1" 404 4562 "-" "MobileSafari/604.1 CFNetwork/978.0.7 Darwin/18.7.0"
37.76.18.224 - - [02/Dec/2020:04:03:02 +0100] "GET /favicon.ico HTTP/1.1" 404 57 "-" "MobileSafari/604.1 CFNetwork/978.0.7 Darwin/18.7.0"
157.55.39.169 - - [02/Dec/2020:04:03:11 +0100] "GET /lovastanya/images/lovak/Data/page.htm HTTP/1.1" 304 - "-" "Mozilla/5.0 (compatible; bingbot/2.0; +http://www.bing.com/bingbot.htm)"
103.27.76.118 - - [02/Dec/2020:04:17:02 +0100] "GET / HTTP/1.1" 200 18776 "http://www.gyurufu.hu" "Mozilla/5.0 (Macintosh; Intel Mac OS X 10_11_6) AppleWebKit/537.36 (KHTML, like Gecko) Chrome/66.0.3359.139 Safari/537.36"
103.27.76.118 - - [02/Dec/2020:04:17:03 +0100] "GET /?q=node/add HTTP/1.1" 403 15443 "http://www.gyurufu.hu" "Mozilla/5.0 (Macintosh; Intel Mac OS X 10_11_6) AppleWebKit/537.36 (KHTML, like Gecko) Chrome/66.0.3359.139 Safari/537.36"
103.27.76.118 - - [02/Dec/2020:04:17:04 +0100] "GET /?q=user HTTP/1.1" 200 15408 "http://www.gyurufu.hu/" "Mozilla/5.0 (Macintosh; Intel Mac OS X 10_11_6) AppleWebKit/537.36 (KHTML, like Gecko) Chrome/66.0.3359.139 Safari/537.36"
103.27.76.118 - - [02/Dec/2020:04:17:05 +0100] "POST /?q=user HTTP/1.1" 200 15597 "http://www.gyurufu.hu/?q=user" "Mozilla/5.0 (Macintosh; Intel Mac OS X 10_11_6) AppleWebKit/537.36 (KHTML, like Gecko) Chrome/66.0.3359.139 Safari/537.36"
103.27.76.118 - - [02/Dec/2020:04:17:07 +0100] "POST /?q=user HTTP/1.1" 200 15597 "http://www.gyurufu.hu/?q=user" "Mozilla/5.0 (Macintosh; Intel Mac OS X 10_11_6) AppleWebKit/537.36 (KHTML, like Gecko) Chrome/66.0.3359.139 Safari/537.36"
216.18.204.202 - - [02/Dec/2020:04:17:36 +0100] "GET /lovastanya/ HTTP/1.1" 200 1461 "http://www.gyurufu.hu/" "Mozilla/5.0 (compatible; Adsbot/3.1)"
114.119.136.245 - - [02/Dec/2020:04:17:48 +0100] "GET /robots.txt HTTP/1.1" 200 1627 "-" "(compatible;PetalBot;+https://aspiegel.com/petalbot)"
45.249.91.180 - - [02/Dec/2020:04:19:06 +0100] "GET / HTTP/1.1" 200 19615 "-" "Mozilla/4.0 (compatible; MSIE 5.0; Windows NT; DigExt; DTS Agent"
66.249.79.77 - - [02/Dec/2020:04:30:24 +0100] "GET /content/alap%C3%ADtv%C3%A1ny-egyes%C3%BClet HTTP/1.1" 200 18654 "-" "Mozilla/5.0 (Linux; Android 6.0.1; Nexus 5X Build/MMB29P) AppleWebKit/537.36 (KHTML, like Gecko) Chrome/86.0.4240.96 Mobile Safari/537.36 (compatible; Googlebot/2.1; +http://www.google.com/bot.html)"
207.46.13.220 - - [02/Dec/2020:04:39:37 +0100] "GET /robots.txt HTTP/1.1" 200 1627 "-" "Mozilla/5.0 (compatible; bingbot/2.0; +http://www.bing.com/bingbot.htm)"
13.66.139.125 - - [02/Dec/2020:04:39:41 +0100] "GET /lovastanya/images/telek/13lokaram.jpg HTTP/1.1" 200 63316 "-" "Mozilla/5.0 (compatible; bingbot/2.0; +http://www.bing.com/bingbot.htm)"
13.66.139.125 - - [02/Dec/2020:04:50:22 +0100] "GET /lovastanya/images/vasut.jpg HTTP/1.1" 200 40416 "-" "Mozilla/5.0 (compatible; bingbot/2.0; +http://www.bing.com/bingbot.htm)"
40.77.167.12 - - [02/Dec/2020:05:06:16 +0100] "GET /user/login HTTP/1.1" 200 16250 "-" "Mozilla/5.0 (compatible; bingbot/2.0; +http://www.bing.com/bingbot.htm)"
66.249.79.75 - - [02/Dec/2020:05:24:24 +0100] "GET /content/leteleped%C3%A9s HTTP/1.1" 200 17070 "-" "Mozilla/5.0 (Linux; Android 6.0.1; Nexus 5X Build/MMB29P) AppleWebKit/537.36 (KHTML, like Gecko) Chrome/86.0.4240.96 Mobile Safari/537.36 (compatible; Googlebot/2.1; +http://www.google.com/bot.html)"
8.29.198.27 - - [02/Dec/2020:05:29:54 +0100] "GET /rss.xml HTTP/1.1" 200 3891 "-" "Feedly/1.0 (+http://www.feedly.com/fetcher.html; 1 subscribers; like FeedFetcher-Google)"
54.164.139.28 - - [02/Dec/2020:05:33:18 +0100] "GET /rss.xml HTTP/1.1" 200 3891 "https://www.google.com/" "Mozilla/5.0 (Windows NT 6.1) AppleWebKit/537.36 (KHTML, like Gecko) Chrome/80.0.3987.132 Safari/537.36"
54.36.148.55 - - [02/Dec/2020:05:38:44 +0100] "GET /content/gy%C5%B1r%C5%B1f%C5%B1%C3%A9rt-nonprofit-kft HTTP/1.1" 200 20898 "-" "Mozilla/5.0 (compatible; AhrefsBot/7.0; +http://ahrefs.com/robot/)"
5.255.231.195 - - [02/Dec/2020:05:48:36 +0100] "GET /robots.txt HTTP/1.1" 200 1627 "-" "Mozilla/5.0 (compatible; YandexBot/3.0; +http://yandex.com/bots)"
5.255.231.195 - - [02/Dec/2020:05:48:41 +0100] "GET /content/r%C3%A9sz%C3%B6nkorm%C3%A1nyzat HTTP/1.1" 200 16543 "-" "Mozilla/5.0 (compatible; YandexBot/3.0; +http://yandex.com/bots)"
13.66.139.114 - - [02/Dec/2020:05:48:59 +0100] "GET /content/az-egyes%C3%BClet-c%C3%A9lja-%C3%A9s-k%C3%B6zhaszn%C3%BAs%C3%A1gi-jelent%C3%A9sei HTTP/1.1" 200 20410 "-" "Mozilla/5.0 (compatible; bingbot/2.0; +http://www.bing.com/bingbot.htm)"
114.119.132.58 - - [02/Dec/2020:05:55:03 +0100] "GET /content/term%C3%A9kek-szolg%C3%A1ltat%C3%A1sok HTTP/1.1" 200 17753 "-" "Mozilla/5.0 (Linux; Android 7.0;) AppleWebKit/537.36 (KHTML, like Gecko) Mobile Safari/537.36 (compatible; PetalBot;+https://aspiegel.com/petalbot)"
66.249.93.70 - - [02/Dec/2020:06:03:30 +0100] "GET / HTTP/1.1" 200 19615 "-" "Mozilla/5.0 (X11; Linux x86_64) AppleWebKit/537.36 (KHTML, like Gecko) Chrome/49.0.2623.75 Safari/537.36 Google Favicon"
66.249.93.72 - - [02/Dec/2020:06:03:30 +0100] "GET /favicon.ico HTTP/1.1" 404 57 "-" "Mozilla/5.0 (X11; Linux x86_64) AppleWebKit/537.36 (KHTML, like Gecko) Chrome/49.0.2623.75 Safari/537.36 Google Favicon"
198.143.129.162 - - [02/Dec/2020:06:03:57 +0100] "GET / HTTP/1.1" 200 19611 "-" "Mozilla/5.0 (Windows NT 10.0; WOW64) AppleWebKit/537.36 (KHTML, like Gecko) Chrome/66.0.3359.117 Safari/537.36"
40.77.167.12 - - [02/Dec/2020:06:11:26 +0100] "GET /content/gy%C5%B1r%C5%B1f%C5%B1-t%C3%A1voli-m%C3%BAltja HTTP/1.1" 200 26711 "-" "Mozilla/5.0 (compatible; bingbot/2.0; +http://www.bing.com/bingbot.htm)"
40.77.167.39 - - [02/Dec/2020:06:17:04 +0100] "GET /content/alap%C3%ADtv%C3%A1ny-egyes%C3%BClet HTTP/1.1" 200 18654 "-" "Mozilla/5.0 (compatible; bingbot/2.0; +http://www.bing.com/bingbot.htm)"
185.191.171.38 - - [02/Dec/2020:06:17:44 +0100] "GET /robots.txt HTTP/1.1" 200 1627 "-" "Mozilla/5.0 (compatible; SemrushBot/7~bl; +http://www.semrush.com/bot.html)"
185.191.171.5 - - [02/Dec/2020:06:17:45 +0100] "GET /content/friss-h%C3%ADrek-gy%C5%B1r%C5%B1f%C5%B1r%C5%91l?destination=node%2F48 HTTP/1.1" 200 17259 "-" "Mozilla/5.0 (compatible; SemrushBot/7~bl; +http://www.semrush.com/bot.html)"
195.56.55.225 - - [02/Dec/2020:06:22:27 +0100] "GET /admin/reports/request-test HTTP/1.0" 200 12 "-" "Drupal (+http://drupal.org/)"
185.220.102.244 - - [02/Dec/2020:06:22:27 +0100] "POST /xmlrpc.php HTTP/1.0" 200 380 "-" "Mozilla/5.0 (Macintosh; Intel Mac OS X 10_13_3) AppleWebKit/604.5.6 (KHTML, like Gecko) Version/11.0.3 Safari/604.5.6"
66.249.79.77 - - [02/Dec/2020:06:36:23 +0100] "GET /content/gy%C5%B1r%C5%B1f%C5%B1-t%C3%A1voli-m%C3%BAltja HTTP/1.1" 200 26711 "-" "Mozilla/5.0 (Linux; Android 6.0.1; Nexus 5X Build/MMB29P) AppleWebKit/537.36 (KHTML, like Gecko) Chrome/86.0.4240.96 Mobile Safari/537.36 (compatible; Googlebot/2.1; +http://www.google.com/bot.html)"
193.142.146.202 - - [02/Dec/2020:06:36:45 +0100] "GET /wp-login.php HTTP/1.1" 404 4562 "-" "Mozilla/5.0 (compatible; MSIE 9.0; Windows NT 6.1; Trident/5.0)"
114.119.135.223 - - [02/Dec/2020:06:37:59 +0100] "GET /content/megk%C3%B6zel%C3%ADt%C3%A9s HTTP/1.1" 200 21815 "-" "Mozilla/5.0 (Linux; Android 7.0;) AppleWebKit/537.36 (KHTML, like Gecko) Mobile Safari/537.36 (compatible; PetalBot;+https://aspiegel.com/petalbot)"
157.55.39.110 - - [02/Dec/2020:06:44:28 +0100] "GET /lovastanya/pan_telek.html HTTP/1.1" 304 - "-" "Mozilla/5.0 (compatible; bingbot/2.0; +http://www.bing.com/bingbot.htm)"
13.66.139.85 - - [02/Dec/2020:07:14:39 +0100] "GET /content/az-egyes%C3%BClet-c%C3%A9lja-%C3%A9s-k%C3%B6zhaszn%C3%BAs%C3%A1gi-jelent%C3%A9sei HTTP/1.1" 200 20410 "-" "Mozilla/5.0 (compatible; bingbot/2.0; +http://www.bing.com/bingbot.htm)"
66.249.79.75 - - [02/Dec/2020:07:21:24 +0100] "GET /content/gy%C5%B1r%C5%B1f%C5%B1-m%C5%B1hely-kft HTTP/1.1" 200 17788 "-" "Mozilla/5.0 (Linux; Android 6.0.1; Nexus 5X Build/MMB29P) AppleWebKit/537.36 (KHTML, like Gecko) Chrome/86.0.4240.96 Mobile Safari/537.36 (compatible; Googlebot/2.1; +http://www.google.com/bot.html)"
66.249.79.75 - - [02/Dec/2020:07:25:51 +0100] "GET /erdeiiskola/ HTTP/1.1" 200 954 "-" "Mozilla/5.0 (Linux; Android 6.0.1; Nexus 5X Build/MMB29P) AppleWebKit/537.36 (KHTML, like Gecko) Chrome/86.0.4240.96 Mobile Safari/537.36 (compatible; Googlebot/2.1; +http://www.google.com/bot.html)"
185.191.171.22 - - [02/Dec/2020:07:35:35 +0100] "GET /robots.txt HTTP/1.1" 200 1627 "-" "Mozilla/5.0 (compatible; SemrushBot/7~bl; +http://www.semrush.com/bot.html)"
185.191.171.10 - - [02/Dec/2020:07:35:38 +0100] "GET /content/erd%C5%91gazd%C3%A1lkod%C3%A1s HTTP/1.1" 200 18885 "-" "Mozilla/5.0 (compatible; SemrushBot/7~bl; +http://www.semrush.com/bot.html)"
66.249.79.77 - - [02/Dec/2020:07:39:21 +0100] "GET /content/gy%C5%B1r%C5%B1f%C5%B1%C3%A9rt-nonprofit-kft HTTP/1.1" 200 20898 "-" "Mozilla/5.0 (Linux; Android 6.0.1; Nexus 5X Build/MMB29P) AppleWebKit/537.36 (KHTML, like Gecko) Chrome/86.0.4240.96 Mobile Safari/537.36 (compatible; Googlebot/2.1; +http://www.google.com/bot.html)"
5.45.207.86 - - [02/Dec/2020:07:41:00 +0100] "GET /robots.txt HTTP/1.1" 200 1627 "-" "Mozilla/5.0 (compatible; YandexBot/3.0; +http://yandex.com/bots)"
5.45.207.86 - - [02/Dec/2020:07:41:04 +0100] "GET / HTTP/1.1" 200 19615 "-" "Mozilla/5.0 (compatible; YandexBot/3.0; +http://yandex.com/bots)"
40.77.167.39 - - [02/Dec/2020:07:41:22 +0100] "GET /lovastanya/images/vendeghaz/index.htm HTTP/1.1" 304 - "-" "Mozilla/5.0 (compatible; bingbot/2.0; +http://www.bing.com/bingbot.htm)"
185.191.171.21 - - [02/Dec/2020:07:43:43 +0100] "GET /robots.txt HTTP/1.1" 200 1627 "-" "Mozilla/5.0 (compatible; SemrushBot/7~bl; +http://www.semrush.com/bot.html)"
185.191.171.14 - - [02/Dec/2020:07:43:44 +0100] "GET /content/gy%C5%B1r%C5%B1f%C5%B1i-tal%C3%A1lkoz%C3%A1sok HTTP/1.1" 200 21494 "-" "Mozilla/5.0 (compatible; SemrushBot/7~bl; +http://www.semrush.com/bot.html)"
13.66.139.125 - - [02/Dec/2020:07:51:28 +0100] "GET /content/h%C3%ADrek-esem%C3%A9nyek HTTP/1.1" 200 16582 "-" "Mozilla/5.0 (compatible; bingbot/2.0; +http://www.bing.com/bingbot.htm)"
64.246.165.160 - - [02/Dec/2020:07:58:01 +0100] "GET /robots.txt HTTP/1.0" 200 1627 "-" "Mozilla/5.0 (Macintosh; Intel Mac OS X 10.10; rv:59.0) Gecko/20100101 Firefox/59.0"
64.246.165.160 - - [02/Dec/2020:07:58:02 +0100] "GET / HTTP/1.1" 200 19615 "-" "Mozilla/5.0 (Macintosh; Intel Mac OS X 10.10; rv:59.0) Gecko/20100101 Firefox/59.0"
159.69.45.202 - - [02/Dec/2020:08:03:36 +0100] "GET /robots.txt HTTP/1.1" 200 1627 "-" "Mozilla/5.0 (compatible; um-IC/1.0; mailto: techinfo@ubermetrics-technologies.com; Windows NT 6.1; WOW64; rv:40.0) Gecko/20100101 Firefox/40.1"
159.69.45.202 - - [02/Dec/2020:08:03:37 +0100] "GET /rss.xml HTTP/1.1" 200 3891 "-" "Mozilla/5.0 (compatible; um-IC/1.0; mailto: techinfo@ubermetrics-technologies.com; Windows NT 6.1; WOW64; rv:40.0) Gecko/20100101 Firefox/40.1"
46.118.231.209 - - [02/Dec/2020:08:10:50 +0100] "GET /lovastanya/foglalas.html HTTP/1.0" 200 20392 "http://gyurufu.hu/lovastanya/foglalas.html" "Mozilla/5.0 (Windows NT 10.0; ) AppleWebKit/537.36 (KHTML, like Gecko) Chrome/83.0.4103.61 Safari/537.36"
13.66.139.125 - - [02/Dec/2020:08:45:06 +0100] "GET / HTTP/1.1" 200 19615 "-" "Mozilla/5.0 (compatible; bingbot/2.0; +http://www.bing.com/bingbot.htm)"
79.120.253.156 - - [02/Dec/2020:09:11:36 +0100] "GET / HTTP/1.1" 200 19615 "https://www.google.com/" "Mozilla/5.0 (Windows NT 10.0; Win64; x64; rv:83.0) Gecko/20100101 Firefox/83.0"
79.120.253.156 - - [02/Dec/2020:09:11:36 +0100] "GET /modules/nice_menus/nice_menus.css?g HTTP/1.1" 200 3607 "http://www.gyurufu.hu/" "Mozilla/5.0 (Windows NT 10.0; Win64; x64; rv:83.0) Gecko/20100101 Firefox/83.0"
79.120.253.156 - - [02/Dec/2020:09:11:36 +0100] "GET /modules/photos/photos.css?g HTTP/1.1" 200 5645 "http://www.gyurufu.hu/" "Mozilla/5.0 (Windows NT 10.0; Win64; x64; rv:83.0) Gecko/20100101 Firefox/83.0"
79.120.253.156 - - [02/Dec/2020:09:11:36 +0100] "GET /modules/system/defaults.css?g HTTP/1.1" 200 757 "http://www.gyurufu.hu/" "Mozilla/5.0 (Windows NT 10.0; Win64; x64; rv:83.0) Gecko/20100101 Firefox/83.0"
79.120.253.156 - - [02/Dec/2020:09:11:36 +0100] "GET /modules/system/system.css?g HTTP/1.1" 200 10020 "http://www.gyurufu.hu/" "Mozilla/5.0 (Windows NT 10.0; Win64; x64; rv:83.0) Gecko/20100101 Firefox/83.0"
79.120.253.156 - - [02/Dec/2020:09:11:36 +0100] "GET /modules/system/system-menus.css?g HTTP/1.1" 200 935 "http://www.gyurufu.hu/" "Mozilla/5.0 (Windows NT 10.0; Win64; x64; rv:83.0) Gecko/20100101 Firefox/83.0"
79.120.253.156 - - [02/Dec/2020:09:11:36 +0100] "GET /modules/node/node.css?g HTTP/1.1" 200 740 "http://www.gyurufu.hu/" "Mozilla/5.0 (Windows NT 10.0; Win64; x64; rv:83.0) Gecko/20100101 Firefox/83.0"
79.120.253.156 - - [02/Dec/2020:09:11:37 +0100] "GET /modules/user/user.css?g HTTP/1.1" 200 1127 "http://www.gyurufu.hu/" "Mozilla/5.0 (Windows NT 10.0; Win64; x64; rv:83.0) Gecko/20100101 Firefox/83.0"
79.120.253.156 - - [02/Dec/2020:09:11:37 +0100] "GET /modules/nice_menus/nice_menus_default.css?g HTTP/1.1" 200 4978 "http://www.gyurufu.hu/" "Mozilla/5.0 (Windows NT 10.0; Win64; x64; rv:83.0) Gecko/20100101 Firefox/83.0"
79.120.253.156 - - [02/Dec/2020:09:11:37 +0100] "GET /misc/jquery.js?g HTTP/1.1" 200 31089 "http://www.gyurufu.hu/" "Mozilla/5.0 (Windows NT 10.0; Win64; x64; rv:83.0) Gecko/20100101 Firefox/83.0"
79.120.253.156 - - [02/Dec/2020:09:11:37 +0100] "GET /themes/aboutpeople/style.css?g HTTP/1.1" 200 32283 "http://www.gyurufu.hu/" "Mozilla/5.0 (Windows NT 10.0; Win64; x64; rv:83.0) Gecko/20100101 Firefox/83.0"
79.120.253.156 - - [02/Dec/2020:09:11:37 +0100] "GET /misc/drupal.js?g HTTP/1.1" 200 9745 "http://www.gyurufu.hu/" "Mozilla/5.0 (Windows NT 10.0; Win64; x64; rv:83.0) Gecko/20100101 Firefox/83.0"
79.120.253.156 - - [02/Dec/2020:09:11:37 +0100] "GET /modules/photos/photos.js?g HTTP/1.1" 200 2409 "http://www.gyurufu.hu/" "Mozilla/5.0 (Windows NT 10.0; Win64; x64; rv:83.0) Gecko/20100101 Firefox/83.0"
79.120.253.156 - - [02/Dec/2020:09:11:37 +0100] "GET /modules/google_analytics/googleanalytics.js?g HTTP/1.1" 200 2268 "http://www.gyurufu.hu/" "Mozilla/5.0 (Windows NT 10.0; Win64; x64; rv:83.0) Gecko/20100101 Firefox/83.0"
79.120.253.156 - - [02/Dec/2020:09:11:37 +0100] "GET /sites/default/files/languages/hu_8582a244f490b74610256ab428690e24.js?g HTTP/1.1" 200 1838 "http://www.gyurufu.hu/" "Mozilla/5.0 (Windows NT 10.0; Win64; x64; rv:83.0) Gecko/20100101 Firefox/83.0"
79.120.253.156 - - [02/Dec/2020:09:11:37 +0100] "GET /misc/powered-blue-80x15.png HTTP/1.1" 200 1011 "http://www.gyurufu.hu/" "Mozilla/5.0 (Windows NT 10.0; Win64; x64; rv:83.0) Gecko/20100101 Firefox/83.0"
79.120.253.156 - - [02/Dec/2020:09:11:37 +0100] "GET /themes/aboutpeople/img/sticky.gif HTTP/1.1" 200 560 "http://www.gyurufu.hu/" "Mozilla/5.0 (Windows NT 10.0; Win64; x64; rv:83.0) Gecko/20100101 Firefox/83.0"
79.120.253.156 - - [02/Dec/2020:09:11:37 +0100] "GET /themes/aboutpeople/img/bg.gif HTTP/1.1" 200 4764 "http://www.gyurufu.hu/themes/aboutpeople/style.css?g" "Mozilla/5.0 (Windows NT 10.0; Win64; x64; rv:83.0) Gecko/20100101 Firefox/83.0"
79.120.253.156 - - [02/Dec/2020:09:11:37 +0100] "GET /themes/aboutpeople/img/login_line.png HTTP/1.1" 200 510 "http://www.gyurufu.hu/themes/aboutpeople/style.css?g" "Mozilla/5.0 (Windows NT 10.0; Win64; x64; rv:83.0) Gecko/20100101 Firefox/83.0"
79.120.253.156 - - [02/Dec/2020:09:11:37 +0100] "GET /themes/aboutpeople/img/use11r.gif HTTP/1.1" 200 1001 "http://www.gyurufu.hu/themes/aboutpeople/style.css?g" "Mozilla/5.0 (Windows NT 10.0; Win64; x64; rv:83.0) Gecko/20100101 Firefox/83.0"
79.120.253.156 - - [02/Dec/2020:09:11:37 +0100] "GET /themes/aboutpeople/img/menulinks.png HTTP/1.1" 200 1465 "http://www.gyurufu.hu/themes/aboutpeople/style.css?g" "Mozilla/5.0 (Windows NT 10.0; Win64; x64; rv:83.0) Gecko/20100101 Firefox/83.0"
79.120.253.156 - - [02/Dec/2020:09:11:37 +0100] "GET /themes/aboutpeople/img/down_arrow_hover.png HTTP/1.1" 200 115 "http://www.gyurufu.hu/themes/aboutpeople/style.css?g" "Mozilla/5.0 (Windows NT 10.0; Win64; x64; rv:83.0) Gecko/20100101 Firefox/83.0"
79.120.253.156 - - [02/Dec/2020:09:11:37 +0100] "GET /themes/aboutpeople/img/menuline.png HTTP/1.1" 200 395 "http://www.gyurufu.hu/themes/aboutpeople/style.css?g" "Mozilla/5.0 (Windows NT 10.0; Win64; x64; rv:83.0) Gecko/20100101 Firefox/83.0"
79.120.253.156 - - [02/Dec/2020:09:11:37 +0100] "GET /themes/aboutpeople/img/down_arrow.png HTTP/1.1" 200 149 "http://www.gyurufu.hu/themes/aboutpeople/style.css?g" "Mozilla/5.0 (Windows NT 10.0; Win64; x64; rv:83.0) Gecko/20100101 Firefox/83.0"
79.120.253.156 - - [02/Dec/2020:09:11:37 +0100] "GET /themes/aboutpeople/img/menulinks_corner.png HTTP/1.1" 200 215 "http://www.gyurufu.hu/themes/aboutpeople/style.css?g" "Mozilla/5.0 (Windows NT 10.0; Win64; x64; rv:83.0) Gecko/20100101 Firefox/83.0"
79.120.253.156 - - [02/Dec/2020:09:11:37 +0100] "GET /themes/aboutpeople/img/slinks.gif HTTP/1.1" 200 487 "http://www.gyurufu.hu/themes/aboutpeople/style.css?g" "Mozilla/5.0 (Windows NT 10.0; Win64; x64; rv:83.0) Gecko/20100101 Firefox/83.0"
79.120.253.156 - - [02/Dec/2020:09:11:37 +0100] "GET /themes/aboutpeople/img/slinksover.gif HTTP/1.1" 200 478 "http://www.gyurufu.hu/themes/aboutpeople/style.css?g" "Mozilla/5.0 (Windows NT 10.0; Win64; x64; rv:83.0) Gecko/20100101 Firefox/83.0"
79.120.253.156 - - [02/Dec/2020:09:11:37 +0100] "GET /themes/aboutpeople/img/bgblock.gif HTTP/1.1" 200 1287 "http://www.gyurufu.hu/themes/aboutpeople/style.css?g" "Mozilla/5.0 (Windows NT 10.0; Win64; x64; rv:83.0) Gecko/20100101 Firefox/83.0"
79.120.253.156 - - [02/Dec/2020:09:11:37 +0100] "GET /modules/nice_menus/arrow-right.png HTTP/1.1" 200 258 "http://www.gyurufu.hu/modules/nice_menus/nice_menus_default.css?g" "Mozilla/5.0 (Windows NT 10.0; Win64; x64; rv:83.0) Gecko/20100101 Firefox/83.0"
79.120.253.156 - - [02/Dec/2020:09:11:37 +0100] "GET /themes/aboutpeople/img/readmore.gif HTTP/1.1" 200 366 "http://www.gyurufu.hu/themes/aboutpeople/style.css?g" "Mozilla/5.0 (Windows NT 10.0; Win64; x64; rv:83.0) Gecko/20100101 Firefox/83.0"
79.120.253.156 - - [02/Dec/2020:09:11:37 +0100] "GET /themes/aboutpeople/img/login.gif HTTP/1.1" 200 1018 "http://www.gyurufu.hu/themes/aboutpeople/style.css?g" "Mozilla/5.0 (Windows NT 10.0; Win64; x64; rv:83.0) Gecko/20100101 Firefox/83.0"
79.120.253.156 - - [02/Dec/2020:09:11:37 +0100] "GET /themes/aboutpeople/img/banners/rotate.php HTTP/1.1" 200 38338 "http://www.gyurufu.hu/themes/aboutpeople/style.css?g" "Mozilla/5.0 (Windows NT 10.0; Win64; x64; rv:83.0) Gecko/20100101 Firefox/83.0"
79.120.253.156 - - [02/Dec/2020:09:11:37 +0100] "GET /favicon.ico HTTP/1.1" 404 57 "http://www.gyurufu.hu/" "Mozilla/5.0 (Windows NT 10.0; Win64; x64; rv:83.0) Gecko/20100101 Firefox/83.0"
79.120.253.156 - - [02/Dec/2020:09:11:54 +0100] "GET /content/megk%C3%B6zel%C3%ADt%C3%A9s HTTP/1.1" 200 21815 "http://www.gyurufu.hu/" "Mozilla/5.0 (Windows NT 10.0; Win64; x64; rv:83.0) Gecko/20100101 Firefox/83.0"
79.120.253.156 - - [02/Dec/2020:09:11:54 +0100] "GET /themes/aboutpeople/img/square.png HTTP/1.1" 200 3615 "http://www.gyurufu.hu/themes/aboutpeople/style.css?g" "Mozilla/5.0 (Windows NT 10.0; Win64; x64; rv:83.0) Gecko/20100101 Firefox/83.0"
79.120.253.156 - - [02/Dec/2020:09:11:54 +0100] "GET /content/images/megye260.jpg HTTP/1.1" 200 11536 "http://www.gyurufu.hu/content/megk%C3%B6zel%C3%ADt%C3%A9s" "Mozilla/5.0 (Windows NT 10.0; Win64; x64; rv:83.0) Gecko/20100101 Firefox/83.0"
79.120.253.156 - - [02/Dec/2020:09:11:54 +0100] "GET /content/images/megkozel280.gif HTTP/1.1" 200 36196 "http://www.gyurufu.hu/content/megk%C3%B6zel%C3%ADt%C3%A9s" "Mozilla/5.0 (Windows NT 10.0; Win64; x64; rv:83.0) Gecko/20100101 Firefox/83.0"
79.120.253.156 - - [02/Dec/2020:09:11:54 +0100] "GET /content/images/orszagterkep.jpg HTTP/1.1" 200 3986 "http://www.gyurufu.hu/content/megk%C3%B6zel%C3%ADt%C3%A9s" "Mozilla/5.0 (Windows NT 10.0; Win64; x64; rv:83.0) Gecko/20100101 Firefox/83.0"
79.120.253.156 - - [02/Dec/2020:09:11:54 +0100] "GET /content/images/vasut.jpg HTTP/1.1" 200 40416 "http://www.gyurufu.hu/content/megk%C3%B6zel%C3%ADt%C3%A9s" "Mozilla/5.0 (Windows NT 10.0; Win64; x64; rv:83.0) Gecko/20100101 Firefox/83.0"
79.120.253.156 - - [02/Dec/2020:09:12:08 +0100] "GET /content/kep.html?kep=images/megyeterkep.jpg HTTP/1.1" 404 4562 "http://www.gyurufu.hu/content/megk%C3%B6zel%C3%ADt%C3%A9s" "Mozilla/5.0 (Windows NT 10.0; Win64; x64; rv:83.0) Gecko/20100101 Firefox/83.0"
157.55.39.251 - - [02/Dec/2020:09:14:15 +0100] "GET / HTTP/1.1" 200 19611 "-" "Mozilla/5.0 (compatible; bingbot/2.0; +http://www.bing.com/bingbot.htm)"
185.191.171.26 - - [02/Dec/2020:09:23:39 +0100] "GET /robots.txt HTTP/1.1" 200 1627 "-" "Mozilla/5.0 (compatible; SemrushBot/7~bl; +http://www.semrush.com/bot.html)"
185.191.171.24 - - [02/Dec/2020:09:23:43 +0100] "GET /content/v%C3%A1llalkoz%C3%A1sok?destination=node%2F38 HTTP/1.1" 200 17563 "-" "Mozilla/5.0 (compatible; SemrushBot/7~bl; +http://www.semrush.com/bot.html)"
23.100.232.233 - - [02/Dec/2020:09:41:28 +0100] "GET / HTTP/1.1" 200 19611 "-" "Mozilla/5.0 (compatible; MSIE 9.0; Windows NT 6.0; Trident/5.0; Trident/5.0)"
23.100.232.233 - - [02/Dec/2020:09:41:29 +0100] "GET /misc/jquery.js HTTP/1.1" 200 31089 "http://gyurufu.hu/" "Mozilla/5.0 (compatible; MSIE 9.0; Windows NT 6.0; Trident/5.0; Trident/5.0)"
23.100.232.233 - - [02/Dec/2020:09:41:29 +0100] "GET /misc/drupal.js HTTP/1.1" 200 9745 "http://gyurufu.hu/" "Mozilla/5.0 (compatible; MSIE 9.0; Windows NT 6.0; Trident/5.0; Trident/5.0)"
23.100.232.233 - - [02/Dec/2020:09:41:29 +0100] "GET /modules/nice_menus/nice_menus.js HTTP/1.1" 200 1612 "http://gyurufu.hu/" "Mozilla/5.0 (compatible; MSIE 9.0; Windows NT 6.0; Trident/5.0; Trident/5.0)"
23.100.232.233 - - [02/Dec/2020:09:41:30 +0100] "GET /modules/nice_menus/nice_menus.css?g HTTP/1.1" 200 3607 "http://gyurufu.hu/" "Mozilla/5.0 (compatible; MSIE 9.0; Windows NT 6.0; Trident/5.0; Trident/5.0)"
23.100.232.233 - - [02/Dec/2020:09:41:30 +0100] "GET /modules/nice_menus/nice_menus_default.css?g HTTP/1.1" 200 4978 "http://gyurufu.hu/" "Mozilla/5.0 (compatible; MSIE 9.0; Windows NT 6.0; Trident/5.0; Trident/5.0)"
23.100.232.233 - - [02/Dec/2020:09:41:30 +0100] "GET /modules/photos/photos.css?g HTTP/1.1" 200 5645 "http://gyurufu.hu/" "Mozilla/5.0 (compatible; MSIE 9.0; Windows NT 6.0; Trident/5.0; Trident/5.0)"
23.100.232.233 - - [02/Dec/2020:09:41:30 +0100] "GET /modules/node/node.css?g HTTP/1.1" 200 740 "http://gyurufu.hu/" "Mozilla/5.0 (compatible; MSIE 9.0; Windows NT 6.0; Trident/5.0; Trident/5.0)"
23.100.232.233 - - [02/Dec/2020:09:41:30 +0100] "GET /modules/system/system.css?g HTTP/1.1" 200 10020 "http://gyurufu.hu/" "Mozilla/5.0 (compatible; MSIE 9.0; Windows NT 6.0; Trident/5.0; Trident/5.0)"
23.100.232.233 - - [02/Dec/2020:09:41:30 +0100] "GET /modules/system/system-menus.css?g HTTP/1.1" 200 935 "http://gyurufu.hu/" "Mozilla/5.0 (compatible; MSIE 9.0; Windows NT 6.0; Trident/5.0; Trident/5.0)"
23.100.232.233 - - [02/Dec/2020:09:41:30 +0100] "GET /modules/user/user.css?g HTTP/1.1" 200 1127 "http://gyurufu.hu/" "Mozilla/5.0 (compatible; MSIE 9.0; Windows NT 6.0; Trident/5.0; Trident/5.0)"
23.100.232.233 - - [02/Dec/2020:09:41:30 +0100] "GET /themes/aboutpeople/style.css?g HTTP/1.1" 200 32283 "http://gyurufu.hu/" "Mozilla/5.0 (compatible; MSIE 9.0; Windows NT 6.0; Trident/5.0; Trident/5.0)"
23.100.232.233 - - [02/Dec/2020:09:41:30 +0100] "GET /misc/jquery.js?g HTTP/1.1" 200 31089 "http://gyurufu.hu/" "Mozilla/5.0 (compatible; MSIE 9.0; Windows NT 6.0; Trident/5.0; Trident/5.0)"
23.100.232.233 - - [02/Dec/2020:09:41:31 +0100] "GET /misc/drupal.js?g HTTP/1.1" 200 9745 "http://gyurufu.hu/" "Mozilla/5.0 (compatible; MSIE 9.0; Windows NT 6.0; Trident/5.0; Trident/5.0)"
23.100.232.233 - - [02/Dec/2020:09:41:31 +0100] "GET /sites/default/files/languages/hu_8582a244f490b74610256ab428690e24.js?g HTTP/1.1" 200 1838 "http://gyurufu.hu/" "Mozilla/5.0 (compatible; MSIE 9.0; Windows NT 6.0; Trident/5.0; Trident/5.0)"
23.100.232.233 - - [02/Dec/2020:09:41:31 +0100] "GET /modules/photos/photos.js?g HTTP/1.1" 200 2409 "http://gyurufu.hu/" "Mozilla/5.0 (compatible; MSIE 9.0; Windows NT 6.0; Trident/5.0; Trident/5.0)"
23.100.232.233 - - [02/Dec/2020:09:41:31 +0100] "GET /modules/system/defaults.css?g HTTP/1.1" 200 757 "http://gyurufu.hu/" "Mozilla/5.0 (compatible; MSIE 9.0; Windows NT 6.0; Trident/5.0; Trident/5.0)"
23.100.232.233 - - [02/Dec/2020:09:41:32 +0100] "GET /modules/google_analytics/googleanalytics.js?g HTTP/1.1" 200 2268 "http://gyurufu.hu/" "Mozilla/5.0 (compatible; MSIE 9.0; Windows NT 6.0; Trident/5.0; Trident/5.0)"
23.100.232.233 - - [02/Dec/2020:09:41:32 +0100] "GET /themes/aboutpeople/gyurufu/iestyles/ie7.css HTTP/1.1" 200 376 "http://gyurufu.hu/" "Mozilla/5.0 (compatible; MSIE 9.0; Windows NT 6.0; Trident/5.0; Trident/5.0)"
23.100.232.233 - - [02/Dec/2020:09:41:33 +0100] "GET /themes/aboutpeople/img/banners/rotate.php HTTP/1.1" 200 38338 "http://gyurufu.hu/" "Mozilla/5.0 (compatible; MSIE 9.0; Windows NT 6.0; Trident/5.0; Trident/5.0)"
79.122.49.65 - - [02/Dec/2020:09:42:23 +0100] "GET /lovastanya/ HTTP/1.1" 200 1461 "https://www.google.com/" "Mozilla/5.0 (Windows NT 6.1; Win64; x64; rv:83.0) Gecko/20100101 Firefox/83.0"
79.122.49.65 - - [02/Dec/2020:09:42:23 +0100] "GET /lovastanya/fejlec.html HTTP/1.1" 200 976 "http://www.gyurufu.hu/lovastanya/" "Mozilla/5.0 (Windows NT 6.1; Win64; x64; rv:83.0) Gecko/20100101 Firefox/83.0"
79.122.49.65 - - [02/Dec/2020:09:42:23 +0100] "GET /lovastanya/lovastanya_fej.css HTTP/1.1" 200 6259 "http://www.gyurufu.hu/lovastanya/fejlec.html" "Mozilla/5.0 (Windows NT 6.1; Win64; x64; rv:83.0) Gecko/20100101 Firefox/83.0"
79.122.49.65 - - [02/Dec/2020:09:42:23 +0100] "GET /lovastanya/bemutatkozas.html HTTP/1.1" 200 6933 "http://www.gyurufu.hu/lovastanya/" "Mozilla/5.0 (Windows NT 6.1; Win64; x64; rv:83.0) Gecko/20100101 Firefox/83.0"
79.122.49.65 - - [02/Dec/2020:09:42:23 +0100] "GET /lovastanya/jobbkeret.html HTTP/1.1" 200 1546 "http://www.gyurufu.hu/lovastanya/" "Mozilla/5.0 (Windows NT 6.1; Win64; x64; rv:83.0) Gecko/20100101 Firefox/83.0"
79.122.49.65 - - [02/Dec/2020:09:42:23 +0100] "GET /lovastanya/navbar.html HTTP/1.1" 200 6160 "http://www.gyurufu.hu/lovastanya/" "Mozilla/5.0 (Windows NT 6.1; Win64; x64; rv:83.0) Gecko/20100101 Firefox/83.0"
79.122.49.65 - - [02/Dec/2020:09:42:23 +0100] "GET /favicon.ico HTTP/1.1" 404 57 "http://www.gyurufu.hu/lovastanya/" "Mozilla/5.0 (Windows NT 6.1; Win64; x64; rv:83.0) Gecko/20100101 Firefox/83.0"
79.122.49.65 - - [02/Dec/2020:09:42:24 +0100] "GET /lovastanya/lovastanya.css HTTP/1.1" 200 8894 "http://www.gyurufu.hu/lovastanya/bemutatkozas.html" "Mozilla/5.0 (Windows NT 6.1; Win64; x64; rv:83.0) Gecko/20100101 Firefox/83.0"
79.122.49.65 - - [02/Dec/2020:09:42:24 +0100] "GET /lovastanya/images/fejlec_backgr.gif HTTP/1.1" 200 26598 "http://www.gyurufu.hu/lovastanya/fejlec.html" "Mozilla/5.0 (Windows NT 6.1; Win64; x64; rv:83.0) Gecko/20100101 Firefox/83.0"
79.122.49.65 - - [02/Dec/2020:09:42:24 +0100] "GET /lovastanya/images/navbar_backgr.gif HTTP/1.1" 200 22429 "http://www.gyurufu.hu/lovastanya/navbar.html" "Mozilla/5.0 (Windows NT 6.1; Win64; x64; rv:83.0) Gecko/20100101 Firefox/83.0"
79.122.49.65 - - [02/Dec/2020:09:42:24 +0100] "GET /lovastanya/images/glbnav_left.gif HTTP/1.1" 200 194 "http://www.gyurufu.hu/lovastanya/navbar.html" "Mozilla/5.0 (Windows NT 6.1; Win64; x64; rv:83.0) Gecko/20100101 Firefox/83.0"
79.122.49.65 - - [02/Dec/2020:09:42:24 +0100] "GET /lovastanya/images/veronika_emb.gif HTTP/1.1" 200 4951 "http://www.gyurufu.hu/lovastanya/jobbkeret.html" "Mozilla/5.0 (Windows NT 6.1; Win64; x64; rv:83.0) Gecko/20100101 Firefox/83.0"
79.122.49.65 - - [02/Dec/2020:09:42:24 +0100] "GET /lovastanya/images/lovastanya_emb1.gif HTTP/1.1" 200 8238 "http://www.gyurufu.hu/lovastanya/fejlec.html" "Mozilla/5.0 (Windows NT 6.1; Win64; x64; rv:83.0) Gecko/20100101 Firefox/83.0"
79.122.49.65 - - [02/Dec/2020:09:42:24 +0100] "GET /lovastanya/images/gym_emb1.gif HTTP/1.1" 200 1469 "http://www.gyurufu.hu/lovastanya/jobbkeret.html" "Mozilla/5.0 (Windows NT 6.1; Win64; x64; rv:83.0) Gecko/20100101 Firefox/83.0"
79.122.49.65 - - [02/Dec/2020:09:42:24 +0100] "GET /lovastanya/images/glbnav_right.gif HTTP/1.1" 200 194 "http://www.gyurufu.hu/lovastanya/navbar.html" "Mozilla/5.0 (Windows NT 6.1; Win64; x64; rv:83.0) Gecko/20100101 Firefox/83.0"
79.122.49.65 - - [02/Dec/2020:09:42:24 +0100] "GET /lovastanya/images/gyurufu_280.jpg HTTP/1.1" 200 11188 "http://www.gyurufu.hu/lovastanya/bemutatkozas.html" "Mozilla/5.0 (Windows NT 6.1; Win64; x64; rv:83.0) Gecko/20100101 Firefox/83.0"
79.122.49.65 - - [02/Dec/2020:09:42:24 +0100] "GET /lovastanya/images/glbnav_background.gif HTTP/1.1" 200 496 "http://www.gyurufu.hu/lovastanya/lovastanya_fej.css" "Mozilla/5.0 (Windows NT 6.1; Win64; x64; rv:83.0) Gecko/20100101 Firefox/83.0"
79.122.49.65 - - [02/Dec/2020:09:42:24 +0100] "GET /lovastanya/images/vhaz_osz.jpg HTTP/1.1" 200 13627 "http://www.gyurufu.hu/lovastanya/bemutatkozas.html" "Mozilla/5.0 (Windows NT 6.1; Win64; x64; rv:83.0) Gecko/20100101 Firefox/83.0"
79.122.49.65 - - [02/Dec/2020:09:42:24 +0100] "GET /lovastanya/images/lorol_280.jpg HTTP/1.1" 200 13259 "http://www.gyurufu.hu/lovastanya/bemutatkozas.html" "Mozilla/5.0 (Windows NT 6.1; Win64; x64; rv:83.0) Gecko/20100101 Firefox/83.0"
79.122.49.65 - - [02/Dec/2020:09:42:26 +0100] "GET /lovastanya/images/glbnav_hover.gif HTTP/1.1" 200 523 "http://www.gyurufu.hu/lovastanya/lovastanya_fej.css" "Mozilla/5.0 (Windows NT 6.1; Win64; x64; rv:83.0) Gecko/20100101 Firefox/83.0"
37.76.86.193 - - [02/Dec/2020:09:50:18 +0100] "GET /content/gy%C5%B1r%C5%B1f%C5%B1-alap%C3%ADtv%C3%A1ny HTTP/1.1" 200 17171 "https://www.google.com/" "Mozilla/5.0 (Linux; Android 10; SM-A105FN) AppleWebKit/537.36 (KHTML, like Gecko) Chrome/86.0.4240.110 Mobile Safari/537.36"
37.76.86.193 - - [02/Dec/2020:09:50:18 +0100] "GET /modules/nice_menus/nice_menus.css?g HTTP/1.1" 200 3607 "http://www.gyurufu.hu/content/gy%C5%B1r%C5%B1f%C5%B1-alap%C3%ADtv%C3%A1ny" "Mozilla/5.0 (Linux; Android 10; SM-A105FN) AppleWebKit/537.36 (KHTML, like Gecko) Chrome/86.0.4240.110 Mobile Safari/537.36"
37.76.86.193 - - [02/Dec/2020:09:50:18 +0100] "GET /modules/nice_menus/nice_menus_default.css?g HTTP/1.1" 200 4978 "http://www.gyurufu.hu/content/gy%C5%B1r%C5%B1f%C5%B1-alap%C3%ADtv%C3%A1ny" "Mozilla/5.0 (Linux; Android 10; SM-A105FN) AppleWebKit/537.36 (KHTML, like Gecko) Chrome/86.0.4240.110 Mobile Safari/537.36"
