185.191.171.25 - - [01/Dec/2020:00:11:49 +0100] "GET /content/oktat%C3%A1s-gy%C5%B1r%C5%B1f%C5%B1n HTTP/1.1" 200 16603 "-" "Mozilla/5.0 (compatible; SemrushBot/7~bl; +http://www.semrush.com/bot.html)"
54.36.148.30 - - [01/Dec/2020:00:12:59 +0100] "GET /content/h%C3%ADrek-esem%C3%A9nyek HTTP/1.1" 200 16582 "-" "Mozilla/5.0 (compatible; AhrefsBot/7.0; +http://ahrefs.com/robot/)"
13.66.139.125 - - [01/Dec/2020:00:34:27 +0100] "GET /lovastanya/images/telek/12szenatarolo.jpg HTTP/1.1" 200 62361 "-" "Mozilla/5.0 (compatible; bingbot/2.0; +http://www.bing.com/bingbot.htm)"
3.90.236.84 - - [01/Dec/2020:00:39:42 +0100] "GET /rss.xml HTTP/1.1" 200 3891 "https://www.google.com/" "Mozilla/5.0 (Macintosh; Intel Mac OS X 10_15_3) AppleWebKit/537.36 (KHTML, like Gecko) Chrome/80.0.3987.149 Safari/537.36"
114.119.131.205 - - [01/Dec/2020:00:52:18 +0100] "GET /content/bemutatkoz%C3%A1s HTTP/1.1" 200 16918 "-" "Mozilla/5.0 (Linux; Android 7.0;) AppleWebKit/537.36 (KHTML, like Gecko) Mobile Safari/537.36 (compatible; PetalBot;+https://aspiegel.com/petalbot)"
185.191.171.24 - - [01/Dec/2020:00:58:06 +0100] "GET /robots.txt HTTP/1.1" 200 1627 "-" "Mozilla/5.0 (compatible; SemrushBot/7~bl; +http://www.semrush.com/bot.html)"
185.191.171.38 - - [01/Dec/2020:00:58:08 +0100] "GET /content/lovastanya-vend%C3%A9gh%C3%A1z-falusi-sz%C3%A1ll%C3%A1shely-baranya-sz%C3%A1ll%C3%A1s-baranya-apartman-baranya-%C3%B6koturizmus HTTP/1.1" 200 18777 "-" "Mozilla/5.0 (compatible; SemrushBot/7~bl; +http://www.semrush.com/bot.html)"
66.249.64.137 - - [01/Dec/2020:01:01:47 +0100] "GET /planyo HTTP/1.1" 404 4562 "-" "Mozilla/5.0 (Linux; Android 6.0.1; Nexus 5X Build/MMB29P) AppleWebKit/537.36 (KHTML, like Gecko) Chrome/86.0.4240.96 Mobile Safari/537.36 (compatible; Googlebot/2.1; +http://www.google.com/bot.html)"
54.36.148.211 - - [01/Dec/2020:01:05:11 +0100] "GET /content/oktat%C3%A1s-gy%C5%B1r%C5%B1f%C5%B1n HTTP/1.1" 200 16603 "-" "Mozilla/5.0 (compatible; AhrefsBot/7.0; +http://ahrefs.com/robot/)"
66.249.64.139 - - [01/Dec/2020:01:52:30 +0100] "GET /content/gy%C5%B1r%C5%B1f%C5%B1-lett-baranya-biodiverzit%C3%A1s-f%C5%91v%C3%A1rosa HTTP/1.1" 200 18895 "-" "Mozilla/5.0 (Linux; Android 6.0.1; Nexus 5X Build/MMB29P) AppleWebKit/537.36 (KHTML, like Gecko) Chrome/86.0.4240.96 Mobile Safari/537.36 (compatible; Googlebot/2.1; +http://www.google.com/bot.html)"
13.66.139.125 - - [01/Dec/2020:01:52:41 +0100] "GET / HTTP/1.1" 200 19615 "-" "Mozilla/5.0 (compatible; bingbot/2.0; +http://www.bing.com/bingbot.htm)"
54.36.148.102 - - [01/Dec/2020:01:57:27 +0100] "GET /content/megk%C3%B6zel%C3%ADt%C3%A9s HTTP/1.1" 200 21815 "-" "Mozilla/5.0 (compatible; AhrefsBot/7.0; +http://ahrefs.com/robot/)"
185.191.171.42 - - [01/Dec/2020:02:26:07 +0100] "GET /robots.txt HTTP/1.1" 200 1627 "-" "Mozilla/5.0 (compatible; SemrushBot/7~bl; +http://www.semrush.com/bot.html)"
185.191.171.33 - - [01/Dec/2020:02:26:09 +0100] "GET /user HTTP/1.1" 200 16244 "-" "Mozilla/5.0 (compatible; SemrushBot/7~bl; +http://www.semrush.com/bot.html)"
34.245.57.49 - - [01/Dec/2020:02:39:48 +0100] "GET / HTTP/1.1" 200 19611 "-" "Mozilla/5.0 (Macintosh; Intel Mac OS X 10_15_6) AppleWebKit/537.36 (KHTML, like Gecko) Chrome/84.0.4147.105 Safari/537.36"
23.100.232.233 - - [01/Dec/2020:02:41:49 +0100] "GET /content/megk%C3%B6zel%C3%ADt%C3%A9s HTTP/1.1" 200 21815 "-" "Mozilla/5.0 (compatible; MSIE 9.0; Windows NT 6.1; Trident/5.0; Trident/5.0)"
23.100.232.233 - - [01/Dec/2020:02:41:50 +0100] "GET /misc/jquery.js HTTP/1.1" 200 31089 "http://gyurufu.hu/content/megk%C3%B6zel%C3%ADt%C3%A9s" "Mozilla/5.0 (compatible; MSIE 9.0; Windows NT 6.1; Trident/5.0; Trident/5.0)"
23.100.232.233 - - [01/Dec/2020:02:41:50 +0100] "GET /modules/nice_menus/nice_menus.js HTTP/1.1" 200 1612 "http://gyurufu.hu/content/megk%C3%B6zel%C3%ADt%C3%A9s" "Mozilla/5.0 (compatible; MSIE 9.0; Windows NT 6.1; Trident/5.0; Trident/5.0)"
23.100.232.233 - - [01/Dec/2020:02:41:51 +0100] "GET /misc/drupal.js HTTP/1.1" 200 9745 "http://gyurufu.hu/content/megk%C3%B6zel%C3%ADt%C3%A9s" "Mozilla/5.0 (compatible; MSIE 9.0; Windows NT 6.1; Trident/5.0; Trident/5.0)"
23.100.232.233 - - [01/Dec/2020:02:41:51 +0100] "GET /modules/nice_menus/nice_menus.css?g HTTP/1.1" 200 3607 "http://gyurufu.hu/content/megk%C3%B6zel%C3%ADt%C3%A9s" "Mozilla/5.0 (compatible; MSIE 9.0; Windows NT 6.1; Trident/5.0; Trident/5.0)"
23.100.232.233 - - [01/Dec/2020:02:41:51 +0100] "GET /modules/nice_menus/nice_menus_default.css?g HTTP/1.1" 200 4978 "http://gyurufu.hu/content/megk%C3%B6zel%C3%ADt%C3%A9s" "Mozilla/5.0 (compatible; MSIE 9.0; Windows NT 6.1; Trident/5.0; Trident/5.0)"
23.100.232.233 - - [01/Dec/2020:02:41:51 +0100] "GET /modules/photos/photos.css?g HTTP/1.1" 200 5645 "http://gyurufu.hu/content/megk%C3%B6zel%C3%ADt%C3%A9s" "Mozilla/5.0 (compatible; MSIE 9.0; Windows NT 6.1; Trident/5.0; Trident/5.0)"
23.100.232.233 - - [01/Dec/2020:02:41:51 +0100] "GET /modules/system/defaults.css?g HTTP/1.1" 200 757 "http://gyurufu.hu/content/megk%C3%B6zel%C3%ADt%C3%A9s" "Mozilla/5.0 (compatible; MSIE 9.0; Windows NT 6.1; Trident/5.0; Trident/5.0)"
23.100.232.233 - - [01/Dec/2020:02:41:51 +0100] "GET /modules/system/system-menus.css?g HTTP/1.1" 200 935 "http://gyurufu.hu/content/megk%C3%B6zel%C3%ADt%C3%A9s" "Mozilla/5.0 (compatible; MSIE 9.0; Windows NT 6.1; Trident/5.0; Trident/5.0)"
23.100.232.233 - - [01/Dec/2020:02:41:52 +0100] "GET /modules/user/user.css?g HTTP/1.1" 200 1127 "http://gyurufu.hu/content/megk%C3%B6zel%C3%ADt%C3%A9s" "Mozilla/5.0 (compatible; MSIE 9.0; Windows NT 6.1; Trident/5.0; Trident/5.0)"
23.100.232.233 - - [01/Dec/2020:02:41:52 +0100] "GET /themes/aboutpeople/style.css?g HTTP/1.1" 200 32283 "http://gyurufu.hu/content/megk%C3%B6zel%C3%ADt%C3%A9s" "Mozilla/5.0 (compatible; MSIE 9.0; Windows NT 6.1; Trident/5.0; Trident/5.0)"
23.100.232.233 - - [01/Dec/2020:02:41:52 +0100] "GET /misc/drupal.js?g HTTP/1.1" 200 9745 "http://gyurufu.hu/content/megk%C3%B6zel%C3%ADt%C3%A9s" "Mozilla/5.0 (compatible; MSIE 9.0; Windows NT 6.1; Trident/5.0; Trident/5.0)"
23.100.232.233 - - [01/Dec/2020:02:41:52 +0100] "GET /modules/google_analytics/googleanalytics.js?g HTTP/1.1" 200 2268 "http://gyurufu.hu/content/megk%C3%B6zel%C3%ADt%C3%A9s" "Mozilla/5.0 (compatible; MSIE 9.0; Windows NT 6.1; Trident/5.0; Trident/5.0)"
23.100.232.233 - - [01/Dec/2020:02:41:52 +0100] "GET /sites/default/files/languages/hu_8582a244f490b74610256ab428690e24.js?g HTTP/1.1" 200 1838 "http://gyurufu.hu/content/megk%C3%B6zel%C3%ADt%C3%A9s" "Mozilla/5.0 (compatible; MSIE 9.0; Windows NT 6.1; Trident/5.0; Trident/5.0)"
23.100.232.233 - - [01/Dec/2020:02:41:53 +0100] "GET /modules/node/node.css?g HTTP/1.1" 200 740 "http://gyurufu.hu/content/megk%C3%B6zel%C3%ADt%C3%A9s" "Mozilla/5.0 (compatible; MSIE 9.0; Windows NT 6.1; Trident/5.0; Trident/5.0)"
23.100.232.233 - - [01/Dec/2020:02:41:53 +0100] "GET /modules/system/system.css?g HTTP/1.1" 200 10020 "http://gyurufu.hu/content/megk%C3%B6zel%C3%ADt%C3%A9s" "Mozilla/5.0 (compatible; MSIE 9.0; Windows NT 6.1; Trident/5.0; Trident/5.0)"
23.100.232.233 - - [01/Dec/2020:02:41:53 +0100] "GET /themes/aboutpeople/gyurufu/iestyles/ie7.css HTTP/1.1" 200 376 "http://gyurufu.hu/content/megk%C3%B6zel%C3%ADt%C3%A9s" "Mozilla/5.0 (compatible; MSIE 9.0; Windows NT 6.1; Trident/5.0; Trident/5.0)"
23.100.232.233 - - [01/Dec/2020:02:41:53 +0100] "GET /modules/photos/photos.js?g HTTP/1.1" 200 2409 "http://gyurufu.hu/content/megk%C3%B6zel%C3%ADt%C3%A9s" "Mozilla/5.0 (compatible; MSIE 9.0; Windows NT 6.1; Trident/5.0; Trident/5.0)"
23.100.232.233 - - [01/Dec/2020:02:41:53 +0100] "GET /misc/jquery.js?g HTTP/1.1" 200 31089 "http://gyurufu.hu/content/megk%C3%B6zel%C3%ADt%C3%A9s" "Mozilla/5.0 (compatible; MSIE 9.0; Windows NT 6.1; Trident/5.0; Trident/5.0)"
23.100.232.233 - - [01/Dec/2020:02:41:55 +0100] "GET /themes/aboutpeople/img/banners/rotate.php HTTP/1.1" 200 38338 "http://gyurufu.hu/content/megk%C3%B6zel%C3%ADt%C3%A9s" "Mozilla/5.0 (compatible; MSIE 9.0; Windows NT 6.1; Trident/5.0; Trident/5.0)"
54.36.148.97 - - [01/Dec/2020:02:47:33 +0100] "GET /content/t%C3%A1mogat%C3%B3ink HTTP/1.1" 200 19167 "-" "Mozilla/5.0 (compatible; AhrefsBot/7.0; +http://ahrefs.com/robot/)"
66.249.64.139 - - [01/Dec/2020:03:07:11 +0100] "GET / HTTP/1.1" 200 19615 "-" "Mozilla/5.0 (compatible; Googlebot/2.1; +http://www.google.com/bot.html)"
13.66.139.114 - - [01/Dec/2020:03:28:26 +0100] "GET /content/bioterm%C3%A9kek HTTP/1.1" 200 16713 "-" "Mozilla/5.0 (compatible; bingbot/2.0; +http://www.bing.com/bingbot.htm)"
54.36.149.26 - - [01/Dec/2020:03:38:28 +0100] "GET /content/alap%C3%ADtv%C3%A1ny-egyes%C3%BClet HTTP/1.1" 200 18654 "-" "Mozilla/5.0 (compatible; AhrefsBot/7.0; +http://ahrefs.com/robot/)"
95.91.41.38 - - [01/Dec/2020:03:57:24 +0100] "GET /robots.txt HTTP/1.1" 200 1627 "-" "Mozilla/5.0 (compatible; MJ12bot/v1.4.8; http://mj12bot.com/)"
95.91.41.38 - - [01/Dec/2020:03:57:35 +0100] "GET /lovastanya/szolgaltatas HTTP/1.1" 200 4643 "-" "Mozilla/5.0 (compatible; MJ12bot/v1.4.8; http://mj12bot.com/)"
13.66.139.114 - - [01/Dec/2020:03:59:32 +0100] "GET /content/images/termeszet/termeszet.jpg HTTP/1.1" 200 75077 "-" "Mozilla/5.0 (compatible; bingbot/2.0; +http://www.bing.com/bingbot.htm)"
13.66.139.114 - - [01/Dec/2020:04:08:45 +0100] "GET /lovastanya/images/vendeghaz/09foldszint.png HTTP/1.1" 200 16271 "-" "Mozilla/5.0 (compatible; bingbot/2.0; +http://www.bing.com/bingbot.htm)"
13.66.139.125 - - [01/Dec/2020:04:19:56 +0100] "GET / HTTP/1.1" 200 19611 "-" "Mozilla/5.0 (compatible; bingbot/2.0; +http://www.bing.com/bingbot.htm)"
114.119.132.58 - - [01/Dec/2020:04:21:59 +0100] "GET /user/register HTTP/1.1" 403 15040 "-" "Mozilla/5.0 (Linux; Android 7.0;) AppleWebKit/537.36 (KHTML, like Gecko) Mobile Safari/537.36 (compatible; PetalBot;+https://aspiegel.com/petalbot)"
66.249.64.139 - - [01/Dec/2020:04:23:58 +0100] "GET /content/gy%C5%B1r%C5%B1f%C5%B1-lak%C3%B3i HTTP/1.1" 200 17910 "-" "Mozilla/5.0 (Linux; Android 6.0.1; Nexus 5X Build/MMB29P) AppleWebKit/537.36 (KHTML, like Gecko) Chrome/86.0.4240.96 Mobile Safari/537.36 (compatible; Googlebot/2.1; +http://www.google.com/bot.html)"
13.66.139.136 - - [01/Dec/2020:04:24:29 +0100] "GET /erdeiiskola/images/hagyomany/Data/thumbs.htm HTTP/1.1" 200 657 "-" "Mozilla/5.0 (compatible; bingbot/2.0; +http://www.bing.com/bingbot.htm)"
64.71.131.244 - - [01/Dec/2020:04:27:13 +0100] "GET / HTTP/1.1" 200 19611 "-" "Mozilla/5.0 (compatible; evc-batch/2.0)"
54.36.148.211 - - [01/Dec/2020:04:27:46 +0100] "GET /content/r%C3%A9sz%C3%B6nkorm%C3%A1nyzat HTTP/1.1" 200 16543 "-" "Mozilla/5.0 (compatible; AhrefsBot/7.0; +http://ahrefs.com/robot/)"
114.119.128.50 - - [01/Dec/2020:04:28:11 +0100] "GET /content/v%C3%ADzgazd%C3%A1lkod%C3%A1s HTTP/1.1" 200 20152 "-" "Mozilla/5.0 (Linux; Android 7.0;) AppleWebKit/537.36 (KHTML, like Gecko) Mobile Safari/537.36 (compatible; PetalBot;+https://aspiegel.com/petalbot)"
66.249.64.137 - - [01/Dec/2020:04:33:40 +0100] "GET /lovastanya/images/lovak/Data/page.htm?7,0 HTTP/1.1" 304 - "-" "Mozilla/5.0 (Linux; Android 6.0.1; Nexus 5X Build/MMB29P) AppleWebKit/537.36 (KHTML, like Gecko) Chrome/86.0.4240.96 Mobile Safari/537.36 (compatible; Googlebot/2.1; +http://www.google.com/bot.html)"
196.242.195.227 - - [01/Dec/2020:04:38:40 +0100] "GET / HTTP/1.1" 200 19611 "-" "Mozilla/5.0 (Windows NT 10.0; Win64; x64; rv:83.0) Gecko/20100101 Firefox/83.0"
84.3.35.175 - - [01/Dec/2020:04:42:52 +0100] "GET /content/v%C3%ADzgazd%C3%A1lkod%C3%A1s HTTP/1.1" 200 20152 "http://migaproject.eu/" "Mozilla/5.0 (Windows NT 10.0; Win64; x64) AppleWebKit/537.36 (KHTML, like Gecko) Chrome/87.0.4280.66 Safari/537.36"
84.3.35.175 - - [01/Dec/2020:04:42:52 +0100] "GET /modules/nice_menus/nice_menus_default.css?g HTTP/1.1" 200 4978 "http://www.gyurufu.hu/content/v%C3%ADzgazd%C3%A1lkod%C3%A1s" "Mozilla/5.0 (Windows NT 10.0; Win64; x64) AppleWebKit/537.36 (KHTML, like Gecko) Chrome/87.0.4280.66 Safari/537.36"
84.3.35.175 - - [01/Dec/2020:04:42:52 +0100] "GET /modules/nice_menus/nice_menus.css?g HTTP/1.1" 200 3607 "http://www.gyurufu.hu/content/v%C3%ADzgazd%C3%A1lkod%C3%A1s" "Mozilla/5.0 (Windows NT 10.0; Win64; x64) AppleWebKit/537.36 (KHTML, like Gecko) Chrome/87.0.4280.66 Safari/537.36"
84.3.35.175 - - [01/Dec/2020:04:42:52 +0100] "GET /modules/photos/photos.css?g HTTP/1.1" 200 5645 "http://www.gyurufu.hu/content/v%C3%ADzgazd%C3%A1lkod%C3%A1s" "Mozilla/5.0 (Windows NT 10.0; Win64; x64) AppleWebKit/537.36 (KHTML, like Gecko) Chrome/87.0.4280.66 Safari/537.36"
84.3.35.175 - - [01/Dec/2020:04:42:52 +0100] "GET /modules/system/system.css?g HTTP/1.1" 200 10020 "http://www.gyurufu.hu/content/v%C3%ADzgazd%C3%A1lkod%C3%A1s" "Mozilla/5.0 (Windows NT 10.0; Win64; x64) AppleWebKit/537.36 (KHTML, like Gecko) Chrome/87.0.4280.66 Safari/537.36"
84.3.35.175 - - [01/Dec/2020:04:42:52 +0100] "GET /modules/system/defaults.css?g HTTP/1.1" 200 757 "http://www.gyurufu.hu/content/v%C3%ADzgazd%C3%A1lkod%C3%A1s" "Mozilla/5.0 (Windows NT 10.0; Win64; x64) AppleWebKit/537.36 (KHTML, like Gecko) Chrome/87.0.4280.66 Safari/537.36"
84.3.35.175 - - [01/Dec/2020:04:42:52 +0100] "GET /modules/node/node.css?g HTTP/1.1" 200 740 "http://www.gyurufu.hu/content/v%C3%ADzgazd%C3%A1lkod%C3%A1s" "Mozilla/5.0 (Windows NT 10.0; Win64; x64) AppleWebKit/537.36 (KHTML, like Gecko) Chrome/87.0.4280.66 Safari/537.36"
84.3.35.175 - - [01/Dec/2020:04:42:52 +0100] "GET /modules/system/system-menus.css?g HTTP/1.1" 200 935 "http://www.gyurufu.hu/content/v%C3%ADzgazd%C3%A1lkod%C3%A1s" "Mozilla/5.0 (Windows NT 10.0; Win64; x64) AppleWebKit/537.36 (KHTML, like Gecko) Chrome/87.0.4280.66 Safari/537.36"
84.3.35.175 - - [01/Dec/2020:04:42:52 +0100] "GET /modules/user/user.css?g HTTP/1.1" 200 1127 "http://www.gyurufu.hu/content/v%C3%ADzgazd%C3%A1lkod%C3%A1s" "Mozilla/5.0 (Windows NT 10.0; Win64; x64) AppleWebKit/537.36 (KHTML, like Gecko) Chrome/87.0.4280.66 Safari/537.36"
84.3.35.175 - - [01/Dec/2020:04:42:52 +0100] "GET /themes/aboutpeople/style.css?g HTTP/1.1" 200 32283 "http://www.gyurufu.hu/content/v%C3%ADzgazd%C3%A1lkod%C3%A1s" "Mozilla/5.0 (Windows NT 10.0; Win64; x64) AppleWebKit/537.36 (KHTML, like Gecko) Chrome/87.0.4280.66 Safari/537.36"
84.3.35.175 - - [01/Dec/2020:04:42:52 +0100] "GET /misc/jquery.js?g HTTP/1.1" 200 31089 "http://www.gyurufu.hu/content/v%C3%ADzgazd%C3%A1lkod%C3%A1s" "Mozilla/5.0 (Windows NT 10.0; Win64; x64) AppleWebKit/537.36 (KHTML, like Gecko) Chrome/87.0.4280.66 Safari/537.36"
84.3.35.175 - - [01/Dec/2020:04:42:52 +0100] "GET /misc/drupal.js?g HTTP/1.1" 200 9745 "http://www.gyurufu.hu/content/v%C3%ADzgazd%C3%A1lkod%C3%A1s" "Mozilla/5.0 (Windows NT 10.0; Win64; x64) AppleWebKit/537.36 (KHTML, like Gecko) Chrome/87.0.4280.66 Safari/537.36"
84.3.35.175 - - [01/Dec/2020:04:42:53 +0100] "GET /modules/google_analytics/googleanalytics.js?g HTTP/1.1" 200 2268 "http://www.gyurufu.hu/content/v%C3%ADzgazd%C3%A1lkod%C3%A1s" "Mozilla/5.0 (Windows NT 10.0; Win64; x64) AppleWebKit/537.36 (KHTML, like Gecko) Chrome/87.0.4280.66 Safari/537.36"
84.3.35.175 - - [01/Dec/2020:04:42:53 +0100] "GET /modules/photos/photos.js?g HTTP/1.1" 200 2409 "http://www.gyurufu.hu/content/v%C3%ADzgazd%C3%A1lkod%C3%A1s" "Mozilla/5.0 (Windows NT 10.0; Win64; x64) AppleWebKit/537.36 (KHTML, like Gecko) Chrome/87.0.4280.66 Safari/537.36"
84.3.35.175 - - [01/Dec/2020:04:42:53 +0100] "GET /sites/default/files/languages/hu_8582a244f490b74610256ab428690e24.js?g HTTP/1.1" 200 1838 "http://www.gyurufu.hu/content/v%C3%ADzgazd%C3%A1lkod%C3%A1s" "Mozilla/5.0 (Windows NT 10.0; Win64; x64) AppleWebKit/537.36 (KHTML, like Gecko) Chrome/87.0.4280.66 Safari/537.36"
84.3.35.175 - - [01/Dec/2020:04:42:53 +0100] "GET /misc/powered-blue-80x15.png HTTP/1.1" 200 1011 "http://www.gyurufu.hu/content/v%C3%ADzgazd%C3%A1lkod%C3%A1s" "Mozilla/5.0 (Windows NT 10.0; Win64; x64) AppleWebKit/537.36 (KHTML, like Gecko) Chrome/87.0.4280.66 Safari/537.36"
84.3.35.175 - - [01/Dec/2020:04:42:53 +0100] "GET /themes/aboutpeople/img/bg.gif HTTP/1.1" 200 4764 "http://www.gyurufu.hu/themes/aboutpeople/style.css?g" "Mozilla/5.0 (Windows NT 10.0; Win64; x64) AppleWebKit/537.36 (KHTML, like Gecko) Chrome/87.0.4280.66 Safari/537.36"
84.3.35.175 - - [01/Dec/2020:04:42:53 +0100] "GET /themes/aboutpeople/img/use11r.gif HTTP/1.1" 200 1001 "http://www.gyurufu.hu/themes/aboutpeople/style.css?g" "Mozilla/5.0 (Windows NT 10.0; Win64; x64) AppleWebKit/537.36 (KHTML, like Gecko) Chrome/87.0.4280.66 Safari/537.36"
84.3.35.175 - - [01/Dec/2020:04:42:53 +0100] "GET /themes/aboutpeople/img/login_line.png HTTP/1.1" 200 510 "http://www.gyurufu.hu/themes/aboutpeople/style.css?g" "Mozilla/5.0 (Windows NT 10.0; Win64; x64) AppleWebKit/537.36 (KHTML, like Gecko) Chrome/87.0.4280.66 Safari/537.36"
84.3.35.175 - - [01/Dec/2020:04:42:53 +0100] "GET /themes/aboutpeople/img/menulinks.png HTTP/1.1" 200 1465 "http://www.gyurufu.hu/themes/aboutpeople/style.css?g" "Mozilla/5.0 (Windows NT 10.0; Win64; x64) AppleWebKit/537.36 (KHTML, like Gecko) Chrome/87.0.4280.66 Safari/537.36"
84.3.35.175 - - [01/Dec/2020:04:42:53 +0100] "GET /themes/aboutpeople/img/menuline.png HTTP/1.1" 200 395 "http://www.gyurufu.hu/themes/aboutpeople/style.css?g" "Mozilla/5.0 (Windows NT 10.0; Win64; x64) AppleWebKit/537.36 (KHTML, like Gecko) Chrome/87.0.4280.66 Safari/537.36"
84.3.35.175 - - [01/Dec/2020:04:42:53 +0100] "GET /themes/aboutpeople/img/menulinks_corner.png HTTP/1.1" 200 215 "http://www.gyurufu.hu/themes/aboutpeople/style.css?g" "Mozilla/5.0 (Windows NT 10.0; Win64; x64) AppleWebKit/537.36 (KHTML, like Gecko) Chrome/87.0.4280.66 Safari/537.36"
84.3.35.175 - - [01/Dec/2020:04:42:53 +0100] "GET /themes/aboutpeople/img/down_arrow.png HTTP/1.1" 200 149 "http://www.gyurufu.hu/themes/aboutpeople/style.css?g" "Mozilla/5.0 (Windows NT 10.0; Win64; x64) AppleWebKit/537.36 (KHTML, like Gecko) Chrome/87.0.4280.66 Safari/537.36"
84.3.35.175 - - [01/Dec/2020:04:42:53 +0100] "GET /modules/nice_menus/arrow-right.png HTTP/1.1" 200 258 "http://www.gyurufu.hu/modules/nice_menus/nice_menus_default.css?g" "Mozilla/5.0 (Windows NT 10.0; Win64; x64) AppleWebKit/537.36 (KHTML, like Gecko) Chrome/87.0.4280.66 Safari/537.36"
84.3.35.175 - - [01/Dec/2020:04:42:53 +0100] "GET /themes/aboutpeople/img/slinks.gif HTTP/1.1" 200 487 "http://www.gyurufu.hu/themes/aboutpeople/style.css?g" "Mozilla/5.0 (Windows NT 10.0; Win64; x64) AppleWebKit/537.36 (KHTML, like Gecko) Chrome/87.0.4280.66 Safari/537.36"
84.3.35.175 - - [01/Dec/2020:04:42:53 +0100] "GET /themes/aboutpeople/img/bgblock.gif HTTP/1.1" 200 1287 "http://www.gyurufu.hu/themes/aboutpeople/style.css?g" "Mozilla/5.0 (Windows NT 10.0; Win64; x64) AppleWebKit/537.36 (KHTML, like Gecko) Chrome/87.0.4280.66 Safari/537.36"
84.3.35.175 - - [01/Dec/2020:04:42:53 +0100] "GET /themes/aboutpeople/img/login.gif HTTP/1.1" 200 1018 "http://www.gyurufu.hu/themes/aboutpeople/style.css?g" "Mozilla/5.0 (Windows NT 10.0; Win64; x64) AppleWebKit/537.36 (KHTML, like Gecko) Chrome/87.0.4280.66 Safari/537.36"
84.3.35.175 - - [01/Dec/2020:04:42:53 +0100] "GET /themes/aboutpeople/img/banners/rotate.php HTTP/1.1" 200 38338 "http://www.gyurufu.hu/themes/aboutpeople/style.css?g" "Mozilla/5.0 (Windows NT 10.0; Win64; x64) AppleWebKit/537.36 (KHTML, like Gecko) Chrome/87.0.4280.66 Safari/537.36"
84.3.35.175 - - [01/Dec/2020:04:42:54 +0100] "GET /favicon.ico HTTP/1.1" 404 57 "http://www.gyurufu.hu/content/v%C3%ADzgazd%C3%A1lkod%C3%A1s" "Mozilla/5.0 (Windows NT 10.0; Win64; x64) AppleWebKit/537.36 (KHTML, like Gecko) Chrome/87.0.4280.66 Safari/537.36"
66.249.64.141 - - [01/Dec/2020:04:45:43 +0100] "GET / HTTP/1.1" 200 19615 "-" "Mozilla/5.0 (Linux; Android 6.0.1; Nexus 5X Build/MMB29P) AppleWebKit/537.36 (KHTML, like Gecko) Chrome/86.0.4240.96 Mobile Safari/537.36 (compatible; Googlebot/2.1; +http://www.google.com/bot.html)"
114.119.152.70 - - [01/Dec/2020:04:49:50 +0100] "GET /content/szervezetek HTTP/1.1" 200 16506 "-" "Mozilla/5.0 (Linux; Android 7.0;) AppleWebKit/537.36 (KHTML, like Gecko) Mobile Safari/537.36 (compatible; PetalBot;+https://aspiegel.com/petalbot)"
42.236.10.91 - - [01/Dec/2020:04:52:02 +0100] "GET / HTTP/1.1" 200 19615 "http://www.gyurufu.hu/" "Mozilla/5.0 (Windows NT 6.1; WOW64) AppleWebKit/537.36 (KHTML, like Gecko) Chrome/50.4.2661.102 Safari/537.36; 360Spider"
42.236.10.122 - - [01/Dec/2020:04:54:04 +0100] "GET / HTTP/1.1" 200 19611 "http://gyurufu.hu/" "Mozilla/5.0 (Windows NT 6.1; WOW64) AppleWebKit/537.36 (KHTML, like Gecko) Chrome/50.4.2661.102 Safari/537.36; 360Spider"
46.185.119.20 - - [01/Dec/2020:04:57:29 +0100] "GET / HTTP/1.1" 200 19615 "https://automobile-spec.com/" "Mozilla/4.0 (compatible; Powermarks/3.5; Windows 95/98/2000/NT)"
46.185.119.20 - - [01/Dec/2020:04:57:30 +0100] "GET / HTTP/1.1" 200 19615 "https://automobile-spec.com/" "Mozilla/4.0 (compatible; Powermarks/3.5; Windows 95/98/2000/NT)"
46.185.119.20 - - [01/Dec/2020:04:57:31 +0100] "GET / HTTP/1.1" 200 19615 "https://automobile-spec.com/" "Mozilla/4.0 (compatible; Powermarks/3.5; Windows 95/98/2000/NT)"
159.69.45.202 - - [01/Dec/2020:05:00:17 +0100] "GET /robots.txt HTTP/1.1" 200 1627 "-" "Mozilla/5.0 (compatible; um-IC/1.0; mailto: techinfo@ubermetrics-technologies.com; Windows NT 6.1; WOW64; rv:40.0) Gecko/20100101 Firefox/40.1"
159.69.45.202 - - [01/Dec/2020:05:00:18 +0100] "GET /rss.xml HTTP/1.1" 200 3891 "-" "Mozilla/5.0 (compatible; um-IC/1.0; mailto: techinfo@ubermetrics-technologies.com; Windows NT 6.1; WOW64; rv:40.0) Gecko/20100101 Firefox/40.1"
114.119.132.58 - - [01/Dec/2020:05:02:23 +0100] "GET /robots.txt HTTP/1.1" 200 1627 "-" "Mozilla/5.0 (Linux; Android 7.0;) AppleWebKit/537.36 (KHTML, like Gecko) Mobile Safari/537.36 (compatible; PetalBot;+https://aspiegel.com/petalbot)"
188.36.156.131 - - [01/Dec/2020:05:02:31 +0100] "GET /lovastanya/ HTTP/1.1" 200 1461 "-" "Mozilla/5.0 (iPhone; CPU iPhone OS 12_4_9 like Mac OS X) AppleWebKit/605.1.15 (KHTML, like Gecko) Version/12.1.2 Mobile/15E148 Safari/604.1"
188.36.156.131 - - [01/Dec/2020:05:02:32 +0100] "GET /apple-touch-icon-120x120-precomposed.png HTTP/1.1" 404 4562 "-" "MobileSafari/604.1 CFNetwork/978.0.7 Darwin/18.7.0"
188.36.156.131 - - [01/Dec/2020:05:02:33 +0100] "GET /apple-touch-icon-120x120.png HTTP/1.1" 404 4562 "-" "MobileSafari/604.1 CFNetwork/978.0.7 Darwin/18.7.0"
188.36.156.131 - - [01/Dec/2020:05:02:33 +0100] "GET /apple-touch-icon-precomposed.png HTTP/1.1" 404 4562 "-" "MobileSafari/604.1 CFNetwork/978.0.7 Darwin/18.7.0"
188.36.156.131 - - [01/Dec/2020:05:02:34 +0100] "GET /apple-touch-icon.png HTTP/1.1" 404 4562 "-" "MobileSafari/604.1 CFNetwork/978.0.7 Darwin/18.7.0"
188.36.156.131 - - [01/Dec/2020:05:02:34 +0100] "GET /favicon.ico HTTP/1.1" 404 57 "-" "MobileSafari/604.1 CFNetwork/978.0.7 Darwin/18.7.0"
188.36.156.131 - - [01/Dec/2020:05:02:34 +0100] "GET /apple-touch-icon-120x120-precomposed.png HTTP/1.1" 404 4562 "-" "MobileSafari/604.1 CFNetwork/978.0.7 Darwin/18.7.0"
188.36.156.131 - - [01/Dec/2020:05:02:34 +0100] "GET /apple-touch-icon-120x120.png HTTP/1.1" 404 4562 "-" "MobileSafari/604.1 CFNetwork/978.0.7 Darwin/18.7.0"
188.36.156.131 - - [01/Dec/2020:05:02:35 +0100] "GET /apple-touch-icon-precomposed.png HTTP/1.1" 404 4562 "-" "MobileSafari/604.1 CFNetwork/978.0.7 Darwin/18.7.0"
188.36.156.131 - - [01/Dec/2020:05:02:46 +0100] "GET /apple-touch-icon.png HTTP/1.1" 404 4562 "-" "MobileSafari/604.1 CFNetwork/978.0.7 Darwin/18.7.0"
188.36.156.131 - - [01/Dec/2020:05:02:52 +0100] "GET /favicon.ico HTTP/1.1" 404 57 "-" "MobileSafari/604.1 CFNetwork/978.0.7 Darwin/18.7.0"
13.66.139.125 - - [01/Dec/2020:05:14:42 +0100] "GET /content/images/termeszet280.jpg HTTP/1.1" 200 15253 "-" "Mozilla/5.0 (compatible; bingbot/2.0; +http://www.bing.com/bingbot.htm)"
54.36.148.211 - - [01/Dec/2020:05:18:49 +0100] "GET /content/gy%C5%B1r%C5%B1f%C5%B1-lak%C3%B3i HTTP/1.1" 200 17910 "-" "Mozilla/5.0 (compatible; AhrefsBot/7.0; +http://ahrefs.com/robot/)"
8.29.198.25 - - [01/Dec/2020:05:29:44 +0100] "GET /rss.xml HTTP/1.1" 200 3891 "-" "Feedly/1.0 (+http://www.feedly.com/fetcher.html; 1 subscribers; like FeedFetcher-Google)"
114.119.131.205 - - [01/Dec/2020:05:39:12 +0100] "GET /content/r%C3%A9gi-h%C3%ADrek-%C3%A9s-%C3%ADrott-dokumentumok-gy%C5%B1r%C5%B1f%C5%B1r%C5%91l HTTP/1.1" 200 22027 "-" "Mozilla/5.0 (Linux; Android 7.0;) AppleWebKit/537.36 (KHTML, like Gecko) Mobile Safari/537.36 (compatible; PetalBot;+https://aspiegel.com/petalbot)"
54.36.149.50 - - [01/Dec/2020:06:31:44 +0100] "GET /robots.txt HTTP/1.1" 200 1627 "-" "Mozilla/5.0 (compatible; AhrefsBot/6.1; +http://ahrefs.com/robot/)"
54.36.148.55 - - [01/Dec/2020:06:31:58 +0100] "GET /content/%C3%A9p%C3%ADt%C3%A9szet HTTP/1.1" 200 19270 "-" "Mozilla/5.0 (compatible; AhrefsBot/7.0; +http://ahrefs.com/robot/)"
80.99.181.188 - - [01/Dec/2020:06:44:18 +0100] "HEAD /content/l%C3%A1tnival%C3%B3k-gy%C5%B1r%C5%B1f%C5%B1n-%C3%A9s-k%C3%B6rny%C3%A9k%C3%A9n HTTP/1.1" 200 0 "-" "Xenu Link Sleuth/1.3.8"
185.191.171.5 - - [01/Dec/2020:06:46:07 +0100] "GET /robots.txt HTTP/1.1" 200 1627 "-" "Mozilla/5.0 (compatible; SemrushBot/7~bl; +http://www.semrush.com/bot.html)"
185.191.171.38 - - [01/Dec/2020:06:46:08 +0100] "GET /erdeiiskola/index.html HTTP/1.1" 200 942 "-" "Mozilla/5.0 (compatible; SemrushBot/7~bl; +http://www.semrush.com/bot.html)"
13.66.139.125 - - [01/Dec/2020:06:50:00 +0100] "GET /lovastanya/images/megkozel280.gif HTTP/1.1" 200 36196 "-" "Mozilla/5.0 (compatible; bingbot/2.0; +http://www.bing.com/bingbot.htm)"
114.119.131.205 - - [01/Dec/2020:06:58:24 +0100] "GET /erdeiiskola/jobbkeret.html HTTP/1.1" 200 1663 "-" "Mozilla/5.0 (Linux; Android 7.0;) AppleWebKit/537.36 (KHTML, like Gecko) Mobile Safari/537.36 (compatible; PetalBot;+https://aspiegel.com/petalbot)"
13.66.139.125 - - [01/Dec/2020:07:00:31 +0100] "GET /lovastanya/images/telek/06jurta.jpg HTTP/1.1" 200 77473 "-" "Mozilla/5.0 (compatible; bingbot/2.0; +http://www.bing.com/bingbot.htm)"
62.165.201.112 - - [01/Dec/2020:07:11:30 +0100] "GET /content/gy%C5%B1r%C5%B1f%C5%B1-lak%C3%B3i HTTP/1.1" 200 17910 "-" "Mozilla/5.0 (iPad; CPU OS 12_4_9 like Mac OS X) AppleWebKit/605.1.15 (KHTML, like Gecko) Version/12.1.2 Mobile/15E148 Safari/604.1"
62.165.201.112 - - [01/Dec/2020:07:11:31 +0100] "GET /apple-touch-icon-152x152-precomposed.png HTTP/1.1" 404 4562 "-" "MobileSafari/604.1 CFNetwork/978.0.7 Darwin/18.7.0"
62.165.201.112 - - [01/Dec/2020:07:11:32 +0100] "GET /apple-touch-icon-152x152.png HTTP/1.1" 404 4562 "-" "MobileSafari/604.1 CFNetwork/978.0.7 Darwin/18.7.0"
62.165.201.112 - - [01/Dec/2020:07:11:32 +0100] "GET /apple-touch-icon-precomposed.png HTTP/1.1" 404 4562 "-" "MobileSafari/604.1 CFNetwork/978.0.7 Darwin/18.7.0"
62.165.201.112 - - [01/Dec/2020:07:11:32 +0100] "GET /apple-touch-icon.png HTTP/1.1" 404 4562 "-" "MobileSafari/604.1 CFNetwork/978.0.7 Darwin/18.7.0"
62.165.201.112 - - [01/Dec/2020:07:11:32 +0100] "GET /favicon.ico HTTP/1.1" 404 57 "-" "MobileSafari/604.1 CFNetwork/978.0.7 Darwin/18.7.0"
62.165.201.112 - - [01/Dec/2020:07:11:33 +0100] "GET /apple-touch-icon-152x152-precomposed.png HTTP/1.1" 404 4562 "-" "MobileSafari/604.1 CFNetwork/978.0.7 Darwin/18.7.0"
62.165.201.112 - - [01/Dec/2020:07:11:33 +0100] "GET /apple-touch-icon-152x152.png HTTP/1.1" 404 4562 "-" "MobileSafari/604.1 CFNetwork/978.0.7 Darwin/18.7.0"
62.165.201.112 - - [01/Dec/2020:07:11:34 +0100] "GET /apple-touch-icon-precomposed.png HTTP/1.1" 404 4562 "-" "MobileSafari/604.1 CFNetwork/978.0.7 Darwin/18.7.0"
62.165.201.112 - - [01/Dec/2020:07:11:34 +0100] "GET /apple-touch-icon.png HTTP/1.1" 404 4562 "-" "MobileSafari/604.1 CFNetwork/978.0.7 Darwin/18.7.0"
62.165.201.112 - - [01/Dec/2020:07:11:34 +0100] "GET /favicon.ico HTTP/1.1" 404 57 "-" "MobileSafari/604.1 CFNetwork/978.0.7 Darwin/18.7.0"
66.249.64.139 - - [01/Dec/2020:07:17:10 +0100] "GET /lovastanya/ HTTP/1.1" 200 1461 "-" "Mozilla/5.0 (Linux; Android 6.0.1; Nexus 5X Build/MMB29P) AppleWebKit/537.36 (KHTML, like Gecko) Chrome/86.0.4240.96 Mobile Safari/537.36 (compatible; Googlebot/2.1; +http://www.google.com/bot.html)"
66.249.64.137 - - [01/Dec/2020:07:26:41 +0100] "GET /lovastanya/vendeghaz.html HTTP/1.1" 304 - "-" "Mozilla/5.0 (Linux; Android 6.0.1; Nexus 5X Build/MMB29P) AppleWebKit/537.36 (KHTML, like Gecko) Chrome/86.0.4240.96 Mobile Safari/537.36 (compatible; Googlebot/2.1; +http://www.google.com/bot.html)"
62.165.201.112 - - [01/Dec/2020:07:27:26 +0100] "GET /content/gy%C5%B1r%C5%B1f%C5%B1-lak%C3%B3i HTTP/1.1" 200 17910 "-" "Mozilla/5.0 (iPad; CPU OS 12_4_9 like Mac OS X) AppleWebKit/605.1.15 (KHTML, like Gecko) Version/12.1.2 Mobile/15E148 Safari/604.1"
62.165.201.112 - - [01/Dec/2020:07:27:26 +0100] "GET /apple-touch-icon-152x152-precomposed.png HTTP/1.1" 404 4562 "-" "MobileSafari/604.1 CFNetwork/978.0.7 Darwin/18.7.0"
62.165.201.112 - - [01/Dec/2020:07:27:26 +0100] "GET /apple-touch-icon-152x152.png HTTP/1.1" 404 4562 "-" "MobileSafari/604.1 CFNetwork/978.0.7 Darwin/18.7.0"
62.165.201.112 - - [01/Dec/2020:07:27:27 +0100] "GET /apple-touch-icon-precomposed.png HTTP/1.1" 404 4562 "-" "MobileSafari/604.1 CFNetwork/978.0.7 Darwin/18.7.0"
62.165.201.112 - - [01/Dec/2020:07:27:27 +0100] "GET /apple-touch-icon.png HTTP/1.1" 404 4562 "-" "MobileSafari/604.1 CFNetwork/978.0.7 Darwin/18.7.0"
62.165.201.112 - - [01/Dec/2020:07:27:27 +0100] "GET /favicon.ico HTTP/1.1" 404 57 "-" "MobileSafari/604.1 CFNetwork/978.0.7 Darwin/18.7.0"
62.165.201.112 - - [01/Dec/2020:07:27:28 +0100] "GET /apple-touch-icon-152x152-precomposed.png HTTP/1.1" 404 4562 "-" "MobileSafari/604.1 CFNetwork/978.0.7 Darwin/18.7.0"
62.165.201.112 - - [01/Dec/2020:07:27:28 +0100] "GET /apple-touch-icon-152x152.png HTTP/1.1" 404 4562 "-" "MobileSafari/604.1 CFNetwork/978.0.7 Darwin/18.7.0"
62.165.201.112 - - [01/Dec/2020:07:27:28 +0100] "GET /apple-touch-icon-precomposed.png HTTP/1.1" 404 4562 "-" "MobileSafari/604.1 CFNetwork/978.0.7 Darwin/18.7.0"
62.165.201.112 - - [01/Dec/2020:07:27:29 +0100] "GET /apple-touch-icon.png HTTP/1.1" 404 4562 "-" "MobileSafari/604.1 CFNetwork/978.0.7 Darwin/18.7.0"
62.165.201.112 - - [01/Dec/2020:07:27:29 +0100] "GET /favicon.ico HTTP/1.1" 404 57 "-" "MobileSafari/604.1 CFNetwork/978.0.7 Darwin/18.7.0"
216.244.66.227 - - [01/Dec/2020:07:36:33 +0100] "GET /robots.txt HTTP/1.1" 200 1627 "-" "Mozilla/5.0 (compatible; DotBot/1.1; http://www.opensiteexplorer.org/dotbot, help@moz.com)"
54.36.148.211 - - [01/Dec/2020:07:42:45 +0100] "GET /content/kapcsolatok HTTP/1.1" 200 18059 "-" "Mozilla/5.0 (compatible; AhrefsBot/7.0; +http://ahrefs.com/robot/)"
216.244.66.227 - - [01/Dec/2020:07:44:07 +0100] "GET /content/az-egyes%C3%BClet-c%C3%A9lja-%C3%A9s-k%C3%B6zhaszn%C3%BAs%C3%A1gi-jelent%C3%A9sei HTTP/1.1" 200 20446 "-" "Mozilla/5.0 (compatible; DotBot/1.1; http://www.opensiteexplorer.org/dotbot, help@moz.com)"
13.66.139.136 - - [01/Dec/2020:07:45:07 +0100] "GET /lovastanya/images/vendeghaz/Data/page.htm?5,0 HTTP/1.1" 200 668 "-" "Mozilla/5.0 (compatible; bingbot/2.0; +http://www.bing.com/bingbot.htm)"
144.91.95.177 - - [01/Dec/2020:08:02:40 +0100] "GET / HTTP/1.1" 200 19611 "-" "Mozilla/5.0 (Macintosh; U; Intel Mac OS X 10_6_6; en-us) AppleWebKit/533.20.25 (KHTML, like Gecko) Version/5.0.4 Safari/533.20.27"
199.58.86.209 - - [01/Dec/2020:08:04:22 +0100] "GET /robots.txt HTTP/1.1" 200 1627 "-" "Mozilla/5.0 (compatible; MJ12bot/v1.4.8; http://mj12bot.com/)"
199.58.86.209 - - [01/Dec/2020:08:04:36 +0100] "GET / HTTP/1.1" 200 19615 "-" "Mozilla/5.0 (compatible; MJ12bot/v1.4.8; http://mj12bot.com/)"
13.66.139.136 - - [01/Dec/2020:08:38:04 +0100] "GET /erdeiiskola/images/terepfogl280.jpg HTTP/1.1" 200 17635 "-" "Mozilla/5.0 (compatible; bingbot/2.0; +http://www.bing.com/bingbot.htm)"
54.36.148.211 - - [01/Dec/2020:08:52:13 +0100] "GET /lovastanya/index.html HTTP/1.1" 200 1449 "-" "Mozilla/5.0 (compatible; AhrefsBot/7.0; +http://ahrefs.com/robot/)"
158.69.245.202 - - [01/Dec/2020:08:54:59 +0100] "GET /robots.txt HTTP/1.1" 200 1627 "-" "Mozilla/5.0 (compatible; MJ12bot/v1.4.8; http://mj12bot.com/)"
158.69.245.202 - - [01/Dec/2020:08:55:56 +0100] "GET /content/az-egyes%C3%BClet-c%C3%A9lja-%C3%A9s-k%C3%B6zhaszn%C3%BAs%C3%A1gi-jelent%C3%A9sei HTTP/1.1" 200 20446 "-" "Mozilla/5.0 (compatible; MJ12bot/v1.4.8; http://mj12bot.com/)"
158.69.245.202 - - [01/Dec/2020:08:57:06 +0100] "GET /content/megk%C3%B6zel%C3%ADt%C3%A9s HTTP/1.1" 200 21815 "-" "Mozilla/5.0 (compatible; MJ12bot/v1.4.8; http://mj12bot.com/)"
185.191.171.18 - - [01/Dec/2020:09:01:37 +0100] "GET /robots.txt HTTP/1.1" 200 1627 "-" "Mozilla/5.0 (compatible; SemrushBot/7~bl; +http://www.semrush.com/bot.html)"
185.191.171.3 - - [01/Dec/2020:09:01:38 +0100] "GET /content/erd%C5%91gazd%C3%A1lkod%C3%A1s HTTP/1.1" 200 18885 "-" "Mozilla/5.0 (compatible; SemrushBot/7~bl; +http://www.semrush.com/bot.html)"
13.66.139.136 - - [01/Dec/2020:09:08:48 +0100] "GET /erdeiiskola/images/termeszet/vadlesen.jpg HTTP/1.1" 200 76592 "-" "Mozilla/5.0 (compatible; bingbot/2.0; +http://www.bing.com/bingbot.htm)"
157.55.39.220 - - [01/Dec/2020:09:14:40 +0100] "GET / HTTP/1.1" 200 19611 "-" "Mozilla/5.0 (compatible; bingbot/2.0; +http://www.bing.com/bingbot.htm)"
13.66.139.125 - - [01/Dec/2020:09:20:34 +0100] "GET / HTTP/1.1" 200 19615 "-" "Mozilla/5.0 (compatible; bingbot/2.0; +http://www.bing.com/bingbot.htm)"
66.249.64.141 - - [01/Dec/2020:09:24:38 +0100] "GET /content/leteleped%C3%A9s HTTP/1.1" 200 17070 "-" "Mozilla/5.0 (Linux; Android 6.0.1; Nexus 5X Build/MMB29P) AppleWebKit/537.36 (KHTML, like Gecko) Chrome/86.0.4240.96 Mobile Safari/537.36 (compatible; Googlebot/2.1; +http://www.google.com/bot.html)"
66.249.64.137 - - [01/Dec/2020:09:26:18 +0100] "GET /content/l%C3%A1tnival%C3%B3k-gy%C5%B1r%C5%B1f%C5%B1n-%C3%A9s-k%C3%B6rny%C3%A9k%C3%A9n HTTP/1.1" 200 26040 "-" "Mozilla/5.0 (Linux; Android 6.0.1; Nexus 5X Build/MMB29P) AppleWebKit/537.36 (KHTML, like Gecko) Chrome/86.0.4240.96 Mobile Safari/537.36 (compatible; Googlebot/2.1; +http://www.google.com/bot.html)"
5.9.66.153 - - [01/Dec/2020:09:34:32 +0100] "GET /robots.txt HTTP/1.1" 200 1627 "-" "Mozilla/5.0 (compatible; MJ12bot/v1.4.8; http://mj12bot.com/)"
5.9.66.153 - - [01/Dec/2020:09:34:44 +0100] "GET /content/az-egyes%C3%BClet-c%C3%A9lja-%C3%A9s-k%C3%B6zhaszn%C3%BAs%C3%A1gi-jelent%C3%A9sei HTTP/1.1" 200 20410 "-" "Mozilla/5.0 (compatible; MJ12bot/v1.4.8; http://mj12bot.com/)"
5.9.66.153 - - [01/Dec/2020:09:34:56 +0100] "GET /content/megk%C3%B6zel%C3%ADt%C3%A9s HTTP/1.1" 200 21815 "-" "Mozilla/5.0 (compatible; MJ12bot/v1.4.8; http://mj12bot.com/)"
5.9.66.153 - - [01/Dec/2020:09:34:56 +0100] "GET /robots.txt HTTP/1.1" 200 1627 "-" "Mozilla/5.0 (compatible; MJ12bot/v1.4.8; http://mj12bot.com/)"
5.9.66.153 - - [01/Dec/2020:09:35:11 +0100] "GET /content/aktu%C3%A1lis-esem%C3%A9nyek-gy%25 HTTP/1.1" 404 4562 "-" "Mozilla/5.0 (compatible; MJ12bot/v1.4.8; http://mj12bot.com/)"
5.9.66.153 - - [01/Dec/2020:09:35:23 +0100] "GET /content/bioterm%C3%A9kek HTTP/1.1" 200 16713 "-" "Mozilla/5.0 (compatible; MJ12bot/v1.4.8; http://mj12bot.com/)"
5.9.66.153 - - [01/Dec/2020:09:35:34 +0100] "GET /content/gy%C5%B1r%C5%B1f%C5%B1i-tal%C3%A1lkoz%C3%A1sok HTTP/1.1" 200 21494 "-" "Mozilla/5.0 (compatible; MJ12bot/v1.4.8; http://mj12bot.com/)"
5.9.66.153 - - [01/Dec/2020:09:35:45 +0100] "GET /content/hullad%C3%A9k-kezel%C3%A9s HTTP/1.1" 200 18896 "-" "Mozilla/5.0 (compatible; MJ12bot/v1.4.8; http://mj12bot.com/)"
5.9.66.153 - - [01/Dec/2020:09:35:57 +0100] "GET /content/kezdetekt%C5%91l-mostan%C3%A1ig HTTP/1.1" 200 22292 "-" "Mozilla/5.0 (compatible; MJ12bot/v1.4.8; http://mj12bot.com/)"
5.9.66.153 - - [01/Dec/2020:09:36:08 +0100] "GET /content/leteleped%C3%A9s HTTP/1.1" 200 17070 "-" "Mozilla/5.0 (compatible; MJ12bot/v1.4.8; http://mj12bot.com/)"
5.9.66.153 - - [01/Dec/2020:09:36:19 +0100] "GET /content/permakult%C3%BAra-tanfolyamok HTTP/1.1" 200 19113 "-" "Mozilla/5.0 (compatible; MJ12bot/v1.4.8; http://mj12bot.com/)"
5.9.66.153 - - [01/Dec/2020:09:36:30 +0100] "GET /content/v%C3%ADzgazd%C3%A1lkod%C3%A1s HTTP/1.1" 200 20152 "-" "Mozilla/5.0 (compatible; MJ12bot/v1.4.8; http://mj12bot.com/)"
5.9.66.153 - - [01/Dec/2020:09:36:42 +0100] "GET /lovastanya%C2%A0Postac%C3%ADm: HTTP/1.1" 404 4562 "-" "Mozilla/5.0 (compatible; MJ12bot/v1.4.8; http://mj12bot.com/)"
66.249.93.70 - - [01/Dec/2020:09:49:27 +0100] "GET / HTTP/1.1" 200 19615 "-" "Mozilla/5.0 (X11; Linux x86_64) AppleWebKit/537.36 (KHTML, like Gecko) Chrome/49.0.2623.75 Safari/537.36 Google Favicon"
66.249.93.70 - - [01/Dec/2020:09:49:27 +0100] "GET /favicon.ico HTTP/1.1" 404 57 "-" "Mozilla/5.0 (X11; Linux x86_64) AppleWebKit/537.36 (KHTML, like Gecko) Chrome/49.0.2623.75 Safari/537.36 Google Favicon"
209.17.97.74 - - [01/Dec/2020:09:51:47 +0100] "GET / HTTP/1.1" 200 19615 "-" "Mozilla/5.0 (compatible; Nimbostratus-Bot/v1.3.2; http://cloudsystemnetworks.com)"
185.191.171.22 - - [01/Dec/2020:09:58:21 +0100] "GET /content/v%C3%A1llalkoz%C3%A1sok HTTP/1.1" 200 17563 "-" "Mozilla/5.0 (compatible; SemrushBot/7~bl; +http://www.semrush.com/bot.html)"
54.36.148.115 - - [01/Dec/2020:09:59:21 +0100] "GET /content/l%C3%A1tnival%C3%B3k-gy%C5%B1r%C5%B1f%C5%B1n-%C3%A9s-k%C3%B6rny%C3%A9k%C3%A9n HTTP/1.1" 200 26040 "-" "Mozilla/5.0 (compatible; AhrefsBot/7.0; +http://ahrefs.com/robot/)"
37.76.80.243 - - [01/Dec/2020:10:00:17 +0100] "GET / HTTP/1.1" 200 19615 "https://www.google.com/" "Mozilla/5.0 (Macintosh; Intel Mac OS X 10_12_6) AppleWebKit/537.36 (KHTML, like Gecko) Chrome/85.0.4183.121 Safari/537.36"
37.76.80.243 - - [01/Dec/2020:10:00:17 +0100] "GET /modules/nice_menus/nice_menus.css?g HTTP/1.1" 200 3607 "http://www.gyurufu.hu/" "Mozilla/5.0 (Macintosh; Intel Mac OS X 10_12_6) AppleWebKit/537.36 (KHTML, like Gecko) Chrome/85.0.4183.121 Safari/537.36"
37.76.80.243 - - [01/Dec/2020:10:00:17 +0100] "GET /modules/nice_menus/nice_menus_default.css?g HTTP/1.1" 200 4978 "http://www.gyurufu.hu/" "Mozilla/5.0 (Macintosh; Intel Mac OS X 10_12_6) AppleWebKit/537.36 (KHTML, like Gecko) Chrome/85.0.4183.121 Safari/537.36"
37.76.80.243 - - [01/Dec/2020:10:00:17 +0100] "GET /modules/system/system.css?g HTTP/1.1" 200 10020 "http://www.gyurufu.hu/" "Mozilla/5.0 (Macintosh; Intel Mac OS X 10_12_6) AppleWebKit/537.36 (KHTML, like Gecko) Chrome/85.0.4183.121 Safari/537.36"
37.76.80.243 - - [01/Dec/2020:10:00:17 +0100] "GET /modules/photos/photos.css?g HTTP/1.1" 200 5645 "http://www.gyurufu.hu/" "Mozilla/5.0 (Macintosh; Intel Mac OS X 10_12_6) AppleWebKit/537.36 (KHTML, like Gecko) Chrome/85.0.4183.121 Safari/537.36"
37.76.80.243 - - [01/Dec/2020:10:00:17 +0100] "GET /modules/system/defaults.css?g HTTP/1.1" 200 757 "http://www.gyurufu.hu/" "Mozilla/5.0 (Macintosh; Intel Mac OS X 10_12_6) AppleWebKit/537.36 (KHTML, like Gecko) Chrome/85.0.4183.121 Safari/537.36"
37.76.80.243 - - [01/Dec/2020:10:00:17 +0100] "GET /modules/node/node.css?g HTTP/1.1" 200 740 "http://www.gyurufu.hu/" "Mozilla/5.0 (Macintosh; Intel Mac OS X 10_12_6) AppleWebKit/537.36 (KHTML, like Gecko) Chrome/85.0.4183.121 Safari/537.36"
37.76.80.243 - - [01/Dec/2020:10:00:17 +0100] "GET /modules/system/system-menus.css?g HTTP/1.1" 200 935 "http://www.gyurufu.hu/" "Mozilla/5.0 (Macintosh; Intel Mac OS X 10_12_6) AppleWebKit/537.36 (KHTML, like Gecko) Chrome/85.0.4183.121 Safari/537.36"
37.76.80.243 - - [01/Dec/2020:10:00:17 +0100] "GET /modules/user/user.css?g HTTP/1.1" 200 1127 "http://www.gyurufu.hu/" "Mozilla/5.0 (Macintosh; Intel Mac OS X 10_12_6) AppleWebKit/537.36 (KHTML, like Gecko) Chrome/85.0.4183.121 Safari/537.36"
37.76.80.243 - - [01/Dec/2020:10:00:17 +0100] "GET /misc/jquery.js?g HTTP/1.1" 200 31089 "http://www.gyurufu.hu/" "Mozilla/5.0 (Macintosh; Intel Mac OS X 10_12_6) AppleWebKit/537.36 (KHTML, like Gecko) Chrome/85.0.4183.121 Safari/537.36"
37.76.80.243 - - [01/Dec/2020:10:00:17 +0100] "GET /themes/aboutpeople/style.css?g HTTP/1.1" 200 32283 "http://www.gyurufu.hu/" "Mozilla/5.0 (Macintosh; Intel Mac OS X 10_12_6) AppleWebKit/537.36 (KHTML, like Gecko) Chrome/85.0.4183.121 Safari/537.36"
37.76.80.243 - - [01/Dec/2020:10:00:17 +0100] "GET /modules/google_analytics/googleanalytics.js?g HTTP/1.1" 200 2268 "http://www.gyurufu.hu/" "Mozilla/5.0 (Macintosh; Intel Mac OS X 10_12_6) AppleWebKit/537.36 (KHTML, like Gecko) Chrome/85.0.4183.121 Safari/537.36"
37.76.80.243 - - [01/Dec/2020:10:00:17 +0100] "GET /modules/photos/photos.js?g HTTP/1.1" 200 2409 "http://www.gyurufu.hu/" "Mozilla/5.0 (Macintosh; Intel Mac OS X 10_12_6) AppleWebKit/537.36 (KHTML, like Gecko) Chrome/85.0.4183.121 Safari/537.36"
37.76.80.243 - - [01/Dec/2020:10:00:17 +0100] "GET /misc/drupal.js?g HTTP/1.1" 200 9745 "http://www.gyurufu.hu/" "Mozilla/5.0 (Macintosh; Intel Mac OS X 10_12_6) AppleWebKit/537.36 (KHTML, like Gecko) Chrome/85.0.4183.121 Safari/537.36"
37.76.80.243 - - [01/Dec/2020:10:00:17 +0100] "GET /sites/default/files/languages/hu_8582a244f490b74610256ab428690e24.js?g HTTP/1.1" 200 1838 "http://www.gyurufu.hu/" "Mozilla/5.0 (Macintosh; Intel Mac OS X 10_12_6) AppleWebKit/537.36 (KHTML, like Gecko) Chrome/85.0.4183.121 Safari/537.36"
37.76.80.243 - - [01/Dec/2020:10:00:17 +0100] "GET /misc/powered-blue-80x15.png HTTP/1.1" 200 1011 "http://www.gyurufu.hu/" "Mozilla/5.0 (Macintosh; Intel Mac OS X 10_12_6) AppleWebKit/537.36 (KHTML, like Gecko) Chrome/85.0.4183.121 Safari/537.36"
37.76.80.243 - - [01/Dec/2020:10:00:18 +0100] "GET /themes/aboutpeople/img/sticky.gif HTTP/1.1" 200 560 "http://www.gyurufu.hu/" "Mozilla/5.0 (Macintosh; Intel Mac OS X 10_12_6) AppleWebKit/537.36 (KHTML, like Gecko) Chrome/85.0.4183.121 Safari/537.36"
37.76.80.243 - - [01/Dec/2020:10:00:18 +0100] "GET /themes/aboutpeople/img/login_line.png HTTP/1.1" 200 510 "http://www.gyurufu.hu/themes/aboutpeople/style.css?g" "Mozilla/5.0 (Macintosh; Intel Mac OS X 10_12_6) AppleWebKit/537.36 (KHTML, like Gecko) Chrome/85.0.4183.121 Safari/537.36"
37.76.80.243 - - [01/Dec/2020:10:00:18 +0100] "GET /themes/aboutpeople/img/use11r.gif HTTP/1.1" 200 1001 "http://www.gyurufu.hu/themes/aboutpeople/style.css?g" "Mozilla/5.0 (Macintosh; Intel Mac OS X 10_12_6) AppleWebKit/537.36 (KHTML, like Gecko) Chrome/85.0.4183.121 Safari/537.36"
37.76.80.243 - - [01/Dec/2020:10:00:18 +0100] "GET /themes/aboutpeople/img/bg.gif HTTP/1.1" 200 4764 "http://www.gyurufu.hu/themes/aboutpeople/style.css?g" "Mozilla/5.0 (Macintosh; Intel Mac OS X 10_12_6) AppleWebKit/537.36 (KHTML, like Gecko) Chrome/85.0.4183.121 Safari/537.36"
37.76.80.243 - - [01/Dec/2020:10:00:18 +0100] "GET /themes/aboutpeople/img/menulinks.png HTTP/1.1" 200 1465 "http://www.gyurufu.hu/themes/aboutpeople/style.css?g" "Mozilla/5.0 (Macintosh; Intel Mac OS X 10_12_6) AppleWebKit/537.36 (KHTML, like Gecko) Chrome/85.0.4183.121 Safari/537.36"
37.76.80.243 - - [01/Dec/2020:10:00:18 +0100] "GET /themes/aboutpeople/img/menulinks_corner.png HTTP/1.1" 200 215 "http://www.gyurufu.hu/themes/aboutpeople/style.css?g" "Mozilla/5.0 (Macintosh; Intel Mac OS X 10_12_6) AppleWebKit/537.36 (KHTML, like Gecko) Chrome/85.0.4183.121 Safari/537.36"
37.76.80.243 - - [01/Dec/2020:10:00:18 +0100] "GET /themes/aboutpeople/img/menuline.png HTTP/1.1" 200 395 "http://www.gyurufu.hu/themes/aboutpeople/style.css?g" "Mozilla/5.0 (Macintosh; Intel Mac OS X 10_12_6) AppleWebKit/537.36 (KHTML, like Gecko) Chrome/85.0.4183.121 Safari/537.36"
37.76.80.243 - - [01/Dec/2020:10:00:18 +0100] "GET /themes/aboutpeople/img/down_arrow_hover.png HTTP/1.1" 200 115 "http://www.gyurufu.hu/themes/aboutpeople/style.css?g" "Mozilla/5.0 (Macintosh; Intel Mac OS X 10_12_6) AppleWebKit/537.36 (KHTML, like Gecko) Chrome/85.0.4183.121 Safari/537.36"
37.76.80.243 - - [01/Dec/2020:10:00:18 +0100] "GET /themes/aboutpeople/img/down_arrow.png HTTP/1.1" 200 149 "http://www.gyurufu.hu/themes/aboutpeople/style.css?g" "Mozilla/5.0 (Macintosh; Intel Mac OS X 10_12_6) AppleWebKit/537.36 (KHTML, like Gecko) Chrome/85.0.4183.121 Safari/537.36"
37.76.80.243 - - [01/Dec/2020:10:00:18 +0100] "GET /themes/aboutpeople/img/slinks.gif HTTP/1.1" 200 487 "http://www.gyurufu.hu/themes/aboutpeople/style.css?g" "Mozilla/5.0 (Macintosh; Intel Mac OS X 10_12_6) AppleWebKit/537.36 (KHTML, like Gecko) Chrome/85.0.4183.121 Safari/537.36"
37.76.80.243 - - [01/Dec/2020:10:00:18 +0100] "GET /modules/nice_menus/arrow-right.png HTTP/1.1" 200 258 "http://www.gyurufu.hu/modules/nice_menus/nice_menus_default.css?g" "Mozilla/5.0 (Macintosh; Intel Mac OS X 10_12_6) AppleWebKit/537.36 (KHTML, like Gecko) Chrome/85.0.4183.121 Safari/537.36"
37.76.80.243 - - [01/Dec/2020:10:00:18 +0100] "GET /themes/aboutpeople/img/bgblock.gif HTTP/1.1" 200 1287 "http://www.gyurufu.hu/themes/aboutpeople/style.css?g" "Mozilla/5.0 (Macintosh; Intel Mac OS X 10_12_6) AppleWebKit/537.36 (KHTML, like Gecko) Chrome/85.0.4183.121 Safari/537.36"
37.76.80.243 - - [01/Dec/2020:10:00:18 +0100] "GET /themes/aboutpeople/img/slinksover.gif HTTP/1.1" 200 478 "http://www.gyurufu.hu/themes/aboutpeople/style.css?g" "Mozilla/5.0 (Macintosh; Intel Mac OS X 10_12_6) AppleWebKit/537.36 (KHTML, like Gecko) Chrome/85.0.4183.121 Safari/537.36"
37.76.80.243 - - [01/Dec/2020:10:00:18 +0100] "GET /themes/aboutpeople/img/login.gif HTTP/1.1" 200 1018 "http://www.gyurufu.hu/themes/aboutpeople/style.css?g" "Mozilla/5.0 (Macintosh; Intel Mac OS X 10_12_6) AppleWebKit/537.36 (KHTML, like Gecko) Chrome/85.0.4183.121 Safari/537.36"
37.76.80.243 - - [01/Dec/2020:10:00:18 +0100] "GET /themes/aboutpeople/img/readmore.gif HTTP/1.1" 200 366 "http://www.gyurufu.hu/themes/aboutpeople/style.css?g" "Mozilla/5.0 (Macintosh; Intel Mac OS X 10_12_6) AppleWebKit/537.36 (KHTML, like Gecko) Chrome/85.0.4183.121 Safari/537.36"
37.76.80.243 - - [01/Dec/2020:10:00:18 +0100] "GET /themes/aboutpeople/img/banners/rotate.php HTTP/1.1" 200 38338 "http://www.gyurufu.hu/themes/aboutpeople/style.css?g" "Mozilla/5.0 (Macintosh; Intel Mac OS X 10_12_6) AppleWebKit/537.36 (KHTML, like Gecko) Chrome/85.0.4183.121 Safari/537.36"
37.76.80.243 - - [01/Dec/2020:10:00:18 +0100] "GET /favicon.ico HTTP/1.1" 404 57 "http://www.gyurufu.hu/" "Mozilla/5.0 (Macintosh; Intel Mac OS X 10_12_6) AppleWebKit/537.36 (KHTML, like Gecko) Chrome/85.0.4183.121 Safari/537.36"
37.76.16.31 - - [01/Dec/2020:10:15:33 +0100] "GET /lovastanya/ HTTP/1.1" 200 1461 "-" "Mozilla/5.0 (iPhone; CPU iPhone OS 12_4_9 like Mac OS X) AppleWebKit/605.1.15 (KHTML, like Gecko) Version/12.1.2 Mobile/15E148 Safari/604.1"
37.76.16.31 - - [01/Dec/2020:10:15:34 +0100] "GET /apple-touch-icon-120x120-precomposed.png HTTP/1.1" 404 4562 "-" "MobileSafari/604.1 CFNetwork/978.0.7 Darwin/18.7.0"
37.76.16.31 - - [01/Dec/2020:10:15:34 +0100] "GET /apple-touch-icon-120x120.png HTTP/1.1" 404 4562 "-" "MobileSafari/604.1 CFNetwork/978.0.7 Darwin/18.7.0"
37.76.16.31 - - [01/Dec/2020:10:15:35 +0100] "GET /apple-touch-icon-precomposed.png HTTP/1.1" 404 4562 "-" "MobileSafari/604.1 CFNetwork/978.0.7 Darwin/18.7.0"
37.76.16.31 - - [01/Dec/2020:10:15:35 +0100] "GET /apple-touch-icon.png HTTP/1.1" 404 4562 "-" "MobileSafari/604.1 CFNetwork/978.0.7 Darwin/18.7.0"
37.76.16.31 - - [01/Dec/2020:10:15:35 +0100] "GET /favicon.ico HTTP/1.1" 404 57 "-" "MobileSafari/604.1 CFNetwork/978.0.7 Darwin/18.7.0"
37.76.16.31 - - [01/Dec/2020:10:15:35 +0100] "GET /apple-touch-icon-120x120-precomposed.png HTTP/1.1" 404 4562 "-" "MobileSafari/604.1 CFNetwork/978.0.7 Darwin/18.7.0"
37.76.16.31 - - [01/Dec/2020:10:15:36 +0100] "GET /apple-touch-icon-120x120.png HTTP/1.1" 404 4562 "-" "MobileSafari/604.1 CFNetwork/978.0.7 Darwin/18.7.0"
37.76.16.31 - - [01/Dec/2020:10:15:36 +0100] "GET /apple-touch-icon-precomposed.png HTTP/1.1" 404 4562 "-" "MobileSafari/604.1 CFNetwork/978.0.7 Darwin/18.7.0"
37.76.16.31 - - [01/Dec/2020:10:15:37 +0100] "GET /apple-touch-icon.png HTTP/1.1" 404 4562 "-" "MobileSafari/604.1 CFNetwork/978.0.7 Darwin/18.7.0"
188.36.156.131 - - [01/Dec/2020:10:15:39 +0100] "GET /favicon.ico HTTP/1.1" 404 57 "-" "MobileSafari/604.1 CFNetwork/978.0.7 Darwin/18.7.0"
66.249.64.139 - - [01/Dec/2020:10:16:27 +0100] "GET /content/gy%C5%B1r%C5%B1f%C5%B1-m%C5%B1hely-kft HTTP/1.1" 200 17788 "-" "Mozilla/5.0 (Linux; Android 6.0.1; Nexus 5X Build/MMB29P) AppleWebKit/537.36 (KHTML, like Gecko) Chrome/86.0.4240.96 Mobile Safari/537.36 (compatible; Googlebot/2.1; +http://www.google.com/bot.html)"
46.119.92.13 - - [01/Dec/2020:10:18:18 +0100] "GET / HTTP/1.1" 200 19615 "https://online-zaymy.ru/" "Mozilla/4.0 (compatible; MSIE 6.0; Windows XP)"
46.119.92.13 - - [01/Dec/2020:10:18:18 +0100] "GET / HTTP/1.1" 200 19615 "https://online-zaymy.ru/" "Mozilla/4.0 (compatible; MSIE 6.0; Windows XP)"
46.119.92.13 - - [01/Dec/2020:10:18:19 +0100] "GET / HTTP/1.1" 200 19615 "https://online-zaymy.ru/" "Mozilla/4.0 (compatible; MSIE 6.0; Windows XP)"
159.69.45.202 - - [01/Dec/2020:10:21:29 +0100] "GET /robots.txt HTTP/1.1" 200 1627 "-" "Mozilla/5.0 (compatible; um-IC/1.0; mailto: techinfo@ubermetrics-technologies.com; Windows NT 6.1; WOW64; rv:40.0) Gecko/20100101 Firefox/40.1"
159.69.45.202 - - [01/Dec/2020:10:21:29 +0100] "GET /rss.xml HTTP/1.1" 200 3891 "-" "Mozilla/5.0 (compatible; um-IC/1.0; mailto: techinfo@ubermetrics-technologies.com; Windows NT 6.1; WOW64; rv:40.0) Gecko/20100101 Firefox/40.1"
3.238.124.167 - - [01/Dec/2020:10:21:30 +0100] "GET / HTTP/1.1" 200 19611 "-" "Mozilla/5.0 (Macintosh; Intel Mac OS X 10_15_0) AppleWebKit/537.36 (KHTML, like Gecko) Chrome/78.0.3904.87 Safari/537.36"
13.66.139.125 - - [01/Dec/2020:10:27:23 +0100] "GET /erdeiiskola/images/termeszet/termeszet.jpg HTTP/1.1" 200 75077 "-" "Mozilla/5.0 (compatible; bingbot/2.0; +http://www.bing.com/bingbot.htm)"
66.249.64.137 - - [01/Dec/2020:10:34:49 +0100] "GET /content/gy%C5%B1r%C5%B1f%C5%B1-t%C3%A1voli-m%C3%BAltja HTTP/1.1" 200 26711 "-" "Mozilla/5.0 (Linux; Android 6.0.1; Nexus 5X Build/MMB29P) AppleWebKit/537.36 (KHTML, like Gecko) Chrome/86.0.4240.96 Mobile Safari/537.36 (compatible; Googlebot/2.1; +http://www.google.com/bot.html)"
66.249.64.141 - - [01/Dec/2020:10:36:54 +0100] "GET /erdeiiskola/ HTTP/1.1" 200 954 "-" "Mozilla/5.0 (Linux; Android 6.0.1; Nexus 5X Build/MMB29P) AppleWebKit/537.36 (KHTML, like Gecko) Chrome/86.0.4240.96 Mobile Safari/537.36 (compatible; Googlebot/2.1; +http://www.google.com/bot.html)"
54.36.148.98 - - [01/Dec/2020:10:43:19 +0100] "GET /robots.txt HTTP/1.1" 200 1627 "-" "Mozilla/5.0 (compatible; AhrefsBot/6.1; +http://ahrefs.com/robot/)"
