47.128.55.123 - - [04/Nov/2023:13:02:43 +0100] "GET /node/2566 HTTP/1.1" 200 - "-" "Mozilla/5.0 (Linux; Android 5.0) AppleWebKit/537.36 (KHTML, like Gecko) Mobile Safari/537.36 (compatible; Bytespider; spider-feedback@bytedance.com)"
216.244.66.200 - - [04/Nov/2023:13:05:15 +0100] "GET /robots.txt HTTP/1.1" 200 1590 "-" "Mozilla/5.0 (compatible; DotBot/1.2; +https://opensiteexplorer.org/dotbot; help@moz.com)"
216.244.66.200 - - [04/Nov/2023:13:05:15 +0100] "GET /robots.txt HTTP/1.1" 200 1590 "-" "Mozilla/5.0 (compatible; DotBot/1.2; +https://opensiteexplorer.org/dotbot; help@moz.com)"
47.128.22.255 - - [04/Nov/2023:13:06:43 +0100] "GET /node?page=4 HTTP/1.1" 200 - "-" "Mozilla/5.0 (Linux; Android 5.0) AppleWebKit/537.36 (KHTML, like Gecko) Mobile Safari/537.36 (compatible; Bytespider; spider-feedback@bytedance.com)"
66.249.66.86 - - [04/Nov/2023:13:10:34 +0100] "GET /files/ptk_kotelmi_jog.pdf HTTP/1.1" 200 706298 "-" "Mozilla/5.0 (compatible; Googlebot/2.1; +http://www.google.com/bot.html)"
66.249.66.6 - - [04/Nov/2023:13:10:34 +0100] "GET /files/kozig-egyezt-eloterj.pdf HTTP/1.1" 304 - "-" "Mozilla/5.0 (Linux; Android 6.0.1; Nexus 5X Build/MMB29P) AppleWebKit/537.36 (KHTML, like Gecko) Chrome/119.0.6045.105 Mobile Safari/537.36 (compatible; Googlebot/2.1; +http://www.google.com/bot.html)"
207.46.13.125 - - [04/Nov/2023:13:17:52 +0100] "GET /taxonomy/term/56 HTTP/1.1" 200 - "-" "Mozilla/5.0 AppleWebKit/537.36 (KHTML, like Gecko; compatible; bingbot/2.0; +http://www.bing.com/bingbot.htm) Chrome/103.0.5060.134 Safari/537.36"
207.46.13.125 - - [04/Nov/2023:13:18:24 +0100] "GET /taxonomy/term/56 HTTP/1.1" 200 - "-" "Mozilla/5.0 AppleWebKit/537.36 (KHTML, like Gecko; compatible; bingbot/2.0; +http://www.bing.com/bingbot.htm) Chrome/103.0.5060.134 Safari/537.36"
216.244.66.200 - - [04/Nov/2023:13:18:49 +0100] "GET /files/9.%20sz%C3%83%C2%A1m%C3%83%C2%BA%20mell%C3%83%C2%A9klet.doc HTTP/1.1" 200 - "-" "Mozilla/5.0 (compatible; DotBot/1.2; +https://opensiteexplorer.org/dotbot; help@moz.com)"
216.244.66.200 - - [04/Nov/2023:13:19:35 +0100] "GET /files/41_2000___xii__20___e%C3%83%C2%BCm_k%C3%83%C2%B6m_egy%C3%83%C2%BCttes_rendelet_m%C3%83%C2%B3dos%C3%83%C2%ADt%C3%83%C2%A1sa_6.doc HTTP/1.1" 200 - "-" "Mozilla/5.0 (compatible; DotBot/1.2; +https://opensiteexplorer.org/dotbot; help@moz.com)"
216.244.66.200 - - [04/Nov/2023:13:19:37 +0100] "GET /files/R178_3rendelet.pdf HTTP/1.1" 200 149874 "-" "Mozilla/5.0 (compatible; DotBot/1.2; +https://opensiteexplorer.org/dotbot; help@moz.com)"
216.244.66.200 - - [04/Nov/2023:13:20:21 +0100] "GET /files/pontrendszer.doc HTTP/1.1" 200 146944 "-" "Mozilla/5.0 (compatible; DotBot/1.2; +https://opensiteexplorer.org/dotbot; help@moz.com)"
216.244.66.200 - - [04/Nov/2023:13:20:56 +0100] "GET /files/134_2004_mod_2.mell.egyestett.xls HTTP/1.1" 200 324608 "-" "Mozilla/5.0 (compatible; DotBot/1.2; +https://opensiteexplorer.org/dotbot; help@moz.com)"
216.244.66.200 - - [04/Nov/2023:13:21:47 +0100] "GET /files/150es_kozigre_081209.pdf HTTP/1.1" 200 373180 "-" "Mozilla/5.0 (compatible; DotBot/1.2; +https://opensiteexplorer.org/dotbot; help@moz.com)"
216.244.66.200 - - [04/Nov/2023:13:22:18 +0100] "GET /files/KHEM1436_5normaszoveg.doc HTTP/1.1" 200 43520 "-" "Mozilla/5.0 (compatible; DotBot/1.2; +https://opensiteexplorer.org/dotbot; help@moz.com)"
216.244.66.200 - - [04/Nov/2023:13:23:10 +0100] "GET /files/eloterjesztes_0826_kozze.doc HTTP/1.1" 200 350009 "-" "Mozilla/5.0 (compatible; DotBot/1.2; +https://opensiteexplorer.org/dotbot; help@moz.com)"
216.244.66.200 - - [04/Nov/2023:13:24:11 +0100] "GET /files/miniszt_2006_j%C3%83%C2%BAlius.pdf HTTP/1.1" 200 - "-" "Mozilla/5.0 (compatible; DotBot/1.2; +https://opensiteexplorer.org/dotbot; help@moz.com)"
216.244.66.200 - - [04/Nov/2023:13:24:43 +0100] "GET /files/nca_tiszteletdij_090422.pdf HTTP/1.1" 200 246298 "-" "Mozilla/5.0 (compatible; DotBot/1.2; +https://opensiteexplorer.org/dotbot; help@moz.com)"
216.244.66.200 - - [04/Nov/2023:13:25:29 +0100] "GET /files/szemelyugyi_igazgatas.pdf HTTP/1.1" 200 379679 "-" "Mozilla/5.0 (compatible; DotBot/1.2; +https://opensiteexplorer.org/dotbot; help@moz.com)"
216.244.66.200 - - [04/Nov/2023:13:26:21 +0100] "GET /files/unesco_terv_080415.pdf HTTP/1.1" 200 254057 "-" "Mozilla/5.0 (compatible; DotBot/1.2; +https://opensiteexplorer.org/dotbot; help@moz.com)"
216.244.66.200 - - [04/Nov/2023:13:27:23 +0100] "GET /files/10.%20sz%C3%83%C2%A1m%C3%83%C2%BA%20mell%C3%83%C2%A9klet.xls HTTP/1.1" 200 - "-" "Mozilla/5.0 (compatible; DotBot/1.2; +https://opensiteexplorer.org/dotbot; help@moz.com)"
216.244.66.200 - - [04/Nov/2023:13:27:46 +0100] "GET /files/1212_nitrat_kitoltesiutmutato1103_2.v_ltozat.doc HTTP/1.1" 200 126464 "-" "Mozilla/5.0 (compatible; DotBot/1.2; +https://opensiteexplorer.org/dotbot; help@moz.com)"
216.244.66.200 - - [04/Nov/2023:13:28:49 +0100] "GET /files/PM%20t%C3%83%C2%B6rv%C3%83%C2%A9nyjavaslat2.doc HTTP/1.1" 200 - "-" "Mozilla/5.0 (compatible; DotBot/1.2; +https://opensiteexplorer.org/dotbot; help@moz.com)"
216.244.66.200 - - [04/Nov/2023:13:29:09 +0100] "GET /files/birosagi_ugyintezo_szakmai_indokolas.doc HTTP/1.1" 200 26112 "-" "Mozilla/5.0 (compatible; DotBot/1.2; +https://opensiteexplorer.org/dotbot; help@moz.com)"
216.244.66.200 - - [04/Nov/2023:13:30:12 +0100] "GET /taxonomy/term/19/0/feed HTTP/1.1" 200 - "-" "Mozilla/5.0 (compatible; DotBot/1.2; +https://opensiteexplorer.org/dotbot; help@moz.com)"
216.244.66.200 - - [04/Nov/2023:13:31:02 +0100] "GET /taxonomy/term/93/0/feed HTTP/1.1" 200 - "-" "Mozilla/5.0 (compatible; DotBot/1.2; +https://opensiteexplorer.org/dotbot; help@moz.com)"
66.249.66.85 - - [04/Nov/2023:13:35:32 +0100] "GET /files/2_sz_melleklet_061031.pdf HTTP/1.1" 304 - "-" "Mozilla/5.0 (compatible; Googlebot/2.1; +http://www.google.com/bot.html)"
100.21.24.205 - - [04/Nov/2023:13:46:31 +0100] "GET /drupal/node/383 HTTP/1.1" 200 - "-" "my-tiny-bot"
44.230.252.91 - - [04/Nov/2023:13:46:34 +0100] "GET /drupal/node/385 HTTP/1.1" 200 - "-" "my-tiny-bot"
100.21.24.205 - - [04/Nov/2023:13:46:41 +0100] "GET /drupal/node/383 HTTP/1.1" 200 - "-" "my-tiny-bot"
44.230.252.91 - - [04/Nov/2023:13:46:44 +0100] "GET /drupal/node/385 HTTP/1.1" 200 - "-" "my-tiny-bot"
157.55.39.11 - - [04/Nov/2023:13:47:08 +0100] "GET /files/megv_mkepesseg_070108.pdf HTTP/1.1" 304 - "-" "Mozilla/5.0 AppleWebKit/537.36 (KHTML, like Gecko; compatible; bingbot/2.0; +http://www.bing.com/bingbot.htm) Chrome/103.0.5060.134 Safari/537.36"
66.249.66.87 - - [04/Nov/2023:13:47:28 +0100] "GET /files/591.pdf HTTP/1.1" 304 - "-" "Mozilla/5.0 (Linux; Android 6.0.1; Nexus 5X Build/MMB29P) AppleWebKit/537.36 (KHTML, like Gecko) Chrome/119.0.6045.105 Mobile Safari/537.36 (compatible; Googlebot/2.1; +http://www.google.com/bot.html)"
216.244.66.200 - - [04/Nov/2023:13:54:30 +0100] "GET /robots.txt HTTP/1.1" 200 1590 "-" "Mozilla/5.0 (compatible; DotBot/1.2; +https://opensiteexplorer.org/dotbot; help@moz.com)"
216.244.66.200 - - [04/Nov/2023:13:54:30 +0100] "GET /robots.txt HTTP/1.1" 200 1590 "-" "Mozilla/5.0 (compatible; DotBot/1.2; +https://opensiteexplorer.org/dotbot; help@moz.com)"
66.249.66.87 - - [04/Nov/2023:14:03:40 +0100] "GET /files/tervezesi_eloirasok_om_r_allig_egy_060310.pdf HTTP/1.1" 200 113494 "-" "Mozilla/5.0 (compatible; Googlebot/2.1; +http://www.google.com/bot.html)"
44.231.202.44 - - [04/Nov/2023:14:06:47 +0100] "GET /robots.txt HTTP/1.1" 200 1590 "-" "fidget-spinner-bot"
216.244.66.200 - - [04/Nov/2023:14:11:35 +0100] "GET /files/szakmai_vizsga_tam_1_mell_070307.pdf HTTP/1.1" 200 163672 "-" "Mozilla/5.0 (compatible; DotBot/1.2; +https://opensiteexplorer.org/dotbot; help@moz.com)"
50.112.160.3 - - [04/Nov/2023:14:12:06 +0100] "GET /drupal/node/1273 HTTP/1.1" 200 - "-" "fidget-spinner-bot"
50.112.160.3 - - [04/Nov/2023:14:12:16 +0100] "GET /drupal/node/1273 HTTP/1.1" 200 - "-" "fidget-spinner-bot"
216.244.66.200 - - [04/Nov/2023:14:13:49 +0100] "GET /files/ekozbesz.doc HTTP/1.1" 200 339456 "-" "Mozilla/5.0 (compatible; DotBot/1.2; +https://opensiteexplorer.org/dotbot; help@moz.com)"
216.244.66.200 - - [04/Nov/2023:14:14:25 +0100] "GET /files/imrendelet..doc HTTP/1.1" 200 53760 "-" "Mozilla/5.0 (compatible; DotBot/1.2; +https://opensiteexplorer.org/dotbot; help@moz.com)"
216.244.66.200 - - [04/Nov/2023:14:15:01 +0100] "GET /files/nat_terv_080521.pdf HTTP/1.1" 200 155548 "-" "Mozilla/5.0 (compatible; DotBot/1.2; +https://opensiteexplorer.org/dotbot; help@moz.com)"
216.244.66.200 - - [04/Nov/2023:14:15:38 +0100] "GET /files/stv_modositas.pdf HTTP/1.1" 200 224726 "-" "Mozilla/5.0 (compatible; DotBot/1.2; +https://opensiteexplorer.org/dotbot; help@moz.com)"
216.244.66.200 - - [04/Nov/2023:14:16:19 +0100] "GET /files/0207_KSZF_MeHVM_rend_terv.pdf HTTP/1.1" 200 183759 "-" "Mozilla/5.0 (compatible; DotBot/1.2; +https://opensiteexplorer.org/dotbot; help@moz.com)"
216.244.66.200 - - [04/Nov/2023:14:16:54 +0100] "GET /files/17per2007_korm_rend_mod_081211.doc HTTP/1.1" 200 40448 "-" "Mozilla/5.0 (compatible; DotBot/1.2; +https://opensiteexplorer.org/dotbot; help@moz.com)"
216.244.66.200 - - [04/Nov/2023:14:17:24 +0100] "GET /files/17per2009min_rend_mod_091106.doc HTTP/1.1" 200 37888 "-" "Mozilla/5.0 (compatible; DotBot/1.2; +https://opensiteexplorer.org/dotbot; help@moz.com)"
216.244.66.200 - - [04/Nov/2023:14:18:03 +0100] "GET /files/Natura_tervezet_kozig.pdf HTTP/1.1" 200 319422 "-" "Mozilla/5.0 (compatible; DotBot/1.2; +https://opensiteexplorer.org/dotbot; help@moz.com)"
185.209.162.159 - - [04/Nov/2023:14:18:44 +0100] "GET / HTTP/1.1" 200 - "-" "Mozilla/5.0 (X11; Ubuntu; Linux x86_64) AppleWebKit/537.36 (KHTML, like Gecko) Chrome/83.0.4103.61 Safari/537.36 RuxitSynthetic/1.0 v5777378620 t38550"
216.244.66.200 - - [04/Nov/2023:14:18:51 +0100] "GET /files/aflatoxinrendelet_1.pdf HTTP/1.1" 200 752547 "-" "Mozilla/5.0 (compatible; DotBot/1.2; +https://opensiteexplorer.org/dotbot; help@moz.com)"
216.244.66.200 - - [04/Nov/2023:14:19:26 +0100] "GET /files/hagyomanyos_rend.pdf HTTP/1.1" 200 189328 "-" "Mozilla/5.0 (compatible; DotBot/1.2; +https://opensiteexplorer.org/dotbot; help@moz.com)"
216.244.66.200 - - [04/Nov/2023:14:20:01 +0100] "GET /files/hallepcso_kozigre.pdf HTTP/1.1" 200 221476 "-" "Mozilla/5.0 (compatible; DotBot/1.2; +https://opensiteexplorer.org/dotbot; help@moz.com)"
216.244.66.200 - - [04/Nov/2023:14:20:40 +0100] "GET /files/ped_szakszolg_090220.pdf HTTP/1.1" 200 642602 "-" "Mozilla/5.0 (compatible; DotBot/1.2; +https://opensiteexplorer.org/dotbot; help@moz.com)"
216.244.66.200 - - [04/Nov/2023:14:21:45 +0100] "GET /files/50_2002___iii__26___korm__rendelet_m%C3%83%C2%B3dos%C3%83%C2%ADt%C3%83%C2%A1sa_6-1.doc HTTP/1.1" 200 - "-" "Mozilla/5.0 (compatible; DotBot/1.2; +https://opensiteexplorer.org/dotbot; help@moz.com)"
216.244.66.200 - - [04/Nov/2023:14:22:35 +0100] "GET /files/el%C3%85%E2%80%98terjeszt%C3%83%C2%A9s_07%2010%2017%20Korm%C3%83%C2%A1ny_b.pdf HTTP/1.1" 200 - "-" "Mozilla/5.0 (compatible; DotBot/1.2; +https://opensiteexplorer.org/dotbot; help@moz.com)"
216.244.66.200 - - [04/Nov/2023:14:23:26 +0100] "GET /taxonomy/term/79/0/feed HTTP/1.1" 200 - "-" "Mozilla/5.0 (compatible; DotBot/1.2; +https://opensiteexplorer.org/dotbot; help@moz.com)"
47.128.58.105 - - [04/Nov/2023:14:24:56 +0100] "GET /taxonomy/term/96 HTTP/1.1" 200 - "-" "Mozilla/5.0 (Linux; Android 5.0) AppleWebKit/537.36 (KHTML, like Gecko) Mobile Safari/537.36 (compatible; Bytespider; spider-feedback@bytedance.com)"
47.128.63.35 - - [04/Nov/2023:14:28:54 +0100] "GET /node/2602 HTTP/1.1" 200 - "-" "Mozilla/5.0 (Linux; Android 5.0) AppleWebKit/537.36 (KHTML, like Gecko) Mobile Safari/537.36 (compatible; Bytespider; spider-feedback@bytedance.com)"
51.210.214.160 - - [04/Nov/2023:14:30:46 +0100] "GET /taxonomy/term/18/0/feed HTTP/1.1" 200 - "-" "Mozilla/5.0 (X11; Linux i686) AppleWebKit/537.36 (KHTML, like Gecko) Chrome/30.0.1599.66 Safari/537.36"
43.139.118.161 - - [04/Nov/2023:14:31:48 +0100] "GET /xmlrpc.php HTTP/1.1" 200 - "-" "Mozilla/5.0 (Windows NT 6.1; WOW64; rv:45.0) Gecko/20100101 Firefox/45.0"
66.249.66.86 - - [04/Nov/2023:14:40:32 +0100] "GET /files/ovadek_rendelet.pdf HTTP/1.1" 304 - "-" "Mozilla/5.0 (compatible; Googlebot/2.1; +http://www.google.com/bot.html)"
216.244.66.200 - - [04/Nov/2023:14:41:52 +0100] "GET /robots.txt HTTP/1.1" 200 1590 "-" "Mozilla/5.0 (compatible; DotBot/1.2; +https://opensiteexplorer.org/dotbot; help@moz.com)"
216.244.66.200 - - [04/Nov/2023:15:01:46 +0100] "GET /files/26_2000_szmm_rend_mod_terv_090716.pdf HTTP/1.1" 200 226338 "-" "Mozilla/5.0 (compatible; DotBot/1.2; +https://opensiteexplorer.org/dotbot; help@moz.com)"
216.244.66.200 - - [04/Nov/2023:15:02:26 +0100] "GET /files/TD_tv_kozigazgatasi_egyeztetes.pdf HTTP/1.1" 200 220061 "-" "Mozilla/5.0 (compatible; DotBot/1.2; +https://opensiteexplorer.org/dotbot; help@moz.com)"
216.244.66.200 - - [04/Nov/2023:15:03:22 +0100] "GET /files/gygyszerrendeletterv_2008_07_31.pdf HTTP/1.1" 200 709115 "-" "Mozilla/5.0 (compatible; DotBot/1.2; +https://opensiteexplorer.org/dotbot; help@moz.com)"
216.244.66.200 - - [04/Nov/2023:15:03:56 +0100] "GET /files/szjt_megfelelesi_tablazat_20080331.doc HTTP/1.1" 200 111616 "-" "Mozilla/5.0 (compatible; DotBot/1.2; +https://opensiteexplorer.org/dotbot; help@moz.com)"
195.201.247.35 - - [04/Nov/2023:15:04:52 +0100] "GET /wp-content/plugins/royal-elementor-addons/assets/js/modal-popups.min.js HTTP/1.1" 200 - "-" "Mozilla/5.0 (iPhone; CPU iPhone OS 14_7 like Mac OS X) AppleWebKit/605.1.15 (KHTML, like Gecko) CriOS/92.0.4515.90 Mobile/15E148 Safari/604.1"
216.244.66.200 - - [04/Nov/2023:15:04:58 +0100] "GET /files/18-1998_t%C3%83%C2%A1rc%C3%83%C2%A1ra.doc HTTP/1.1" 200 - "-" "Mozilla/5.0 (compatible; DotBot/1.2; +https://opensiteexplorer.org/dotbot; help@moz.com)"
216.244.66.200 - - [04/Nov/2023:15:05:21 +0100] "GET /files/fontos_es_bizalmas_munkakorok_060913.pdf HTTP/1.1" 200 114801 "-" "Mozilla/5.0 (compatible; DotBot/1.2; +https://opensiteexplorer.org/dotbot; help@moz.com)"
216.244.66.200 - - [04/Nov/2023:15:06:25 +0100] "GET /files/rezidensk%C3%83%C2%A9pz%C3%83%C2%A9s%20t%C3%83%C2%A1rc%C3%83%C2%A1ra.doc HTTP/1.1" 200 - "-" "Mozilla/5.0 (compatible; DotBot/1.2; +https://opensiteexplorer.org/dotbot; help@moz.com)"
91.33.163.56 - - [04/Nov/2023:15:09:42 +0100] "GET /files/szakertoidijazas.doc HTTP/1.1" 200 59392 "-" "Mozilla/5.0 (Windows NT 10.0; WOW64; Trident/7.0; rv:11.0) like Gecko"
66.249.66.87 - - [04/Nov/2023:15:25:33 +0100] "GET /files/ptk_kotelmi_jog.pdf HTTP/1.1" 304 - "-" "Mozilla/5.0 (compatible; Googlebot/2.1; +http://www.google.com/bot.html)"
216.244.66.200 - - [04/Nov/2023:15:30:02 +0100] "GET /robots.txt HTTP/1.1" 200 1590 "-" "Mozilla/5.0 (compatible; DotBot/1.2; +https://opensiteexplorer.org/dotbot; help@moz.com)"
216.244.66.200 - - [04/Nov/2023:15:30:02 +0100] "GET /robots.txt HTTP/1.1" 200 1590 "-" "Mozilla/5.0 (compatible; DotBot/1.2; +https://opensiteexplorer.org/dotbot; help@moz.com)"
216.244.66.200 - - [04/Nov/2023:15:47:30 +0100] "GET /files/NKP-III_tervezet_0324.pdf HTTP/1.1" 200 122086 "-" "Mozilla/5.0 (compatible; DotBot/1.2; +https://opensiteexplorer.org/dotbot; help@moz.com)"
216.244.66.200 - - [04/Nov/2023:15:48:08 +0100] "GET /files/hirk_epitm_eng_ell.doc HTTP/1.1" 200 145408 "-" "Mozilla/5.0 (compatible; DotBot/1.2; +https://opensiteexplorer.org/dotbot; help@moz.com)"
216.244.66.200 - - [04/Nov/2023:15:48:42 +0100] "GET /files/0815_ketoldalu_hatarvizi_t_rc_ra.doc HTTP/1.1" 200 88064 "-" "Mozilla/5.0 (compatible; DotBot/1.2; +https://opensiteexplorer.org/dotbot; help@moz.com)"
216.244.66.200 - - [04/Nov/2023:15:49:44 +0100] "GET /files/9per93_Normasz%C3%83%C2%B6veg.doc HTTP/1.1" 200 - "-" "Mozilla/5.0 (compatible; DotBot/1.2; +https://opensiteexplorer.org/dotbot; help@moz.com)"
216.244.66.200 - - [04/Nov/2023:15:50:17 +0100] "GET /files/a_jogalkotasrol_szolo_2010_evi_torveny.pdf HTTP/1.1" 200 397683 "-" "Mozilla/5.0 (compatible; DotBot/1.2; +https://opensiteexplorer.org/dotbot; help@moz.com)"
216.244.66.200 - - [04/Nov/2023:15:51:12 +0100] "GET /files/egyes_szocrend_terv_090730.pdf HTTP/1.1" 200 457164 "-" "Mozilla/5.0 (compatible; DotBot/1.2; +https://opensiteexplorer.org/dotbot; help@moz.com)"
216.244.66.200 - - [04/Nov/2023:15:51:45 +0100] "GET /files/newcastle_rendelet_velemenyezesre.pdf HTTP/1.1" 200 188637 "-" "Mozilla/5.0 (compatible; DotBot/1.2; +https://opensiteexplorer.org/dotbot; help@moz.com)"
216.244.66.200 - - [04/Nov/2023:15:52:51 +0100] "GET /files/19_2003___iv__29___eszcsm_rendelet_m%C3%83%C2%B3dos%C3%83%C2%ADt%C3%83%C2%A1sa_6.doc HTTP/1.1" 200 - "-" "Mozilla/5.0 (compatible; DotBot/1.2; +https://opensiteexplorer.org/dotbot; help@moz.com)"
216.244.66.200 - - [04/Nov/2023:15:53:18 +0100] "GET /files/2117_2131_terv.pdf HTTP/1.1" 200 269693 "-" "Mozilla/5.0 (compatible; DotBot/1.2; +https://opensiteexplorer.org/dotbot; help@moz.com)"
216.244.66.200 - - [04/Nov/2023:15:54:04 +0100] "GET /files/NFGM_4626.pdf HTTP/1.1" 200 351806 "-" "Mozilla/5.0 (compatible; DotBot/1.2; +https://opensiteexplorer.org/dotbot; help@moz.com)"
216.244.66.200 - - [04/Nov/2023:15:54:39 +0100] "GET /files/R140-9.doc HTTP/1.1" 200 61952 "-" "Mozilla/5.0 (compatible; DotBot/1.2; +https://opensiteexplorer.org/dotbot; help@moz.com)"
216.244.66.200 - - [04/Nov/2023:15:55:12 +0100] "GET /files/hataratkelohely.doc HTTP/1.1" 200 107520 "-" "Mozilla/5.0 (compatible; DotBot/1.2; +https://opensiteexplorer.org/dotbot; help@moz.com)"
216.244.66.200 - - [04/Nov/2023:15:55:45 +0100] "GET /files/norma_2.pdf HTTP/1.1" 200 311625 "-" "Mozilla/5.0 (compatible; DotBot/1.2; +https://opensiteexplorer.org/dotbot; help@moz.com)"
216.244.66.200 - - [04/Nov/2023:15:56:26 +0100] "GET /files/tervezet.pdf HTTP/1.1" 200 224036 "-" "Mozilla/5.0 (compatible; DotBot/1.2; +https://opensiteexplorer.org/dotbot; help@moz.com)"
216.244.66.200 - - [04/Nov/2023:15:56:57 +0100] "GET /files/vendeglato_term.zip HTTP/1.1" 200 47122 "-" "Mozilla/5.0 (compatible; DotBot/1.2; +https://opensiteexplorer.org/dotbot; help@moz.com)"
216.244.66.200 - - [04/Nov/2023:15:57:26 +0100] "GET /files/0705_T_rc_ra1_Botanikus_kert.doc HTTP/1.1" 200 56832 "-" "Mozilla/5.0 (compatible; DotBot/1.2; +https://opensiteexplorer.org/dotbot; help@moz.com)"
216.244.66.200 - - [04/Nov/2023:15:57:58 +0100] "GET /files/100_1997_mod_eloterj_terv_090904.pdf HTTP/1.1" 200 411342 "-" "Mozilla/5.0 (compatible; DotBot/1.2; +https://opensiteexplorer.org/dotbot; help@moz.com)"
216.244.66.200 - - [04/Nov/2023:15:58:30 +0100] "GET /files/Ma_Ukr_szoc_bizt_egy_terv_090618.doc HTTP/1.1" 200 223744 "-" "Mozilla/5.0 (compatible; DotBot/1.2; +https://opensiteexplorer.org/dotbot; help@moz.com)"
216.244.66.200 - - [04/Nov/2023:15:58:57 +0100] "GET /files/aeui_biocid_termekekrol_2006_08_14.pdf HTTP/1.1" 200 180346 "-" "Mozilla/5.0 (compatible; DotBot/1.2; +https://opensiteexplorer.org/dotbot; help@moz.com)"
216.244.66.200 - - [04/Nov/2023:15:59:22 +0100] "GET /files/doktori_eloterj_061107.pdf.txt HTTP/1.1" 200 2407 "-" "Mozilla/5.0 (compatible; DotBot/1.2; +https://opensiteexplorer.org/dotbot; help@moz.com)"
216.244.66.200 - - [04/Nov/2023:15:59:52 +0100] "GET /files/egyes_szocrend_terv_070124.pdf HTTP/1.1" 200 336579 "-" "Mozilla/5.0 (compatible; DotBot/1.2; +https://opensiteexplorer.org/dotbot; help@moz.com)"
216.244.66.200 - - [04/Nov/2023:16:00:25 +0100] "GET /files/koll_szerz_terv_090206.pdf HTTP/1.1" 200 129599 "-" "Mozilla/5.0 (compatible; DotBot/1.2; +https://opensiteexplorer.org/dotbot; help@moz.com)"
216.244.66.200 - - [04/Nov/2023:16:00:57 +0100] "GET /files/munkaszuneti_napok_2008_070726.pdf HTTP/1.1" 200 114361 "-" "Mozilla/5.0 (compatible; DotBot/1.2; +https://opensiteexplorer.org/dotbot; help@moz.com)"
216.244.66.200 - - [04/Nov/2023:16:01:30 +0100] "GET /files/ped_tov_terv_080924.pdf HTTP/1.1" 200 564660 "-" "Mozilla/5.0 (compatible; DotBot/1.2; +https://opensiteexplorer.org/dotbot; help@moz.com)"
216.244.66.200 - - [04/Nov/2023:16:02:00 +0100] "GET /files/start_terv_090128.pdf HTTP/1.1" 200 231961 "-" "Mozilla/5.0 (compatible; DotBot/1.2; +https://opensiteexplorer.org/dotbot; help@moz.com)"
216.244.66.200 - - [04/Nov/2023:16:02:28 +0100] "GET /files/tanev_rendje_2007_08_061229.pdf HTTP/1.1" 200 215910 "-" "Mozilla/5.0 (compatible; DotBot/1.2; +https://opensiteexplorer.org/dotbot; help@moz.com)"
216.244.66.200 - - [04/Nov/2023:16:02:56 +0100] "GET /files/torvenytervezet_xcvtorveny.pdf HTTP/1.1" 200 326175 "-" "Mozilla/5.0 (compatible; DotBot/1.2; +https://opensiteexplorer.org/dotbot; help@moz.com)"
216.244.66.200 - - [04/Nov/2023:16:03:53 +0100] "GET /files/%C3%83%E2%80%93sszefogl%C3%83%C2%A1ll%C3%83%C2%A1sf_vegl.doc HTTP/1.1" 200 - "-" "Mozilla/5.0 (compatible; DotBot/1.2; +https://opensiteexplorer.org/dotbot; help@moz.com)"
216.244.66.200 - - [04/Nov/2023:16:04:43 +0100] "GET /files/k%C3%83%C2%B6z%C3%83%C2%BAti_j%C3%83%C2%A1rm%C3%85%C2%B1vez_eg_alk_min_rend_mod.doc HTTP/1.1" 200 - "-" "Mozilla/5.0 (compatible; DotBot/1.2; +https://opensiteexplorer.org/dotbot; help@moz.com)"
216.244.66.200 - - [04/Nov/2023:16:05:34 +0100] "GET /taxonomy/term/80/0/feed HTTP/1.1" 200 - "-" "Mozilla/5.0 (compatible; DotBot/1.2; +https://opensiteexplorer.org/dotbot; help@moz.com)"
216.244.66.200 - - [04/Nov/2023:16:06:25 +0100] "GET /files/38_2003___vii__7___eszcsm_fvm_kvvm_egy%C3%83%C2%BCttes_rendelet_m%C3%83%C2%B3dos%C3%83%C2%ADt%C3%83%C2%A1sa_8.doc HTTP/1.1" 200 - "-" "Mozilla/5.0 (compatible; DotBot/1.2; +https://opensiteexplorer.org/dotbot; help@moz.com)"
66.249.66.5 - - [04/Nov/2023:16:14:02 +0100] "GET /files/reszletes.pdf HTTP/1.1" 200 276067 "-" "Googlebot/2.1 (+http://www.google.com/bot.html)"
216.244.66.200 - - [04/Nov/2023:16:18:58 +0100] "GET /robots.txt HTTP/1.1" 200 1590 "-" "Mozilla/5.0 (compatible; DotBot/1.2; +https://opensiteexplorer.org/dotbot; help@moz.com)"
66.249.66.86 - - [04/Nov/2023:16:25:33 +0100] "GET /files/0302_28_as_miniszteri_07_02_27.doc HTTP/1.1" 304 - "-" "Mozilla/5.0 (Linux; Android 6.0.1; Nexus 5X Build/MMB29P) AppleWebKit/537.36 (KHTML, like Gecko) Chrome/119.0.6045.105 Mobile Safari/537.36 (compatible; Googlebot/2.1; +http://www.google.com/bot.html)"
216.244.66.200 - - [04/Nov/2023:16:31:37 +0100] "GET /files/1031_jelent_s.doc HTTP/1.1" 200 244736 "-" "Mozilla/5.0 (compatible; DotBot/1.2; +https://opensiteexplorer.org/dotbot; help@moz.com)"
216.244.66.200 - - [04/Nov/2023:16:32:16 +0100] "GET /files/Eg_ell_ftv_mod_0810031.doc HTTP/1.1" 200 103936 "-" "Mozilla/5.0 (compatible; DotBot/1.2; +https://opensiteexplorer.org/dotbot; help@moz.com)"
216.244.66.200 - - [04/Nov/2023:16:32:52 +0100] "GET /files/NES_eloterjesztes_kozig.pdf HTTP/1.1" 200 53717 "-" "Mozilla/5.0 (compatible; DotBot/1.2; +https://opensiteexplorer.org/dotbot; help@moz.com)"
216.244.66.200 - - [04/Nov/2023:16:33:23 +0100] "GET /files/PM_Jogalkot%C3%A1si%20feladatok%20jegyz%C3%A9ke%202007.%20I.%20f%C3%A9l%C3%A9v.doc HTTP/1.1" 200 33792 "-" "Mozilla/5.0 (compatible; DotBot/1.2; +https://opensiteexplorer.org/dotbot; help@moz.com)"
216.244.66.200 - - [04/Nov/2023:16:33:58 +0100] "GET /files/eloterjesztes_20100302.pdf HTTP/1.1" 200 159138 "-" "Mozilla/5.0 (compatible; DotBot/1.2; +https://opensiteexplorer.org/dotbot; help@moz.com)"
216.244.66.200 - - [04/Nov/2023:16:34:35 +0100] "GET /files/parlamenti%20bizottsagok8.pdf HTTP/1.1" 200 57222 "-" "Mozilla/5.0 (compatible; DotBot/1.2; +https://opensiteexplorer.org/dotbot; help@moz.com)"
216.244.66.200 - - [04/Nov/2023:16:35:12 +0100] "GET /files/pontrendszer.doc HTTP/1.1" 200 146944 "-" "Mozilla/5.0 (compatible; DotBot/1.2; +https://opensiteexplorer.org/dotbot; help@moz.com)"
216.244.66.200 - - [04/Nov/2023:16:35:47 +0100] "GET /files/0417__sv_nyok_tervezet_k_zig.doc HTTP/1.1" 200 66048 "-" "Mozilla/5.0 (compatible; DotBot/1.2; +https://opensiteexplorer.org/dotbot; help@moz.com)"
216.244.66.200 - - [04/Nov/2023:16:36:37 +0100] "GET /files/50_2004_fvm_modositas_velemenyezesre.pdf HTTP/1.1" 200 286188 "-" "Mozilla/5.0 (compatible; DotBot/1.2; +https://opensiteexplorer.org/dotbot; help@moz.com)"
216.244.66.200 - - [04/Nov/2023:16:37:41 +0100] "GET /files/A%20p%C3%83%C2%A9nz%C3%83%C2%BCgyminiszter_0.doc HTTP/1.1" 200 - "-" "Mozilla/5.0 (compatible; DotBot/1.2; +https://opensiteexplorer.org/dotbot; help@moz.com)"
37.139.53.191 - - [04/Nov/2023:16:38:12 +0100] "GET /files/muzealis_terv_071010.pdf HTTP/1.0" 200 34617 "http://www.jogalkotas.hu/files/muzealis_terv_071010.pdf" "Mozilla/5.0 (Windows NT 6.1) AppleWebKit/537.36 (KHTML, like Gecko) Chrome/103.0.0.0 Safari/537.36"
216.244.66.200 - - [04/Nov/2023:16:38:31 +0100] "GET /files/SZMSZ_Szombathely_r%C3%A9szlet[1].doc HTTP/1.1" 200 - "-" "Mozilla/5.0 (compatible; DotBot/1.2; +https://opensiteexplorer.org/dotbot; help@moz.com)"
37.139.53.191 - - [04/Nov/2023:16:38:43 +0100] "GET / HTTP/1.0" 200 - "http://www.jogalkotas.hu/" "Mozilla/5.0 (Windows NT 6.1) AppleWebKit/537.36 (KHTML, like Gecko) Chrome/103.0.0.0 Safari/537.36"
216.244.66.200 - - [04/Nov/2023:16:38:53 +0100] "GET /files/fontos_es_bizalmas_munkakorok_060913.pdf HTTP/1.1" 200 114801 "-" "Mozilla/5.0 (compatible; DotBot/1.2; +https://opensiteexplorer.org/dotbot; help@moz.com)"
216.244.66.200 - - [04/Nov/2023:16:39:30 +0100] "GET /files/gtv_internetes_kozzetetelre_2009-07-15.pdf HTTP/1.1" 200 159172 "-" "Mozilla/5.0 (compatible; DotBot/1.2; +https://opensiteexplorer.org/dotbot; help@moz.com)"
216.244.66.200 - - [04/Nov/2023:16:40:06 +0100] "GET /files/gyermekszegenyseg_tervezet_6_eloterj_070125.pdf HTTP/1.1" 200 193242 "-" "Mozilla/5.0 (compatible; DotBot/1.2; +https://opensiteexplorer.org/dotbot; help@moz.com)"
216.244.66.200 - - [04/Nov/2023:16:40:42 +0100] "GET /files/kozigre_tervezet_4_2006_mod.pdf HTTP/1.1" 200 106568 "-" "Mozilla/5.0 (compatible; DotBot/1.2; +https://opensiteexplorer.org/dotbot; help@moz.com)"
216.244.66.200 - - [04/Nov/2023:16:41:14 +0100] "GET /files/tervezet_kozigre_lazberci_bov.pdf HTTP/1.1" 200 40351 "-" "Mozilla/5.0 (compatible; DotBot/1.2; +https://opensiteexplorer.org/dotbot; help@moz.com)"
216.244.66.200 - - [04/Nov/2023:16:41:49 +0100] "GET /files/zenekari_enekkari_tam_070131.pdf HTTP/1.1" 200 131846 "-" "Mozilla/5.0 (compatible; DotBot/1.2; +https://opensiteexplorer.org/dotbot; help@moz.com)"
216.244.66.200 - - [04/Nov/2023:16:42:47 +0100] "GET /files/Igazgat%C3%83%C2%A1si%20szolg%C3%83%C2%A1ltat%C3%83%C2%A1si%20d%C3%83%C2%ADjak.doc HTTP/1.1" 200 - "-" "Mozilla/5.0 (compatible; DotBot/1.2; +https://opensiteexplorer.org/dotbot; help@moz.com)"
216.244.66.200 - - [04/Nov/2023:16:43:38 +0100] "GET /taxonomy/term/69/0/feed HTTP/1.1" 200 - "-" "Mozilla/5.0 (compatible; DotBot/1.2; +https://opensiteexplorer.org/dotbot; help@moz.com)"
66.249.66.85 - - [04/Nov/2023:16:55:32 +0100] "GET /files/0302_28_as_miniszteri_07_02_27.doc HTTP/1.1" 304 - "-" "Mozilla/5.0 (compatible; Googlebot/2.1; +http://www.google.com/bot.html)"
66.249.66.86 - - [04/Nov/2023:16:55:32 +0100] "GET /robots.txt HTTP/1.1" 200 1590 "-" "Mozilla/5.0 (compatible; Googlebot/2.1; +http://www.google.com/bot.html)"
216.244.66.200 - - [04/Nov/2023:17:08:48 +0100] "GET /robots.txt HTTP/1.1" 200 1590 "-" "Mozilla/5.0 (compatible; DotBot/1.2; +https://opensiteexplorer.org/dotbot; help@moz.com)"
216.244.66.200 - - [04/Nov/2023:17:08:48 +0100] "GET /robots.txt HTTP/1.1" 200 1590 "-" "Mozilla/5.0 (compatible; DotBot/1.2; +https://opensiteexplorer.org/dotbot; help@moz.com)"
216.244.66.200 - - [04/Nov/2023:17:20:57 +0100] "GET /files/2409.pdf HTTP/1.1" 200 188554 "-" "Mozilla/5.0 (compatible; DotBot/1.2; +https://opensiteexplorer.org/dotbot; help@moz.com)"
216.244.66.200 - - [04/Nov/2023:17:21:32 +0100] "GET /files/T.2756.doc HTTP/1.1" 200 182784 "-" "Mozilla/5.0 (compatible; DotBot/1.2; +https://opensiteexplorer.org/dotbot; help@moz.com)"
216.244.66.200 - - [04/Nov/2023:17:22:03 +0100] "GET /files/0817_T_rc_ra_szeghalmi.doc HTTP/1.1" 200 55296 "-" "Mozilla/5.0 (compatible; DotBot/1.2; +https://opensiteexplorer.org/dotbot; help@moz.com)"
216.244.66.200 - - [04/Nov/2023:17:22:33 +0100] "GET /files/41-2000-korrel-32005L0090.doc HTTP/1.1" 200 36864 "-" "Mozilla/5.0 (compatible; DotBot/1.2; +https://opensiteexplorer.org/dotbot; help@moz.com)"
216.244.66.200 - - [04/Nov/2023:17:23:01 +0100] "GET /files/R199_4_indoklas.doc HTTP/1.1" 200 35840 "-" "Mozilla/5.0 (compatible; DotBot/1.2; +https://opensiteexplorer.org/dotbot; help@moz.com)"
216.244.66.200 - - [04/Nov/2023:17:23:41 +0100] "GET /files/filmrend_terv_070713.pdf HTTP/1.1" 200 467476 "-" "Mozilla/5.0 (compatible; DotBot/1.2; +https://opensiteexplorer.org/dotbot; help@moz.com)"
216.244.66.200 - - [04/Nov/2023:17:24:23 +0100] "GET /files/szakszo_hajozo.pdf HTTP/1.1" 200 183291 "-" "Mozilla/5.0 (compatible; DotBot/1.2; +https://opensiteexplorer.org/dotbot; help@moz.com)"
216.244.66.200 - - [04/Nov/2023:17:25:06 +0100] "GET /files/telepules_dok.pdf HTTP/1.1" 200 390907 "-" "Mozilla/5.0 (compatible; DotBot/1.2; +https://opensiteexplorer.org/dotbot; help@moz.com)"
216.244.66.200 - - [04/Nov/2023:17:25:51 +0100] "GET /files/ucp_fgytv_080229.pdf HTTP/1.1" 200 480844 "-" "Mozilla/5.0 (compatible; DotBot/1.2; +https://opensiteexplorer.org/dotbot; help@moz.com)"
20.191.45.212 - - [04/Nov/2023:17:26:25 +0100] "GET / HTTP/1.1" 200 - "http://www.jogalkotas.hu/" "Mozilla/5.0 (compatible; DuckDuckGo-Favicons-Bot/1.0; +http://duckduckgo.com)"
216.244.66.200 - - [04/Nov/2023:17:26:29 +0100] "GET /files/112_eloterjesztes_tarcara_070201.pdf HTTP/1.1" 200 255879 "-" "Mozilla/5.0 (compatible; DotBot/1.2; +https://opensiteexplorer.org/dotbot; help@moz.com)"
216.244.66.200 - - [04/Nov/2023:17:27:07 +0100] "GET /files/89_2004_fvm_mod_egyeztetesre.pdf HTTP/1.1" 200 252995 "-" "Mozilla/5.0 (compatible; DotBot/1.2; +https://opensiteexplorer.org/dotbot; help@moz.com)"
216.244.66.200 - - [04/Nov/2023:17:27:54 +0100] "GET /files/Cstv_1433-1346-EK-40C-17-2006-IRMVhrmod0717.doc HTTP/1.1" 200 434176 "-" "Mozilla/5.0 (compatible; DotBot/1.2; +https://opensiteexplorer.org/dotbot; help@moz.com)"
216.244.66.200 - - [04/Nov/2023:17:28:35 +0100] "GET /files/erettsegi_reszletes_061209.pdf HTTP/1.1" 200 641635 "-" "Mozilla/5.0 (compatible; DotBot/1.2; +https://opensiteexplorer.org/dotbot; help@moz.com)"
216.244.66.200 - - [04/Nov/2023:17:29:09 +0100] "GET /files/fejezeti_eloiranyzatok_2006.pdf HTTP/1.1" 200 178668 "-" "Mozilla/5.0 (compatible; DotBot/1.2; +https://opensiteexplorer.org/dotbot; help@moz.com)"
216.244.66.200 - - [04/Nov/2023:17:29:39 +0100] "GET /files/gepjarmu_zalogjog-honlapra-080929-2.doc HTTP/1.1" 200 61952 "-" "Mozilla/5.0 (compatible; DotBot/1.2; +https://opensiteexplorer.org/dotbot; help@moz.com)"
216.244.66.200 - - [04/Nov/2023:17:30:21 +0100] "GET /files/gygyszerrendeletterv_2008_07_31.pdf HTTP/1.1" 200 1016666 "-" "Mozilla/5.0 (compatible; DotBot/1.2; +https://opensiteexplorer.org/dotbot; help@moz.com)"
94.27.184.165 - - [04/Nov/2023:17:30:41 +0100] "GET /files/lakrendmod_javaslat_indokolas_200709251.pdf HTTP/1.1" 200 122804 "https://www.google.com/" "Mozilla/5.0 (Linux; Android 10; K) AppleWebKit/537.36 (KHTML, like Gecko) Chrome/118.0.0.0 Mobile Safari/537.36"
94.27.184.165 - - [04/Nov/2023:17:30:48 +0100] "GET /files/lakrendmod_javaslat_indokolas_200709251.pdf HTTP/1.1" 200 122804 "https://www.google.com/" "Mozilla/5.0 (Linux; Android 10; K) AppleWebKit/537.36 (KHTML, like Gecko) Chrome/118.0.0.0 Mobile Safari/537.36"
216.244.66.200 - - [04/Nov/2023:17:31:24 +0100] "GET /files/megfelel%C3%83%C2%A9sit%C3%83%C2%A1bla2005_35.doc HTTP/1.1" 200 - "-" "Mozilla/5.0 (compatible; DotBot/1.2; +https://opensiteexplorer.org/dotbot; help@moz.com)"
216.244.66.200 - - [04/Nov/2023:17:31:43 +0100] "GET /files/rat2005vegimodrend_2_fuggelek_1222.doc HTTP/1.1" 200 65024 "-" "Mozilla/5.0 (compatible; DotBot/1.2; +https://opensiteexplorer.org/dotbot; help@moz.com)"
216.244.66.200 - - [04/Nov/2023:17:32:45 +0100] "GET /files/szakmai_%20inf_okm_rend_terv_090617.pdf HTTP/1.1" 200 - "-" "Mozilla/5.0 (compatible; DotBot/1.2; +https://opensiteexplorer.org/dotbot; help@moz.com)"
216.244.66.200 - - [04/Nov/2023:17:33:35 +0100] "GET /files/t%C3%83%C2%A1rc%C3%83%C2%A1ra_07.01.30.1.doc HTTP/1.1" 200 - "-" "Mozilla/5.0 (compatible; DotBot/1.2; +https://opensiteexplorer.org/dotbot; help@moz.com)"
216.244.66.200 - - [04/Nov/2023:17:34:07 +0100] "GET /files/eloterjesztes_szakmapol_utan_atdolgozott_090410.doc HTTP/1.1" 200 753152 "-" "Mozilla/5.0 (compatible; DotBot/1.2; +https://opensiteexplorer.org/dotbot; help@moz.com)"
216.244.66.200 - - [04/Nov/2023:17:35:10 +0100] "GET /files/18_1998___xii__27___e%C3%83%C2%BCm_rendelet_m%C3%83%C2%B3dos%C3%83%C2%ADt%C3%83%C2%A1sa_8.doc HTTP/1.1" 200 - "-" "Mozilla/5.0 (compatible; DotBot/1.2; +https://opensiteexplorer.org/dotbot; help@moz.com)"
216.244.66.200 - - [04/Nov/2023:17:36:00 +0100] "GET /files/38_2003___vii__7___eszcsm_fvm_kvvm_egy%C3%83%C2%BCttes_rendelet_m%C3%83%C2%B3dos%C3%83%C2%ADt%C3%83%C2%A1sa_6.doc HTTP/1.1" 200 - "-" "Mozilla/5.0 (compatible; DotBot/1.2; +https://opensiteexplorer.org/dotbot; help@moz.com)"
54.36.148.243 - - [04/Nov/2023:17:36:10 +0100] "GET /robots.txt HTTP/1.1" 200 1590 "-" "Mozilla/5.0 (compatible; AhrefsBot/7.0; +http://ahrefs.com/robot/)"
216.244.66.200 - - [04/Nov/2023:17:36:20 +0100] "GET /files/vizitdij_eltorlese.doc HTTP/1.1" 200 47104 "-" "Mozilla/5.0 (compatible; DotBot/1.2; +https://opensiteexplorer.org/dotbot; help@moz.com)"
216.244.66.200 - - [04/Nov/2023:17:37:22 +0100] "GET /files/Telep%C3%83%C2%BCl%C3%83%C2%A9s2009%C3%83%C2%A1pr.pdf HTTP/1.1" 200 - "-" "Mozilla/5.0 (compatible; DotBot/1.2; +https://opensiteexplorer.org/dotbot; help@moz.com)"
216.244.66.200 - - [04/Nov/2023:17:38:12 +0100] "GET /files/el%C3%85%E2%80%98terjeszt%C3%83%C2%A9s.doc HTTP/1.1" 200 - "-" "Mozilla/5.0 (compatible; DotBot/1.2; +https://opensiteexplorer.org/dotbot; help@moz.com)"
216.244.66.200 - - [04/Nov/2023:17:38:42 +0100] "GET /files/helyes_mezogazd_allapot_4_2004_mododositas_20060831.rtf.txt HTTP/1.1" 200 2262195 "-" "Mozilla/5.0 (compatible; DotBot/1.2; +https://opensiteexplorer.org/dotbot; help@moz.com)"
216.244.66.200 - - [04/Nov/2023:17:39:15 +0100] "GET /files/kormeloterv_allamhatar_velemenyezesre.pdf HTTP/1.1" 200 144812 "-" "Mozilla/5.0 (compatible; DotBot/1.2; +https://opensiteexplorer.org/dotbot; help@moz.com)"
207.46.13.116 - - [04/Nov/2023:17:40:15 +0100] "GET /taxonomy/term/35 HTTP/1.1" 200 - "-" "Mozilla/5.0 AppleWebKit/537.36 (KHTML, like Gecko; compatible; bingbot/2.0; +http://www.bing.com/bingbot.htm) Chrome/103.0.5060.134 Safari/537.36"
207.46.13.116 - - [04/Nov/2023:17:40:47 +0100] "GET /taxonomy/term/35 HTTP/1.1" 200 - "-" "Mozilla/5.0 AppleWebKit/537.36 (KHTML, like Gecko; compatible; bingbot/2.0; +http://www.bing.com/bingbot.htm) Chrome/103.0.5060.134 Safari/537.36"
47.128.61.140 - - [04/Nov/2023:17:44:39 +0100] "GET /taxonomy/term/50 HTTP/1.1" 200 - "-" "Mozilla/5.0 (Linux; Android 5.0) AppleWebKit/537.36 (KHTML, like Gecko) Mobile Safari/537.36 (compatible; Bytespider; spider-feedback@bytedance.com)"
47.128.27.148 - - [04/Nov/2023:17:48:38 +0100] "GET /node?page=250 HTTP/1.1" 200 - "-" "Mozilla/5.0 (Linux; Android 5.0) AppleWebKit/537.36 (KHTML, like Gecko) Mobile Safari/537.36 (compatible; Bytespider; spider-feedback@bytedance.com)"
77.240.183.227 - - [04/Nov/2023:17:51:04 +0100] "GET /files/2009janaug.pdf HTTP/1.1" 200 81829 "-" "Mozilla/5.0 (compatible; SpiderLing (a SPIDER for LINGustic research); +http://nlp.fi.muni.cz/projects/biwec/)"
66.249.66.85 - - [04/Nov/2023:17:51:31 +0100] "GET / HTTP/1.1" 200 - "-" "Mozilla/5.0 (compatible; Googlebot/2.1; +http://www.google.com/bot.html)"
66.249.66.86 - - [04/Nov/2023:17:52:03 +0100] "GET / HTTP/1.1" 200 - "-" "Mozilla/5.0 (Linux; Android 6.0.1; Nexus 5X Build/MMB29P) AppleWebKit/537.36 (KHTML, like Gecko) Chrome/99.0.4844.84 Mobile Safari/537.36 (compatible; Googlebot/2.1; +http://www.google.com/bot.html)"
66.249.66.85 - - [04/Nov/2023:17:52:35 +0100] "GET / HTTP/1.1" 200 - "-" "Mozilla/5.0 (compatible; Googlebot/2.1; +http://www.google.com/bot.html)"
66.249.66.85 - - [04/Nov/2023:17:53:07 +0100] "GET / HTTP/1.1" 200 - "-" "Mozilla/5.0 (Linux; Android 6.0.1; Nexus 5X Build/MMB29P) AppleWebKit/537.36 (KHTML, like Gecko) Chrome/119.0.6045.105 Mobile Safari/537.36 (compatible; Googlebot/2.1; +http://www.google.com/bot.html)"
37.187.159.179 - - [04/Nov/2023:18:10:58 +0100] "GET / HTTP/1.1" 200 - "-" "Mozilla/5.0 (Windows NT 10.0; WOW64; rv:49.0) Gecko/20100101 Firefox/49.0"
37.187.159.179 - - [04/Nov/2023:18:11:08 +0100] "GET / HTTP/1.0" 200 - "-" "-"
216.244.66.200 - - [04/Nov/2023:18:14:53 +0100] "GET /robots.txt HTTP/1.1" 200 1590 "-" "Mozilla/5.0 (compatible; DotBot/1.2; +https://opensiteexplorer.org/dotbot; help@moz.com)"
216.244.66.200 - - [04/Nov/2023:18:14:53 +0100] "GET /robots.txt HTTP/1.1" 200 1590 "-" "Mozilla/5.0 (compatible; DotBot/1.2; +https://opensiteexplorer.org/dotbot; help@moz.com)"
95.45.144.72 - - [04/Nov/2023:18:16:14 +0100] "GET /taxonomy/term/36 HTTP/1.1" 200 - "-" "Mozilla/5.0 (Linux; Android 5.0; SM-G900P Build/LRX21T) AppleWebKit/537.36 (KHTML, like Gecko) Chrome/56.0.3039.1254 Mobile Safari/537.36"
115.188.98.205 - - [04/Nov/2023:18:20:10 +0100] "GET /taxonomy/term/79 HTTP/1.1" 200 - "-" "Mozilla/5.0 (Linux; Android 8.0; Pixel 2 Build/OPD3.170816.012) AppleWebKit/537.36 (KHTML, like Gecko) Chrome/60.0.6179.1596 Mobile Safari/537.36"
216.244.66.200 - - [04/Nov/2023:18:33:08 +0100] "GET /files/_2eg3fmuj5edt6m_.pdf HTTP/1.1" 200 314007 "-" "Mozilla/5.0 (compatible; DotBot/1.2; +https://opensiteexplorer.org/dotbot; help@moz.com)"
216.244.66.200 - - [04/Nov/2023:18:33:20 +0100] "GET /files/ftv_mod2_honlapra_070919.pdf HTTP/1.1" 200 157934 "-" "Mozilla/5.0 (compatible; DotBot/1.2; +https://opensiteexplorer.org/dotbot; help@moz.com)"
216.244.66.200 - - [04/Nov/2023:18:34:10 +0100] "GET /files/080626_jogszabterv_digitvtam.pdf HTTP/1.1" 200 191378 "-" "Mozilla/5.0 (compatible; DotBot/1.2; +https://opensiteexplorer.org/dotbot; help@moz.com)"
216.244.66.200 - - [04/Nov/2023:18:34:23 +0100] "GET /files/NKP_II_2007_VT_eloterjesztes1_2.pdf HTTP/1.1" 200 497548 "-" "Mozilla/5.0 (compatible; DotBot/1.2; +https://opensiteexplorer.org/dotbot; help@moz.com)"
216.244.66.200 - - [04/Nov/2023:18:34:36 +0100] "GET /files/magancsod_tars_velem_09.03.06.doc HTTP/1.1" 200 652800 "-" "Mozilla/5.0 (compatible; DotBot/1.2; +https://opensiteexplorer.org/dotbot; help@moz.com)"
216.244.66.200 - - [04/Nov/2023:18:35:18 +0100] "GET /files/magyar_bosny%C3%83%C2%A1k_SzB.doc HTTP/1.1" 200 - "-" "Mozilla/5.0 (compatible; DotBot/1.2; +https://opensiteexplorer.org/dotbot; help@moz.com)"
216.244.66.200 - - [04/Nov/2023:18:35:28 +0100] "GET /files/megfelelesi_tablazat_08_11_21.doc HTTP/1.1" 200 52736 "-" "Mozilla/5.0 (compatible; DotBot/1.2; +https://opensiteexplorer.org/dotbot; help@moz.com)"
216.244.66.200 - - [04/Nov/2023:18:35:49 +0100] "GET /files/vegbizonyitvanyok_terv_080219.pdf HTTP/1.1" 200 446414 "-" "Mozilla/5.0 (compatible; DotBot/1.2; +https://opensiteexplorer.org/dotbot; help@moz.com)"
216.244.66.200 - - [04/Nov/2023:18:36:38 +0100] "GET /files/48_2001___xii__27___e%C3%83%C2%BCm_rendelet_m%C3%83%C2%B3dos%C3%83%C2%ADt%C3%83%C2%A1sa_6.doc HTTP/1.1" 200 - "-" "Mozilla/5.0 (compatible; DotBot/1.2; +https://opensiteexplorer.org/dotbot; help@moz.com)"
216.244.66.200 - - [04/Nov/2023:18:36:48 +0100] "GET /files/NFGM205.pdf HTTP/1.1" 200 159391 "-" "Mozilla/5.0 (compatible; DotBot/1.2; +https://opensiteexplorer.org/dotbot; help@moz.com)"
216.244.66.200 - - [04/Nov/2023:18:37:20 +0100] "GET /files/R83_2.pdf HTTP/1.1" 200 194853 "-" "Mozilla/5.0 (compatible; DotBot/1.2; +https://opensiteexplorer.org/dotbot; help@moz.com)"
216.244.66.200 - - [04/Nov/2023:18:37:50 +0100] "GET /files/TK96-2.doc HTTP/1.1" 200 140800 "-" "Mozilla/5.0 (compatible; DotBot/1.2; +https://opensiteexplorer.org/dotbot; help@moz.com)"
216.244.66.200 - - [04/Nov/2023:18:38:19 +0100] "GET /files/kettos_felh.zip HTTP/1.1" 200 69854 "-" "Mozilla/5.0 (compatible; DotBot/1.2; +https://opensiteexplorer.org/dotbot; help@moz.com)"
216.244.66.200 - - [04/Nov/2023:18:38:47 +0100] "GET /files/kozig080703.pdf HTTP/1.1" 200 139933 "-" "Mozilla/5.0 (compatible; DotBot/1.2; +https://opensiteexplorer.org/dotbot; help@moz.com)"
216.244.66.200 - - [04/Nov/2023:18:39:15 +0100] "GET /files/szili02.jpg HTTP/1.1" 200 211455 "-" "Mozilla/5.0 (compatible; DotBot/1.2; +https://opensiteexplorer.org/dotbot; help@moz.com)"
216.244.66.200 - - [04/Nov/2023:18:39:44 +0100] "GET /files/alapf_muvokt_tam_070302.pdf HTTP/1.1" 200 193229 "-" "Mozilla/5.0 (compatible; DotBot/1.2; +https://opensiteexplorer.org/dotbot; help@moz.com)"
216.244.66.200 - - [04/Nov/2023:18:40:11 +0100] "GET /files/eloterj_emberker_honlap_09.05.04.doc HTTP/1.1" 200 193024 "-" "Mozilla/5.0 (compatible; DotBot/1.2; +https://opensiteexplorer.org/dotbot; help@moz.com)"
216.244.66.200 - - [04/Nov/2023:18:40:37 +0100] "GET /files/onkormanyzatitamogatasok.pdf HTTP/1.1" 200 114580 "-" "Mozilla/5.0 (compatible; DotBot/1.2; +https://opensiteexplorer.org/dotbot; help@moz.com)"
216.244.66.200 - - [04/Nov/2023:18:41:07 +0100] "GET /files/ptk._szemelyek_0.pdf HTTP/1.1" 200 180749 "-" "Mozilla/5.0 (compatible; DotBot/1.2; +https://opensiteexplorer.org/dotbot; help@moz.com)"
216.244.66.200 - - [04/Nov/2023:18:41:42 +0100] "GET /files/szakisk_mod_061020.pdf HTTP/1.1" 200 117475 "-" "Mozilla/5.0 (compatible; DotBot/1.2; +https://opensiteexplorer.org/dotbot; help@moz.com)"
216.244.66.200 - - [04/Nov/2023:18:42:33 +0100] "GET /files/szoc_fogl_terv_071127.pdf HTTP/1.1" 200 581692 "-" "Mozilla/5.0 (compatible; DotBot/1.2; +https://opensiteexplorer.org/dotbot; help@moz.com)"
216.244.66.200 - - [04/Nov/2023:18:43:13 +0100] "GET /files/szoc_targyu_korm_rend_080317.pdf HTTP/1.1" 200 245667 "-" "Mozilla/5.0 (compatible; DotBot/1.2; +https://opensiteexplorer.org/dotbot; help@moz.com)"
216.244.66.200 - - [04/Nov/2023:18:44:06 +0100] "GET /files/szocialis_foglalkoztatas.pdf HTTP/1.1" 200 503500 "-" "Mozilla/5.0 (compatible; DotBot/1.2; +https://opensiteexplorer.org/dotbot; help@moz.com)"
216.244.66.200 - - [04/Nov/2023:18:44:50 +0100] "GET /files/tervezet_kozig_Csokonyavisonta.pdf HTTP/1.1" 200 287057 "-" "Mozilla/5.0 (compatible; DotBot/1.2; +https://opensiteexplorer.org/dotbot; help@moz.com)"
216.244.66.200 - - [04/Nov/2023:18:45:44 +0100] "GET /files/1220_KAR_adatlapok_kit_lt_si__tmutat_ja_2006_12_08.doc HTTP/1.1" 200 406481 "-" "Mozilla/5.0 (compatible; DotBot/1.2; +https://opensiteexplorer.org/dotbot; help@moz.com)"
216.244.66.200 - - [04/Nov/2023:18:46:45 +0100] "GET /files/Stockholmi%20_Egyezmeny_kihirdetes_kozigre.pdf HTTP/1.1" 200 - "-" "Mozilla/5.0 (compatible; DotBot/1.2; +https://opensiteexplorer.org/dotbot; help@moz.com)"
216.244.66.200 - - [04/Nov/2023:18:47:37 +0100] "GET /files/el%C3%85%E2%80%98terjeszt%C3%83%C2%A9s%20honlapra%2020070416.doc HTTP/1.1" 200 - "-" "Mozilla/5.0 (compatible; DotBot/1.2; +https://opensiteexplorer.org/dotbot; help@moz.com)"
216.244.66.200 - - [04/Nov/2023:18:47:58 +0100] "GET /files/felsooktatasi_hatosagi_eljarasi_dijak_060413.pdf HTTP/1.1" 200 99563 "-" "Mozilla/5.0 (compatible; DotBot/1.2; +https://opensiteexplorer.org/dotbot; help@moz.com)"
216.244.66.200 - - [04/Nov/2023:18:48:32 +0100] "GET /files/kotel_egeszsegbizt_tv_vegreh_43_1999.doc HTTP/1.1" 200 47104 "-" "Mozilla/5.0 (compatible; DotBot/1.2; +https://opensiteexplorer.org/dotbot; help@moz.com)"
216.244.66.200 - - [04/Nov/2023:18:49:13 +0100] "GET /files/termofold_igenybevetel_eloterjesztes.pdf HTTP/1.1" 200 211330 "-" "Mozilla/5.0 (compatible; DotBot/1.2; +https://opensiteexplorer.org/dotbot; help@moz.com)"
216.244.66.200 - - [04/Nov/2023:18:49:49 +0100] "GET /files/Az_anyakonyvi_eljarasrol_szolo_2010_evi_I_torveny_vegrehajtasarol_szolo_kormanyrendelet_tervezete.pdf HTTP/1.1" 200 80604 "-" "Mozilla/5.0 (compatible; DotBot/1.2; +https://opensiteexplorer.org/dotbot; help@moz.com)"
47.128.41.130 - - [04/Nov/2023:18:55:54 +0100] "GET /taxonomy/term/100 HTTP/1.1" 200 - "-" "Mozilla/5.0 (Linux; Android 5.0) AppleWebKit/537.36 (KHTML, like Gecko) Mobile Safari/537.36 (compatible; Bytespider; spider-feedback@bytedance.com)"
51.222.253.16 - - [04/Nov/2023:19:17:43 +0100] "GET /robots.txt HTTP/1.1" 200 1590 "-" "Mozilla/5.0 (compatible; AhrefsBot/7.0; +http://ahrefs.com/robot/)"
216.244.66.200 - - [04/Nov/2023:19:18:15 +0100] "GET /robots.txt HTTP/1.1" 200 1590 "-" "Mozilla/5.0 (compatible; DotBot/1.2; +https://opensiteexplorer.org/dotbot; help@moz.com)"
216.244.66.200 - - [04/Nov/2023:19:18:15 +0100] "GET /robots.txt HTTP/1.1" 200 1590 "-" "Mozilla/5.0 (compatible; DotBot/1.2; +https://opensiteexplorer.org/dotbot; help@moz.com)"
47.128.28.85 - - [04/Nov/2023:19:20:00 +0100] "GET /node/2578 HTTP/1.1" 200 - "-" "Mozilla/5.0 (Linux; Android 5.0) AppleWebKit/537.36 (KHTML, like Gecko) Mobile Safari/537.36 (compatible; Bytespider; spider-feedback@bytedance.com)"
77.101.36.140 - - [04/Nov/2023:19:20:31 +0100] "GET /node/2583 HTTP/1.1" 200 - "-" "Mozilla/5.0 (Linux; Android 8.0; Pixel 2 Build/OPD3.170816.012) AppleWebKit/537.36 (KHTML, like Gecko) Chrome/49.0.9646.1419 Mobile Safari/537.36"
216.244.66.200 - - [04/Nov/2023:19:29:18 +0100] "GET /files/1128_neh_zf_mes_11.14.doc HTTP/1.1" 200 616441 "-" "Mozilla/5.0 (compatible; DotBot/1.2; +https://opensiteexplorer.org/dotbot; help@moz.com)"
216.244.66.200 - - [04/Nov/2023:19:29:49 +0100] "GET /files/kbszrprbl_100324.zip HTTP/1.1" 200 493362 "-" "Mozilla/5.0 (compatible; DotBot/1.2; +https://opensiteexplorer.org/dotbot; help@moz.com)"
157.55.39.8 - - [04/Nov/2023:19:30:07 +0100] "GET /web/home.nsf/51aad2b5d20c0da2c1256c84003b0d36/19d8b89bd24c96c9c125721800386e5e/$FILE/15_mell.pdf HTTP/1.1" 200 - "-" "Mozilla/5.0 AppleWebKit/537.36 (KHTML, like Gecko; compatible; bingbot/2.0; +http://www.bing.com/bingbot.htm) Chrome/103.0.5060.134 Safari/537.36"
216.244.66.200 - - [04/Nov/2023:19:30:11 +0100] "GET /files/0502_KvVM_rend.___imisszi_s.2006_k_zigre_.doc HTTP/1.1" 200 83968 "-" "Mozilla/5.0 (compatible; DotBot/1.2; +https://opensiteexplorer.org/dotbot; help@moz.com)"
157.55.39.8 - - [04/Nov/2023:19:30:39 +0100] "GET /web/home.nsf/51aad2b5d20c0da2c1256c84003b0d36/19d8b89bd24c96c9c125721800386e5e/$FILE/15_mell.pdf HTTP/1.1" 200 - "-" "Mozilla/5.0 AppleWebKit/537.36 (KHTML, like Gecko; compatible; bingbot/2.0; +http://www.bing.com/bingbot.htm) Chrome/103.0.5060.134 Safari/537.36"
216.244.66.200 - - [04/Nov/2023:19:30:46 +0100] "GET /files/100209_eloterjesztes_integralt_pontok.pdf HTTP/1.1" 200 175370 "-" "Mozilla/5.0 (compatible; DotBot/1.2; +https://opensiteexplorer.org/dotbot; help@moz.com)"
216.244.66.200 - - [04/Nov/2023:19:31:31 +0100] "GET /files/felsookt_int_felv_eljaras_060913.pdf HTTP/1.1" 200 302793 "-" "Mozilla/5.0 (compatible; DotBot/1.2; +https://opensiteexplorer.org/dotbot; help@moz.com)"
216.244.66.200 - - [04/Nov/2023:19:32:22 +0100] "GET /files/nepi_iparmuveszet_terv_090629.pdf HTTP/1.1" 200 389468 "-" "Mozilla/5.0 (compatible; DotBot/1.2; +https://opensiteexplorer.org/dotbot; help@moz.com)"
216.244.66.200 - - [04/Nov/2023:19:32:58 +0100] "GET /files/rat2005vegimodrend_3_melleklet.doc HTTP/1.1" 200 50688 "-" "Mozilla/5.0 (compatible; DotBot/1.2; +https://opensiteexplorer.org/dotbot; help@moz.com)"
216.244.66.200 - - [04/Nov/2023:19:33:31 +0100] "GET /files/1214_7_mell.xls HTTP/1.1" 200 33792 "-" "Mozilla/5.0 (compatible; DotBot/1.2; +https://opensiteexplorer.org/dotbot; help@moz.com)"
216.244.66.200 - - [04/Nov/2023:19:34:09 +0100] "GET /files/1745_10.pdf HTTP/1.1" 200 159484 "-" "Mozilla/5.0 (compatible; DotBot/1.2; +https://opensiteexplorer.org/dotbot; help@moz.com)"
216.244.66.200 - - [04/Nov/2023:19:34:43 +0100] "GET /files/1e_indokolas.doc HTTP/1.1" 200 25600 "-" "Mozilla/5.0 (compatible; DotBot/1.2; +https://opensiteexplorer.org/dotbot; help@moz.com)"
216.244.66.200 - - [04/Nov/2023:19:35:17 +0100] "GET /files/MarkusE_celok.pps HTTP/1.1" 200 122368 "-" "Mozilla/5.0 (compatible; DotBot/1.2; +https://opensiteexplorer.org/dotbot; help@moz.com)"
216.244.66.200 - - [04/Nov/2023:19:36:13 +0100] "GET /files/OHT_II_febr2.pdf HTTP/1.1" 200 470196 "-" "Mozilla/5.0 (compatible; DotBot/1.2; +https://opensiteexplorer.org/dotbot; help@moz.com)"
216.244.66.200 - - [04/Nov/2023:19:36:48 +0100] "GET /files/TK103_2.pdf HTTP/1.1" 200 110654 "-" "Mozilla/5.0 (compatible; DotBot/1.2; +https://opensiteexplorer.org/dotbot; help@moz.com)"
216.244.66.200 - - [04/Nov/2023:19:37:30 +0100] "GET /files/hatar.pdf HTTP/1.1" 200 148826 "-" "Mozilla/5.0 (compatible; DotBot/1.2; +https://opensiteexplorer.org/dotbot; help@moz.com)"
216.244.66.200 - - [04/Nov/2023:19:38:05 +0100] "GET /files/kemenysepres.pdf HTTP/1.1" 200 158943 "-" "Mozilla/5.0 (compatible; DotBot/1.2; +https://opensiteexplorer.org/dotbot; help@moz.com)"
216.244.66.200 - - [04/Nov/2023:19:38:39 +0100] "GET /files/munkaanyag.doc HTTP/1.1" 200 55808 "-" "Mozilla/5.0 (compatible; DotBot/1.2; +https://opensiteexplorer.org/dotbot; help@moz.com)"
216.244.66.200 - - [04/Nov/2023:19:39:29 +0100] "GET /files/palermo_0.pdf HTTP/1.1" 200 448476 "-" "Mozilla/5.0 (compatible; DotBot/1.2; +https://opensiteexplorer.org/dotbot; help@moz.com)"
216.244.66.200 - - [04/Nov/2023:19:40:30 +0100] "GET /files/19-1998%20betegsz%C3%83%C2%A1ll2.doc HTTP/1.1" 200 - "-" "Mozilla/5.0 (compatible; DotBot/1.2; +https://opensiteexplorer.org/dotbot; help@moz.com)"
216.244.66.200 - - [04/Nov/2023:19:40:56 +0100] "GET /files/2010%20FVM%20rendelet.doc HTTP/1.1" 200 151040 "-" "Mozilla/5.0 (compatible; DotBot/1.2; +https://opensiteexplorer.org/dotbot; help@moz.com)"
216.244.66.200 - - [04/Nov/2023:19:41:31 +0100] "GET /files/32per2004_eum_rend_mod_081202.doc HTTP/1.1" 200 31232 "-" "Mozilla/5.0 (compatible; DotBot/1.2; +https://opensiteexplorer.org/dotbot; help@moz.com)"
216.244.66.200 - - [04/Nov/2023:19:42:02 +0100] "GET /files/7769_04_06_web_kozzetetel_kszf.rtf.txt HTTP/1.1" 200 32155 "-" "Mozilla/5.0 (compatible; DotBot/1.2; +https://opensiteexplorer.org/dotbot; help@moz.com)"
216.244.66.200 - - [04/Nov/2023:19:42:36 +0100] "GET /files/allategeszsegugy.pdf HTTP/1.1" 200 89172 "-" "Mozilla/5.0 (compatible; DotBot/1.2; +https://opensiteexplorer.org/dotbot; help@moz.com)"
