216.244.66.200 - - [04/Nov/2023:05:22:00 +0100] "GET /files/munkavedelmi_hatosag_eloterj.pdf HTTP/1.1" 200 182144 "-" "Mozilla/5.0 (compatible; DotBot/1.2; +https://opensiteexplorer.org/dotbot; help@moz.com)"
216.244.66.200 - - [04/Nov/2023:05:22:45 +0100] "GET /files/rendelet_szakmapolra.doc HTTP/1.1" 200 175616 "-" "Mozilla/5.0 (compatible; DotBot/1.2; +https://opensiteexplorer.org/dotbot; help@moz.com)"
47.128.17.49 - - [04/Nov/2023:05:22:54 +0100] "GET /node/558 HTTP/1.1" 200 - "-" "Mozilla/5.0 (Linux; Android 5.0) AppleWebKit/537.36 (KHTML, like Gecko) Mobile Safari/537.36 (compatible; Bytespider; spider-feedback@bytedance.com)"
216.244.66.200 - - [04/Nov/2023:05:23:41 +0100] "GET /files/szakhatosag_normaszoveg.doc HTTP/1.1" 200 361591 "-" "Mozilla/5.0 (compatible; DotBot/1.2; +https://opensiteexplorer.org/dotbot; help@moz.com)"
216.244.66.200 - - [04/Nov/2023:05:24:17 +0100] "GET /files/szakszo_legiforgalmi_iranyito_1mell.pdf HTTP/1.1" 200 100859 "-" "Mozilla/5.0 (compatible; DotBot/1.2; +https://opensiteexplorer.org/dotbot; help@moz.com)"
216.244.66.200 - - [04/Nov/2023:05:24:55 +0100] "GET /files/vizsgahely_terv_071001.pdf HTTP/1.1" 200 122898 "-" "Mozilla/5.0 (compatible; DotBot/1.2; +https://opensiteexplorer.org/dotbot; help@moz.com)"
216.244.66.200 - - [04/Nov/2023:05:26:01 +0100] "GET /user/55/notify HTTP/1.1" 200 - "-" "Mozilla/5.0 (compatible; DotBot/1.2; +https://opensiteexplorer.org/dotbot; help@moz.com)"
216.244.66.200 - - [04/Nov/2023:05:26:28 +0100] "GET /files/_lg9oa2t42ee0meub9dpsmir3mk1n78obieig76_.pdf HTTP/1.1" 200 150189 "-" "Mozilla/5.0 (compatible; DotBot/1.2; +https://opensiteexplorer.org/dotbot; help@moz.com)"
216.244.66.200 - - [04/Nov/2023:05:27:02 +0100] "GET /files/eg_ag_honv_felad_min_rend_terv_090402.doc HTTP/1.1" 200 65024 "-" "Mozilla/5.0 (compatible; DotBot/1.2; +https://opensiteexplorer.org/dotbot; help@moz.com)"
216.244.66.200 - - [04/Nov/2023:05:27:47 +0100] "GET /files/fogyasztovedelmi_jogszabalyok_alkalmazasaer.pdf HTTP/1.1" 200 347275 "-" "Mozilla/5.0 (compatible; DotBot/1.2; +https://opensiteexplorer.org/dotbot; help@moz.com)"
216.244.66.200 - - [04/Nov/2023:05:52:36 +0100] "GET /robots.txt HTTP/1.1" 200 1590 "-" "Mozilla/5.0 (compatible; DotBot/1.2; +https://opensiteexplorer.org/dotbot; help@moz.com)"
216.244.66.200 - - [04/Nov/2023:05:52:36 +0100] "GET /robots.txt HTTP/1.1" 200 1590 "-" "Mozilla/5.0 (compatible; DotBot/1.2; +https://opensiteexplorer.org/dotbot; help@moz.com)"
44.230.252.91 - - [04/Nov/2023:05:54:19 +0100] "GET /robots.txt HTTP/1.1" 200 1590 "-" "my-tiny-bot"
52.25.208.208 - - [04/Nov/2023:05:54:53 +0100] "GET /drupal/node/91 HTTP/1.1" 200 - "-" "my-tiny-bot"
52.25.208.208 - - [04/Nov/2023:05:55:03 +0100] "GET /drupal/node/91 HTTP/1.1" 200 - "-" "my-tiny-bot"
52.167.144.65 - - [04/Nov/2023:05:56:22 +0100] "GET /robots.txt HTTP/1.1" 200 1590 "-" "Mozilla/5.0 AppleWebKit/537.36 (KHTML, like Gecko; compatible; bingbot/2.0; +http://www.bing.com/bingbot.htm) Chrome/103.0.5060.134 Safari/537.36"
52.167.144.212 - - [04/Nov/2023:05:56:52 +0100] "GET /files/pirotechnika_(honlapra).doc HTTP/1.1" 304 - "-" "Mozilla/5.0 AppleWebKit/537.36 (KHTML, like Gecko; compatible; bingbot/2.0; +http://www.bing.com/bingbot.htm) Chrome/103.0.5060.134 Safari/537.36"
82.28.146.70 - - [04/Nov/2023:06:09:10 +0100] "GET /node?page=247 HTTP/1.1" 200 - "-" "Mozilla/5.0 (iPhone; CPU iPhone OS 11_0 like Mac OS X) AppleWebKit/537.36 (KHTML, like Gecko) Chrome/40.0.5257.1855 Mobile Safari/537.36"
216.244.66.200 - - [04/Nov/2023:06:10:04 +0100] "GET /files/elj%C3%83%C2%A1r%C3%83%C2%A1srend%20hat%C3%83%C2%A1ron%20t%C3%83%C2%BAliak%20t%C3%83%C2%A1rc%C3%83%C2%A1ra%2012.11..doc HTTP/1.1" 200 - "-" "Mozilla/5.0 (compatible; DotBot/1.2; +https://opensiteexplorer.org/dotbot; help@moz.com)"
216.244.66.200 - - [04/Nov/2023:06:11:00 +0100] "GET /files/32-2004-normasz%C3%83%C2%B6veg.doc HTTP/1.1" 200 - "-" "Mozilla/5.0 (compatible; DotBot/1.2; +https://opensiteexplorer.org/dotbot; help@moz.com)"
216.244.66.200 - - [04/Nov/2023:06:11:41 +0100] "GET /files/hitelesites_kozig_20080818%20_2.pdf HTTP/1.1" 200 - "-" "Mozilla/5.0 (compatible; DotBot/1.2; +https://opensiteexplorer.org/dotbot; help@moz.com)"
216.244.66.200 - - [04/Nov/2023:06:12:05 +0100] "GET /files/kozossegi_jegyzek_rendelet_090609.doc HTTP/1.1" 200 47104 "-" "Mozilla/5.0 (compatible; DotBot/1.2; +https://opensiteexplorer.org/dotbot; help@moz.com)"
216.244.66.200 - - [04/Nov/2023:06:12:43 +0100] "GET /files/Tervezet_a_vegrehajtoi_kezbesites_eljarasi_szabalyairol.pdf HTTP/1.1" 200 159770 "-" "Mozilla/5.0 (compatible; DotBot/1.2; +https://opensiteexplorer.org/dotbot; help@moz.com)"
1.146.67.76 - - [04/Nov/2023:06:13:11 +0100] "GET /filter/tips HTTP/1.1" 200 - "-" "Mozilla/5.0 (iPhone; CPU iPhone OS 11_0 like Mac OS X) AppleWebKit/537.36 (KHTML, like Gecko) Chrome/51.0.6838.1749 Mobile Safari/537.36"
216.244.66.200 - - [04/Nov/2023:06:13:50 +0100] "GET /files/gy%C3%83%C2%B3gyszerforg_min_rend_terv.doc HTTP/1.1" 200 - "-" "Mozilla/5.0 (compatible; DotBot/1.2; +https://opensiteexplorer.org/dotbot; help@moz.com)"
216.244.66.200 - - [04/Nov/2023:06:14:31 +0100] "GET /files/hadkotelesek_hm_eum_rendelet_tervezet_melleklet.pdf HTTP/1.1" 200 315260 "-" "Mozilla/5.0 (compatible; DotBot/1.2; +https://opensiteexplorer.org/dotbot; help@moz.com)"
216.244.66.200 - - [04/Nov/2023:06:15:08 +0100] "GET /files/torveny_tervezet_felsooktatas_jogallasarol.pdf HTTP/1.1" 200 86154 "-" "Mozilla/5.0 (compatible; DotBot/1.2; +https://opensiteexplorer.org/dotbot; help@moz.com)"
44.230.252.91 - - [04/Nov/2023:06:17:14 +0100] "GET /drupal/node/672 HTTP/1.1" 200 - "-" "my-tiny-bot"
44.230.252.91 - - [04/Nov/2023:06:17:26 +0100] "GET /drupal/node/672 HTTP/1.1" 200 - "-" "my-tiny-bot"
52.167.144.65 - - [04/Nov/2023:06:17:50 +0100] "GET /robots.txt HTTP/1.1" 200 1590 "-" "Mozilla/5.0 AppleWebKit/537.36 (KHTML, like Gecko; compatible; bingbot/2.0; +http://www.bing.com/bingbot.htm) Chrome/103.0.5060.134 Safari/537.36"
40.77.167.53 - - [04/Nov/2023:06:18:36 +0100] "GET /drupal/taxonomy/term/40 HTTP/1.1" 200 - "-" "Mozilla/5.0 AppleWebKit/537.36 (KHTML, like Gecko; compatible; bingbot/2.0; +http://www.bing.com/bingbot.htm) Chrome/103.0.5060.134 Safari/537.36"
40.77.167.53 - - [04/Nov/2023:06:19:10 +0100] "GET /drupal/taxonomy/term/40 HTTP/1.1" 200 - "-" "Mozilla/5.0 AppleWebKit/537.36 (KHTML, like Gecko; compatible; bingbot/2.0; +http://www.bing.com/bingbot.htm) Chrome/103.0.5060.134 Safari/537.36"
216.244.66.200 - - [04/Nov/2023:06:42:28 +0100] "GET /robots.txt HTTP/1.1" 200 1590 "-" "Mozilla/5.0 (compatible; DotBot/1.2; +https://opensiteexplorer.org/dotbot; help@moz.com)"
216.244.66.200 - - [04/Nov/2023:06:42:28 +0100] "GET /robots.txt HTTP/1.1" 200 1590 "-" "Mozilla/5.0 (compatible; DotBot/1.2; +https://opensiteexplorer.org/dotbot; help@moz.com)"
66.249.66.86 - - [04/Nov/2023:06:52:25 +0100] "GET /files/tankonyvrend_terv_090721.pdf HTTP/1.1" 200 317759 "-" "Mozilla/5.0 (Linux; Android 6.0.1; Nexus 5X Build/MMB29P) AppleWebKit/537.36 (KHTML, like Gecko) Chrome/119.0.6045.105 Mobile Safari/537.36 (compatible; Googlebot/2.1; +http://www.google.com/bot.html)"
216.244.66.200 - - [04/Nov/2023:06:58:48 +0100] "GET /files/t%C3%83%C2%A1j%C3%83%C2%A9koztat%C3%83%C2%B3_a_2005__%C3%83%C2%A9vre_sz%C3%83%C2%B3l%C3%83%C2%B3_k%C3%83%C2%B6telez%C3%85%E2%80%98_adatgy%C3%85%C2%B1jt%C3%83%C2%A9sr%C3%85%E2%80%98l_6.doc HTTP/1.1" 200 - "-" "Mozilla/5.0 (compatible; DotBot/1.2; +https://opensiteexplorer.org/dotbot; help@moz.com)"
216.244.66.200 - - [04/Nov/2023:06:59:21 +0100] "GET /files/1.mell%C3%83%C2%A9klet%2007.24.doc HTTP/1.1" 200 - "-" "Mozilla/5.0 (compatible; DotBot/1.2; +https://opensiteexplorer.org/dotbot; help@moz.com)"
216.244.66.200 - - [04/Nov/2023:06:59:50 +0100] "GET /files/Csornoc_tervezet_kozig.pdf HTTP/1.1" 200 250100 "-" "Mozilla/5.0 (compatible; DotBot/1.2; +https://opensiteexplorer.org/dotbot; help@moz.com)"
216.244.66.200 - - [04/Nov/2023:07:00:22 +0100] "GET /files/pep_kormelterj_060727.pdf HTTP/1.1" 200 68592 "-" "Mozilla/5.0 (compatible; DotBot/1.2; +https://opensiteexplorer.org/dotbot; help@moz.com)"
216.244.66.200 - - [04/Nov/2023:07:01:02 +0100] "GET /files/szakkepesites_rend_1001.doc HTTP/1.1" 200 160256 "-" "Mozilla/5.0 (compatible; DotBot/1.2; +https://opensiteexplorer.org/dotbot; help@moz.com)"
216.244.66.200 - - [04/Nov/2023:07:01:53 +0100] "GET /files/tanev_rendje_0910_terv_090330.pdf HTTP/1.1" 200 386212 "-" "Mozilla/5.0 (compatible; DotBot/1.2; +https://opensiteexplorer.org/dotbot; help@moz.com)"
216.244.66.200 - - [04/Nov/2023:07:02:33 +0100] "GET /files/tpvt__modositas_kozigre_2008_03_31_.doc HTTP/1.1" 200 301568 "-" "Mozilla/5.0 (compatible; DotBot/1.2; +https://opensiteexplorer.org/dotbot; help@moz.com)"
216.244.66.200 - - [04/Nov/2023:07:03:37 +0100] "GET /user/92/notify HTTP/1.1" 200 - "-" "Mozilla/5.0 (compatible; DotBot/1.2; +https://opensiteexplorer.org/dotbot; help@moz.com)"
216.244.66.200 - - [04/Nov/2023:07:03:57 +0100] "GET /files/44-2004-rendelet-modositas-indokolas.doc HTTP/1.1" 200 32256 "-" "Mozilla/5.0 (compatible; DotBot/1.2; +https://opensiteexplorer.org/dotbot; help@moz.com)"
52.25.208.208 - - [04/Nov/2023:07:04:24 +0100] "GET /drupal/node/1273 HTTP/1.1" 200 - "-" "my-tiny-bot"
52.25.208.208 - - [04/Nov/2023:07:04:34 +0100] "GET /drupal/node/1273 HTTP/1.1" 200 - "-" "my-tiny-bot"
216.244.66.200 - - [04/Nov/2023:07:04:49 +0100] "GET /files/a_menedekjogrol_szolo_torveny_tervezete.doc HTTP/1.1" 200 438337 "-" "Mozilla/5.0 (compatible; DotBot/1.2; +https://opensiteexplorer.org/dotbot; help@moz.com)"
216.244.66.200 - - [04/Nov/2023:07:05:30 +0100] "GET /files/allatbetegsegek_fvm_tervezet_velemenyezesre.pdf HTTP/1.1" 200 191970 "-" "Mozilla/5.0 (compatible; DotBot/1.2; +https://opensiteexplorer.org/dotbot; help@moz.com)"
216.244.66.200 - - [04/Nov/2023:07:06:11 +0100] "GET /files/gyermekszegenyseg_tervezet_6_eloterj_070125.pdf HTTP/1.1" 200 193242 "-" "Mozilla/5.0 (compatible; DotBot/1.2; +https://opensiteexplorer.org/dotbot; help@moz.com)"
216.244.66.200 - - [04/Nov/2023:07:06:58 +0100] "GET /files/hm_bm_pm_tervezet_2006_marcius_internetre.pdf HTTP/1.1" 200 410700 "-" "Mozilla/5.0 (compatible; DotBot/1.2; +https://opensiteexplorer.org/dotbot; help@moz.com)"
216.244.66.200 - - [04/Nov/2023:07:07:36 +0100] "GET /files/tervezet_13-2001-mod_novenyfajok_kozig.pdf HTTP/1.1" 200 169563 "-" "Mozilla/5.0 (compatible; DotBot/1.2; +https://opensiteexplorer.org/dotbot; help@moz.com)"
216.244.66.200 - - [04/Nov/2023:07:08:40 +0100] "GET /files/18per1998.%20NM%20remd%20m%C3%83%C2%B3d%20t%C3%83%C2%A1rc%C3%83%C2%A1ra.doc HTTP/1.1" 200 - "-" "Mozilla/5.0 (compatible; DotBot/1.2; +https://opensiteexplorer.org/dotbot; help@moz.com)"
91.33.163.55 - - [04/Nov/2023:07:28:55 +0100] "GET /files/szakertoidijazas.doc HTTP/1.1" 200 59392 "-" "Mozilla/5.0 (Windows NT 10.0; Win64; x64) AppleWebKit/537.36 (KHTML, like Gecko) Chrome/60.0.3112.113 Safari/537.36"
216.244.66.200 - - [04/Nov/2023:07:32:55 +0100] "GET /robots.txt HTTP/1.1" 200 1590 "-" "Mozilla/5.0 (compatible; DotBot/1.2; +https://opensiteexplorer.org/dotbot; help@moz.com)"
216.244.66.200 - - [04/Nov/2023:07:32:55 +0100] "GET /robots.txt HTTP/1.1" 200 1590 "-" "Mozilla/5.0 (compatible; DotBot/1.2; +https://opensiteexplorer.org/dotbot; help@moz.com)"
40.77.167.70 - - [04/Nov/2023:07:37:34 +0100] "GET /taxonomy/term/47 HTTP/1.1" 200 - "-" "Mozilla/5.0 AppleWebKit/537.36 (KHTML, like Gecko; compatible; bingbot/2.0; +http://www.bing.com/bingbot.htm) Chrome/103.0.5060.134 Safari/537.36"
40.77.167.70 - - [04/Nov/2023:07:38:06 +0100] "GET /taxonomy/term/47 HTTP/1.1" 200 - "-" "Mozilla/5.0 AppleWebKit/537.36 (KHTML, like Gecko; compatible; bingbot/2.0; +http://www.bing.com/bingbot.htm) Chrome/103.0.5060.134 Safari/537.36"
47.128.60.149 - - [04/Nov/2023:07:42:48 +0100] "GET /taxonomy/term/90 HTTP/1.1" 200 - "-" "Mozilla/5.0 (Linux; Android 5.0) AppleWebKit/537.36 (KHTML, like Gecko) Mobile Safari/537.36 (compatible; Bytespider; spider-feedback@bytedance.com)"
109.77.155.252 - - [04/Nov/2023:07:43:26 +0100] "GET /node/2547 HTTP/1.1" 200 - "-" "Mozilla/5.0 (Linux; Android 6.0; Nexus 5 Build/MRA58N) AppleWebKit/537.36 (KHTML, like Gecko) Chrome/56.0.1219.1080 Mobile Safari/537.36"
47.128.20.196 - - [04/Nov/2023:07:46:08 +0100] "GET /taxonomy/term/29 HTTP/1.1" 200 - "-" "Mozilla/5.0 (Linux; Android 5.0) AppleWebKit/537.36 (KHTML, like Gecko) Mobile Safari/537.36 (compatible; Bytespider; spider-feedback@bytedance.com)"
216.244.66.200 - - [04/Nov/2023:07:49:00 +0100] "GET /files/Az_eu_kepz_rendsz_korm_rend_090202.doc HTTP/1.1" 200 126464 "-" "Mozilla/5.0 (compatible; DotBot/1.2; +https://opensiteexplorer.org/dotbot; help@moz.com)"
216.244.66.200 - - [04/Nov/2023:07:49:30 +0100] "GET /files/bitrokvedelem_kormr_terv_090814.doc HTTP/1.1" 200 102912 "-" "Mozilla/5.0 (compatible; DotBot/1.2; +https://opensiteexplorer.org/dotbot; help@moz.com)"
216.244.66.200 - - [04/Nov/2023:07:50:14 +0100] "GET /files/jelentos_vg_kerdesek_vegleges_1222.pdf HTTP/1.1" 200 305122 "-" "Mozilla/5.0 (compatible; DotBot/1.2; +https://opensiteexplorer.org/dotbot; help@moz.com)"
216.244.66.200 - - [04/Nov/2023:07:50:59 +0100] "GET /files/szakmai_tapasztalat_terv_071014.pdf HTTP/1.1" 200 259581 "-" "Mozilla/5.0 (compatible; DotBot/1.2; +https://opensiteexplorer.org/dotbot; help@moz.com)"
216.244.66.200 - - [04/Nov/2023:07:51:38 +0100] "GET /files/1025_2_K_z_s_Korm_ny_l_s_KVB_Jkv_kormel__061010.doc HTTP/1.1" 200 188416 "-" "Mozilla/5.0 (compatible; DotBot/1.2; +https://opensiteexplorer.org/dotbot; help@moz.com)"
216.244.66.200 - - [04/Nov/2023:07:52:41 +0100] "GET /files/18_1998___xii__27___e%C3%83%C2%BCm_rendelet_m%C3%83%C2%B3dos%C3%83%C2%ADt%C3%83%C2%A1sa_6.doc HTTP/1.1" 200 - "-" "Mozilla/5.0 (compatible; DotBot/1.2; +https://opensiteexplorer.org/dotbot; help@moz.com)"
216.244.66.200 - - [04/Nov/2023:07:53:31 +0100] "GET /files/AE+PSZAF+2007-08-09_k%C3%83%C2%B6zz%C3%83%C2%A9t%C3%83%C2%A9telhez+.doc HTTP/1.1" 200 - "-" "Mozilla/5.0 (compatible; DotBot/1.2; +https://opensiteexplorer.org/dotbot; help@moz.com)"
216.244.66.200 - - [04/Nov/2023:07:54:23 +0100] "GET /taxonomy/term/73/0/feed HTTP/1.1" 200 - "-" "Mozilla/5.0 (compatible; DotBot/1.2; +https://opensiteexplorer.org/dotbot; help@moz.com)"
150.158.26.46 - - [04/Nov/2023:08:00:29 +0100] "GET /xmlrpc.php HTTP/1.1" 200 - "-" "Mozilla/5.0 (Windows NT 6.1; WOW64; rv:45.0) Gecko/20100101 Firefox/45.0"
54.237.49.85 - - [04/Nov/2023:08:01:59 +0100] "GET /.git/config HTTP/1.1" 200 - "-" "P3P Validator"
44.230.252.91 - - [04/Nov/2023:08:09:54 +0100] "GET / HTTP/1.1" 200 - "-" "my-tiny-bot"
44.230.252.91 - - [04/Nov/2023:08:10:04 +0100] "GET / HTTP/1.1" 200 - "-" "my-tiny-bot"
47.128.43.50 - - [04/Nov/2023:08:14:05 +0100] "GET /node?page=12 HTTP/1.1" 200 - "-" "Mozilla/5.0 (Linux; Android 5.0) AppleWebKit/537.36 (KHTML, like Gecko) Mobile Safari/537.36 (compatible; Bytespider; spider-feedback@bytedance.com)"
71.200.62.101 - - [04/Nov/2023:08:14:54 +0100] "GET /node/2538 HTTP/1.1" 200 - "-" "Mozilla/5.0 (Linux; Android 6.0; Nexus 5 Build/MRA58N) AppleWebKit/537.36 (KHTML, like Gecko) Chrome/56.0.2275.1213 Mobile Safari/537.36"
216.244.66.200 - - [04/Nov/2023:08:22:57 +0100] "GET /robots.txt HTTP/1.1" 200 1590 "-" "Mozilla/5.0 (compatible; DotBot/1.2; +https://opensiteexplorer.org/dotbot; help@moz.com)"
216.244.66.200 - - [04/Nov/2023:08:22:57 +0100] "GET /robots.txt HTTP/1.1" 200 1590 "-" "Mozilla/5.0 (compatible; DotBot/1.2; +https://opensiteexplorer.org/dotbot; help@moz.com)"
150.158.26.46 - - [04/Nov/2023:08:36:13 +0100] "GET /xmlrpc.php HTTP/1.1" 200 - "-" "Mozilla/5.0 (Windows NT 6.1; WOW64; rv:45.0) Gecko/20100101 Firefox/45.0"
40.77.167.75 - - [04/Nov/2023:08:36:25 +0100] "GET /taxonomy/term/18%2023%2024%2026%2025%2027%2028%2029%2052%2041%2031%2032%2098%2033%2048%20106%20103%2099%20107%2034%2049%2035%2051%20100%2036%2050%20105?page=8 HTTP/1.1" 200 - "-" "Mozilla/5.0 AppleWebKit/537.36 (KHTML, like Gecko; compatible; bingbot/2.0; +http://www.bing.com/bingbot.htm) Chrome/103.0.5060.134 Safari/537.36"
40.77.167.75 - - [04/Nov/2023:08:36:57 +0100] "GET /taxonomy/term/18%2023%2024%2026%2025%2027%2028%2029%2052%2041%2031%2032%2098%2033%2048%20106%20103%2099%20107%2034%2049%2035%2051%20100%2036%2050%20105?page=8 HTTP/1.1" 200 - "-" "Mozilla/5.0 AppleWebKit/537.36 (KHTML, like Gecko; compatible; bingbot/2.0; +http://www.bing.com/bingbot.htm) Chrome/103.0.5060.134 Safari/537.36"
66.249.66.86 - - [04/Nov/2023:08:37:44 +0100] "GET /files/_2eg3fmuj5edt6m_.pdf HTTP/1.1" 200 314007 "-" "Googlebot/2.1 (+http://www.google.com/bot.html)"
216.244.66.200 - - [04/Nov/2023:08:39:04 +0100] "GET /files/alkotmany.pdf HTTP/1.1" 200 78725 "-" "Mozilla/5.0 (compatible; DotBot/1.2; +https://opensiteexplorer.org/dotbot; help@moz.com)"
216.244.66.200 - - [04/Nov/2023:08:39:11 +0100] "GET /files/e%C3%83%C2%BC.i%20oklevelek%20%20bizony%C3%83%C2%ADtv%C3%83%C2%A1nyok%20megnevez%C3%83%C2%A9se-t%C3%83%C2%A1rc%C3%83%C2%A1ra.doc HTTP/1.1" 200 - "-" "Mozilla/5.0 (compatible; DotBot/1.2; +https://opensiteexplorer.org/dotbot; help@moz.com)"
216.244.66.200 - - [04/Nov/2023:08:39:40 +0100] "GET /files/alleutam-1107.pdf HTTP/1.1" 200 97122 "-" "Mozilla/5.0 (compatible; DotBot/1.2; +https://opensiteexplorer.org/dotbot; help@moz.com)"
216.244.66.200 - - [04/Nov/2023:08:40:22 +0100] "GET /files/0509_k_zig_egyeztet_sre.doc HTTP/1.1" 200 426753 "-" "Mozilla/5.0 (compatible; DotBot/1.2; +https://opensiteexplorer.org/dotbot; help@moz.com)"
216.244.66.200 - - [04/Nov/2023:08:41:24 +0100] "GET /files/05_02_kozpont_kozbesz_eloterj_terv.pdf HTTP/1.1" 200 - "-" "Mozilla/5.0 (compatible; DotBot/1.2; +https://opensiteexplorer.org/dotbot; help@moz.com)"
216.244.66.200 - - [04/Nov/2023:08:41:46 +0100] "GET /files/1102_tervezet_10.20.1_2.doc HTTP/1.1" 200 86528 "-" "Mozilla/5.0 (compatible; DotBot/1.2; +https://opensiteexplorer.org/dotbot; help@moz.com)"
216.244.66.200 - - [04/Nov/2023:08:42:21 +0100] "GET /files/17per2009_EuM_rend_mod_100208.doc HTTP/1.1" 200 36864 "-" "Mozilla/5.0 (compatible; DotBot/1.2; +https://opensiteexplorer.org/dotbot; help@moz.com)"
216.244.66.200 - - [04/Nov/2023:08:42:53 +0100] "GET /files/2006-86-tervezet0708161.doc HTTP/1.1" 200 103936 "-" "Mozilla/5.0 (compatible; DotBot/1.2; +https://opensiteexplorer.org/dotbot; help@moz.com)"
216.244.66.200 - - [04/Nov/2023:08:43:25 +0100] "GET /files/2008_kovijavaslat_kozigre-01-16.pdf HTTP/1.1" 200 107088 "-" "Mozilla/5.0 (compatible; DotBot/1.2; +https://opensiteexplorer.org/dotbot; help@moz.com)"
216.244.66.200 - - [04/Nov/2023:08:44:24 +0100] "GET /files/23-2002-indokol%C3%83%C2%A1s.doc HTTP/1.1" 200 - "-" "Mozilla/5.0 (compatible; DotBot/1.2; +https://opensiteexplorer.org/dotbot; help@moz.com)"
216.244.66.200 - - [04/Nov/2023:08:45:02 +0100] "GET /files/egyes_szoc_rend_terv_081124.pdf HTTP/1.1" 200 674364 "-" "Mozilla/5.0 (compatible; DotBot/1.2; +https://opensiteexplorer.org/dotbot; help@moz.com)"
216.244.66.200 - - [04/Nov/2023:08:45:52 +0100] "GET /files/szvk_terv_090804.pdf HTTP/1.1" 200 804682 "-" "Mozilla/5.0 (compatible; DotBot/1.2; +https://opensiteexplorer.org/dotbot; help@moz.com)"
216.244.66.200 - - [04/Nov/2023:08:46:33 +0100] "GET /files/tv_csomag_eloterjesztes_061012.pdf HTTP/1.1" 200 339026 "-" "Mozilla/5.0 (compatible; DotBot/1.2; +https://opensiteexplorer.org/dotbot; help@moz.com)"
216.244.66.200 - - [04/Nov/2023:08:47:37 +0100] "GET /files/1.%20sz%C3%83%C2%A1m%C3%83%C2%BA%20mell%C3%83%C2%A9klet.doc HTTP/1.1" 200 - "-" "Mozilla/5.0 (compatible; DotBot/1.2; +https://opensiteexplorer.org/dotbot; help@moz.com)"
216.244.66.200 - - [04/Nov/2023:08:48:27 +0100] "GET /files/9.%20sz%C3%83%C2%A1m%C3%83%C2%BA%20mell%C3%83%C2%A9klet.doc HTTP/1.1" 200 - "-" "Mozilla/5.0 (compatible; DotBot/1.2; +https://opensiteexplorer.org/dotbot; help@moz.com)"
216.244.66.200 - - [04/Nov/2023:08:48:48 +0100] "GET /files/Ki__gett_f__t__elem_Nemzeti_Jelent__s_szakmapolra_0709.doc HTTP/1.1" 200 148992 "-" "Mozilla/5.0 (compatible; DotBot/1.2; +https://opensiteexplorer.org/dotbot; help@moz.com)"
216.244.66.200 - - [04/Nov/2023:08:49:25 +0100] "GET /files/korm_rend_terv_allamhaztartas_eltero.pdf HTTP/1.1" 200 437665 "-" "Mozilla/5.0 (compatible; DotBot/1.2; +https://opensiteexplorer.org/dotbot; help@moz.com)"
66.249.66.4 - - [04/Nov/2023:08:51:40 +0100] "GET /files/tervezet_Szoloskei-erdo.pdf HTTP/1.1" 200 221297 "-" "Googlebot/2.1 (+http://www.google.com/bot.html)"
52.167.144.180 - - [04/Nov/2023:09:05:27 +0100] "GET /files/elemiszerkonyv122007.pdf HTTP/1.1" 304 - "-" "Mozilla/5.0 AppleWebKit/537.36 (KHTML, like Gecko; compatible; bingbot/2.0; +http://www.bing.com/bingbot.htm) Chrome/103.0.5060.134 Safari/537.36"
47.128.58.0 - - [04/Nov/2023:09:08:43 +0100] "GET /node/2123 HTTP/1.1" 200 - "-" "Mozilla/5.0 (Linux; Android 5.0) AppleWebKit/537.36 (KHTML, like Gecko) Mobile Safari/537.36 (compatible; Bytespider; spider-feedback@bytedance.com)"
108.195.78.220 - - [04/Nov/2023:09:09:46 +0100] "GET /node/2541 HTTP/1.1" 200 - "-" "Mozilla/5.0 (iPhone; CPU iPhone OS 11_0 like Mac OS X) AppleWebKit/537.36 (KHTML, like Gecko) Chrome/60.0.7459.1953 Mobile Safari/537.36"
216.244.66.200 - - [04/Nov/2023:09:12:37 +0100] "GET /robots.txt HTTP/1.1" 200 1590 "-" "Mozilla/5.0 (compatible; DotBot/1.2; +https://opensiteexplorer.org/dotbot; help@moz.com)"
216.244.66.200 - - [04/Nov/2023:09:12:40 +0100] "GET /robots.txt HTTP/1.1" 200 1590 "-" "Mozilla/5.0 (compatible; DotBot/1.2; +https://opensiteexplorer.org/dotbot; help@moz.com)"
47.128.42.95 - - [04/Nov/2023:09:12:43 +0100] "GET /node/2582 HTTP/1.1" 200 - "-" "Mozilla/5.0 (Linux; Android 5.0) AppleWebKit/537.36 (KHTML, like Gecko) Mobile Safari/537.36 (compatible; Bytespider; spider-feedback@bytedance.com)"
66.249.66.87 - - [04/Nov/2023:09:20:13 +0100] "GET /files/epiteskivitelezes.pdf HTTP/1.1" 304 - "-" "Mozilla/5.0 (Linux; Android 6.0.1; Nexus 5X Build/MMB29P) AppleWebKit/537.36 (KHTML, like Gecko) Chrome/119.0.6045.105 Mobile Safari/537.36 (compatible; Googlebot/2.1; +http://www.google.com/bot.html)"
216.244.66.200 - - [04/Nov/2023:09:24:46 +0100] "GET /files/_aedt62qrbg9o6ast1ei176gide9imsp1i60o3c_.pdf HTTP/1.1" 200 61992 "-" "Mozilla/5.0 (compatible; DotBot/1.2; +https://opensiteexplorer.org/dotbot; help@moz.com)"
216.244.66.200 - - [04/Nov/2023:09:25:34 +0100] "GET /files/0718_El_terjeszt_s_g_teborgi__ratifik_ci__kih_rdet_s1.DOC HTTP/1.1" 200 474535 "-" "Mozilla/5.0 (compatible; DotBot/1.2; +https://opensiteexplorer.org/dotbot; help@moz.com)"
216.244.66.200 - - [04/Nov/2023:09:26:32 +0100] "GET /files/gy%C3%83%C2%B3gyszerrend%20normasz%C3%83%C2%B6veg.doc HTTP/1.1" 200 - "-" "Mozilla/5.0 (compatible; DotBot/1.2; +https://opensiteexplorer.org/dotbot; help@moz.com)"
216.244.66.200 - - [04/Nov/2023:09:26:55 +0100] "GET /files/tokeegyesito.doc HTTP/1.1" 200 135168 "-" "Mozilla/5.0 (compatible; DotBot/1.2; +https://opensiteexplorer.org/dotbot; help@moz.com)"
216.244.66.200 - - [04/Nov/2023:09:27:30 +0100] "GET /files/vagyonnyil.zip HTTP/1.1" 200 17717 "-" "Mozilla/5.0 (compatible; DotBot/1.2; +https://opensiteexplorer.org/dotbot; help@moz.com)"
216.244.66.200 - - [04/Nov/2023:09:28:16 +0100] "GET /files/112_eloterjesztes_tarcara_070201.pdf HTTP/1.1" 200 255879 "-" "Mozilla/5.0 (compatible; DotBot/1.2; +https://opensiteexplorer.org/dotbot; help@moz.com)"
216.244.66.200 - - [04/Nov/2023:09:29:00 +0100] "GET /files/11_1994_terv_090310.pdf HTTP/1.1" 200 227207 "-" "Mozilla/5.0 (compatible; DotBot/1.2; +https://opensiteexplorer.org/dotbot; help@moz.com)"
216.244.66.200 - - [04/Nov/2023:09:29:35 +0100] "GET /files/1_2006_mod_tervezet_20060815.pdf HTTP/1.1" 200 132783 "-" "Mozilla/5.0 (compatible; DotBot/1.2; +https://opensiteexplorer.org/dotbot; help@moz.com)"
216.244.66.200 - - [04/Nov/2023:09:30:31 +0100] "GET /files/KVVM_KJKF_747_hulladekszallitas.pdf HTTP/1.1" 200 536804 "-" "Mozilla/5.0 (compatible; DotBot/1.2; +https://opensiteexplorer.org/dotbot; help@moz.com)"
216.244.66.200 - - [04/Nov/2023:09:31:09 +0100] "GET /files/cartagena_kozigre_0519.pdf HTTP/1.1" 200 186055 "-" "Mozilla/5.0 (compatible; DotBot/1.2; +https://opensiteexplorer.org/dotbot; help@moz.com)"
216.244.66.200 - - [04/Nov/2023:09:31:59 +0100] "GET /files/kutato_kjtvhr_mod_070828.pdf HTTP/1.1" 200 275804 "-" "Mozilla/5.0 (compatible; DotBot/1.2; +https://opensiteexplorer.org/dotbot; help@moz.com)"
216.244.66.200 - - [04/Nov/2023:09:32:41 +0100] "GET /files/lakasrend_terv_070712.pdf HTTP/1.1" 200 235470 "-" "Mozilla/5.0 (compatible; DotBot/1.2; +https://opensiteexplorer.org/dotbot; help@moz.com)"
216.244.66.200 - - [04/Nov/2023:09:33:18 +0100] "GET /files/letezo_tam_terv_070521.pdf HTTP/1.1" 200 238544 "-" "Mozilla/5.0 (compatible; DotBot/1.2; +https://opensiteexplorer.org/dotbot; help@moz.com)"
216.244.66.200 - - [04/Nov/2023:09:33:53 +0100] "GET /files/szakiranyu_mod_honlapra_070911.pdf HTTP/1.1" 200 168111 "-" "Mozilla/5.0 (compatible; DotBot/1.2; +https://opensiteexplorer.org/dotbot; help@moz.com)"
216.244.66.200 - - [04/Nov/2023:09:34:25 +0100] "GET /files/szakszo_hajozo_2mell.pdf HTTP/1.1" 200 109555 "-" "Mozilla/5.0 (compatible; DotBot/1.2; +https://opensiteexplorer.org/dotbot; help@moz.com)"
216.244.66.200 - - [04/Nov/2023:09:35:11 +0100] "GET /files/szocszolg_terv_091027.pdf HTTP/1.1" 200 590127 "-" "Mozilla/5.0 (compatible; DotBot/1.2; +https://opensiteexplorer.org/dotbot; help@moz.com)"
216.244.66.200 - - [04/Nov/2023:09:35:48 +0100] "GET /files/tamszolg_terv_080630.pdf HTTP/1.1" 200 245872 "-" "Mozilla/5.0 (compatible; DotBot/1.2; +https://opensiteexplorer.org/dotbot; help@moz.com)"
216.244.66.200 - - [04/Nov/2023:09:36:25 +0100] "GET /files/tervezet_kozig_matra.pdf HTTP/1.1" 200 282251 "-" "Mozilla/5.0 (compatible; DotBot/1.2; +https://opensiteexplorer.org/dotbot; help@moz.com)"
216.244.66.200 - - [04/Nov/2023:09:36:57 +0100] "GET /files/tervezet_kozigre_lazberci_bov.pdf HTTP/1.1" 200 40351 "-" "Mozilla/5.0 (compatible; DotBot/1.2; +https://opensiteexplorer.org/dotbot; help@moz.com)"
216.244.66.200 - - [04/Nov/2023:09:37:32 +0100] "GET /files/2008_januari_nyugdijemeles_terv_071031.pdf HTTP/1.1" 200 303662 "-" "Mozilla/5.0 (compatible; DotBot/1.2; +https://opensiteexplorer.org/dotbot; help@moz.com)"
216.244.66.200 - - [04/Nov/2023:09:38:33 +0100] "GET /files/30-1998%20m%C3%83%C2%B3d-t%C3%83%C2%A1rc%C3%83%C2%A1ra.doc HTTP/1.1" 200 - "-" "Mozilla/5.0 (compatible; DotBot/1.2; +https://opensiteexplorer.org/dotbot; help@moz.com)"
216.244.66.200 - - [04/Nov/2023:09:39:23 +0100] "GET /files/NAR_jogharmoniz%C3%83%C2%A1ci%C3%83%C2%B3_kozigazgatasi%20egyeztetesre.doc HTTP/1.1" 200 - "-" "Mozilla/5.0 (compatible; DotBot/1.2; +https://opensiteexplorer.org/dotbot; help@moz.com)"
216.244.66.200 - - [04/Nov/2023:09:40:13 +0100] "GET /files/megfelel%C3%83%C2%A9si_t%C3%83%C2%A1bl%C3%83%C2%A1zat-561-2006-ek.doc HTTP/1.1" 200 - "-" "Mozilla/5.0 (compatible; DotBot/1.2; +https://opensiteexplorer.org/dotbot; help@moz.com)"
52.25.208.208 - - [04/Nov/2023:09:52:28 +0100] "GET /drupal/ HTTP/1.1" 200 - "-" "my-tiny-bot"
52.25.208.208 - - [04/Nov/2023:09:52:39 +0100] "GET /drupal/ HTTP/1.1" 200 - "-" "my-tiny-bot"
216.244.66.200 - - [04/Nov/2023:10:01:12 +0100] "GET /robots.txt HTTP/1.1" 200 1590 "-" "Mozilla/5.0 (compatible; DotBot/1.2; +https://opensiteexplorer.org/dotbot; help@moz.com)"
216.244.66.200 - - [04/Nov/2023:10:01:12 +0100] "GET /robots.txt HTTP/1.1" 200 1590 "-" "Mozilla/5.0 (compatible; DotBot/1.2; +https://opensiteexplorer.org/dotbot; help@moz.com)"
66.249.66.6 - - [04/Nov/2023:10:10:33 +0100] "GET /files/kollegium_terv_090922.pdf HTTP/1.1" 304 - "-" "Mozilla/5.0 (Linux; Android 6.0.1; Nexus 5X Build/MMB29P) AppleWebKit/537.36 (KHTML, like Gecko) Chrome/119.0.6045.105 Mobile Safari/537.36 (compatible; Googlebot/2.1; +http://www.google.com/bot.html)"
66.249.66.85 - - [04/Nov/2023:10:10:34 +0100] "GET /files/14_4.pdf HTTP/1.1" 304 - "-" "Mozilla/5.0 (Linux; Android 6.0.1; Nexus 5X Build/MMB29P) AppleWebKit/537.36 (KHTML, like Gecko) Chrome/119.0.6045.105 Mobile Safari/537.36 (compatible; Googlebot/2.1; +http://www.google.com/bot.html)"
216.244.66.200 - - [04/Nov/2023:10:15:36 +0100] "GET /files/a_magyar-ukran_kishatarforgalom_szabalyozasarol_szolo_megallapodas_kihirdeteserol_szolo_torvenyrol_keszult_kormany-eloterjesztes.doc HTTP/1.1" 200 354353 "-" "Mozilla/5.0 (compatible; DotBot/1.2; +https://opensiteexplorer.org/dotbot; help@moz.com)"
216.244.66.200 - - [04/Nov/2023:10:16:01 +0100] "GET /files/eloterjschengen.doc HTTP/1.1" 200 282112 "-" "Mozilla/5.0 (compatible; DotBot/1.2; +https://opensiteexplorer.org/dotbot; help@moz.com)"
216.244.66.200 - - [04/Nov/2023:10:16:39 +0100] "GET /files/meh_dij.zip HTTP/1.1" 200 110156 "-" "Mozilla/5.0 (compatible; DotBot/1.2; +https://opensiteexplorer.org/dotbot; help@moz.com)"
216.244.66.200 - - [04/Nov/2023:10:17:24 +0100] "GET /files/oklevelek.pdf HTTP/1.1" 200 260379 "-" "Mozilla/5.0 (compatible; DotBot/1.2; +https://opensiteexplorer.org/dotbot; help@moz.com)"
216.244.66.200 - - [04/Nov/2023:10:17:59 +0100] "GET /files/szakszo_hajozo.pdf HTTP/1.1" 200 183291 "-" "Mozilla/5.0 (compatible; DotBot/1.2; +https://opensiteexplorer.org/dotbot; help@moz.com)"
216.244.66.200 - - [04/Nov/2023:10:18:37 +0100] "GET /files/0502_43_1999._m_d_terv._04.20..doc HTTP/1.1" 200 44544 "-" "Mozilla/5.0 (compatible; DotBot/1.2; +https://opensiteexplorer.org/dotbot; help@moz.com)"
216.244.66.200 - - [04/Nov/2023:10:19:14 +0100] "GET /files/1201_ET_tervezet_11.23..doc HTTP/1.1" 200 139264 "-" "Mozilla/5.0 (compatible; DotBot/1.2; +https://opensiteexplorer.org/dotbot; help@moz.com)"
216.244.66.200 - - [04/Nov/2023:10:19:50 +0100] "GET /files/13per1992_NM_rend_mod_100311.doc HTTP/1.1" 200 130048 "-" "Mozilla/5.0 (compatible; DotBot/1.2; +https://opensiteexplorer.org/dotbot; help@moz.com)"
216.244.66.200 - - [04/Nov/2023:10:20:25 +0100] "GET /files/49_1999_korm_rendelet_080610.pdf HTTP/1.1" 200 138709 "-" "Mozilla/5.0 (compatible; DotBot/1.2; +https://opensiteexplorer.org/dotbot; help@moz.com)"
216.244.66.200 - - [04/Nov/2023:10:21:03 +0100] "GET /files/50per1996_MN_rend_mod_081210.doc HTTP/1.1" 200 323072 "-" "Mozilla/5.0 (compatible; DotBot/1.2; +https://opensiteexplorer.org/dotbot; help@moz.com)"
216.244.66.200 - - [04/Nov/2023:10:21:45 +0100] "GET /files/filmrendelet_terv_080708.pdf HTTP/1.1" 200 270638 "-" "Mozilla/5.0 (compatible; DotBot/1.2; +https://opensiteexplorer.org/dotbot; help@moz.com)"
216.244.66.200 - - [04/Nov/2023:10:22:18 +0100] "GET /files/hirk_szakerto_gyak.doc HTTP/1.1" 200 90112 "-" "Mozilla/5.0 (compatible; DotBot/1.2; +https://opensiteexplorer.org/dotbot; help@moz.com)"
216.244.66.200 - - [04/Nov/2023:10:22:54 +0100] "GET /files/komplex_rehab_terv_071008.pdf HTTP/1.1" 200 334787 "-" "Mozilla/5.0 (compatible; DotBot/1.2; +https://opensiteexplorer.org/dotbot; help@moz.com)"
216.244.66.200 - - [04/Nov/2023:10:23:23 +0100] "GET /files/kulturalis_szakertok_091209.pdf HTTP/1.1" 200 2407 "-" "Mozilla/5.0 (compatible; DotBot/1.2; +https://opensiteexplorer.org/dotbot; help@moz.com)"
216.244.66.200 - - [04/Nov/2023:10:23:52 +0100] "GET /files/noved_birsag_eloterjesztes.pdf HTTP/1.1" 200 160913 "-" "Mozilla/5.0 (compatible; DotBot/1.2; +https://opensiteexplorer.org/dotbot; help@moz.com)"
216.244.66.200 - - [04/Nov/2023:10:24:25 +0100] "GET /files/paly_terv_070418.pdf HTTP/1.1" 200 222148 "-" "Mozilla/5.0 (compatible; DotBot/1.2; +https://opensiteexplorer.org/dotbot; help@moz.com)"
66.249.66.87 - - [04/Nov/2023:10:24:37 +0100] "GET /files/kerettantervek_szakisk_inf_alligra_060516.pdf HTTP/1.1" 304 - "-" "Mozilla/5.0 (Linux; Android 6.0.1; Nexus 5X Build/MMB29P) AppleWebKit/537.36 (KHTML, like Gecko) Chrome/119.0.6045.105 Mobile Safari/537.36 (compatible; Googlebot/2.1; +http://www.google.com/bot.html)"
52.25.208.208 - - [04/Nov/2023:10:24:38 +0100] "GET /drupal/node/629 HTTP/1.1" 200 - "-" "my-tiny-bot"
52.25.208.208 - - [04/Nov/2023:10:24:48 +0100] "GET /drupal/node/629 HTTP/1.1" 200 - "-" "my-tiny-bot"
216.244.66.200 - - [04/Nov/2023:10:25:02 +0100] "GET /files/szocrend_terv_091130.pdf HTTP/1.1" 200 280740 "-" "Mozilla/5.0 (compatible; DotBot/1.2; +https://opensiteexplorer.org/dotbot; help@moz.com)"
216.244.66.200 - - [04/Nov/2023:10:25:37 +0100] "GET /files/tervezet_0702_kozigre.doc HTTP/1.1" 200 106496 "-" "Mozilla/5.0 (compatible; DotBot/1.2; +https://opensiteexplorer.org/dotbot; help@moz.com)"
216.244.66.200 - - [04/Nov/2023:10:26:09 +0100] "GET /files/0322_140_2001_korm._rendelet_m_dos_t_s_el_terjeszt_s.doc HTTP/1.1" 200 141312 "-" "Mozilla/5.0 (compatible; DotBot/1.2; +https://opensiteexplorer.org/dotbot; help@moz.com)"
216.244.66.200 - - [04/Nov/2023:10:26:39 +0100] "GET /files/bet_csop_finansz_elj_szer_min_rend_090317.doc HTTP/1.1" 200 53248 "-" "Mozilla/5.0 (compatible; DotBot/1.2; +https://opensiteexplorer.org/dotbot; help@moz.com)"
216.244.66.200 - - [04/Nov/2023:10:27:07 +0100] "GET /files/gyogysz_gyseszk_kisz_birs_felt_korm_rend_terv081208.doc HTTP/1.1" 200 43008 "-" "Mozilla/5.0 (compatible; DotBot/1.2; +https://opensiteexplorer.org/dotbot; help@moz.com)"
216.244.66.200 - - [04/Nov/2023:10:27:36 +0100] "GET /files/hm_rendelet_tervezet_fontos_bizalmas_munkakorokrol.pdf HTTP/1.1" 200 187722 "-" "Mozilla/5.0 (compatible; DotBot/1.2; +https://opensiteexplorer.org/dotbot; help@moz.com)"
216.244.66.200 - - [04/Nov/2023:10:28:34 +0100] "GET /files/34_2003___vi__7___eszcsm_rendelet_m%C3%83%C2%B3dos%C3%83%C2%ADt%C3%83%C2%A1sa_8.doc HTTP/1.1" 200 - "-" "Mozilla/5.0 (compatible; DotBot/1.2; +https://opensiteexplorer.org/dotbot; help@moz.com)"
216.244.66.200 - - [04/Nov/2023:10:29:24 +0100] "GET /files/BaloghGy_infszab.%20jogi%20h%C3%83%C2%A1ttere%20%C3%83%C2%A9s%20jelent%C3%85%E2%80%98s%C3%83%C2%A9ge.ppt HTTP/1.1" 200 - "-" "Mozilla/5.0 (compatible; DotBot/1.2; +https://opensiteexplorer.org/dotbot; help@moz.com)"
66.249.66.86 - - [04/Nov/2023:10:46:48 +0100] "GET /files/23617_6.pdf HTTP/1.1" 200 103315 "-" "Mozilla/5.0 (Linux; Android 6.0.1; Nexus 5X Build/MMB29P) AppleWebKit/537.36 (KHTML, like Gecko) Chrome/119.0.6045.105 Mobile Safari/537.36 (compatible; Googlebot/2.1; +http://www.google.com/bot.html)"
66.249.66.87 - - [04/Nov/2023:10:47:29 +0100] "GET /files/orszszi_terv_070530.pdf HTTP/1.1" 200 478463 "-" "Mozilla/5.0 (Linux; Android 6.0.1; Nexus 5X Build/MMB29P) AppleWebKit/537.36 (KHTML, like Gecko) Chrome/119.0.6045.105 Mobile Safari/537.36 (compatible; Googlebot/2.1; +http://www.google.com/bot.html)"
47.128.45.244 - - [04/Nov/2023:10:49:13 +0100] "GET /node/23 HTTP/1.1" 200 - "-" "Mozilla/5.0 (Linux; Android 5.0) AppleWebKit/537.36 (KHTML, like Gecko) Mobile Safari/537.36 (compatible; Bytespider; spider-feedback@bytedance.com)"
193.120.212.151 - - [04/Nov/2023:10:49:31 +0100] "GET /taxonomy/term/95 HTTP/1.1" 200 - "-" "Mozilla/5.0 (Linux; Android 6.0; Nexus 5 Build/MRA58N) AppleWebKit/537.36 (KHTML, like Gecko) Chrome/45.0.7942.1187 Mobile Safari/537.36"
66.249.66.6 - - [04/Nov/2023:10:55:37 +0100] "GET /files/14per2007_EuM_rend_mod_100415.doc HTTP/1.1" 200 4353536 "-" "Mozilla/5.0 (compatible; Googlebot/2.1; +http://www.google.com/bot.html)"
66.249.66.85 - - [04/Nov/2023:10:55:38 +0100] "GET /files/NFGM2005.pdf HTTP/1.1" 200 201548 "-" "Mozilla/5.0 (compatible; Googlebot/2.1; +http://www.google.com/bot.html)"
98.109.25.177 - - [04/Nov/2023:11:02:09 +0100] "GET /node?page=10 HTTP/1.1" 200 - "-" "Mozilla/5.0 (Linux; Android 6.0; Nexus 5 Build/MRA58N) AppleWebKit/537.36 (KHTML, like Gecko) Chrome/47.0.3828.1996 Mobile Safari/537.36"
70.142.217.99 - - [04/Nov/2023:11:06:10 +0100] "GET /node/2553 HTTP/1.1" 200 - "-" "Mozilla/5.0 (Linux; Android 8.0; Pixel 2 Build/OPD3.170816.012) AppleWebKit/537.36 (KHTML, like Gecko) Chrome/53.0.6230.1150 Mobile Safari/537.36"
66.249.66.87 - - [04/Nov/2023:11:06:50 +0100] "GET /files/KHEM_1748_kozig.doc HTTP/1.1" 200 335360 "-" "Mozilla/5.0 (Linux; Android 6.0.1; Nexus 5X Build/MMB29P) AppleWebKit/537.36 (KHTML, like Gecko) Chrome/119.0.6045.105 Mobile Safari/537.36 (compatible; Googlebot/2.1; +http://www.google.com/bot.html)"
216.244.66.200 - - [04/Nov/2023:11:08:19 +0100] "GET /robots.txt HTTP/1.1" 200 1590 "-" "Mozilla/5.0 (compatible; DotBot/1.2; +https://opensiteexplorer.org/dotbot; help@moz.com)"
66.249.66.86 - - [04/Nov/2023:11:14:55 +0100] "GET /files/23617_6.pdf HTTP/1.1" 200 103315 "-" "Mozilla/5.0 (compatible; Googlebot/2.1; +http://www.google.com/bot.html)"
216.244.66.200 - - [04/Nov/2023:11:24:03 +0100] "GET /files/einfo_kormrend.doc HTTP/1.1" 200 99328 "-" "Mozilla/5.0 (compatible; DotBot/1.2; +https://opensiteexplorer.org/dotbot; help@moz.com)"
216.244.66.200 - - [04/Nov/2023:11:24:16 +0100] "GET /files/fogyved_061114.pdf HTTP/1.1" 200 498783 "-" "Mozilla/5.0 (compatible; DotBot/1.2; +https://opensiteexplorer.org/dotbot; help@moz.com)"
216.244.66.200 - - [04/Nov/2023:11:24:27 +0100] "GET /files/hasznalat.zip HTTP/1.1" 200 27161 "-" "Mozilla/5.0 (compatible; DotBot/1.2; +https://opensiteexplorer.org/dotbot; help@moz.com)"
216.244.66.200 - - [04/Nov/2023:11:24:39 +0100] "GET /files/kozbesz.doc HTTP/1.1" 200 184320 "-" "Mozilla/5.0 (compatible; DotBot/1.2; +https://opensiteexplorer.org/dotbot; help@moz.com)"
216.244.66.200 - - [04/Nov/2023:11:24:50 +0100] "GET /files/megjegyzesek1.doc HTTP/1.1" 200 29184 "-" "Mozilla/5.0 (compatible; DotBot/1.2; +https://opensiteexplorer.org/dotbot; help@moz.com)"
216.244.66.200 - - [04/Nov/2023:11:25:28 +0100] "GET /files/0704_fel_gyeleti_d_j_2.doc HTTP/1.1" 200 118784 "-" "Mozilla/5.0 (compatible; DotBot/1.2; +https://opensiteexplorer.org/dotbot; help@moz.com)"
216.244.66.200 - - [04/Nov/2023:11:25:43 +0100] "GET /files/1212_el_terjesztesterv1109jav.doc HTTP/1.1" 200 1646080 "-" "Mozilla/5.0 (compatible; DotBot/1.2; +https://opensiteexplorer.org/dotbot; help@moz.com)"
216.244.66.200 - - [04/Nov/2023:11:25:58 +0100] "GET /files/Ebergoci-lapret_tervezet.pdf HTTP/1.1" 200 186927 "-" "Mozilla/5.0 (compatible; DotBot/1.2; +https://opensiteexplorer.org/dotbot; help@moz.com)"
216.244.66.200 - - [04/Nov/2023:11:26:12 +0100] "GET /files/KHEM_3316kozigre.doc HTTP/1.1" 200 131072 "-" "Mozilla/5.0 (compatible; DotBot/1.2; +https://opensiteexplorer.org/dotbot; help@moz.com)"
216.244.66.200 - - [04/Nov/2023:11:26:27 +0100] "GET /files/_2eg3fmuj5edt6m_.pdf HTTP/1.1" 200 314007 "-" "Mozilla/5.0 (compatible; DotBot/1.2; +https://opensiteexplorer.org/dotbot; help@moz.com)"
216.244.66.200 - - [04/Nov/2023:11:26:47 +0100] "GET /files/egyes_kemiai_min_rend_terv_20090603.doc HTTP/1.1" 200 41472 "-" "Mozilla/5.0 (compatible; DotBot/1.2; +https://opensiteexplorer.org/dotbot; help@moz.com)"
216.244.66.200 - - [04/Nov/2023:11:27:06 +0100] "GET /files/erettsegi_szakmai_terv_090220.pdf HTTP/1.1" 200 368189 "-" "Mozilla/5.0 (compatible; DotBot/1.2; +https://opensiteexplorer.org/dotbot; help@moz.com)"
216.244.66.200 - - [04/Nov/2023:11:27:23 +0100] "GET /files/esely_felzark_070302.pdf HTTP/1.1" 200 364039 "-" "Mozilla/5.0 (compatible; DotBot/1.2; +https://opensiteexplorer.org/dotbot; help@moz.com)"
216.244.66.200 - - [04/Nov/2023:11:27:38 +0100] "GET /files/gyermved_kormrend_terv_081008.pdf HTTP/1.1" 200 352276 "-" "Mozilla/5.0 (compatible; DotBot/1.2; +https://opensiteexplorer.org/dotbot; help@moz.com)"
216.244.66.200 - - [04/Nov/2023:11:27:53 +0100] "GET /files/igszolg.rend_mod_090727.doc HTTP/1.1" 200 343040 "-" "Mozilla/5.0 (compatible; DotBot/1.2; +https://opensiteexplorer.org/dotbot; help@moz.com)"
216.244.66.200 - - [04/Nov/2023:11:28:08 +0100] "GET /files/penzmosas_eloterjesztes_kozzetetel.doc HTTP/1.1" 200 510464 "-" "Mozilla/5.0 (compatible; DotBot/1.2; +https://opensiteexplorer.org/dotbot; help@moz.com)"
216.244.66.200 - - [04/Nov/2023:11:28:19 +0100] "GET /files/rat2005vegimodrend_3_melleklet.doc HTTP/1.1" 200 50688 "-" "Mozilla/5.0 (compatible; DotBot/1.2; +https://opensiteexplorer.org/dotbot; help@moz.com)"
216.244.66.200 - - [04/Nov/2023:11:28:31 +0100] "GET /files/szakmagyakorlas_0.pdf HTTP/1.1" 200 240465 "-" "Mozilla/5.0 (compatible; DotBot/1.2; +https://opensiteexplorer.org/dotbot; help@moz.com)"
216.244.66.200 - - [04/Nov/2023:11:28:43 +0100] "GET /files/0502_KvVM_rend.___imisszi_s.2006_k_zigre_.doc HTTP/1.1" 200 83968 "-" "Mozilla/5.0 (compatible; DotBot/1.2; +https://opensiteexplorer.org/dotbot; help@moz.com)"
216.244.66.200 - - [04/Nov/2023:11:29:25 +0100] "GET /files/5.%20sz%C3%83%C2%A1m%C3%83%C2%BA%20mell%C3%83%C2%A9klet.doc HTTP/1.1" 200 - "-" "Mozilla/5.0 (compatible; DotBot/1.2; +https://opensiteexplorer.org/dotbot; help@moz.com)"
216.244.66.200 - - [04/Nov/2023:11:29:36 +0100] "GET /files/beosztsasi_kategoria_rendfokozat_tervezet.pdf HTTP/1.1" 200 218999 "-" "Mozilla/5.0 (compatible; DotBot/1.2; +https://opensiteexplorer.org/dotbot; help@moz.com)"
216.244.66.200 - - [04/Nov/2023:11:29:56 +0100] "GET /files/vizsgajogosult_int_eum_min_rend_terv_090609_0.doc HTTP/1.1" 200 97280 "-" "Mozilla/5.0 (compatible; DotBot/1.2; +https://opensiteexplorer.org/dotbot; help@moz.com)"
216.244.66.200 - - [04/Nov/2023:11:30:46 +0100] "GET /user/501/notify HTTP/1.1" 200 - "-" "Mozilla/5.0 (compatible; DotBot/1.2; +https://opensiteexplorer.org/dotbot; help@moz.com)"
40.77.167.35 - - [04/Nov/2023:11:52:24 +0100] "GET /files/jogsz_hatalyon_kiv_nk_egyezm_terv_080306.pdf HTTP/1.1" 200 558066 "-" "Mozilla/5.0 AppleWebKit/537.36 (KHTML, like Gecko; compatible; bingbot/2.0; +http://www.bing.com/bingbot.htm) Chrome/103.0.5060.134 Safari/537.36"
40.77.167.126 - - [04/Nov/2023:11:59:55 +0100] "GET /drupal/files/konf_program.pdf HTTP/1.1" 200 - "-" "Mozilla/5.0 AppleWebKit/537.36 (KHTML, like Gecko; compatible; bingbot/2.0; +http://www.bing.com/bingbot.htm) Chrome/103.0.5060.134 Safari/537.36"
40.77.167.126 - - [04/Nov/2023:12:00:27 +0100] "GET /drupal/files/konf_program.pdf HTTP/1.1" 200 - "-" "Mozilla/5.0 AppleWebKit/537.36 (KHTML, like Gecko; compatible; bingbot/2.0; +http://www.bing.com/bingbot.htm) Chrome/103.0.5060.134 Safari/537.36"
66.249.66.85 - - [04/Nov/2023:12:11:10 +0100] "GET /files/14_4.pdf HTTP/1.1" 304 - "-" "Mozilla/5.0 (compatible; Googlebot/2.1; +http://www.google.com/bot.html)"
216.244.66.200 - - [04/Nov/2023:12:13:46 +0100] "GET /robots.txt HTTP/1.1" 200 1590 "-" "Mozilla/5.0 (compatible; DotBot/1.2; +https://opensiteexplorer.org/dotbot; help@moz.com)"
216.244.66.200 - - [04/Nov/2023:12:13:46 +0100] "GET /robots.txt HTTP/1.1" 200 1590 "-" "Mozilla/5.0 (compatible; DotBot/1.2; +https://opensiteexplorer.org/dotbot; help@moz.com)"
66.249.66.85 - - [04/Nov/2023:12:17:27 +0100] "GET /files/eloterjhonlap.doc HTTP/1.1" 200 46080 "-" "Mozilla/5.0 (Linux; Android 6.0.1; Nexus 5X Build/MMB29P) AppleWebKit/537.36 (KHTML, like Gecko) Chrome/119.0.6045.105 Mobile Safari/537.36 (compatible; Googlebot/2.1; +http://www.google.com/bot.html)"
66.249.66.87 - - [04/Nov/2023:12:25:33 +0100] "GET /files/ekeloterj.doc HTTP/1.1" 304 - "-" "Mozilla/5.0 (Linux; Android 6.0.1; Nexus 5X Build/MMB29P) AppleWebKit/537.36 (KHTML, like Gecko) Chrome/119.0.6045.105 Mobile Safari/537.36 (compatible; Googlebot/2.1; +http://www.google.com/bot.html)"
216.244.66.200 - - [04/Nov/2023:12:29:09 +0100] "GET /files/23617_6.pdf HTTP/1.1" 200 103315 "-" "Mozilla/5.0 (compatible; DotBot/1.2; +https://opensiteexplorer.org/dotbot; help@moz.com)"
216.244.66.200 - - [04/Nov/2023:12:29:45 +0100] "GET /files/2394_20_1.doc HTTP/1.1" 200 79872 "-" "Mozilla/5.0 (compatible; DotBot/1.2; +https://opensiteexplorer.org/dotbot; help@moz.com)"
216.244.66.200 - - [04/Nov/2023:12:30:19 +0100] "GET /files/3_ecegeljaras.doc HTTP/1.1" 200 52224 "-" "Mozilla/5.0 (compatible; DotBot/1.2; +https://opensiteexplorer.org/dotbot; help@moz.com)"
216.244.66.200 - - [04/Nov/2023:12:30:57 +0100] "GET /files/KHEM_3136_4.doc HTTP/1.1" 200 174592 "-" "Mozilla/5.0 (compatible; DotBot/1.2; +https://opensiteexplorer.org/dotbot; help@moz.com)"
216.244.66.200 - - [04/Nov/2023:12:31:50 +0100] "GET /files/NFGM6063.pdf HTTP/1.1" 200 220042 "-" "Mozilla/5.0 (compatible; DotBot/1.2; +https://opensiteexplorer.org/dotbot; help@moz.com)"
216.244.66.200 - - [04/Nov/2023:12:32:55 +0100] "GET /files/atomenergia.pdf HTTP/1.1" 200 - "-" "Mozilla/5.0 (compatible; DotBot/1.2; +https://opensiteexplorer.org/dotbot; help@moz.com)"
216.244.66.200 - - [04/Nov/2023:12:33:19 +0100] "GET /files/jogh_89.doc HTTP/1.1" 200 80384 "-" "Mozilla/5.0 (compatible; DotBot/1.2; +https://opensiteexplorer.org/dotbot; help@moz.com)"
216.244.66.200 - - [04/Nov/2023:12:33:50 +0100] "GET /files/magyarosztrak1.doc HTTP/1.1" 200 64000 "-" "Mozilla/5.0 (compatible; DotBot/1.2; +https://opensiteexplorer.org/dotbot; help@moz.com)"
216.244.66.200 - - [04/Nov/2023:12:34:33 +0100] "GET /files/ntt_terv_080612.pdf HTTP/1.1" 200 274640 "-" "Mozilla/5.0 (compatible; DotBot/1.2; +https://opensiteexplorer.org/dotbot; help@moz.com)"
216.244.66.200 - - [04/Nov/2023:12:35:12 +0100] "GET /files/reszletes.pdf HTTP/1.1" 200 276067 "-" "Mozilla/5.0 (compatible; DotBot/1.2; +https://opensiteexplorer.org/dotbot; help@moz.com)"
90.241.12.39 - - [04/Nov/2023:12:35:13 +0100] "GET /taxonomy/term/51 HTTP/1.1" 200 - "-" "Mozilla/5.0 (Linux; Android 8.0; Pixel 2 Build/OPD3.170816.012) AppleWebKit/537.36 (KHTML, like Gecko) Chrome/55.0.4111.1012 Mobile Safari/537.36"
216.244.66.200 - - [04/Nov/2023:12:36:05 +0100] "GET /files/spstvkormelterj.pdf HTTP/1.1" 200 313812 "-" "Mozilla/5.0 (compatible; DotBot/1.2; +https://opensiteexplorer.org/dotbot; help@moz.com)"
185.144.83.51 - - [04/Nov/2023:12:36:09 +0100] "GET / HTTP/1.1" 200 - "-" "Mozilla/5.0 (Windows NT 10.0; Win64; x64) AppleWebKit/537.36 (KHTML, like Gecko) Chrome/84.0.4147.105 Safari/537.36"
216.244.66.200 - - [04/Nov/2023:12:36:40 +0100] "GET /files/0209_T_rc_ra_Pint_r_kert_TT.doc HTTP/1.1" 200 49152 "-" "Mozilla/5.0 (compatible; DotBot/1.2; +https://opensiteexplorer.org/dotbot; help@moz.com)"
216.244.66.200 - - [04/Nov/2023:12:37:11 +0100] "GET /files/0320_T_rc_ra_DDNPI.doc HTTP/1.1" 200 23040 "-" "Mozilla/5.0 (compatible; DotBot/1.2; +https://opensiteexplorer.org/dotbot; help@moz.com)"
216.244.66.200 - - [04/Nov/2023:12:37:42 +0100] "GET /files/17per2007_korm_rend_mod.doc HTTP/1.1" 200 26624 "-" "Mozilla/5.0 (compatible; DotBot/1.2; +https://opensiteexplorer.org/dotbot; help@moz.com)"
216.244.66.200 - - [04/Nov/2023:12:38:20 +0100] "GET /files/9per1993_min_rend_mod_081212.doc HTTP/1.1" 200 220672 "-" "Mozilla/5.0 (compatible; DotBot/1.2; +https://opensiteexplorer.org/dotbot; help@moz.com)"
216.244.66.200 - - [04/Nov/2023:12:39:12 +0100] "GET /files/_2g9oa2t42edj6ar41ctsmar35eg_.pdf HTTP/1.1" 200 401198 "-" "Mozilla/5.0 (compatible; DotBot/1.2; +https://opensiteexplorer.org/dotbot; help@moz.com)"
122.56.233.149 - - [04/Nov/2023:12:39:15 +0100] "GET /node/2516 HTTP/1.1" 200 - "-" "Mozilla/5.0 (iPhone; CPU iPhone OS 11_0 like Mac OS X) AppleWebKit/537.36 (KHTML, like Gecko) Chrome/48.0.4759.1418 Mobile Safari/537.36"
66.249.66.86 - - [04/Nov/2023:12:39:23 +0100] "GET /files/kerettantervek_szakisk_inf_alligra_060516.pdf HTTP/1.1" 304 - "-" "Mozilla/5.0 (compatible; Googlebot/2.1; +http://www.google.com/bot.html)"
216.244.66.200 - - [04/Nov/2023:12:40:05 +0100] "GET /files/alapf_muv_okt_kovet_II_060414.pdf HTTP/1.1" 200 384764 "-" "Mozilla/5.0 (compatible; DotBot/1.2; +https://opensiteexplorer.org/dotbot; help@moz.com)"
175.44.42.64 - - [04/Nov/2023:12:40:18 +0100] "GET / HTTP/1.1" 200 - "http://www.besthatcheries.com/" "Mozilla/5.0 (Windows NT 10.0; Win64; x64; rv:109.0) Gecko/20100101 Firefox/116.0"
216.244.66.200 - - [04/Nov/2023:12:40:39 +0100] "GET /files/kozmetika_jogharm_tervezet_090610.doc HTTP/1.1" 200 128512 "-" "Mozilla/5.0 (compatible; DotBot/1.2; +https://opensiteexplorer.org/dotbot; help@moz.com)"
216.244.66.200 - - [04/Nov/2023:12:41:15 +0100] "GET /files/megfelelesi_tablazat_08_11_21.doc HTTP/1.1" 200 52736 "-" "Mozilla/5.0 (compatible; DotBot/1.2; +https://opensiteexplorer.org/dotbot; help@moz.com)"
216.244.66.200 - - [04/Nov/2023:12:41:49 +0100] "GET /files/miniszt_2006_nov.pdf HTTP/1.1" 200 79803 "-" "Mozilla/5.0 (compatible; DotBot/1.2; +https://opensiteexplorer.org/dotbot; help@moz.com)"
216.244.66.200 - - [04/Nov/2023:12:42:20 +0100] "GET /files/nagytomegu_jarmuvek_modositas.pdf HTTP/1.1" 200 81586 "-" "Mozilla/5.0 (compatible; DotBot/1.2; +https://opensiteexplorer.org/dotbot; help@moz.com)"
216.244.66.200 - - [04/Nov/2023:12:42:52 +0100] "GET /files/070614_kum_rend_idegenrendeszet_terv.pdf HTTP/1.1" 200 199889 "-" "Mozilla/5.0 (compatible; DotBot/1.2; +https://opensiteexplorer.org/dotbot; help@moz.com)"
103.8.140.107 - - [04/Nov/2023:12:43:14 +0100] "GET /node/28 HTTP/1.1" 200 - "-" "Mozilla/5.0 (Linux; Android 6.0; Nexus 5 Build/MRA58N) AppleWebKit/537.36 (KHTML, like Gecko) Chrome/39.0.1709.1816 Mobile Safari/537.36"
216.244.66.200 - - [04/Nov/2023:12:43:27 +0100] "GET /files/16_evesek_ingy_orv_vizsg_min_rend_090129.doc HTTP/1.1" 200 163328 "-" "Mozilla/5.0 (compatible; DotBot/1.2; +https://opensiteexplorer.org/dotbot; help@moz.com)"
216.244.66.200 - - [04/Nov/2023:12:43:59 +0100] "GET /files/1_2_forintos_bev_szukseges_kerekites_szab.doc HTTP/1.1" 200 48128 "-" "Mozilla/5.0 (compatible; DotBot/1.2; +https://opensiteexplorer.org/dotbot; help@moz.com)"
216.244.66.200 - - [04/Nov/2023:12:44:34 +0100] "GET /files/a_jogszabalyok_elokesziteseben_valo_tarsadalmi_reszvetelrol.pdf HTTP/1.1" 200 276710 "-" "Mozilla/5.0 (compatible; DotBot/1.2; +https://opensiteexplorer.org/dotbot; help@moz.com)"
216.244.66.200 - - [04/Nov/2023:12:45:14 +0100] "GET /files/agrar_kornyezetgazdalkodas_150_2004_modositas_20060831.rtf.txt HTTP/1.1" 200 264621 "-" "Mozilla/5.0 (compatible; DotBot/1.2; +https://opensiteexplorer.org/dotbot; help@moz.com)"
216.244.66.200 - - [04/Nov/2023:12:46:17 +0100] "GET /files/megfelel%C3%83%C2%A9sit%C3%83%C2%A1bla2005_35.doc HTTP/1.1" 200 - "-" "Mozilla/5.0 (compatible; DotBot/1.2; +https://opensiteexplorer.org/dotbot; help@moz.com)"
216.244.66.200 - - [04/Nov/2023:12:47:08 +0100] "GET /taxonomy/term/87/0/feed HTTP/1.1" 200 - "-" "Mozilla/5.0 (compatible; DotBot/1.2; +https://opensiteexplorer.org/dotbot; help@moz.com)"
