47.128.37.48 - - [01/Nov/2023:15:47:21 +0100] "GET /taxonomy/term/81 HTTP/1.1" 200 - "-" "Mozilla/5.0 (Linux; Android 5.0) AppleWebKit/537.36 (KHTML, like Gecko) Mobile Safari/537.36 (compatible; Bytespider; spider-feedback@bytedance.com)"
216.244.66.200 - - [01/Nov/2023:15:47:34 +0100] "GET /files/k%C3%83%C2%BCls%20%C3%83%C2%A9lelmiszer%20t%C3%83%C2%A1rc%C3%83%C2%A1ra%202007_07_18.doc HTTP/1.1" 200 - "-" "Mozilla/5.0 (compatible; DotBot/1.2; +https://opensiteexplorer.org/dotbot; help@moz.com)"
47.128.56.153 - - [01/Nov/2023:15:51:26 +0100] "GET /node?page=11 HTTP/1.1" 200 - "-" "Mozilla/5.0 (Linux; Android 5.0) AppleWebKit/537.36 (KHTML, like Gecko) Mobile Safari/537.36 (compatible; Bytespider; spider-feedback@bytedance.com)"
47.128.29.21 - - [01/Nov/2023:15:55:20 +0100] "GET /taxonomy/term/101?page=1 HTTP/1.1" 200 - "-" "Mozilla/5.0 (Linux; Android 5.0) AppleWebKit/537.36 (KHTML, like Gecko) Mobile Safari/537.36 (compatible; Bytespider; spider-feedback@bytedance.com)"
3.101.216.68 - - [01/Nov/2023:16:09:59 +0100] "HEAD / HTTP/1.1" 200 - "-" "bitdiscovery"
87.97.63.180 - - [01/Nov/2023:16:11:32 +0100] "GET /files/tk19.pdf HTTP/1.1" 200 194017 "https://www.google.com/url?q=http://www.jogalkotas.hu/files/tk19.pdf&sa=U&sqi=2&ved=2ahUKEwiV17TuiqOCAxWFKBAIHZiOC4EQFnoECC0QAQ&usg=AOvVaw3vMNyVnMNgkn-QKli0Vsyn" "Mozilla/5.0 (iPad; CPU OS 16_6 like Mac OS X) AppleWebKit/605.1.15 (KHTML, like Gecko) GSA/287.0.575244645 Mobile/15E148 Safari/604.1"
66.249.66.87 - - [01/Nov/2023:16:28:56 +0100] "GET /files/2_sz_melleklet_061031.pdf HTTP/1.1" 304 - "-" "Mozilla/5.0 (compatible; Googlebot/2.1; +http://www.google.com/bot.html)"
66.249.66.86 - - [01/Nov/2023:16:33:01 +0100] "GET /files/OTSZ%20rendelet.pdf HTTP/1.1" 304 - "-" "Mozilla/5.0 (compatible; Googlebot/2.1; +http://www.google.com/bot.html)"
122.56.205.121 - - [01/Nov/2023:16:33:03 +0100] "GET /drupal/node/496 HTTP/1.1" 200 - "-" "Mozilla/5.0 (Linux; Android 5.0; SM-G900P Build/LRX21T) AppleWebKit/537.36 (KHTML, like Gecko) Chrome/58.0.5374.1094 Mobile Safari/537.36"
52.167.144.25 - - [01/Nov/2023:16:41:27 +0100] "GET /files/konzuli_tv_tervezet.pdf HTTP/1.1" 304 - "-" "Mozilla/5.0 AppleWebKit/537.36 (KHTML, like Gecko; compatible; bingbot/2.0; +http://www.bing.com/bingbot.htm) Chrome/103.0.5060.134 Safari/537.36"
216.244.66.200 - - [01/Nov/2023:16:54:14 +0100] "GET /robots.txt HTTP/1.1" 200 1590 "-" "Mozilla/5.0 (compatible; DotBot/1.2; +https://opensiteexplorer.org/dotbot; help@moz.com)"
37.139.53.17 - - [01/Nov/2023:17:16:12 +0100] "GET /files/gyermved_kormrend_terv_081008.pdf HTTP/1.0" 200 34617 "http://www.jogalkotas.hu/files/gyermved_kormrend_terv_081008.pdf" "Mozilla/5.0 (Windows NT 10.0; WOW64) AppleWebKit/537.36 (KHTML, like Gecko) Chrome/103.0.5060.114 Safari/537.36"
37.139.53.17 - - [01/Nov/2023:17:16:44 +0100] "GET / HTTP/1.0" 200 - "http://www.jogalkotas.hu/" "Mozilla/5.0 (Windows NT 10.0; WOW64) AppleWebKit/537.36 (KHTML, like Gecko) Chrome/103.0.5060.114 Safari/537.36"
216.244.66.200 - - [01/Nov/2023:17:18:04 +0100] "GET /files/40per2001_min_rend_mod_090310.doc HTTP/1.1" 200 93184 "-" "Mozilla/5.0 (compatible; DotBot/1.2; +https://opensiteexplorer.org/dotbot; help@moz.com)"
216.244.66.200 - - [01/Nov/2023:17:18:16 +0100] "GET /files/MinTerv-1-Ell-1_mell-2007-02-20.doc HTTP/1.1" 200 258048 "-" "Mozilla/5.0 (compatible; DotBot/1.2; +https://opensiteexplorer.org/dotbot; help@moz.com)"
216.244.66.200 - - [01/Nov/2023:17:18:59 +0100] "GET /files/belvizreform%20_tarcara_2008_01.pdf HTTP/1.1" 200 - "-" "Mozilla/5.0 (compatible; DotBot/1.2; +https://opensiteexplorer.org/dotbot; help@moz.com)"
216.244.66.200 - - [01/Nov/2023:17:19:09 +0100] "GET /files/fagykarrendelet_eusegyeztetes.pdf HTTP/1.1" 200 172638 "-" "Mozilla/5.0 (compatible; DotBot/1.2; +https://opensiteexplorer.org/dotbot; help@moz.com)"
216.244.66.200 - - [01/Nov/2023:17:19:29 +0100] "GET /files/hum_rep_elj_korm_rend_081201.doc HTTP/1.1" 200 64000 "-" "Mozilla/5.0 (compatible; DotBot/1.2; +https://opensiteexplorer.org/dotbot; help@moz.com)"
216.244.66.200 - - [01/Nov/2023:17:19:49 +0100] "GET /files/kormeloterj_novenyv_vedekezes.pdf HTTP/1.1" 200 127278 "-" "Mozilla/5.0 (compatible; DotBot/1.2; +https://opensiteexplorer.org/dotbot; help@moz.com)"
216.244.66.200 - - [01/Nov/2023:17:20:10 +0100] "GET /files/okev_korm_rend_terv_02_13_honlapra.pdf HTTP/1.1" 200 187787 "-" "Mozilla/5.0 (compatible; DotBot/1.2; +https://opensiteexplorer.org/dotbot; help@moz.com)"
216.244.66.200 - - [01/Nov/2023:17:20:29 +0100] "GET /files/tervezet_Szoloskei-erdo.pdf HTTP/1.1" 200 221297 "-" "Mozilla/5.0 (compatible; DotBot/1.2; +https://opensiteexplorer.org/dotbot; help@moz.com)"
216.244.66.200 - - [01/Nov/2023:17:21:18 +0100] "GET /user/2/notify HTTP/1.1" 200 - "-" "Mozilla/5.0 (compatible; DotBot/1.2; +https://opensiteexplorer.org/dotbot; help@moz.com)"
216.244.66.200 - - [01/Nov/2023:17:21:37 +0100] "GET /files/gyermekszegenyseg_tervezet_3_hatjav_070125.pdf HTTP/1.1" 200 57245 "-" "Mozilla/5.0 (compatible; DotBot/1.2; +https://opensiteexplorer.org/dotbot; help@moz.com)"
216.244.66.200 - - [01/Nov/2023:17:22:08 +0100] "GET /files/hm_rendelet_tervezet_minositett_adat_vedelmerol.pdf HTTP/1.1" 200 146515 "-" "Mozilla/5.0 (compatible; DotBot/1.2; +https://opensiteexplorer.org/dotbot; help@moz.com)"
216.244.66.200 - - [01/Nov/2023:17:23:09 +0100] "GET /files/normasz%C3%83%C2%B6veg.t%C3%83%C2%A1rc%C3%83%C2%A1ra.doc HTTP/1.1" 200 - "-" "Mozilla/5.0 (compatible; DotBot/1.2; +https://opensiteexplorer.org/dotbot; help@moz.com)"
66.249.66.86 - - [01/Nov/2023:17:23:33 +0100] "GET /node/69 HTTP/1.1" 200 - "-" "Mozilla/5.0 (compatible; Googlebot/2.1; +http://www.google.com/bot.html)"
216.244.66.200 - - [01/Nov/2023:17:23:59 +0100] "GET /files/Sal%C3%83%C2%A1ta%202%20K%C3%83%C2%B6zigre%20k%C3%83%C2%BCldend%C3%85%E2%80%98_11_28.doc HTTP/1.1" 200 - "-" "Mozilla/5.0 (compatible; DotBot/1.2; +https://opensiteexplorer.org/dotbot; help@moz.com)"
216.244.66.200 - - [01/Nov/2023:17:24:58 +0100] "GET /files/41_2000___xii__20___e%C3%83%C2%BCm_k%C3%83%C2%B6m_egy%C3%83%C2%BCttes_rendelet_m%C3%83%C2%B3dos%C3%83%C2%ADt%C3%83%C2%A1sa_6.doc HTTP/1.1" 200 - "-" "Mozilla/5.0 (compatible; DotBot/1.2; +https://opensiteexplorer.org/dotbot; help@moz.com)"
82.13.179.241 - - [01/Nov/2023:17:27:55 +0100] "GET /drupal/node/629 HTTP/1.1" 200 - "-" "Mozilla/5.0 (iPhone; CPU iPhone OS 11_0 like Mac OS X) AppleWebKit/537.36 (KHTML, like Gecko) Chrome/41.0.9418.1461 Mobile Safari/537.36"
194.247.173.99 - - [01/Nov/2023:17:48:48 +0100] "GET /robots.txt HTTP/1.1" 200 1590 "-" "Mozilla/5.0 (compatible; MJ12bot/v1.4.8; http://mj12bot.com/)"
194.247.173.99 - - [01/Nov/2023:17:49:31 +0100] "GET /files/19-2003-Mell%C3%83%C2%A9kletek.xls.txt HTTP/1.1" 200 - "-" "Mozilla/5.0 (compatible; MJ12bot/v1.4.8; http://mj12bot.com/)"
194.247.173.99 - - [01/Nov/2023:17:50:13 +0100] "GET /files/9-93.normasz%C3%83%C2%B6veg.m%C3%83%C2%B3d.2007.febr.T%C3%83?RCA.doc HTTP/1.1" 200 - "-" "Mozilla/5.0 (compatible; MJ12bot/v1.4.8; http://mj12bot.com/)"
194.247.173.99 - - [01/Nov/2023:17:50:55 +0100] "GET /files/A%20T%C3%83%E2%80%93RV%C3%83%E2%80%B0NYJAVASLAT%20MELL%C3%83%E2%80%B0KLETEI.htm.txt HTTP/1.1" 200 - "-" "Mozilla/5.0 (compatible; MJ12bot/v1.4.8; http://mj12bot.com/)"
194.247.173.99 - - [01/Nov/2023:17:51:37 +0100] "GET /files/AZ%20%C3%83?S%20MELL%C3%83%E2%80%B0KLETEI.htm.txt HTTP/1.1" 200 - "-" "Mozilla/5.0 (compatible; MJ12bot/v1.4.8; http://mj12bot.com/)"
194.247.173.99 - - [01/Nov/2023:17:52:19 +0100] "GET /files/Alap-%C3%83%C2%A9s%20m%C3%85%C2%B1k%C3%83%C2%B6d%C3%83%C2%A9si%20nyilv%C3%83%C2%A1ntart%C3%83%C2%A1s-T%C3%83?RCA03.20..doc HTTP/1.1" 200 - "-" "Mozilla/5.0 (compatible; MJ12bot/v1.4.8; http://mj12bot.com/)"
194.247.173.99 - - [01/Nov/2023:17:53:01 +0100] "GET /files/FEJEZETI%20K%C3%83%E2%80%93TETEK.htm.txt HTTP/1.1" 200 - "-" "Mozilla/5.0 (compatible; MJ12bot/v1.4.8; http://mj12bot.com/)"
194.247.173.99 - - [01/Nov/2023:17:53:43 +0100] "GET /files/INDOKOL%C3%83?1.doc HTTP/1.1" 200 - "-" "Mozilla/5.0 (compatible; MJ12bot/v1.4.8; http://mj12bot.com/)"
194.247.173.99 - - [01/Nov/2023:17:54:25 +0100] "GET /files/INDOKOL%C3%83?S.doc HTTP/1.1" 200 - "-" "Mozilla/5.0 (compatible; MJ12bot/v1.4.8; http://mj12bot.com/)"
194.247.173.99 - - [01/Nov/2023:17:55:07 +0100] "GET /files/SzaboMate_hozz%C3%83%C2%A1f%C3%83%C2%A9r%C3%83%C2%A9s.pps HTTP/1.1" 200 - "-" "Mozilla/5.0 (compatible; MJ12bot/v1.4.8; http://mj12bot.com/)"
194.247.173.99 - - [01/Nov/2023:17:55:49 +0100] "GET /files/VEZET%C3%85?I%20%C3%83%E2%80%93SSZEFOGLAL%C3%83%E2%80%9C.doc HTTP/1.1" 200 - "-" "Mozilla/5.0 (compatible; MJ12bot/v1.4.8; http://mj12bot.com/)"
194.247.173.99 - - [01/Nov/2023:17:56:31 +0100] "GET /files/%C3%83?NTSZ%20%20061214%20Kormr.doc HTTP/1.1" 200 - "-" "Mozilla/5.0 (compatible; MJ12bot/v1.4.8; http://mj12bot.com/)"
194.247.173.99 - - [01/Nov/2023:17:56:38 +0100] "GET /robots.txt HTTP/1.1" 200 1590 "-" "Mozilla/5.0 (compatible; MJ12bot/v1.4.8; http://mj12bot.com/)"
194.247.173.99 - - [01/Nov/2023:17:57:21 +0100] "GET /files/19-2003-Mell%C3%83%C2%A9kletek.xls.txt HTTP/1.1" 200 - "-" "Mozilla/5.0 (compatible; MJ12bot/v1.4.8; http://mj12bot.com/)"
194.247.173.99 - - [01/Nov/2023:17:58:03 +0100] "GET /files/9-93.normasz%C3%83%C2%B6veg.m%C3%83%C2%B3d.2007.febr.T%C3%83?RCA.doc HTTP/1.1" 200 - "-" "Mozilla/5.0 (compatible; MJ12bot/v1.4.8; http://mj12bot.com/)"
194.247.173.99 - - [01/Nov/2023:17:58:45 +0100] "GET /files/A%20T%C3%83%E2%80%93RV%C3%83%E2%80%B0NYJAVASLAT%20MELL%C3%83%E2%80%B0KLETEI.htm.txt HTTP/1.1" 200 - "-" "Mozilla/5.0 (compatible; MJ12bot/v1.4.8; http://mj12bot.com/)"
194.247.173.99 - - [01/Nov/2023:17:59:27 +0100] "GET /files/AZ%20%C3%83?S%20MELL%C3%83%E2%80%B0KLETEI.htm.txt HTTP/1.1" 200 - "-" "Mozilla/5.0 (compatible; MJ12bot/v1.4.8; http://mj12bot.com/)"
194.247.173.99 - - [01/Nov/2023:18:00:09 +0100] "GET /files/Alap-%C3%83%C2%A9s%20m%C3%85%C2%B1k%C3%83%C2%B6d%C3%83%C2%A9si%20nyilv%C3%83%C2%A1ntart%C3%83%C2%A1s-T%C3%83?RCA03.20..doc HTTP/1.1" 200 - "-" "Mozilla/5.0 (compatible; MJ12bot/v1.4.8; http://mj12bot.com/)"
194.247.173.99 - - [01/Nov/2023:18:00:51 +0100] "GET /files/FEJEZETI%20K%C3%83%E2%80%93TETEK.htm.txt HTTP/1.1" 200 - "-" "Mozilla/5.0 (compatible; MJ12bot/v1.4.8; http://mj12bot.com/)"
194.247.173.99 - - [01/Nov/2023:18:01:33 +0100] "GET /files/INDOKOL%C3%83?1.doc HTTP/1.1" 200 - "-" "Mozilla/5.0 (compatible; MJ12bot/v1.4.8; http://mj12bot.com/)"
194.247.173.99 - - [01/Nov/2023:18:02:15 +0100] "GET /files/INDOKOL%C3%83?S.doc HTTP/1.1" 200 - "-" "Mozilla/5.0 (compatible; MJ12bot/v1.4.8; http://mj12bot.com/)"
216.244.66.200 - - [01/Nov/2023:18:02:44 +0100] "GET /robots.txt HTTP/1.1" 200 1590 "-" "Mozilla/5.0 (compatible; DotBot/1.2; +https://opensiteexplorer.org/dotbot; help@moz.com)"
216.244.66.200 - - [01/Nov/2023:18:02:44 +0100] "GET /robots.txt HTTP/1.1" 200 1590 "-" "Mozilla/5.0 (compatible; DotBot/1.2; +https://opensiteexplorer.org/dotbot; help@moz.com)"
194.247.173.99 - - [01/Nov/2023:18:02:57 +0100] "GET /files/SzaboMate_hozz%C3%83%C2%A1f%C3%83%C2%A9r%C3%83%C2%A9s.pps HTTP/1.1" 200 - "-" "Mozilla/5.0 (compatible; MJ12bot/v1.4.8; http://mj12bot.com/)"
66.249.66.87 - - [01/Nov/2023:18:03:02 +0100] "GET /files/earveres-rendelet.doc HTTP/1.1" 200 156672 "-" "Mozilla/5.0 (Linux; Android 6.0.1; Nexus 5X Build/MMB29P) AppleWebKit/537.36 (KHTML, like Gecko) Chrome/118.0.5993.117 Mobile Safari/537.36 (compatible; Googlebot/2.1; +http://www.google.com/bot.html)"
194.247.173.99 - - [01/Nov/2023:18:03:39 +0100] "GET /files/VEZET%C3%85?I%20%C3%83%E2%80%93SSZEFOGLAL%C3%83%E2%80%9C.doc HTTP/1.1" 200 - "-" "Mozilla/5.0 (compatible; MJ12bot/v1.4.8; http://mj12bot.com/)"
194.247.173.99 - - [01/Nov/2023:18:04:21 +0100] "GET /files/%C3%83?NTSZ%20%20061214%20Kormr.doc HTTP/1.1" 200 - "-" "Mozilla/5.0 (compatible; MJ12bot/v1.4.8; http://mj12bot.com/)"
216.244.66.200 - - [01/Nov/2023:18:07:36 +0100] "GET /files/29_1998_mezoori_modositas_velemenyezesre.pdf HTTP/1.1" 200 232196 "-" "Mozilla/5.0 (compatible; DotBot/1.2; +https://opensiteexplorer.org/dotbot; help@moz.com)"
216.244.66.200 - - [01/Nov/2023:18:23:25 +0100] "GET /files/okirattariterv.pdf HTTP/1.1" 200 411997 "-" "Mozilla/5.0 (compatible; DotBot/1.2; +https://opensiteexplorer.org/dotbot; help@moz.com)"
216.244.66.200 - - [01/Nov/2023:18:24:19 +0100] "GET /files/riepst_terv_100412.pdf HTTP/1.1" 200 374628 "-" "Mozilla/5.0 (compatible; DotBot/1.2; +https://opensiteexplorer.org/dotbot; help@moz.com)"
216.244.66.200 - - [01/Nov/2023:18:25:15 +0100] "GET /files/Alapitvanyok_nyilvantartasanak_%C3%83%C2%BCgyviteli_szabalyairol.pdf HTTP/1.1" 200 - "-" "Mozilla/5.0 (compatible; DotBot/1.2; +https://opensiteexplorer.org/dotbot; help@moz.com)"
216.244.66.200 - - [01/Nov/2023:18:25:58 +0100] "GET /files/%C3%83%C2%A1rr%C3%83%C2%A9s-normasz%C3%83%C2%B6veg-indokol%C3%83%C2%A1s.doc HTTP/1.1" 200 - "-" "Mozilla/5.0 (compatible; DotBot/1.2; +https://opensiteexplorer.org/dotbot; help@moz.com)"
216.244.66.200 - - [01/Nov/2023:18:26:49 +0100] "GET /files/ETV%20m%C3%83%C2%B3dos%C3%83%C2%ADt%C3%83%C2%A1s%20v%C3%83%C2%A9gleges%20v%C3%83%C2%A9lem%C3%83%C2%A9ny.doc HTTP/1.1" 200 - "-" "Mozilla/5.0 (compatible; DotBot/1.2; +https://opensiteexplorer.org/dotbot; help@moz.com)"
139.59.9.87 - - [01/Nov/2023:18:31:38 +0100] "GET /wp-login.php HTTP/1.1" 200 - "-" "Mozilla/5.0 (X11; Fedora; Linux x86_64; rv:94.0) Gecko/20100101 Firefox/95.0"
157.55.39.59 - - [01/Nov/2023:18:37:21 +0100] "GET /taxonomy/term/23 HTTP/1.1" 200 - "-" "Mozilla/5.0 AppleWebKit/537.36 (KHTML, like Gecko; compatible; bingbot/2.0; +http://www.bing.com/bingbot.htm) Chrome/103.0.5060.134 Safari/537.36"
157.55.39.59 - - [01/Nov/2023:18:37:53 +0100] "GET /taxonomy/term/23 HTTP/1.1" 200 - "-" "Mozilla/5.0 AppleWebKit/537.36 (KHTML, like Gecko; compatible; bingbot/2.0; +http://www.bing.com/bingbot.htm) Chrome/103.0.5060.134 Safari/537.36"
161.29.130.17 - - [01/Nov/2023:18:45:39 +0100] "GET /drupal/node/91 HTTP/1.1" 200 - "-" "Mozilla/5.0 (Linux; Android 8.0; Pixel 2 Build/OPD3.170816.012) AppleWebKit/537.36 (KHTML, like Gecko) Chrome/45.0.7668.1852 Mobile Safari/537.36"
130.204.128.167 - - [01/Nov/2023:18:52:46 +0100] "GET /drupal/node/1273 HTTP/1.1" 200 - "-" "Mozilla/5.0 (iPhone; CPU iPhone OS 11_0 like Mac OS X) AppleWebKit/537.36 (KHTML, like Gecko) Chrome/56.0.6213.1995 Mobile Safari/537.36"
216.244.66.200 - - [01/Nov/2023:19:00:10 +0100] "GET /robots.txt HTTP/1.1" 200 1590 "-" "Mozilla/5.0 (compatible; DotBot/1.2; +https://opensiteexplorer.org/dotbot; help@moz.com)"
216.244.66.200 - - [01/Nov/2023:19:00:10 +0100] "GET /robots.txt HTTP/1.1" 200 1590 "-" "Mozilla/5.0 (compatible; DotBot/1.2; +https://opensiteexplorer.org/dotbot; help@moz.com)"
54.36.148.132 - - [01/Nov/2023:19:15:16 +0100] "GET /robots.txt HTTP/1.1" 200 1590 "-" "Mozilla/5.0 (compatible; AhrefsBot/7.0; +http://ahrefs.com/robot/)"
47.128.55.50 - - [01/Nov/2023:19:16:00 +0100] "GET /node/901 HTTP/1.1" 200 - "-" "Mozilla/5.0 (Linux; Android 5.0) AppleWebKit/537.36 (KHTML, like Gecko) Mobile Safari/537.36 (compatible; Bytespider; spider-feedback@bytedance.com)"
88.132.255.32 - - [01/Nov/2023:19:16:28 +0100] "GET /files/ptk.dologi_jog.pdf HTTP/1.1" 200 141671 "https://www.google.com/" "Mozilla/5.0 (Windows NT 10.0; Win64; x64) AppleWebKit/537.36 (KHTML, like Gecko) Chrome/109.0.0.0 Safari/537.36"
88.132.255.32 - - [01/Nov/2023:19:16:28 +0100] "GET /favicon.ico HTTP/1.1" 404 57 "http://www.jogalkotas.hu/files/ptk.dologi_jog.pdf" "Mozilla/5.0 (Windows NT 10.0; Win64; x64) AppleWebKit/537.36 (KHTML, like Gecko) Chrome/109.0.0.0 Safari/537.36"
216.244.66.200 - - [01/Nov/2023:19:17:40 +0100] "GET /files/217per1997_korm_rend_mod_090713.doc HTTP/1.1" 200 70144 "-" "Mozilla/5.0 (compatible; DotBot/1.2; +https://opensiteexplorer.org/dotbot; help@moz.com)"
216.244.66.200 - - [01/Nov/2023:19:17:42 +0100] "GET /files/19-1998%20betegsz%C3%83%C2%A1ll2.doc HTTP/1.1" 200 - "-" "Mozilla/5.0 (compatible; DotBot/1.2; +https://opensiteexplorer.org/dotbot; help@moz.com)"
216.244.66.200 - - [01/Nov/2023:19:17:58 +0100] "GET /files/_ddlgmeub1e8mn6ujcdtra0qqvdlimf83cdhgn0rr4k1pg_.pdf HTTP/1.1" 200 230772 "-" "Mozilla/5.0 (compatible; DotBot/1.2; +https://opensiteexplorer.org/dotbot; help@moz.com)"
216.244.66.200 - - [01/Nov/2023:19:18:58 +0100] "GET /files/gy%C3%83%C2%B3gyszerek%20gy%C3%83%C2%B3gy%C3%83%C2%A1szati%20seg%C3%83%C2%A9deszk%C3%83%C2%B6z%C3%83%C2%B6k%20normasz%C3%83%C2%B6veg.doc HTTP/1.1" 200 - "-" "Mozilla/5.0 (compatible; DotBot/1.2; +https://opensiteexplorer.org/dotbot; help@moz.com)"
216.244.66.200 - - [01/Nov/2023:19:19:38 +0100] "GET /files/27_2002hm_rend_honlapra.pdf HTTP/1.1" 200 91754 "-" "Mozilla/5.0 (compatible; DotBot/1.2; +https://opensiteexplorer.org/dotbot; help@moz.com)"
216.244.66.200 - - [01/Nov/2023:19:20:12 +0100] "GET /files/32per2004_ESzCsM_rend_mod_100322.doc HTTP/1.1" 200 148480 "-" "Mozilla/5.0 (compatible; DotBot/1.2; +https://opensiteexplorer.org/dotbot; help@moz.com)"
216.244.66.200 - - [01/Nov/2023:19:20:53 +0100] "GET /files/3_2004_om_fmm_mod_061214.pdf HTTP/1.1" 200 257074 "-" "Mozilla/5.0 (compatible; DotBot/1.2; +https://opensiteexplorer.org/dotbot; help@moz.com)"
216.244.66.200 - - [01/Nov/2023:19:21:32 +0100] "GET /files/drogback_eloterj_1_fedlap_061129.pdf HTTP/1.1" 200 87970 "-" "Mozilla/5.0 (compatible; DotBot/1.2; +https://opensiteexplorer.org/dotbot; help@moz.com)"
216.244.66.200 - - [01/Nov/2023:19:22:15 +0100] "GET /files/fgaz_ozon_kozig_eloterj.doc HTTP/1.1" 200 365568 "-" "Mozilla/5.0 (compatible; DotBot/1.2; +https://opensiteexplorer.org/dotbot; help@moz.com)"
216.244.66.200 - - [01/Nov/2023:19:22:58 +0100] "GET /files/startplusz_terv_060919.pdf HTTP/1.1" 200 250189 "-" "Mozilla/5.0 (compatible; DotBot/1.2; +https://opensiteexplorer.org/dotbot; help@moz.com)"
216.244.66.200 - - [01/Nov/2023:19:24:01 +0100] "GET /user/64/notify HTTP/1.1" 200 - "-" "Mozilla/5.0 (compatible; DotBot/1.2; +https://opensiteexplorer.org/dotbot; help@moz.com)"
216.244.66.200 - - [01/Nov/2023:19:24:33 +0100] "GET /files/Cstv_1433-1346-EK-40C-17-2006-IRMVhrmod0717.doc HTTP/1.1" 200 434176 "-" "Mozilla/5.0 (compatible; DotBot/1.2; +https://opensiteexplorer.org/dotbot; help@moz.com)"
216.244.66.200 - - [01/Nov/2023:19:25:12 +0100] "GET /files/hm_katasztrofavedelmi_rendelet_tervezet.pdf HTTP/1.1" 200 139665 "-" "Mozilla/5.0 (compatible; DotBot/1.2; +https://opensiteexplorer.org/dotbot; help@moz.com)"
216.244.66.200 - - [01/Nov/2023:19:26:13 +0100] "GET /files/21_2005___vi__16___e%C3%83%C2%BCm_rendelet_m%C3%83%C2%B3dos%C3%83%C2%ADt%C3%83%C2%A1sa_6.doc HTTP/1.1" 200 - "-" "Mozilla/5.0 (compatible; DotBot/1.2; +https://opensiteexplorer.org/dotbot; help@moz.com)"
216.244.66.200 - - [01/Nov/2023:19:26:35 +0100] "GET /files/Nemzetkozi_szerzodesekkel_kapcsolatos_eljarasrol_szolo_2005.evi_L.torveny_modositasarol.pdf HTTP/1.1" 200 155881 "-" "Mozilla/5.0 (compatible; DotBot/1.2; +https://opensiteexplorer.org/dotbot; help@moz.com)"
216.244.66.200 - - [01/Nov/2023:19:27:36 +0100] "GET /files/VHR_Mod+III_1204_T%C3%83%C2%A1rcak%C3%83%C2%B6r%C3%83%C2%B6z%C3%83%C2%A9s.doc HTTP/1.1" 200 - "-" "Mozilla/5.0 (compatible; DotBot/1.2; +https://opensiteexplorer.org/dotbot; help@moz.com)"
216.244.66.200 - - [01/Nov/2023:19:28:27 +0100] "GET /files/megfelel%C3%83%C2%A9si%20t%C3%83%C2%A1bl%C3%83%C2%A1zat-2006-22-ek.doc HTTP/1.1" 200 - "-" "Mozilla/5.0 (compatible; DotBot/1.2; +https://opensiteexplorer.org/dotbot; help@moz.com)"
92.116.72.207 - - [01/Nov/2023:19:29:59 +0100] "GET /files/birosagiui.doc HTTP/1.1" 200 210432 "-" "Mozilla/5.0 (Windows NT 10.0; WOW64; Trident/7.0; rv:11.0) like Gecko"
157.55.39.59 - - [01/Nov/2023:19:32:56 +0100] "GET /files/me_1_3_51__1_080313.pdf HTTP/1.1" 200 243169 "-" "Mozilla/5.0 AppleWebKit/537.36 (KHTML, like Gecko; compatible; bingbot/2.0; +http://www.bing.com/bingbot.htm) Chrome/103.0.5060.134 Safari/537.36"
92.40.63.115 - - [01/Nov/2023:19:49:01 +0100] "GET /taxonomy/term/18%2023%2024%2026%2025%2027%2028%2029%2052%2041%2031%2032%2098%2033%2048%2099%2034%2049%2035%2051%20100%2036%2050 HTTP/1.1" 200 - "-" "Mozilla/5.0 (Linux; Android 5.0; SM-G900P Build/LRX21T) AppleWebKit/537.36 (KHTML, like Gecko) Chrome/55.0.4112.1869 Mobile Safari/537.36"
216.244.66.200 - - [01/Nov/2023:19:51:25 +0100] "GET /robots.txt HTTP/1.1" 200 1590 "-" "Mozilla/5.0 (compatible; DotBot/1.2; +https://opensiteexplorer.org/dotbot; help@moz.com)"
216.244.66.200 - - [01/Nov/2023:19:51:25 +0100] "GET /robots.txt HTTP/1.1" 200 1590 "-" "Mozilla/5.0 (compatible; DotBot/1.2; +https://opensiteexplorer.org/dotbot; help@moz.com)"
66.249.66.5 - - [01/Nov/2023:20:06:47 +0100] "GET /files/NFGM9341.pdf HTTP/1.1" 200 218734 "-" "Mozilla/5.0 (Linux; Android 6.0.1; Nexus 5X Build/MMB29P) AppleWebKit/537.36 (KHTML, like Gecko) Chrome/118.0.5993.117 Mobile Safari/537.36 (compatible; Googlebot/2.1; +http://www.google.com/bot.html)"
216.244.66.200 - - [01/Nov/2023:20:08:08 +0100] "GET /files/9_1993___iv__2___nm_rendelet_m%C3%83%C2%B3dos%C3%83%C2%ADt%C3%83%C2%A1sa_6.doc HTTP/1.1" 200 - "-" "Mozilla/5.0 (compatible; DotBot/1.2; +https://opensiteexplorer.org/dotbot; help@moz.com)"
216.244.66.200 - - [01/Nov/2023:20:08:38 +0100] "GET /files/rezidensk%C3%83%C2%A9pz%C3%83%C2%A9s%20t%C3%83%C2%A1rc%C3%83%C2%A1ra.doc HTTP/1.1" 200 - "-" "Mozilla/5.0 (compatible; DotBot/1.2; +https://opensiteexplorer.org/dotbot; help@moz.com)"
216.244.66.200 - - [01/Nov/2023:20:09:18 +0100] "GET /files/A%20mened%C3%83%C2%A9kjogr%C3%83%C2%B3l%20sz%C3%83%C2%B3l%C3%83%C2%B3%202007.%20%C3%83%C2%A9vi%20LXXX.doc HTTP/1.1" 200 - "-" "Mozilla/5.0 (compatible; DotBot/1.2; +https://opensiteexplorer.org/dotbot; help@moz.com)"
216.244.66.200 - - [01/Nov/2023:20:10:09 +0100] "GET /user/158/notify HTTP/1.1" 200 - "-" "Mozilla/5.0 (compatible; DotBot/1.2; +https://opensiteexplorer.org/dotbot; help@moz.com)"
216.244.66.200 - - [01/Nov/2023:20:10:28 +0100] "GET /files/1214_5_mell.xls HTTP/1.1" 200 22528 "-" "Mozilla/5.0 (compatible; DotBot/1.2; +https://opensiteexplorer.org/dotbot; help@moz.com)"
216.244.66.200 - - [01/Nov/2023:20:11:03 +0100] "GET /files/17734_7.pdf HTTP/1.1" 200 108051 "-" "Mozilla/5.0 (compatible; DotBot/1.2; +https://opensiteexplorer.org/dotbot; help@moz.com)"
216.244.66.200 - - [01/Nov/2023:20:11:42 +0100] "GET /files/18226_8.pdf HTTP/1.1" 200 271600 "-" "Mozilla/5.0 (compatible; DotBot/1.2; +https://opensiteexplorer.org/dotbot; help@moz.com)"
216.244.66.200 - - [01/Nov/2023:20:12:16 +0100] "GET /files/KHEM_2858_norma.doc HTTP/1.1" 200 186368 "-" "Mozilla/5.0 (compatible; DotBot/1.2; +https://opensiteexplorer.org/dotbot; help@moz.com)"
216.244.66.200 - - [01/Nov/2023:20:12:49 +0100] "GET /files/dijfizetes.pdf HTTP/1.1" 200 117582 "-" "Mozilla/5.0 (compatible; DotBot/1.2; +https://opensiteexplorer.org/dotbot; help@moz.com)"
216.244.66.200 - - [01/Nov/2023:20:13:22 +0100] "GET /files/nca_terv_080115.pdf HTTP/1.1" 200 219132 "-" "Mozilla/5.0 (compatible; DotBot/1.2; +https://opensiteexplorer.org/dotbot; help@moz.com)"
216.244.66.200 - - [01/Nov/2023:20:13:51 +0100] "GET /files/ved_elektr.zip HTTP/1.1" 200 18467 "-" "Mozilla/5.0 (compatible; DotBot/1.2; +https://opensiteexplorer.org/dotbot; help@moz.com)"
216.244.66.200 - - [01/Nov/2023:20:14:22 +0100] "GET /files/20per1996_nm_rend_mod_090522.doc HTTP/1.1" 200 279040 "-" "Mozilla/5.0 (compatible; DotBot/1.2; +https://opensiteexplorer.org/dotbot; help@moz.com)"
216.244.66.200 - - [01/Nov/2023:20:14:50 +0100] "GET /files/223visszamutatas.pdf HTTP/1.1" 200 189463 "-" "Mozilla/5.0 (compatible; DotBot/1.2; +https://opensiteexplorer.org/dotbot; help@moz.com)"
216.244.66.200 - - [01/Nov/2023:20:15:27 +0100] "GET /files/4265_szamhordozhatosag.doc HTTP/1.1" 200 135680 "-" "Mozilla/5.0 (compatible; DotBot/1.2; +https://opensiteexplorer.org/dotbot; help@moz.com)"
216.244.66.200 - - [01/Nov/2023:20:15:55 +0100] "GET /files/4_efizetes_illetek_es_koltseg.doc HTTP/1.1" 200 59904 "-" "Mozilla/5.0 (compatible; DotBot/1.2; +https://opensiteexplorer.org/dotbot; help@moz.com)"
216.244.66.200 - - [01/Nov/2023:20:16:55 +0100] "GET /files/9per93_Normasz%C3%83%C2%B6veg.doc HTTP/1.1" 200 - "-" "Mozilla/5.0 (compatible; DotBot/1.2; +https://opensiteexplorer.org/dotbot; help@moz.com)"
216.244.66.200 - - [01/Nov/2023:20:17:15 +0100] "GET /files/Kv_tv_Tvtv_0519_kozigre.pdf HTTP/1.1" 200 280714 "-" "Mozilla/5.0 (compatible; DotBot/1.2; +https://opensiteexplorer.org/dotbot; help@moz.com)"
216.244.66.200 - - [01/Nov/2023:20:17:48 +0100] "GET /files/NKP-III_tervezet_0324.pdf HTTP/1.1" 200 122086 "-" "Mozilla/5.0 (compatible; DotBot/1.2; +https://opensiteexplorer.org/dotbot; help@moz.com)"
216.244.66.200 - - [01/Nov/2023:20:18:17 +0100] "GET /files/alapf_muv_okt_korm_rend_060214.pdf HTTP/1.1" 200 158587 "-" "Mozilla/5.0 (compatible; DotBot/1.2; +https://opensiteexplorer.org/dotbot; help@moz.com)"
216.244.66.200 - - [01/Nov/2023:20:18:51 +0100] "GET /files/eloterjesztes_be.doc HTTP/1.1" 200 393216 "-" "Mozilla/5.0 (compatible; DotBot/1.2; +https://opensiteexplorer.org/dotbot; help@moz.com)"
216.244.66.200 - - [01/Nov/2023:20:19:23 +0100] "GET /files/forgrend_tervezet_.pdf HTTP/1.1" 200 214187 "-" "Mozilla/5.0 (compatible; DotBot/1.2; +https://opensiteexplorer.org/dotbot; help@moz.com)"
216.244.66.200 - - [01/Nov/2023:20:19:55 +0100] "GET /files/ljagy_terv_090831.pdf HTTP/1.1" 200 498045 "-" "Mozilla/5.0 (compatible; DotBot/1.2; +https://opensiteexplorer.org/dotbot; help@moz.com)"
216.244.66.200 - - [01/Nov/2023:20:20:28 +0100] "GET /files/ogyvszn_oszpszn_terv_090824.pdf HTTP/1.1" 200 441747 "-" "Mozilla/5.0 (compatible; DotBot/1.2; +https://opensiteexplorer.org/dotbot; help@moz.com)"
216.244.66.200 - - [01/Nov/2023:20:20:56 +0100] "GET /files/parancsnokinyomozas.doc HTTP/1.1" 200 47104 "-" "Mozilla/5.0 (compatible; DotBot/1.2; +https://opensiteexplorer.org/dotbot; help@moz.com)"
216.244.66.200 - - [01/Nov/2023:20:21:23 +0100] "GET /files/tervezet_kozig_ivoviz_tam.pdf HTTP/1.1" 200 212998 "-" "Mozilla/5.0 (compatible; DotBot/1.2; +https://opensiteexplorer.org/dotbot; help@moz.com)"
216.244.66.200 - - [01/Nov/2023:20:21:47 +0100] "GET /files/516A2BB0E46CAC07C12572180036E855.htm.txt HTTP/1.1" 200 21152 "-" "Mozilla/5.0 (compatible; DotBot/1.2; +https://opensiteexplorer.org/dotbot; help@moz.com)"
216.244.66.200 - - [01/Nov/2023:20:22:13 +0100] "GET /files/Minta_irattariterv_onkormanyzatoknak.pdf HTTP/1.1" 200 401745 "-" "Mozilla/5.0 (compatible; DotBot/1.2; +https://opensiteexplorer.org/dotbot; help@moz.com)"
216.244.66.200 - - [01/Nov/2023:20:22:36 +0100] "GET /files/hm_rendelet_tervezet_elelmezesi_ellatas_.pdf HTTP/1.1" 200 183027 "-" "Mozilla/5.0 (compatible; DotBot/1.2; +https://opensiteexplorer.org/dotbot; help@moz.com)"
216.244.66.200 - - [01/Nov/2023:20:23:05 +0100] "GET /files/szegregalt_lakokornyezet_terv_090421.pdf HTTP/1.1" 200 861412 "-" "Mozilla/5.0 (compatible; DotBot/1.2; +https://opensiteexplorer.org/dotbot; help@moz.com)"
47.128.62.251 - - [01/Nov/2023:20:27:38 +0100] "GET /taxonomy/term/47?page=2 HTTP/1.1" 200 - "-" "Mozilla/5.0 (Linux; Android 5.0) AppleWebKit/537.36 (KHTML, like Gecko) Mobile Safari/537.36 (compatible; Bytespider; spider-feedback@bytedance.com)"
66.249.66.85 - - [01/Nov/2023:20:40:04 +0100] "GET /files/tervezesi_eloirasok_om_r_allig_egy_060310.pdf HTTP/1.1" 304 - "-" "Mozilla/5.0 (Linux; Android 6.0.1; Nexus 5X Build/MMB29P) AppleWebKit/537.36 (KHTML, like Gecko) Chrome/118.0.5993.117 Mobile Safari/537.36 (compatible; Googlebot/2.1; +http://www.google.com/bot.html)"
66.249.66.6 - - [01/Nov/2023:20:40:06 +0100] "GET /files/47343.pdf HTTP/1.1" 200 445277 "-" "Mozilla/5.0 (Linux; Android 6.0.1; Nexus 5X Build/MMB29P) AppleWebKit/537.36 (KHTML, like Gecko) Chrome/118.0.5993.117 Mobile Safari/537.36 (compatible; Googlebot/2.1; +http://www.google.com/bot.html)"
66.249.66.87 - - [01/Nov/2023:20:48:15 +0100] "GET /files/fogyasztovedelmi_jogszabalyok_alkalmazasaer_0.pdf HTTP/1.1" 200 60858 "-" "Mozilla/5.0 (Linux; Android 6.0.1; Nexus 5X Build/MMB29P) AppleWebKit/537.36 (KHTML, like Gecko) Chrome/118.0.5993.117 Mobile Safari/537.36 (compatible; Googlebot/2.1; +http://www.google.com/bot.html)"
66.249.66.6 - - [01/Nov/2023:20:50:11 +0100] "GET /files/bbi_terv_090819.pdf HTTP/1.1" 200 191770 "-" "Googlebot/2.1 (+http://www.google.com/bot.html)"
51.222.253.15 - - [01/Nov/2023:21:02:43 +0100] "GET /robots.txt HTTP/1.1" 200 1590 "-" "Mozilla/5.0 (compatible; AhrefsBot/7.0; +http://ahrefs.com/robot/)"
47.128.27.83 - - [01/Nov/2023:21:09:49 +0100] "GET /taxonomy/term/56 HTTP/1.1" 200 - "-" "Mozilla/5.0 (Linux; Android 5.0) AppleWebKit/537.36 (KHTML, like Gecko) Mobile Safari/537.36 (compatible; Bytespider; spider-feedback@bytedance.com)"
67.173.41.219 - - [01/Nov/2023:21:10:23 +0100] "GET /taxonomy/term/46?page=2 HTTP/1.1" 200 - "-" "Mozilla/5.0 (Linux; Android 8.0; Pixel 2 Build/OPD3.170816.012) AppleWebKit/537.36 (KHTML, like Gecko) Chrome/59.0.6125.1260 Mobile Safari/537.36"
66.249.66.87 - - [01/Nov/2023:21:15:18 +0100] "GET /files/earveres-rendelet.doc HTTP/1.1" 200 156672 "-" "Mozilla/5.0 (compatible; Googlebot/2.1; +http://www.google.com/bot.html)"
66.249.66.87 - - [01/Nov/2023:21:23:29 +0100] "GET /files/gyamhatosag_eloterj_061204.pdf HTTP/1.1" 200 597742 "-" "Mozilla/5.0 (Linux; Android 6.0.1; Nexus 5X Build/MMB29P) AppleWebKit/537.36 (KHTML, like Gecko) Chrome/118.0.5993.117 Mobile Safari/537.36 (compatible; Googlebot/2.1; +http://www.google.com/bot.html)"
66.249.66.85 - - [01/Nov/2023:21:25:04 +0100] "GET /files/tankonyvrend_terv_090721.pdf HTTP/1.1" 200 317759 "-" "Mozilla/5.0 (Linux; Android 6.0.1; Nexus 5X Build/MMB29P) AppleWebKit/537.36 (KHTML, like Gecko) Chrome/118.0.5993.117 Mobile Safari/537.36 (compatible; Googlebot/2.1; +http://www.google.com/bot.html)"
216.244.66.200 - - [01/Nov/2023:21:29:53 +0100] "GET /robots.txt HTTP/1.1" 200 1590 "-" "Mozilla/5.0 (compatible; DotBot/1.2; +https://opensiteexplorer.org/dotbot; help@moz.com)"
66.249.66.87 - - [01/Nov/2023:21:31:40 +0100] "GET /files/gyamhatosag_eloterj_061204.pdf HTTP/1.1" 200 597742 "-" "Mozilla/5.0 (compatible; Googlebot/2.1; +http://www.google.com/bot.html)"
46.139.234.120 - - [01/Nov/2023:21:33:21 +0100] "GET /files/14390_10.pdf HTTP/1.1" 200 866257 "https://www.google.hu/" "Mozilla/5.0 (Macintosh; Intel Mac OS X 10_15_7) AppleWebKit/605.1.15 (KHTML, like Gecko) Version/16.6 Safari/605.1.15"
46.139.234.120 - - [01/Nov/2023:21:33:21 +0100] "GET /favicon.ico HTTP/1.1" 404 57 "http://jogalkotas.hu/files/14390_10.pdf" "Mozilla/5.0 (Macintosh; Intel Mac OS X 10_15_7) AppleWebKit/605.1.15 (KHTML, like Gecko) Version/16.6 Safari/605.1.15"
66.249.66.85 - - [01/Nov/2023:21:39:51 +0100] "GET /files/fogyasztovedelmi_jogszabalyok_alkalmazasaer_0.pdf HTTP/1.1" 200 60858 "-" "Mozilla/5.0 (compatible; Googlebot/2.1; +http://www.google.com/bot.html)"
66.249.66.6 - - [01/Nov/2023:21:48:02 +0100] "GET /files/NFGM9341.pdf HTTP/1.1" 200 218734 "-" "Mozilla/5.0 (compatible; Googlebot/2.1; +http://www.google.com/bot.html)"
100.21.24.205 - - [01/Nov/2023:21:54:36 +0100] "GET /robots.txt HTTP/1.1" 200 1590 "-" "my-tiny-bot"
100.21.24.205 - - [01/Nov/2023:21:55:23 +0100] "GET / HTTP/1.1" 200 - "-" "my-tiny-bot"
100.21.24.205 - - [01/Nov/2023:21:55:34 +0100] "GET / HTTP/1.1" 200 - "-" "my-tiny-bot"
66.249.66.5 - - [01/Nov/2023:21:56:13 +0100] "GET /files/47343.pdf HTTP/1.1" 200 445277 "-" "Mozilla/5.0 (compatible; Googlebot/2.1; +http://www.google.com/bot.html)"
216.244.66.200 - - [01/Nov/2023:22:02:06 +0100] "GET /taxonomy/term/74/0/feed HTTP/1.1" 200 - "-" "Mozilla/5.0 (compatible; DotBot/1.2; +https://opensiteexplorer.org/dotbot; help@moz.com)"
66.249.66.86 - - [01/Nov/2023:22:10:04 +0100] "GET /files/kerettantervek_szakisk_inf_alligra_060516.pdf HTTP/1.1" 304 - "-" "Mozilla/5.0 (Linux; Android 6.0.1; Nexus 5X Build/MMB29P) AppleWebKit/537.36 (KHTML, like Gecko) Chrome/118.0.5993.117 Mobile Safari/537.36 (compatible; Googlebot/2.1; +http://www.google.com/bot.html)"
66.249.66.87 - - [01/Nov/2023:22:12:34 +0100] "GET /files/gyamhatosag_eloterj_061204.pdf HTTP/1.1" 304 - "-" "Mozilla/5.0 (compatible; Googlebot/2.1; +http://www.google.com/bot.html)"
192.252.212.47 - - [01/Nov/2023:22:14:39 +0100] "GET / HTTP/1.1" 200 - "-" "Mozilla/5.0 (Linux; Android 4.4.4; Z970 Build/KTU84P) AppleWebKit/537.36 (KHTML, like Gecko) Version/4.0 Chrome/30.0.0.0 Mobile Safari/537.36"
100.21.24.205 - - [01/Nov/2023:22:16:40 +0100] "GET /taxonomy/term/29 HTTP/1.1" 200 - "-" "my-tiny-bot"
100.21.24.205 - - [01/Nov/2023:22:16:50 +0100] "GET /taxonomy/term/29 HTTP/1.1" 200 - "-" "my-tiny-bot"
52.167.144.228 - - [01/Nov/2023:22:30:06 +0100] "GET /drupal/node/1157 HTTP/1.1" 200 - "-" "Mozilla/5.0 AppleWebKit/537.36 (KHTML, like Gecko; compatible; bingbot/2.0; +http://www.bing.com/bingbot.htm) Chrome/103.0.5060.134 Safari/537.36"
52.167.144.228 - - [01/Nov/2023:22:30:38 +0100] "GET /drupal/node/1157 HTTP/1.1" 200 - "-" "Mozilla/5.0 AppleWebKit/537.36 (KHTML, like Gecko; compatible; bingbot/2.0; +http://www.bing.com/bingbot.htm) Chrome/103.0.5060.134 Safari/537.36"
47.128.60.176 - - [01/Nov/2023:22:38:18 +0100] "GET /node/2520 HTTP/1.1" 200 - "-" "Mozilla/5.0 (Linux; Android 5.0) AppleWebKit/537.36 (KHTML, like Gecko) Mobile Safari/537.36 (compatible; Bytespider; spider-feedback@bytedance.com)"
99.227.234.8 - - [01/Nov/2023:22:39:16 +0100] "GET /node/2581 HTTP/1.1" 200 - "-" "Mozilla/5.0 (Linux; Android 5.0; SM-G900P Build/LRX21T) AppleWebKit/537.36 (KHTML, like Gecko) Chrome/43.0.8701.1604 Mobile Safari/537.36"
40.77.167.78 - - [01/Nov/2023:22:45:14 +0100] "GET /files/kozig-egyezt-eloterj.pdf HTTP/1.1" 304 - "-" "Mozilla/5.0 AppleWebKit/537.36 (KHTML, like Gecko; compatible; bingbot/2.0; +http://www.bing.com/bingbot.htm) Chrome/103.0.5060.134 Safari/537.36"
66.249.66.87 - - [01/Nov/2023:22:55:05 +0100] "GET /files/tervezesi_eloirasok_om_r_allig_egy_060310.pdf HTTP/1.1" 200 113494 "-" "Mozilla/5.0 (compatible; Googlebot/2.1; +http://www.google.com/bot.html)"
80.7.181.62 - - [01/Nov/2023:23:23:01 +0100] "GET /node/2590 HTTP/1.1" 200 - "-" "Mozilla/5.0 (Linux; Android 8.0; Pixel 2 Build/OPD3.170816.012) AppleWebKit/537.36 (KHTML, like Gecko) Chrome/58.0.6757.1240 Mobile Safari/537.36"
47.128.46.70 - - [01/Nov/2023:23:23:03 +0100] "GET /node/2593 HTTP/1.1" 200 - "-" "Mozilla/5.0 (Linux; Android 5.0) AppleWebKit/537.36 (KHTML, like Gecko) Mobile Safari/537.36 (compatible; Bytespider; spider-feedback@bytedance.com)"
87.106.121.234 - - [01/Nov/2023:23:31:43 +0100] "GET / HTTP/1.1" 200 - "-" "Java/1.6.0_04"
87.106.121.234 - - [01/Nov/2023:23:32:15 +0100] "GET / HTTP/1.1" 200 - "-" "Java/1.6.0_04"
216.244.66.200 - - [01/Nov/2023:23:37:48 +0100] "GET /robots.txt HTTP/1.1" 200 1590 "-" "Mozilla/5.0 (compatible; DotBot/1.2; +https://opensiteexplorer.org/dotbot; help@moz.com)"
216.244.66.200 - - [01/Nov/2023:23:57:41 +0100] "GET /taxonomy/term/93/0/feed HTTP/1.1" 200 - "-" "Mozilla/5.0 (compatible; DotBot/1.2; +https://opensiteexplorer.org/dotbot; help@moz.com)"
66.249.66.85 - - [01/Nov/2023:23:58:56 +0100] "GET /files/kerettantervek_szakisk_inf_alligra_060516.pdf HTTP/1.1" 304 - "-" "Mozilla/5.0 (compatible; Googlebot/2.1; +http://www.google.com/bot.html)"
52.167.144.65 - - [02/Nov/2023:00:02:03 +0100] "GET /robots.txt HTTP/1.1" 200 1590 "-" "Mozilla/5.0 AppleWebKit/537.36 (KHTML, like Gecko; compatible; bingbot/2.0; +http://www.bing.com/bingbot.htm) Chrome/103.0.5060.134 Safari/537.36"
40.77.167.36 - - [02/Nov/2023:00:02:30 +0100] "GET /taxonomy/term/18%2023%2024%2026%2025%2027%2028%2029%2052%2041%2031%2032%2098%2033%2048%20106%20103%2099%20107%2034%2049%2035%2051%20100%2036%2050%20105?page=2 HTTP/1.1" 200 - "-" "Mozilla/5.0 AppleWebKit/537.36 (KHTML, like Gecko; compatible; bingbot/2.0; +http://www.bing.com/bingbot.htm) Chrome/103.0.5060.134 Safari/537.36"
40.77.167.36 - - [02/Nov/2023:00:03:02 +0100] "GET /taxonomy/term/18%2023%2024%2026%2025%2027%2028%2029%2052%2041%2031%2032%2098%2033%2048%20106%20103%2099%20107%2034%2049%2035%2051%20100%2036%2050%20105?page=2 HTTP/1.1" 200 - "-" "Mozilla/5.0 AppleWebKit/537.36 (KHTML, like Gecko; compatible; bingbot/2.0; +http://www.bing.com/bingbot.htm) Chrome/103.0.5060.134 Safari/537.36"
5.188.62.140 - - [02/Nov/2023:00:12:53 +0100] "GET / HTTP/1.1" 200 - "-" "Mozilla/5.0 (Windows NT 6.1; WOW64) AppleWebKit/537.36 (KHTML, like Gecko) Chrome/101.0.4951.67 Safari/537.36"
5.188.62.140 - - [02/Nov/2023:00:13:03 +0100] "GET / HTTP/1.1" 200 - "-" "Mozilla/5.0 (Windows NT 6.1; WOW64) AppleWebKit/537.36 (KHTML, like Gecko) Chrome/101.0.4951.67 Safari/537.36"
87.106.121.234 - - [02/Nov/2023:00:15:06 +0100] "GET / HTTP/1.1" 200 - "-" "Java/1.6.0_04"
87.106.121.234 - - [02/Nov/2023:00:15:38 +0100] "GET / HTTP/1.1" 200 - "-" "Java/1.6.0_04"
216.244.66.200 - - [02/Nov/2023:00:29:19 +0100] "GET /robots.txt HTTP/1.1" 200 1590 "-" "Mozilla/5.0 (compatible; DotBot/1.2; +https://opensiteexplorer.org/dotbot; help@moz.com)"
95.108.213.250 - - [02/Nov/2023:00:38:37 +0100] "GET /robots.txt HTTP/1.1" 200 1590 "-" "Mozilla/5.0 (compatible; YandexBot/3.0; +http://yandex.com/bots)"
5.255.231.102 - - [02/Nov/2023:00:39:09 +0100] "GET /drupal/node/1273 HTTP/1.1" 200 - "-" "Mozilla/5.0 (compatible; YandexBot/3.0; +http://yandex.com/bots)"
47.128.59.50 - - [02/Nov/2023:00:44:06 +0100] "GET /robots.txt HTTP/1.1" 200 1590 "-" "Mozilla/5.0 (Linux; Android 5.0) AppleWebKit/537.36 (KHTML, like Gecko) Mobile Safari/537.36 (compatible; Bytespider; spider-feedback@bytedance.com)"
216.244.66.200 - - [02/Nov/2023:00:46:17 +0100] "GET /taxonomy/term/57/0/feed HTTP/1.1" 200 - "-" "Mozilla/5.0 (compatible; DotBot/1.2; +https://opensiteexplorer.org/dotbot; help@moz.com)"
88.99.238.79 - - [02/Nov/2023:00:47:46 +0100] "GET /ads.txt HTTP/1.0" 200 - "-" "Mozilla/5.0 (Windows NT 10.0; Win64; x64; rv:86.0) Gecko/20100101 Firefox/86.0"
47.128.61.228 - - [02/Nov/2023:00:48:35 +0100] "GET /node/2569 HTTP/1.1" 200 - "-" "Mozilla/5.0 (Linux; Android 5.0) AppleWebKit/537.36 (KHTML, like Gecko) Mobile Safari/537.36 (compatible; Bytespider; spider-feedback@bytedance.com)"
47.128.61.164 - - [02/Nov/2023:00:52:35 +0100] "GET /node/2600 HTTP/1.1" 200 - "-" "Mozilla/5.0 (Linux; Android 5.0) AppleWebKit/537.36 (KHTML, like Gecko) Mobile Safari/537.36 (compatible; Bytespider; spider-feedback@bytedance.com)"
40.77.167.78 - - [02/Nov/2023:01:10:18 +0100] "GET /files/korrel-2005-2073-mikrob.doc HTTP/1.1" 200 41984 "-" "Mozilla/5.0 AppleWebKit/537.36 (KHTML, like Gecko; compatible; bingbot/2.0; +http://www.bing.com/bingbot.htm) Chrome/103.0.5060.134 Safari/537.36"
47.128.45.180 - - [02/Nov/2023:01:38:28 +0100] "GET /taxonomy/term/32 HTTP/1.1" 200 - "-" "Mozilla/5.0 (Linux; Android 5.0) AppleWebKit/537.36 (KHTML, like Gecko) Mobile Safari/537.36 (compatible; Bytespider; spider-feedback@bytedance.com)"
142.0.25.222 - - [02/Nov/2023:01:38:44 +0100] "GET /node/2289 HTTP/1.1" 200 - "-" "Mozilla/5.0 (Linux; Android 5.0; SM-G900P Build/LRX21T) AppleWebKit/537.36 (KHTML, like Gecko) Chrome/53.0.7440.1356 Mobile Safari/537.36"
66.249.66.87 - - [02/Nov/2023:02:26:25 +0100] "GET /files/felsoo_rend_terv_080603.pdf HTTP/1.1" 200 341149 "-" "Googlebot/2.1 (+http://www.google.com/bot.html)"
80.249.241.110 - - [02/Nov/2023:02:31:19 +0100] "GET /taxonomy/term/18 HTTP/1.1" 200 - "-" "Mozilla/5.0 (Linux; Android 6.0; Nexus 5 Build/MRA58N) AppleWebKit/537.36 (KHTML, like Gecko) Chrome/56.0.7592.1562 Mobile Safari/537.36"
62.122.184.194 - - [02/Nov/2023:02:32:53 +0100] "GET / HTTP/1.0" 200 - "http://jogalkotas.hu/" "Mozilla/5.0 (Windows NT 6.3; Win64; x64) AppleWebKit/537.36 (KHTML, like Gecko) Chrome/103.0.0.0 Safari/537.36"
79.171.72.119 - - [02/Nov/2023:02:35:20 +0100] "GET /taxonomy/term/101?page=8 HTTP/1.1" 200 - "-" "Mozilla/5.0 (Linux; Android 5.0; SM-G900P Build/LRX21T) AppleWebKit/537.36 (KHTML, like Gecko) Chrome/55.0.2737.1374 Mobile Safari/537.36"
54.153.43.249 - - [02/Nov/2023:02:44:56 +0100] "GET / HTTP/1.1" 200 - "-" "\\\"Mozilla/5.0 (Macintosh; Intel Mac OS X 10_15_7) AppleWebKit/605.1.15 (KHTML, like Gecko) Version/15.0 Safari/605.1.15\\\""
54.153.43.249 - - [02/Nov/2023:02:46:35 +0100] "GET / HTTP/1.1" 200 - "-" "\\\"Mozilla/5.0 (Macintosh; Intel Mac OS X 10_15_7) AppleWebKit/605.1.15 (KHTML, like Gecko) Version/15.0 Safari/605.1.15\\\""
44.230.252.91 - - [02/Nov/2023:03:01:11 +0100] "GET /robots.txt HTTP/1.1" 200 1590 "-" "my-tiny-bot"
104.250.237.78 - - [02/Nov/2023:03:10:09 +0100] "GET //wp-content/plugins/fix/up.php HTTP/1.1" 200 - "-" "Mozilla/5.0 (Windows NT 10.0; Win64; x64) AppleWebKit/537.36 (KHTML, like Gecko) Chrome/85.0.4183.102 Safari/537.36"
216.244.66.200 - - [02/Nov/2023:03:24:19 +0100] "GET /robots.txt HTTP/1.1" 200 1590 "-" "Mozilla/5.0 (compatible; DotBot/1.2; +https://opensiteexplorer.org/dotbot; help@moz.com)"
47.128.62.156 - - [02/Nov/2023:03:28:51 +0100] "GET /taxonomy/term/67 HTTP/1.1" 200 - "-" "Mozilla/5.0 (Linux; Android 5.0) AppleWebKit/537.36 (KHTML, like Gecko) Mobile Safari/537.36 (compatible; Bytespider; spider-feedback@bytedance.com)"
185.22.156.103 - - [02/Nov/2023:03:29:42 +0100] "GET /taxonomy/term/40 HTTP/1.1" 200 - "-" "Mozilla/5.0 (Linux; Android 5.0; SM-G900P Build/LRX21T) AppleWebKit/537.36 (KHTML, like Gecko) Chrome/60.0.6994.1105 Mobile Safari/537.36"
182.48.154.248 - - [02/Nov/2023:03:33:45 +0100] "GET /taxonomy/term/76 HTTP/1.1" 200 - "-" "Mozilla/5.0 (Linux; Android 8.0; Pixel 2 Build/OPD3.170816.012) AppleWebKit/537.36 (KHTML, like Gecko) Chrome/39.0.5305.1568 Mobile Safari/537.36"
92.116.72.207 - - [02/Nov/2023:03:38:31 +0100] "GET /files/szakertoidijazas.doc HTTP/1.1" 200 59392 "-" "Microsoft Office/15.0 (Windows NT 6.3; Microsoft Outlook 15.0.4771; Pro)"
216.244.66.200 - - [02/Nov/2023:03:43:35 +0100] "GET /taxonomy/term/96/0/feed HTTP/1.1" 200 - "-" "Mozilla/5.0 (compatible; DotBot/1.2; +https://opensiteexplorer.org/dotbot; help@moz.com)"
66.249.66.5 - - [02/Nov/2023:04:11:55 +0100] "GET /files/indok.pdf HTTP/1.1" 200 50987 "-" "Googlebot/2.1 (+http://www.google.com/bot.html)"
216.244.66.200 - - [02/Nov/2023:04:14:37 +0100] "GET /robots.txt HTTP/1.1" 200 1590 "-" "Mozilla/5.0 (compatible; DotBot/1.2; +https://opensiteexplorer.org/dotbot; help@moz.com)"
216.244.66.200 - - [02/Nov/2023:04:34:21 +0100] "GET /taxonomy/term/80/0/feed HTTP/1.1" 200 - "-" "Mozilla/5.0 (compatible; DotBot/1.2; +https://opensiteexplorer.org/dotbot; help@moz.com)"
52.167.144.65 - - [02/Nov/2023:04:36:32 +0100] "GET /robots.txt HTTP/1.1" 200 1590 "-" "Mozilla/5.0 AppleWebKit/537.36 (KHTML, like Gecko; compatible; bingbot/2.0; +http://www.bing.com/bingbot.htm) Chrome/103.0.5060.134 Safari/537.36"
157.55.39.205 - - [02/Nov/2023:04:39:53 +0100] "GET /files/_bdlgmeub1e8g2q83jf9m6utl0dcg6aprpg5q78r86vdlp8p42ecp30c1m_.pdf HTTP/1.1" 304 - "-" "Mozilla/5.0 AppleWebKit/537.36 (KHTML, like Gecko; compatible; bingbot/2.0; +http://www.bing.com/bingbot.htm) Chrome/103.0.5060.134 Safari/537.36"
47.128.53.1 - - [02/Nov/2023:04:40:12 +0100] "GET /taxonomy/term/27 HTTP/1.1" 200 - "-" "Mozilla/5.0 (Linux; Android 5.0) AppleWebKit/537.36 (KHTML, like Gecko) Mobile Safari/537.36 (compatible; Bytespider; spider-feedback@bytedance.com)"
84.203.64.117 - - [02/Nov/2023:04:40:53 +0100] "GET /node/2540 HTTP/1.1" 200 - "-" "Mozilla/5.0 (Linux; Android 6.0; Nexus 5 Build/MRA58N) AppleWebKit/537.36 (KHTML, like Gecko) Chrome/58.0.3587.1507 Mobile Safari/537.36"
157.55.39.10 - - [02/Nov/2023:05:31:10 +0100] "GET /files/nemesfemes.pdf HTTP/1.1" 304 - "-" "Mozilla/5.0 AppleWebKit/537.36 (KHTML, like Gecko; compatible; bingbot/2.0; +http://www.bing.com/bingbot.htm) Chrome/103.0.5060.134 Safari/537.36"
210.246.41.68 - - [02/Nov/2023:05:53:47 +0100] "GET /node/2519 HTTP/1.1" 200 - "-" "Mozilla/5.0 (Linux; Android 5.0; SM-G900P Build/LRX21T) AppleWebKit/537.36 (KHTML, like Gecko) Chrome/48.0.8841.1996 Mobile Safari/537.36"
119.224.47.202 - - [02/Nov/2023:05:57:47 +0100] "GET /node/2619 HTTP/1.1" 200 - "-" "Mozilla/5.0 (Linux; Android 8.0; Pixel 2 Build/OPD3.170816.012) AppleWebKit/537.36 (KHTML, like Gecko) Chrome/49.0.6461.1656 Mobile Safari/537.36"
203.211.106.110 - - [02/Nov/2023:06:06:51 +0100] "GET /node/2523 HTTP/1.1" 200 - "-" "Mozilla/5.0 (Linux; Android 5.0; SM-G900P Build/LRX21T) AppleWebKit/537.36 (KHTML, like Gecko) Chrome/51.0.6204.1975 Mobile Safari/537.36"
222.152.104.19 - - [02/Nov/2023:06:10:54 +0100] "GET /node/2521 HTTP/1.1" 200 - "-" "Mozilla/5.0 (Linux; Android 8.0; Pixel 2 Build/OPD3.170816.012) AppleWebKit/537.36 (KHTML, like Gecko) Chrome/40.0.7349.1771 Mobile Safari/537.36"
52.25.208.208 - - [02/Nov/2023:06:24:43 +0100] "GET /node/357 HTTP/1.1" 200 - "-" "my-tiny-bot"
52.25.208.208 - - [02/Nov/2023:06:24:53 +0100] "GET /node/357 HTTP/1.1" 200 - "-" "my-tiny-bot"
100.21.24.205 - - [02/Nov/2023:06:28:52 +0100] "GET /drupal/ HTTP/1.1" 200 - "-" "my-tiny-bot"
100.21.24.205 - - [02/Nov/2023:06:29:02 +0100] "GET /drupal/ HTTP/1.1" 200 - "-" "my-tiny-bot"
52.25.208.208 - - [02/Nov/2023:06:29:15 +0100] "GET /drupal/node/496 HTTP/1.1" 200 - "-" "my-tiny-bot"
52.25.208.208 - - [02/Nov/2023:06:29:26 +0100] "GET /drupal/node/496 HTTP/1.1" 200 - "-" "my-tiny-bot"
77.110.145.127 - - [02/Nov/2023:06:39:38 +0100] "GET /files/_veg3fmujfdhqa4st0cs_.pdf HTTP/1.1" 200 208061 "https://www.google.com/" "Mozilla/5.0 (Windows NT 10.0; Win64; x64; rv:109.0) Gecko/20100101 Firefox/119.0"
77.110.145.127 - - [02/Nov/2023:06:39:38 +0100] "GET /favicon.ico HTTP/1.1" 404 57 "http://www.jogalkotas.hu/files/_veg3fmujfdhqa4st0cs_.pdf" "Mozilla/5.0 (Windows NT 10.0; Win64; x64; rv:109.0) Gecko/20100101 Firefox/119.0"
47.128.21.193 - - [02/Nov/2023:07:01:25 +0100] "GET /node?page=9 HTTP/1.1" 200 - "-" "Mozilla/5.0 (Linux; Android 5.0) AppleWebKit/537.36 (KHTML, like Gecko) Mobile Safari/537.36 (compatible; Bytespider; spider-feedback@bytedance.com)"
52.167.144.180 - - [02/Nov/2023:07:01:27 +0100] "GET /files/gyermved_kormrendek_terv_090804.pdf HTTP/1.1" 200 401800 "-" "Mozilla/5.0 AppleWebKit/537.36 (KHTML, like Gecko; compatible; bingbot/2.0; +http://www.bing.com/bingbot.htm) Chrome/103.0.5060.134 Safari/537.36"
66.249.66.85 - - [02/Nov/2023:07:04:15 +0100] "GET /files/fogyasztovedelmi_jogszabalyok_alkalmazasaer_0.pdf HTTP/1.1" 200 60858 "-" "Mozilla/5.0 (compatible; Googlebot/2.1; +http://www.google.com/bot.html)"
66.249.66.87 - - [02/Nov/2023:07:04:16 +0100] "GET /files/ovadek_rendelet.pdf HTTP/1.1" 200 57228 "-" "Mozilla/5.0 (Linux; Android 6.0.1; Nexus 5X Build/MMB29P) AppleWebKit/537.36 (KHTML, like Gecko) Chrome/118.0.5993.117 Mobile Safari/537.36 (compatible; Googlebot/2.1; +http://www.google.com/bot.html)"
40.77.167.23 - - [02/Nov/2023:07:17:50 +0100] "GET /files/agroturisztika.pdf HTTP/1.1" 304 - "-" "Mozilla/5.0 AppleWebKit/537.36 (KHTML, like Gecko; compatible; bingbot/2.0; +http://www.bing.com/bingbot.htm) Chrome/103.0.5060.134 Safari/537.36"
47.128.52.137 - - [02/Nov/2023:07:24:14 +0100] "GET /taxonomy/term/55 HTTP/1.1" 200 - "-" "Mozilla/5.0 (Linux; Android 5.0) AppleWebKit/537.36 (KHTML, like Gecko) Mobile Safari/537.36 (compatible; Bytespider; spider-feedback@bytedance.com)"
66.249.66.87 - - [02/Nov/2023:07:26:45 +0100] "GET /files/gyamhatosag_eloterj_061204.pdf HTTP/1.1" 200 597742 "-" "Mozilla/5.0 (Linux; Android 6.0.1; Nexus 5X Build/MMB29P) AppleWebKit/537.36 (KHTML, like Gecko) Chrome/118.0.5993.117 Mobile Safari/537.36 (compatible; Googlebot/2.1; +http://www.google.com/bot.html)"
52.167.144.211 - - [02/Nov/2023:07:37:26 +0100] "GET /files/Filmvagyon.doc HTTP/1.1" 304 - "-" "Mozilla/5.0 AppleWebKit/537.36 (KHTML, like Gecko; compatible; bingbot/2.0; +http://www.bing.com/bingbot.htm) Chrome/103.0.5060.134 Safari/537.36"
66.249.66.5 - - [02/Nov/2023:07:49:15 +0100] "GET /files/kozmegrend_terv_080326.pdf HTTP/1.1" 304 - "-" "Mozilla/5.0 (Linux; Android 6.0.1; Nexus 5X Build/MMB29P) AppleWebKit/537.36 (KHTML, like Gecko) Chrome/118.0.5993.117 Mobile Safari/537.36 (compatible; Googlebot/2.1; +http://www.google.com/bot.html)"
66.249.66.4 - - [02/Nov/2023:08:26:04 +0100] "GET /files/kollegium_terv_090922.pdf HTTP/1.1" 304 - "-" "Mozilla/5.0 (Linux; Android 6.0.1; Nexus 5X Build/MMB29P) AppleWebKit/537.36 (KHTML, like Gecko) Chrome/118.0.5993.117 Mobile Safari/537.36 (compatible; Googlebot/2.1; +http://www.google.com/bot.html)"
99.8.114.157 - - [02/Nov/2023:08:37:36 +0100] "GET /node/2552 HTTP/1.1" 200 - "-" "Mozilla/5.0 (Linux; Android 5.0; SM-G900P Build/LRX21T) AppleWebKit/537.36 (KHTML, like Gecko) Chrome/41.0.1795.1034 Mobile Safari/537.36"
37.228.234.114 - - [02/Nov/2023:08:41:35 +0100] "GET /taxonomy/term/59 HTTP/1.1" 200 - "-" "Mozilla/5.0 (Linux; Android 5.0; SM-G900P Build/LRX21T) AppleWebKit/537.36 (KHTML, like Gecko) Chrome/39.0.9472.1304 Mobile Safari/537.36"
43.133.33.249 - - [02/Nov/2023:08:49:30 +0100] "GET /api/common/pool HTTP/1.1" 200 - "-" "Mozilla/4.0 (compatible; MSIE 7.0; Windows NT 6.0; SLCC1; .NET CLR 2.0.50727; .NET CLR 3.0.04506; .NET CLR 3.5.21022; .NET CLR 1.0.3705; .NET CLR 1.1.4322)"
216.244.66.200 - - [02/Nov/2023:08:54:47 +0100] "GET /robots.txt HTTP/1.1" 200 1590 "-" "Mozilla/5.0 (compatible; DotBot/1.2; +https://opensiteexplorer.org/dotbot; help@moz.com)"
66.249.66.85 - - [02/Nov/2023:08:55:03 +0100] "GET /files/epiteskivitelezes.pdf HTTP/1.1" 304 - "-" "Mozilla/5.0 (Linux; Android 6.0.1; Nexus 5X Build/MMB29P) AppleWebKit/537.36 (KHTML, like Gecko) Chrome/119.0.6045.105 Mobile Safari/537.36 (compatible; Googlebot/2.1; +http://www.google.com/bot.html)"
157.90.209.77 - - [02/Nov/2023:08:58:09 +0100] "GET /robots.txt HTTP/1.1" 200 1590 "-" "Mozilla/5.0 (compatible; BLEXBot/1.0; +http://webmeup-crawler.com/)"
157.90.209.77 - - [02/Nov/2023:08:58:45 +0100] "GET /sitemap HTTP/1.1" 200 - "-" "Mozilla/5.0 (compatible; BLEXBot/1.0; +http://webmeup-crawler.com/)"
157.90.209.77 - - [02/Nov/2023:08:59:31 +0100] "GET /sitemap.txt HTTP/1.1" 200 - "-" "Mozilla/5.0 (compatible; BLEXBot/1.0; +http://webmeup-crawler.com/)"
157.90.209.77 - - [02/Nov/2023:09:00:18 +0100] "GET / HTTP/1.1" 200 - "-" "Mozilla/5.0 (compatible; BLEXBot/1.0; +http://webmeup-crawler.com/)"
66.249.66.87 - - [02/Nov/2023:09:06:59 +0100] "GET /files/R305-2vezetoi.doc HTTP/1.1" 200 104448 "-" "Mozilla/5.0 (compatible; Googlebot/2.1; +http://www.google.com/bot.html)"
