216.244.66.200 - - [01/Nov/2023:11:09:14 +0100] "GET /files/harm_eloterj_2008_11_19.doc HTTP/1.1" 200 57856 "-" "Mozilla/5.0 (compatible; DotBot/1.2; +https://opensiteexplorer.org/dotbot; help@moz.com)"
216.244.66.200 - - [01/Nov/2023:11:09:43 +0100] "GET /files/igazsugyiszakerto.doc HTTP/1.1" 200 161280 "-" "Mozilla/5.0 (compatible; DotBot/1.2; +https://opensiteexplorer.org/dotbot; help@moz.com)"
216.244.66.200 - - [01/Nov/2023:11:10:09 +0100] "GET /files/indokolas_mutragya1.pdf HTTP/1.1" 200 81408 "-" "Mozilla/5.0 (compatible; DotBot/1.2; +https://opensiteexplorer.org/dotbot; help@moz.com)"
216.244.66.200 - - [01/Nov/2023:11:10:37 +0100] "GET /files/klebelsberg_terv_070412.pdf HTTP/1.1" 200 203371 "-" "Mozilla/5.0 (compatible; DotBot/1.2; +https://opensiteexplorer.org/dotbot; help@moz.com)"
216.244.66.200 - - [01/Nov/2023:11:11:03 +0100] "GET /files/kutato_kjtvhr_mod_070828.pdf HTTP/1.1" 200 275804 "-" "Mozilla/5.0 (compatible; DotBot/1.2; +https://opensiteexplorer.org/dotbot; help@moz.com)"
216.244.66.200 - - [01/Nov/2023:11:11:27 +0100] "GET /files/magyarosztrak.doc HTTP/1.1" 200 65024 "-" "Mozilla/5.0 (compatible; DotBot/1.2; +https://opensiteexplorer.org/dotbot; help@moz.com)"
216.244.66.200 - - [01/Nov/2023:11:11:51 +0100] "GET /files/szoc.szovetkezetek.pdf HTTP/1.1" 200 332984 "-" "Mozilla/5.0 (compatible; DotBot/1.2; +https://opensiteexplorer.org/dotbot; help@moz.com)"
216.244.66.200 - - [01/Nov/2023:11:12:14 +0100] "GET /files/7_2001_fvm_mod_velemenyezesre.pdf HTTP/1.1" 200 248568 "-" "Mozilla/5.0 (compatible; DotBot/1.2; +https://opensiteexplorer.org/dotbot; help@moz.com)"
216.244.66.200 - - [01/Nov/2023:11:12:36 +0100] "GET /files/Boszia_Hercegovina_szoc_bizt_egy_081028.doc HTTP/1.1" 200 232448 "-" "Mozilla/5.0 (compatible; DotBot/1.2; +https://opensiteexplorer.org/dotbot; help@moz.com)"
216.244.66.200 - - [01/Nov/2023:11:13:00 +0100] "GET /files/egyenlo_banasmod_tervezet_080901.pdf HTTP/1.1" 200 742793 "-" "Mozilla/5.0 (compatible; DotBot/1.2; +https://opensiteexplorer.org/dotbot; help@moz.com)"
216.244.66.200 - - [01/Nov/2023:11:13:24 +0100] "GET /files/hm_rendelet_tervezet_allomany.pdf HTTP/1.1" 200 126265 "-" "Mozilla/5.0 (compatible; DotBot/1.2; +https://opensiteexplorer.org/dotbot; help@moz.com)"
216.244.66.200 - - [01/Nov/2023:11:13:47 +0100] "GET /files/igszak_ingatlan_tervezet3.0.doc HTTP/1.1" 200 64000 "-" "Mozilla/5.0 (compatible; DotBot/1.2; +https://opensiteexplorer.org/dotbot; help@moz.com)"
216.244.66.200 - - [01/Nov/2023:11:14:10 +0100] "GET /files/kutatopedosztondij_terv_080812.pdf HTTP/1.1" 200 292342 "-" "Mozilla/5.0 (compatible; DotBot/1.2; +https://opensiteexplorer.org/dotbot; help@moz.com)"
216.244.66.200 - - [01/Nov/2023:11:14:32 +0100] "GET /files/orphanworks_rendeletterv2009026kikuldottv.doc HTTP/1.1" 200 294912 "-" "Mozilla/5.0 (compatible; DotBot/1.2; +https://opensiteexplorer.org/dotbot; help@moz.com)"
216.244.66.200 - - [01/Nov/2023:11:14:53 +0100] "GET /files/torsznygyctifersz_terv_100225.pdf HTTP/1.1" 200 198465 "-" "Mozilla/5.0 (compatible; DotBot/1.2; +https://opensiteexplorer.org/dotbot; help@moz.com)"
40.77.167.126 - - [01/Nov/2023:11:14:56 +0100] "GET /taxonomy/term/18%2023%2024%2026%2025%2027%2028%2029%2052%2041%2031%2032%2098%2033%2048%20106%20103%2099%20107%2034%2049%2035%2051%20100%2036%2050%20105?page=8 HTTP/1.1" 200 - "-" "Mozilla/5.0 AppleWebKit/537.36 (KHTML, like Gecko; compatible; bingbot/2.0; +http://www.bing.com/bingbot.htm) Chrome/103.0.5060.134 Safari/537.36"
216.244.66.200 - - [01/Nov/2023:11:15:11 +0100] "GET /files/1214_6_mell.xls HTTP/1.1" 200 28672 "-" "Mozilla/5.0 (compatible; DotBot/1.2; +https://opensiteexplorer.org/dotbot; help@moz.com)"
40.77.167.126 - - [01/Nov/2023:11:15:28 +0100] "GET /taxonomy/term/18%2023%2024%2026%2025%2027%2028%2029%2052%2041%2031%2032%2098%2033%2048%20106%20103%2099%20107%2034%2049%2035%2051%20100%2036%2050%20105?page=8 HTTP/1.1" 200 - "-" "Mozilla/5.0 AppleWebKit/537.36 (KHTML, like Gecko; compatible; bingbot/2.0; +http://www.bing.com/bingbot.htm) Chrome/103.0.5060.134 Safari/537.36"
216.244.66.200 - - [01/Nov/2023:11:15:30 +0100] "GET /files/4168_NAVA.pdf HTTP/1.1" 200 178686 "-" "Mozilla/5.0 (compatible; DotBot/1.2; +https://opensiteexplorer.org/dotbot; help@moz.com)"
216.244.66.200 - - [01/Nov/2023:11:15:47 +0100] "GET /files/7978.pdf HTTP/1.1" 200 183320 "-" "Mozilla/5.0 (compatible; DotBot/1.2; +https://opensiteexplorer.org/dotbot; help@moz.com)"
216.244.66.200 - - [01/Nov/2023:11:16:02 +0100] "GET /files/T1205.doc HTTP/1.1" 200 92672 "-" "Mozilla/5.0 (compatible; DotBot/1.2; +https://opensiteexplorer.org/dotbot; help@moz.com)"
43.139.59.105 - - [01/Nov/2023:11:23:13 +0100] "GET /xmlrpc.php HTTP/1.1" 200 - "-" "Mozilla/5.0 (Windows NT 6.1; WOW64; rv:45.0) Gecko/20100101 Firefox/45.0"
216.244.66.200 - - [01/Nov/2023:11:26:49 +0100] "GET /robots.txt HTTP/1.1" 200 1590 "-" "Mozilla/5.0 (compatible; DotBot/1.2; +https://opensiteexplorer.org/dotbot; help@moz.com)"
216.244.66.200 - - [01/Nov/2023:11:26:49 +0100] "GET /robots.txt HTTP/1.1" 200 1590 "-" "Mozilla/5.0 (compatible; DotBot/1.2; +https://opensiteexplorer.org/dotbot; help@moz.com)"
203.222.137.127 - - [01/Nov/2023:11:35:34 +0100] "GET /node/2205 HTTP/1.1" 200 - "-" "Mozilla/5.0 (Linux; Android 5.0; SM-G900P Build/LRX21T) AppleWebKit/537.36 (KHTML, like Gecko) Chrome/53.0.8443.1490 Mobile Safari/537.36"
202.166.195.241 - - [01/Nov/2023:11:39:33 +0100] "GET /taxonomy/term/84 HTTP/1.1" 200 - "-" "Mozilla/5.0 (iPhone; CPU iPhone OS 11_0 like Mac OS X) AppleWebKit/537.36 (KHTML, like Gecko) Chrome/60.0.8396.1140 Mobile Safari/537.36"
35.233.123.21 - - [01/Nov/2023:11:40:19 +0100] "GET /robots.txt HTTP/1.1" 200 1590 "-" "Mozilla/5.0 (compatible; VelenPublicWebCrawler/1.0; +https://velen.io)"
35.233.123.21 - - [01/Nov/2023:11:40:51 +0100] "GET /comment/reply/2617 HTTP/1.1" 200 - "-" "Mozilla/5.0 (compatible; VelenPublicWebCrawler/1.0; +https://velen.io)"
35.233.123.21 - - [01/Nov/2023:11:41:21 +0100] "GET /comment/reply/2617 HTTP/1.1" 200 - "-" "Mozilla/5.0 (compatible; VelenPublicWebCrawler/1.0; +https://velen.io)"
35.233.123.21 - - [01/Nov/2023:11:41:52 +0100] "GET /comment/reply/2617 HTTP/1.1" 200 - "-" "Mozilla/5.0 (compatible; VelenPublicWebCrawler/1.0; +https://velen.io)"
35.233.123.21 - - [01/Nov/2023:11:42:24 +0100] "GET /comment/reply/2617 HTTP/1.1" 200 - "-" "Mozilla/5.0 (compatible; VelenPublicWebCrawler/1.0; +https://velen.io)"
35.233.123.21 - - [01/Nov/2023:11:42:57 +0100] "GET /comment/reply/2617 HTTP/1.1" 200 - "-" "Mozilla/5.0 (compatible; VelenPublicWebCrawler/1.0; +https://velen.io)"
216.244.66.200 - - [01/Nov/2023:11:51:27 +0100] "GET /files/fogyved_eloterj_061204.pdf HTTP/1.1" 200 299286 "-" "Mozilla/5.0 (compatible; DotBot/1.2; +https://opensiteexplorer.org/dotbot; help@moz.com)"
216.244.66.200 - - [01/Nov/2023:11:52:10 +0100] "GET /files/megujulo_energiaforraso.pdf HTTP/1.1" 200 262262 "-" "Mozilla/5.0 (compatible; DotBot/1.2; +https://opensiteexplorer.org/dotbot; help@moz.com)"
216.244.66.200 - - [01/Nov/2023:11:52:43 +0100] "GET /files/vezetoi_osszefoglalo.pdf HTTP/1.1" 200 93780 "-" "Mozilla/5.0 (compatible; DotBot/1.2; +https://opensiteexplorer.org/dotbot; help@moz.com)"
216.244.66.200 - - [01/Nov/2023:11:53:32 +0100] "GET /files/275_2005_mod_RO_BG_tarcara.pdf HTTP/1.1" 200 730836 "-" "Mozilla/5.0 (compatible; DotBot/1.2; +https://opensiteexplorer.org/dotbot; help@moz.com)"
216.244.66.200 - - [01/Nov/2023:11:54:02 +0100] "GET /files/2per2004_eum_rend_mod_080624.doc HTTP/1.1" 200 35840 "-" "Mozilla/5.0 (compatible; DotBot/1.2; +https://opensiteexplorer.org/dotbot; help@moz.com)"
216.244.66.200 - - [01/Nov/2023:11:54:33 +0100] "GET /files/96per2003_korm_rend_muk_eng_mod.doc HTTP/1.1" 200 40960 "-" "Mozilla/5.0 (compatible; DotBot/1.2; +https://opensiteexplorer.org/dotbot; help@moz.com)"
216.244.66.200 - - [01/Nov/2023:11:55:06 +0100] "GET /files/KuM_rendelet_tervezet_080226.pdf HTTP/1.1" 200 288113 "-" "Mozilla/5.0 (compatible; DotBot/1.2; +https://opensiteexplorer.org/dotbot; help@moz.com)"
216.244.66.200 - - [01/Nov/2023:11:55:35 +0100] "GET /files/_mdlgmeub1e8mmopbectsmar2vedt6asjq0q5m90jj_.pdf HTTP/1.1" 200 195859 "-" "Mozilla/5.0 (compatible; DotBot/1.2; +https://opensiteexplorer.org/dotbot; help@moz.com)"
216.244.66.200 - - [01/Nov/2023:11:56:04 +0100] "GET /files/alapf_muv_okt_korm_rend_060214.pdf HTTP/1.1" 200 158587 "-" "Mozilla/5.0 (compatible; DotBot/1.2; +https://opensiteexplorer.org/dotbot; help@moz.com)"
216.244.66.200 - - [01/Nov/2023:11:56:32 +0100] "GET /files/itkr_vezetoi_osszefoglalo_061031.pdf HTTP/1.1" 200 140745 "-" "Mozilla/5.0 (compatible; DotBot/1.2; +https://opensiteexplorer.org/dotbot; help@moz.com)"
216.244.66.200 - - [01/Nov/2023:11:57:01 +0100] "GET /files/kulfrendmodjun_terv_070606.pdf HTTP/1.1" 200 173829 "-" "Mozilla/5.0 (compatible; DotBot/1.2; +https://opensiteexplorer.org/dotbot; help@moz.com)"
216.244.66.200 - - [01/Nov/2023:11:57:26 +0100] "GET /files/novegvizsgkoltsrendterv-0709.pdf HTTP/1.1" 200 61687 "-" "Mozilla/5.0 (compatible; DotBot/1.2; +https://opensiteexplorer.org/dotbot; help@moz.com)"
216.244.66.200 - - [01/Nov/2023:11:58:21 +0100] "GET /files/perfluor_t%C3%83%C2%A1rca_20071119.doc HTTP/1.1" 200 - "-" "Mozilla/5.0 (compatible; DotBot/1.2; +https://opensiteexplorer.org/dotbot; help@moz.com)"
216.244.66.200 - - [01/Nov/2023:11:59:11 +0100] "GET /files/5.%20sz%C3%83%C2%A1m%C3%83%C2%BA%20mell%C3%83%C2%A9klet.doc HTTP/1.1" 200 - "-" "Mozilla/5.0 (compatible; DotBot/1.2; +https://opensiteexplorer.org/dotbot; help@moz.com)"
66.249.66.86 - - [01/Nov/2023:11:59:58 +0100] "GET /files/14_4.pdf HTTP/1.1" 304 - "-" "Mozilla/5.0 (Linux; Android 6.0.1; Nexus 5X Build/MMB29P) AppleWebKit/537.36 (KHTML, like Gecko) Chrome/118.0.5993.117 Mobile Safari/537.36 (compatible; Googlebot/2.1; +http://www.google.com/bot.html)"
216.244.66.200 - - [01/Nov/2023:12:00:01 +0100] "GET /user/432/notify HTTP/1.1" 200 - "-" "Mozilla/5.0 (compatible; DotBot/1.2; +https://opensiteexplorer.org/dotbot; help@moz.com)"
216.244.66.200 - - [01/Nov/2023:12:00:21 +0100] "GET /files/TK123.doc HTTP/1.1" 200 143872 "-" "Mozilla/5.0 (compatible; DotBot/1.2; +https://opensiteexplorer.org/dotbot; help@moz.com)"
216.244.66.200 - - [01/Nov/2023:12:00:52 +0100] "GET /files/hmfejbelsoell.pdf HTTP/1.1" 200 128266 "-" "Mozilla/5.0 (compatible; DotBot/1.2; +https://opensiteexplorer.org/dotbot; help@moz.com)"
216.244.66.200 - - [01/Nov/2023:12:01:22 +0100] "GET /files/0223_T_rc_ra_B_kkh_t-1.doc HTTP/1.1" 200 79872 "-" "Mozilla/5.0 (compatible; DotBot/1.2; +https://opensiteexplorer.org/dotbot; help@moz.com)"
216.244.66.200 - - [01/Nov/2023:12:01:50 +0100] "GET /files/143744718CD9A4578.doc HTTP/1.1" 200 27136 "-" "Mozilla/5.0 (compatible; DotBot/1.2; +https://opensiteexplorer.org/dotbot; help@moz.com)"
216.244.66.200 - - [01/Nov/2023:12:02:17 +0100] "GET /files/35per2005_mod_rend_terv.doc HTTP/1.1" 200 27136 "-" "Mozilla/5.0 (compatible; DotBot/1.2; +https://opensiteexplorer.org/dotbot; help@moz.com)"
216.244.66.200 - - [01/Nov/2023:12:02:47 +0100] "GET /files/ekozig_strategia.pdf HTTP/1.1" 200 731185 "-" "Mozilla/5.0 (compatible; DotBot/1.2; +https://opensiteexplorer.org/dotbot; help@moz.com)"
216.244.66.200 - - [01/Nov/2023:12:03:15 +0100] "GET /files/gyermved_kormrendek_terv_090804.pdf HTTP/1.1" 200 401800 "-" "Mozilla/5.0 (compatible; DotBot/1.2; +https://opensiteexplorer.org/dotbot; help@moz.com)"
216.244.66.200 - - [01/Nov/2023:12:03:41 +0100] "GET /files/kormrendeletek_terv_070720.pdf HTTP/1.1" 200 383479 "-" "Mozilla/5.0 (compatible; DotBot/1.2; +https://opensiteexplorer.org/dotbot; help@moz.com)"
216.244.66.200 - - [01/Nov/2023:12:04:06 +0100] "GET /files/nkt2tartalom_kozig.pdf HTTP/1.1" 200 261148 "-" "Mozilla/5.0 (compatible; DotBot/1.2; +https://opensiteexplorer.org/dotbot; help@moz.com)"
216.244.66.200 - - [01/Nov/2023:12:04:28 +0100] "GET /files/novegvizsgkoltsrendterv-0709.pdf HTTP/1.1" 200 61687 "-" "Mozilla/5.0 (compatible; DotBot/1.2; +https://opensiteexplorer.org/dotbot; help@moz.com)"
216.244.66.200 - - [01/Nov/2023:12:04:52 +0100] "GET /files/pedag_szax_tam_070228.pdf HTTP/1.1" 200 328231 "-" "Mozilla/5.0 (compatible; DotBot/1.2; +https://opensiteexplorer.org/dotbot; help@moz.com)"
216.244.66.200 - - [01/Nov/2023:12:15:00 +0100] "GET /robots.txt HTTP/1.1" 200 1590 "-" "Mozilla/5.0 (compatible; DotBot/1.2; +https://opensiteexplorer.org/dotbot; help@moz.com)"
216.244.66.200 - - [01/Nov/2023:12:15:00 +0100] "GET /robots.txt HTTP/1.1" 200 1590 "-" "Mozilla/5.0 (compatible; DotBot/1.2; +https://opensiteexplorer.org/dotbot; help@moz.com)"
47.128.23.50 - - [01/Nov/2023:12:16:18 +0100] "GET /node/2601 HTTP/1.1" 200 - "-" "Mozilla/5.0 (Linux; Android 5.0) AppleWebKit/537.36 (KHTML, like Gecko) Mobile Safari/537.36 (compatible; Bytespider; spider-feedback@bytedance.com)"
47.128.46.89 - - [01/Nov/2023:12:20:19 +0100] "GET /taxonomy/term/47?page=6 HTTP/1.1" 200 - "-" "Mozilla/5.0 (Linux; Android 5.0) AppleWebKit/537.36 (KHTML, like Gecko) Mobile Safari/537.36 (compatible; Bytespider; spider-feedback@bytedance.com)"
80.99.45.29 - - [01/Nov/2023:12:23:33 +0100] "GET /files/OTSZ%20rendelet.pdf HTTP/1.1" 200 168000 "https://www.google.com/" "Mozilla/5.0 (Windows NT 10.0; Win64; x64) AppleWebKit/537.36 (KHTML, like Gecko) Chrome/119.0.0.0 Safari/537.36"
80.99.45.29 - - [01/Nov/2023:12:23:33 +0100] "GET /favicon.ico HTTP/1.1" 404 57 "http://www.jogalkotas.hu/files/OTSZ%20rendelet.pdf" "Mozilla/5.0 (Windows NT 10.0; Win64; x64) AppleWebKit/537.36 (KHTML, like Gecko) Chrome/119.0.0.0 Safari/537.36"
216.244.66.200 - - [01/Nov/2023:12:36:48 +0100] "GET /files/4_mell_FAVI_KARINFO_BA.doc HTTP/1.1" 200 391168 "-" "Mozilla/5.0 (compatible; DotBot/1.2; +https://opensiteexplorer.org/dotbot; help@moz.com)"
216.244.66.200 - - [01/Nov/2023:12:37:24 +0100] "GET /files/_lehin4tjkc5na0orjdtlg_.pdf HTTP/1.1" 200 165650 "-" "Mozilla/5.0 (compatible; DotBot/1.2; +https://opensiteexplorer.org/dotbot; help@moz.com)"
216.244.66.200 - - [01/Nov/2023:12:37:52 +0100] "GET /files/35_2000_XI.30_rendelet_modositasarol.pdf HTTP/1.1" 200 97328 "-" "Mozilla/5.0 (compatible; DotBot/1.2; +https://opensiteexplorer.org/dotbot; help@moz.com)"
216.244.66.200 - - [01/Nov/2023:12:38:21 +0100] "GET /files/Az_ir_betegell_rend_megsz_korm_rend_081204.doc HTTP/1.1" 200 52224 "-" "Mozilla/5.0 (compatible; DotBot/1.2; +https://opensiteexplorer.org/dotbot; help@moz.com)"
216.244.66.200 - - [01/Nov/2023:12:39:21 +0100] "GET /files/PM%20t%C3%83%C2%B6rv%C3%83%C2%A9nyjavaslat2.doc HTTP/1.1" 200 - "-" "Mozilla/5.0 (compatible; DotBot/1.2; +https://opensiteexplorer.org/dotbot; help@moz.com)"
216.244.66.200 - - [01/Nov/2023:12:39:45 +0100] "GET /files/minosdij_es_cim_terv_090114.pdf HTTP/1.1" 200 335752 "-" "Mozilla/5.0 (compatible; DotBot/1.2; +https://opensiteexplorer.org/dotbot; help@moz.com)"
216.244.66.200 - - [01/Nov/2023:12:40:16 +0100] "GET /files/nem_uzleti_eloterj_8_4_szamu_melleklet_061129.pdf HTTP/1.1" 200 61099 "-" "Mozilla/5.0 (compatible; DotBot/1.2; +https://opensiteexplorer.org/dotbot; help@moz.com)"
216.244.66.200 - - [01/Nov/2023:12:40:54 +0100] "GET /files/t_csomag_08_09_18_honlapra.doc HTTP/1.1" 200 327680 "-" "Mozilla/5.0 (compatible; DotBot/1.2; +https://opensiteexplorer.org/dotbot; help@moz.com)"
216.244.66.200 - - [01/Nov/2023:12:41:31 +0100] "GET /files/tervezet_kozig_Csokonyavisonta.pdf HTTP/1.1" 200 287057 "-" "Mozilla/5.0 (compatible; DotBot/1.2; +https://opensiteexplorer.org/dotbot; help@moz.com)"
216.244.66.200 - - [01/Nov/2023:12:42:02 +0100] "GET /files/tervezet_pirotechnikai_tevekenyseg.doc HTTP/1.1" 200 170496 "-" "Mozilla/5.0 (compatible; DotBot/1.2; +https://opensiteexplorer.org/dotbot; help@moz.com)"
216.244.66.200 - - [01/Nov/2023:12:42:33 +0100] "GET /files/vegrehajtoi_kezbesites_korm-eloter.doc HTTP/1.1" 200 104448 "-" "Mozilla/5.0 (compatible; DotBot/1.2; +https://opensiteexplorer.org/dotbot; help@moz.com)"
216.244.66.200 - - [01/Nov/2023:12:43:36 +0100] "GET /files/FoldesA_Jogalkot%C3%83%C2%A1s%20%C3%83%C2%A9s%20infoszabads%C3%83%C2%A1g.ppt HTTP/1.1" 200 - "-" "Mozilla/5.0 (compatible; DotBot/1.2; +https://opensiteexplorer.org/dotbot; help@moz.com)"
216.244.66.200 - - [01/Nov/2023:12:43:58 +0100] "GET /files/agrar_kornyezetgazdalkodas_150_2004_modositas_20060831.rtf.txt HTTP/1.1" 200 264621 "-" "Mozilla/5.0 (compatible; DotBot/1.2; +https://opensiteexplorer.org/dotbot; help@moz.com)"
216.244.66.200 - - [01/Nov/2023:12:44:29 +0100] "GET /files/fogalmazok_joggyakorlatarol_kepzeserol_rendelet_honlapra-1.doc HTTP/1.1" 200 112128 "-" "Mozilla/5.0 (compatible; DotBot/1.2; +https://opensiteexplorer.org/dotbot; help@moz.com)"
216.244.66.200 - - [01/Nov/2023:12:45:01 +0100] "GET /files/NFGM9341.pdf HTTP/1.1" 200 218734 "-" "Mozilla/5.0 (compatible; DotBot/1.2; +https://opensiteexplorer.org/dotbot; help@moz.com)"
216.244.66.200 - - [01/Nov/2023:12:45:31 +0100] "GET /files/hajozo_hmrend.pdf HTTP/1.1" 200 339236 "-" "Mozilla/5.0 (compatible; DotBot/1.2; +https://opensiteexplorer.org/dotbot; help@moz.com)"
216.244.66.200 - - [01/Nov/2023:12:46:07 +0100] "GET /files/kenese.zip HTTP/1.1" 200 1538421 "-" "Mozilla/5.0 (compatible; DotBot/1.2; +https://opensiteexplorer.org/dotbot; help@moz.com)"
216.244.66.200 - - [01/Nov/2023:12:46:41 +0100] "GET /files/kozcelu_070410.pdf HTTP/1.1" 200 303415 "-" "Mozilla/5.0 (compatible; DotBot/1.2; +https://opensiteexplorer.org/dotbot; help@moz.com)"
216.244.66.200 - - [01/Nov/2023:12:47:11 +0100] "GET /files/ptk._eloszo.pdf HTTP/1.1" 200 28286 "-" "Mozilla/5.0 (compatible; DotBot/1.2; +https://opensiteexplorer.org/dotbot; help@moz.com)"
216.244.66.200 - - [01/Nov/2023:12:47:47 +0100] "GET /files/0302_28_as_miniszteri_07_02_27.doc HTTP/1.1" 200 250880 "-" "Mozilla/5.0 (compatible; DotBot/1.2; +https://opensiteexplorer.org/dotbot; help@moz.com)"
216.244.66.200 - - [01/Nov/2023:12:48:22 +0100] "GET /files/100_1997_terv_071106.pdf HTTP/1.1" 200 708331 "-" "Mozilla/5.0 (compatible; DotBot/1.2; +https://opensiteexplorer.org/dotbot; help@moz.com)"
216.244.66.200 - - [01/Nov/2023:12:48:53 +0100] "GET /files/217per1997_korm_rend_mod_090713.doc HTTP/1.1" 200 70144 "-" "Mozilla/5.0 (compatible; DotBot/1.2; +https://opensiteexplorer.org/dotbot; help@moz.com)"
216.244.66.200 - - [01/Nov/2023:12:49:22 +0100] "GET /files/28per1998_nm_min_rend_terv_081111.doc HTTP/1.1" 200 37376 "-" "Mozilla/5.0 (compatible; DotBot/1.2; +https://opensiteexplorer.org/dotbot; help@moz.com)"
216.244.66.200 - - [01/Nov/2023:12:49:51 +0100] "GET /files/32008.I.%2016.IRM_tervezet_h.doc HTTP/1.1" 200 177664 "-" "Mozilla/5.0 (compatible; DotBot/1.2; +https://opensiteexplorer.org/dotbot; help@moz.com)"
216.244.66.200 - - [01/Nov/2023:12:50:21 +0100] "GET /files/7_mell_FAVI_KARINFO_B3.doc HTTP/1.1" 200 498688 "-" "Mozilla/5.0 (compatible; DotBot/1.2; +https://opensiteexplorer.org/dotbot; help@moz.com)"
216.244.66.200 - - [01/Nov/2023:12:50:51 +0100] "GET /files/Gyse_min_rend_mod.doc HTTP/1.1" 200 680448 "-" "Mozilla/5.0 (compatible; DotBot/1.2; +https://opensiteexplorer.org/dotbot; help@moz.com)"
216.244.66.200 - - [01/Nov/2023:12:51:16 +0100] "GET /files/KHEm_3422_6normaszoveg.doc HTTP/1.1" 200 44032 "-" "Mozilla/5.0 (compatible; DotBot/1.2; +https://opensiteexplorer.org/dotbot; help@moz.com)"
216.244.66.200 - - [01/Nov/2023:12:51:42 +0100] "GET /files/_lg9oa2t42ee0meub9clm6l83ik1pmuqo_.pdf HTTP/1.1" 200 442390 "-" "Mozilla/5.0 (compatible; DotBot/1.2; +https://opensiteexplorer.org/dotbot; help@moz.com)"
216.244.66.200 - - [01/Nov/2023:12:52:07 +0100] "GET /files/alap_es_mesterkepzesterv_060918.pdf HTTP/1.1" 200 164353 "-" "Mozilla/5.0 (compatible; DotBot/1.2; +https://opensiteexplorer.org/dotbot; help@moz.com)"
216.244.66.200 - - [01/Nov/2023:12:52:30 +0100] "GET /files/ekjszsz_terv_090629.pdf HTTP/1.1" 200 184796 "-" "Mozilla/5.0 (compatible; DotBot/1.2; +https://opensiteexplorer.org/dotbot; help@moz.com)"
216.244.66.200 - - [01/Nov/2023:12:52:52 +0100] "GET /files/elovezetes_modosito_bv_tvr09.06.pdf HTTP/1.1" 200 183996 "-" "Mozilla/5.0 (compatible; DotBot/1.2; +https://opensiteexplorer.org/dotbot; help@moz.com)"
216.244.66.200 - - [01/Nov/2023:12:53:13 +0100] "GET /files/horvat_torvenyjavaslat_05.06.doc HTTP/1.1" 200 128465 "-" "Mozilla/5.0 (compatible; DotBot/1.2; +https://opensiteexplorer.org/dotbot; help@moz.com)"
66.249.66.87 - - [01/Nov/2023:12:53:58 +0100] "GET /files/szakkepesitesek_megszerv_vizsga_060413.pdf HTTP/1.1" 200 305958 "-" "Mozilla/5.0 (Linux; Android 6.0.1; Nexus 5X Build/MMB29P) AppleWebKit/537.36 (KHTML, like Gecko) Chrome/118.0.5993.117 Mobile Safari/537.36 (compatible; Googlebot/2.1; +http://www.google.com/bot.html)"
216.244.66.200 - - [01/Nov/2023:13:04:48 +0100] "GET /robots.txt HTTP/1.1" 200 1590 "-" "Mozilla/5.0 (compatible; DotBot/1.2; +https://opensiteexplorer.org/dotbot; help@moz.com)"
216.244.66.200 - - [01/Nov/2023:13:04:48 +0100] "GET /robots.txt HTTP/1.1" 200 1590 "-" "Mozilla/5.0 (compatible; DotBot/1.2; +https://opensiteexplorer.org/dotbot; help@moz.com)"
103.230.14.16 - - [01/Nov/2023:13:10:19 +0100] "GET /codeimg.php HTTP/1.1" 200 - "-" "Mozilla/5.0 (Windows NT 10.0; WOW64; rv:48.0) Gecko/20100101 Firefox/48.0"
66.249.66.85 - - [01/Nov/2023:13:16:28 +0100] "GET /files/tamszolg_terv_080630.pdf HTTP/1.1" 304 - "-" "Mozilla/5.0 (Linux; Android 6.0.1; Nexus 5X Build/MMB29P) AppleWebKit/537.36 (KHTML, like Gecko) Chrome/118.0.5993.117 Mobile Safari/537.36 (compatible; Googlebot/2.1; +http://www.google.com/bot.html)"
216.244.66.200 - - [01/Nov/2023:13:17:15 +0100] "GET /files/birosagiui.doc HTTP/1.1" 200 210432 "-" "Mozilla/5.0 (compatible; DotBot/1.2; +https://opensiteexplorer.org/dotbot; help@moz.com)"
216.244.66.200 - - [01/Nov/2023:13:17:51 +0100] "GET /files/eletjaradek.doc HTTP/1.1" 200 113152 "-" "Mozilla/5.0 (compatible; DotBot/1.2; +https://opensiteexplorer.org/dotbot; help@moz.com)"
40.77.167.50 - - [01/Nov/2023:13:18:07 +0100] "GET /files/_vdlgmeub1e8mn4rrdk1n76uj5e9t0d2r4g9pj4c1g6o_.pdf HTTP/1.1" 200 231148 "-" "Mozilla/5.0 AppleWebKit/537.36 (KHTML, like Gecko; compatible; bingbot/2.0; +http://www.bing.com/bingbot.htm) Chrome/103.0.5060.134 Safari/537.36"
216.244.66.200 - - [01/Nov/2023:13:18:35 +0100] "GET /files/elismeresi_terv_071114.pdf HTTP/1.1" 200 240522 "-" "Mozilla/5.0 (compatible; DotBot/1.2; +https://opensiteexplorer.org/dotbot; help@moz.com)"
216.244.66.200 - - [01/Nov/2023:13:19:39 +0100] "GET /files/p%C3%83%C2%A9nz.doc HTTP/1.1" 200 - "-" "Mozilla/5.0 (compatible; DotBot/1.2; +https://opensiteexplorer.org/dotbot; help@moz.com)"
216.244.66.200 - - [01/Nov/2023:13:20:19 +0100] "GET /files/palyaor_terv_090518.pdf HTTP/1.1" 200 500604 "-" "Mozilla/5.0 (compatible; DotBot/1.2; +https://opensiteexplorer.org/dotbot; help@moz.com)"
216.244.66.200 - - [01/Nov/2023:13:20:50 +0100] "GET /files/0705_T_rc_ra1_Botanikus_kert.doc HTTP/1.1" 200 56832 "-" "Mozilla/5.0 (compatible; DotBot/1.2; +https://opensiteexplorer.org/dotbot; help@moz.com)"
216.244.66.200 - - [01/Nov/2023:13:21:23 +0100] "GET /files/16per2006_eum_rend_mod_080624.doc HTTP/1.1" 200 62464 "-" "Mozilla/5.0 (compatible; DotBot/1.2; +https://opensiteexplorer.org/dotbot; help@moz.com)"
216.244.66.200 - - [01/Nov/2023:13:22:12 +0100] "GET /files/2006min_tajekoztato_tabla1.doc HTTP/1.1" 200 592896 "-" "Mozilla/5.0 (compatible; DotBot/1.2; +https://opensiteexplorer.org/dotbot; help@moz.com)"
216.244.66.200 - - [01/Nov/2023:13:22:52 +0100] "GET /files/egyes_min_rend_mod_terv_070119.pdf HTTP/1.1" 200 354173 "-" "Mozilla/5.0 (compatible; DotBot/1.2; +https://opensiteexplorer.org/dotbot; help@moz.com)"
216.244.66.200 - - [01/Nov/2023:13:23:29 +0100] "GET /files/emva_geptamogatas_velemenyezesre.pdf HTTP/1.1" 200 164875 "-" "Mozilla/5.0 (compatible; DotBot/1.2; +https://opensiteexplorer.org/dotbot; help@moz.com)"
216.244.66.200 - - [01/Nov/2023:13:24:01 +0100] "GET /files/eu_szolg_szuks_szakmai_minimumfelt_mod.doc HTTP/1.1" 200 30208 "-" "Mozilla/5.0 (compatible; DotBot/1.2; +https://opensiteexplorer.org/dotbot; help@moz.com)"
216.244.66.200 - - [01/Nov/2023:13:24:30 +0100] "GET /files/fogyasztovedelmi_jogszabalyok_alkalmazasaer_0.pdf HTTP/1.1" 200 60858 "-" "Mozilla/5.0 (compatible; DotBot/1.2; +https://opensiteexplorer.org/dotbot; help@moz.com)"
216.244.66.200 - - [01/Nov/2023:13:25:09 +0100] "GET /files/gyermved_kormrendek_terv_090804.pdf HTTP/1.1" 200 401800 "-" "Mozilla/5.0 (compatible; DotBot/1.2; +https://opensiteexplorer.org/dotbot; help@moz.com)"
216.244.66.200 - - [01/Nov/2023:13:25:43 +0100] "GET /files/hum_rep_elj_korm_rend_081201.doc HTTP/1.1" 200 64000 "-" "Mozilla/5.0 (compatible; DotBot/1.2; +https://opensiteexplorer.org/dotbot; help@moz.com)"
216.244.66.200 - - [01/Nov/2023:13:26:18 +0100] "GET /files/madfarinfluenza_rendelet_egyeztetesre.pdf HTTP/1.1" 200 356842 "-" "Mozilla/5.0 (compatible; DotBot/1.2; +https://opensiteexplorer.org/dotbot; help@moz.com)"
216.244.66.200 - - [01/Nov/2023:13:26:54 +0100] "GET /files/orv_techn_eszkozok_min_rend_tervm.doc HTTP/1.1" 200 158208 "-" "Mozilla/5.0 (compatible; DotBot/1.2; +https://opensiteexplorer.org/dotbot; help@moz.com)"
216.244.66.200 - - [01/Nov/2023:13:27:25 +0100] "GET /files/szavatolo_toke_honlapra_0219.doc HTTP/1.1" 200 95744 "-" "Mozilla/5.0 (compatible; DotBot/1.2; +https://opensiteexplorer.org/dotbot; help@moz.com)"
216.244.66.200 - - [01/Nov/2023:13:27:57 +0100] "GET /files/tervezet_13-2001-mod_novenyfajok_kozig.pdf HTTP/1.1" 200 169563 "-" "Mozilla/5.0 (compatible; DotBot/1.2; +https://opensiteexplorer.org/dotbot; help@moz.com)"
216.244.66.200 - - [01/Nov/2023:13:28:28 +0100] "GET /files/tkrendmodjav_alligra_060216.pdf HTTP/1.1" 200 247026 "-" "Mozilla/5.0 (compatible; DotBot/1.2; +https://opensiteexplorer.org/dotbot; help@moz.com)"
216.244.66.200 - - [01/Nov/2023:13:29:26 +0100] "GET /files/Telep%C3%83%C2%BCl%C3%83%C2%A9s2009j%C3%83%C2%BAlius.pdf HTTP/1.1" 200 - "-" "Mozilla/5.0 (compatible; DotBot/1.2; +https://opensiteexplorer.org/dotbot; help@moz.com)"
216.244.66.200 - - [01/Nov/2023:13:29:47 +0100] "GET /files/KHEM_2691.doc HTTP/1.1" 200 150528 "-" "Mozilla/5.0 (compatible; DotBot/1.2; +https://opensiteexplorer.org/dotbot; help@moz.com)"
216.244.66.200 - - [01/Nov/2023:13:30:19 +0100] "GET /files/NFGM2005_0.pdf HTTP/1.1" 200 201548 "-" "Mozilla/5.0 (compatible; DotBot/1.2; +https://opensiteexplorer.org/dotbot; help@moz.com)"
216.244.66.200 - - [01/Nov/2023:13:30:49 +0100] "GET /files/NFGM_2387.pdf HTTP/1.1" 200 150965 "-" "Mozilla/5.0 (compatible; DotBot/1.2; +https://opensiteexplorer.org/dotbot; help@moz.com)"
216.244.66.200 - - [01/Nov/2023:13:31:18 +0100] "GET /files/R2782.pdf HTTP/1.1" 200 143069 "-" "Mozilla/5.0 (compatible; DotBot/1.2; +https://opensiteexplorer.org/dotbot; help@moz.com)"
216.244.66.200 - - [01/Nov/2023:13:31:50 +0100] "GET /files/alk_tvjav.pdf HTTP/1.1" 200 144596 "-" "Mozilla/5.0 (compatible; DotBot/1.2; +https://opensiteexplorer.org/dotbot; help@moz.com)"
216.244.66.200 - - [01/Nov/2023:13:32:16 +0100] "GET /files/korrel-2007-26.doc HTTP/1.1" 200 34816 "-" "Mozilla/5.0 (compatible; DotBot/1.2; +https://opensiteexplorer.org/dotbot; help@moz.com)"
216.244.66.200 - - [01/Nov/2023:13:32:43 +0100] "GET /files/tervezet_1107.pdf HTTP/1.1" 200 227265 "-" "Mozilla/5.0 (compatible; DotBot/1.2; +https://opensiteexplorer.org/dotbot; help@moz.com)"
216.244.66.200 - - [01/Nov/2023:13:33:11 +0100] "GET /files/0326digitatallas_tervezet.pdf HTTP/1.1" 200 438459 "-" "Mozilla/5.0 (compatible; DotBot/1.2; +https://opensiteexplorer.org/dotbot; help@moz.com)"
216.244.66.200 - - [01/Nov/2023:13:33:36 +0100] "GET /files/090518_jogszabterv_ekk_frekvencia.pdf HTTP/1.1" 200 266955 "-" "Mozilla/5.0 (compatible; DotBot/1.2; +https://opensiteexplorer.org/dotbot; help@moz.com)"
216.244.66.200 - - [01/Nov/2023:13:34:00 +0100] "GET /files/143707F9699596340.doc HTTP/1.1" 200 288256 "-" "Mozilla/5.0 (compatible; DotBot/1.2; +https://opensiteexplorer.org/dotbot; help@moz.com)"
216.244.66.200 - - [01/Nov/2023:13:34:23 +0100] "GET /files/KHEM_8489_5_norma_0.doc HTTP/1.1" 200 144384 "-" "Mozilla/5.0 (compatible; DotBot/1.2; +https://opensiteexplorer.org/dotbot; help@moz.com)"
216.244.66.200 - - [01/Nov/2023:13:34:44 +0100] "GET /files/fogyved_birsag_terv_071119.pdf HTTP/1.1" 200 271345 "-" "Mozilla/5.0 (compatible; DotBot/1.2; +https://opensiteexplorer.org/dotbot; help@moz.com)"
216.244.66.200 - - [01/Nov/2023:13:35:05 +0100] "GET /files/fogyvedtan_terv_080220.pdf HTTP/1.1" 200 251140 "-" "Mozilla/5.0 (compatible; DotBot/1.2; +https://opensiteexplorer.org/dotbot; help@moz.com)"
216.244.66.200 - - [01/Nov/2023:13:35:25 +0100] "GET /files/gyermved_gyamugy_tv_terv_090209.pdf HTTP/1.1" 200 506744 "-" "Mozilla/5.0 (compatible; DotBot/1.2; +https://opensiteexplorer.org/dotbot; help@moz.com)"
216.244.66.200 - - [01/Nov/2023:13:35:42 +0100] "GET /files/madrid_abu_dhabi_080613.pdf HTTP/1.1" 200 236515 "-" "Mozilla/5.0 (compatible; DotBot/1.2; +https://opensiteexplorer.org/dotbot; help@moz.com)"
216.244.66.200 - - [01/Nov/2023:13:35:59 +0100] "GET /files/mediacios_rendelkezesek_a_be_-ben.pdf HTTP/1.1" 200 63402 "-" "Mozilla/5.0 (compatible; DotBot/1.2; +https://opensiteexplorer.org/dotbot; help@moz.com)"
216.244.66.200 - - [01/Nov/2023:13:36:21 +0100] "GET /files/munkaugyi_kapcsolatok_terv_090217.pdf HTTP/1.1" 200 236916 "-" "Mozilla/5.0 (compatible; DotBot/1.2; +https://opensiteexplorer.org/dotbot; help@moz.com)"
216.244.66.200 - - [01/Nov/2023:13:36:53 +0100] "GET /files/nemz_kieg_tam_terv_081111.pdf HTTP/1.1" 200 134762 "-" "Mozilla/5.0 (compatible; DotBot/1.2; +https://opensiteexplorer.org/dotbot; help@moz.com)"
216.244.66.200 - - [01/Nov/2023:13:37:29 +0100] "GET /files/peresnemperes-eloterj.doc HTTP/1.1" 200 1201664 "-" "Mozilla/5.0 (compatible; DotBot/1.2; +https://opensiteexplorer.org/dotbot; help@moz.com)"
216.244.66.200 - - [01/Nov/2023:13:37:58 +0100] "GET /files/rkf_09.04.22._tervezet_honlapra.doc HTTP/1.1" 200 80384 "-" "Mozilla/5.0 (compatible; DotBot/1.2; +https://opensiteexplorer.org/dotbot; help@moz.com)"
216.244.66.200 - - [01/Nov/2023:13:38:27 +0100] "GET /files/tervezet_Bodrogszeg.pdf HTTP/1.1" 200 187638 "-" "Mozilla/5.0 (compatible; DotBot/1.2; +https://opensiteexplorer.org/dotbot; help@moz.com)"
47.128.25.42 - - [01/Nov/2023:13:39:25 +0100] "GET /node?page=246 HTTP/1.1" 200 - "-" "Mozilla/5.0 (Linux; Android 5.0) AppleWebKit/537.36 (KHTML, like Gecko) Mobile Safari/537.36 (compatible; Bytespider; spider-feedback@bytedance.com)"
216.244.66.200 - - [01/Nov/2023:13:39:26 +0100] "GET /files/Indokol%C3%83%C2%A1s-63-1997.m%C3%83%C2%B3d..doc HTTP/1.1" 200 - "-" "Mozilla/5.0 (compatible; DotBot/1.2; +https://opensiteexplorer.org/dotbot; help@moz.com)"
70.29.42.59 - - [01/Nov/2023:13:39:52 +0100] "GET /user/register HTTP/1.1" 200 - "-" "Mozilla/5.0 (Linux; Android 6.0; Nexus 5 Build/MRA58N) AppleWebKit/537.36 (KHTML, like Gecko) Chrome/41.0.9597.1599 Mobile Safari/537.36"
216.244.66.200 - - [01/Nov/2023:13:40:16 +0100] "GET /files/eg%C3%83%C2%BC_t%C3%83%C2%A1rgy%C3%83%C2%BA_korm_rend_mod.doc HTTP/1.1" 200 - "-" "Mozilla/5.0 (compatible; DotBot/1.2; +https://opensiteexplorer.org/dotbot; help@moz.com)"
66.249.66.86 - - [01/Nov/2023:13:50:44 +0100] "GET /taxonomy/term/38%2040%2039?page=12 HTTP/1.1" 200 - "-" "Mozilla/5.0 (compatible; Googlebot/2.1; +http://www.google.com/bot.html)"
207.46.13.151 - - [01/Nov/2023:14:01:22 +0100] "GET /files/Nemzeti_Jelent__s_3_t__rcaegy_szakmapolra_0709.doc HTTP/1.1" 200 1839616 "-" "Mozilla/5.0 AppleWebKit/537.36 (KHTML, like Gecko; compatible; bingbot/2.0; +http://www.bing.com/bingbot.htm) Chrome/103.0.5060.134 Safari/537.36"
66.249.66.86 - - [01/Nov/2023:14:01:29 +0100] "GET /files/szakkepesitesek_megszerv_vizsga_060413.pdf HTTP/1.1" 200 305958 "-" "Mozilla/5.0 (compatible; Googlebot/2.1; +http://www.google.com/bot.html)"
216.244.66.200 - - [01/Nov/2023:14:13:21 +0100] "GET /robots.txt HTTP/1.1" 200 1590 "-" "Mozilla/5.0 (compatible; DotBot/1.2; +https://opensiteexplorer.org/dotbot; help@moz.com)"
216.244.66.200 - - [01/Nov/2023:14:13:21 +0100] "GET /robots.txt HTTP/1.1" 200 1590 "-" "Mozilla/5.0 (compatible; DotBot/1.2; +https://opensiteexplorer.org/dotbot; help@moz.com)"
216.244.66.200 - - [01/Nov/2023:14:31:02 +0100] "GET /files/27_2002hm_rend_honlapra.pdf HTTP/1.1" 200 91754 "-" "Mozilla/5.0 (compatible; DotBot/1.2; +https://opensiteexplorer.org/dotbot; help@moz.com)"
216.244.66.200 - - [01/Nov/2023:14:31:14 +0100] "GET /files/felsoo_rend_terv_080603.pdf HTTP/1.1" 200 341149 "-" "Mozilla/5.0 (compatible; DotBot/1.2; +https://opensiteexplorer.org/dotbot; help@moz.com)"
216.244.66.200 - - [01/Nov/2023:14:31:26 +0100] "GET /files/igugyszakerto_terv_070717.pdf HTTP/1.1" 200 175746 "-" "Mozilla/5.0 (compatible; DotBot/1.2; +https://opensiteexplorer.org/dotbot; help@moz.com)"
216.244.66.200 - - [01/Nov/2023:14:31:38 +0100] "GET /files/ptk.dologi_jog_0.pdf HTTP/1.1" 200 141671 "-" "Mozilla/5.0 (compatible; DotBot/1.2; +https://opensiteexplorer.org/dotbot; help@moz.com)"
216.244.66.200 - - [01/Nov/2023:14:31:52 +0100] "GET /files/tervezet_kerka.pdf HTTP/1.1" 200 183299 "-" "Mozilla/5.0 (compatible; DotBot/1.2; +https://opensiteexplorer.org/dotbot; help@moz.com)"
216.244.66.200 - - [01/Nov/2023:14:32:07 +0100] "GET /files/utravalohonlapra_02_14.pdf HTTP/1.1" 200 175291 "-" "Mozilla/5.0 (compatible; DotBot/1.2; +https://opensiteexplorer.org/dotbot; help@moz.com)"
216.244.66.200 - - [01/Nov/2023:14:32:28 +0100] "GET /files/091106_hitelesites_eloterjesztes.pdf HTTP/1.1" 200 206354 "-" "Mozilla/5.0 (compatible; DotBot/1.2; +https://opensiteexplorer.org/dotbot; help@moz.com)"
216.244.66.200 - - [01/Nov/2023:14:32:44 +0100] "GET /files/36per2009_EuM_rend_mod_100408.doc HTTP/1.1" 200 43008 "-" "Mozilla/5.0 (compatible; DotBot/1.2; +https://opensiteexplorer.org/dotbot; help@moz.com)"
216.244.66.200 - - [01/Nov/2023:14:32:59 +0100] "GET /files/74per1999eum_rend_mod_090317.doc HTTP/1.1" 200 31744 "-" "Mozilla/5.0 (compatible; DotBot/1.2; +https://opensiteexplorer.org/dotbot; help@moz.com)"
216.244.66.200 - - [01/Nov/2023:14:33:16 +0100] "GET /files/bny_adatszolgaltatas_honlapra.doc HTTP/1.1" 200 140288 "-" "Mozilla/5.0 (compatible; DotBot/1.2; +https://opensiteexplorer.org/dotbot; help@moz.com)"
216.244.66.200 - - [01/Nov/2023:14:33:35 +0100] "GET /files/ktgv_rdsz_megujitasa-fuggelek.pdf HTTP/1.1" 200 626013 "-" "Mozilla/5.0 (compatible; DotBot/1.2; +https://opensiteexplorer.org/dotbot; help@moz.com)"
216.244.66.200 - - [01/Nov/2023:14:34:16 +0100] "GET /files/talajvedelem_fvm_velemenyezesre.pdf HTTP/1.1" 200 379774 "-" "Mozilla/5.0 (compatible; DotBot/1.2; +https://opensiteexplorer.org/dotbot; help@moz.com)"
216.244.66.200 - - [01/Nov/2023:14:34:54 +0100] "GET /files/tervezet_13-2001-mod_kozig.pdf HTTP/1.1" 200 202464 "-" "Mozilla/5.0 (compatible; DotBot/1.2; +https://opensiteexplorer.org/dotbot; help@moz.com)"
216.244.66.200 - - [01/Nov/2023:14:35:35 +0100] "GET /files/a_jogszabalyok_elokesziteseben_valo_tarsadalmi_reszvetelrol.pdf HTTP/1.1" 200 276710 "-" "Mozilla/5.0 (compatible; DotBot/1.2; +https://opensiteexplorer.org/dotbot; help@moz.com)"
216.244.66.200 - - [01/Nov/2023:14:36:12 +0100] "GET /files/hm_rendelet_tervezet_oltozkodesi_szabalyzat_modositas.pdf HTTP/1.1" 200 207416 "-" "Mozilla/5.0 (compatible; DotBot/1.2; +https://opensiteexplorer.org/dotbot; help@moz.com)"
216.244.66.200 - - [01/Nov/2023:14:37:15 +0100] "GET /files/k%C3%83%C2%B6zforgalm%C3%83%C2%BA_patika_t%C3%83%C2%A1rc%C3%83%C2%A1ra.doc HTTP/1.1" 200 - "-" "Mozilla/5.0 (compatible; DotBot/1.2; +https://opensiteexplorer.org/dotbot; help@moz.com)"
216.244.66.200 - - [01/Nov/2023:14:38:05 +0100] "GET /files/normasz%C3%83%C2%B6veg%20%C3%83%C2%A9s%20indokol%C3%83%C2%A1s.doc HTTP/1.1" 200 - "-" "Mozilla/5.0 (compatible; DotBot/1.2; +https://opensiteexplorer.org/dotbot; help@moz.com)"
216.244.66.200 - - [01/Nov/2023:14:38:55 +0100] "GET /files/v%C3%83%C2%A1r%C3%83%C2%B3lista_rend_terv_t%C3%83%C2%A1rc%C3%83%C2%A1ra.doc HTTP/1.1" 200 - "-" "Mozilla/5.0 (compatible; DotBot/1.2; +https://opensiteexplorer.org/dotbot; help@moz.com)"
216.244.66.200 - - [01/Nov/2023:14:39:17 +0100] "GET /files/NFGM9521.pdf HTTP/1.1" 200 216447 "-" "Mozilla/5.0 (compatible; DotBot/1.2; +https://opensiteexplorer.org/dotbot; help@moz.com)"
216.244.66.200 - - [01/Nov/2023:14:39:54 +0100] "GET /files/TK1132.pdf HTTP/1.1" 200 164836 "-" "Mozilla/5.0 (compatible; DotBot/1.2; +https://opensiteexplorer.org/dotbot; help@moz.com)"
216.244.66.200 - - [01/Nov/2023:14:40:46 +0100] "GET /files/jogugyletek.doc HTTP/1.1" 200 435441 "-" "Mozilla/5.0 (compatible; DotBot/1.2; +https://opensiteexplorer.org/dotbot; help@moz.com)"
216.244.66.200 - - [01/Nov/2023:14:41:31 +0100] "GET /files/titkosszolgalat.doc HTTP/1.1" 200 261632 "-" "Mozilla/5.0 (compatible; DotBot/1.2; +https://opensiteexplorer.org/dotbot; help@moz.com)"
216.244.66.200 - - [01/Nov/2023:14:42:20 +0100] "GET /files/uam_terv_080929.pdf HTTP/1.1" 200 431151 "-" "Mozilla/5.0 (compatible; DotBot/1.2; +https://opensiteexplorer.org/dotbot; help@moz.com)"
216.244.66.200 - - [01/Nov/2023:14:42:55 +0100] "GET /files/0223_T_rc_ra_H_v_z_rendelet.doc HTTP/1.1" 200 62464 "-" "Mozilla/5.0 (compatible; DotBot/1.2; +https://opensiteexplorer.org/dotbot; help@moz.com)"
216.244.66.200 - - [01/Nov/2023:14:43:39 +0100] "GET /files/0223_igszolg_md_rendelet.doc HTTP/1.1" 200 299520 "-" "Mozilla/5.0 (compatible; DotBot/1.2; +https://opensiteexplorer.org/dotbot; help@moz.com)"
216.244.66.200 - - [01/Nov/2023:14:44:13 +0100] "GET /files/0323_T_rc_ra_T_t_nyi_fenns_k.doc HTTP/1.1" 200 60928 "-" "Mozilla/5.0 (compatible; DotBot/1.2; +https://opensiteexplorer.org/dotbot; help@moz.com)"
216.244.66.200 - - [01/Nov/2023:14:44:45 +0100] "GET /files/5116_hrsz_indokolas.rtf.txt HTTP/1.1" 200 13931 "-" "Mozilla/5.0 (compatible; DotBot/1.2; +https://opensiteexplorer.org/dotbot; help@moz.com)"
216.244.66.200 - - [01/Nov/2023:14:45:17 +0100] "GET /files/KHEM_3827_7norma.doc HTTP/1.1" 200 65024 "-" "Mozilla/5.0 (compatible; DotBot/1.2; +https://opensiteexplorer.org/dotbot; help@moz.com)"
216.244.66.200 - - [01/Nov/2023:14:45:58 +0100] "GET /files/Uhg_mod_kr_kozig.pdf HTTP/1.1" 200 197927 "-" "Mozilla/5.0 (compatible; DotBot/1.2; +https://opensiteexplorer.org/dotbot; help@moz.com)"
66.249.66.86 - - [01/Nov/2023:14:46:28 +0100] "GET /files/tamszolg_terv_080630.pdf HTTP/1.1" 304 - "-" "Mozilla/5.0 (compatible; Googlebot/2.1; +http://www.google.com/bot.html)"
216.244.66.200 - - [01/Nov/2023:14:46:51 +0100] "GET /files/digitalis_musorterjesztes.doc HTTP/1.1" 200 364489 "-" "Mozilla/5.0 (compatible; DotBot/1.2; +https://opensiteexplorer.org/dotbot; help@moz.com)"
66.249.66.85 - - [01/Nov/2023:14:47:00 +0100] "GET /files/14_4.pdf HTTP/1.1" 304 - "-" "Mozilla/5.0 (compatible; Googlebot/2.1; +http://www.google.com/bot.html)"
216.244.66.200 - - [01/Nov/2023:14:47:40 +0100] "GET /files/egyes_szocialis_terv_071119.pdf HTTP/1.1" 200 574187 "-" "Mozilla/5.0 (compatible; DotBot/1.2; +https://opensiteexplorer.org/dotbot; help@moz.com)"
216.244.66.200 - - [01/Nov/2023:14:48:15 +0100] "GET /files/ellelmezesi_ellatas.pdf HTTP/1.1" 200 94842 "-" "Mozilla/5.0 (compatible; DotBot/1.2; +https://opensiteexplorer.org/dotbot; help@moz.com)"
216.244.66.200 - - [01/Nov/2023:14:48:52 +0100] "GET /files/epitesi_beruhazasok_koranyrendelet_.pdf HTTP/1.1" 200 230668 "-" "Mozilla/5.0 (compatible; DotBot/1.2; +https://opensiteexplorer.org/dotbot; help@moz.com)"
47.128.22.231 - - [01/Nov/2023:14:49:01 +0100] "GET /node?page=242 HTTP/1.1" 200 - "-" "Mozilla/5.0 (Linux; Android 5.0) AppleWebKit/537.36 (KHTML, like Gecko) Mobile Safari/537.36 (compatible; Bytespider; spider-feedback@bytedance.com)"
172.56.10.98 - - [01/Nov/2023:14:49:03 +0100] "GET /node/2559 HTTP/1.1" 200 - "-" "Mozilla/5.0 (Linux; Android 5.0; SM-G900P Build/LRX21T) AppleWebKit/537.36 (KHTML, like Gecko) Chrome/58.0.3667.1554 Mobile Safari/537.36"
216.244.66.200 - - [01/Nov/2023:14:49:28 +0100] "GET /files/rendelet_ugykezeles_nyilv_szakmapol.doc HTTP/1.1" 200 71680 "-" "Mozilla/5.0 (compatible; DotBot/1.2; +https://opensiteexplorer.org/dotbot; help@moz.com)"
216.244.66.200 - - [01/Nov/2023:14:50:13 +0100] "GET /files/tankonyvrend_terv_090721.pdf HTTP/1.1" 200 317759 "-" "Mozilla/5.0 (compatible; DotBot/1.2; +https://opensiteexplorer.org/dotbot; help@moz.com)"
216.244.66.200 - - [01/Nov/2023:14:51:16 +0100] "GET /user/432/notify HTTP/1.1" 200 - "-" "Mozilla/5.0 (compatible; DotBot/1.2; +https://opensiteexplorer.org/dotbot; help@moz.com)"
44.231.202.44 - - [01/Nov/2023:14:59:21 +0100] "GET /taxonomy/term/29 HTTP/1.1" 200 - "-" "fidget-spinner-bot"
44.231.202.44 - - [01/Nov/2023:14:59:32 +0100] "GET /taxonomy/term/29 HTTP/1.1" 200 - "-" "fidget-spinner-bot"
78.131.106.223 - - [01/Nov/2023:15:09:51 +0100] "GET /files/mentes_gyogyszerrendeles_min_rend_terv_0909011.doc HTTP/1.1" 200 388096 "-" "Mozilla/5.0 (Linux; Android 10; K) AppleWebKit/537.36 (KHTML, like Gecko) Chrome/118.0.0.0 Mobile Safari/537.36"
216.244.66.200 - - [01/Nov/2023:15:12:21 +0100] "GET /robots.txt HTTP/1.1" 200 1590 "-" "Mozilla/5.0 (compatible; DotBot/1.2; +https://opensiteexplorer.org/dotbot; help@moz.com)"
216.244.66.200 - - [01/Nov/2023:15:12:21 +0100] "GET /robots.txt HTTP/1.1" 200 1590 "-" "Mozilla/5.0 (compatible; DotBot/1.2; +https://opensiteexplorer.org/dotbot; help@moz.com)"
47.128.37.96 - - [01/Nov/2023:15:17:13 +0100] "GET /taxonomy/term/89 HTTP/1.1" 200 - "-" "Mozilla/5.0 (Linux; Android 5.0) AppleWebKit/537.36 (KHTML, like Gecko) Mobile Safari/537.36 (compatible; Bytespider; spider-feedback@bytedance.com)"
41.86.43.62 - - [01/Nov/2023:15:17:54 +0100] "GET /files/tk19.pdf HTTP/1.1" 200 194017 "https://www.google.hu/" "Mozilla/5.0 (Macintosh; Intel Mac OS X 10_15_6) AppleWebKit/605.1.15 (KHTML, like Gecko) Version/15.6.1 Safari/605.1.15"
41.86.43.62 - - [01/Nov/2023:15:17:56 +0100] "GET /favicon.ico HTTP/1.1" 404 57 "http://www.jogalkotas.hu/files/tk19.pdf" "Mozilla/5.0 (Macintosh; Intel Mac OS X 10_15_6) AppleWebKit/605.1.15 (KHTML, like Gecko) Version/15.6.1 Safari/605.1.15"
176.63.5.97 - - [01/Nov/2023:15:23:31 +0100] "GET /files/ptk.dologi_jog.pdf HTTP/1.1" 200 141671 "https://www.google.com/" "Mozilla/5.0 (Windows NT 10.0; Win64; x64) AppleWebKit/537.36 (KHTML, like Gecko) Chrome/118.0.0.0 Safari/537.36"
176.63.5.97 - - [01/Nov/2023:15:23:32 +0100] "GET /favicon.ico HTTP/1.1" 404 57 "http://www.jogalkotas.hu/files/ptk.dologi_jog.pdf" "Mozilla/5.0 (Windows NT 10.0; Win64; x64) AppleWebKit/537.36 (KHTML, like Gecko) Chrome/118.0.0.0 Safari/537.36"
216.244.66.200 - - [01/Nov/2023:15:24:54 +0100] "GET /files/KHEM_1224_5normaszoveg.doc HTTP/1.1" 200 412273 "-" "Mozilla/5.0 (compatible; DotBot/1.2; +https://opensiteexplorer.org/dotbot; help@moz.com)"
216.244.66.200 - - [01/Nov/2023:15:25:24 +0100] "GET /files/kozokt_kozalk_terv_090416.pdf HTTP/1.1" 200 373180 "-" "Mozilla/5.0 (compatible; DotBot/1.2; +https://opensiteexplorer.org/dotbot; help@moz.com)"
216.244.66.200 - - [01/Nov/2023:15:25:50 +0100] "GET /files/villamos_halo.pdf HTTP/1.1" 200 171297 "-" "Mozilla/5.0 (compatible; DotBot/1.2; +https://opensiteexplorer.org/dotbot; help@moz.com)"
216.244.66.200 - - [01/Nov/2023:15:26:43 +0100] "GET /files/090825_jogszabterv_kijel_rend.pdf HTTP/1.1" 200 387659 "-" "Mozilla/5.0 (compatible; DotBot/1.2; +https://opensiteexplorer.org/dotbot; help@moz.com)"
216.244.66.200 - - [01/Nov/2023:15:27:18 +0100] "GET /files/gyermek_gyamugy_rendterv_061102.pdf HTTP/1.1" 200 176528 "-" "Mozilla/5.0 (compatible; DotBot/1.2; +https://opensiteexplorer.org/dotbot; help@moz.com)"
216.244.66.200 - - [01/Nov/2023:15:27:55 +0100] "GET /files/okm_alapitvanyok_terv_080620.pdf HTTP/1.1" 200 129358 "-" "Mozilla/5.0 (compatible; DotBot/1.2; +https://opensiteexplorer.org/dotbot; help@moz.com)"
66.249.66.85 - - [01/Nov/2023:15:27:55 +0100] "GET /files/2_sz_melleklet_061031.pdf HTTP/1.1" 200 56446 "-" "Mozilla/5.0 (compatible; Googlebot/2.1; +http://www.google.com/bot.html)"
216.244.66.200 - - [01/Nov/2023:15:28:31 +0100] "GET /files/rendorifairmrend_2007_marc.doc HTTP/1.1" 200 57344 "-" "Mozilla/5.0 (compatible; DotBot/1.2; +https://opensiteexplorer.org/dotbot; help@moz.com)"
216.244.66.200 - - [01/Nov/2023:15:29:02 +0100] "GET /files/termeszet_vedelmi_orszolg_tervezet.pdf HTTP/1.1" 200 30701 "-" "Mozilla/5.0 (compatible; DotBot/1.2; +https://opensiteexplorer.org/dotbot; help@moz.com)"
216.244.66.200 - - [01/Nov/2023:15:29:37 +0100] "GET /files/1025_2_K_z_s_Korm_ny_l_s_KVB_Jkv_kormel__061010.doc HTTP/1.1" 200 188416 "-" "Mozilla/5.0 (compatible; DotBot/1.2; +https://opensiteexplorer.org/dotbot; help@moz.com)"
216.244.66.200 - - [01/Nov/2023:15:30:40 +0100] "GET /files/50_2002___iii__26___korm__rendelet_m%C3%83%C2%B3dos%C3%83%C2%ADt%C3%83%C2%A1sa_6-1.doc HTTP/1.1" 200 - "-" "Mozilla/5.0 (compatible; DotBot/1.2; +https://opensiteexplorer.org/dotbot; help@moz.com)"
216.244.66.200 - - [01/Nov/2023:15:31:31 +0100] "GET /files/jogviszony-ellen%C3%85%E2%80%98rz%C3%83%C2%A9s%20korm.%20el%C3%85%E2%80%98terjeszt%C3%83%C2%A9s.doc HTTP/1.1" 200 - "-" "Mozilla/5.0 (compatible; DotBot/1.2; +https://opensiteexplorer.org/dotbot; help@moz.com)"
216.244.66.200 - - [01/Nov/2023:15:32:01 +0100] "GET /files/11134.pdf HTTP/1.1" 200 170109 "-" "Mozilla/5.0 (compatible; DotBot/1.2; +https://opensiteexplorer.org/dotbot; help@moz.com)"
216.244.66.200 - - [01/Nov/2023:15:32:36 +0100] "GET /files/1mell0125.pdf HTTP/1.1" 200 127751 "-" "Mozilla/5.0 (compatible; DotBot/1.2; +https://opensiteexplorer.org/dotbot; help@moz.com)"
216.244.66.200 - - [01/Nov/2023:15:33:21 +0100] "GET /files/22188-5.zip HTTP/1.1" 200 226667 "-" "Mozilla/5.0 (compatible; DotBot/1.2; +https://opensiteexplorer.org/dotbot; help@moz.com)"
216.244.66.200 - - [01/Nov/2023:15:34:03 +0100] "GET /files/T5125.doc HTTP/1.1" 200 152576 "-" "Mozilla/5.0 (compatible; DotBot/1.2; +https://opensiteexplorer.org/dotbot; help@moz.com)"
216.244.66.200 - - [01/Nov/2023:15:34:37 +0100] "GET /files/normasz__veg.doc HTTP/1.1" 200 71168 "-" "Mozilla/5.0 (compatible; DotBot/1.2; +https://opensiteexplorer.org/dotbot; help@moz.com)"
216.244.66.200 - - [01/Nov/2023:15:35:17 +0100] "GET /files/regeszet_070111.pdf HTTP/1.1" 200 173642 "-" "Mozilla/5.0 (compatible; DotBot/1.2; +https://opensiteexplorer.org/dotbot; help@moz.com)"
216.244.66.200 - - [01/Nov/2023:15:36:10 +0100] "GET /files/tartas.pdf HTTP/1.1" 200 509292 "-" "Mozilla/5.0 (compatible; DotBot/1.2; +https://opensiteexplorer.org/dotbot; help@moz.com)"
216.244.66.200 - - [01/Nov/2023:15:36:44 +0100] "GET /files/090724_jszterv_frekvencia.pdf HTTP/1.1" 200 110477 "-" "Mozilla/5.0 (compatible; DotBot/1.2; +https://opensiteexplorer.org/dotbot; help@moz.com)"
216.244.66.200 - - [01/Nov/2023:15:37:22 +0100] "GET /files/13919_5__2_Mexiko.pdf HTTP/1.1" 200 195789 "-" "Mozilla/5.0 (compatible; DotBot/1.2; +https://opensiteexplorer.org/dotbot; help@moz.com)"
216.244.66.200 - - [01/Nov/2023:15:38:15 +0100] "GET /files/89_1995_mod_terv_080708.pdf HTTP/1.1" 200 762692 "-" "Mozilla/5.0 (compatible; DotBot/1.2; +https://opensiteexplorer.org/dotbot; help@moz.com)"
216.244.66.200 - - [01/Nov/2023:15:38:46 +0100] "GET /files/KHEM_178_8_norma.doc HTTP/1.1" 200 93184 "-" "Mozilla/5.0 (compatible; DotBot/1.2; +https://opensiteexplorer.org/dotbot; help@moz.com)"
216.244.66.200 - - [01/Nov/2023:15:39:18 +0100] "GET /files/_rdlgmeub1e8mn6ujcdtr84rhi_.doc HTTP/1.1" 200 54272 "-" "Mozilla/5.0 (compatible; DotBot/1.2; +https://opensiteexplorer.org/dotbot; help@moz.com)"
216.244.66.200 - - [01/Nov/2023:15:39:52 +0100] "GET /files/diakig_terv_080606.pdf HTTP/1.1" 200 225018 "-" "Mozilla/5.0 (compatible; DotBot/1.2; +https://opensiteexplorer.org/dotbot; help@moz.com)"
216.244.66.200 - - [01/Nov/2023:15:40:26 +0100] "GET /files/ecdl_alligra_honlap_060222.pdf HTTP/1.1" 200 208040 "-" "Mozilla/5.0 (compatible; DotBot/1.2; +https://opensiteexplorer.org/dotbot; help@moz.com)"
216.244.66.200 - - [01/Nov/2023:15:41:01 +0100] "GET /files/eloterj_nkt2_kr_kozig_2007_12.pdf HTTP/1.1" 200 311781 "-" "Mozilla/5.0 (compatible; DotBot/1.2; +https://opensiteexplorer.org/dotbot; help@moz.com)"
216.244.66.200 - - [01/Nov/2023:15:41:31 +0100] "GET /files/im_rendelet_a_cstv_szerinti.pdf HTTP/1.1" 200 66716 "-" "Mozilla/5.0 (compatible; DotBot/1.2; +https://opensiteexplorer.org/dotbot; help@moz.com)"
216.244.66.200 - - [01/Nov/2023:15:42:00 +0100] "GET /files/indokolas_mutragya2.pdf HTTP/1.1" 200 81408 "-" "Mozilla/5.0 (compatible; DotBot/1.2; +https://opensiteexplorer.org/dotbot; help@moz.com)"
216.244.66.200 - - [01/Nov/2023:15:42:49 +0100] "GET /files/kbszrprbl_100324.zip HTTP/1.1" 200 2101821 "-" "Mozilla/5.0 (compatible; DotBot/1.2; +https://opensiteexplorer.org/dotbot; help@moz.com)"
216.244.66.200 - - [01/Nov/2023:15:43:22 +0100] "GET /files/nca_50_terv_080414.pdf HTTP/1.1" 200 306001 "-" "Mozilla/5.0 (compatible; DotBot/1.2; +https://opensiteexplorer.org/dotbot; help@moz.com)"
216.244.66.200 - - [01/Nov/2023:15:43:54 +0100] "GET /files/utazasi_uj_korm_rend__0805.pdf HTTP/1.1" 200 237669 "-" "Mozilla/5.0 (compatible; DotBot/1.2; +https://opensiteexplorer.org/dotbot; help@moz.com)"
216.244.66.200 - - [01/Nov/2023:15:44:54 +0100] "GET /files/Korm-eloterjesztes-IH-rend-mod_k%C3%83%C2%B6zigre_090723.doc HTTP/1.1" 200 - "-" "Mozilla/5.0 (compatible; DotBot/1.2; +https://opensiteexplorer.org/dotbot; help@moz.com)"
216.244.66.200 - - [01/Nov/2023:15:45:44 +0100] "GET /files/O%C3%83%E2%80%B0TI_t%C3%83%C2%A1rca071203.doc HTTP/1.1" 200 - "-" "Mozilla/5.0 (compatible; DotBot/1.2; +https://opensiteexplorer.org/dotbot; help@moz.com)"
216.244.66.200 - - [01/Nov/2023:15:46:04 +0100] "GET /files/megfelelesi_tablazat-juh_es_kecske_enar_modositas.rtf.txt HTTP/1.1" 200 61955 "-" "Mozilla/5.0 (compatible; DotBot/1.2; +https://opensiteexplorer.org/dotbot; help@moz.com)"
216.244.66.200 - - [01/Nov/2023:15:46:35 +0100] "GET /files/munkaanyag_25per2006_IM_rendelet_mod.10.28..doc HTTP/1.1" 200 142848 "-" "Mozilla/5.0 (compatible; DotBot/1.2; +https://opensiteexplorer.org/dotbot; help@moz.com)"
