66.249.66.165 - - [12/Nov/2023:21:28:44 +0100] "GET /files/alapf_muv_okt_kovet_II_060414.pdf HTTP/1.1" 200 584355 "-" "Mozilla/5.0 (compatible; Googlebot/2.1; +http://www.google.com/bot.html)"
216.244.66.200 - - [12/Nov/2023:21:30:19 +0100] "GET /node/23 HTTP/1.1" 200 - "-" "Mozilla/5.0 (compatible; DotBot/1.2; +https://opensiteexplorer.org/dotbot; help@moz.com)"
216.244.66.200 - - [12/Nov/2023:21:32:13 +0100] "GET /node/2539 HTTP/1.1" 200 - "-" "Mozilla/5.0 (compatible; DotBot/1.2; +https://opensiteexplorer.org/dotbot; help@moz.com)"
216.244.66.200 - - [12/Nov/2023:21:37:42 +0100] "GET /node?page=106 HTTP/1.1" 200 - "-" "Mozilla/5.0 (compatible; DotBot/1.2; +https://opensiteexplorer.org/dotbot; help@moz.com)"
216.244.66.200 - - [12/Nov/2023:21:38:34 +0100] "GET /node?page=119 HTTP/1.1" 200 - "-" "Mozilla/5.0 (compatible; DotBot/1.2; +https://opensiteexplorer.org/dotbot; help@moz.com)"
216.244.66.200 - - [12/Nov/2023:21:39:24 +0100] "GET /node?page=14 HTTP/1.1" 200 - "-" "Mozilla/5.0 (compatible; DotBot/1.2; +https://opensiteexplorer.org/dotbot; help@moz.com)"
216.244.66.200 - - [12/Nov/2023:21:40:14 +0100] "GET /node?page=232 HTTP/1.1" 200 - "-" "Mozilla/5.0 (compatible; DotBot/1.2; +https://opensiteexplorer.org/dotbot; help@moz.com)"
216.244.66.200 - - [12/Nov/2023:21:41:05 +0100] "GET /node?page=70 HTTP/1.1" 200 - "-" "Mozilla/5.0 (compatible; DotBot/1.2; +https://opensiteexplorer.org/dotbot; help@moz.com)"
216.244.66.200 - - [12/Nov/2023:21:41:55 +0100] "GET /node?page=91 HTTP/1.1" 200 - "-" "Mozilla/5.0 (compatible; DotBot/1.2; +https://opensiteexplorer.org/dotbot; help@moz.com)"
216.244.66.200 - - [12/Nov/2023:21:42:46 +0100] "GET /node?page=58 HTTP/1.1" 200 - "-" "Mozilla/5.0 (compatible; DotBot/1.2; +https://opensiteexplorer.org/dotbot; help@moz.com)"
216.244.66.200 - - [12/Nov/2023:21:43:36 +0100] "GET /node?page=60 HTTP/1.1" 200 - "-" "Mozilla/5.0 (compatible; DotBot/1.2; +https://opensiteexplorer.org/dotbot; help@moz.com)"
66.249.66.205 - - [12/Nov/2023:21:43:43 +0100] "GET /files/kozmuv_minosegrend_terv_100114.pdf HTTP/1.1" 304 - "-" "Mozilla/5.0 (Linux; Android 6.0.1; Nexus 5X Build/MMB29P) AppleWebKit/537.36 (KHTML, like Gecko) Chrome/119.0.6045.123 Mobile Safari/537.36 (compatible; Googlebot/2.1; +http://www.google.com/bot.html)"
134.255.46.255 - - [12/Nov/2023:21:47:30 +0100] "GET /files/norma_0317_kozigre.doc HTTP/1.1" 200 67783 "https://www.google.com/" "Mozilla/5.0 (Windows NT 10.0; Win64; x64) AppleWebKit/537.36 (KHTML, like Gecko) Chrome/119.0.0.0 Safari/537.36"
134.255.46.255 - - [12/Nov/2023:21:47:33 +0100] "GET /files/norma_0317_kozigre.doc HTTP/1.1" 206 1 "https://www.google.com/" "Mozilla/5.0 (Windows NT 10.0; Win64; x64) AppleWebKit/537.36 (KHTML, like Gecko) Chrome/119.0.0.0 Safari/537.36"
134.255.46.255 - - [12/Nov/2023:21:47:33 +0100] "GET /files/norma_0317_kozigre.doc HTTP/1.1" 206 67729 "https://www.google.com/" "Mozilla/5.0 (Windows NT 10.0; Win64; x64) AppleWebKit/537.36 (KHTML, like Gecko) Chrome/119.0.0.0 Safari/537.36"
134.255.46.255 - - [12/Nov/2023:21:47:36 +0100] "GET /files/norma_0317_kozigre.doc HTTP/1.1" 206 1 "https://www.google.com/" "Mozilla/5.0 (Windows NT 10.0; Win64; x64) AppleWebKit/537.36 (KHTML, like Gecko) Chrome/119.0.0.0 Safari/537.36"
134.255.46.255 - - [12/Nov/2023:21:47:36 +0100] "GET /files/norma_0317_kozigre.doc HTTP/1.1" 206 67729 "https://www.google.com/" "Mozilla/5.0 (Windows NT 10.0; Win64; x64) AppleWebKit/537.36 (KHTML, like Gecko) Chrome/119.0.0.0 Safari/537.36"
134.255.46.255 - - [12/Nov/2023:21:47:39 +0100] "GET /files/norma_0317_kozigre.doc HTTP/1.1" 206 1 "https://www.google.com/" "Mozilla/5.0 (Windows NT 10.0; Win64; x64) AppleWebKit/537.36 (KHTML, like Gecko) Chrome/119.0.0.0 Safari/537.36"
134.255.46.255 - - [12/Nov/2023:21:47:39 +0100] "GET /files/norma_0317_kozigre.doc HTTP/1.1" 206 67729 "https://www.google.com/" "Mozilla/5.0 (Windows NT 10.0; Win64; x64) AppleWebKit/537.36 (KHTML, like Gecko) Chrome/119.0.0.0 Safari/537.36"
134.255.46.255 - - [12/Nov/2023:21:47:42 +0100] "GET /files/norma_0317_kozigre.doc HTTP/1.1" 206 1 "https://www.google.com/" "Mozilla/5.0 (Windows NT 10.0; Win64; x64) AppleWebKit/537.36 (KHTML, like Gecko) Chrome/119.0.0.0 Safari/537.36"
134.255.46.255 - - [12/Nov/2023:21:47:42 +0100] "GET /files/norma_0317_kozigre.doc HTTP/1.1" 206 1 "https://www.google.com/" "Mozilla/5.0 (Windows NT 10.0; Win64; x64) AppleWebKit/537.36 (KHTML, like Gecko) Chrome/119.0.0.0 Safari/537.36"
134.255.46.255 - - [12/Nov/2023:21:47:42 +0100] "GET /files/norma_0317_kozigre.doc HTTP/1.1" 206 67729 "https://www.google.com/" "Mozilla/5.0 (Windows NT 10.0; Win64; x64) AppleWebKit/537.36 (KHTML, like Gecko) Chrome/119.0.0.0 Safari/537.36"
134.255.46.255 - - [12/Nov/2023:21:47:42 +0100] "GET /files/norma_0317_kozigre.doc HTTP/1.1" 206 67729 "https://www.google.com/" "Mozilla/5.0 (Windows NT 10.0; Win64; x64) AppleWebKit/537.36 (KHTML, like Gecko) Chrome/119.0.0.0 Safari/537.36"
134.255.46.255 - - [12/Nov/2023:21:47:48 +0100] "GET /files/norma_0317_kozigre.doc HTTP/1.1" 206 1 "https://www.google.com/" "Mozilla/5.0 (Windows NT 10.0; Win64; x64) AppleWebKit/537.36 (KHTML, like Gecko) Chrome/119.0.0.0 Safari/537.36"
134.255.46.255 - - [12/Nov/2023:21:47:48 +0100] "GET /files/norma_0317_kozigre.doc HTTP/1.1" 206 67729 "https://www.google.com/" "Mozilla/5.0 (Windows NT 10.0; Win64; x64) AppleWebKit/537.36 (KHTML, like Gecko) Chrome/119.0.0.0 Safari/537.36"
134.255.46.255 - - [12/Nov/2023:21:47:49 +0100] "GET /files/norma_0317_kozigre.doc HTTP/1.1" 206 1 "https://www.google.com/" "Mozilla/5.0 (Windows NT 10.0; Win64; x64) AppleWebKit/537.36 (KHTML, like Gecko) Chrome/119.0.0.0 Safari/537.36"
134.255.46.255 - - [12/Nov/2023:21:47:49 +0100] "GET /files/norma_0317_kozigre.doc HTTP/1.1" 206 67729 "https://www.google.com/" "Mozilla/5.0 (Windows NT 10.0; Win64; x64) AppleWebKit/537.36 (KHTML, like Gecko) Chrome/119.0.0.0 Safari/537.36"
134.255.46.255 - - [12/Nov/2023:21:47:49 +0100] "GET /files/norma_0317_kozigre.doc HTTP/1.1" 206 1 "https://www.google.com/" "Mozilla/5.0 (Windows NT 10.0; Win64; x64) AppleWebKit/537.36 (KHTML, like Gecko) Chrome/119.0.0.0 Safari/537.36"
134.255.46.255 - - [12/Nov/2023:21:47:49 +0100] "GET /files/norma_0317_kozigre.doc HTTP/1.1" 206 67729 "https://www.google.com/" "Mozilla/5.0 (Windows NT 10.0; Win64; x64) AppleWebKit/537.36 (KHTML, like Gecko) Chrome/119.0.0.0 Safari/537.36"
134.255.46.255 - - [12/Nov/2023:21:47:49 +0100] "GET /files/norma_0317_kozigre.doc HTTP/1.1" 206 1 "https://www.google.com/" "Mozilla/5.0 (Windows NT 10.0; Win64; x64) AppleWebKit/537.36 (KHTML, like Gecko) Chrome/119.0.0.0 Safari/537.36"
134.255.46.255 - - [12/Nov/2023:21:47:49 +0100] "GET /files/norma_0317_kozigre.doc HTTP/1.1" 206 67729 "https://www.google.com/" "Mozilla/5.0 (Windows NT 10.0; Win64; x64) AppleWebKit/537.36 (KHTML, like Gecko) Chrome/119.0.0.0 Safari/537.36"
134.255.46.255 - - [12/Nov/2023:21:47:50 +0100] "GET /files/norma_0317_kozigre.doc HTTP/1.1" 206 1 "https://www.google.com/" "Mozilla/5.0 (Windows NT 10.0; Win64; x64) AppleWebKit/537.36 (KHTML, like Gecko) Chrome/119.0.0.0 Safari/537.36"
134.255.46.255 - - [12/Nov/2023:21:47:50 +0100] "GET /files/norma_0317_kozigre.doc HTTP/1.1" 206 67729 "https://www.google.com/" "Mozilla/5.0 (Windows NT 10.0; Win64; x64) AppleWebKit/537.36 (KHTML, like Gecko) Chrome/119.0.0.0 Safari/537.36"
134.255.46.255 - - [12/Nov/2023:21:47:50 +0100] "GET /files/norma_0317_kozigre.doc HTTP/1.1" 206 1 "https://www.google.com/" "Mozilla/5.0 (Windows NT 10.0; Win64; x64) AppleWebKit/537.36 (KHTML, like Gecko) Chrome/119.0.0.0 Safari/537.36"
134.255.46.255 - - [12/Nov/2023:21:47:50 +0100] "GET /files/norma_0317_kozigre.doc HTTP/1.1" 206 326343 "https://www.google.com/" "Mozilla/5.0 (Windows NT 10.0; Win64; x64) AppleWebKit/537.36 (KHTML, like Gecko) Chrome/119.0.0.0 Safari/537.36"
134.255.46.255 - - [12/Nov/2023:21:47:51 +0100] "GET /files/norma_0317_kozigre.doc HTTP/1.1" 200 337920 "https://www.google.com/" "Mozilla/5.0 (Windows NT 10.0; Win64; x64) AppleWebKit/537.36 (KHTML, like Gecko) Chrome/119.0.0.0 Safari/537.36"
47.128.43.176 - - [12/Nov/2023:21:56:17 +0100] "GET /node/2555 HTTP/1.1" 200 - "-" "Mozilla/5.0 (Linux; Android 5.0) AppleWebKit/537.36 (KHTML, like Gecko) Mobile Safari/537.36 (compatible; Bytespider; spider-feedback@bytedance.com)"
20.191.45.212 - - [12/Nov/2023:21:56:26 +0100] "GET / HTTP/1.1" 200 - "http://www.jogalkotas.hu/" "Mozilla/5.0 (compatible; DuckDuckGo-Favicons-Bot/1.0; +http://duckduckgo.com)"
216.244.66.200 - - [12/Nov/2023:22:06:45 +0100] "GET /robots.txt HTTP/1.1" 200 1590 "-" "Mozilla/5.0 (compatible; DotBot/1.2; +https://opensiteexplorer.org/dotbot; help@moz.com)"
216.244.66.200 - - [12/Nov/2023:22:06:45 +0100] "GET /robots.txt HTTP/1.1" 200 1590 "-" "Mozilla/5.0 (compatible; DotBot/1.2; +https://opensiteexplorer.org/dotbot; help@moz.com)"
73.203.144.145 - - [12/Nov/2023:22:10:25 +0100] "GET /taxonomy/term/32 HTTP/1.1" 200 - "-" "Mozilla/5.0 (Linux; Android 8.0; Pixel 2 Build/OPD3.170816.012) AppleWebKit/537.36 (KHTML, like Gecko) Chrome/60.0.4909.1557 Mobile Safari/537.36"
216.244.66.200 - - [12/Nov/2023:22:12:16 +0100] "GET /node/2509 HTTP/1.1" 200 - "-" "Mozilla/5.0 (compatible; DotBot/1.2; +https://opensiteexplorer.org/dotbot; help@moz.com)"
66.249.66.203 - - [12/Nov/2023:22:13:43 +0100] "GET /files/vhvegyes-rendelet.doc HTTP/1.1" 200 104448 "-" "Mozilla/5.0 (compatible; Googlebot/2.1; +http://www.google.com/bot.html)"
47.128.56.129 - - [12/Nov/2023:22:14:50 +0100] "GET /taxonomy/term/72 HTTP/1.1" 200 - "-" "Mozilla/5.0 (Linux; Android 5.0) AppleWebKit/537.36 (KHTML, like Gecko) Mobile Safari/537.36 (compatible; Bytespider; spider-feedback@bytedance.com)"
66.249.66.164 - - [12/Nov/2023:22:17:44 +0100] "GET /files/kollegium_terv_090922.pdf HTTP/1.1" 304 - "-" "Mozilla/5.0 (Linux; Android 6.0.1; Nexus 5X Build/MMB29P) AppleWebKit/537.36 (KHTML, like Gecko) Chrome/119.0.6045.123 Mobile Safari/537.36 (compatible; Googlebot/2.1; +http://www.google.com/bot.html)"
216.244.66.200 - - [12/Nov/2023:22:19:19 +0100] "GET /node/33 HTTP/1.1" 200 - "-" "Mozilla/5.0 (compatible; DotBot/1.2; +https://opensiteexplorer.org/dotbot; help@moz.com)"
216.244.66.200 - - [12/Nov/2023:22:20:04 +0100] "GET /node?page=11 HTTP/1.1" 200 - "-" "Mozilla/5.0 (compatible; DotBot/1.2; +https://opensiteexplorer.org/dotbot; help@moz.com)"
216.244.66.200 - - [12/Nov/2023:22:20:37 +0100] "GET /node/2553 HTTP/1.1" 200 - "-" "Mozilla/5.0 (compatible; DotBot/1.2; +https://opensiteexplorer.org/dotbot; help@moz.com)"
216.244.66.200 - - [12/Nov/2023:22:21:27 +0100] "GET /node/2560 HTTP/1.1" 200 - "-" "Mozilla/5.0 (compatible; DotBot/1.2; +https://opensiteexplorer.org/dotbot; help@moz.com)"
216.244.66.200 - - [12/Nov/2023:22:22:18 +0100] "GET /node/2569 HTTP/1.1" 200 - "-" "Mozilla/5.0 (compatible; DotBot/1.2; +https://opensiteexplorer.org/dotbot; help@moz.com)"
216.244.66.200 - - [12/Nov/2023:22:26:30 +0100] "GET /node?page=122 HTTP/1.1" 200 - "-" "Mozilla/5.0 (compatible; DotBot/1.2; +https://opensiteexplorer.org/dotbot; help@moz.com)"
216.244.66.200 - - [12/Nov/2023:22:27:20 +0100] "GET /node?page=128 HTTP/1.1" 200 - "-" "Mozilla/5.0 (compatible; DotBot/1.2; +https://opensiteexplorer.org/dotbot; help@moz.com)"
216.244.66.200 - - [12/Nov/2023:22:28:11 +0100] "GET /node?page=160 HTTP/1.1" 200 - "-" "Mozilla/5.0 (compatible; DotBot/1.2; +https://opensiteexplorer.org/dotbot; help@moz.com)"
216.244.66.200 - - [12/Nov/2023:22:29:01 +0100] "GET /node?page=30 HTTP/1.1" 200 - "-" "Mozilla/5.0 (compatible; DotBot/1.2; +https://opensiteexplorer.org/dotbot; help@moz.com)"
216.244.66.200 - - [12/Nov/2023:22:29:53 +0100] "GET /node?page=245 HTTP/1.1" 200 - "-" "Mozilla/5.0 (compatible; DotBot/1.2; +https://opensiteexplorer.org/dotbot; help@moz.com)"
66.249.66.165 - - [12/Nov/2023:22:43:44 +0100] "GET /files/tankonyvrend_terv_090721.pdf HTTP/1.1" 200 317759 "-" "Mozilla/5.0 (Linux; Android 6.0.1; Nexus 5X Build/MMB29P) AppleWebKit/537.36 (KHTML, like Gecko) Chrome/119.0.6045.123 Mobile Safari/537.36 (compatible; Googlebot/2.1; +http://www.google.com/bot.html)"
95.163.255.131 - - [12/Nov/2023:22:54:34 +0100] "GET /robots.txt HTTP/1.0" 200 1590 "-" "Mozilla/5.0 (compatible; Linux x86_64; Mail.RU_Bot/Robots/2.0; +https://help.mail.ru/webmaster/indexing/robots)"
216.244.66.200 - - [12/Nov/2023:22:55:04 +0100] "GET /robots.txt HTTP/1.1" 200 1590 "-" "Mozilla/5.0 (compatible; DotBot/1.2; +https://opensiteexplorer.org/dotbot; help@moz.com)"
95.163.255.141 - - [12/Nov/2023:22:55:08 +0100] "GET / HTTP/1.1" 200 - "-" "Mozilla/5.0 (compatible; Linux x86_64; Mail.RU_Bot/Robots/2.0; +https://help.mail.ru/webmaster/indexing/robots)"
66.249.66.203 - - [12/Nov/2023:22:55:14 +0100] "GET /files/alapf_muv_okt_kovet_II_060414.pdf HTTP/1.1" 304 - "-" "Mozilla/5.0 (Linux; Android 6.0.1; Nexus 5X Build/MMB29P) AppleWebKit/537.36 (KHTML, like Gecko) Chrome/119.0.6045.123 Mobile Safari/537.36 (compatible; Googlebot/2.1; +http://www.google.com/bot.html)"
188.36.148.178 - - [12/Nov/2023:22:57:35 +0100] "GET /files/tamszolg_terv_080630.pdf HTTP/1.1" 200 245872 "-" "Mozilla/5.0 (Linux; Android 10; K) AppleWebKit/537.36 (KHTML, like Gecko) Chrome/119.0.0.0 Mobile Safari/537.36"
216.244.66.200 - - [12/Nov/2023:23:16:25 +0100] "GET /taxonomy/term/100?page=2 HTTP/1.1" 200 - "-" "Mozilla/5.0 (compatible; DotBot/1.2; +https://opensiteexplorer.org/dotbot; help@moz.com)"
66.249.66.164 - - [12/Nov/2023:23:28:43 +0100] "GET /files/alapf_muv_okt_kovet_II_060414.pdf HTTP/1.1" 304 - "-" "Mozilla/5.0 (Linux; Android 6.0.1; Nexus 5X Build/MMB29P) AppleWebKit/537.36 (KHTML, like Gecko) Chrome/119.0.6045.123 Mobile Safari/537.36 (compatible; Googlebot/2.1; +http://www.google.com/bot.html)"
66.249.66.163 - - [12/Nov/2023:23:32:44 +0100] "GET /files/b_3327_muemlek_061129.pdf HTTP/1.1" 304 - "-" "Mozilla/5.0 (Linux; Android 6.0.1; Nexus 5X Build/MMB29P) AppleWebKit/537.36 (KHTML, like Gecko) Chrome/119.0.6045.123 Mobile Safari/537.36 (compatible; Googlebot/2.1; +http://www.google.com/bot.html)"
27.253.6.168 - - [12/Nov/2023:23:46:48 +0100] "GET /node/2569 HTTP/1.1" 200 - "-" "Mozilla/5.0 (iPhone; CPU iPhone OS 11_0 like Mac OS X) AppleWebKit/537.36 (KHTML, like Gecko) Chrome/40.0.1674.1329 Mobile Safari/537.36"
35.175.187.255 - - [13/Nov/2023:00:11:55 +0100] "GET / HTTP/1.1" 200 - "-" "Mozilla/5.0 (iPhone; CPU iPhone OS 10_3_3 like Mac OS X) AppleWebKit/603.3.8 (KHTML, like Gecko) Version/10.0 Mobile/14G60 Safari/602.1"
66.249.66.205 - - [13/Nov/2023:00:17:43 +0100] "GET /files/ptk_kotelmi_jog.pdf HTTP/1.1" 304 - "-" "Mozilla/5.0 (Linux; Android 6.0.1; Nexus 5X Build/MMB29P) AppleWebKit/537.36 (KHTML, like Gecko) Chrome/119.0.6045.123 Mobile Safari/537.36 (compatible; Googlebot/2.1; +http://www.google.com/bot.html)"
69.244.88.217 - - [13/Nov/2023:00:18:34 +0100] "GET /node/2394 HTTP/1.1" 200 - "-" "Mozilla/5.0 (iPhone; CPU iPhone OS 11_0 like Mac OS X) AppleWebKit/537.36 (KHTML, like Gecko) Chrome/42.0.2900.1475 Mobile Safari/537.36"
73.67.111.187 - - [13/Nov/2023:00:20:18 +0100] "GET /taxonomy/term/98 HTTP/1.1" 200 - "-" "Mozilla/5.0 (iPhone; CPU iPhone OS 11_0 like Mac OS X) AppleWebKit/537.36 (KHTML, like Gecko) Chrome/53.0.9142.1443 Mobile Safari/537.36"
66.249.66.164 - - [13/Nov/2023:00:36:13 +0100] "GET /files/esely_felzark_070302.pdf HTTP/1.1" 304 - "-" "Mozilla/5.0 (Linux; Android 6.0.1; Nexus 5X Build/MMB29P) AppleWebKit/537.36 (KHTML, like Gecko) Chrome/119.0.6045.123 Mobile Safari/537.36 (compatible; Googlebot/2.1; +http://www.google.com/bot.html)"
88.99.238.79 - - [13/Nov/2023:00:48:38 +0100] "GET /ads.txt HTTP/1.0" 200 - "-" "Mozilla/5.0 (Windows NT 10.0; Win64; x64; rv:86.0) Gecko/20100101 Firefox/86.0"
52.167.144.65 - - [13/Nov/2023:00:49:57 +0100] "GET /robots.txt HTTP/1.1" 200 1590 "-" "Mozilla/5.0 AppleWebKit/537.36 (KHTML, like Gecko; compatible; bingbot/2.0; +http://www.bing.com/bingbot.htm) Chrome/103.0.5060.134 Safari/537.36"
207.46.13.151 - - [13/Nov/2023:00:50:36 +0100] "GET / HTTP/1.1" 200 - "-" "Mozilla/5.0 AppleWebKit/537.36 (KHTML, like Gecko; compatible; bingbot/2.0; +http://www.bing.com/bingbot.htm) Chrome/103.0.5060.134 Safari/537.36"
207.46.13.151 - - [13/Nov/2023:00:51:08 +0100] "GET / HTTP/1.1" 200 - "-" "Mozilla/5.0 AppleWebKit/537.36 (KHTML, like Gecko; compatible; bingbot/2.0; +http://www.bing.com/bingbot.htm) Chrome/103.0.5060.134 Safari/537.36"
66.249.66.204 - - [13/Nov/2023:01:02:44 +0100] "GET /files/ovadek_rendelet.pdf HTTP/1.1" 304 - "-" "Mozilla/5.0 (Linux; Android 6.0.1; Nexus 5X Build/MMB29P) AppleWebKit/537.36 (KHTML, like Gecko) Chrome/119.0.6045.123 Mobile Safari/537.36 (compatible; Googlebot/2.1; +http://www.google.com/bot.html)"
52.167.144.223 - - [13/Nov/2023:01:19:53 +0100] "GET /files/szegregalt_lakokornyezet_terv_090421.pdf HTTP/1.1" 304 - "-" "Mozilla/5.0 AppleWebKit/537.36 (KHTML, like Gecko; compatible; bingbot/2.0; +http://www.bing.com/bingbot.htm) Chrome/103.0.5060.134 Safari/537.36"
47.128.55.87 - - [13/Nov/2023:01:24:17 +0100] "GET /node/2522 HTTP/1.1" 200 - "-" "Mozilla/5.0 (Linux; Android 5.0) AppleWebKit/537.36 (KHTML, like Gecko) Mobile Safari/537.36 (compatible; Bytespider; spider-feedback@bytedance.com)"
20.15.133.186 - - [13/Nov/2023:01:25:10 +0100] "GET /files/9per1993%20NM%20rendelet.doc HTTP/1.1" 304 - "-" "Mozilla/5.0 AppleWebKit/537.36 (KHTML, like Gecko; compatible; bingbot/2.0; +http://www.bing.com/bingbot.htm) Chrome/116.0.1938.76 Safari/537.36"
193.6.201.253 - - [13/Nov/2023:01:26:08 +0100] "HEAD /node/357 HTTP/1.0" 200 - "-" "w3m/0.5.3+git20190105"
193.6.201.253 - - [13/Nov/2023:01:26:40 +0100] "HEAD /node/357 HTTP/1.0" 200 - "-" "w3m/0.5.3+git20190105"
157.55.39.49 - - [13/Nov/2023:01:43:20 +0100] "GET /files/szakkepzes_hozzaj_060404.pdf HTTP/1.1" 200 132937 "-" "Mozilla/5.0 AppleWebKit/537.36 (KHTML, like Gecko; compatible; bingbot/2.0; +http://www.bing.com/bingbot.htm) Chrome/103.0.5060.134 Safari/537.36"
85.208.96.211 - - [13/Nov/2023:01:55:41 +0100] "GET /robots.txt HTTP/1.1" 200 1590 "-" "Mozilla/5.0 (compatible; SemrushBot/7~bl; +http://www.semrush.com/bot.html)"
185.191.171.15 - - [13/Nov/2023:01:56:13 +0100] "GET /taxonomy/term/55%2057%2058%2059%2060%2061%2062%2063%2064%2065%2066%2067%2068%2069%2070%2071%2072%2073%2074%2075?page=1 HTTP/1.1" 200 - "-" "Mozilla/5.0 (compatible; SemrushBot/7~bl; +http://www.semrush.com/bot.html)"
185.191.171.15 - - [13/Nov/2023:01:56:45 +0100] "GET /taxonomy/term/55%2057%2058%2059%2060%2061%2062%2063%2064%2065%2066%2067%2068%2069%2070%2071%2072%2073%2074%2075?page=1 HTTP/1.1" 200 - "-" "Mozilla/5.0 (compatible; SemrushBot/7~bl; +http://www.semrush.com/bot.html)"
79.97.110.38 - - [13/Nov/2023:02:40:59 +0100] "GET /node/2532 HTTP/1.1" 200 - "-" "Mozilla/5.0 (iPhone; CPU iPhone OS 11_0 like Mac OS X) AppleWebKit/537.36 (KHTML, like Gecko) Chrome/47.0.5846.1681 Mobile Safari/537.36"
47.128.56.104 - - [13/Nov/2023:02:43:51 +0100] "GET /taxonomy/term/84 HTTP/1.1" 200 - "-" "Mozilla/5.0 (Linux; Android 5.0) AppleWebKit/537.36 (KHTML, like Gecko) Mobile Safari/537.36 (compatible; Bytespider; spider-feedback@bytedance.com)"
66.249.66.165 - - [13/Nov/2023:02:49:53 +0100] "GET /files/3_mell_FAVI_ENG__ves.doc HTTP/1.1" 200 788480 "-" "Mozilla/5.0 (Linux; Android 6.0.1; Nexus 5X Build/MMB29P) AppleWebKit/537.36 (KHTML, like Gecko) Chrome/119.0.6045.123 Mobile Safari/537.36 (compatible; Googlebot/2.1; +http://www.google.com/bot.html)"
216.244.66.200 - - [13/Nov/2023:02:53:12 +0100] "GET /robots.txt HTTP/1.1" 200 1590 "-" "Mozilla/5.0 (compatible; DotBot/1.2; +https://opensiteexplorer.org/dotbot; help@moz.com)"
216.244.66.200 - - [13/Nov/2023:02:53:12 +0100] "GET /robots.txt HTTP/1.1" 200 1590 "-" "Mozilla/5.0 (compatible; DotBot/1.2; +https://opensiteexplorer.org/dotbot; help@moz.com)"
216.244.66.200 - - [13/Nov/2023:03:07:47 +0100] "GET /node?page=19 HTTP/1.1" 200 - "-" "Mozilla/5.0 (compatible; DotBot/1.2; +https://opensiteexplorer.org/dotbot; help@moz.com)"
216.244.66.200 - - [13/Nov/2023:03:08:18 +0100] "GET /node?page=64 HTTP/1.1" 200 - "-" "Mozilla/5.0 (compatible; DotBot/1.2; +https://opensiteexplorer.org/dotbot; help@moz.com)"
216.244.66.200 - - [13/Nov/2023:03:08:58 +0100] "GET /node?page=180 HTTP/1.1" 200 - "-" "Mozilla/5.0 (compatible; DotBot/1.2; +https://opensiteexplorer.org/dotbot; help@moz.com)"
216.244.66.200 - - [13/Nov/2023:03:09:48 +0100] "GET /node?page=222 HTTP/1.1" 200 - "-" "Mozilla/5.0 (compatible; DotBot/1.2; +https://opensiteexplorer.org/dotbot; help@moz.com)"
216.244.66.200 - - [13/Nov/2023:03:10:38 +0100] "GET /taxonomy/term/40?page=6 HTTP/1.1" 200 - "-" "Mozilla/5.0 (compatible; DotBot/1.2; +https://opensiteexplorer.org/dotbot; help@moz.com)"
216.244.66.200 - - [13/Nov/2023:03:12:32 +0100] "GET /node/1058 HTTP/1.1" 200 - "-" "Mozilla/5.0 (compatible; DotBot/1.2; +https://opensiteexplorer.org/dotbot; help@moz.com)"
216.244.66.200 - - [13/Nov/2023:03:13:23 +0100] "GET /node/1142 HTTP/1.1" 200 - "-" "Mozilla/5.0 (compatible; DotBot/1.2; +https://opensiteexplorer.org/dotbot; help@moz.com)"
216.244.66.200 - - [13/Nov/2023:03:14:13 +0100] "GET /node/1167 HTTP/1.1" 200 - "-" "Mozilla/5.0 (compatible; DotBot/1.2; +https://opensiteexplorer.org/dotbot; help@moz.com)"
216.244.66.200 - - [13/Nov/2023:03:15:03 +0100] "GET /node/1181 HTTP/1.1" 200 - "-" "Mozilla/5.0 (compatible; DotBot/1.2; +https://opensiteexplorer.org/dotbot; help@moz.com)"
47.128.59.205 - - [13/Nov/2023:03:26:16 +0100] "GET /node/2599 HTTP/1.1" 200 - "-" "Mozilla/5.0 (Linux; Android 5.0) AppleWebKit/537.36 (KHTML, like Gecko) Mobile Safari/537.36 (compatible; Bytespider; spider-feedback@bytedance.com)"
216.244.66.200 - - [13/Nov/2023:03:41:07 +0100] "GET /robots.txt HTTP/1.1" 200 1590 "-" "Mozilla/5.0 (compatible; DotBot/1.2; +https://opensiteexplorer.org/dotbot; help@moz.com)"
216.244.66.200 - - [13/Nov/2023:03:41:07 +0100] "GET /robots.txt HTTP/1.1" 200 1590 "-" "Mozilla/5.0 (compatible; DotBot/1.2; +https://opensiteexplorer.org/dotbot; help@moz.com)"
216.244.66.200 - - [13/Nov/2023:03:51:30 +0100] "GET /node/2613 HTTP/1.1" 200 - "-" "Mozilla/5.0 (compatible; DotBot/1.2; +https://opensiteexplorer.org/dotbot; help@moz.com)"
216.244.66.200 - - [13/Nov/2023:03:51:55 +0100] "GET /node/2619 HTTP/1.1" 200 - "-" "Mozilla/5.0 (compatible; DotBot/1.2; +https://opensiteexplorer.org/dotbot; help@moz.com)"
216.244.66.200 - - [13/Nov/2023:03:55:25 +0100] "GET /node?page=36 HTTP/1.1" 200 - "-" "Mozilla/5.0 (compatible; DotBot/1.2; +https://opensiteexplorer.org/dotbot; help@moz.com)"
216.244.66.200 - - [13/Nov/2023:03:55:54 +0100] "GET /node?page=145 HTTP/1.1" 200 - "-" "Mozilla/5.0 (compatible; DotBot/1.2; +https://opensiteexplorer.org/dotbot; help@moz.com)"
216.244.66.200 - - [13/Nov/2023:03:56:46 +0100] "GET /node?page=146 HTTP/1.1" 200 - "-" "Mozilla/5.0 (compatible; DotBot/1.2; +https://opensiteexplorer.org/dotbot; help@moz.com)"
216.244.66.200 - - [13/Nov/2023:03:57:28 +0100] "GET /node/130 HTTP/1.1" 200 - "-" "Mozilla/5.0 (compatible; DotBot/1.2; +https://opensiteexplorer.org/dotbot; help@moz.com)"
216.244.66.200 - - [13/Nov/2023:03:58:18 +0100] "GET /node/1468 HTTP/1.1" 200 - "-" "Mozilla/5.0 (compatible; DotBot/1.2; +https://opensiteexplorer.org/dotbot; help@moz.com)"
216.244.66.200 - - [13/Nov/2023:03:59:08 +0100] "GET /node/1604 HTTP/1.1" 200 - "-" "Mozilla/5.0 (compatible; DotBot/1.2; +https://opensiteexplorer.org/dotbot; help@moz.com)"
216.244.66.200 - - [13/Nov/2023:03:59:59 +0100] "GET /node/1702 HTTP/1.1" 200 - "-" "Mozilla/5.0 (compatible; DotBot/1.2; +https://opensiteexplorer.org/dotbot; help@moz.com)"
216.244.66.200 - - [13/Nov/2023:04:00:50 +0100] "GET /node/1720 HTTP/1.1" 200 - "-" "Mozilla/5.0 (compatible; DotBot/1.2; +https://opensiteexplorer.org/dotbot; help@moz.com)"
216.244.66.200 - - [13/Nov/2023:04:01:40 +0100] "GET /node/177 HTTP/1.1" 200 - "-" "Mozilla/5.0 (compatible; DotBot/1.2; +https://opensiteexplorer.org/dotbot; help@moz.com)"
118.92.166.173 - - [13/Nov/2023:04:23:27 +0100] "GET /node/2205 HTTP/1.1" 200 - "-" "Mozilla/5.0 (Linux; Android 6.0; Nexus 5 Build/MRA58N) AppleWebKit/537.36 (KHTML, like Gecko) Chrome/48.0.5646.1251 Mobile Safari/537.36"
86.131.252.39 - - [13/Nov/2023:04:27:24 +0100] "GET /node/901 HTTP/1.1" 200 - "-" "Mozilla/5.0 (Linux; Android 8.0; Pixel 2 Build/OPD3.170816.012) AppleWebKit/537.36 (KHTML, like Gecko) Chrome/53.0.8471.1973 Mobile Safari/537.36"
216.244.66.200 - - [13/Nov/2023:04:29:26 +0100] "GET /robots.txt HTTP/1.1" 200 1590 "-" "Mozilla/5.0 (compatible; DotBot/1.2; +https://opensiteexplorer.org/dotbot; help@moz.com)"
216.244.66.200 - - [13/Nov/2023:04:29:26 +0100] "GET /robots.txt HTTP/1.1" 200 1590 "-" "Mozilla/5.0 (compatible; DotBot/1.2; +https://opensiteexplorer.org/dotbot; help@moz.com)"
216.244.66.200 - - [13/Nov/2023:04:45:04 +0100] "GET /node?page=21 HTTP/1.1" 200 - "-" "Mozilla/5.0 (compatible; DotBot/1.2; +https://opensiteexplorer.org/dotbot; help@moz.com)"
216.244.66.200 - - [13/Nov/2023:04:45:34 +0100] "GET /node?page=51 HTTP/1.1" 200 - "-" "Mozilla/5.0 (compatible; DotBot/1.2; +https://opensiteexplorer.org/dotbot; help@moz.com)"
216.244.66.200 - - [13/Nov/2023:04:46:14 +0100] "GET /node?page=165 HTTP/1.1" 200 - "-" "Mozilla/5.0 (compatible; DotBot/1.2; +https://opensiteexplorer.org/dotbot; help@moz.com)"
216.244.66.200 - - [13/Nov/2023:04:47:05 +0100] "GET /node?page=185 HTTP/1.1" 200 - "-" "Mozilla/5.0 (compatible; DotBot/1.2; +https://opensiteexplorer.org/dotbot; help@moz.com)"
216.244.66.200 - - [13/Nov/2023:04:47:56 +0100] "GET /node?page=208 HTTP/1.1" 200 - "-" "Mozilla/5.0 (compatible; DotBot/1.2; +https://opensiteexplorer.org/dotbot; help@moz.com)"
216.244.66.200 - - [13/Nov/2023:04:48:46 +0100] "GET /node?page=44 HTTP/1.1" 200 - "-" "Mozilla/5.0 (compatible; DotBot/1.2; +https://opensiteexplorer.org/dotbot; help@moz.com)"
216.244.66.200 - - [13/Nov/2023:04:49:37 +0100] "GET /node/1187 HTTP/1.1" 200 - "-" "Mozilla/5.0 (compatible; DotBot/1.2; +https://opensiteexplorer.org/dotbot; help@moz.com)"
216.244.66.200 - - [13/Nov/2023:04:50:27 +0100] "GET /node/120 HTTP/1.1" 200 - "-" "Mozilla/5.0 (compatible; DotBot/1.2; +https://opensiteexplorer.org/dotbot; help@moz.com)"
216.244.66.200 - - [13/Nov/2023:04:51:17 +0100] "GET /node/1531 HTTP/1.1" 200 - "-" "Mozilla/5.0 (compatible; DotBot/1.2; +https://opensiteexplorer.org/dotbot; help@moz.com)"
216.244.66.200 - - [13/Nov/2023:04:52:07 +0100] "GET /node/1665 HTTP/1.1" 200 - "-" "Mozilla/5.0 (compatible; DotBot/1.2; +https://opensiteexplorer.org/dotbot; help@moz.com)"
216.244.66.200 - - [13/Nov/2023:04:52:58 +0100] "GET /node/172 HTTP/1.1" 200 - "-" "Mozilla/5.0 (compatible; DotBot/1.2; +https://opensiteexplorer.org/dotbot; help@moz.com)"
78.19.100.228 - - [13/Nov/2023:05:28:03 +0100] "GET /node?page=249 HTTP/1.1" 200 - "-" "Mozilla/5.0 (Linux; Android 6.0; Nexus 5 Build/MRA58N) AppleWebKit/537.36 (KHTML, like Gecko) Chrome/59.0.2069.1995 Mobile Safari/537.36"
119.224.11.44 - - [13/Nov/2023:05:32:07 +0100] "GET /drupal/node/496 HTTP/1.1" 200 - "-" "Mozilla/5.0 (Linux; Android 8.0; Pixel 2 Build/OPD3.170816.012) AppleWebKit/537.36 (KHTML, like Gecko) Chrome/47.0.6737.1011 Mobile Safari/537.36"
172.98.150.157 - - [13/Nov/2023:06:14:15 +0100] "GET /node/2617 HTTP/1.1" 200 - "-" "Mozilla/5.0 (Linux; Android 5.0; SM-G900P Build/LRX21T) AppleWebKit/537.36 (KHTML, like Gecko) Chrome/55.0.6557.1332 Mobile Safari/537.36"
209.126.151.119 - - [13/Nov/2023:06:26:45 +0100] "GET / HTTP/1.1" 200 - "-" "bitdiscovery-suggestions"
40.77.167.5 - - [13/Nov/2023:06:49:23 +0100] "GET /web/home.nsf/51aad2b5d20c0da2c1256c84003b0d36/19d8b89bd24c96c9c125721800386e5e/$FILE/08_mell.pdf HTTP/1.1" 200 - "-" "Mozilla/5.0 AppleWebKit/537.36 (KHTML, like Gecko; compatible; bingbot/2.0; +http://www.bing.com/bingbot.htm) Chrome/103.0.5060.134 Safari/537.36"
40.77.167.5 - - [13/Nov/2023:06:49:55 +0100] "GET /web/home.nsf/51aad2b5d20c0da2c1256c84003b0d36/19d8b89bd24c96c9c125721800386e5e/$FILE/08_mell.pdf HTTP/1.1" 200 - "-" "Mozilla/5.0 AppleWebKit/537.36 (KHTML, like Gecko; compatible; bingbot/2.0; +http://www.bing.com/bingbot.htm) Chrome/103.0.5060.134 Safari/537.36"
142.165.174.144 - - [13/Nov/2023:07:04:17 +0100] "GET /node/2559 HTTP/1.1" 200 - "-" "Mozilla/5.0 (Linux; Android 6.0; Nexus 5 Build/MRA58N) AppleWebKit/537.36 (KHTML, like Gecko) Chrome/55.0.2379.1328 Mobile Safari/537.36"
77.240.183.227 - - [13/Nov/2023:07:11:11 +0100] "GET /drupal/files/miniszt_2006_szeptember.pdf HTTP/1.1" 200 - "-" "Mozilla/5.0 (compatible; SpiderLing (a SPIDER for LINGustic research); +http://nlp.fi.muni.cz/projects/biwec/)"
52.167.144.22 - - [13/Nov/2023:07:41:04 +0100] "GET /files/Melleklet_kozossegi_jegyzek_090609.doc HTTP/1.1" 304 - "-" "Mozilla/5.0 AppleWebKit/537.36 (KHTML, like Gecko; compatible; bingbot/2.0; +http://www.bing.com/bingbot.htm) Chrome/103.0.5060.134 Safari/537.36"
40.77.167.70 - - [13/Nov/2023:07:54:53 +0100] "GET /files/33_1998_mod_terv_080708.pdf HTTP/1.1" 304 - "-" "Mozilla/5.0 AppleWebKit/537.36 (KHTML, like Gecko; compatible; bingbot/2.0; +http://www.bing.com/bingbot.htm) Chrome/103.0.5060.134 Safari/537.36"
52.167.144.211 - - [13/Nov/2023:07:56:36 +0100] "GET /files/14per2007_eum_rend_mod_081201.doc HTTP/1.1" 304 - "-" "Mozilla/5.0 AppleWebKit/537.36 (KHTML, like Gecko; compatible; bingbot/2.0; +http://www.bing.com/bingbot.htm) Chrome/103.0.5060.134 Safari/537.36"
66.249.66.203 - - [13/Nov/2023:08:06:13 +0100] "GET /files/ptk_kotelmi_jog_0.pdf HTTP/1.1" 304 - "-" "Mozilla/5.0 (Linux; Android 6.0.1; Nexus 5X Build/MMB29P) AppleWebKit/537.36 (KHTML, like Gecko) Chrome/119.0.6045.123 Mobile Safari/537.36 (compatible; Googlebot/2.1; +http://www.google.com/bot.html)"
180.188.241.206 - - [13/Nov/2023:08:08:42 +0100] "GET /taxonomy/term/39 HTTP/1.1" 200 - "-" "Mozilla/5.0 (Linux; Android 6.0; Nexus 5 Build/MRA58N) AppleWebKit/537.36 (KHTML, like Gecko) Chrome/45.0.7739.1633 Mobile Safari/537.36"
66.249.66.204 - - [13/Nov/2023:08:10:13 +0100] "GET /files/statutum.doc HTTP/1.1" 304 - "-" "Mozilla/5.0 (Linux; Android 6.0.1; Nexus 5X Build/MMB29P) AppleWebKit/537.36 (KHTML, like Gecko) Chrome/119.0.6045.123 Mobile Safari/537.36 (compatible; Googlebot/2.1; +http://www.google.com/bot.html)"
37.14.84.121 - - [13/Nov/2023:08:19:50 +0100] "GET /taxonomy/term/34 HTTP/1.1" 200 - "-" "Mozilla/5.0 (Linux; Android 8.0; Pixel 2 Build/OPD3.170816.012) AppleWebKit/537.36 (KHTML, like Gecko) Chrome/44.0.6319.1198 Mobile Safari/537.36"
216.244.66.200 - - [13/Nov/2023:08:30:08 +0100] "GET /robots.txt HTTP/1.1" 200 1590 "-" "Mozilla/5.0 (compatible; DotBot/1.2; +https://opensiteexplorer.org/dotbot; help@moz.com)"
85.66.233.159 - - [13/Nov/2023:08:30:42 +0100] "GET /favicon.ico HTTP/1.1" 404 57 "http://www.jogalkotas.hu/files/gyamhatosag_eloterj_061204.pdf" "Mozilla/5.0 (Windows NT 10.0; Win64; x64) AppleWebKit/537.36 (KHTML, like Gecko) Chrome/119.0.0.0 Safari/537.36"
85.66.233.159 - - [13/Nov/2023:08:30:42 +0100] "GET /files/gyamhatosag_eloterj_061204.pdf HTTP/1.1" 200 597742 "https://www.google.com/" "Mozilla/5.0 (Windows NT 10.0; Win64; x64) AppleWebKit/537.36 (KHTML, like Gecko) Chrome/119.0.0.0 Safari/537.36"
157.55.39.9 - - [13/Nov/2023:08:36:12 +0100] "GET /drupal/files/elso_konyv_-_bevezeto_rendelkezesek.pdf HTTP/1.1" 200 - "-" "Mozilla/5.0 AppleWebKit/537.36 (KHTML, like Gecko; compatible; bingbot/2.0; +http://www.bing.com/bingbot.htm) Chrome/103.0.5060.134 Safari/537.36"
66.249.66.205 - - [13/Nov/2023:08:36:13 +0100] "GET /files/hm_im_katonai_nyomozo_modositas.pdf HTTP/1.1" 200 87023 "-" "Mozilla/5.0 (compatible; Googlebot/2.1; +http://www.google.com/bot.html)"
157.55.39.9 - - [13/Nov/2023:08:36:44 +0100] "GET /drupal/files/elso_konyv_-_bevezeto_rendelkezesek.pdf HTTP/1.1" 200 - "-" "Mozilla/5.0 AppleWebKit/537.36 (KHTML, like Gecko; compatible; bingbot/2.0; +http://www.bing.com/bingbot.htm) Chrome/103.0.5060.134 Safari/537.36"
216.244.66.200 - - [13/Nov/2023:08:45:43 +0100] "GET /node/454 HTTP/1.1" 200 - "-" "Mozilla/5.0 (compatible; DotBot/1.2; +https://opensiteexplorer.org/dotbot; help@moz.com)"
66.249.66.205 - - [13/Nov/2023:08:51:13 +0100] "GET /files/ktgv_rdsz_megujitasa.pdf HTTP/1.1" 200 199329 "-" "Mozilla/5.0 (Linux; Android 6.0.1; Nexus 5X Build/MMB29P) AppleWebKit/537.36 (KHTML, like Gecko) Chrome/119.0.6045.123 Mobile Safari/537.36 (compatible; Googlebot/2.1; +http://www.google.com/bot.html)"
216.244.66.200 - - [13/Nov/2023:09:18:03 +0100] "GET /robots.txt HTTP/1.1" 200 1590 "-" "Mozilla/5.0 (compatible; DotBot/1.2; +https://opensiteexplorer.org/dotbot; help@moz.com)"
216.244.66.200 - - [13/Nov/2023:09:18:03 +0100] "GET /robots.txt HTTP/1.1" 200 1590 "-" "Mozilla/5.0 (compatible; DotBot/1.2; +https://opensiteexplorer.org/dotbot; help@moz.com)"
66.249.66.205 - - [13/Nov/2023:09:21:13 +0100] "GET /files/0302_28_as_miniszteri_07_02_27.doc HTTP/1.1" 304 - "-" "Mozilla/5.0 (Linux; Android 6.0.1; Nexus 5X Build/MMB29P) AppleWebKit/537.36 (KHTML, like Gecko) Chrome/119.0.6045.123 Mobile Safari/537.36 (compatible; Googlebot/2.1; +http://www.google.com/bot.html)"
216.244.66.200 - - [13/Nov/2023:09:31:22 +0100] "GET /node/2528 HTTP/1.1" 200 - "-" "Mozilla/5.0 (compatible; DotBot/1.2; +https://opensiteexplorer.org/dotbot; help@moz.com)"
122.56.205.11 - - [13/Nov/2023:09:33:11 +0100] "GET /node/2163 HTTP/1.1" 200 - "-" "Mozilla/5.0 (iPhone; CPU iPhone OS 11_0 like Mac OS X) AppleWebKit/537.36 (KHTML, like Gecko) Chrome/47.0.6033.1024 Mobile Safari/537.36"
216.244.66.200 - - [13/Nov/2023:09:34:36 +0100] "GET /node?page=116 HTTP/1.1" 200 - "-" "Mozilla/5.0 (compatible; DotBot/1.2; +https://opensiteexplorer.org/dotbot; help@moz.com)"
216.244.66.200 - - [13/Nov/2023:09:35:16 +0100] "GET /node?page=218 HTTP/1.1" 200 - "-" "Mozilla/5.0 (compatible; DotBot/1.2; +https://opensiteexplorer.org/dotbot; help@moz.com)"
216.244.66.200 - - [13/Nov/2023:09:36:06 +0100] "GET /node?page=131 HTTP/1.1" 200 - "-" "Mozilla/5.0 (compatible; DotBot/1.2; +https://opensiteexplorer.org/dotbot; help@moz.com)"
216.244.66.200 - - [13/Nov/2023:09:36:57 +0100] "GET /node?page=234 HTTP/1.1" 200 - "-" "Mozilla/5.0 (compatible; DotBot/1.2; +https://opensiteexplorer.org/dotbot; help@moz.com)"
216.244.66.200 - - [13/Nov/2023:09:37:49 +0100] "GET /node/1240 HTTP/1.1" 200 - "-" "Mozilla/5.0 (compatible; DotBot/1.2; +https://opensiteexplorer.org/dotbot; help@moz.com)"
216.244.66.200 - - [13/Nov/2023:09:38:39 +0100] "GET /node/1392 HTTP/1.1" 200 - "-" "Mozilla/5.0 (compatible; DotBot/1.2; +https://opensiteexplorer.org/dotbot; help@moz.com)"
216.244.66.200 - - [13/Nov/2023:09:39:30 +0100] "GET /node/1417 HTTP/1.1" 200 - "-" "Mozilla/5.0 (compatible; DotBot/1.2; +https://opensiteexplorer.org/dotbot; help@moz.com)"
216.244.66.200 - - [13/Nov/2023:09:40:20 +0100] "GET /node/1423 HTTP/1.1" 200 - "-" "Mozilla/5.0 (compatible; DotBot/1.2; +https://opensiteexplorer.org/dotbot; help@moz.com)"
216.244.66.200 - - [13/Nov/2023:09:41:10 +0100] "GET /node/1578 HTTP/1.1" 200 - "-" "Mozilla/5.0 (compatible; DotBot/1.2; +https://opensiteexplorer.org/dotbot; help@moz.com)"
216.244.66.200 - - [13/Nov/2023:09:42:00 +0100] "GET /node/1584 HTTP/1.1" 200 - "-" "Mozilla/5.0 (compatible; DotBot/1.2; +https://opensiteexplorer.org/dotbot; help@moz.com)"
66.249.66.204 - - [13/Nov/2023:09:51:14 +0100] "GET /files/ktgv_rdsz_megujitasa.pdf HTTP/1.1" 200 199329 "-" "Mozilla/5.0 (compatible; Googlebot/2.1; +http://www.google.com/bot.html)"
66.249.66.205 - - [13/Nov/2023:10:06:13 +0100] "GET /files/jogszabszerk.pdf HTTP/1.1" 304 - "-" "Mozilla/5.0 (Linux; Android 6.0.1; Nexus 5X Build/MMB29P) AppleWebKit/537.36 (KHTML, like Gecko) Chrome/119.0.6045.123 Mobile Safari/537.36 (compatible; Googlebot/2.1; +http://www.google.com/bot.html)"
216.244.66.200 - - [13/Nov/2023:10:08:15 +0100] "GET /robots.txt HTTP/1.1" 200 1590 "-" "Mozilla/5.0 (compatible; DotBot/1.2; +https://opensiteexplorer.org/dotbot; help@moz.com)"
216.244.66.200 - - [13/Nov/2023:10:20:43 +0100] "GET /files/R55_2.pdf HTTP/1.1" 200 179659 "-" "Mozilla/5.0 (compatible; DotBot/1.2; +https://opensiteexplorer.org/dotbot; help@moz.com)"
216.244.66.200 - - [13/Nov/2023:10:21:36 +0100] "GET /files/ptk_kotelmi_jog.pdf HTTP/1.1" 200 357252 "-" "Mozilla/5.0 (compatible; DotBot/1.2; +https://opensiteexplorer.org/dotbot; help@moz.com)"
66.249.66.205 - - [13/Nov/2023:10:26:00 +0100] "GET /files/ANTSZ_hat_elj_kolts_Korm_rend_terv_100419.doc HTTP/1.1" 200 185344 "-" "Mozilla/5.0 (Linux; Android 6.0.1; Nexus 5X Build/MMB29P) AppleWebKit/537.36 (KHTML, like Gecko) Chrome/119.0.6045.123 Mobile Safari/537.36 (compatible; Googlebot/2.1; +http://www.google.com/bot.html)"
66.249.66.164 - - [13/Nov/2023:10:26:07 +0100] "GET /files/KHEM_3316kozigre.doc HTTP/1.1" 200 131072 "-" "Mozilla/5.0 (Linux; Android 6.0.1; Nexus 5X Build/MMB29P) AppleWebKit/537.36 (KHTML, like Gecko) Chrome/119.0.6045.123 Mobile Safari/537.36 (compatible; Googlebot/2.1; +http://www.google.com/bot.html)"
66.249.66.204 - - [13/Nov/2023:10:26:12 +0100] "GET /files/KHEM_272_6_norma.doc HTTP/1.1" 200 160768 "-" "Mozilla/5.0 (Linux; Android 6.0.1; Nexus 5X Build/MMB29P) AppleWebKit/537.36 (KHTML, like Gecko) Chrome/119.0.6045.123 Mobile Safari/537.36 (compatible; Googlebot/2.1; +http://www.google.com/bot.html)"
66.249.66.203 - - [13/Nov/2023:10:26:24 +0100] "GET /files/KHEM_8735_(normasz__veg).doc HTTP/1.1" 304 - "-" "Mozilla/5.0 (Linux; Android 6.0.1; Nexus 5X Build/MMB29P) AppleWebKit/537.36 (KHTML, like Gecko) Chrome/119.0.6045.123 Mobile Safari/537.36 (compatible; Googlebot/2.1; +http://www.google.com/bot.html)"
65.109.158.124 - - [13/Nov/2023:10:31:55 +0100] "GET / HTTP/1.1" 200 - "-" "Mozilla/5.0 (Macintosh; Intel Mac OS X 10_15_7) AppleWebKit/537.36 (KHTML, like Gecko) Chrome/104.0.0.0 Safari/537.36"
47.128.19.240 - - [13/Nov/2023:10:39:44 +0100] "GET /taxonomy/term/18%2023%2024%2026%2025%2027%2028%2029%2052%2041%2031%2032%2098%2033%2048%2099%2034%2049%2035%2051%20100%2036%2050 HTTP/1.1" 200 - "-" "Mozilla/5.0 (Linux; Android 5.0) AppleWebKit/537.36 (KHTML, like Gecko) Mobile Safari/537.36 (compatible; Bytespider; spider-feedback@bytedance.com)"
193.225.193.87 - - [13/Nov/2023:10:49:09 +0100] "GET /files/KHEm_1088.doc HTTP/1.1" 200 337408 "https://www.google.com/" "Mozilla/5.0 (iPad; CPU OS 17_1_1 like Mac OS X) AppleWebKit/605.1.15 (KHTML, like Gecko) Version/17.1.1 Mobile/15E148 Safari/604.1"
65.154.226.169 - - [13/Nov/2023:10:49:17 +0100] "GET /files/KHEm%5f1088.doc HTTP/1.1" 200 337408 "-" "Mozilla/5.0 (Windows NT 10.0) AppleWebKit/537.36 (KHTML, like Gecko) Chrome/106.0.0.0 Safari/537.36"
193.225.193.87 - - [13/Nov/2023:10:50:09 +0100] "GET /files/KHEm_1088.doc HTTP/1.1" 200 337408 "https://www.google.com/" "Mozilla/5.0 (iPad; CPU OS 17_1_1 like Mac OS X) AppleWebKit/605.1.15 (KHTML, like Gecko) Version/17.1.1 Mobile/15E148 Safari/604.1"
51.222.253.17 - - [13/Nov/2023:10:55:21 +0100] "GET /robots.txt HTTP/1.1" 200 1590 "-" "Mozilla/5.0 (compatible; AhrefsBot/7.0; +http://ahrefs.com/robot/)"
216.244.66.200 - - [13/Nov/2023:10:59:05 +0100] "GET /robots.txt HTTP/1.1" 200 1590 "-" "Mozilla/5.0 (compatible; DotBot/1.2; +https://opensiteexplorer.org/dotbot; help@moz.com)"
216.244.66.200 - - [13/Nov/2023:10:59:08 +0100] "GET /robots.txt HTTP/1.1" 200 1590 "-" "Mozilla/5.0 (compatible; DotBot/1.2; +https://opensiteexplorer.org/dotbot; help@moz.com)"
216.244.66.200 - - [13/Nov/2023:11:05:13 +0100] "GET /node/feed HTTP/1.1" 200 - "-" "Mozilla/5.0 (compatible; DotBot/1.2; +https://opensiteexplorer.org/dotbot; help@moz.com)"
115.70.22.5 - - [13/Nov/2023:11:09:08 +0100] "GET /taxonomy/term/56 HTTP/1.1" 200 - "-" "Mozilla/5.0 (Linux; Android 8.0; Pixel 2 Build/OPD3.170816.012) AppleWebKit/537.36 (KHTML, like Gecko) Chrome/49.0.6159.1601 Mobile Safari/537.36"
216.244.66.200 - - [13/Nov/2023:11:11:11 +0100] "GET /files/30_2009_OM-rend.pdf HTTP/1.1" 200 86189 "-" "Mozilla/5.0 (compatible; DotBot/1.2; +https://opensiteexplorer.org/dotbot; help@moz.com)"
216.244.66.200 - - [13/Nov/2023:11:11:32 +0100] "GET /files/R83_2.pdf HTTP/1.1" 200 194853 "-" "Mozilla/5.0 (compatible; DotBot/1.2; +https://opensiteexplorer.org/dotbot; help@moz.com)"
216.244.66.200 - - [13/Nov/2023:11:12:15 +0100] "GET /files/eloterjesztes_29_1993kormrend_mod.pdf HTTP/1.1" 200 181958 "-" "Mozilla/5.0 (compatible; DotBot/1.2; +https://opensiteexplorer.org/dotbot; help@moz.com)"
216.244.66.200 - - [13/Nov/2023:11:12:55 +0100] "GET /files/hagyomanyos_megfelel.pdf HTTP/1.1" 200 128481 "-" "Mozilla/5.0 (compatible; DotBot/1.2; +https://opensiteexplorer.org/dotbot; help@moz.com)"
209.126.151.123 - - [13/Nov/2023:11:20:20 +0100] "GET / HTTP/1.1" 200 - "-" "bitdiscovery-suggestions"
47.128.43.15 - - [13/Nov/2023:11:21:35 +0100] "GET /node/359 HTTP/1.1" 200 - "-" "Mozilla/5.0 (Linux; Android 5.0) AppleWebKit/537.36 (KHTML, like Gecko) Mobile Safari/537.36 (compatible; Bytespider; spider-feedback@bytedance.com)"
47.128.41.24 - - [13/Nov/2023:12:19:54 +0100] "GET /drupal/node/672 HTTP/1.1" 200 - "-" "Mozilla/5.0 (Linux; Android 5.0) AppleWebKit/537.36 (KHTML, like Gecko) Mobile Safari/537.36 (compatible; Bytespider; spider-feedback@bytedance.com)"
66.249.66.205 - - [13/Nov/2023:12:27:13 +0100] "GET /files/0302_28_as_miniszteri_07_02_27.doc HTTP/1.1" 304 - "-" "Mozilla/5.0 (compatible; Googlebot/2.1; +http://www.google.com/bot.html)"
40.77.167.53 - - [13/Nov/2023:12:57:50 +0100] "GET /files/090311kumrendelet_fejezetikezeles.pdf HTTP/1.1" 304 - "-" "Mozilla/5.0 AppleWebKit/537.36 (KHTML, like Gecko; compatible; bingbot/2.0; +http://www.bing.com/bingbot.htm) Chrome/103.0.5060.134 Safari/537.36"
78.139.26.27 - - [13/Nov/2023:13:08:14 +0100] "GET /files/cegbejegyz_cegnyilv_08.12.doc HTTP/1.1" 200 51200 "https://www.google.com/" "Mozilla/5.0 (Windows NT 10.0; Win64; x64) AppleWebKit/537.36 (KHTML, like Gecko) Chrome/119.0.0.0 Safari/537.36"
78.139.26.27 - - [13/Nov/2023:13:08:21 +0100] "GET /files/cegbejegyz_cegnyilv_08.12.doc HTTP/1.1" 206 1 "https://www.google.com/" "Mozilla/5.0 (Windows NT 10.0; Win64; x64) AppleWebKit/537.36 (KHTML, like Gecko) Chrome/119.0.0.0 Safari/537.36"
78.139.26.27 - - [13/Nov/2023:13:08:21 +0100] "GET /files/cegbejegyz_cegnyilv_08.12.doc HTTP/1.1" 206 40299 "https://www.google.com/" "Mozilla/5.0 (Windows NT 10.0; Win64; x64) AppleWebKit/537.36 (KHTML, like Gecko) Chrome/119.0.0.0 Safari/537.36"
216.244.66.200 - - [13/Nov/2023:13:09:22 +0100] "GET /robots.txt HTTP/1.1" 200 1590 "-" "Mozilla/5.0 (compatible; DotBot/1.2; +https://opensiteexplorer.org/dotbot; help@moz.com)"
78.139.26.27 - - [13/Nov/2023:13:13:50 +0100] "GET /files/cegbejegyz_cegnyilv_08.12.doc HTTP/1.1" 206 1 "https://www.google.com/" "Mozilla/5.0 (Windows NT 10.0; Win64; x64) AppleWebKit/537.36 (KHTML, like Gecko) Chrome/119.0.0.0 Safari/537.36"
78.139.26.27 - - [13/Nov/2023:13:13:50 +0100] "GET /files/cegbejegyz_cegnyilv_08.12.doc HTTP/1.1" 206 40299 "https://www.google.com/" "Mozilla/5.0 (Windows NT 10.0; Win64; x64) AppleWebKit/537.36 (KHTML, like Gecko) Chrome/119.0.0.0 Safari/537.36"
216.244.66.200 - - [13/Nov/2023:13:32:31 +0100] "GET /taxonomy/term/26/0/feed HTTP/1.1" 200 - "-" "Mozilla/5.0 (compatible; DotBot/1.2; +https://opensiteexplorer.org/dotbot; help@moz.com)"
94.27.177.236 - - [13/Nov/2023:13:44:52 +0100] "GET /files/lakrendmod_javaslat_20071024.pdf HTTP/1.1" 200 133462 "https://www.google.com/" "Mozilla/5.0 (Linux; Android 10; K) AppleWebKit/537.36 (KHTML, like Gecko) Chrome/119.0.0.0 Mobile Safari/537.36"
94.27.177.236 - - [13/Nov/2023:13:44:54 +0100] "GET /files/lakrendmod_javaslat_20071024.pdf HTTP/1.1" 206 1 "https://www.google.com/" "Mozilla/5.0 (Linux; Android 10; K) AppleWebKit/537.36 (KHTML, like Gecko) Chrome/119.0.0.0 Mobile Safari/537.36"
94.27.177.236 - - [13/Nov/2023:13:44:54 +0100] "GET /files/lakrendmod_javaslat_20071024.pdf HTTP/1.1" 206 101727 "https://www.google.com/" "Mozilla/5.0 (Linux; Android 10; K) AppleWebKit/537.36 (KHTML, like Gecko) Chrome/119.0.0.0 Mobile Safari/537.36"
82.215.101.17 - - [13/Nov/2023:13:52:08 +0100] "GET /node/2607 HTTP/1.1" 200 - "-" "Mozilla/5.0 (Linux; Android 6.0; Nexus 5 Build/MRA58N) AppleWebKit/537.36 (KHTML, like Gecko) Chrome/41.0.9089.1250 Mobile Safari/537.36"
120.152.50.134 - - [13/Nov/2023:13:56:09 +0100] "GET /node/2464 HTTP/1.1" 200 - "-" "Mozilla/5.0 (Linux; Android 5.0; SM-G900P Build/LRX21T) AppleWebKit/537.36 (KHTML, like Gecko) Chrome/55.0.9804.1791 Mobile Safari/537.36"
168.138.41.19 - - [13/Nov/2023:14:12:17 +0100] "GET /wp-content/uploads/ HTTP/1.1" 200 - "www.google.com" "Mozlila/5.0 (Linux; Android 7.0; SM-G892A Bulid/NRD90M; wv) AppleWebKit/537.36 (KHTML, like Gecko) Version/4.0 Chrome/60.0.3112.107 Moblie Safari/537.36"
168.138.41.19 - - [13/Nov/2023:14:12:32 +0100] "GET /wp-includes/ HTTP/1.1" 200 - "www.google.com" "Mozlila/5.0 (Linux; Android 7.0; SM-G892A Bulid/NRD90M; wv) AppleWebKit/537.36 (KHTML, like Gecko) Version/4.0 Chrome/60.0.3112.107 Moblie Safari/537.36"
168.138.41.19 - - [13/Nov/2023:14:12:48 +0100] "GET /wp-includes/css/ HTTP/1.1" 200 - "www.google.com" "Mozlila/5.0 (Linux; Android 7.0; SM-G892A Bulid/NRD90M; wv) AppleWebKit/537.36 (KHTML, like Gecko) Version/4.0 Chrome/60.0.3112.107 Moblie Safari/537.36"
168.138.41.19 - - [13/Nov/2023:14:13:03 +0100] "GET /wp-includes/ID3/ HTTP/1.1" 200 - "www.google.com" "Mozlila/5.0 (Linux; Android 7.0; SM-G892A Bulid/NRD90M; wv) AppleWebKit/537.36 (KHTML, like Gecko) Version/4.0 Chrome/60.0.3112.107 Moblie Safari/537.36"
168.138.41.19 - - [13/Nov/2023:14:13:18 +0100] "GET /wp-includes/IXR/ HTTP/1.1" 200 - "www.google.com" "Mozlila/5.0 (Linux; Android 7.0; SM-G892A Bulid/NRD90M; wv) AppleWebKit/537.36 (KHTML, like Gecko) Version/4.0 Chrome/60.0.3112.107 Moblie Safari/537.36"
168.138.41.19 - - [13/Nov/2023:14:13:34 +0100] "GET /wp-includes/Requests/ HTTP/1.1" 200 - "www.google.com" "Mozlila/5.0 (Linux; Android 7.0; SM-G892A Bulid/NRD90M; wv) AppleWebKit/537.36 (KHTML, like Gecko) Version/4.0 Chrome/60.0.3112.107 Moblie Safari/537.36"
168.138.41.19 - - [13/Nov/2023:14:13:49 +0100] "GET /wp-includes/SimplePie/ HTTP/1.1" 200 - "www.google.com" "Mozlila/5.0 (Linux; Android 7.0; SM-G892A Bulid/NRD90M; wv) AppleWebKit/537.36 (KHTML, like Gecko) Version/4.0 Chrome/60.0.3112.107 Moblie Safari/537.36"
168.138.41.19 - - [13/Nov/2023:14:14:04 +0100] "GET /wp-includes/Text/ HTTP/1.1" 200 - "www.google.com" "Mozlila/5.0 (Linux; Android 7.0; SM-G892A Bulid/NRD90M; wv) AppleWebKit/537.36 (KHTML, like Gecko) Version/4.0 Chrome/60.0.3112.107 Moblie Safari/537.36"
168.138.41.19 - - [13/Nov/2023:14:14:20 +0100] "GET /wp-content/mu-plugins-old/ HTTP/1.1" 200 - "www.google.com" "Mozlila/5.0 (Linux; Android 7.0; SM-G892A Bulid/NRD90M; wv) AppleWebKit/537.36 (KHTML, like Gecko) Version/4.0 Chrome/60.0.3112.107 Moblie Safari/537.36"
168.138.41.19 - - [13/Nov/2023:14:14:35 +0100] "GET /wp-content/themes/classic/inc/ HTTP/1.1" 200 - "www.google.com" "Mozlila/5.0 (Linux; Android 7.0; SM-G892A Bulid/NRD90M; wv) AppleWebKit/537.36 (KHTML, like Gecko) Version/4.0 Chrome/60.0.3112.107 Moblie Safari/537.36"
168.138.41.19 - - [13/Nov/2023:14:14:50 +0100] "GET /wp-content/plugins/ninja-forms/ HTTP/1.1" 200 - "www.google.com" "Mozlila/5.0 (Linux; Android 7.0; SM-G892A Bulid/NRD90M; wv) AppleWebKit/537.36 (KHTML, like Gecko) Version/4.0 Chrome/60.0.3112.107 Moblie Safari/537.36"
168.138.41.19 - - [13/Nov/2023:14:15:06 +0100] "GET /wp-content/mu-plugins/ HTTP/1.1" 200 - "www.google.com" "Mozlila/5.0 (Linux; Android 7.0; SM-G892A Bulid/NRD90M; wv) AppleWebKit/537.36 (KHTML, like Gecko) Version/4.0 Chrome/60.0.3112.107 Moblie Safari/537.36"
168.138.41.19 - - [13/Nov/2023:14:15:21 +0100] "GET /wp-includes/Text/Diff/Renderer/ HTTP/1.1" 200 - "www.google.com" "Mozlila/5.0 (Linux; Android 7.0; SM-G892A Bulid/NRD90M; wv) AppleWebKit/537.36 (KHTML, like Gecko) Version/4.0 Chrome/60.0.3112.107 Moblie Safari/537.36"
168.138.41.19 - - [13/Nov/2023:14:15:37 +0100] "GET /wp-includes/blocks/ HTTP/1.1" 200 - "www.google.com" "Mozlila/5.0 (Linux; Android 7.0; SM-G892A Bulid/NRD90M; wv) AppleWebKit/537.36 (KHTML, like Gecko) Version/4.0 Chrome/60.0.3112.107 Moblie Safari/537.36"
168.138.41.19 - - [13/Nov/2023:14:16:03 +0100] "GET /wp-includes/certificates/ HTTP/1.1" 200 - "www.google.com" "Mozlila/5.0 (Linux; Android 7.0; SM-G892A Bulid/NRD90M; wv) AppleWebKit/537.36 (KHTML, like Gecko) Version/4.0 Chrome/60.0.3112.107 Moblie Safari/537.36"
168.138.41.19 - - [13/Nov/2023:14:16:27 +0100] "GET /wp-includes/customize/ HTTP/1.1" 200 - "www.google.com" "Mozlila/5.0 (Linux; Android 7.0; SM-G892A Bulid/NRD90M; wv) AppleWebKit/537.36 (KHTML, like Gecko) Version/4.0 Chrome/60.0.3112.107 Moblie Safari/537.36"
168.138.41.19 - - [13/Nov/2023:14:16:50 +0100] "GET /wp-includes/fonts/ HTTP/1.1" 200 - "www.google.com" "Mozlila/5.0 (Linux; Android 7.0; SM-G892A Bulid/NRD90M; wv) AppleWebKit/537.36 (KHTML, like Gecko) Version/4.0 Chrome/60.0.3112.107 Moblie Safari/537.36"
168.138.41.19 - - [13/Nov/2023:14:17:15 +0100] "GET /wp-includes/images/ HTTP/1.1" 200 - "www.google.com" "Mozlila/5.0 (Linux; Android 7.0; SM-G892A Bulid/NRD90M; wv) AppleWebKit/537.36 (KHTML, like Gecko) Version/4.0 Chrome/60.0.3112.107 Moblie Safari/537.36"
168.138.41.19 - - [13/Nov/2023:14:17:40 +0100] "GET /.well-known/ HTTP/1.1" 200 - "www.google.com" "Mozlila/5.0 (Linux; Android 7.0; SM-G892A Bulid/NRD90M; wv) AppleWebKit/537.36 (KHTML, like Gecko) Version/4.0 Chrome/60.0.3112.107 Moblie Safari/537.36"
168.138.41.19 - - [13/Nov/2023:14:18:03 +0100] "GET /ALFA_DATA/ HTTP/1.1" 200 - "www.google.com" "Mozlila/5.0 (Linux; Android 7.0; SM-G892A Bulid/NRD90M; wv) AppleWebKit/537.36 (KHTML, like Gecko) Version/4.0 Chrome/60.0.3112.107 Moblie Safari/537.36"
168.138.41.19 - - [13/Nov/2023:14:18:25 +0100] "GET /.well-knownold/ HTTP/1.1" 200 - "www.google.com" "Mozlila/5.0 (Linux; Android 7.0; SM-G892A Bulid/NRD90M; wv) AppleWebKit/537.36 (KHTML, like Gecko) Version/4.0 Chrome/60.0.3112.107 Moblie Safari/537.36"
168.138.41.19 - - [13/Nov/2023:14:18:50 +0100] "GET /.well-known/acme-challenge/ HTTP/1.1" 200 - "www.google.com" "Mozlila/5.0 (Linux; Android 7.0; SM-G892A Bulid/NRD90M; wv) AppleWebKit/537.36 (KHTML, like Gecko) Version/4.0 Chrome/60.0.3112.107 Moblie Safari/537.36"
