144.76.14.54 - - [10/Nov/2023:13:14:01 +0100] "GET / HTTP/1.1" 200 - "-" "Mozilla/5.0 (Windows NT 10.0; Win64; x64; trendictionbot0.5.0; trendiction search; http://www.trendiction.de/bot; please let us know of any problems; web at trendiction.com) Gecko/20170101 Firefox/67.0"
66.249.66.165 - - [10/Nov/2023:13:15:07 +0100] "GET /files/kozig-egyezt-eloterj.pdf HTTP/1.1" 304 - "-" "Mozilla/5.0 (Linux; Android 6.0.1; Nexus 5X Build/MMB29P) AppleWebKit/537.36 (KHTML, like Gecko) Chrome/119.0.6045.123 Mobile Safari/537.36 (compatible; Googlebot/2.1; +http://www.google.com/bot.html)"
216.244.66.200 - - [10/Nov/2023:13:22:54 +0100] "GET /robots.txt HTTP/1.1" 200 1590 "-" "Mozilla/5.0 (compatible; DotBot/1.2; +https://opensiteexplorer.org/dotbot; help@moz.com)"
216.244.66.200 - - [10/Nov/2023:13:22:54 +0100] "GET /robots.txt HTTP/1.1" 200 1590 "-" "Mozilla/5.0 (compatible; DotBot/1.2; +https://opensiteexplorer.org/dotbot; help@moz.com)"
47.128.61.216 - - [10/Nov/2023:13:30:03 +0100] "GET /node?page=250 HTTP/1.1" 200 - "-" "Mozilla/5.0 (Linux; Android 5.0) AppleWebKit/537.36 (KHTML, like Gecko) Mobile Safari/537.36 (compatible; Bytespider; spider-feedback@bytedance.com)"
81.99.74.21 - - [10/Nov/2023:13:30:09 +0100] "GET /node/2123 HTTP/1.1" 200 - "-" "Mozilla/5.0 (Linux; Android 5.0; SM-G900P Build/LRX21T) AppleWebKit/537.36 (KHTML, like Gecko) Chrome/40.0.6054.1335 Mobile Safari/537.36"
216.244.66.200 - - [10/Nov/2023:13:32:18 +0100] "GET /taxonomy/term/37 HTTP/1.1" 200 - "-" "Mozilla/5.0 (compatible; DotBot/1.2; +https://opensiteexplorer.org/dotbot; help@moz.com)"
216.244.66.200 - - [10/Nov/2023:13:33:03 +0100] "GET /taxonomy/term/44 HTTP/1.1" 200 - "-" "Mozilla/5.0 (compatible; DotBot/1.2; +https://opensiteexplorer.org/dotbot; help@moz.com)"
216.244.66.200 - - [10/Nov/2023:13:33:35 +0100] "GET /taxonomy/term/21?page=220 HTTP/1.1" 200 - "-" "Mozilla/5.0 (compatible; DotBot/1.2; +https://opensiteexplorer.org/dotbot; help@moz.com)"
216.244.66.200 - - [10/Nov/2023:13:34:06 +0100] "GET /node?page=242 HTTP/1.1" 200 - "-" "Mozilla/5.0 (compatible; DotBot/1.2; +https://opensiteexplorer.org/dotbot; help@moz.com)"
188.29.25.108 - - [10/Nov/2023:13:34:11 +0100] "GET /taxonomy/term/18 HTTP/1.1" 200 - "-" "Mozilla/5.0 (iPhone; CPU iPhone OS 11_0 like Mac OS X) AppleWebKit/537.36 (KHTML, like Gecko) Chrome/41.0.9062.1236 Mobile Safari/537.36"
216.244.66.200 - - [10/Nov/2023:13:34:37 +0100] "GET /node/2554 HTTP/1.1" 200 - "-" "Mozilla/5.0 (compatible; DotBot/1.2; +https://opensiteexplorer.org/dotbot; help@moz.com)"
216.244.66.200 - - [10/Nov/2023:13:35:10 +0100] "GET /node/2545 HTTP/1.1" 200 - "-" "Mozilla/5.0 (compatible; DotBot/1.2; +https://opensiteexplorer.org/dotbot; help@moz.com)"
216.244.66.200 - - [10/Nov/2023:13:36:01 +0100] "GET /taxonomy/term/68 HTTP/1.1" 200 - "-" "Mozilla/5.0 (compatible; DotBot/1.2; +https://opensiteexplorer.org/dotbot; help@moz.com)"
216.244.66.200 - - [10/Nov/2023:13:36:55 +0100] "GET /taxonomy/term/75 HTTP/1.1" 200 - "-" "Mozilla/5.0 (compatible; DotBot/1.2; +https://opensiteexplorer.org/dotbot; help@moz.com)"
216.244.66.200 - - [10/Nov/2023:13:37:45 +0100] "GET /taxonomy/term/26 HTTP/1.1" 200 - "-" "Mozilla/5.0 (compatible; DotBot/1.2; +https://opensiteexplorer.org/dotbot; help@moz.com)"
216.244.66.200 - - [10/Nov/2023:13:38:51 +0100] "GET /taxonomy/term/52?page=23 HTTP/1.1" 200 - "-" "Mozilla/5.0 (compatible; DotBot/1.2; +https://opensiteexplorer.org/dotbot; help@moz.com)"
216.244.66.200 - - [10/Nov/2023:13:39:25 +0100] "GET /node?page=20 HTTP/1.1" 200 - "-" "Mozilla/5.0 (compatible; DotBot/1.2; +https://opensiteexplorer.org/dotbot; help@moz.com)"
216.244.66.200 - - [10/Nov/2023:13:40:45 +0100] "GET /taxonomy/term/21?page=212 HTTP/1.1" 200 - "-" "Mozilla/5.0 (compatible; DotBot/1.2; +https://opensiteexplorer.org/dotbot; help@moz.com)"
216.244.66.200 - - [10/Nov/2023:13:41:26 +0100] "GET /taxonomy/term/27?page=7 HTTP/1.1" 200 - "-" "Mozilla/5.0 (compatible; DotBot/1.2; +https://opensiteexplorer.org/dotbot; help@moz.com)"
66.249.66.204 - - [10/Nov/2023:13:43:35 +0100] "GET /files/3130_kepz_kot_070124.pdf HTTP/1.1" 200 145786 "-" "Googlebot/2.1 (+http://www.google.com/bot.html)"
47.128.53.158 - - [10/Nov/2023:13:48:19 +0100] "GET /node/2519 HTTP/1.1" 200 - "-" "Mozilla/5.0 (Linux; Android 5.0) AppleWebKit/537.36 (KHTML, like Gecko) Mobile Safari/537.36 (compatible; Bytespider; spider-feedback@bytedance.com)"
149.200.83.216 - - [10/Nov/2023:13:53:05 +0100] "GET /files/gyamhatosag_eloterj_061204.pdf HTTP/1.1" 200 597742 "-" "Mozilla/5.0 (Linux; Android 10; K) AppleWebKit/537.36 (KHTML, like Gecko) Chrome/119.0.0.0 Mobile Safari/537.36"
94.21.219.159 - - [10/Nov/2023:14:06:12 +0100] "GET /files/ptk_kotelmi_jog.pdf HTTP/1.1" 200 706298 "https://www.google.com/" "Mozilla/5.0 (Windows NT 10.0; Win64; x64) AppleWebKit/537.36 (KHTML, like Gecko) Chrome/119.0.0.0 Safari/537.36"
94.21.219.159 - - [10/Nov/2023:14:06:13 +0100] "GET /favicon.ico HTTP/1.1" 404 57 "http://www.jogalkotas.hu/files/ptk_kotelmi_jog.pdf" "Mozilla/5.0 (Windows NT 10.0; Win64; x64) AppleWebKit/537.36 (KHTML, like Gecko) Chrome/119.0.0.0 Safari/537.36"
216.244.66.200 - - [10/Nov/2023:14:12:28 +0100] "GET /robots.txt HTTP/1.1" 200 1590 "-" "Mozilla/5.0 (compatible; DotBot/1.2; +https://opensiteexplorer.org/dotbot; help@moz.com)"
216.244.66.200 - - [10/Nov/2023:14:12:31 +0100] "GET /robots.txt HTTP/1.1" 200 1590 "-" "Mozilla/5.0 (compatible; DotBot/1.2; +https://opensiteexplorer.org/dotbot; help@moz.com)"
34.116.167.104 - - [10/Nov/2023:14:24:22 +0100] "GET /files/az_uj_ptk_koncepcioja.pdf HTTP/1.1" 200 169125 "-" "Mozilla/5.0 (X11; Linux x86_64) AppleWebKit/537.36 (KHTML, like Gecko) HeadlessChrome/92.0.4515.159 Safari/537.36"
216.244.66.200 - - [10/Nov/2023:14:28:37 +0100] "GET /node?page=61 HTTP/1.1" 200 - "-" "Mozilla/5.0 (compatible; DotBot/1.2; +https://opensiteexplorer.org/dotbot; help@moz.com)"
216.244.66.200 - - [10/Nov/2023:14:29:08 +0100] "GET /node?page=166 HTTP/1.1" 200 - "-" "Mozilla/5.0 (compatible; DotBot/1.2; +https://opensiteexplorer.org/dotbot; help@moz.com)"
216.244.66.200 - - [10/Nov/2023:14:29:51 +0100] "GET /node?page=238 HTTP/1.1" 200 - "-" "Mozilla/5.0 (compatible; DotBot/1.2; +https://opensiteexplorer.org/dotbot; help@moz.com)"
216.244.66.200 - - [10/Nov/2023:14:30:17 +0100] "GET /taxonomy/term/28?page=6 HTTP/1.1" 200 - "-" "Mozilla/5.0 (compatible; DotBot/1.2; +https://opensiteexplorer.org/dotbot; help@moz.com)"
216.244.66.200 - - [10/Nov/2023:14:31:09 +0100] "GET /node?page=11 HTTP/1.1" 200 - "-" "Mozilla/5.0 (compatible; DotBot/1.2; +https://opensiteexplorer.org/dotbot; help@moz.com)"
216.244.66.200 - - [10/Nov/2023:14:31:59 +0100] "GET /node?page=166 HTTP/1.1" 200 - "-" "Mozilla/5.0 (compatible; DotBot/1.2; +https://opensiteexplorer.org/dotbot; help@moz.com)"
216.244.66.200 - - [10/Nov/2023:14:32:50 +0100] "GET /node?page=180 HTTP/1.1" 200 - "-" "Mozilla/5.0 (compatible; DotBot/1.2; +https://opensiteexplorer.org/dotbot; help@moz.com)"
216.244.66.200 - - [10/Nov/2023:14:33:40 +0100] "GET /node?page=237 HTTP/1.1" 200 - "-" "Mozilla/5.0 (compatible; DotBot/1.2; +https://opensiteexplorer.org/dotbot; help@moz.com)"
216.244.66.200 - - [10/Nov/2023:14:34:30 +0100] "GET /node?page=83 HTTP/1.1" 200 - "-" "Mozilla/5.0 (compatible; DotBot/1.2; +https://opensiteexplorer.org/dotbot; help@moz.com)"
216.244.66.200 - - [10/Nov/2023:14:35:20 +0100] "GET /node/1147 HTTP/1.1" 200 - "-" "Mozilla/5.0 (compatible; DotBot/1.2; +https://opensiteexplorer.org/dotbot; help@moz.com)"
216.244.66.200 - - [10/Nov/2023:14:36:10 +0100] "GET /node/1233 HTTP/1.1" 200 - "-" "Mozilla/5.0 (compatible; DotBot/1.2; +https://opensiteexplorer.org/dotbot; help@moz.com)"
47.128.55.50 - - [10/Nov/2023:14:42:32 +0100] "GET /node/2580 HTTP/1.1" 200 - "-" "Mozilla/5.0 (Linux; Android 5.0) AppleWebKit/537.36 (KHTML, like Gecko) Mobile Safari/537.36 (compatible; Bytespider; spider-feedback@bytedance.com)"
201.33.169.51 - - [10/Nov/2023:14:45:32 +0100] "GET /node?page=245 HTTP/1.1" 200 - "-" "Mozilla/5.0 (iPhone; CPU iPhone OS 11_0 like Mac OS X) AppleWebKit/537.36 (KHTML, like Gecko) Chrome/49.0.2791.1822 Mobile Safari/537.36"
46.107.232.208 - - [10/Nov/2023:14:46:09 +0100] "GET /files/KHEm_1088.doc HTTP/1.1" 200 337408 "https://www.google.hu/" "Mozilla/5.0 (Windows NT 6.2) AppleWebKit/537.36 (KHTML, like Gecko) Chrome/109.0.0.0 Safari/537.36 Edg/109.0.1518.78"
20.56.233.5 - - [10/Nov/2023:14:46:11 +0100] "GET /files/KHEm_1088.doc HTTP/1.1" 200 337408 "-" "Mozilla/5.0 (Windows NT 10.0; Win64; x64) AppleWebKit/537.36 (KHTML, like Gecko) Chrome/89.0.4389.82 Safari/537.36 Edg/89.0.774.48"
47.128.26.169 - - [10/Nov/2023:14:46:23 +0100] "GET /node/2603 HTTP/1.1" 200 - "-" "Mozilla/5.0 (Linux; Android 5.0) AppleWebKit/537.36 (KHTML, like Gecko) Mobile Safari/537.36 (compatible; Bytespider; spider-feedback@bytedance.com)"
47.128.26.210 - - [10/Nov/2023:15:05:40 +0100] "GET /node/2527 HTTP/1.1" 200 - "-" "Mozilla/5.0 (Linux; Android 5.0) AppleWebKit/537.36 (KHTML, like Gecko) Mobile Safari/537.36 (compatible; Bytespider; spider-feedback@bytedance.com)"
216.244.66.200 - - [10/Nov/2023:15:14:28 +0100] "GET /robots.txt HTTP/1.1" 200 1590 "-" "Mozilla/5.0 (compatible; DotBot/1.2; +https://opensiteexplorer.org/dotbot; help@moz.com)"
216.244.66.200 - - [10/Nov/2023:15:14:28 +0100] "GET /robots.txt HTTP/1.1" 200 1590 "-" "Mozilla/5.0 (compatible; DotBot/1.2; +https://opensiteexplorer.org/dotbot; help@moz.com)"
216.244.66.200 - - [10/Nov/2023:15:19:27 +0100] "GET /filter/tips HTTP/1.1" 200 - "-" "Mozilla/5.0 (compatible; DotBot/1.2; +https://opensiteexplorer.org/dotbot; help@moz.com)"
216.244.66.200 - - [10/Nov/2023:15:19:56 +0100] "GET /taxonomy/term/40 HTTP/1.1" 200 - "-" "Mozilla/5.0 (compatible; DotBot/1.2; +https://opensiteexplorer.org/dotbot; help@moz.com)"
47.128.26.178 - - [10/Nov/2023:15:23:32 +0100] "GET /taxonomy/term/78 HTTP/1.1" 200 - "-" "Mozilla/5.0 (Linux; Android 5.0) AppleWebKit/537.36 (KHTML, like Gecko) Mobile Safari/537.36 (compatible; Bytespider; spider-feedback@bytedance.com)"
89.101.80.20 - - [10/Nov/2023:15:23:51 +0100] "GET /taxonomy/term/101?page=5 HTTP/1.1" 200 - "-" "Mozilla/5.0 (Linux; Android 5.0; SM-G900P Build/LRX21T) AppleWebKit/537.36 (KHTML, like Gecko) Chrome/53.0.5386.1498 Mobile Safari/537.36"
216.244.66.200 - - [10/Nov/2023:15:27:09 +0100] "GET /node/2556 HTTP/1.1" 200 - "-" "Mozilla/5.0 (compatible; DotBot/1.2; +https://opensiteexplorer.org/dotbot; help@moz.com)"
47.128.55.52 - - [10/Nov/2023:15:27:30 +0100] "GET /taxonomy/term/25 HTTP/1.1" 200 - "-" "Mozilla/5.0 (Linux; Android 5.0) AppleWebKit/537.36 (KHTML, like Gecko) Mobile Safari/537.36 (compatible; Bytespider; spider-feedback@bytedance.com)"
216.244.66.200 - - [10/Nov/2023:15:27:59 +0100] "GET /node/2610 HTTP/1.1" 200 - "-" "Mozilla/5.0 (compatible; DotBot/1.2; +https://opensiteexplorer.org/dotbot; help@moz.com)"
216.244.66.200 - - [10/Nov/2023:15:28:50 +0100] "GET /node/2290 HTTP/1.1" 200 - "-" "Mozilla/5.0 (compatible; DotBot/1.2; +https://opensiteexplorer.org/dotbot; help@moz.com)"
216.244.66.200 - - [10/Nov/2023:15:29:40 +0100] "GET /node/2533 HTTP/1.1" 200 - "-" "Mozilla/5.0 (compatible; DotBot/1.2; +https://opensiteexplorer.org/dotbot; help@moz.com)"
216.244.66.200 - - [10/Nov/2023:15:30:30 +0100] "GET /taxonomy/term/91 HTTP/1.1" 200 - "-" "Mozilla/5.0 (compatible; DotBot/1.2; +https://opensiteexplorer.org/dotbot; help@moz.com)"
216.244.66.200 - - [10/Nov/2023:15:32:21 +0100] "GET /node?page=50 HTTP/1.1" 200 - "-" "Mozilla/5.0 (compatible; DotBot/1.2; +https://opensiteexplorer.org/dotbot; help@moz.com)"
216.244.66.200 - - [10/Nov/2023:15:32:55 +0100] "GET /node?page=126 HTTP/1.1" 200 - "-" "Mozilla/5.0 (compatible; DotBot/1.2; +https://opensiteexplorer.org/dotbot; help@moz.com)"
216.244.66.200 - - [10/Nov/2023:15:33:46 +0100] "GET /node?page=205 HTTP/1.1" 200 - "-" "Mozilla/5.0 (compatible; DotBot/1.2; +https://opensiteexplorer.org/dotbot; help@moz.com)"
216.244.66.200 - - [10/Nov/2023:15:34:36 +0100] "GET /node/2305 HTTP/1.1" 200 - "-" "Mozilla/5.0 (compatible; DotBot/1.2; +https://opensiteexplorer.org/dotbot; help@moz.com)"
195.191.219.132 - - [10/Nov/2023:15:36:20 +0100] "GET /robots.txt HTTP/1.1" 200 1590 "-" "Mozilla/5.0 (compatible; MJ12bot/v1.4.8; http://mj12bot.com/)"
195.191.219.132 - - [10/Nov/2023:15:37:02 +0100] "GET / HTTP/1.1" 200 - "-" "Mozilla/5.0 (compatible; MJ12bot/v1.4.8; http://mj12bot.com/)"
66.249.66.164 - - [10/Nov/2023:15:46:40 +0100] "GET /files/energ_cselekv_.pdf HTTP/1.1" 200 526625 "-" "Googlebot/2.1 (+http://www.google.com/bot.html)"
47.128.63.137 - - [10/Nov/2023:15:51:59 +0100] "GET /node/2554 HTTP/1.1" 200 - "-" "Mozilla/5.0 (Linux; Android 5.0) AppleWebKit/537.36 (KHTML, like Gecko) Mobile Safari/537.36 (compatible; Bytespider; spider-feedback@bytedance.com)"
193.85.28.34 - - [10/Nov/2023:15:54:15 +0100] "GET /favicon.ico HTTP/1.1" 404 57 "http://www.jogalkotas.hu/files/CITES_tervezet_0729_kozig.pdf" "Mozilla/5.0 (Windows NT 10.0; Win64; x64) AppleWebKit/537.36 (KHTML, like Gecko) Chrome/119.0.0.0 Safari/537.36"
193.85.28.34 - - [10/Nov/2023:15:54:16 +0100] "GET /files/CITES_tervezet_0729_kozig.pdf HTTP/1.1" 200 271903 "https://www.google.com/" "Mozilla/5.0 (Windows NT 10.0; Win64; x64) AppleWebKit/537.36 (KHTML, like Gecko) Chrome/119.0.0.0 Safari/537.36"
178.48.56.211 - - [10/Nov/2023:16:16:14 +0100] "GET /favicon.ico HTTP/1.1" 404 57 "http://www.jogalkotas.hu/files/elemiszerkonyv122007.pdf" "Mozilla/5.0 (Windows NT 10.0; Win64; x64) AppleWebKit/537.36 (KHTML, like Gecko) Chrome/119.0.0.0 Safari/537.36"
178.48.56.211 - - [10/Nov/2023:16:16:14 +0100] "GET /files/elemiszerkonyv122007.pdf HTTP/1.1" 200 152700 "https://www.google.com/" "Mozilla/5.0 (Windows NT 10.0; Win64; x64) AppleWebKit/537.36 (KHTML, like Gecko) Chrome/119.0.0.0 Safari/537.36"
66.249.66.165 - - [10/Nov/2023:16:20:07 +0100] "GET /files/NFGM230.pdf HTTP/1.1" 200 98933 "-" "Googlebot/2.1 (+http://www.google.com/bot.html)"
92.116.72.44 - - [10/Nov/2023:16:22:32 +0100] "GET /files/KHEM_4090_3javitott.doc HTTP/1.1" 200 200704 "-" "Microsoft Office/15.0 (Windows NT 6.3; Microsoft Outlook 15.0.4771; Pro)"
66.249.66.201 - - [10/Nov/2023:16:23:43 +0100] "GET /files/nfh_terv_070730.pdf HTTP/1.1" 200 347830 "-" "Mozilla/5.0 (Linux; Android 6.0.1; Nexus 5X Build/MMB29P) AppleWebKit/537.36 (KHTML, like Gecko) Chrome/119.0.6045.123 Mobile Safari/537.36 (compatible; Googlebot/2.1; +http://www.google.com/bot.html)"
216.244.66.200 - - [10/Nov/2023:16:25:06 +0100] "GET /robots.txt HTTP/1.1" 200 1590 "-" "Mozilla/5.0 (compatible; DotBot/1.2; +https://opensiteexplorer.org/dotbot; help@moz.com)"
216.244.66.200 - - [10/Nov/2023:16:25:06 +0100] "GET /robots.txt HTTP/1.1" 200 1590 "-" "Mozilla/5.0 (compatible; DotBot/1.2; +https://opensiteexplorer.org/dotbot; help@moz.com)"
47.128.16.24 - - [10/Nov/2023:16:28:13 +0100] "GET /robots.txt HTTP/1.1" 200 1590 "-" "Mozilla/5.0 (Linux; Android 5.0) AppleWebKit/537.36 (KHTML, like Gecko) Mobile Safari/537.36 (compatible; Bytespider; spider-feedback@bytedance.com)"
47.128.16.246 - - [10/Nov/2023:16:29:23 +0100] "GET /taxonomy/term/28 HTTP/1.1" 200 - "-" "Mozilla/5.0 (Linux; Android 5.0) AppleWebKit/537.36 (KHTML, like Gecko) Mobile Safari/537.36 (compatible; Bytespider; spider-feedback@bytedance.com)"
216.244.66.200 - - [10/Nov/2023:16:31:05 +0100] "GET /taxonomy/term/32 HTTP/1.1" 200 - "-" "Mozilla/5.0 (compatible; DotBot/1.2; +https://opensiteexplorer.org/dotbot; help@moz.com)"
216.244.66.200 - - [10/Nov/2023:16:31:42 +0100] "GET /taxonomy/term/50 HTTP/1.1" 200 - "-" "Mozilla/5.0 (compatible; DotBot/1.2; +https://opensiteexplorer.org/dotbot; help@moz.com)"
47.128.21.50 - - [10/Nov/2023:16:31:49 +0100] "GET /node/2578 HTTP/1.1" 200 - "-" "Mozilla/5.0 (Linux; Android 5.0) AppleWebKit/537.36 (KHTML, like Gecko) Mobile Safari/537.36 (compatible; Bytespider; spider-feedback@bytedance.com)"
161.29.43.101 - - [10/Nov/2023:16:32:12 +0100] "GET /node?page=4 HTTP/1.1" 200 - "-" "Mozilla/5.0 (Linux; Android 8.0; Pixel 2 Build/OPD3.170816.012) AppleWebKit/537.36 (KHTML, like Gecko) Chrome/40.0.3457.1275 Mobile Safari/537.36"
58.108.73.132 - - [10/Nov/2023:16:36:10 +0100] "GET /taxonomy/term/50 HTTP/1.1" 200 - "-" "Mozilla/5.0 (Linux; Android 6.0; Nexus 5 Build/MRA58N) AppleWebKit/537.36 (KHTML, like Gecko) Chrome/56.0.9484.1302 Mobile Safari/537.36"
216.244.66.200 - - [10/Nov/2023:16:37:07 +0100] "GET /taxonomy/term/34 HTTP/1.1" 200 - "-" "Mozilla/5.0 (compatible; DotBot/1.2; +https://opensiteexplorer.org/dotbot; help@moz.com)"
80.252.56.176 - - [10/Nov/2023:16:39:35 +0100] "GET /files/ptk-normaszoveg-tervezet_20071029.pdf HTTP/1.1" 200 120720 "https://www.google.com/" "Mozilla/5.0 (Windows NT 10.0; Win64; x64) AppleWebKit/537.36 (KHTML, like Gecko) Chrome/118.0.0.0 Safari/537.36"
80.252.56.176 - - [10/Nov/2023:16:39:35 +0100] "GET /favicon.ico HTTP/1.1" 404 57 "http://www.jogalkotas.hu/files/ptk-normaszoveg-tervezet_20071029.pdf" "Mozilla/5.0 (Windows NT 10.0; Win64; x64) AppleWebKit/537.36 (KHTML, like Gecko) Chrome/118.0.0.0 Safari/537.36"
80.252.56.176 - - [10/Nov/2023:16:39:35 +0100] "GET /files/ptk-normaszoveg-tervezet_20071029.pdf HTTP/1.1" 206 1025 "-" "Mozilla/5.0 (Windows NT 10.0; Win64; x64) AppleWebKit/537.36 (KHTML, like Gecko) Chrome/118.0.0.0 Safari/537.36"
80.252.56.176 - - [10/Nov/2023:16:39:35 +0100] "GET /files/ptk-normaszoveg-tervezet_20071029.pdf HTTP/1.1" 200 1425629 "-" "Mozilla/5.0 (Windows NT 10.0; Win64; x64) AppleWebKit/537.36 (KHTML, like Gecko) Chrome/118.0.0.0 Safari/537.36"
66.249.66.163 - - [10/Nov/2023:16:40:21 +0100] "GET / HTTP/1.1" 200 - "-" "Mozilla/5.0 (Linux; Android 6.0.1; Nexus 5X Build/MMB29P) AppleWebKit/537.36 (KHTML, like Gecko) Chrome/99.0.4844.84 Mobile Safari/537.36 (compatible; Googlebot/2.1; +http://www.google.com/bot.html)"
121.98.238.234 - - [10/Nov/2023:16:40:38 +0100] "GET /taxonomy/term/40 HTTP/1.1" 200 - "-" "Mozilla/5.0 (Linux; Android 5.0; SM-G900P Build/LRX21T) AppleWebKit/537.36 (KHTML, like Gecko) Chrome/56.0.9499.1958 Mobile Safari/537.36"
66.249.66.165 - - [10/Nov/2023:16:40:53 +0100] "GET / HTTP/1.1" 200 - "-" "Mozilla/5.0 (compatible; Googlebot/2.1; +http://www.google.com/bot.html)"
66.249.66.164 - - [10/Nov/2023:16:41:25 +0100] "GET / HTTP/1.1" 200 - "-" "Mozilla/5.0 (Linux; Android 6.0.1; Nexus 5X Build/MMB29P) AppleWebKit/537.36 (KHTML, like Gecko) Chrome/119.0.6045.123 Mobile Safari/537.36 (compatible; Googlebot/2.1; +http://www.google.com/bot.html)"
66.249.66.163 - - [10/Nov/2023:16:42:24 +0100] "GET / HTTP/1.1" 200 - "-" "Mozilla/5.0 (compatible; Googlebot/2.1; +http://www.google.com/bot.html)"
216.244.66.200 - - [10/Nov/2023:16:42:45 +0100] "GET /node/2516 HTTP/1.1" 200 - "-" "Mozilla/5.0 (compatible; DotBot/1.2; +https://opensiteexplorer.org/dotbot; help@moz.com)"
216.244.66.200 - - [10/Nov/2023:16:43:31 +0100] "GET /taxonomy/term/69 HTTP/1.1" 200 - "-" "Mozilla/5.0 (compatible; DotBot/1.2; +https://opensiteexplorer.org/dotbot; help@moz.com)"
216.244.66.200 - - [10/Nov/2023:16:49:52 +0100] "GET /node?page=162 HTTP/1.1" 200 - "-" "Mozilla/5.0 (compatible; DotBot/1.2; +https://opensiteexplorer.org/dotbot; help@moz.com)"
216.244.66.200 - - [10/Nov/2023:16:51:12 +0100] "GET /node/98 HTTP/1.1" 200 - "-" "Mozilla/5.0 (compatible; DotBot/1.2; +https://opensiteexplorer.org/dotbot; help@moz.com)"
216.244.66.200 - - [10/Nov/2023:16:52:02 +0100] "GET /taxonomy/term/25?page=13 HTTP/1.1" 200 - "-" "Mozilla/5.0 (compatible; DotBot/1.2; +https://opensiteexplorer.org/dotbot; help@moz.com)"
216.244.66.200 - - [10/Nov/2023:16:52:52 +0100] "GET /node?page=227 HTTP/1.1" 200 - "-" "Mozilla/5.0 (compatible; DotBot/1.2; +https://opensiteexplorer.org/dotbot; help@moz.com)"
216.244.66.200 - - [10/Nov/2023:16:53:43 +0100] "GET /node?page=233 HTTP/1.1" 200 - "-" "Mozilla/5.0 (compatible; DotBot/1.2; +https://opensiteexplorer.org/dotbot; help@moz.com)"
216.244.66.200 - - [10/Nov/2023:16:54:33 +0100] "GET /node?page=41 HTTP/1.1" 200 - "-" "Mozilla/5.0 (compatible; DotBot/1.2; +https://opensiteexplorer.org/dotbot; help@moz.com)"
47.128.42.147 - - [10/Nov/2023:17:04:15 +0100] "GET /taxonomy/term/92 HTTP/1.1" 200 - "-" "Mozilla/5.0 (Linux; Android 5.0) AppleWebKit/537.36 (KHTML, like Gecko) Mobile Safari/537.36 (compatible; Bytespider; spider-feedback@bytedance.com)"
52.167.144.65 - - [10/Nov/2023:17:06:39 +0100] "GET /robots.txt HTTP/1.1" 200 1590 "-" "Mozilla/5.0 AppleWebKit/537.36 (KHTML, like Gecko; compatible; bingbot/2.0; +http://www.bing.com/bingbot.htm) Chrome/103.0.5060.134 Safari/537.36"
40.77.167.43 - - [10/Nov/2023:17:06:49 +0100] "GET /files/nekika_terv_080826.pdf HTTP/1.1" 200 248367 "-" "Mozilla/5.0 AppleWebKit/537.36 (KHTML, like Gecko; compatible; bingbot/2.0; +http://www.bing.com/bingbot.htm) Chrome/103.0.5060.134 Safari/537.36"
66.249.66.164 - - [10/Nov/2023:17:06:51 +0100] "GET /files/3175_8.pdf HTTP/1.1" 200 238857 "-" "Googlebot/2.1 (+http://www.google.com/bot.html)"
66.249.66.164 - - [10/Nov/2023:17:07:01 +0100] "GET /files/5280_kult_int_070208.pdf HTTP/1.1" 200 165464 "-" "Googlebot/2.1 (+http://www.google.com/bot.html)"
66.249.66.163 - - [10/Nov/2023:17:10:39 +0100] "GET /files/egyes_min_rend_mod_terv_070119.pdf HTTP/1.1" 200 354173 "-" "Googlebot/2.1 (+http://www.google.com/bot.html)"
216.244.66.200 - - [10/Nov/2023:17:14:30 +0100] "GET /robots.txt HTTP/1.1" 200 1590 "-" "Mozilla/5.0 (compatible; DotBot/1.2; +https://opensiteexplorer.org/dotbot; help@moz.com)"
216.244.66.200 - - [10/Nov/2023:17:14:30 +0100] "GET /robots.txt HTTP/1.1" 200 1590 "-" "Mozilla/5.0 (compatible; DotBot/1.2; +https://opensiteexplorer.org/dotbot; help@moz.com)"
216.244.66.200 - - [10/Nov/2023:17:26:11 +0100] "GET /taxonomy/term/24?page=28 HTTP/1.1" 200 - "-" "Mozilla/5.0 (compatible; DotBot/1.2; +https://opensiteexplorer.org/dotbot; help@moz.com)"
216.244.66.200 - - [10/Nov/2023:17:26:58 +0100] "GET /node?page=56 HTTP/1.1" 200 - "-" "Mozilla/5.0 (compatible; DotBot/1.2; +https://opensiteexplorer.org/dotbot; help@moz.com)"
216.244.66.200 - - [10/Nov/2023:17:27:39 +0100] "GET /node?page=85 HTTP/1.1" 200 - "-" "Mozilla/5.0 (compatible; DotBot/1.2; +https://opensiteexplorer.org/dotbot; help@moz.com)"
216.244.66.200 - - [10/Nov/2023:17:28:30 +0100] "GET /node?page=113 HTTP/1.1" 200 - "-" "Mozilla/5.0 (compatible; DotBot/1.2; +https://opensiteexplorer.org/dotbot; help@moz.com)"
45.129.14.19 - - [10/Nov/2023:17:28:52 +0100] "GET /.env HTTP/1.1" 200 - "-" "Mozilla/5.0 (X11; Linux x86_64) AppleWebKit/537.36 (KHTML, like Gecko) Chrome/81.0.4044.129 Safari/537.36"
216.244.66.200 - - [10/Nov/2023:17:29:20 +0100] "GET /node?page=152 HTTP/1.1" 200 - "-" "Mozilla/5.0 (compatible; DotBot/1.2; +https://opensiteexplorer.org/dotbot; help@moz.com)"
216.244.66.200 - - [10/Nov/2023:17:30:12 +0100] "GET /taxonomy/term/32?page=23 HTTP/1.1" 200 - "-" "Mozilla/5.0 (compatible; DotBot/1.2; +https://opensiteexplorer.org/dotbot; help@moz.com)"
47.128.38.120 - - [10/Nov/2023:17:30:16 +0100] "GET /robots.txt HTTP/1.1" 200 1590 "-" "Mozilla/5.0 (Linux; Android 5.0) AppleWebKit/537.36 (KHTML, like Gecko) Mobile Safari/537.36 (compatible; Bytespider; spider-feedback@bytedance.com)"
78.16.172.113 - - [10/Nov/2023:17:30:32 +0100] "GET / HTTP/1.1" 200 - "-" "Mozilla/5.0 (iPhone; CPU iPhone OS 11_0 like Mac OS X) AppleWebKit/537.36 (KHTML, like Gecko) Chrome/54.0.6888.1575 Mobile Safari/537.36"
216.244.66.200 - - [10/Nov/2023:17:31:02 +0100] "GET /taxonomy/term/27?page=18 HTTP/1.1" 200 - "-" "Mozilla/5.0 (compatible; DotBot/1.2; +https://opensiteexplorer.org/dotbot; help@moz.com)"
216.244.66.200 - - [10/Nov/2023:17:31:53 +0100] "GET /node/754 HTTP/1.1" 200 - "-" "Mozilla/5.0 (compatible; DotBot/1.2; +https://opensiteexplorer.org/dotbot; help@moz.com)"
216.244.66.200 - - [10/Nov/2023:17:32:43 +0100] "GET /node?page=186 HTTP/1.1" 200 - "-" "Mozilla/5.0 (compatible; DotBot/1.2; +https://opensiteexplorer.org/dotbot; help@moz.com)"
216.244.66.200 - - [10/Nov/2023:17:33:34 +0100] "GET /node?page=206 HTTP/1.1" 200 - "-" "Mozilla/5.0 (compatible; DotBot/1.2; +https://opensiteexplorer.org/dotbot; help@moz.com)"
216.244.66.200 - - [10/Nov/2023:17:34:24 +0100] "GET /node?page=35 HTTP/1.1" 200 - "-" "Mozilla/5.0 (compatible; DotBot/1.2; +https://opensiteexplorer.org/dotbot; help@moz.com)"
84.21.181.220 - - [10/Nov/2023:17:37:49 +0100] "GET /files/termofold_igenybevetel_eloterjesztes.pdf HTTP/1.1" 200 211330 "https://www.google.com/" "Mozilla/5.0 (iPhone; CPU iPhone OS 16_6_1 like Mac OS X) AppleWebKit/605.1.15 (KHTML, like Gecko) FxiOS/119.1 Mobile/15E148 Safari/605.1.15"
84.21.181.220 - - [10/Nov/2023:17:37:49 +0100] "GET /files/termofold_igenybevetel_eloterjesztes.pdf HTTP/1.1" 200 211330 "-" "Mozilla/5.0 (Macintosh; Intel Mac OS X 10_15_7) AppleWebKit/605.1.15 (KHTML, like Gecko) Version/16.0 Safari/605.1.15"
66.249.66.160 - - [10/Nov/2023:17:38:15 +0100] "GET /files/ekozig_strategia.pdf HTTP/1.1" 200 731185 "-" "Googlebot/2.1 (+http://www.google.com/bot.html)"
84.21.181.220 - - [10/Nov/2023:17:38:22 +0100] "GET /files/termofold_igenybevetel_eloterjesztes.pdf/favicon.ico HTTP/1.1" 404 - "-" "Client/35574 CFNetwork/1410.0.3 Darwin/22.6.0"
176.226.74.138 - - [10/Nov/2023:17:40:27 +0100] "GET /favicon.ico HTTP/1.1" 404 57 "http://jogalkotas.hu/files/hadkotelesek_hm_eum_rendelet_tervezet_melleklet.pdf" "Mozilla/5.0 (Windows NT 10.0; Win64; x64) AppleWebKit/537.36 (KHTML, like Gecko) Chrome/119.0.0.0 Safari/537.36"
176.226.74.138 - - [10/Nov/2023:17:40:28 +0100] "GET /files/hadkotelesek_hm_eum_rendelet_tervezet_melleklet.pdf HTTP/1.1" 200 713160 "https://www.google.com/" "Mozilla/5.0 (Windows NT 10.0; Win64; x64) AppleWebKit/537.36 (KHTML, like Gecko) Chrome/119.0.0.0 Safari/537.36"
216.244.66.200 - - [10/Nov/2023:18:02:37 +0100] "GET /robots.txt HTTP/1.1" 200 1590 "-" "Mozilla/5.0 (compatible; DotBot/1.2; +https://opensiteexplorer.org/dotbot; help@moz.com)"
216.244.66.200 - - [10/Nov/2023:18:02:37 +0100] "GET /robots.txt HTTP/1.1" 200 1590 "-" "Mozilla/5.0 (compatible; DotBot/1.2; +https://opensiteexplorer.org/dotbot; help@moz.com)"
136.226.198.115 - - [10/Nov/2023:18:06:43 +0100] "GET /files/me_1_3_51__1_080313.pdf HTTP/1.1" 200 243169 "https://www.bing.com/" "Mozilla/5.0 (Windows NT 10.0; Win64; x64) AppleWebKit/537.36 (KHTML, like Gecko) Chrome/116.0.0.0 Safari/537.36 Edg/116.0.1938.81"
136.226.198.115 - - [10/Nov/2023:18:06:43 +0100] "GET /favicon.ico HTTP/1.1" 404 57 "http://www.jogalkotas.hu/files/me_1_3_51__1_080313.pdf" "Mozilla/5.0 (Windows NT 10.0; Win64; x64) AppleWebKit/537.36 (KHTML, like Gecko) Chrome/116.0.0.0 Safari/537.36 Edg/116.0.1938.81"
216.244.66.200 - - [10/Nov/2023:18:07:00 +0100] "GET /taxonomy/term/99 HTTP/1.1" 200 - "-" "Mozilla/5.0 (compatible; DotBot/1.2; +https://opensiteexplorer.org/dotbot; help@moz.com)"
216.244.66.200 - - [10/Nov/2023:18:10:54 +0100] "GET /taxonomy/term/40?page=169 HTTP/1.1" 200 - "-" "Mozilla/5.0 (compatible; DotBot/1.2; +https://opensiteexplorer.org/dotbot; help@moz.com)"
216.244.66.200 - - [10/Nov/2023:18:11:38 +0100] "GET /taxonomy/term/73 HTTP/1.1" 200 - "-" "Mozilla/5.0 (compatible; DotBot/1.2; +https://opensiteexplorer.org/dotbot; help@moz.com)"
216.244.66.200 - - [10/Nov/2023:18:13:25 +0100] "GET /taxonomy/term/108 HTTP/1.1" 200 - "-" "Mozilla/5.0 (compatible; DotBot/1.2; +https://opensiteexplorer.org/dotbot; help@moz.com)"
216.244.66.200 - - [10/Nov/2023:18:14:51 +0100] "GET /node?page=45 HTTP/1.1" 200 - "-" "Mozilla/5.0 (compatible; DotBot/1.2; +https://opensiteexplorer.org/dotbot; help@moz.com)"
216.244.66.200 - - [10/Nov/2023:18:15:19 +0100] "GET /node?page=154 HTTP/1.1" 200 - "-" "Mozilla/5.0 (compatible; DotBot/1.2; +https://opensiteexplorer.org/dotbot; help@moz.com)"
216.244.66.200 - - [10/Nov/2023:18:16:10 +0100] "GET /node?page=174 HTTP/1.1" 200 - "-" "Mozilla/5.0 (compatible; DotBot/1.2; +https://opensiteexplorer.org/dotbot; help@moz.com)"
216.244.66.200 - - [10/Nov/2023:18:17:00 +0100] "GET /node/97 HTTP/1.1" 200 - "-" "Mozilla/5.0 (compatible; DotBot/1.2; +https://opensiteexplorer.org/dotbot; help@moz.com)"
216.244.66.200 - - [10/Nov/2023:18:17:49 +0100] "GET /node?page=193 HTTP/1.1" 200 - "-" "Mozilla/5.0 (compatible; DotBot/1.2; +https://opensiteexplorer.org/dotbot; help@moz.com)"
216.244.66.200 - - [10/Nov/2023:18:18:40 +0100] "GET /node?page=220 HTTP/1.1" 200 - "-" "Mozilla/5.0 (compatible; DotBot/1.2; +https://opensiteexplorer.org/dotbot; help@moz.com)"
216.244.66.200 - - [10/Nov/2023:18:19:30 +0100] "GET /node?page=37 HTTP/1.1" 200 - "-" "Mozilla/5.0 (compatible; DotBot/1.2; +https://opensiteexplorer.org/dotbot; help@moz.com)"
47.128.59.72 - - [10/Nov/2023:18:35:25 +0100] "GET /node/2570 HTTP/1.1" 200 - "-" "Mozilla/5.0 (Linux; Android 5.0) AppleWebKit/537.36 (KHTML, like Gecko) Mobile Safari/537.36 (compatible; Bytespider; spider-feedback@bytedance.com)"
101.189.67.19 - - [10/Nov/2023:18:36:14 +0100] "GET /node/2568 HTTP/1.1" 200 - "-" "Mozilla/5.0 (Linux; Android 5.0; SM-G900P Build/LRX21T) AppleWebKit/537.36 (KHTML, like Gecko) Chrome/57.0.5219.1647 Mobile Safari/537.36"
47.128.59.60 - - [10/Nov/2023:18:39:31 +0100] "GET /node/2525 HTTP/1.1" 200 - "-" "Mozilla/5.0 (Linux; Android 5.0) AppleWebKit/537.36 (KHTML, like Gecko) Mobile Safari/537.36 (compatible; Bytespider; spider-feedback@bytedance.com)"
216.244.66.200 - - [10/Nov/2023:18:50:37 +0100] "GET /robots.txt HTTP/1.1" 200 1590 "-" "Mozilla/5.0 (compatible; DotBot/1.2; +https://opensiteexplorer.org/dotbot; help@moz.com)"
216.244.66.200 - - [10/Nov/2023:18:50:37 +0100] "GET /robots.txt HTTP/1.1" 200 1590 "-" "Mozilla/5.0 (compatible; DotBot/1.2; +https://opensiteexplorer.org/dotbot; help@moz.com)"
216.244.66.200 - - [10/Nov/2023:18:55:08 +0100] "GET /taxonomy/term/18 HTTP/1.1" 200 - "-" "Mozilla/5.0 (compatible; DotBot/1.2; +https://opensiteexplorer.org/dotbot; help@moz.com)"
216.244.66.200 - - [10/Nov/2023:18:57:17 +0100] "GET /taxonomy/term/36 HTTP/1.1" 200 - "-" "Mozilla/5.0 (compatible; DotBot/1.2; +https://opensiteexplorer.org/dotbot; help@moz.com)"
216.244.66.200 - - [10/Nov/2023:18:59:57 +0100] "GET /taxonomy/term/63 HTTP/1.1" 200 - "-" "Mozilla/5.0 (compatible; DotBot/1.2; +https://opensiteexplorer.org/dotbot; help@moz.com)"
216.244.66.200 - - [10/Nov/2023:19:05:26 +0100] "GET /node?page=224 HTTP/1.1" 200 - "-" "Mozilla/5.0 (compatible; DotBot/1.2; +https://opensiteexplorer.org/dotbot; help@moz.com)"
216.244.66.200 - - [10/Nov/2023:19:05:59 +0100] "GET /node?page=25 HTTP/1.1" 200 - "-" "Mozilla/5.0 (compatible; DotBot/1.2; +https://opensiteexplorer.org/dotbot; help@moz.com)"
216.244.66.200 - - [10/Nov/2023:19:06:51 +0100] "GET /node?page=197 HTTP/1.1" 200 - "-" "Mozilla/5.0 (compatible; DotBot/1.2; +https://opensiteexplorer.org/dotbot; help@moz.com)"
216.244.66.200 - - [10/Nov/2023:19:07:41 +0100] "GET /node?page=34 HTTP/1.1" 200 - "-" "Mozilla/5.0 (compatible; DotBot/1.2; +https://opensiteexplorer.org/dotbot; help@moz.com)"
216.244.66.200 - - [10/Nov/2023:19:08:31 +0100] "GET /node/1078 HTTP/1.1" 200 - "-" "Mozilla/5.0 (compatible; DotBot/1.2; +https://opensiteexplorer.org/dotbot; help@moz.com)"
216.244.66.200 - - [10/Nov/2023:19:09:22 +0100] "GET /node/1090 HTTP/1.1" 200 - "-" "Mozilla/5.0 (compatible; DotBot/1.2; +https://opensiteexplorer.org/dotbot; help@moz.com)"
216.244.66.200 - - [10/Nov/2023:19:10:12 +0100] "GET /node/1155 HTTP/1.1" 200 - "-" "Mozilla/5.0 (compatible; DotBot/1.2; +https://opensiteexplorer.org/dotbot; help@moz.com)"
216.244.66.200 - - [10/Nov/2023:19:11:02 +0100] "GET /node/1173 HTTP/1.1" 200 - "-" "Mozilla/5.0 (compatible; DotBot/1.2; +https://opensiteexplorer.org/dotbot; help@moz.com)"
40.77.167.43 - - [10/Nov/2023:19:15:15 +0100] "GET /files/me_1_3_51__1_080313.pdf HTTP/1.1" 304 - "-" "Mozilla/5.0 AppleWebKit/537.36 (KHTML, like Gecko; compatible; bingbot/2.0; +http://www.bing.com/bingbot.htm) Chrome/103.0.5060.134 Safari/537.36"
221.2.155.200 - - [10/Nov/2023:19:25:34 +0100] "GET / HTTP/1.1" 200 - "-" "Mozilla/5.0"
176.63.2.251 - - [10/Nov/2023:19:30:17 +0100] "GET /files/hadkotelesek_hm_eum_rendelet_tervezet_melleklet.pdf HTTP/1.1" 200 713160 "-" "Dalvik/2.1.0 (Linux; U; Android 11; Redmi Note 8T Build/RKQ1.201004.002)"
216.244.66.200 - - [10/Nov/2023:19:38:38 +0100] "GET /robots.txt HTTP/1.1" 200 1590 "-" "Mozilla/5.0 (compatible; DotBot/1.2; +https://opensiteexplorer.org/dotbot; help@moz.com)"
216.244.66.200 - - [10/Nov/2023:19:38:38 +0100] "GET /robots.txt HTTP/1.1" 200 1590 "-" "Mozilla/5.0 (compatible; DotBot/1.2; +https://opensiteexplorer.org/dotbot; help@moz.com)"
47.128.28.102 - - [10/Nov/2023:19:40:18 +0100] "GET /taxonomy/term/37 HTTP/1.1" 200 - "-" "Mozilla/5.0 (Linux; Android 5.0) AppleWebKit/537.36 (KHTML, like Gecko) Mobile Safari/537.36 (compatible; Bytespider; spider-feedback@bytedance.com)"
5.188.87.55 - - [10/Nov/2023:19:42:25 +0100] "GET /wp-login.php HTTP/1.1" 200 - "-" "Mozilla/5.0 (Windows NT 10.0; Win64; x64) AppleWebKit/537.36 (KHTML, like Gecko) Chrome/64.0.3282.140 Safari/537.36 Edge/18.17763"
103.98.209.237 - - [10/Nov/2023:19:44:25 +0100] "GET /node/2547 HTTP/1.1" 200 - "-" "Mozilla/5.0 (Linux; Android 6.0; Nexus 5 Build/MRA58N) AppleWebKit/537.36 (KHTML, like Gecko) Chrome/42.0.2995.1442 Mobile Safari/537.36"
216.244.66.200 - - [10/Nov/2023:19:48:52 +0100] "GET /node/2534 HTTP/1.1" 200 - "-" "Mozilla/5.0 (compatible; DotBot/1.2; +https://opensiteexplorer.org/dotbot; help@moz.com)"
216.244.66.200 - - [10/Nov/2023:19:52:37 +0100] "GET /node?page=115 HTTP/1.1" 200 - "-" "Mozilla/5.0 (compatible; DotBot/1.2; +https://opensiteexplorer.org/dotbot; help@moz.com)"
216.244.66.200 - - [10/Nov/2023:19:53:18 +0100] "GET /node?page=196 HTTP/1.1" 200 - "-" "Mozilla/5.0 (compatible; DotBot/1.2; +https://opensiteexplorer.org/dotbot; help@moz.com)"
216.244.66.200 - - [10/Nov/2023:19:54:08 +0100] "GET /node?page=229 HTTP/1.1" 200 - "-" "Mozilla/5.0 (compatible; DotBot/1.2; +https://opensiteexplorer.org/dotbot; help@moz.com)"
216.244.66.200 - - [10/Nov/2023:19:55:00 +0100] "GET /taxonomy/term/21?page=5 HTTP/1.1" 200 - "-" "Mozilla/5.0 (compatible; DotBot/1.2; +https://opensiteexplorer.org/dotbot; help@moz.com)"
216.244.66.200 - - [10/Nov/2023:19:55:52 +0100] "GET /node?page=28 HTTP/1.1" 200 - "-" "Mozilla/5.0 (compatible; DotBot/1.2; +https://opensiteexplorer.org/dotbot; help@moz.com)"
216.244.66.200 - - [10/Nov/2023:19:56:42 +0100] "GET /node/1095 HTTP/1.1" 200 - "-" "Mozilla/5.0 (compatible; DotBot/1.2; +https://opensiteexplorer.org/dotbot; help@moz.com)"
216.244.66.200 - - [10/Nov/2023:19:57:32 +0100] "GET /node/1280 HTTP/1.1" 200 - "-" "Mozilla/5.0 (compatible; DotBot/1.2; +https://opensiteexplorer.org/dotbot; help@moz.com)"
66.249.66.202 - - [10/Nov/2023:19:57:46 +0100] "GET /robots.txt HTTP/1.1" 200 1590 "-" "Mozilla/5.0 (compatible; Googlebot/2.1; +http://www.google.com/bot.html)"
66.249.66.163 - - [10/Nov/2023:19:57:47 +0100] "GET /files/kollegium_terv_090922.pdf HTTP/1.1" 304 - "-" "Mozilla/5.0 (Linux; Android 6.0.1; Nexus 5X Build/MMB29P) AppleWebKit/537.36 (KHTML, like Gecko) Chrome/119.0.6045.123 Mobile Safari/537.36 (compatible; Googlebot/2.1; +http://www.google.com/bot.html)"
66.249.66.203 - - [10/Nov/2023:19:57:48 +0100] "GET /files/humangenetika_torv_terv_0802121.doc HTTP/1.1" 200 115200 "-" "Mozilla/5.0 (Linux; Android 6.0.1; Nexus 5X Build/MMB29P) AppleWebKit/537.36 (KHTML, like Gecko) Chrome/119.0.6045.123 Mobile Safari/537.36 (compatible; Googlebot/2.1; +http://www.google.com/bot.html)"
216.244.66.200 - - [10/Nov/2023:19:58:24 +0100] "GET /node/1462 HTTP/1.1" 200 - "-" "Mozilla/5.0 (compatible; DotBot/1.2; +https://opensiteexplorer.org/dotbot; help@moz.com)"
46.107.165.231 - - [10/Nov/2023:19:58:34 +0100] "GET /files/hadkotelesek_hm_eum_rendelet_tervezet_melleklet.pdf HTTP/1.1" 200 713160 "-" "Dalvik/2.1.0 (Linux; U; Android 11; SM-A405FN Build/RP1A.200720.012)"
216.244.66.200 - - [10/Nov/2023:19:59:15 +0100] "GET /node/1477 HTTP/1.1" 200 - "-" "Mozilla/5.0 (compatible; DotBot/1.2; +https://opensiteexplorer.org/dotbot; help@moz.com)"
216.244.66.200 - - [10/Nov/2023:20:00:05 +0100] "GET /node/1504 HTTP/1.1" 200 - "-" "Mozilla/5.0 (compatible; DotBot/1.2; +https://opensiteexplorer.org/dotbot; help@moz.com)"
66.249.66.202 - - [10/Nov/2023:20:01:09 +0100] "GET /files/ovadek_rendelet.pdf HTTP/1.1" 304 - "-" "Mozilla/5.0 (Linux; Android 6.0.1; Nexus 5X Build/MMB29P) AppleWebKit/537.36 (KHTML, like Gecko) Chrome/119.0.6045.123 Mobile Safari/537.36 (compatible; Googlebot/2.1; +http://www.google.com/bot.html)"
216.244.66.200 - - [10/Nov/2023:20:26:31 +0100] "GET /robots.txt HTTP/1.1" 200 1590 "-" "Mozilla/5.0 (compatible; DotBot/1.2; +https://opensiteexplorer.org/dotbot; help@moz.com)"
216.244.66.200 - - [10/Nov/2023:20:26:31 +0100] "GET /robots.txt HTTP/1.1" 200 1590 "-" "Mozilla/5.0 (compatible; DotBot/1.2; +https://opensiteexplorer.org/dotbot; help@moz.com)"
216.244.66.200 - - [10/Nov/2023:20:36:20 +0100] "GET /node?page=243 HTTP/1.1" 200 - "-" "Mozilla/5.0 (compatible; DotBot/1.2; +https://opensiteexplorer.org/dotbot; help@moz.com)"
216.244.66.200 - - [10/Nov/2023:20:40:34 +0100] "GET /node?page=34 HTTP/1.1" 200 - "-" "Mozilla/5.0 (compatible; DotBot/1.2; +https://opensiteexplorer.org/dotbot; help@moz.com)"
216.244.66.200 - - [10/Nov/2023:20:42:05 +0100] "GET /node?page=106 HTTP/1.1" 200 - "-" "Mozilla/5.0 (compatible; DotBot/1.2; +https://opensiteexplorer.org/dotbot; help@moz.com)"
66.249.66.201 - - [10/Nov/2023:20:42:46 +0100] "GET /files/alapf_muv_okt_kovet_II_060414.pdf HTTP/1.1" 304 - "-" "Mozilla/5.0 (Linux; Android 6.0.1; Nexus 5X Build/MMB29P) AppleWebKit/537.36 (KHTML, like Gecko) Chrome/119.0.6045.123 Mobile Safari/537.36 (compatible; Googlebot/2.1; +http://www.google.com/bot.html)"
66.249.66.203 - - [10/Nov/2023:20:42:47 +0100] "GET /files/humangenetika_torv_terv_0802121.doc HTTP/1.1" 200 115200 "-" "Mozilla/5.0 (compatible; Googlebot/2.1; +http://www.google.com/bot.html)"
216.244.66.200 - - [10/Nov/2023:20:42:56 +0100] "GET /node?page=77 HTTP/1.1" 200 - "-" "Mozilla/5.0 (compatible; DotBot/1.2; +https://opensiteexplorer.org/dotbot; help@moz.com)"
216.244.66.200 - - [10/Nov/2023:20:43:46 +0100] "GET /node/1270 HTTP/1.1" 200 - "-" "Mozilla/5.0 (compatible; DotBot/1.2; +https://opensiteexplorer.org/dotbot; help@moz.com)"
216.244.66.200 - - [10/Nov/2023:20:44:36 +0100] "GET /node/1689 HTTP/1.1" 200 - "-" "Mozilla/5.0 (compatible; DotBot/1.2; +https://opensiteexplorer.org/dotbot; help@moz.com)"
216.244.66.200 - - [10/Nov/2023:20:45:26 +0100] "GET /node/1711 HTTP/1.1" 200 - "-" "Mozilla/5.0 (compatible; DotBot/1.2; +https://opensiteexplorer.org/dotbot; help@moz.com)"
216.244.66.200 - - [10/Nov/2023:20:46:16 +0100] "GET /node/1759 HTTP/1.1" 200 - "-" "Mozilla/5.0 (compatible; DotBot/1.2; +https://opensiteexplorer.org/dotbot; help@moz.com)"
216.244.66.200 - - [10/Nov/2023:20:47:07 +0100] "GET /node/1771 HTTP/1.1" 200 - "-" "Mozilla/5.0 (compatible; DotBot/1.2; +https://opensiteexplorer.org/dotbot; help@moz.com)"
216.244.66.200 - - [10/Nov/2023:20:47:57 +0100] "GET /node/1857 HTTP/1.1" 200 - "-" "Mozilla/5.0 (compatible; DotBot/1.2; +https://opensiteexplorer.org/dotbot; help@moz.com)"
216.244.66.200 - - [10/Nov/2023:20:48:47 +0100] "GET /node/1906 HTTP/1.1" 200 - "-" "Mozilla/5.0 (compatible; DotBot/1.2; +https://opensiteexplorer.org/dotbot; help@moz.com)"
47.128.41.158 - - [10/Nov/2023:20:50:40 +0100] "GET /node/2204 HTTP/1.1" 200 - "-" "Mozilla/5.0 (Linux; Android 5.0) AppleWebKit/537.36 (KHTML, like Gecko) Mobile Safari/537.36 (compatible; Bytespider; spider-feedback@bytedance.com)"
37.228.229.131 - - [10/Nov/2023:20:51:11 +0100] "GET /node/2289 HTTP/1.1" 200 - "-" "Mozilla/5.0 (Linux; Android 5.0; SM-G900P Build/LRX21T) AppleWebKit/537.36 (KHTML, like Gecko) Chrome/42.0.9855.1219 Mobile Safari/537.36"
47.128.36.95 - - [10/Nov/2023:20:54:38 +0100] "GET /node/2521 HTTP/1.1" 200 - "-" "Mozilla/5.0 (Linux; Android 5.0) AppleWebKit/537.36 (KHTML, like Gecko) Mobile Safari/537.36 (compatible; Bytespider; spider-feedback@bytedance.com)"
174.138.178.58 - - [10/Nov/2023:21:07:13 +0100] "GET / HTTP/1.1" 200 - "-" "Mozilla/5.0 (Windows NT 10.0; Win64; x64) AppleWebKit/537.36 (KHTML, like Gecko) HeadlessChrome/119.0.6045.124 Safari/537.36"
84.224.73.176 - - [10/Nov/2023:21:11:31 +0100] "GET /files/23617_6.pdf HTTP/1.1" 200 34590 "https://www.google.com/" "Mozilla/5.0 (Linux; Android 10; K) AppleWebKit/537.36 (KHTML, like Gecko) Chrome/119.0.0.0 Mobile Safari/537.36"
176.63.12.134 - - [10/Nov/2023:21:12:27 +0100] "GET /favicon.ico HTTP/1.1" 404 57 "http://www.jogalkotas.hu/files/ptk_kotelmi_jog.pdf" "Mozilla/5.0 (Windows NT 10.0; Win64; x64) AppleWebKit/537.36 (KHTML, like Gecko) Chrome/119.0.0.0 Safari/537.36"
176.63.12.134 - - [10/Nov/2023:21:12:27 +0100] "GET /files/ptk_kotelmi_jog.pdf HTTP/1.1" 200 706298 "https://www.google.com/" "Mozilla/5.0 (Windows NT 10.0; Win64; x64) AppleWebKit/537.36 (KHTML, like Gecko) Chrome/119.0.0.0 Safari/537.36"
205.210.31.177 - - [10/Nov/2023:21:26:15 +0100] "GET / HTTP/1.1" 200 - "-" "-"
66.249.66.202 - - [10/Nov/2023:21:27:47 +0100] "GET /files/ekeloterj.doc HTTP/1.1" 304 - "-" "Mozilla/5.0 (Linux; Android 6.0.1; Nexus 5X Build/MMB29P) AppleWebKit/537.36 (KHTML, like Gecko) Chrome/119.0.6045.123 Mobile Safari/537.36 (compatible; Googlebot/2.1; +http://www.google.com/bot.html)"
95.163.255.140 - - [10/Nov/2023:21:30:02 +0100] "GET /robots.txt HTTP/1.0" 200 1590 "-" "Mozilla/5.0 (compatible; Linux x86_64; Mail.RU_Bot/Robots/2.0; +https://help.mail.ru/webmaster/indexing/robots)"
95.163.255.198 - - [10/Nov/2023:21:30:35 +0100] "GET / HTTP/1.1" 200 - "-" "Mozilla/5.0 (compatible; Linux x86_64; Mail.RU_Bot/Robots/2.0; +https://help.mail.ru/webmaster/indexing/robots)"
66.249.66.203 - - [10/Nov/2023:21:31:07 +0100] "GET /files/ptk_kotelmi_jog.pdf HTTP/1.1" 304 - "-" "Mozilla/5.0 (Linux; Android 6.0.1; Nexus 5X Build/MMB29P) AppleWebKit/537.36 (KHTML, like Gecko) Chrome/119.0.6045.123 Mobile Safari/537.36 (compatible; Googlebot/2.1; +http://www.google.com/bot.html)"
216.244.66.200 - - [10/Nov/2023:21:33:55 +0100] "GET /robots.txt HTTP/1.1" 200 1590 "-" "Mozilla/5.0 (compatible; DotBot/1.2; +https://opensiteexplorer.org/dotbot; help@moz.com)"
216.244.66.200 - - [10/Nov/2023:21:33:55 +0100] "GET /robots.txt HTTP/1.1" 200 1590 "-" "Mozilla/5.0 (compatible; DotBot/1.2; +https://opensiteexplorer.org/dotbot; help@moz.com)"
216.244.66.200 - - [10/Nov/2023:21:44:52 +0100] "GET /taxonomy/term/1?page=227 HTTP/1.1" 200 - "-" "Mozilla/5.0 (compatible; DotBot/1.2; +https://opensiteexplorer.org/dotbot; help@moz.com)"
216.244.66.200 - - [10/Nov/2023:21:46:11 +0100] "GET /node/2608 HTTP/1.1" 200 - "-" "Mozilla/5.0 (compatible; DotBot/1.2; +https://opensiteexplorer.org/dotbot; help@moz.com)"
216.244.66.200 - - [10/Nov/2023:21:49:23 +0100] "GET /node?page=67 HTTP/1.1" 200 - "-" "Mozilla/5.0 (compatible; DotBot/1.2; +https://opensiteexplorer.org/dotbot; help@moz.com)"
216.244.66.200 - - [10/Nov/2023:21:49:56 +0100] "GET /node?page=161 HTTP/1.1" 200 - "-" "Mozilla/5.0 (compatible; DotBot/1.2; +https://opensiteexplorer.org/dotbot; help@moz.com)"
45.125.6.116 - - [10/Nov/2023:21:50:26 +0100] "GET /taxonomy/term/46?page=2 HTTP/1.1" 200 - "-" "Mozilla/5.0 (Linux; Android 8.0; Pixel 2 Build/OPD3.170816.012) AppleWebKit/537.36 (KHTML, like Gecko) Chrome/56.0.1987.1649 Mobile Safari/537.36"
47.128.21.232 - - [10/Nov/2023:21:50:26 +0100] "GET /node/2591 HTTP/1.1" 200 - "-" "Mozilla/5.0 (Linux; Android 5.0) AppleWebKit/537.36 (KHTML, like Gecko) Mobile Safari/537.36 (compatible; Bytespider; spider-feedback@bytedance.com)"
216.244.66.200 - - [10/Nov/2023:21:51:24 +0100] "GET /node?page=172 HTTP/1.1" 200 - "-" "Mozilla/5.0 (compatible; DotBot/1.2; +https://opensiteexplorer.org/dotbot; help@moz.com)"
216.244.66.200 - - [10/Nov/2023:21:52:14 +0100] "GET /node?page=221 HTTP/1.1" 200 - "-" "Mozilla/5.0 (compatible; DotBot/1.2; +https://opensiteexplorer.org/dotbot; help@moz.com)"
66.249.66.164 - - [10/Nov/2023:21:52:41 +0100] "GET /files/NFGM205.pdf HTTP/1.1" 200 159391 "-" "Googlebot/2.1 (+http://www.google.com/bot.html)"
216.244.66.200 - - [10/Nov/2023:21:53:05 +0100] "GET /node?page=45 HTTP/1.1" 200 - "-" "Mozilla/5.0 (compatible; DotBot/1.2; +https://opensiteexplorer.org/dotbot; help@moz.com)"
216.244.66.200 - - [10/Nov/2023:21:53:55 +0100] "GET /node/1160 HTTP/1.1" 200 - "-" "Mozilla/5.0 (compatible; DotBot/1.2; +https://opensiteexplorer.org/dotbot; help@moz.com)"
47.128.21.225 - - [10/Nov/2023:21:54:24 +0100] "GET /taxonomy/term/107 HTTP/1.1" 200 - "-" "Mozilla/5.0 (Linux; Android 5.0) AppleWebKit/537.36 (KHTML, like Gecko) Mobile Safari/537.36 (compatible; Bytespider; spider-feedback@bytedance.com)"
216.244.66.200 - - [10/Nov/2023:21:54:45 +0100] "GET /node/1211 HTTP/1.1" 200 - "-" "Mozilla/5.0 (compatible; DotBot/1.2; +https://opensiteexplorer.org/dotbot; help@moz.com)"
216.244.66.200 - - [10/Nov/2023:21:55:36 +0100] "GET /node/1298 HTTP/1.1" 200 - "-" "Mozilla/5.0 (compatible; DotBot/1.2; +https://opensiteexplorer.org/dotbot; help@moz.com)"
216.244.66.200 - - [10/Nov/2023:21:56:26 +0100] "GET /node/1473 HTTP/1.1" 200 - "-" "Mozilla/5.0 (compatible; DotBot/1.2; +https://opensiteexplorer.org/dotbot; help@moz.com)"
47.128.41.211 - - [10/Nov/2023:22:13:49 +0100] "GET /node/2528 HTTP/1.1" 200 - "-" "Mozilla/5.0 (Linux; Android 5.0) AppleWebKit/537.36 (KHTML, like Gecko) Mobile Safari/537.36 (compatible; Bytespider; spider-feedback@bytedance.com)"
47.128.61.15 - - [10/Nov/2023:22:17:56 +0100] "GET /node?page=7 HTTP/1.1" 200 - "-" "Mozilla/5.0 (Linux; Android 5.0) AppleWebKit/537.36 (KHTML, like Gecko) Mobile Safari/537.36 (compatible; Bytespider; spider-feedback@bytedance.com)"
47.128.22.111 - - [10/Nov/2023:22:21:44 +0100] "GET /user HTTP/1.1" 200 - "-" "Mozilla/5.0 (Linux; Android 5.0) AppleWebKit/537.36 (KHTML, like Gecko) Mobile Safari/537.36 (compatible; Bytespider; spider-feedback@bytedance.com)"
216.244.66.200 - - [10/Nov/2023:22:33:18 +0100] "GET /robots.txt HTTP/1.1" 200 1590 "-" "Mozilla/5.0 (compatible; DotBot/1.2; +https://opensiteexplorer.org/dotbot; help@moz.com)"
216.244.66.200 - - [10/Nov/2023:22:33:18 +0100] "GET /robots.txt HTTP/1.1" 200 1590 "-" "Mozilla/5.0 (compatible; DotBot/1.2; +https://opensiteexplorer.org/dotbot; help@moz.com)"
47.128.46.245 - - [10/Nov/2023:22:41:12 +0100] "GET /node/1158 HTTP/1.1" 200 - "-" "Mozilla/5.0 (Linux; Android 5.0) AppleWebKit/537.36 (KHTML, like Gecko) Mobile Safari/537.36 (compatible; Bytespider; spider-feedback@bytedance.com)"
216.244.66.200 - - [10/Nov/2023:22:42:12 +0100] "GET /taxonomy/term/86 HTTP/1.1" 200 - "-" "Mozilla/5.0 (compatible; DotBot/1.2; +https://opensiteexplorer.org/dotbot; help@moz.com)"
216.244.66.200 - - [10/Nov/2023:22:42:42 +0100] "GET /taxonomy/term/87 HTTP/1.1" 200 - "-" "Mozilla/5.0 (compatible; DotBot/1.2; +https://opensiteexplorer.org/dotbot; help@moz.com)"
216.244.66.200 - - [10/Nov/2023:22:43:24 +0100] "GET /taxonomy/term/101?page=3 HTTP/1.1" 200 - "-" "Mozilla/5.0 (compatible; DotBot/1.2; +https://opensiteexplorer.org/dotbot; help@moz.com)"
216.244.66.200 - - [10/Nov/2023:22:46:20 +0100] "GET /taxonomy/term/52?page=16 HTTP/1.1" 200 - "-" "Mozilla/5.0 (compatible; DotBot/1.2; +https://opensiteexplorer.org/dotbot; help@moz.com)"
216.244.66.200 - - [10/Nov/2023:22:47:11 +0100] "GET /node?page=48 HTTP/1.1" 200 - "-" "Mozilla/5.0 (compatible; DotBot/1.2; +https://opensiteexplorer.org/dotbot; help@moz.com)"
216.244.66.200 - - [10/Nov/2023:22:48:01 +0100] "GET /node?page=95 HTTP/1.1" 200 - "-" "Mozilla/5.0 (compatible; DotBot/1.2; +https://opensiteexplorer.org/dotbot; help@moz.com)"
216.244.66.200 - - [10/Nov/2023:22:48:51 +0100] "GET /node/1156 HTTP/1.1" 200 - "-" "Mozilla/5.0 (compatible; DotBot/1.2; +https://opensiteexplorer.org/dotbot; help@moz.com)"
216.244.66.200 - - [10/Nov/2023:22:49:41 +0100] "GET /node/1363 HTTP/1.1" 200 - "-" "Mozilla/5.0 (compatible; DotBot/1.2; +https://opensiteexplorer.org/dotbot; help@moz.com)"
216.244.66.200 - - [10/Nov/2023:22:50:32 +0100] "GET /node/1525 HTTP/1.1" 200 - "-" "Mozilla/5.0 (compatible; DotBot/1.2; +https://opensiteexplorer.org/dotbot; help@moz.com)"
216.244.66.200 - - [10/Nov/2023:22:51:22 +0100] "GET /node/1760 HTTP/1.1" 200 - "-" "Mozilla/5.0 (compatible; DotBot/1.2; +https://opensiteexplorer.org/dotbot; help@moz.com)"
216.244.66.200 - - [10/Nov/2023:22:52:12 +0100] "GET /node/1878 HTTP/1.1" 200 - "-" "Mozilla/5.0 (compatible; DotBot/1.2; +https://opensiteexplorer.org/dotbot; help@moz.com)"
47.128.33.138 - - [10/Nov/2023:23:00:59 +0100] "GET /node/2583 HTTP/1.1" 200 - "-" "Mozilla/5.0 (Linux; Android 5.0) AppleWebKit/537.36 (KHTML, like Gecko) Mobile Safari/537.36 (compatible; Bytespider; spider-feedback@bytedance.com)"
216.244.66.200 - - [10/Nov/2023:23:22:06 +0100] "GET /robots.txt HTTP/1.1" 200 1590 "-" "Mozilla/5.0 (compatible; DotBot/1.2; +https://opensiteexplorer.org/dotbot; help@moz.com)"
216.244.66.200 - - [10/Nov/2023:23:22:06 +0100] "GET /robots.txt HTTP/1.1" 200 1590 "-" "Mozilla/5.0 (compatible; DotBot/1.2; +https://opensiteexplorer.org/dotbot; help@moz.com)"
216.244.66.200 - - [10/Nov/2023:23:25:53 +0100] "GET /user/password HTTP/1.1" 200 - "-" "Mozilla/5.0 (compatible; DotBot/1.2; +https://opensiteexplorer.org/dotbot; help@moz.com)"
216.244.66.200 - - [10/Nov/2023:23:26:23 +0100] "GET /node HTTP/1.1" 200 - "-" "Mozilla/5.0 (compatible; DotBot/1.2; +https://opensiteexplorer.org/dotbot; help@moz.com)"
216.244.66.200 - - [10/Nov/2023:23:29:00 +0100] "GET /node/36 HTTP/1.1" 200 - "-" "Mozilla/5.0 (compatible; DotBot/1.2; +https://opensiteexplorer.org/dotbot; help@moz.com)"
216.244.66.200 - - [10/Nov/2023:23:30:03 +0100] "GET /node?page=8 HTTP/1.1" 200 - "-" "Mozilla/5.0 (compatible; DotBot/1.2; +https://opensiteexplorer.org/dotbot; help@moz.com)"
216.244.66.200 - - [10/Nov/2023:23:30:48 +0100] "GET /node?page=3 HTTP/1.1" 200 - "-" "Mozilla/5.0 (compatible; DotBot/1.2; +https://opensiteexplorer.org/dotbot; help@moz.com)"
216.244.66.200 - - [10/Nov/2023:23:33:25 +0100] "GET /taxonomy/term/32?page=23 HTTP/1.1" 200 - "-" "Mozilla/5.0 (compatible; DotBot/1.2; +https://opensiteexplorer.org/dotbot; help@moz.com)"
