34.76.58.98 - - [01/Mar/2025:21:42:18 +0100] "GET /taxonomy/term/27 HTTP/1.1" 200 - "-" "Mozilla/5.0 (compatible; VelenPublicWebCrawler/1.0; +https://velen.io)"
34.76.58.98 - - [01/Mar/2025:21:42:50 +0100] "GET /taxonomy/term/27 HTTP/1.1" 200 - "-" "Mozilla/5.0 (compatible; VelenPublicWebCrawler/1.0; +https://velen.io)"
216.244.66.200 - - [01/Mar/2025:21:42:53 +0100] "GET /files/Korrel-2007-27.doc HTTP/1.1" 200 41984 "-" "Mozilla/5.0 (compatible; DotBot/1.2; +https://opensiteexplorer.org/dotbot; help@moz.com)"
216.244.66.200 - - [01/Mar/2025:21:43:21 +0100] "GET /files/_4ddgn8objf9q758j6c4_.pdf HTTP/1.1" 200 271089 "-" "Mozilla/5.0 (compatible; DotBot/1.2; +https://opensiteexplorer.org/dotbot; help@moz.com)"
34.76.58.98 - - [01/Mar/2025:21:43:23 +0100] "GET /taxonomy/term/27 HTTP/1.1" 200 - "-" "Mozilla/5.0 (compatible; VelenPublicWebCrawler/1.0; +https://velen.io)"
216.244.66.200 - - [01/Mar/2025:21:43:56 +0100] "GET /files/egyhaz_kieg_tam_terv_071121.pdf HTTP/1.1" 200 200750 "-" "Mozilla/5.0 (compatible; DotBot/1.2; +https://opensiteexplorer.org/dotbot; help@moz.com)"
216.244.66.200 - - [01/Mar/2025:21:44:29 +0100] "GET /files/esztergomindokolas.doc HTTP/1.1" 200 24064 "-" "Mozilla/5.0 (compatible; DotBot/1.2; +https://opensiteexplorer.org/dotbot; help@moz.com)"
216.244.66.200 - - [01/Mar/2025:21:45:14 +0100] "GET /files/igazsagugyi_hivatalok.doc HTTP/1.1" 200 287232 "-" "Mozilla/5.0 (compatible; DotBot/1.2; +https://opensiteexplorer.org/dotbot; help@moz.com)"
216.244.66.200 - - [01/Mar/2025:21:45:52 +0100] "GET /files/konzuli_tv_tervezet.pdf HTTP/1.1" 200 135094 "-" "Mozilla/5.0 (compatible; DotBot/1.2; +https://opensiteexplorer.org/dotbot; help@moz.com)"
216.244.66.200 - - [01/Mar/2025:21:46:26 +0100] "GET /files/ovadek_rendelet.pdf HTTP/1.1" 200 57228 "-" "Mozilla/5.0 (compatible; DotBot/1.2; +https://opensiteexplorer.org/dotbot; help@moz.com)"
216.244.66.200 - - [01/Mar/2025:21:47:03 +0100] "GET /files/szakkepzes_hozzaj_060404.pdf HTTP/1.1" 200 132937 "-" "Mozilla/5.0 (compatible; DotBot/1.2; +https://opensiteexplorer.org/dotbot; help@moz.com)"
216.244.66.200 - - [01/Mar/2025:21:47:33 +0100] "GET /files/szoc_rendeletek_terv_080414.pdf HTTP/1.1" 200 241368 "-" "Mozilla/5.0 (compatible; DotBot/1.2; +https://opensiteexplorer.org/dotbot; help@moz.com)"
216.244.66.200 - - [01/Mar/2025:21:48:05 +0100] "GET /files/tervezet_4_2008_mod.pdf HTTP/1.1" 200 118701 "-" "Mozilla/5.0 (compatible; DotBot/1.2; +https://opensiteexplorer.org/dotbot; help@moz.com)"
216.244.66.200 - - [01/Mar/2025:21:48:31 +0100] "GET /files/19D8B89BD24C96C9C125721800386E5E.htm.txt HTTP/1.1" 200 6613 "-" "Mozilla/5.0 (compatible; DotBot/1.2; +https://opensiteexplorer.org/dotbot; help@moz.com)"
216.244.66.200 - - [01/Mar/2025:21:49:29 +0100] "GET /files/25%202000%20megfelel%C3%85%E2%80%98s%C3%83%C2%A9gi.doc HTTP/1.1" 200 - "-" "Mozilla/5.0 (compatible; DotBot/1.2; +https://opensiteexplorer.org/dotbot; help@moz.com)"
216.244.66.200 - - [01/Mar/2025:21:49:50 +0100] "GET /files/Boszia_Hercegovina_szoc_bizt_egy_081028.doc HTTP/1.1" 200 232448 "-" "Mozilla/5.0 (compatible; DotBot/1.2; +https://opensiteexplorer.org/dotbot; help@moz.com)"
216.244.66.200 - - [01/Mar/2025:21:50:19 +0100] "GET /files/novenyvedelmi_birsag_korm_rendelet_060525.pdf HTTP/1.1" 200 27972 "-" "Mozilla/5.0 (compatible; DotBot/1.2; +https://opensiteexplorer.org/dotbot; help@moz.com)"
216.244.66.200 - - [01/Mar/2025:21:50:49 +0100] "GET /files/szavatolo_toke_honlapra_0219.doc HTTP/1.1" 200 95744 "-" "Mozilla/5.0 (compatible; DotBot/1.2; +https://opensiteexplorer.org/dotbot; help@moz.com)"
216.244.66.200 - - [01/Mar/2025:21:51:21 +0100] "GET /files/szjt_szakmai_egyeztetes_20080404.doc HTTP/1.1" 200 516608 "-" "Mozilla/5.0 (compatible; DotBot/1.2; +https://opensiteexplorer.org/dotbot; help@moz.com)"
216.244.66.200 - - [01/Mar/2025:21:52:19 +0100] "GET /user/482/notify HTTP/1.1" 200 - "-" "Mozilla/5.0 (compatible; DotBot/1.2; +https://opensiteexplorer.org/dotbot; help@moz.com)"
216.244.66.200 - - [01/Mar/2025:21:53:09 +0100] "GET /files/%C3%83%E2%80%93nkorm%C3%83%C2%A1nyzatok%202009%20November.doc HTTP/1.1" 200 - "-" "Mozilla/5.0 (compatible; DotBot/1.2; +https://opensiteexplorer.org/dotbot; help@moz.com)"
216.244.66.200 - - [01/Mar/2025:21:53:30 +0100] "GET /files/0125_KvVM_rend.___hg.hiteles_t_si.tev_k.szab_lyai__J3.doc HTTP/1.1" 200 250880 "-" "Mozilla/5.0 (compatible; DotBot/1.2; +https://opensiteexplorer.org/dotbot; help@moz.com)"
216.244.66.200 - - [01/Mar/2025:21:54:01 +0100] "GET /files/bevetelek_felhasznalasarol_es_elszamolasarol_tervezet.pdf HTTP/1.1" 200 103912 "-" "Mozilla/5.0 (compatible; DotBot/1.2; +https://opensiteexplorer.org/dotbot; help@moz.com)"
216.244.66.200 - - [01/Mar/2025:22:14:22 +0100] "GET /robots.txt HTTP/1.1" 200 1590 "-" "Mozilla/5.0 (compatible; DotBot/1.2; +https://opensiteexplorer.org/dotbot; help@moz.com)"
167.253.34.3 - - [01/Mar/2025:22:17:29 +0100] "GET /robots.txt HTTP/1.0" 200 1590 "-" "Mozilla/4.0 (compatible; fluid/0.0; +http://www.leak.info/bot.html)"
66.249.64.7 - - [01/Mar/2025:22:32:55 +0100] "GET /robots.txt HTTP/1.1" 200 1590 "-" "Mozilla/5.0 (compatible; Googlebot/2.1; +http://www.google.com/bot.html)"
66.249.64.7 - - [01/Mar/2025:22:32:56 +0100] "GET /files/3175_8.pdf HTTP/1.1" 200 238857 "-" "Mozilla/5.0 (Linux; Android 6.0.1; Nexus 5X Build/MMB29P) AppleWebKit/537.36 (KHTML, like Gecko) Chrome/133.0.6943.53 Mobile Safari/537.36 (compatible; Googlebot/2.1; +http://www.google.com/bot.html)"
178.164.248.153 - - [01/Mar/2025:22:41:06 +0100] "GET /files/hadkotelesek_hm_eum_rendelet_tervezet_melleklet.pdf HTTP/1.1" 200 713160 "-" "Mozilla/5.0 (X11; Linux x86_64) AppleWebKit/537.36 (KHTML, like Gecko) Chrome/133.0.0.0 Safari/537.36"
216.244.66.200 - - [01/Mar/2025:22:50:50 +0100] "GET /files/polg%C3%A1riv%C3%A9delmijogszab%C3%A1lyokm%C3%B3dos%C3%ADt%C3%A1sa.pdf HTTP/1.1" 200 - "-" "Mozilla/5.0 (compatible; DotBot/1.2; +https://opensiteexplorer.org/dotbot; help@moz.com)"
89.58.17.216 - - [01/Mar/2025:22:57:54 +0100] "GET /taxonomy/term/55%2057%2058%2059%2060%2061%2062%2063%2064%2065%2066%2067%2068%2069%2070%2071%2072%2073%2074%2075 HTTP/1.1" 200 - "-" "Mozilla/5.0 (Windows NT 10.0; Win64; x64) AppleWebKit/537.36 (KHTML, like Gecko) Chrome/100.0.6440.406 Safari/537.36"
216.244.66.200 - - [01/Mar/2025:23:00:39 +0100] "GET /robots.txt HTTP/1.1" 200 1590 "-" "Mozilla/5.0 (compatible; DotBot/1.2; +https://opensiteexplorer.org/dotbot; help@moz.com)"
216.244.66.200 - - [01/Mar/2025:23:10:42 +0100] "GET /node/454 HTTP/1.1" 200 - "-" "Mozilla/5.0 (compatible; DotBot/1.2; +https://opensiteexplorer.org/dotbot; help@moz.com)"
216.244.66.200 - - [01/Mar/2025:23:29:23 +0100] "GET /files/mr_terv_060918.pdf HTTP/1.1" 200 146693 "-" "Mozilla/5.0 (compatible; DotBot/1.2; +https://opensiteexplorer.org/dotbot; help@moz.com)"
216.244.66.200 - - [01/Mar/2025:23:29:58 +0100] "GET /files/szolgalati_titok_070301.pdf HTTP/1.1" 200 139469 "-" "Mozilla/5.0 (compatible; DotBot/1.2; +https://opensiteexplorer.org/dotbot; help@moz.com)"
216.244.66.200 - - [01/Mar/2025:23:30:36 +0100] "GET /files/szomszedos_060206.pdf HTTP/1.1" 200 152161 "-" "Mozilla/5.0 (compatible; DotBot/1.2; +https://opensiteexplorer.org/dotbot; help@moz.com)"
66.249.64.9 - - [01/Mar/2025:23:30:57 +0100] "GET /files/_0edo6usjkedq62sjkg9jmio8_.pdf HTTP/1.1" 304 - "-" "Mozilla/5.0 (Linux; Android 6.0.1; Nexus 5X Build/MMB29P) AppleWebKit/537.36 (KHTML, like Gecko) Chrome/133.0.6943.53 Mobile Safari/537.36 (compatible; Googlebot/2.1; +http://www.google.com/bot.html)"
216.244.66.200 - - [01/Mar/2025:23:31:12 +0100] "GET /files/0418_M_rkh_zapuszta_tervezet_k_zig.doc HTTP/1.1" 200 67584 "-" "Mozilla/5.0 (compatible; DotBot/1.2; +https://opensiteexplorer.org/dotbot; help@moz.com)"
216.244.66.200 - - [01/Mar/2025:23:31:49 +0100] "GET /files/9-2002_im_rend__szakami_indokolas.doc HTTP/1.1" 200 101376 "-" "Mozilla/5.0 (compatible; DotBot/1.2; +https://opensiteexplorer.org/dotbot; help@moz.com)"
216.244.66.200 - - [01/Mar/2025:23:32:35 +0100] "GET /files/torsznygyctifersz_terv_100225.pdf HTTP/1.1" 200 198465 "-" "Mozilla/5.0 (compatible; DotBot/1.2; +https://opensiteexplorer.org/dotbot; help@moz.com)"
216.244.66.200 - - [01/Mar/2025:23:47:18 +0100] "GET /robots.txt HTTP/1.1" 200 1590 "-" "Mozilla/5.0 (compatible; DotBot/1.2; +https://opensiteexplorer.org/dotbot; help@moz.com)"
216.244.66.200 - - [01/Mar/2025:23:47:19 +0100] "GET /robots.txt HTTP/1.1" 200 1590 "-" "Mozilla/5.0 (compatible; DotBot/1.2; +https://opensiteexplorer.org/dotbot; help@moz.com)"
216.244.66.200 - - [02/Mar/2025:00:15:36 +0100] "GET /files/hajozo_1melleklet.pdf HTTP/1.1" 200 350012 "-" "Mozilla/5.0 (compatible; DotBot/1.2; +https://opensiteexplorer.org/dotbot; help@moz.com)"
216.244.66.200 - - [02/Mar/2025:00:16:06 +0100] "GET /files/kozig_nyomtatvanyok.zip HTTP/1.1" 200 571556 "-" "Mozilla/5.0 (compatible; DotBot/1.2; +https://opensiteexplorer.org/dotbot; help@moz.com)"
216.244.66.200 - - [02/Mar/2025:00:17:24 +0100] "GET /files/Ig.%20szolg%20d%C3%83%C2%ADj%20min%20rend%20terv.doc HTTP/1.1" 200 - "-" "Mozilla/5.0 (compatible; DotBot/1.2; +https://opensiteexplorer.org/dotbot; help@moz.com)"
216.244.66.200 - - [02/Mar/2025:00:17:44 +0100] "GET /files/Lakhely_megismer_rendeletek_tervezet10.20..doc HTTP/1.1" 200 140288 "-" "Mozilla/5.0 (compatible; DotBot/1.2; +https://opensiteexplorer.org/dotbot; help@moz.com)"
216.244.66.200 - - [02/Mar/2025:00:18:21 +0100] "GET /files/WHO_Kozgyules_2008_korm_hat_terv.doc HTTP/1.1" 200 36352 "-" "Mozilla/5.0 (compatible; DotBot/1.2; +https://opensiteexplorer.org/dotbot; help@moz.com)"
216.244.66.200 - - [02/Mar/2025:00:18:58 +0100] "GET /files/_5adgmopt2ehgn4ql0doml6rrddtpmm1kbkdl6cobcek_.pdf HTTP/1.1" 200 150283 "-" "Mozilla/5.0 (compatible; DotBot/1.2; +https://opensiteexplorer.org/dotbot; help@moz.com)"
216.244.66.200 - - [02/Mar/2025:00:19:33 +0100] "GET /files/gyermek_gyamugy_eloterjesztes_061102.pdf HTTP/1.1" 200 181418 "-" "Mozilla/5.0 (compatible; DotBot/1.2; +https://opensiteexplorer.org/dotbot; help@moz.com)"
216.244.66.200 - - [02/Mar/2025:00:20:38 +0100] "GET /files/18_1998___xii__27___e%C3%83%C2%BCm_rendelet_m%C3%83%C2%B3dos%C3%83%C2%ADt%C3%83%C2%A1sa_8.doc HTTP/1.1" 200 - "-" "Mozilla/5.0 (compatible; DotBot/1.2; +https://opensiteexplorer.org/dotbot; help@moz.com)"
34.38.201.186 - - [02/Mar/2025:00:20:57 +0100] "GET /robots.txt HTTP/1.1" 200 1590 "-" "Mozilla/5.0 (compatible; VelenPublicWebCrawler/1.0; +https://velen.io)"
216.244.66.200 - - [02/Mar/2025:00:21:28 +0100] "GET /files/9_1993___iv__2___nm_rendelet_m%C3%83%C2%B3dos%C3%83%C2%ADt%C3%83%C2%A1sa_6.doc HTTP/1.1" 200 - "-" "Mozilla/5.0 (compatible; DotBot/1.2; +https://opensiteexplorer.org/dotbot; help@moz.com)"
216.244.66.200 - - [02/Mar/2025:00:22:18 +0100] "GET /files/normasz%C3%83%C2%B6veg-t%C3%83%C2%A1rc%C3%83%C2%A1ra_0.doc HTTP/1.1" 200 - "-" "Mozilla/5.0 (compatible; DotBot/1.2; +https://opensiteexplorer.org/dotbot; help@moz.com)"
216.244.66.200 - - [02/Mar/2025:00:23:08 +0100] "GET /files/t%C3%83%C2%A1rc%C3%83%C2%A1ra%2032per2004_ESZCSM_rend_mod.doc HTTP/1.1" 200 - "-" "Mozilla/5.0 (compatible; DotBot/1.2; +https://opensiteexplorer.org/dotbot; help@moz.com)"
216.244.66.200 - - [02/Mar/2025:00:24:00 +0100] "GET /taxonomy/term/59/0/feed HTTP/1.1" 200 - "-" "Mozilla/5.0 (compatible; DotBot/1.2; +https://opensiteexplorer.org/dotbot; help@moz.com)"
216.244.66.200 - - [02/Mar/2025:00:24:50 +0100] "GET /taxonomy/term/75/0/feed HTTP/1.1" 200 - "-" "Mozilla/5.0 (compatible; DotBot/1.2; +https://opensiteexplorer.org/dotbot; help@moz.com)"
66.249.64.225 - - [02/Mar/2025:00:28:00 +0100] "GET /files/oksz_terv_100302.pdf HTTP/1.1" 304 - "-" "Mozilla/5.0 (Linux; Android 6.0.1; Nexus 5X Build/MMB29P) AppleWebKit/537.36 (KHTML, like Gecko) Chrome/133.0.6943.53 Mobile Safari/537.36 (compatible; Googlebot/2.1; +http://www.google.com/bot.html)"
216.244.66.200 - - [02/Mar/2025:00:33:21 +0100] "GET /robots.txt HTTP/1.1" 200 1590 "-" "Mozilla/5.0 (compatible; DotBot/1.2; +https://opensiteexplorer.org/dotbot; help@moz.com)"
66.249.64.225 - - [02/Mar/2025:00:46:07 +0100] "GET /files/etrend_tervezet_37per2004_081028.doc HTTP/1.1" 200 239616 "-" "Mozilla/5.0 (Linux; Android 6.0.1; Nexus 5X Build/MMB29P) AppleWebKit/537.36 (KHTML, like Gecko) Chrome/133.0.6943.53 Mobile Safari/537.36 (compatible; Googlebot/2.1; +http://www.google.com/bot.html)"
216.244.66.200 - - [02/Mar/2025:01:05:50 +0100] "GET /files/ptke-eloterj-090629.doc HTTP/1.1" 200 262144 "-" "Mozilla/5.0 (compatible; DotBot/1.2; +https://opensiteexplorer.org/dotbot; help@moz.com)"
216.244.66.200 - - [02/Mar/2025:01:06:33 +0100] "GET /files/vhr_modositas_060529_0.pdf HTTP/1.1" 200 129937 "-" "Mozilla/5.0 (compatible; DotBot/1.2; +https://opensiteexplorer.org/dotbot; help@moz.com)"
216.244.66.200 - - [02/Mar/2025:01:07:37 +0100] "GET /files/2004.CLX.tv.mod_2008.CXI.tv.hat.lep.mod_terv_090817.doc HTTP/1.1" 200 209408 "-" "Mozilla/5.0 (compatible; DotBot/1.2; +https://opensiteexplorer.org/dotbot; help@moz.com)"
216.244.66.200 - - [02/Mar/2025:01:08:09 +0100] "GET /files/44-2004-rendelet-modositas-tervezet.doc HTTP/1.1" 200 24576 "-" "Mozilla/5.0 (compatible; DotBot/1.2; +https://opensiteexplorer.org/dotbot; help@moz.com)"
216.244.66.200 - - [02/Mar/2025:01:08:56 +0100] "GET /files/Erdtelki_egerlap_rendelet_tervezet.pdf HTTP/1.1" 200 285070 "-" "Mozilla/5.0 (compatible; DotBot/1.2; +https://opensiteexplorer.org/dotbot; help@moz.com)"
216.244.66.200 - - [02/Mar/2025:01:09:29 +0100] "GET /files/eloterjesztes2008__marcius_4__szakmapol_.doc HTTP/1.1" 200 125440 "-" "Mozilla/5.0 (compatible; DotBot/1.2; +https://opensiteexplorer.org/dotbot; help@moz.com)"
216.244.66.200 - - [02/Mar/2025:01:09:59 +0100] "GET /files/felsooktatasrol_79_2006_IV_5_060413.pdf HTTP/1.1" 200 111635 "-" "Mozilla/5.0 (compatible; DotBot/1.2; +https://opensiteexplorer.org/dotbot; help@moz.com)"
216.244.66.200 - - [02/Mar/2025:01:10:32 +0100] "GET /files/gtv_internetes_kozzetetelre_2009-07-15.pdf HTTP/1.1" 200 159172 "-" "Mozilla/5.0 (compatible; DotBot/1.2; +https://opensiteexplorer.org/dotbot; help@moz.com)"
66.249.64.9 - - [02/Mar/2025:01:44:06 +0100] "GET /files/eloterjesztes_ekozig2010_0604.pdf HTTP/1.1" 200 231429 "-" "Mozilla/5.0 (Linux; Android 6.0.1; Nexus 5X Build/MMB29P) AppleWebKit/537.36 (KHTML, like Gecko) Chrome/133.0.6943.53 Mobile Safari/537.36 (compatible; Googlebot/2.1; +http://www.google.com/bot.html)"
216.244.66.200 - - [02/Mar/2025:02:08:08 +0100] "GET /robots.txt HTTP/1.1" 200 1590 "-" "Mozilla/5.0 (compatible; DotBot/1.2; +https://opensiteexplorer.org/dotbot; help@moz.com)"
216.244.66.200 - - [02/Mar/2025:02:08:09 +0100] "GET /robots.txt HTTP/1.1" 200 1590 "-" "Mozilla/5.0 (compatible; DotBot/1.2; +https://opensiteexplorer.org/dotbot; help@moz.com)"
216.244.66.200 - - [02/Mar/2025:02:38:59 +0100] "GET /files/szoc_terv_091117.pdf HTTP/1.1" 200 326844 "-" "Mozilla/5.0 (compatible; DotBot/1.2; +https://opensiteexplorer.org/dotbot; help@moz.com)"
216.244.66.200 - - [02/Mar/2025:02:39:18 +0100] "GET /files/xx_koltsegvetes_terv_090710.pdf HTTP/1.1" 200 170690 "-" "Mozilla/5.0 (compatible; DotBot/1.2; +https://opensiteexplorer.org/dotbot; help@moz.com)"
216.244.66.200 - - [02/Mar/2025:02:40:26 +0100] "GET /files/219-2004_kozigazgatasi_egyeztetesre_0930.pdf HTTP/1.1" 200 296932 "-" "Mozilla/5.0 (compatible; DotBot/1.2; +https://opensiteexplorer.org/dotbot; help@moz.com)"
216.244.66.200 - - [02/Mar/2025:02:41:20 +0100] "GET /files/Indokol%C3%83%C2%A1s-18-1998.m%C3%83%C2%B3d..doc HTTP/1.1" 200 - "-" "Mozilla/5.0 (compatible; DotBot/1.2; +https://opensiteexplorer.org/dotbot; help@moz.com)"
216.244.66.200 - - [02/Mar/2025:02:42:11 +0100] "GET /files/Magyar%20%C3%83%E2%80%B0lelmiszerk%C3%83%C2%B6nyv.doc HTTP/1.1" 200 - "-" "Mozilla/5.0 (compatible; DotBot/1.2; +https://opensiteexplorer.org/dotbot; help@moz.com)"
216.244.66.200 - - [02/Mar/2025:02:42:34 +0100] "GET /files/eszcsm_rendelet_mod_indok_061102.pdf HTTP/1.1" 200 69078 "-" "Mozilla/5.0 (compatible; DotBot/1.2; +https://opensiteexplorer.org/dotbot; help@moz.com)"
216.244.66.200 - - [02/Mar/2025:02:43:20 +0100] "GET /files/szolo_szaporitoanyag_rendelet.pdf HTTP/1.1" 200 364389 "-" "Mozilla/5.0 (compatible; DotBot/1.2; +https://opensiteexplorer.org/dotbot; help@moz.com)"
216.244.66.200 - - [02/Mar/2025:02:43:53 +0100] "GET /files/vegrehajtoi_kezbesites_korm-eloter.doc HTTP/1.1" 200 104448 "-" "Mozilla/5.0 (compatible; DotBot/1.2; +https://opensiteexplorer.org/dotbot; help@moz.com)"
216.244.66.200 - - [02/Mar/2025:02:44:58 +0100] "GET /taxonomy/term/18/0/feed HTTP/1.1" 200 - "-" "Mozilla/5.0 (compatible; DotBot/1.2; +https://opensiteexplorer.org/dotbot; help@moz.com)"
216.244.66.200 - - [02/Mar/2025:02:45:48 +0100] "GET /files/38_2003___vii__7___eszcsm_fvm_kvvm_egy%C3%83%C2%BCttes_rendelet_m%C3%83%C2%B3dos%C3%83%C2%ADt%C3%83%C2%A1sa_6.doc HTTP/1.1" 200 - "-" "Mozilla/5.0 (compatible; DotBot/1.2; +https://opensiteexplorer.org/dotbot; help@moz.com)"
216.244.66.200 - - [02/Mar/2025:02:46:38 +0100] "GET /files/jogviszony-ellen%C3%85%E2%80%98rz%C3%83%C2%A9s%20korm.%20el%C3%85%E2%80%98terjeszt%C3%83%C2%A9s.doc HTTP/1.1" 200 - "-" "Mozilla/5.0 (compatible; DotBot/1.2; +https://opensiteexplorer.org/dotbot; help@moz.com)"
216.244.66.200 - - [02/Mar/2025:02:55:36 +0100] "GET /robots.txt HTTP/1.1" 200 1590 "-" "Mozilla/5.0 (compatible; DotBot/1.2; +https://opensiteexplorer.org/dotbot; help@moz.com)"
216.244.66.200 - - [02/Mar/2025:02:55:38 +0100] "GET /robots.txt HTTP/1.1" 200 1590 "-" "Mozilla/5.0 (compatible; DotBot/1.2; +https://opensiteexplorer.org/dotbot; help@moz.com)"
66.249.64.225 - - [02/Mar/2025:02:57:13 +0100] "GET /files/szakertoirendelettervezet1.doc HTTP/1.1" 304 - "-" "Mozilla/5.0 (Linux; Android 6.0.1; Nexus 5X Build/MMB29P) AppleWebKit/537.36 (KHTML, like Gecko) Chrome/133.0.6943.53 Mobile Safari/537.36 (compatible; Googlebot/2.1; +http://www.google.com/bot.html)"
66.249.64.8 - - [02/Mar/2025:03:00:11 +0100] "GET /files/NFGM3656.pdf HTTP/1.1" 200 154520 "-" "Mozilla/5.0 (Linux; Android 6.0.1; Nexus 5X Build/MMB29P) AppleWebKit/537.36 (KHTML, like Gecko) Chrome/133.0.6943.53 Mobile Safari/537.36 (compatible; GoogleOther)"
66.249.64.8 - - [02/Mar/2025:03:12:26 +0100] "GET /files/lakrendmod_javaslat_indokolas_200709251.pdf HTTP/1.1" 200 122804 "-" "Mozilla/5.0 (Linux; Android 6.0.1; Nexus 5X Build/MMB29P) AppleWebKit/537.36 (KHTML, like Gecko) Chrome/133.0.6943.53 Mobile Safari/537.36 (compatible; GoogleOther)"
92.118.39.202 - - [02/Mar/2025:03:13:39 +0100] "GET / HTTP/1.1" 200 - "-" "Mozilla/5.0 (Windows NT 10.0; Win64; x64) AppleWebKit/537.36 (KHTML, like Gecko) Chrome/42.0.2311.135 Safari/537.36 Edge/12.246"
92.118.39.202 - - [02/Mar/2025:03:13:43 +0100] "GET / HTTP/1.1" 200 - "-" "Mozilla/5.0 (Windows NT 10.0; Win64; x64) AppleWebKit/537.36 (KHTML, like Gecko) Chrome/42.0.2311.135 Safari/537.36 Edge/12.246"
66.249.64.9 - - [02/Mar/2025:03:17:10 +0100] "GET /files/ptk_oroklesi_jog.pdf HTTP/1.1" 200 260717 "-" "Mozilla/5.0 AppleWebKit/537.36 (KHTML, like Gecko; compatible; GoogleOther) Chrome/133.0.6943.53 Safari/537.36"
66.249.64.7 - - [02/Mar/2025:03:24:40 +0100] "GET /files/tk19.pdf HTTP/1.1" 200 194017 "-" "Mozilla/5.0 (Linux; Android 6.0.1; Nexus 5X Build/MMB29P) AppleWebKit/537.36 (KHTML, like Gecko) Chrome/133.0.6943.53 Mobile Safari/537.36 (compatible; GoogleOther)"
216.244.66.200 - - [02/Mar/2025:03:27:59 +0100] "GET /files/2per2004_Eum_rend_mod_terv_090908.doc HTTP/1.1" 200 562865 "-" "Mozilla/5.0 (compatible; DotBot/1.2; +https://opensiteexplorer.org/dotbot; help@moz.com)"
216.244.66.200 - - [02/Mar/2025:03:28:10 +0100] "GET /files/317per2006_korm_rend_mod_0810031.doc HTTP/1.1" 200 66048 "-" "Mozilla/5.0 (compatible; DotBot/1.2; +https://opensiteexplorer.org/dotbot; help@moz.com)"
216.244.66.200 - - [02/Mar/2025:03:28:27 +0100] "GET /files/cegbejegyzesi_eljaras_21_per_2006__02_12_fin.doc HTTP/1.1" 200 54272 "-" "Mozilla/5.0 (compatible; DotBot/1.2; +https://opensiteexplorer.org/dotbot; help@moz.com)"
216.244.66.200 - - [02/Mar/2025:03:28:56 +0100] "GET /files/eleterjesztesazegyenivallalkozokrolesazegyenicegrol.pdf HTTP/1.1" 200 280213 "-" "Mozilla/5.0 (compatible; DotBot/1.2; +https://opensiteexplorer.org/dotbot; help@moz.com)"
216.244.66.200 - - [02/Mar/2025:03:29:35 +0100] "GET /files/erettsegi_reszletes_szab_allig_egy_re_06_02_06.pdf HTTP/1.1" 200 144737 "-" "Mozilla/5.0 (compatible; DotBot/1.2; +https://opensiteexplorer.org/dotbot; help@moz.com)"
216.244.66.200 - - [02/Mar/2025:03:30:05 +0100] "GET /files/ismeretlen_helyen_tartozkodo_korozes.doc HTTP/1.1" 200 47104 "-" "Mozilla/5.0 (compatible; DotBot/1.2; +https://opensiteexplorer.org/dotbot; help@moz.com)"
216.244.66.200 - - [02/Mar/2025:03:30:41 +0100] "GET /files/orphanworks_rendeletterv2009026kikuldottv.doc HTTP/1.1" 200 294912 "-" "Mozilla/5.0 (compatible; DotBot/1.2; +https://opensiteexplorer.org/dotbot; help@moz.com)"
66.249.64.8 - - [02/Mar/2025:03:31:12 +0100] "GET /files/statutum.doc HTTP/1.1" 304 - "-" "Mozilla/5.0 (Linux; Android 6.0.1; Nexus 5X Build/MMB29P) AppleWebKit/537.36 (KHTML, like Gecko) Chrome/133.0.6943.53 Mobile Safari/537.36 (compatible; Googlebot/2.1; +http://www.google.com/bot.html)"
216.244.66.200 - - [02/Mar/2025:03:31:43 +0100] "GET /files/2.%20sz%C3%83%C2%A1m%C3%83%C2%BA%20mell%C3%83%C2%A9klet-t%C3%83%C2%A1rc%C3%83%C2%A1ra.doc HTTP/1.1" 200 - "-" "Mozilla/5.0 (compatible; DotBot/1.2; +https://opensiteexplorer.org/dotbot; help@moz.com)"
216.244.66.200 - - [02/Mar/2025:03:32:03 +0100] "GET /files/_4eg3fmujfdhqa4st0ctlmipb7g9pnl8bk0q5n983ddtjm2t50edgg_.pdf HTTP/1.1" 200 120136 "-" "Mozilla/5.0 (compatible; DotBot/1.2; +https://opensiteexplorer.org/dotbot; help@moz.com)"
216.244.66.200 - - [02/Mar/2025:03:34:04 +0100] "GET /taxonomy/term/26/0/feed HTTP/1.1" 200 - "-" "Mozilla/5.0 (compatible; DotBot/1.2; +https://opensiteexplorer.org/dotbot; help@moz.com)"
66.249.64.9 - - [02/Mar/2025:03:36:54 +0100] "GET /files/fontos_es_bizalmas_munkakorok_060913.pdf HTTP/1.1" 200 114801 "-" "Mozilla/5.0 (Linux; Android 6.0.1; Nexus 5X Build/MMB29P) AppleWebKit/537.36 (KHTML, like Gecko) Chrome/133.0.6943.53 Mobile Safari/537.36 (compatible; GoogleOther)"
66.249.64.7 - - [02/Mar/2025:03:49:09 +0100] "GET /files/9066_16.pdf HTTP/1.1" 200 271340 "-" "Mozilla/5.0 (Linux; Android 6.0.1; Nexus 5X Build/MMB29P) AppleWebKit/537.36 (KHTML, like Gecko) Chrome/133.0.6943.53 Mobile Safari/537.36 (compatible; GoogleOther)"
66.249.64.234 - - [02/Mar/2025:03:50:01 +0100] "GET /files/3_mell_FAVI_ENG__ves.doc HTTP/1.1" 304 - "-" "Mozilla/5.0 (Linux; Android 6.0.1; Nexus 5X Build/MMB29P) AppleWebKit/537.36 (KHTML, like Gecko) Chrome/133.0.6943.53 Mobile Safari/537.36 (compatible; Googlebot/2.1; +http://www.google.com/bot.html)"
66.249.64.9 - - [02/Mar/2025:03:56:43 +0100] "GET /files/28_2009_OM-rend.pdf HTTP/1.1" 200 143910 "-" "Mozilla/5.0 (Linux; Android 6.0.1; Nexus 5X Build/MMB29P) AppleWebKit/537.36 (KHTML, like Gecko) Chrome/133.0.6943.53 Mobile Safari/537.36 (compatible; GoogleOther)"
66.249.64.9 - - [02/Mar/2025:04:17:05 +0100] "GET /files/indoklas_karteritesi_terezet.pdf HTTP/1.1" 200 118467 "-" "Mozilla/5.0 (Linux; Android 6.0.1; Nexus 5X Build/MMB29P) AppleWebKit/537.36 (KHTML, like Gecko) Chrome/133.0.6943.53 Mobile Safari/537.36 (compatible; GoogleOther)"
216.244.66.200 - - [02/Mar/2025:04:30:45 +0100] "GET /robots.txt HTTP/1.1" 200 1590 "-" "Mozilla/5.0 (compatible; DotBot/1.2; +https://opensiteexplorer.org/dotbot; help@moz.com)"
216.244.66.200 - - [02/Mar/2025:04:30:45 +0100] "GET /robots.txt HTTP/1.1" 200 1590 "-" "Mozilla/5.0 (compatible; DotBot/1.2; +https://opensiteexplorer.org/dotbot; help@moz.com)"
66.249.64.9 - - [02/Mar/2025:04:37:12 +0100] "GET /files/hm_rendelet_tervezet_allomany_melleklet.pdf HTTP/1.1" 304 - "-" "Mozilla/5.0 (Linux; Android 6.0.1; Nexus 5X Build/MMB29P) AppleWebKit/537.36 (KHTML, like Gecko) Chrome/133.0.6943.53 Mobile Safari/537.36 (compatible; Googlebot/2.1; +http://www.google.com/bot.html)"
216.244.66.200 - - [02/Mar/2025:04:40:04 +0100] "GET /taxonomy/term/56?page=2 HTTP/1.1" 200 - "-" "Mozilla/5.0 (compatible; DotBot/1.2; +https://opensiteexplorer.org/dotbot; help@moz.com)"
66.249.64.7 - - [02/Mar/2025:04:43:15 +0100] "GET /files/NFGM2172.pdf HTTP/1.1" 200 254751 "-" "Mozilla/5.0 (Linux; Android 6.0.1; Nexus 5X Build/MMB29P) AppleWebKit/537.36 (KHTML, like Gecko) Chrome/133.0.6943.53 Mobile Safari/537.36 (compatible; Googlebot/2.1; +http://www.google.com/bot.html)"
216.244.66.200 - - [02/Mar/2025:04:54:01 +0100] "GET /files/Korrel-2007-7.doc HTTP/1.1" 200 36352 "-" "Mozilla/5.0 (compatible; DotBot/1.2; +https://opensiteexplorer.org/dotbot; help@moz.com)"
216.244.66.200 - - [02/Mar/2025:04:54:13 +0100] "GET /files/R205indokolas.doc HTTP/1.1" 200 26112 "-" "Mozilla/5.0 (compatible; DotBot/1.2; +https://opensiteexplorer.org/dotbot; help@moz.com)"
216.244.66.200 - - [02/Mar/2025:04:54:37 +0100] "GET /files/_3edt62qrdc5ki0qr1dlgn583b_.pdf HTTP/1.1" 200 226104 "-" "Mozilla/5.0 (compatible; DotBot/1.2; +https://opensiteexplorer.org/dotbot; help@moz.com)"
216.244.66.200 - - [02/Mar/2025:04:55:20 +0100] "GET /files/_lehin4tjkc5na0orjdtlg_.pdf HTTP/1.1" 200 165650 "-" "Mozilla/5.0 (compatible; DotBot/1.2; +https://opensiteexplorer.org/dotbot; help@moz.com)"
216.244.66.200 - - [02/Mar/2025:04:56:26 +0100] "GET /files/bizotts%C3%83%C2%A1gok10.pdf HTTP/1.1" 200 - "-" "Mozilla/5.0 (compatible; DotBot/1.2; +https://opensiteexplorer.org/dotbot; help@moz.com)"
216.244.66.200 - - [02/Mar/2025:04:57:08 +0100] "GET /files/eam_terv_080930.pdf HTTP/1.1" 200 313812 "-" "Mozilla/5.0 (compatible; DotBot/1.2; +https://opensiteexplorer.org/dotbot; help@moz.com)"
216.244.66.200 - - [02/Mar/2025:04:57:38 +0100] "GET /files/eizlandnvegorv2.doc HTTP/1.1" 200 77312 "-" "Mozilla/5.0 (compatible; DotBot/1.2; +https://opensiteexplorer.org/dotbot; help@moz.com)"
216.244.66.200 - - [02/Mar/2025:04:58:13 +0100] "GET /files/hvkf_szalag_rendelet.pdf HTTP/1.1" 200 91676 "-" "Mozilla/5.0 (compatible; DotBot/1.2; +https://opensiteexplorer.org/dotbot; help@moz.com)"
216.244.66.200 - - [02/Mar/2025:04:58:59 +0100] "GET /files/licenc_EUM_rend_100202_0.doc HTTP/1.1" 200 290816 "-" "Mozilla/5.0 (compatible; DotBot/1.2; +https://opensiteexplorer.org/dotbot; help@moz.com)"
216.244.66.200 - - [02/Mar/2025:04:59:38 +0100] "GET /files/nka_vhr_071206.pdf HTTP/1.1" 200 140355 "-" "Mozilla/5.0 (compatible; DotBot/1.2; +https://opensiteexplorer.org/dotbot; help@moz.com)"
216.244.66.200 - - [02/Mar/2025:05:00:11 +0100] "GET /files/takarmanykodex_modositas_0.pdf HTTP/1.1" 200 47813 "-" "Mozilla/5.0 (compatible; DotBot/1.2; +https://opensiteexplorer.org/dotbot; help@moz.com)"
216.244.66.200 - - [02/Mar/2025:05:00:47 +0100] "GET /files/tervezet_fas_szaru_novenyek.pdf HTTP/1.1" 200 94477 "-" "Mozilla/5.0 (compatible; DotBot/1.2; +https://opensiteexplorer.org/dotbot; help@moz.com)"
216.244.66.200 - - [02/Mar/2025:05:01:39 +0100] "GET /files/66per1999_EuM_rend_mod_100414.doc HTTP/1.1" 200 365937 "-" "Mozilla/5.0 (compatible; DotBot/1.2; +https://opensiteexplorer.org/dotbot; help@moz.com)"
216.244.66.200 - - [02/Mar/2025:05:02:21 +0100] "GET /files/NKP-II_jelentes_tervezet_0326.pdf HTTP/1.1" 200 158212 "-" "Mozilla/5.0 (compatible; DotBot/1.2; +https://opensiteexplorer.org/dotbot; help@moz.com)"
216.244.66.200 - - [02/Mar/2025:05:03:24 +0100] "GET /files/Utaz%C3%83%C2%A1si%20ktg_normasz%C3%83%C2%B6veg.doc HTTP/1.1" 200 - "-" "Mozilla/5.0 (compatible; DotBot/1.2; +https://opensiteexplorer.org/dotbot; help@moz.com)"
216.244.66.200 - - [02/Mar/2025:05:04:03 +0100] "GET /files/a_14per2007_min_rend_terv_mod.doc HTTP/1.1" 200 429647 "-" "Mozilla/5.0 (compatible; DotBot/1.2; +https://opensiteexplorer.org/dotbot; help@moz.com)"
216.244.66.200 - - [02/Mar/2025:05:04:37 +0100] "GET /files/eloterjesztes_29_1993kormrend_mod.pdf HTTP/1.1" 200 181958 "-" "Mozilla/5.0 (compatible; DotBot/1.2; +https://opensiteexplorer.org/dotbot; help@moz.com)"
216.244.66.200 - - [02/Mar/2025:05:05:13 +0100] "GET /files/nem_uzleti_eloterj_2_vezetoi_osszefoglalo_061129.pdf HTTP/1.1" 200 147163 "-" "Mozilla/5.0 (compatible; DotBot/1.2; +https://opensiteexplorer.org/dotbot; help@moz.com)"
216.244.66.200 - - [02/Mar/2025:05:06:15 +0100] "GET /user/10/notify HTTP/1.1" 200 - "-" "Mozilla/5.0 (compatible; DotBot/1.2; +https://opensiteexplorer.org/dotbot; help@moz.com)"
216.244.66.200 - - [02/Mar/2025:05:07:05 +0100] "GET /files/t%C3%83%C2%A1rc%C3%83%C2%A1ra%20szermarad%C3%83%C2%A9k.doc HTTP/1.1" 200 - "-" "Mozilla/5.0 (compatible; DotBot/1.2; +https://opensiteexplorer.org/dotbot; help@moz.com)"
216.244.66.200 - - [02/Mar/2025:05:07:55 +0100] "GET /taxonomy/term/57/0/feed HTTP/1.1" 200 - "-" "Mozilla/5.0 (compatible; DotBot/1.2; +https://opensiteexplorer.org/dotbot; help@moz.com)"
216.244.66.200 - - [02/Mar/2025:05:08:46 +0100] "GET /taxonomy/term/76/0/feed HTTP/1.1" 200 - "-" "Mozilla/5.0 (compatible; DotBot/1.2; +https://opensiteexplorer.org/dotbot; help@moz.com)"
52.167.144.67 - - [02/Mar/2025:05:10:58 +0100] "GET /robots.txt HTTP/1.1" 200 1590 "-" "Mozilla/5.0 AppleWebKit/537.36 (KHTML, like Gecko; compatible; bingbot/2.0; +http://www.bing.com/bingbot.htm) Chrome/116.0.1938.76 Safari/537.36"
40.77.167.63 - - [02/Mar/2025:05:11:02 +0100] "GET /files/ptk_oroklesi_jog.pdf HTTP/1.1" 304 - "-" "Mozilla/5.0 AppleWebKit/537.36 (KHTML, like Gecko; compatible; bingbot/2.0; +http://www.bing.com/bingbot.htm) Chrome/116.0.1938.76 Safari/537.36"
216.244.66.200 - - [02/Mar/2025:05:18:32 +0100] "GET /robots.txt HTTP/1.1" 200 1590 "-" "Mozilla/5.0 (compatible; DotBot/1.2; +https://opensiteexplorer.org/dotbot; help@moz.com)"
216.244.66.200 - - [02/Mar/2025:05:18:33 +0100] "GET /robots.txt HTTP/1.1" 200 1590 "-" "Mozilla/5.0 (compatible; DotBot/1.2; +https://opensiteexplorer.org/dotbot; help@moz.com)"
188.68.49.137 - - [02/Mar/2025:05:39:48 +0100] "GET /taxonomy/term/99 HTTP/1.1" 200 - "-" "Mozilla/5.0 (Windows NT 10.0; Win64; x64) AppleWebKit/537.36 (KHTML, like Gecko) Chrome/100.0.5166.400 Safari/537.36"
216.244.66.200 - - [02/Mar/2025:05:48:27 +0100] "GET /files/100113_empa_eloterjesztes.pdf HTTP/1.1" 200 126914 "-" "Mozilla/5.0 (compatible; DotBot/1.2; +https://opensiteexplorer.org/dotbot; help@moz.com)"
216.244.66.200 - - [02/Mar/2025:05:49:04 +0100] "GET /files/R178_3indoklas.pdf HTTP/1.1" 200 92789 "-" "Mozilla/5.0 (compatible; DotBot/1.2; +https://opensiteexplorer.org/dotbot; help@moz.com)"
216.244.66.200 - - [02/Mar/2025:05:49:35 +0100] "GET /files/Tervezet_05.30..doc HTTP/1.1" 200 46080 "-" "Mozilla/5.0 (compatible; DotBot/1.2; +https://opensiteexplorer.org/dotbot; help@moz.com)"
216.244.66.200 - - [02/Mar/2025:05:50:11 +0100] "GET /files/cseh_magyar_terv_070523.pdf HTTP/1.1" 200 210579 "-" "Mozilla/5.0 (compatible; DotBot/1.2; +https://opensiteexplorer.org/dotbot; help@moz.com)"
216.244.66.200 - - [02/Mar/2025:05:50:54 +0100] "GET /files/digit_irastudas_terv_100217.pdf HTTP/1.1" 200 298823 "-" "Mozilla/5.0 (compatible; DotBot/1.2; +https://opensiteexplorer.org/dotbot; help@moz.com)"
216.244.66.200 - - [02/Mar/2025:05:51:29 +0100] "GET /files/esztergom2.doc HTTP/1.1" 200 38912 "-" "Mozilla/5.0 (compatible; DotBot/1.2; +https://opensiteexplorer.org/dotbot; help@moz.com)"
216.244.66.200 - - [02/Mar/2025:05:52:05 +0100] "GET /files/gyamhatosag_eloterj_061204.pdf HTTP/1.1" 200 597742 "-" "Mozilla/5.0 (compatible; DotBot/1.2; +https://opensiteexplorer.org/dotbot; help@moz.com)"
216.244.66.200 - - [02/Mar/2025:05:52:37 +0100] "GET /files/hallgatoi_juttatasok_090806.pdf HTTP/1.1" 200 219022 "-" "Mozilla/5.0 (compatible; DotBot/1.2; +https://opensiteexplorer.org/dotbot; help@moz.com)"
216.244.66.200 - - [02/Mar/2025:05:53:05 +0100] "GET /files/harm_eloterj_2008_11_19.doc HTTP/1.1" 200 57856 "-" "Mozilla/5.0 (compatible; DotBot/1.2; +https://opensiteexplorer.org/dotbot; help@moz.com)"
216.244.66.200 - - [02/Mar/2025:05:53:35 +0100] "GET /files/integracio_081212.pdf HTTP/1.1" 200 254788 "-" "Mozilla/5.0 (compatible; DotBot/1.2; +https://opensiteexplorer.org/dotbot; help@moz.com)"
216.244.66.200 - - [02/Mar/2025:05:54:02 +0100] "GET /files/itkr_3_sz_melleklet_061031.pdf HTTP/1.1" 200 150951 "-" "Mozilla/5.0 (compatible; DotBot/1.2; +https://opensiteexplorer.org/dotbot; help@moz.com)"
216.244.66.200 - - [02/Mar/2025:05:54:33 +0100] "GET /files/khv_eloterjesztes_dec13.doc HTTP/1.1" 200 1150976 "-" "Mozilla/5.0 (compatible; DotBot/1.2; +https://opensiteexplorer.org/dotbot; help@moz.com)"
144.76.14.54 - - [02/Mar/2025:05:54:44 +0100] "GET /robots.txt HTTP/1.1" 200 1590 "-" "Mozilla/5.0 (Windows NT 10.0; Win64; x64; trendictionbot0.5.0; trendiction search; http://www.trendiction.de/bot; please let us know of any problems; web at trendiction.com) Gecko/20100101 Firefox/125.0"
216.244.66.200 - - [02/Mar/2025:05:55:03 +0100] "GET /files/mikrobi%201130.doc HTTP/1.1" 200 100352 "-" "Mozilla/5.0 (compatible; DotBot/1.2; +https://opensiteexplorer.org/dotbot; help@moz.com)"
144.76.14.54 - - [02/Mar/2025:05:55:18 +0100] "GET / HTTP/1.1" 200 - "-" "Mozilla/5.0 (Windows NT 10.0; Win64; x64; trendictionbot0.5.0; trendiction search; http://www.trendiction.de/bot; please let us know of any problems; web at trendiction.com) Gecko/20100101 Firefox/125.0"
216.244.66.200 - - [02/Mar/2025:05:55:32 +0100] "GET /files/regeszet_terv_080604.pdf HTTP/1.1" 200 299748 "-" "Mozilla/5.0 (compatible; DotBot/1.2; +https://opensiteexplorer.org/dotbot; help@moz.com)"
144.76.14.54 - - [02/Mar/2025:05:55:50 +0100] "GET / HTTP/1.1" 200 - "-" "Mozilla/5.0 (Windows NT 10.0; Win64; x64; trendictionbot0.5.0; trendiction search; http://www.trendiction.de/bot; please let us know of any problems; web at trendiction.com) Gecko/20100101 Firefox/125.0"
216.244.66.200 - - [02/Mar/2025:05:56:01 +0100] "GET /files/szakk_090909.pdf HTTP/1.1" 200 183415 "-" "Mozilla/5.0 (compatible; DotBot/1.2; +https://opensiteexplorer.org/dotbot; help@moz.com)"
144.76.14.54 - - [02/Mar/2025:05:56:22 +0100] "GET / HTTP/1.1" 200 - "-" "Mozilla/5.0 (Windows NT 10.0; Win64; x64; trendictionbot0.5.0; trendiction search; http://www.trendiction.de/bot; please let us know of any problems; web at trendiction.com) Gecko/20100101 Firefox/125.0"
216.244.66.200 - - [02/Mar/2025:05:56:28 +0100] "GET /files/100_1997_mod_eloterj_szakmind_terv_090904.pdf HTTP/1.1" 200 156046 "-" "Mozilla/5.0 (compatible; DotBot/1.2; +https://opensiteexplorer.org/dotbot; help@moz.com)"
144.76.14.54 - - [02/Mar/2025:05:56:54 +0100] "GET / HTTP/1.1" 200 - "-" "Mozilla/5.0 (Windows NT 10.0; Win64; x64; trendictionbot0.5.0; trendiction search; http://www.trendiction.de/bot; please let us know of any problems; web at trendiction.com) Gecko/20100101 Firefox/125.0"
216.244.66.200 - - [02/Mar/2025:05:56:54 +0100] "GET /files/Cstv_1425-IRMr-felszamolo-dijelszamolas0716.doc HTTP/1.1" 200 146432 "-" "Mozilla/5.0 (compatible; DotBot/1.2; +https://opensiteexplorer.org/dotbot; help@moz.com)"
66.249.64.224 - - [02/Mar/2025:05:59:09 +0100] "GET /robots.txt HTTP/1.1" 200 1590 "-" "Mozilla/5.0 (compatible; Googlebot/2.1; +http://www.google.com/bot.html)"
66.249.64.224 - - [02/Mar/2025:05:59:09 +0100] "GET /files/szallashely_kormr_terv_090804.pdf HTTP/1.1" 304 - "-" "Mozilla/5.0 (Linux; Android 6.0.1; Nexus 5X Build/MMB29P) AppleWebKit/537.36 (KHTML, like Gecko) Chrome/133.0.6943.53 Mobile Safari/537.36 (compatible; Googlebot/2.1; +http://www.google.com/bot.html)"
34.38.210.81 - - [02/Mar/2025:06:01:08 +0100] "GET /robots.txt HTTP/1.1" 200 1590 "-" "Mozilla/5.0 (compatible; VelenPublicWebCrawler/1.0; +https://velen.io)"
2.57.171.101 - - [02/Mar/2025:06:06:36 +0100] "GET //wp-content/plugins/ioxi/retu.php HTTP/1.1" 200 - "-" "Go-http-client/1.1"
2.57.171.87 - - [02/Mar/2025:06:06:39 +0100] "GET //kean.php HTTP/1.1" 200 - "-" "Go-http-client/1.1"
2.57.171.87 - - [02/Mar/2025:06:06:44 +0100] "GET //first.php HTTP/1.1" 200 - "-" "Go-http-client/1.1"
2.57.171.97 - - [02/Mar/2025:06:06:49 +0100] "GET //wp-content/uploads/2024/01/RxR.php HTTP/1.1" 200 - "-" "Go-http-client/1.1"
2.57.171.94 - - [02/Mar/2025:06:06:54 +0100] "GET //wp-includes/blocks/post-title/post-title/index.php HTTP/1.1" 200 - "-" "Go-http-client/1.1"
2.57.171.101 - - [02/Mar/2025:06:06:59 +0100] "GET //wp-includes/js/dist/dist/index.php HTTP/1.1" 200 - "-" "Go-http-client/1.1"
2.57.171.101 - - [02/Mar/2025:06:07:04 +0100] "GET //wp-includes/blocks/page-list/page-list/index.php HTTP/1.1" 200 - "-" "Go-http-client/1.1"
2.57.171.87 - - [02/Mar/2025:06:07:08 +0100] "GET //cjfuns.php HTTP/1.1" 200 - "-" "Go-http-client/1.1"
2.57.171.94 - - [02/Mar/2025:06:07:14 +0100] "GET //wp-maps.php HTTP/1.1" 200 - "-" "Go-http-client/1.1"
2.57.171.97 - - [02/Mar/2025:06:07:19 +0100] "GET //wp-content/themes/Divi/404.php HTTP/1.1" 200 - "-" "Go-http-client/1.1"
2.57.171.94 - - [02/Mar/2025:06:07:24 +0100] "GET //wp-admin/includes/nav.php HTTP/1.1" 200 - "-" "Go-http-client/1.1"
2.57.171.101 - - [02/Mar/2025:06:07:27 +0100] "GET //wp-includes/sodium_compat/src/Core32/Curve25519/Ge/Core32.php HTTP/1.1" 200 - "-" "Go-http-client/1.1"
2.57.171.94 - - [02/Mar/2025:06:07:32 +0100] "GET //heh.php HTTP/1.1" 200 - "-" "Go-http-client/1.1"
2.57.171.87 - - [02/Mar/2025:06:07:38 +0100] "GET //NewFile.php HTTP/1.1" 200 - "-" "Go-http-client/1.1"
2.57.171.87 - - [02/Mar/2025:06:07:43 +0100] "GET //wp-content/plugins/view-more/ioxi.php HTTP/1.1" 200 - "-" "Go-http-client/1.1"
2.57.171.94 - - [02/Mar/2025:06:07:48 +0100] "GET //baxa1.php7 HTTP/1.1" 200 - "-" "Go-http-client/1.1"
2.57.171.97 - - [02/Mar/2025:06:07:53 +0100] "GET //wp-content/plugins/erinyani/baxa1.php HTTP/1.1" 200 - "-" "Go-http-client/1.1"
2.57.171.94 - - [02/Mar/2025:06:07:58 +0100] "GET //wp-content/plugins/seoxx/randkeyword.php HTTP/1.1" 200 - "-" "Go-http-client/1.1"
2.57.171.87 - - [02/Mar/2025:06:08:03 +0100] "GET //wp-includes/sitemaps/providers/zmFM.php HTTP/1.1" 200 - "-" "Go-http-client/1.1"
2.57.171.97 - - [02/Mar/2025:06:08:07 +0100] "GET //wp-includes/pomo/zmFM.php HTTP/1.1" 200 - "-" "Go-http-client/1.1"
2.57.171.101 - - [02/Mar/2025:06:08:12 +0100] "GET //wp-content/plugins/backup_index.php HTTP/1.1" 200 - "-" "Go-http-client/1.1"
2.57.171.97 - - [02/Mar/2025:06:08:18 +0100] "GET //wp-content/plugins/three-column-screen-layout/db.php?u HTTP/1.1" 200 - "-" "Go-http-client/1.1"
2.57.171.87 - - [02/Mar/2025:06:08:23 +0100] "GET //wp-content/plugins/vwcleanerplugin/bump.php?cache HTTP/1.1" 200 - "-" "Go-http-client/1.1"
2.57.171.94 - - [02/Mar/2025:06:08:28 +0100] "GET /wp-content/themes/twentytwentythree/patterns/index.php HTTP/1.1" 200 - "-" "Go-http-client/1.1"
2.57.171.101 - - [02/Mar/2025:06:08:33 +0100] "GET //wp-content/themes/too.php HTTP/1.1" 200 - "-" "Go-http-client/1.1"
2.57.171.87 - - [02/Mar/2025:06:08:38 +0100] "GET //about.php?525 HTTP/1.1" 200 - "-" "Go-http-client/1.1"
2.57.171.101 - - [02/Mar/2025:06:08:43 +0100] "GET //wp-admin/images/Mhbgf.php HTTP/1.1" 200 - "-" "Go-http-client/1.1"
2.57.171.101 - - [02/Mar/2025:06:08:48 +0100] "GET //wp-content/mich-REP.php HTTP/1.1" 200 - "-" "Go-http-client/1.1"
2.57.171.87 - - [02/Mar/2025:06:08:53 +0100] "GET //wp-content/upgrade/about.php HTTP/1.1" 200 - "-" "Go-http-client/1.1"
2.57.171.97 - - [02/Mar/2025:06:08:58 +0100] "GET //wp-includes/pomo/pomo.php HTTP/1.1" 200 - "-" "Go-http-client/1.1"
2.57.171.87 - - [02/Mar/2025:06:09:03 +0100] "GET //wp-admin/css/go.php HTTP/1.1" 200 - "-" "Go-http-client/1.1"
2.57.171.101 - - [02/Mar/2025:06:09:07 +0100] "GET //wp-includes/pomo/yellow.php HTTP/1.1" 200 - "-" "Go-http-client/1.1"
2.57.171.101 - - [02/Mar/2025:06:09:13 +0100] "GET //click.php HTTP/1.1" 200 - "-" "Go-http-client/1.1"
2.57.171.94 - - [02/Mar/2025:06:09:18 +0100] "GET //termps.php HTTP/1.1" 200 - "-" "Go-http-client/1.1"
2.57.171.94 - - [02/Mar/2025:06:09:23 +0100] "GET //sck.php HTTP/1.1" 200 - "-" "Go-http-client/1.1"
2.57.171.87 - - [02/Mar/2025:06:09:28 +0100] "GET //ans.php HTTP/1.1" 200 - "-" "Go-http-client/1.1"
2.57.171.94 - - [02/Mar/2025:06:09:33 +0100] "GET //buy.php HTTP/1.1" 200 - "-" "Go-http-client/1.1"
2.57.171.87 - - [02/Mar/2025:06:09:38 +0100] "GET //wp-content/plugins/Core-EconX/up.php HTTP/1.1" 200 - "-" "Go-http-client/1.1"
2.57.171.94 - - [02/Mar/2025:06:09:43 +0100] "GET //wp-content/termps.php HTTP/1.1" 200 - "-" "Go-http-client/1.1"
2.57.171.87 - - [02/Mar/2025:06:09:48 +0100] "GET //pwp-admin/network/login.php HTTP/1.1" 200 - "-" "Go-http-client/1.1"
2.57.171.97 - - [02/Mar/2025:06:09:53 +0100] "GET //wander.php HTTP/1.1" 200 - "-" "Go-http-client/1.1"
2.57.171.97 - - [02/Mar/2025:06:09:58 +0100] "GET //wp-includes/css/about.php HTTP/1.1" 200 - "-" "Go-http-client/1.1"
2.57.171.101 - - [02/Mar/2025:06:10:03 +0100] "GET //admin/function.php HTTP/1.1" 200 - "-" "Go-http-client/1.1"
2.57.171.101 - - [02/Mar/2025:06:10:08 +0100] "GET //wp-content/themes/deeto/login.php HTTP/1.1" 200 - "-" "Go-http-client/1.1"
2.57.171.87 - - [02/Mar/2025:06:10:13 +0100] "GET //wp-includes/IXR/wp-login.php HTTP/1.1" 200 - "-" "Go-http-client/1.1"
2.57.171.101 - - [02/Mar/2025:06:10:18 +0100] "GET //.tmb/about.php HTTP/1.1" 200 - "-" "Go-http-client/1.1"
2.57.171.94 - - [02/Mar/2025:06:10:23 +0100] "GET //wp-content/themes/about.php HTTP/1.1" 200 - "-" "Go-http-client/1.1"
2.57.171.87 - - [02/Mar/2025:06:10:28 +0100] "GET //shell20211028.php HTTP/1.1" 200 - "-" "Go-http-client/1.1"
2.57.171.94 - - [02/Mar/2025:06:10:33 +0100] "GET //wp-includes/images/about.php HTTP/1.1" 200 - "-" "Go-http-client/1.1"
2.57.171.94 - - [02/Mar/2025:06:10:38 +0100] "GET //makeasmtp.php HTTP/1.1" 200 - "-" "Go-http-client/1.1"
2.57.171.101 - - [02/Mar/2025:06:10:43 +0100] "GET //mah/function.php HTTP/1.1" 200 - "-" "Go-http-client/1.1"
2.57.171.87 - - [02/Mar/2025:06:10:48 +0100] "GET //simple.php HTTP/1.1" 200 - "-" "Go-http-client/1.1"
2.57.171.97 - - [02/Mar/2025:06:10:53 +0100] "GET //shell.php HTTP/1.1" 200 - "-" "Go-http-client/1.1"
2.57.171.97 - - [02/Mar/2025:06:10:58 +0100] "GET //file.php HTTP/1.1" 200 - "-" "Go-http-client/1.1"
2.57.171.94 - - [02/Mar/2025:06:11:03 +0100] "GET //admin.php HTTP/1.1" 200 - "-" "Go-http-client/1.1"
2.57.171.94 - - [02/Mar/2025:06:11:08 +0100] "GET //mah.php HTTP/1.1" 200 - "-" "Go-http-client/1.1"
2.57.171.97 - - [02/Mar/2025:06:11:13 +0100] "GET //about.php HTTP/1.1" 200 - "-" "Go-http-client/1.1"
2.57.171.94 - - [02/Mar/2025:06:11:18 +0100] "GET //index/function.php HTTP/1.1" 200 - "-" "Go-http-client/1.1"
2.57.171.87 - - [02/Mar/2025:06:11:23 +0100] "GET //chosen.php HTTP/1.1" 200 - "-" "Go-http-client/1.1"
2.57.171.87 - - [02/Mar/2025:06:11:28 +0100] "GET //fm.php HTTP/1.1" 200 - "-" "Go-http-client/1.1"
2.57.171.101 - - [02/Mar/2025:06:11:33 +0100] "GET //1.php HTTP/1.1" 200 - "-" "Go-http-client/1.1"
2.57.171.97 - - [02/Mar/2025:06:11:38 +0100] "GET //wp-admin/js/index.php HTTP/1.1" 200 - "-" "Go-http-client/1.1"
2.57.171.97 - - [02/Mar/2025:06:11:43 +0100] "GET //about/function.php HTTP/1.1" 200 - "-" "Go-http-client/1.1"
2.57.171.101 - - [02/Mar/2025:06:11:48 +0100] "GET //alfa-rex.php HTTP/1.1" 200 - "-" "Go-http-client/1.1"
2.57.171.87 - - [02/Mar/2025:06:11:53 +0100] "GET //wp-content/plugins/core-plugin/include.php HTTP/1.1" 200 - "-" "Go-http-client/1.1"
2.57.171.97 - - [02/Mar/2025:06:11:58 +0100] "GET //moon.php HTTP/1.1" 200 - "-" "Go-http-client/1.1"
2.57.171.94 - - [02/Mar/2025:06:12:03 +0100] "GET //wp-content/index.php HTTP/1.1" 200 - "-" "Go-http-client/1.1"
2.57.171.97 - - [02/Mar/2025:06:12:08 +0100] "GET //wp-admin/network/index.php HTTP/1.1" 200 - "-" "Go-http-client/1.1"
2.57.171.101 - - [02/Mar/2025:06:12:13 +0100] "GET //404.php HTTP/1.1" 200 - "-" "Go-http-client/1.1"
2.57.171.101 - - [02/Mar/2025:06:12:18 +0100] "GET //wp-admin/maint/index.php HTTP/1.1" 200 - "-" "Go-http-client/1.1"
13.56.81.108 - - [02/Mar/2025:06:12:21 +0100] "GET / HTTP/1.1" 200 - "-" "bitdiscovery-suggestions"
2.57.171.97 - - [02/Mar/2025:06:12:23 +0100] "GET //blog/index.php HTTP/1.1" 200 - "-" "Go-http-client/1.1"
2.57.171.94 - - [02/Mar/2025:06:12:28 +0100] "GET //autoload_classmap.php HTTP/1.1" 200 - "-" "Go-http-client/1.1"
2.57.171.87 - - [02/Mar/2025:06:12:33 +0100] "GET //xml.php HTTP/1.1" 200 - "-" "Go-http-client/1.1"
2.57.171.94 - - [02/Mar/2025:06:12:38 +0100] "GET //jindex.php HTTP/1.1" 200 - "-" "Go-http-client/1.1"
2.57.171.94 - - [02/Mar/2025:06:12:43 +0100] "GET //.well-known/index.php HTTP/1.1" 200 - "-" "Go-http-client/1.1"
2.57.171.94 - - [02/Mar/2025:06:12:48 +0100] "GET //wp-content/uploads/index.php HTTP/1.1" 200 - "-" "Go-http-client/1.1"
2.57.171.101 - - [02/Mar/2025:06:12:53 +0100] "GET //wp-content/plugins/index.php HTTP/1.1" 200 - "-" "Go-http-client/1.1"
2.57.171.94 - - [02/Mar/2025:06:12:58 +0100] "GET //en/index.php HTTP/1.1" 200 - "-" "Go-http-client/1.1"
2.57.171.97 - - [02/Mar/2025:06:13:03 +0100] "GET //wso.php HTTP/1.1" 200 - "-" "Go-http-client/1.1"
2.57.171.87 - - [02/Mar/2025:06:13:08 +0100] "GET //ini.php HTTP/1.1" 200 - "-" "Go-http-client/1.1"
2.57.171.87 - - [02/Mar/2025:06:13:13 +0100] "GET //themes.php HTTP/1.1" 200 - "-" "Go-http-client/1.1"
2.57.171.101 - - [02/Mar/2025:06:13:18 +0100] "GET //install.php HTTP/1.1" 200 - "-" "Go-http-client/1.1"
2.57.171.97 - - [02/Mar/2025:06:13:23 +0100] "GET //wp-includes/css/index.php HTTP/1.1" 200 - "-" "Go-http-client/1.1"
2.57.171.94 - - [02/Mar/2025:06:13:28 +0100] "GET //.well-known/pki-validation/moon.php HTTP/1.1" 200 - "-" "Go-http-client/1.1"
2.57.171.87 - - [02/Mar/2025:06:13:33 +0100] "GET //classwithtostring.php HTTP/1.1" 200 - "-" "Go-http-client/1.1"
2.57.171.101 - - [02/Mar/2025:06:13:38 +0100] "GET //wp-includes/ID3/index.php HTTP/1.1" 200 - "-" "Go-http-client/1.1"
2.57.171.101 - - [02/Mar/2025:06:13:43 +0100] "GET //goods.php HTTP/1.1" 200 - "-" "Go-http-client/1.1"
2.57.171.87 - - [02/Mar/2025:06:13:48 +0100] "GET //wp-admin/images/index.php HTTP/1.1" 200 - "-" "Go-http-client/1.1"
2.57.171.101 - - [02/Mar/2025:06:13:53 +0100] "GET //wp-links.php HTTP/1.1" 200 - "-" "Go-http-client/1.1"
2.57.171.87 - - [02/Mar/2025:06:13:58 +0100] "GET //new.php HTTP/1.1" 200 - "-" "Go-http-client/1.1"
2.57.171.97 - - [02/Mar/2025:06:14:03 +0100] "GET //wp-content/languages/wp-login.php HTTP/1.1" 200 - "-" "Go-http-client/1.1"
2.57.171.97 - - [02/Mar/2025:06:14:08 +0100] "GET //wp.php HTTP/1.1" 200 - "-" "Go-http-client/1.1"
2.57.171.101 - - [02/Mar/2025:06:14:13 +0100] "GET //elp.php HTTP/1.1" 200 - "-" "Go-http-client/1.1"
2.57.171.97 - - [02/Mar/2025:06:14:18 +0100] "GET //a.php HTTP/1.1" 200 - "-" "Go-http-client/1.1"
2.57.171.101 - - [02/Mar/2025:06:14:23 +0100] "GET //m.php HTTP/1.1" 200 - "-" "Go-http-client/1.1"
2.57.171.97 - - [02/Mar/2025:06:14:28 +0100] "GET //wp-includes/product.php HTTP/1.1" 200 - "-" "Go-http-client/1.1"
2.57.171.97 - - [02/Mar/2025:06:14:33 +0100] "GET //wp-content/admin.php HTTP/1.1" 200 - "-" "Go-http-client/1.1"
2.57.171.87 - - [02/Mar/2025:06:14:38 +0100] "GET //wp-admin/images/about.php HTTP/1.1" 200 - "-" "Go-http-client/1.1"
2.57.171.87 - - [02/Mar/2025:06:14:43 +0100] "GET //log.php HTTP/1.1" 200 - "-" "Go-http-client/1.1"
2.57.171.94 - - [02/Mar/2025:06:14:48 +0100] "GET //inc.php HTTP/1.1" 200 - "-" "Go-http-client/1.1"
2.57.171.101 - - [02/Mar/2025:06:14:53 +0100] "GET //wp-admin/css/index.php HTTP/1.1" 200 - "-" "Go-http-client/1.1"
2.57.171.94 - - [02/Mar/2025:06:14:58 +0100] "GET //wp-conflg.php HTTP/1.1" 200 - "-" "Go-http-client/1.1"
2.57.171.94 - - [02/Mar/2025:06:15:03 +0100] "GET //cong.php HTTP/1.1" 200 - "-" "Go-http-client/1.1"
2.57.171.94 - - [02/Mar/2025:06:15:08 +0100] "GET //content.php HTTP/1.1" 200 - "-" "Go-http-client/1.1"
2.57.171.97 - - [02/Mar/2025:06:15:13 +0100] "GET //wp-content/themes/seotheme/mar.php HTTP/1.1" 200 - "-" "Go-http-client/1.1"
2.57.171.87 - - [02/Mar/2025:06:15:18 +0100] "GET //wp-info.php HTTP/1.1" 200 - "-" "Go-http-client/1.1"
2.57.171.94 - - [02/Mar/2025:06:15:23 +0100] "GET //wp-content/languages/index.php HTTP/1.1" 200 - "-" "Go-http-client/1.1"
2.57.171.94 - - [02/Mar/2025:06:15:28 +0100] "GET //edit.php HTTP/1.1" 200 - "-" "Go-http-client/1.1"
2.57.171.101 - - [02/Mar/2025:06:15:33 +0100] "GET //wp-mail.php HTTP/1.1" 200 - "-" "Go-http-client/1.1"
2.57.171.94 - - [02/Mar/2025:06:15:38 +0100] "GET //wp-includes/SimplePie/index.php HTTP/1.1" 200 - "-" "Go-http-client/1.1"
2.57.171.94 - - [02/Mar/2025:06:15:43 +0100] "GET //login.php HTTP/1.1" 200 - "-" "Go-http-client/1.1"
2.57.171.101 - - [02/Mar/2025:06:15:48 +0100] "GET //text.php HTTP/1.1" 200 - "-" "Go-http-client/1.1"
2.57.171.101 - - [02/Mar/2025:06:15:53 +0100] "GET //wp-includes/assets/index.php HTTP/1.1" 200 - "-" "Go-http-client/1.1"
2.57.171.97 - - [02/Mar/2025:06:15:58 +0100] "GET //wp-includes/js/index.php HTTP/1.1" 200 - "-" "Go-http-client/1.1"
2.57.171.87 - - [02/Mar/2025:06:16:03 +0100] "GET //ws.php HTTP/1.1" 200 - "-" "Go-http-client/1.1"
2.57.171.87 - - [02/Mar/2025:06:16:08 +0100] "GET //dropdown.php HTTP/1.1" 200 - "-" "Go-http-client/1.1"
2.57.171.101 - - [02/Mar/2025:06:16:13 +0100] "GET //.well-known/pki-validation/index.php HTTP/1.1" 200 - "-" "Go-http-client/1.1"
2.57.171.94 - - [02/Mar/2025:06:16:18 +0100] "GET //doc.php HTTP/1.1" 200 - "-" "Go-http-client/1.1"
2.57.171.101 - - [02/Mar/2025:06:16:23 +0100] "GET //radio.php HTTP/1.1" 200 - "-" "Go-http-client/1.1"
2.57.171.87 - - [02/Mar/2025:06:16:28 +0100] "GET //wp-includes/customize/index.php HTTP/1.1" 200 - "-" "Go-http-client/1.1"
2.57.171.101 - - [02/Mar/2025:06:16:33 +0100] "GET //css.php HTTP/1.1" 200 - "-" "Go-http-client/1.1"
2.57.171.97 - - [02/Mar/2025:06:16:38 +0100] "GET //wp-content/plugins/hello.php HTTP/1.1" 200 - "-" "Go-http-client/1.1"
2.57.171.101 - - [02/Mar/2025:06:16:43 +0100] "GET //function.php HTTP/1.1" 200 - "-" "Go-http-client/1.1"
2.57.171.97 - - [02/Mar/2025:06:16:48 +0100] "GET //randkeyword.php HTTP/1.1" 200 - "-" "Go-http-client/1.1"
2.57.171.97 - - [02/Mar/2025:06:16:53 +0100] "GET //wp-includes/fonts/index.php HTTP/1.1" 200 - "-" "Go-http-client/1.1"
2.57.171.94 - - [02/Mar/2025:06:16:59 +0100] "GET //plugin.php HTTP/1.1" 200 - "-" "Go-http-client/1.1"
2.57.171.87 - - [02/Mar/2025:06:17:03 +0100] "GET //wp-includes/Text/wp-login.php HTTP/1.1" 200 - "-" "Go-http-client/1.1"
