40.77.167.8 - - [05/Mar/2025:16:37:53 +0100] "GET /web/home.nsf/51aad2b5d20c0da2c1256c84003b0d36/19d8b89bd24c96c9c125721800386e5e/$FILE/06_mell.pdf HTTP/1.1" 200 - "-" "Mozilla/5.0 AppleWebKit/537.36 (KHTML, like Gecko; compatible; bingbot/2.0; +http://www.bing.com/bingbot.htm) Chrome/116.0.1938.76 Safari/537.36"
40.77.167.8 - - [05/Mar/2025:16:38:25 +0100] "GET /web/home.nsf/51aad2b5d20c0da2c1256c84003b0d36/19d8b89bd24c96c9c125721800386e5e/$FILE/06_mell.pdf HTTP/1.1" 200 - "-" "Mozilla/5.0 AppleWebKit/537.36 (KHTML, like Gecko; compatible; bingbot/2.0; +http://www.bing.com/bingbot.htm) Chrome/116.0.1938.76 Safari/537.36"
44.208.221.197 - - [05/Mar/2025:16:46:28 +0100] "GET /files/indoklas_karteritesi_terezet.pdf HTTP/1.1" 200 118467 "-" "Mozilla/5.0 AppleWebKit/537.36 (KHTML, like Gecko; compatible; Perplexity-User/1.0; +https://perplexity.ai/perplexitybot-user)"
107.20.236.150 - - [05/Mar/2025:16:46:39 +0100] "GET /files/indoklas_karteritesi_terezet.pdf HTTP/1.1" 200 118467 "-" "Mozilla/5.0 AppleWebKit/537.36 (KHTML, like Gecko; compatible; PerplexityBot/1.0; +https://perplexity.ai/perplexitybot)"
47.128.49.220 - - [05/Mar/2025:16:53:48 +0100] "GET /node/31 HTTP/1.1" 200 - "-" "Mozilla/5.0 (Linux; Android 5.0) AppleWebKit/537.36 (KHTML, like Gecko) Mobile Safari/537.36 (compatible; Bytespider; spider-feedback@bytedance.com)"
66.249.66.87 - - [05/Mar/2025:17:19:00 +0100] "GET /files/alapf_muv_okt_kovet_V_060414.pdf HTTP/1.1" 304 - "-" "Mozilla/5.0 (Linux; Android 6.0.1; Nexus 5X Build/MMB29P) AppleWebKit/537.36 (KHTML, like Gecko) Chrome/133.0.6943.53 Mobile Safari/537.36 (compatible; Googlebot/2.1; +http://www.google.com/bot.html)"
52.167.144.139 - - [05/Mar/2025:17:50:36 +0100] "GET /files/Ebergoci-lapret_tervezet.pdf HTTP/1.1" 200 186927 "-" "Mozilla/5.0 AppleWebKit/537.36 (KHTML, like Gecko; compatible; bingbot/2.0; +http://www.bing.com/bingbot.htm) Chrome/116.0.1938.76 Safari/537.36"
47.79.7.207 - - [05/Mar/2025:17:56:18 +0100] "GET / HTTP/1.1" 200 - "http://jogalkotas.hu" "Mozilla/5.0 (Windows NT 10.0; Win64; x64) AppleWebKit/537.36 (KHTML, like Gecko) Chrome/114.0.0.0 Safari/537.36 Edg/114.0.1823.43"
82.156.169.44 - - [05/Mar/2025:18:03:37 +0100] "GET /files/egyes_eg_min_rend_mod.doc HTTP/1.1" 200 431104 "-" "Mozilla/5.0 (Windows NT 10.0; Win64; x64) AppleWebKit/537.36 (KHTML, like Gecko) Chrome/132.0.0.0 Safari/537.36"
52.167.144.181 - - [05/Mar/2025:18:14:19 +0100] "GET /files/me_1_3_51__1_080313.pdf HTTP/1.1" 304 - "-" "Mozilla/5.0 AppleWebKit/537.36 (KHTML, like Gecko; compatible; bingbot/2.0; +http://www.bing.com/bingbot.htm) Chrome/116.0.1938.76 Safari/537.36"
66.249.66.86 - - [05/Mar/2025:18:20:06 +0100] "GET /files/0306_T_rc_ra__ti_csiga.doc HTTP/1.1" 304 - "-" "Mozilla/5.0 (Linux; Android 6.0.1; Nexus 5X Build/MMB29P) AppleWebKit/537.36 (KHTML, like Gecko) Chrome/133.0.6943.141 Mobile Safari/537.36 (compatible; Googlebot/2.1; +http://www.google.com/bot.html)"
66.249.66.86 - - [05/Mar/2025:18:20:26 +0100] "GET /files/1220_KAR_adatlapok_2006_12_08.doc HTTP/1.1" 304 - "-" "Mozilla/5.0 (Linux; Android 6.0.1; Nexus 5X Build/MMB29P) AppleWebKit/537.36 (KHTML, like Gecko) Chrome/133.0.6943.141 Mobile Safari/537.36 (compatible; Googlebot/2.1; +http://www.google.com/bot.html)"
40.77.167.76 - - [05/Mar/2025:18:27:56 +0100] "GET /files/eizlandnvegorv2.doc HTTP/1.1" 200 77312 "-" "Mozilla/5.0 AppleWebKit/537.36 (KHTML, like Gecko; compatible; bingbot/2.0; +http://www.bing.com/bingbot.htm) Chrome/116.0.1938.76 Safari/537.36"
5.255.231.48 - - [05/Mar/2025:19:54:25 +0100] "GET /robots.txt HTTP/1.1" 200 1590 "-" "Mozilla/5.0 (compatible; YandexBot/3.0; +http://yandex.com/bots)"
213.180.203.191 - - [05/Mar/2025:19:54:57 +0100] "GET /files/ptk.dolo- HTTP/1.1" 200 - "-" "Mozilla/5.0 (compatible; YandexBot/3.0; +http://yandex.com/bots)"
221.109.63.128 - - [05/Mar/2025:20:00:13 +0100] "GET /node/254 HTTP/1.1" 200 - "http://irodaszer.ardoboz.hu/miniszterelnoki-hivatal-honlapja" "Mozilla/5.0 (compatible; SBIntuitionsBot/0.1; +https://www.sbintuitions.co.jp/bot/)"
221.110.152.2 - - [05/Mar/2025:20:00:18 +0100] "GET /node/254 HTTP/1.1" 200 - "http://irodaszer.ardoboz.hu/miniszterelnoki-hivatal-honlapja" "Mozilla/5.0 (compatible; SBIntuitionsBot/0.1; +https://www.sbintuitions.co.jp/bot/)"
221.111.210.1 - - [05/Mar/2025:20:00:25 +0100] "GET /node/254 HTTP/1.1" 200 - "http://irodaszer.ardoboz.hu/miniszterelnoki-hivatal-honlapja" "Mozilla/5.0 (compatible; SBIntuitionsBot/0.1; +https://www.sbintuitions.co.jp/bot/)"
221.109.63.128 - - [05/Mar/2025:20:00:33 +0100] "GET /node/254 HTTP/1.1" 200 - "http://irodaszer.ardoboz.hu/miniszterelnoki-hivatal-honlapja" "Mozilla/5.0 (compatible; SBIntuitionsBot/0.1; +https://www.sbintuitions.co.jp/bot/)"
126.128.224.1 - - [05/Mar/2025:20:00:43 +0100] "GET /node/254 HTTP/1.1" 200 - "http://irodaszer.ardoboz.hu/miniszterelnoki-hivatal-honlapja" "Mozilla/5.0 (compatible; SBIntuitionsBot/0.1; +https://www.sbintuitions.co.jp/bot/)"
221.109.63.129 - - [05/Mar/2025:20:00:53 +0100] "GET /node/254 HTTP/1.1" 200 - "http://irodaszer.ardoboz.hu/miniszterelnoki-hivatal-honlapja" "Mozilla/5.0 (compatible; SBIntuitionsBot/0.1; +https://www.sbintuitions.co.jp/bot/)"
221.110.152.1 - - [05/Mar/2025:20:01:04 +0100] "GET /node/254 HTTP/1.1" 200 - "http://irodaszer.ardoboz.hu/miniszterelnoki-hivatal-honlapja" "Mozilla/5.0 (compatible; SBIntuitionsBot/0.1; +https://www.sbintuitions.co.jp/bot/)"
126.128.224.1 - - [05/Mar/2025:20:01:16 +0100] "GET /node/254 HTTP/1.1" 200 - "http://irodaszer.ardoboz.hu/miniszterelnoki-hivatal-honlapja" "Mozilla/5.0 (compatible; SBIntuitionsBot/0.1; +https://www.sbintuitions.co.jp/bot/)"
221.111.209.2 - - [05/Mar/2025:20:01:29 +0100] "GET /node/254 HTTP/1.1" 200 - "http://irodaszer.ardoboz.hu/miniszterelnoki-hivatal-honlapja" "Mozilla/5.0 (compatible; SBIntuitionsBot/0.1; +https://www.sbintuitions.co.jp/bot/)"
126.128.224.1 - - [05/Mar/2025:20:01:43 +0100] "GET /node/254 HTTP/1.1" 200 - "http://irodaszer.ardoboz.hu/miniszterelnoki-hivatal-honlapja" "Mozilla/5.0 (compatible; SBIntuitionsBot/0.1; +https://www.sbintuitions.co.jp/bot/)"
221.110.152.2 - - [05/Mar/2025:20:02:13 +0100] "GET /node/254 HTTP/1.1" 200 - "http://irodaszer.ardoboz.hu/miniszterelnoki-hivatal-honlapja" "Mozilla/5.0 (compatible; SBIntuitionsBot/0.1; +https://www.sbintuitions.co.jp/bot/)"
126.128.224.2 - - [05/Mar/2025:20:02:28 +0100] "GET /node/254 HTTP/1.1" 200 - "http://irodaszer.ardoboz.hu/miniszterelnoki-hivatal-honlapja" "Mozilla/5.0 (compatible; SBIntuitionsBot/0.1; +https://www.sbintuitions.co.jp/bot/)"
221.109.63.128 - - [05/Mar/2025:20:02:43 +0100] "GET /node/254 HTTP/1.1" 200 - "http://irodaszer.ardoboz.hu/miniszterelnoki-hivatal-honlapja" "Mozilla/5.0 (compatible; SBIntuitionsBot/0.1; +https://www.sbintuitions.co.jp/bot/)"
221.110.152.1 - - [05/Mar/2025:20:02:58 +0100] "GET /node/254 HTTP/1.1" 200 - "http://irodaszer.ardoboz.hu/miniszterelnoki-hivatal-honlapja" "Mozilla/5.0 (compatible; SBIntuitionsBot/0.1; +https://www.sbintuitions.co.jp/bot/)"
126.128.224.1 - - [05/Mar/2025:20:03:13 +0100] "GET /node/254 HTTP/1.1" 200 - "http://irodaszer.ardoboz.hu/miniszterelnoki-hivatal-honlapja" "Mozilla/5.0 (compatible; SBIntuitionsBot/0.1; +https://www.sbintuitions.co.jp/bot/)"
221.111.209.1 - - [05/Mar/2025:20:03:28 +0100] "GET /node/254 HTTP/1.1" 200 - "http://irodaszer.ardoboz.hu/miniszterelnoki-hivatal-honlapja" "Mozilla/5.0 (compatible; SBIntuitionsBot/0.1; +https://www.sbintuitions.co.jp/bot/)"
221.109.63.129 - - [05/Mar/2025:20:03:44 +0100] "GET /node/254 HTTP/1.1" 200 - "http://irodaszer.ardoboz.hu/miniszterelnoki-hivatal-honlapja" "Mozilla/5.0 (compatible; SBIntuitionsBot/0.1; +https://www.sbintuitions.co.jp/bot/)"
221.109.63.129 - - [05/Mar/2025:20:03:58 +0100] "GET /node/254 HTTP/1.1" 200 - "http://irodaszer.ardoboz.hu/miniszterelnoki-hivatal-honlapja" "Mozilla/5.0 (compatible; SBIntuitionsBot/0.1; +https://www.sbintuitions.co.jp/bot/)"
221.110.152.2 - - [05/Mar/2025:20:04:13 +0100] "GET /node/254 HTTP/1.1" 200 - "http://irodaszer.ardoboz.hu/miniszterelnoki-hivatal-honlapja" "Mozilla/5.0 (compatible; SBIntuitionsBot/0.1; +https://www.sbintuitions.co.jp/bot/)"
195.191.219.132 - - [05/Mar/2025:20:21:40 +0100] "GET /robots.txt HTTP/1.1" 200 1590 "-" "Mozilla/5.0 (compatible; MJ12bot/v2.0.0; http://mj12bot.com/)"
195.191.219.132 - - [05/Mar/2025:20:22:11 +0100] "GET /robots.txt HTTP/1.1" 200 1590 "-" "Mozilla/5.0 (compatible; MJ12bot/v2.0.0; http://mj12bot.com/)"
195.191.219.132 - - [05/Mar/2025:20:22:11 +0100] "GET / HTTP/1.1" 200 - "-" "Mozilla/5.0 (compatible; MJ12bot/v2.0.0; http://mj12bot.com/)"
195.191.219.132 - - [05/Mar/2025:20:22:44 +0100] "GET / HTTP/1.1" 200 - "-" "Mozilla/5.0 (compatible; MJ12bot/v2.0.0; http://mj12bot.com/)"
66.249.66.87 - - [05/Mar/2025:20:36:04 +0100] "GET /files/_0edo6usjkedq62sjkg9jmio8_.pdf HTTP/1.1" 200 1758022 "-" "Mozilla/5.0 (Linux; Android 6.0.1; Nexus 5X Build/MMB29P) AppleWebKit/537.36 (KHTML, like Gecko) Chrome/133.0.6943.53 Mobile Safari/537.36 (compatible; Googlebot/2.1; +http://www.google.com/bot.html)"
20.191.45.212 - - [05/Mar/2025:21:28:40 +0100] "GET /favicon.ico HTTP/1.1" 404 57 "http://www.jogalkotas.hu/favicon.ico" "DuckDuckBot/1.1; (+http://duckduckgo.com/duckduckbot.html)"
20.191.45.212 - - [05/Mar/2025:21:29:03 +0100] "GET / HTTP/1.1" 200 - "http://www.jogalkotas.hu/" "DuckDuckBot/1.1; (+http://duckduckgo.com/duckduckbot.html)"
66.249.66.87 - - [05/Mar/2025:21:40:01 +0100] "GET /files/A_Digitalis_Atallas_Strategiaja.pdf HTTP/1.1" 304 - "-" "Mozilla/5.0 (Linux; Android 6.0.1; Nexus 5X Build/MMB29P) AppleWebKit/537.36 (KHTML, like Gecko) Chrome/133.0.6943.53 Mobile Safari/537.36 (compatible; Googlebot/2.1; +http://www.google.com/bot.html)"
91.33.171.85 - - [05/Mar/2025:22:15:55 +0100] "GET /files/szakertoidijazas.doc HTTP/1.1" 200 59392 "-" "Mozilla/5.0 (Windows NT 10.0; Win64; x64) AppleWebKit/537.36 (KHTML, like Gecko) Chrome/60.0.3112.113 Safari/537.36"
66.249.66.85 - - [05/Mar/2025:22:40:30 +0100] "GET / HTTP/1.1" 200 - "-" "Mozilla/5.0 (Linux; Android 6.0.1; Nexus 5X Build/MMB29P) AppleWebKit/537.36 (KHTML, like Gecko) Chrome/99.0.4844.84 Mobile Safari/537.36 (compatible; Googlebot/2.1; +http://www.google.com/bot.html)"
66.249.66.86 - - [05/Mar/2025:22:41:02 +0100] "GET / HTTP/1.1" 200 - "-" "Mozilla/5.0 (compatible; Googlebot/2.1; +http://www.google.com/bot.html)"
66.249.66.86 - - [05/Mar/2025:22:41:34 +0100] "GET / HTTP/1.1" 200 - "-" "Mozilla/5.0 (Linux; Android 6.0.1; Nexus 5X Build/MMB29P) AppleWebKit/537.36 (KHTML, like Gecko) Chrome/133.0.6943.53 Mobile Safari/537.36 (compatible; Googlebot/2.1; +http://www.google.com/bot.html)"
66.249.66.85 - - [05/Mar/2025:22:42:06 +0100] "GET / HTTP/1.1" 200 - "-" "Mozilla/5.0 (compatible; Googlebot/2.1; +http://www.google.com/bot.html)"
104.28.226.100 - - [05/Mar/2025:23:13:55 +0100] "GET /xmlrpc.php HTTP/1.1" 200 - "-" "Mozilla/5.0 (Windows NT 10.0; Win64; x64) AppleWebKit/537.36 (KHTML, like Gecko) Chrome/131.0.0.0 Safari/537.36"
66.249.66.86 - - [05/Mar/2025:23:56:09 +0100] "GET /files/R714.pdf HTTP/1.1" 200 407303 "-" "Mozilla/5.0 (Linux; Android 6.0.1; Nexus 5X Build/MMB29P) AppleWebKit/537.36 (KHTML, like Gecko) Chrome/133.0.6943.53 Mobile Safari/537.36 (compatible; Googlebot/2.1; +http://www.google.com/bot.html)"
66.249.66.1 - - [06/Mar/2025:02:09:28 +0100] "GET /files/piro_korm_r_mod-terv_090928.doc HTTP/1.1" 200 171008 "-" "Mozilla/5.0 (Linux; Android 6.0.1; Nexus 5X Build/MMB29P) AppleWebKit/537.36 (KHTML, like Gecko) Chrome/133.0.6943.141 Mobile Safari/537.36 (compatible; Googlebot/2.1; +http://www.google.com/bot.html)"
66.249.66.87 - - [06/Mar/2025:02:18:02 +0100] "GET /robots.txt HTTP/1.1" 200 1590 "-" "Mozilla/5.0 (compatible; Googlebot/2.1; +http://www.google.com/bot.html)"
66.249.66.85 - - [06/Mar/2025:02:18:03 +0100] "GET /files/fvm_szalmonellozis_velemenyezesre.pdf HTTP/1.1" 200 156900 "-" "Mozilla/5.0 (Linux; Android 6.0.1; Nexus 5X Build/MMB29P) AppleWebKit/537.36 (KHTML, like Gecko) Chrome/133.0.6943.53 Mobile Safari/537.36 (compatible; GoogleOther)"
52.167.144.67 - - [06/Mar/2025:03:06:16 +0100] "GET /robots.txt HTTP/1.1" 200 1590 "-" "Mozilla/5.0 AppleWebKit/537.36 (KHTML, like Gecko; compatible; bingbot/2.0; +http://www.bing.com/bingbot.htm) Chrome/116.0.1938.76 Safari/537.36"
52.167.144.160 - - [06/Mar/2025:03:06:23 +0100] "GET /files/indoklas.doc HTTP/1.1" 304 - "-" "Mozilla/5.0 AppleWebKit/537.36 (KHTML, like Gecko; compatible; bingbot/2.0; +http://www.bing.com/bingbot.htm) Chrome/116.0.1938.76 Safari/537.36"
46.250.161.140 - - [06/Mar/2025:03:15:30 +0100] "GET /files/ekozig2010strategia_0604.pdf HTTP/1.1" 200 820659 "http://jogalkotas.hu/files/ekozig2010strategia_0604.pdf" "Mozilla/5.0 (Macintosh; Intel Mac OS X 10_15_7) AppleWebKit/537.36 (KHTML, like Gecko) Chrome/119.0.0.0 Safari/537.36"
66.249.66.85 - - [06/Mar/2025:03:19:56 +0100] "GET /files/_veg3fmujfdhqa4st0cs_.pdf HTTP/1.1" 200 208061 "-" "Mozilla/5.0 (Linux; Android 6.0.1; Nexus 5X Build/MMB29P) AppleWebKit/537.36 (KHTML, like Gecko) Chrome/133.0.6943.53 Mobile Safari/537.36 (compatible; GoogleOther)"
66.249.66.87 - - [06/Mar/2025:03:48:18 +0100] "GET /files/ptk_kotelmi_jog.pdf HTTP/1.1" 200 706298 "-" "Mozilla/5.0 AppleWebKit/537.36 (KHTML, like Gecko; compatible; GoogleOther) Chrome/133.0.6943.53 Safari/537.36"
87.250.224.42 - - [06/Mar/2025:04:18:48 +0100] "GET /robots.txt HTTP/1.1" 200 1590 "-" "Mozilla/5.0 (compatible; YandexBot/3.0; +http://yandex.com/bots)"
213.180.203.56 - - [06/Mar/2025:04:19:20 +0100] "GET /drupal/node/383 HTTP/1.1" 200 - "-" "Mozilla/5.0 (compatible; YandexBot/3.0; +http://yandex.com/bots)"
66.249.66.87 - - [06/Mar/2025:04:21:48 +0100] "GET /files/termofold_igenybevetel_eloterjesztes.pdf HTTP/1.1" 200 211330 "-" "Mozilla/5.0 (Linux; Android 6.0.1; Nexus 5X Build/MMB29P) AppleWebKit/537.36 (KHTML, like Gecko) Chrome/133.0.6943.53 Mobile Safari/537.36 (compatible; GoogleOther)"
4.227.36.88 - - [06/Mar/2025:04:33:17 +0100] "GET /robots.txt HTTP/1.1" 200 1590 "-" "Mozilla/5.0 AppleWebKit/537.36 (KHTML, like Gecko; compatible; GPTBot/1.2; +https://openai.com/gptbot)"
20.171.207.245 - - [06/Mar/2025:04:33:50 +0100] "GET /drupal/node/1321 HTTP/1.1" 200 - "-" "Mozilla/5.0 AppleWebKit/537.36 (KHTML, like Gecko; compatible; GPTBot/1.2; +https://openai.com/gptbot)"
66.249.66.87 - - [06/Mar/2025:04:36:09 +0100] "GET /files/NFGM1713.pdf HTTP/1.1" 304 - "-" "Mozilla/5.0 (Linux; Android 6.0.1; Nexus 5X Build/MMB29P) AppleWebKit/537.36 (KHTML, like Gecko) Chrome/133.0.6943.53 Mobile Safari/537.36 (compatible; Googlebot/2.1; +http://www.google.com/bot.html)"
52.167.144.235 - - [06/Mar/2025:04:51:56 +0100] "GET /files/info_terv_080612.pdf HTTP/1.1" 200 323635 "-" "Mozilla/5.0 AppleWebKit/537.36 (KHTML, like Gecko; compatible; bingbot/2.0; +http://www.bing.com/bingbot.htm) Chrome/116.0.1938.76 Safari/537.36"
66.249.66.85 - - [06/Mar/2025:05:00:11 +0100] "GET /files/CITES_tervezet_0729_kozig.pdf HTTP/1.1" 200 271903 "-" "Mozilla/5.0 (Linux; Android 6.0.1; Nexus 5X Build/MMB29P) AppleWebKit/537.36 (KHTML, like Gecko) Chrome/133.0.6943.53 Mobile Safari/537.36 (compatible; GoogleOther)"
66.249.66.87 - - [06/Mar/2025:05:24:31 +0100] "GET /files/ekozig2010strategia_0604.pdf HTTP/1.1" 200 820659 "-" "Mozilla/5.0 (Linux; Android 6.0.1; Nexus 5X Build/MMB29P) AppleWebKit/537.36 (KHTML, like Gecko) Chrome/133.0.6943.53 Mobile Safari/537.36 (compatible; GoogleOther)"
54.177.63.122 - - [06/Mar/2025:05:40:47 +0100] "GET / HTTP/1.1" 200 - "-" "bitdiscovery-suggestions"
66.249.66.85 - - [06/Mar/2025:05:48:50 +0100] "GET /files/eloterjesztes_29_1993kormrend_mod.pdf HTTP/1.1" 200 181958 "-" "Mozilla/5.0 (Linux; Android 6.0.1; Nexus 5X Build/MMB29P) AppleWebKit/537.36 (KHTML, like Gecko) Chrome/133.0.6943.53 Mobile Safari/537.36 (compatible; GoogleOther)"
34.78.36.141 - - [06/Mar/2025:06:02:17 +0100] "GET / HTTP/1.1" 200 - "-" "Mozilla/5.0 (Windows NT 10.0; Win64; x64) AppleWebKit/537.36 (KHTML, like Gecko) Chrome/84.0.4147.105 Safari/537.36"
66.249.66.87 - - [06/Mar/2025:06:13:11 +0100] "GET /files/Szamos-Krasznakozi_szakmapol%202010_01_25_KOZIG.pdf HTTP/1.1" 200 248386 "-" "Mozilla/5.0 (Linux; Android 6.0.1; Nexus 5X Build/MMB29P) AppleWebKit/537.36 (KHTML, like Gecko) Chrome/133.0.6943.53 Mobile Safari/537.36 (compatible; GoogleOther)"
66.249.66.85 - - [06/Mar/2025:07:10:34 +0100] "GET /files/mh_beosztasi_kategoriaba_besorolas_rendfokozat.pdf HTTP/1.1" 200 103785 "-" "Mozilla/5.0 (Linux; Android 6.0.1; Nexus 5X Build/MMB29P) AppleWebKit/537.36 (KHTML, like Gecko) Chrome/133.0.6943.53 Mobile Safari/537.36 (compatible; Googlebot/2.1; +http://www.google.com/bot.html)"
47.82.10.167 - - [06/Mar/2025:07:29:30 +0100] "GET / HTTP/1.1" 200 - "http://jogalkotas.hu" "Mozilla/5.0 (Windows NT 10.0; Win64; x64) AppleWebKit/537.36 (KHTML, like Gecko) Chrome/114.0.0.0 Safari/537.36 Edg/114.0.1823.43"
66.249.66.1 - - [06/Mar/2025:07:31:26 +0100] "GET /files/ekozig2010strategia_0604.pdf HTTP/1.1" 200 820659 "-" "Googlebot/2.1 (+http://www.google.com/bot.html)"
216.244.66.200 - - [06/Mar/2025:07:47:22 +0100] "GET /robots.txt HTTP/1.1" 200 1590 "-" "Mozilla/5.0 (compatible; DotBot/1.2; +https://opensiteexplorer.org/dotbot; help@moz.com)"
216.244.66.200 - - [06/Mar/2025:07:57:29 +0100] "GET /files/220_2004_Korm_rend_mod_vizszennyezettsegi_hataertek_KvVM_rend_2010_04_13_KOZIG.pdf HTTP/1.1" 200 266028 "-" "Mozilla/5.0 (compatible; DotBot/1.2; +https://opensiteexplorer.org/dotbot; help@moz.com)"
216.244.66.200 - - [06/Mar/2025:07:57:44 +0100] "GET /files/hagyomanyos_szab_jav.pdf HTTP/1.1" 200 50007 "-" "Mozilla/5.0 (compatible; DotBot/1.2; +https://opensiteexplorer.org/dotbot; help@moz.com)"
217.113.194.234 - - [06/Mar/2025:07:57:47 +0100] "GET /robots.txt HTTP/1.1" 200 1590 "-" "Mozilla/5.0 (compatible; Barkrowler/0.9; +https://babbar.tech/crawler)"
217.113.194.232 - - [06/Mar/2025:07:58:33 +0100] "GET /taxonomy/term/55%2057%2058%2059%2060%2061%2062%2063%2064%2065%2066%2067%2068%2069%2070%2071%2072%2073%2074%2075?page=1 HTTP/1.1" 200 - "-" "Mozilla/5.0 (compatible; Barkrowler/0.9; +https://babbar.tech/crawler)"
54.177.63.122 - - [06/Mar/2025:07:58:39 +0100] "GET / HTTP/1.1" 200 - "-" "bitdiscovery-suggestions"
216.244.66.200 - - [06/Mar/2025:08:34:38 +0100] "GET /robots.txt HTTP/1.1" 200 1590 "-" "Mozilla/5.0 (compatible; DotBot/1.2; +https://opensiteexplorer.org/dotbot; help@moz.com)"
216.244.66.200 - - [06/Mar/2025:08:43:52 +0100] "GET /files/150_1992_terv_100301.pdf HTTP/1.1" 200 274714 "-" "Mozilla/5.0 (compatible; DotBot/1.2; +https://opensiteexplorer.org/dotbot; help@moz.com)"
216.244.66.200 - - [06/Mar/2025:08:44:15 +0100] "GET /files/t%C5%B1zv%C3%A9delmi%20technika1.pdf HTTP/1.1" 200 223609 "-" "Mozilla/5.0 (compatible; DotBot/1.2; +https://opensiteexplorer.org/dotbot; help@moz.com)"
212.108.238.241 - - [06/Mar/2025:09:22:48 +0100] "GET /files/KHEM_2616_10eloterj.doc HTTP/1.1" 200 76919 "https://www.google.com/" "Mozilla/5.0 (Windows NT 10.0; Win64; x64) AppleWebKit/537.36 (KHTML, like Gecko) Chrome/133.0.0.0 Safari/537.36 Edg/133.0.0.0"
52.108.80.15 - - [06/Mar/2025:09:22:48 +0100] "GET /files/KHEM_2616_10eloterj.doc HTTP/1.1" 200 257536 "-" "Mozilla/5.0 (Windows NT 10.0; Win64; x64) AppleWebKit/537.36 (KHTML, like Gecko) Chrome/89.0.4389.82 Safari/537.36 Edg/89.0.774.48"
216.244.66.200 - - [06/Mar/2025:09:25:02 +0100] "GET /robots.txt HTTP/1.1" 200 1590 "-" "Mozilla/5.0 (compatible; DotBot/1.2; +https://opensiteexplorer.org/dotbot; help@moz.com)"
216.244.66.200 - - [06/Mar/2025:09:25:02 +0100] "GET /robots.txt HTTP/1.1" 200 1590 "-" "Mozilla/5.0 (compatible; DotBot/1.2; +https://opensiteexplorer.org/dotbot; help@moz.com)"
216.244.66.200 - - [06/Mar/2025:09:34:49 +0100] "GET /files/NFGM2005_0.pdf HTTP/1.1" 200 201548 "-" "Mozilla/5.0 (compatible; DotBot/1.2; +https://opensiteexplorer.org/dotbot; help@moz.com)"
216.244.66.200 - - [06/Mar/2025:09:49:04 +0100] "GET /node/1431 HTTP/1.1" 200 - "-" "Mozilla/5.0 (compatible; DotBot/1.2; +https://opensiteexplorer.org/dotbot; help@moz.com)"
216.244.66.200 - - [06/Mar/2025:09:49:54 +0100] "GET /node/1433 HTTP/1.1" 200 - "-" "Mozilla/5.0 (compatible; DotBot/1.2; +https://opensiteexplorer.org/dotbot; help@moz.com)"
216.244.66.200 - - [06/Mar/2025:09:50:45 +0100] "GET /node/1489 HTTP/1.1" 200 - "-" "Mozilla/5.0 (compatible; DotBot/1.2; +https://opensiteexplorer.org/dotbot; help@moz.com)"
216.244.66.200 - - [06/Mar/2025:09:51:36 +0100] "GET /node/1505 HTTP/1.1" 200 - "-" "Mozilla/5.0 (compatible; DotBot/1.2; +https://opensiteexplorer.org/dotbot; help@moz.com)"
216.244.66.200 - - [06/Mar/2025:09:52:26 +0100] "GET /node/1698 HTTP/1.1" 200 - "-" "Mozilla/5.0 (compatible; DotBot/1.2; +https://opensiteexplorer.org/dotbot; help@moz.com)"
216.244.66.200 - - [06/Mar/2025:09:53:17 +0100] "GET /node/1765 HTTP/1.1" 200 - "-" "Mozilla/5.0 (compatible; DotBot/1.2; +https://opensiteexplorer.org/dotbot; help@moz.com)"
216.244.66.200 - - [06/Mar/2025:09:54:07 +0100] "GET /node/1797 HTTP/1.1" 200 - "-" "Mozilla/5.0 (compatible; DotBot/1.2; +https://opensiteexplorer.org/dotbot; help@moz.com)"
216.244.66.200 - - [06/Mar/2025:09:54:57 +0100] "GET /node/199 HTTP/1.1" 200 - "-" "Mozilla/5.0 (compatible; DotBot/1.2; +https://opensiteexplorer.org/dotbot; help@moz.com)"
216.244.66.200 - - [06/Mar/2025:09:55:48 +0100] "GET /node/2361 HTTP/1.1" 200 - "-" "Mozilla/5.0 (compatible; DotBot/1.2; +https://opensiteexplorer.org/dotbot; help@moz.com)"
216.244.66.200 - - [06/Mar/2025:09:56:39 +0100] "GET /node/487 HTTP/1.1" 200 - "-" "Mozilla/5.0 (compatible; DotBot/1.2; +https://opensiteexplorer.org/dotbot; help@moz.com)"
216.244.66.200 - - [06/Mar/2025:09:57:30 +0100] "GET /node/620 HTTP/1.1" 200 - "-" "Mozilla/5.0 (compatible; DotBot/1.2; +https://opensiteexplorer.org/dotbot; help@moz.com)"
91.33.168.148 - - [06/Mar/2025:10:09:23 +0100] "GET /files/cegbejegyzesi_eljaras_21_per_2006__02_12_fin.doc HTTP/1.1" 200 54272 "-" "Mozilla/5.0 (Windows NT 10.0; Win64; x64; rv:65.0) Gecko/20100101 Firefox/65.0"
216.244.66.200 - - [06/Mar/2025:10:14:17 +0100] "GET /robots.txt HTTP/1.1" 200 1590 "-" "Mozilla/5.0 (compatible; DotBot/1.2; +https://opensiteexplorer.org/dotbot; help@moz.com)"
216.244.66.200 - - [06/Mar/2025:10:14:19 +0100] "GET /robots.txt HTTP/1.1" 200 1590 "-" "Mozilla/5.0 (compatible; DotBot/1.2; +https://opensiteexplorer.org/dotbot; help@moz.com)"
66.249.66.87 - - [06/Mar/2025:10:15:13 +0100] "GET /files/korrel-2005-2073-mikrob.doc HTTP/1.1" 200 41984 "-" "Mozilla/5.0 (Linux; Android 6.0.1; Nexus 5X Build/MMB29P) AppleWebKit/537.36 (KHTML, like Gecko) Chrome/133.0.6943.53 Mobile Safari/537.36 (compatible; Googlebot/2.1; +http://www.google.com/bot.html)"
216.244.66.200 - - [06/Mar/2025:10:24:40 +0100] "GET /files/TK50.pdf HTTP/1.1" 200 134264 "-" "Mozilla/5.0 (compatible; DotBot/1.2; +https://opensiteexplorer.org/dotbot; help@moz.com)"
216.244.66.200 - - [06/Mar/2025:10:25:14 +0100] "GET /files/jogszabszerk.pdf HTTP/1.1" 200 206549 "-" "Mozilla/5.0 (compatible; DotBot/1.2; +https://opensiteexplorer.org/dotbot; help@moz.com)"
216.244.66.200 - - [06/Mar/2025:10:25:47 +0100] "GET /files/munkaanyag_25per2006_IM_rendelet_mod.10.28..doc HTTP/1.1" 200 142848 "-" "Mozilla/5.0 (compatible; DotBot/1.2; +https://opensiteexplorer.org/dotbot; help@moz.com)"
66.249.66.1 - - [06/Mar/2025:10:42:29 +0100] "GET /robots.txt HTTP/1.1" 200 1590 "-" "Mozilla/5.0 (compatible; Googlebot/2.1; +http://www.google.com/bot.html)"
66.249.66.22 - - [06/Mar/2025:10:42:30 +0100] "GET /files/szszital_foldrajzi_arujelzo_korm_tervezet.pdf HTTP/1.1" 200 74219 "-" "Googlebot/2.1 (+http://www.google.com/bot.html)"
216.244.66.200 - - [06/Mar/2025:10:44:00 +0100] "GET /node/1381 HTTP/1.1" 200 - "-" "Mozilla/5.0 (compatible; DotBot/1.2; +https://opensiteexplorer.org/dotbot; help@moz.com)"
216.244.66.200 - - [06/Mar/2025:10:44:51 +0100] "GET /node/2571 HTTP/1.1" 200 - "-" "Mozilla/5.0 (compatible; DotBot/1.2; +https://opensiteexplorer.org/dotbot; help@moz.com)"
216.244.66.200 - - [06/Mar/2025:10:45:42 +0100] "GET /node/977 HTTP/1.1" 200 - "-" "Mozilla/5.0 (compatible; DotBot/1.2; +https://opensiteexplorer.org/dotbot; help@moz.com)"
216.244.66.200 - - [06/Mar/2025:10:46:33 +0100] "GET /taxonomy/term/84 HTTP/1.1" 200 - "-" "Mozilla/5.0 (compatible; DotBot/1.2; +https://opensiteexplorer.org/dotbot; help@moz.com)"
216.244.66.200 - - [06/Mar/2025:10:47:24 +0100] "GET /taxonomy/term/39?page=1 HTTP/1.1" 200 - "-" "Mozilla/5.0 (compatible; DotBot/1.2; +https://opensiteexplorer.org/dotbot; help@moz.com)"
216.244.66.200 - - [06/Mar/2025:10:48:15 +0100] "GET /node/1038 HTTP/1.1" 200 - "-" "Mozilla/5.0 (compatible; DotBot/1.2; +https://opensiteexplorer.org/dotbot; help@moz.com)"
216.244.66.200 - - [06/Mar/2025:10:49:05 +0100] "GET /node/629 HTTP/1.1" 200 - "-" "Mozilla/5.0 (compatible; DotBot/1.2; +https://opensiteexplorer.org/dotbot; help@moz.com)"
66.249.66.1 - - [06/Mar/2025:11:02:11 +0100] "GET / HTTP/1.1" 200 - "-" "Mozilla/5.0 (compatible; Googlebot/2.1; +http://www.google.com/bot.html)"
66.249.66.1 - - [06/Mar/2025:11:02:43 +0100] "GET / HTTP/1.1" 200 - "-" "Mozilla/5.0 (Linux; Android 6.0.1; Nexus 5X Build/MMB29P) AppleWebKit/537.36 (KHTML, like Gecko) Chrome/99.0.4844.84 Mobile Safari/537.36 (compatible; Googlebot/2.1; +http://www.google.com/bot.html)"
66.249.66.86 - - [06/Mar/2025:11:02:45 +0100] "GET /files/ekozig_strategia.pdf HTTP/1.1" 200 731185 "-" "Googlebot/2.1 (+http://www.google.com/bot.html)"
84.206.9.11 - - [06/Mar/2025:11:02:59 +0100] "GET /files/ooszi.pdf HTTP/1.1" 200 429252 "https://www.google.com/" "Mozilla/5.0 (Windows NT 10.0; Win64; x64; rv:136.0) Gecko/20100101 Firefox/136.0"
66.249.66.22 - - [06/Mar/2025:11:03:16 +0100] "GET / HTTP/1.1" 200 - "-" "Mozilla/5.0 (compatible; Googlebot/2.1; +http://www.google.com/bot.html)"
216.244.66.200 - - [06/Mar/2025:11:03:44 +0100] "GET /robots.txt HTTP/1.1" 200 1590 "-" "Mozilla/5.0 (compatible; DotBot/1.2; +https://opensiteexplorer.org/dotbot; help@moz.com)"
216.244.66.200 - - [06/Mar/2025:11:03:45 +0100] "GET /robots.txt HTTP/1.1" 200 1590 "-" "Mozilla/5.0 (compatible; DotBot/1.2; +https://opensiteexplorer.org/dotbot; help@moz.com)"
66.249.66.22 - - [06/Mar/2025:11:03:48 +0100] "GET / HTTP/1.1" 200 - "-" "Mozilla/5.0 (Linux; Android 6.0.1; Nexus 5X Build/MMB29P) AppleWebKit/537.36 (KHTML, like Gecko) Chrome/133.0.6943.53 Mobile Safari/537.36 (compatible; Googlebot/2.1; +http://www.google.com/bot.html)"
216.244.66.200 - - [06/Mar/2025:11:13:33 +0100] "GET /files/4_efizetes_illetek_es_koltseg.doc HTTP/1.1" 200 59904 "-" "Mozilla/5.0 (compatible; DotBot/1.2; +https://opensiteexplorer.org/dotbot; help@moz.com)"
216.244.66.200 - - [06/Mar/2025:11:13:48 +0100] "GET /files/polgarivedelem.pdf HTTP/1.1" 200 211287 "-" "Mozilla/5.0 (compatible; DotBot/1.2; +https://opensiteexplorer.org/dotbot; help@moz.com)"
216.244.66.200 - - [06/Mar/2025:11:14:54 +0100] "GET /drupal/files/NFGM2005_0.pdf HTTP/1.1" 200 - "-" "Mozilla/5.0 (compatible; DotBot/1.2; +https://opensiteexplorer.org/dotbot; help@moz.com)"
84.206.25.11 - - [06/Mar/2025:11:33:10 +0100] "GET /files/ooszi.pdf HTTP/1.1" 200 429252 "https://www.google.com/" "Mozilla/5.0 (Windows NT 10.0; Win64; x64) AppleWebKit/537.36 (KHTML, like Gecko) Chrome/133.0.0.0 Safari/537.36"
84.206.25.11 - - [06/Mar/2025:11:33:10 +0100] "GET /files/ooszi.pdf HTTP/1.1" 206 1025 "-" "Mozilla/5.0 (Windows NT 10.0; Win64; x64) AppleWebKit/537.36 (KHTML, like Gecko) Chrome/133.0.0.0 Safari/537.36"
84.206.25.11 - - [06/Mar/2025:11:33:10 +0100] "GET /files/ooszi.pdf HTTP/1.1" 200 429252 "-" "Mozilla/5.0 (Windows NT 10.0; Win64; x64) AppleWebKit/537.36 (KHTML, like Gecko) Chrome/133.0.0.0 Safari/537.36"
216.244.66.200 - - [06/Mar/2025:11:33:57 +0100] "GET /taxonomy/term/44?page=2 HTTP/1.1" 200 - "-" "Mozilla/5.0 (compatible; DotBot/1.2; +https://opensiteexplorer.org/dotbot; help@moz.com)"
216.244.66.200 - - [06/Mar/2025:11:34:48 +0100] "GET /user/148 HTTP/1.1" 200 - "-" "Mozilla/5.0 (compatible; DotBot/1.2; +https://opensiteexplorer.org/dotbot; help@moz.com)"
216.244.66.200 - - [06/Mar/2025:11:35:39 +0100] "GET /taxonomy/term/35?page=2 HTTP/1.1" 200 - "-" "Mozilla/5.0 (compatible; DotBot/1.2; +https://opensiteexplorer.org/dotbot; help@moz.com)"
216.244.66.200 - - [06/Mar/2025:11:37:27 +0100] "GET /taxonomy/term/100?page=1 HTTP/1.1" 200 - "-" "Mozilla/5.0 (compatible; DotBot/1.2; +https://opensiteexplorer.org/dotbot; help@moz.com)"
185.33.55.101 - - [06/Mar/2025:11:45:31 +0100] "GET / HTTP/1.1" 200 - "-" "-"
167.253.34.3 - - [06/Mar/2025:11:45:33 +0100] "GET /robots.txt HTTP/1.0" 200 1590 "-" "Mozilla/4.0 (compatible; fluid/0.0; +http://www.leak.info/bot.html)"
216.244.66.200 - - [06/Mar/2025:11:51:22 +0100] "GET /robots.txt HTTP/1.1" 200 1590 "-" "Mozilla/5.0 (compatible; DotBot/1.2; +https://opensiteexplorer.org/dotbot; help@moz.com)"
216.244.66.200 - - [06/Mar/2025:11:51:23 +0100] "GET /robots.txt HTTP/1.1" 200 1590 "-" "Mozilla/5.0 (compatible; DotBot/1.2; +https://opensiteexplorer.org/dotbot; help@moz.com)"
91.115.92.238 - - [06/Mar/2025:11:53:29 +0100] "GET /files/OTSZ%20rendelet.pdf HTTP/1.1" 200 168000 "https://www.google.com/" "Mozilla/5.0 (Windows NT 10.0; Win64; x64) AppleWebKit/537.36 (KHTML, like Gecko) Chrome/133.0.0.0 Safari/537.36"
91.115.92.238 - - [06/Mar/2025:11:53:29 +0100] "GET /favicon.ico HTTP/1.1" 404 57 "http://www.jogalkotas.hu/files/OTSZ%20rendelet.pdf" "Mozilla/5.0 (Windows NT 10.0; Win64; x64) AppleWebKit/537.36 (KHTML, like Gecko) Chrome/133.0.0.0 Safari/537.36"
216.244.66.200 - - [06/Mar/2025:12:01:21 +0100] "GET /files/0403_igszolgdij_0322.doc HTTP/1.1" 200 312832 "-" "Mozilla/5.0 (compatible; DotBot/1.2; +https://opensiteexplorer.org/dotbot; help@moz.com)"
216.244.66.200 - - [06/Mar/2025:12:02:27 +0100] "GET /files/a_szakmai_protokollok_k%C3%83%C2%A9sz%C3%83%C2%ADt%C3%83%C2%A9s%C3%83%C2%A9nek_elj%C3%83%C2%A1r%C3%83%C2%A1srendj%C3%83%C2%A9r%C3%85%E2%80%98l_sz%C3%83%C2%B3l%C3%83%C2%B3_e%C3%83%C2%BCm_rendelet_tervezet_12.doc HTTP/1.1" 200 - "-" "Mozilla/5.0 (compatible; DotBot/1.2; +https://opensiteexplorer.org/dotbot; help@moz.com)"
216.244.66.200 - - [06/Mar/2025:12:06:43 +0100] "GET /taxonomy/term/107/0/feed HTTP/1.1" 200 - "-" "Mozilla/5.0 (compatible; DotBot/1.2; +https://opensiteexplorer.org/dotbot; help@moz.com)"
4.227.36.88 - - [06/Mar/2025:12:07:12 +0100] "GET /robots.txt HTTP/1.1" 200 1590 "-" "Mozilla/5.0 AppleWebKit/537.36 (KHTML, like Gecko; compatible; GPTBot/1.2; +https://openai.com/gptbot)"
66.249.66.86 - - [06/Mar/2025:12:07:16 +0100] "GET /files/ptk.csaladjog.pdf HTTP/1.1" 304 - "-" "Mozilla/5.0 (Linux; Android 6.0.1; Nexus 5X Build/MMB29P) AppleWebKit/537.36 (KHTML, like Gecko) Chrome/133.0.6943.53 Mobile Safari/537.36 (compatible; Googlebot/2.1; +http://www.google.com/bot.html)"
20.171.207.245 - - [06/Mar/2025:12:07:43 +0100] "GET / HTTP/1.1" 200 - "-" "Mozilla/5.0 AppleWebKit/537.36 (KHTML, like Gecko; compatible; GPTBot/1.2; +https://openai.com/gptbot)"
216.244.66.200 - - [06/Mar/2025:12:23:11 +0100] "GET /node/453 HTTP/1.1" 200 - "-" "Mozilla/5.0 (compatible; DotBot/1.2; +https://opensiteexplorer.org/dotbot; help@moz.com)"
195.70.44.109 - - [06/Mar/2025:12:25:44 +0100] "GET /files/epiteskivitelezes.pdf HTTP/1.1" 200 715535 "https://www.google.com/" "Mozilla/5.0 (Windows NT 10.0; Win64; x64) AppleWebKit/537.36 (KHTML, like Gecko) Chrome/134.0.0.0 Safari/537.36"
195.70.44.109 - - [06/Mar/2025:12:25:44 +0100] "GET /favicon.ico HTTP/1.1" 404 57 "http://www.jogalkotas.hu/files/epiteskivitelezes.pdf" "Mozilla/5.0 (Windows NT 10.0; Win64; x64) AppleWebKit/537.36 (KHTML, like Gecko) Chrome/134.0.0.0 Safari/537.36"
216.244.66.200 - - [06/Mar/2025:12:40:14 +0100] "GET /robots.txt HTTP/1.1" 200 1590 "-" "Mozilla/5.0 (compatible; DotBot/1.2; +https://opensiteexplorer.org/dotbot; help@moz.com)"
216.244.66.200 - - [06/Mar/2025:12:51:16 +0100] "GET /files/9-2002_im_rend__szakami_indokolas.doc HTTP/1.1" 200 101376 "-" "Mozilla/5.0 (compatible; DotBot/1.2; +https://opensiteexplorer.org/dotbot; help@moz.com)"
66.249.66.86 - - [06/Mar/2025:12:51:19 +0100] "GET /files/OHT_II_febr2.pdf HTTP/1.1" 304 - "-" "Mozilla/5.0 (Linux; Android 6.0.1; Nexus 5X Build/MMB29P) AppleWebKit/537.36 (KHTML, like Gecko) Chrome/133.0.6943.53 Mobile Safari/537.36 (compatible; Googlebot/2.1; +http://www.google.com/bot.html)"
216.244.66.200 - - [06/Mar/2025:12:51:28 +0100] "GET /files/_5adgmopt2ehgn4ql0doml6rrddtpmm1kbkdl6cobcek_.pdf HTTP/1.1" 200 150283 "-" "Mozilla/5.0 (compatible; DotBot/1.2; +https://opensiteexplorer.org/dotbot; help@moz.com)"
114.119.157.82 - - [06/Mar/2025:13:05:31 +0100] "GET /robots.txt HTTP/1.1" 200 1590 "-" "Mozilla/5.0 (compatible;PetalBot;+https://webmaster.petalsearch.com/site/petalbot)"
194.156.81.130 - - [06/Mar/2025:13:14:08 +0100] "GET /files/$File/fobbjell.pdf HTTP/1.1" 200 - "-" "Mozilla/5.0 (Windows NT 10.0; Win64; x64) AppleWebKit/537.36 (KHTML, like Gecko) Chrome/131.0.0.0 Safari/537.36 Edg/131.0.0.0"
176.241.48.229 - - [06/Mar/2025:13:14:53 +0100] "GET /files/$File/fobbjell.pdf HTTP/1.1" 200 - "-" "Mozilla/5.0 (Windows NT 10.0; Win64; x64) AppleWebKit/537.36 (KHTML, like Gecko) Chrome/131.0.0.0 Safari/537.36 Edg/131.0.0.0"
51.222.253.8 - - [06/Mar/2025:13:20:13 +0100] "GET /robots.txt HTTP/1.1" 200 1590 "-" "Mozilla/5.0 (compatible; AhrefsBot/7.0; +http://ahrefs.com/robot/)"
114.119.140.102 - - [06/Mar/2025:13:29:25 +0100] "GET /robots.txt HTTP/1.1" 200 1590 "-" "Mozilla/5.0 (compatible;PetalBot;+https://webmaster.petalsearch.com/site/petalbot)"
216.244.66.200 - - [06/Mar/2025:13:29:50 +0100] "GET /robots.txt HTTP/1.1" 200 1590 "-" "Mozilla/5.0 (compatible; DotBot/1.2; +https://opensiteexplorer.org/dotbot; help@moz.com)"
216.244.66.200 - - [06/Mar/2025:13:41:48 +0100] "GET /files/k%C3%83%C2%B6zgy%C3%83%C2%B3gyell%C3%83%C2%A1t%C3%83%C2%A1ssal_kapcsolatos_%C3%83%C2%BAj_e%C3%83%C2%BCm_rendelet_tervezet_6.doc HTTP/1.1" 200 - "-" "Mozilla/5.0 (compatible; DotBot/1.2; +https://opensiteexplorer.org/dotbot; help@moz.com)"
216.244.66.200 - - [06/Mar/2025:13:41:49 +0100] "GET /files/kulfoldiek_foglalkoztatasa_060316.pdf HTTP/1.1" 200 159451 "-" "Mozilla/5.0 (compatible; DotBot/1.2; +https://opensiteexplorer.org/dotbot; help@moz.com)"
216.244.66.200 - - [06/Mar/2025:13:42:01 +0100] "GET /files/nivodij_terv_091113.pdf HTTP/1.1" 200 321685 "-" "Mozilla/5.0 (compatible; DotBot/1.2; +https://opensiteexplorer.org/dotbot; help@moz.com)"
66.249.66.87 - - [06/Mar/2025:13:44:17 +0100] "GET /files/ptk.dologi_jog_0.pdf HTTP/1.1" 304 - "-" "Mozilla/5.0 (Linux; Android 6.0.1; Nexus 5X Build/MMB29P) AppleWebKit/537.36 (KHTML, like Gecko) Chrome/133.0.6943.53 Mobile Safari/537.36 (compatible; Googlebot/2.1; +http://www.google.com/bot.html)"
92.116.72.133 - - [06/Mar/2025:14:04:11 +0100] "GET /files/szakertoidijazas.doc HTTP/1.1" 200 59392 "-" "Mozilla/5.0 (Windows NT 10.0; Win64; x64) AppleWebKit/537.36 (KHTML, like Gecko) Chrome/60.0.3112.113 Safari/537.36"
66.249.66.87 - - [06/Mar/2025:14:19:20 +0100] "GET /files/ptk-normaszoveg-tervezet_20071029.pdf HTTP/1.1" 304 - "-" "Mozilla/5.0 (Linux; Android 6.0.1; Nexus 5X Build/MMB29P) AppleWebKit/537.36 (KHTML, like Gecko) Chrome/133.0.6943.53 Mobile Safari/537.36 (compatible; Googlebot/2.1; +http://www.google.com/bot.html)"
84.206.11.104 - - [06/Mar/2025:14:35:36 +0100] "GET /files/ooszi.pdf HTTP/1.1" 200 429252 "https://www.google.com/" "Mozilla/5.0 (Windows NT 10.0; Win64; x64; rv:136.0) Gecko/20100101 Firefox/136.0"
84.206.11.104 - - [06/Mar/2025:14:35:36 +0100] "GET /files/ooszi.pdf HTTP/1.1" 206 36036 "https://www.google.com/" "Mozilla/5.0 (Windows NT 10.0; Win64; x64; rv:136.0) Gecko/20100101 Firefox/136.0"
66.249.66.22 - - [06/Mar/2025:14:48:17 +0100] "GET /files/alapf_muv_okt_kovet_II_060414.pdf HTTP/1.1" 200 584355 "-" "Mozilla/5.0 AppleWebKit/537.36 (KHTML, like Gecko; compatible; GoogleOther) Chrome/133.0.6943.53 Safari/537.36"
91.33.170.20 - - [06/Mar/2025:15:12:31 +0100] "GET /files/cegbejegyzesi_eljaras_21_per_2006__02_12_fin.doc HTTP/1.1" 200 54272 "-" "Mozilla/5.0 (Windows NT 10.0; WOW64; Trident/7.0; rv:11.0) like Gecko"
66.249.66.1 - - [06/Mar/2025:16:03:25 +0100] "GET /files/kozig-egyezt-eloterj.pdf HTTP/1.1" 304 - "-" "Mozilla/5.0 (Linux; Android 6.0.1; Nexus 5X Build/MMB29P) AppleWebKit/537.36 (KHTML, like Gecko) Chrome/133.0.6943.53 Mobile Safari/537.36 (compatible; Googlebot/2.1; +http://www.google.com/bot.html)"
89.132.154.41 - - [06/Mar/2025:16:32:47 +0100] "GET /files/me_1_3_51__1_080313.pdf HTTP/1.1" 200 243169 "https://www.bing.com/" "Mozilla/5.0 (Windows NT 10.0; Win64; x64) AppleWebKit/537.36 (KHTML, like Gecko) Chrome/133.0.0.0 Safari/537.36 Edg/133.0.0.0"
89.132.154.41 - - [06/Mar/2025:16:32:47 +0100] "GET /favicon.ico HTTP/1.1" 404 57 "http://www.jogalkotas.hu/files/me_1_3_51__1_080313.pdf" "Mozilla/5.0 (Windows NT 10.0; Win64; x64) AppleWebKit/537.36 (KHTML, like Gecko) Chrome/133.0.0.0 Safari/537.36 Edg/133.0.0.0"
62.165.226.38 - - [06/Mar/2025:17:29:35 +0100] "GET /files/nem-konvencionalis_korm_rend_090202.doc HTTP/1.1" 200 425984 "https://www.google.com/" "Mozilla/5.0 (Linux; Android 10; K) AppleWebKit/537.36 (KHTML, like Gecko) Chrome/133.0.0.0 Mobile Safari/537.36"
66.249.66.87 - - [06/Mar/2025:18:18:22 +0100] "GET /files/NFGM_1539.pdf HTTP/1.1" 304 - "-" "Mozilla/5.0 (Linux; Android 6.0.1; Nexus 5X Build/MMB29P) AppleWebKit/537.36 (KHTML, like Gecko) Chrome/133.0.6943.53 Mobile Safari/537.36 (compatible; Googlebot/2.1; +http://www.google.com/bot.html)"
34.197.28.78 - - [06/Mar/2025:18:52:55 +0100] "GET /robots.txt HTTP/1.1" 200 1590 "-" "Mozilla/5.0 AppleWebKit/537.36 (KHTML, like Gecko; compatible; Amazonbot/0.1; +https://developer.amazon.com/support/amazonbot) Chrome/119.0.6045.214 Safari/537.36"
23.23.103.31 - - [06/Mar/2025:18:53:56 +0100] "GET /node/901 HTTP/1.1" 200 - "-" "Mozilla/5.0 AppleWebKit/537.36 (KHTML, like Gecko; compatible; Amazonbot/0.1; +https://developer.amazon.com/support/amazonbot) Chrome/119.0.6045.214 Safari/537.36"
98.82.214.73 - - [06/Mar/2025:19:07:09 +0100] "GET /robots.txt HTTP/1.1" 200 1590 "-" "Mozilla/5.0 AppleWebKit/537.36 (KHTML, like Gecko; compatible; Amazonbot/0.1; +https://developer.amazon.com/support/amazonbot) Chrome/119.0.6045.214 Safari/537.36"
98.84.131.195 - - [06/Mar/2025:19:07:14 +0100] "GET /files/tanev_rendje_10_11_terv_100302.pdf HTTP/1.1" 200 381061 "-" "Mozilla/5.0 AppleWebKit/537.36 (KHTML, like Gecko; compatible; Amazonbot/0.1; +https://developer.amazon.com/support/amazonbot) Chrome/119.0.6045.214 Safari/537.36"
66.249.66.1 - - [06/Mar/2025:19:27:54 +0100] "GET /drupal/files/ekozig2010strategia_0604.pdf HTTP/1.1" 200 - "-" "Googlebot/2.1 (+http://www.google.com/bot.html)"
40.77.167.241 - - [06/Mar/2025:19:36:57 +0100] "GET /files/szakerto.doc HTTP/1.1" 304 - "-" "Mozilla/5.0 AppleWebKit/537.36 (KHTML, like Gecko; compatible; bingbot/2.0; +http://www.bing.com/bingbot.htm) Chrome/116.0.1938.76 Safari/537.36"
3.230.69.161 - - [06/Mar/2025:19:57:53 +0100] "GET /taxonomy/term/18%2023%2024%2026%2025%2027%2028%2029%2052%2041%2031%2032%2098%2033%2048%20106%20103%2099%20107%2034%2049%2035%2051%20100%2036%2050%20105 HTTP/1.1" 200 - "-" "Mozilla/5.0 AppleWebKit/537.36 (KHTML, like Gecko; compatible; Amazonbot/0.1; +https://developer.amazon.com/support/amazonbot) Chrome/119.0.6045.214 Safari/537.36"
221.110.152.1 - - [06/Mar/2025:20:07:50 +0100] "GET /node/254 HTTP/1.1" 200 - "http://irodaszer.ardoboz.hu/miniszterelnoki-hivatal-honlapja" "Mozilla/5.0 (compatible; SBIntuitionsBot/0.1; +https://www.sbintuitions.co.jp/bot/)"
221.111.209.1 - - [06/Mar/2025:20:08:00 +0100] "GET /node/254 HTTP/1.1" 200 - "http://irodaszer.ardoboz.hu/miniszterelnoki-hivatal-honlapja" "Mozilla/5.0 (compatible; SBIntuitionsBot/0.1; +https://www.sbintuitions.co.jp/bot/)"
126.128.224.2 - - [06/Mar/2025:20:08:14 +0100] "GET /node/254 HTTP/1.1" 200 - "http://irodaszer.ardoboz.hu/miniszterelnoki-hivatal-honlapja" "Mozilla/5.0 (compatible; SBIntuitionsBot/0.1; +https://www.sbintuitions.co.jp/bot/)"
221.110.152.2 - - [06/Mar/2025:20:08:49 +0100] "GET /node/254 HTTP/1.1" 200 - "http://irodaszer.ardoboz.hu/miniszterelnoki-hivatal-honlapja" "Mozilla/5.0 (compatible; SBIntuitionsBot/0.1; +https://www.sbintuitions.co.jp/bot/)"
221.111.209.2 - - [06/Mar/2025:20:09:34 +0100] "GET /node/254 HTTP/1.1" 200 - "http://irodaszer.ardoboz.hu/miniszterelnoki-hivatal-honlapja" "Mozilla/5.0 (compatible; SBIntuitionsBot/0.1; +https://www.sbintuitions.co.jp/bot/)"
221.109.63.129 - - [06/Mar/2025:20:09:59 +0100] "GET /node/254 HTTP/1.1" 200 - "http://irodaszer.ardoboz.hu/miniszterelnoki-hivatal-honlapja" "Mozilla/5.0 (compatible; SBIntuitionsBot/0.1; +https://www.sbintuitions.co.jp/bot/)"
92.249.135.22 - - [06/Mar/2025:20:15:23 +0100] "GET /files/hadkotelesek_hm_eum_rendelet_tervezet_melleklet.pdf HTTP/1.1" 200 713160 "-" "Mozilla/5.0 (Linux; Android 10; K) AppleWebKit/537.36 (KHTML, like Gecko) Chrome/134.0.0.0 Mobile Safari/537.36"
82.156.169.44 - - [06/Mar/2025:20:53:01 +0100] "GET /files/9per93_nm_rend_mod_090804.doc HTTP/1.1" 200 167565 "-" "Mozilla/5.0 (Windows NT 10.0; Win64; x64) AppleWebKit/537.36 (KHTML, like Gecko) Chrome/132.0.0.0 Safari/537.36"
82.156.169.44 - - [06/Mar/2025:20:53:03 +0100] "GET /files/eu_szakellatas_tarsbizt_finansz_tervezet.doc HTTP/1.1" 200 253697 "-" "Mozilla/5.0 (Windows NT 10.0; Win64; x64) AppleWebKit/537.36 (KHTML, like Gecko) Chrome/132.0.0.0 Safari/537.36"
66.249.66.22 - - [06/Mar/2025:21:02:57 +0100] "GET /drupal/files/OHT_II_febr2.pdf HTTP/1.1" 200 - "-" "Mozilla/5.0 (Linux; Android 6.0.1; Nexus 5X Build/MMB29P) AppleWebKit/537.36 (KHTML, like Gecko) Chrome/133.0.6943.53 Mobile Safari/537.36 (compatible; Googlebot/2.1; +http://www.google.com/bot.html)"
5.161.204.59 - - [06/Mar/2025:21:37:37 +0100] "GET /files/ingatlan_nyilvantartas_tervezet_060524.pdf HTTP/1.1" 200 256545 "-" "Mozilla/5.0 (Windows NT 10.0; Win64; x64) AppleWebKit/537.36 (KHTML, like Gecko) Chrome/84.0.4147.105 Safari/537.36"
216.244.66.200 - - [06/Mar/2025:21:54:57 +0100] "GET /robots.txt HTTP/1.1" 200 1590 "-" "Mozilla/5.0 (compatible; DotBot/1.2; +https://opensiteexplorer.org/dotbot; help@moz.com)"
207.46.13.230 - - [06/Mar/2025:22:10:43 +0100] "GET /robots.txt HTTP/1.1" 200 1590 "-" "Mozilla/5.0 AppleWebKit/537.36 (KHTML, like Gecko; compatible; bingbot/2.0; +http://www.bing.com/bingbot.htm) Chrome/116.0.1938.76 Safari/537.36"
52.167.144.234 - - [06/Mar/2025:22:10:54 +0100] "GET /files/kormeloterj_fogyeselykozalap.pdf HTTP/1.1" 200 358532 "-" "Mozilla/5.0 AppleWebKit/537.36 (KHTML, like Gecko; compatible; bingbot/2.0; +http://www.bing.com/bingbot.htm) Chrome/116.0.1938.76 Safari/537.36"
216.244.66.200 - - [06/Mar/2025:22:24:29 +0100] "GET /files/a_szakmai_protokollok_k%C3%83%C2%A9sz%C3%83%C2%ADt%C3%83%C2%A9s%C3%83%C2%A9nek_elj%C3%83%C2%A1r%C3%83%C2%A1srendj%C3%83%C2%A9r%C3%85%E2%80%98l_sz%C3%83%C2%B3l%C3%83%C2%B3_e%C3%83%C2%BCm_rendelet_tervezet_10.doc HTTP/1.1" 200 - "-" "Mozilla/5.0 (compatible; DotBot/1.2; +https://opensiteexplorer.org/dotbot; help@moz.com)"
66.249.66.22 - - [06/Mar/2025:22:36:27 +0100] "GET /files/oksz_terv_100302.pdf HTTP/1.1" 304 - "-" "Mozilla/5.0 (Linux; Android 6.0.1; Nexus 5X Build/MMB29P) AppleWebKit/537.36 (KHTML, like Gecko) Chrome/133.0.6943.53 Mobile Safari/537.36 (compatible; Googlebot/2.1; +http://www.google.com/bot.html)"
216.244.66.200 - - [06/Mar/2025:22:43:41 +0100] "GET /robots.txt HTTP/1.1" 200 1590 "-" "Mozilla/5.0 (compatible; DotBot/1.2; +https://opensiteexplorer.org/dotbot; help@moz.com)"
216.244.66.200 - - [06/Mar/2025:22:43:41 +0100] "GET /robots.txt HTTP/1.1" 200 1590 "-" "Mozilla/5.0 (compatible; DotBot/1.2; +https://opensiteexplorer.org/dotbot; help@moz.com)"
216.244.66.200 - - [06/Mar/2025:22:49:34 +0100] "GET /node/2509 HTTP/1.1" 200 - "-" "Mozilla/5.0 (compatible; DotBot/1.2; +https://opensiteexplorer.org/dotbot; help@moz.com)"
216.244.66.200 - - [06/Mar/2025:22:50:15 +0100] "GET /taxonomy/term/27 HTTP/1.1" 200 - "-" "Mozilla/5.0 (compatible; DotBot/1.2; +https://opensiteexplorer.org/dotbot; help@moz.com)"
216.244.66.200 - - [06/Mar/2025:22:59:12 +0100] "GET /files/T11741.doc HTTP/1.1" 200 710656 "-" "Mozilla/5.0 (compatible; DotBot/1.2; +https://opensiteexplorer.org/dotbot; help@moz.com)"
216.244.66.200 - - [06/Mar/2025:22:59:33 +0100] "GET /files/_vdlgmeub1e8mn4rrdk1n76uj5e9t0d2r4g9pj4c1g6o_.pdf HTTP/1.1" 200 231148 "-" "Mozilla/5.0 (compatible; DotBot/1.2; +https://opensiteexplorer.org/dotbot; help@moz.com)"
216.244.66.200 - - [06/Mar/2025:23:00:23 +0100] "GET /files/a_finansz%C3%83%C2%ADroz%C3%83%C2%A1si_protokollok_k%C3%83%C2%A9sz%C3%83%C2%ADt%C3%83%C2%A9s%C3%83%C2%A9nek_elj%C3%83%C2%A1r%C3%83%C2%A1srendj%C3%83%C2%A9r%C3%85%E2%80%98l_sz%C3%83%C2%B3l%C3%83%C2%B3_e%C3%83%C2%BCm_rendelet_tervezet_8.doc HTTP/1.1" 200 - "-" "Mozilla/5.0 (compatible; DotBot/1.2; +https://opensiteexplorer.org/dotbot; help@moz.com)"
216.244.66.200 - - [06/Mar/2025:23:00:43 +0100] "GET /files/indoklas_1.pdf HTTP/1.1" 200 87390 "-" "Mozilla/5.0 (compatible; DotBot/1.2; +https://opensiteexplorer.org/dotbot; help@moz.com)"
216.244.66.200 - - [06/Mar/2025:23:01:13 +0100] "GET /files/konyvtari_minosites_terv_100114.pdf HTTP/1.1" 200 106694 "-" "Mozilla/5.0 (compatible; DotBot/1.2; +https://opensiteexplorer.org/dotbot; help@moz.com)"
66.249.66.86 - - [06/Mar/2025:23:01:46 +0100] "GET / HTTP/1.1" 200 - "-" "Mozilla/5.0 (compatible; Googlebot/2.1; +http://www.google.com/bot.html)"
66.249.66.87 - - [06/Mar/2025:23:02:18 +0100] "GET / HTTP/1.1" 200 - "-" "Mozilla/5.0 (Linux; Android 6.0.1; Nexus 5X Build/MMB29P) AppleWebKit/537.36 (KHTML, like Gecko) Chrome/99.0.4844.84 Mobile Safari/537.36 (compatible; Googlebot/2.1; +http://www.google.com/bot.html)"
216.244.66.200 - - [06/Mar/2025:23:02:38 +0100] "GET /node?page=6 HTTP/1.1" 200 - "-" "Mozilla/5.0 (compatible; DotBot/1.2; +https://opensiteexplorer.org/dotbot; help@moz.com)"
66.249.66.87 - - [06/Mar/2025:23:02:50 +0100] "GET / HTTP/1.1" 200 - "-" "Mozilla/5.0 (compatible; Googlebot/2.1; +http://www.google.com/bot.html)"
66.249.66.86 - - [06/Mar/2025:23:03:22 +0100] "GET / HTTP/1.1" 200 - "-" "Mozilla/5.0 (Linux; Android 6.0.1; Nexus 5X Build/MMB29P) AppleWebKit/537.36 (KHTML, like Gecko) Chrome/133.0.6943.53 Mobile Safari/537.36 (compatible; Googlebot/2.1; +http://www.google.com/bot.html)"
216.244.66.200 - - [06/Mar/2025:23:04:59 +0100] "GET /node/2517 HTTP/1.1" 200 - "-" "Mozilla/5.0 (compatible; DotBot/1.2; +https://opensiteexplorer.org/dotbot; help@moz.com)"
216.244.66.200 - - [06/Mar/2025:23:09:09 +0100] "GET /node/2525 HTTP/1.1" 200 - "-" "Mozilla/5.0 (compatible; DotBot/1.2; +https://opensiteexplorer.org/dotbot; help@moz.com)"
216.244.66.200 - - [06/Mar/2025:23:15:12 +0100] "GET /node?page=223 HTTP/1.1" 200 - "-" "Mozilla/5.0 (compatible; DotBot/1.2; +https://opensiteexplorer.org/dotbot; help@moz.com)"
216.244.66.200 - - [06/Mar/2025:23:17:25 +0100] "GET /node?page=204 HTTP/1.1" 200 - "-" "Mozilla/5.0 (compatible; DotBot/1.2; +https://opensiteexplorer.org/dotbot; help@moz.com)"
216.244.66.200 - - [06/Mar/2025:23:19:09 +0100] "GET /node/1051 HTTP/1.1" 200 - "-" "Mozilla/5.0 (compatible; DotBot/1.2; +https://opensiteexplorer.org/dotbot; help@moz.com)"
216.244.66.200 - - [06/Mar/2025:23:19:59 +0100] "GET /node/1343 HTTP/1.1" 200 - "-" "Mozilla/5.0 (compatible; DotBot/1.2; +https://opensiteexplorer.org/dotbot; help@moz.com)"
216.244.66.200 - - [06/Mar/2025:23:20:49 +0100] "GET /node/1352 HTTP/1.1" 200 - "-" "Mozilla/5.0 (compatible; DotBot/1.2; +https://opensiteexplorer.org/dotbot; help@moz.com)"
216.244.66.200 - - [06/Mar/2025:23:21:39 +0100] "GET /node/1452 HTTP/1.1" 200 - "-" "Mozilla/5.0 (compatible; DotBot/1.2; +https://opensiteexplorer.org/dotbot; help@moz.com)"
216.244.66.200 - - [06/Mar/2025:23:22:30 +0100] "GET /node/1602 HTTP/1.1" 200 - "-" "Mozilla/5.0 (compatible; DotBot/1.2; +https://opensiteexplorer.org/dotbot; help@moz.com)"
77.75.78.170 - - [06/Mar/2025:23:30:44 +0100] "GET /robots.txt HTTP/1.1" 200 1590 "-" "Mozilla/5.0 (compatible; SeznamBot/4.0; +https://o-seznam.cz/napoveda/vyhledavani/en/seznambot-crawler/)"
77.75.78.170 - - [06/Mar/2025:23:31:15 +0100] "GET / HTTP/1.1" 200 - "-" "Mozilla/5.0 (compatible; SeznamBot/4.0; +https://o-seznam.cz/napoveda/vyhledavani/en/seznambot-crawler/)"
216.244.66.200 - - [06/Mar/2025:23:33:19 +0100] "GET /robots.txt HTTP/1.1" 200 1590 "-" "Mozilla/5.0 (compatible; DotBot/1.2; +https://opensiteexplorer.org/dotbot; help@moz.com)"
216.244.66.200 - - [06/Mar/2025:23:33:19 +0100] "GET /robots.txt HTTP/1.1" 200 1590 "-" "Mozilla/5.0 (compatible; DotBot/1.2; +https://opensiteexplorer.org/dotbot; help@moz.com)"
216.244.66.200 - - [06/Mar/2025:23:38:51 +0100] "GET /taxonomy/term/25 HTTP/1.1" 200 - "-" "Mozilla/5.0 (compatible; DotBot/1.2; +https://opensiteexplorer.org/dotbot; help@moz.com)"
216.244.66.200 - - [06/Mar/2025:23:39:21 +0100] "GET /taxonomy/term/35 HTTP/1.1" 200 - "-" "Mozilla/5.0 (compatible; DotBot/1.2; +https://opensiteexplorer.org/dotbot; help@moz.com)"
40.77.167.254 - - [06/Mar/2025:23:39:52 +0100] "GET /files/NES_tervezet.pdf HTTP/1.1" 200 2461467 "-" "Mozilla/5.0 AppleWebKit/537.36 (KHTML, like Gecko; compatible; bingbot/2.0; +http://www.bing.com/bingbot.htm) Chrome/116.0.1938.76 Safari/537.36"
216.244.66.200 - - [06/Mar/2025:23:47:51 +0100] "GET /files/R225indok.doc HTTP/1.1" 200 36864 "-" "Mozilla/5.0 (compatible; DotBot/1.2; +https://opensiteexplorer.org/dotbot; help@moz.com)"
216.244.66.200 - - [06/Mar/2025:23:48:11 +0100] "GET /files/kirendeltvedodij.pdf HTTP/1.1" 200 48520 "-" "Mozilla/5.0 (compatible; DotBot/1.2; +https://opensiteexplorer.org/dotbot; help@moz.com)"
216.244.66.200 - - [06/Mar/2025:23:49:01 +0100] "GET /node/2619 HTTP/1.1" 200 - "-" "Mozilla/5.0 (compatible; DotBot/1.2; +https://opensiteexplorer.org/dotbot; help@moz.com)"
216.244.66.200 - - [06/Mar/2025:23:58:49 +0100] "GET /node?page=75 HTTP/1.1" 200 - "-" "Mozilla/5.0 (compatible; DotBot/1.2; +https://opensiteexplorer.org/dotbot; help@moz.com)"
216.244.66.200 - - [06/Mar/2025:23:59:41 +0100] "GET /node?page=97 HTTP/1.1" 200 - "-" "Mozilla/5.0 (compatible; DotBot/1.2; +https://opensiteexplorer.org/dotbot; help@moz.com)"
