216.244.66.200 - - [09/Mar/2025:04:21:35 +0100] "GET /files/KHEM_9870_norma.doc HTTP/1.1" 200 26624 "-" "Mozilla/5.0 (compatible; DotBot/1.2; +https://opensiteexplorer.org/dotbot; help@moz.com)"
193.41.206.176 - - [09/Mar/2025:04:21:38 +0100] "GET /kyc/.env HTTP/1.1" 200 - "-" "-"
216.244.66.200 - - [09/Mar/2025:04:21:48 +0100] "GET /files/TK49.pdf HTTP/1.1" 200 132475 "-" "Mozilla/5.0 (compatible; DotBot/1.2; +https://opensiteexplorer.org/dotbot; help@moz.com)"
216.244.66.200 - - [09/Mar/2025:04:22:01 +0100] "GET /files/eloterjesztes_foldhasznalatiny_velemenyezesre_090914.pdf HTTP/1.1" 200 116288 "-" "Mozilla/5.0 (compatible; DotBot/1.2; +https://opensiteexplorer.org/dotbot; help@moz.com)"
193.41.206.176 - - [09/Mar/2025:04:22:12 +0100] "GET /lara/info.php HTTP/1.1" 200 - "-" "-"
216.244.66.200 - - [09/Mar/2025:04:22:13 +0100] "GET /files/ismeretlen_helyen_tartozkodo_korozes_szakmai_indokolas.doc HTTP/1.1" 200 32256 "-" "Mozilla/5.0 (compatible; DotBot/1.2; +https://opensiteexplorer.org/dotbot; help@moz.com)"
193.41.206.176 - - [09/Mar/2025:04:22:45 +0100] "GET /lara/phpinfo.php HTTP/1.1" 200 - "-" "-"
193.41.206.176 - - [09/Mar/2025:04:23:18 +0100] "GET /laravel/.env HTTP/1.1" 200 - "-" "-"
193.41.206.176 - - [09/Mar/2025:04:23:51 +0100] "GET /laravel/core/.env HTTP/1.1" 200 - "-" "-"
193.41.206.176 - - [09/Mar/2025:04:24:24 +0100] "GET /laravel/info.php HTTP/1.1" 200 - "-" "-"
193.41.206.176 - - [09/Mar/2025:04:25:02 +0100] "GET /latest/meta-data HTTP/1.1" 200 - "-" "-"
193.41.206.176 - - [09/Mar/2025:04:25:40 +0100] "GET /latest/meta-data/iam/security-credentials/ HTTP/1.1" 200 - "-" "-"
193.41.206.176 - - [09/Mar/2025:04:26:19 +0100] "GET /latest/user-data HTTP/1.1" 200 - "-" "-"
193.41.206.176 - - [09/Mar/2025:04:26:52 +0100] "GET /local/.env HTTP/1.1" 200 - "-" "-"
193.41.206.176 - - [09/Mar/2025:04:27:25 +0100] "GET /mail/.env HTTP/1.1" 200 - "-" "-"
193.41.206.176 - - [09/Mar/2025:04:28:00 +0100] "GET /mailer/.env HTTP/1.1" 200 - "-" "-"
193.41.206.176 - - [09/Mar/2025:04:28:37 +0100] "GET /main.js HTTP/1.1" 200 - "-" "-"
193.41.206.176 - - [09/Mar/2025:04:29:11 +0100] "GET /main.yml HTTP/1.1" 200 - "-" "-"
193.41.206.176 - - [09/Mar/2025:04:29:52 +0100] "GET /main/.env HTTP/1.1" 200 - "-" "-"
193.41.206.176 - - [09/Mar/2025:04:30:25 +0100] "GET /.env.bak HTTP/1.1" 200 - "-" "-"
193.41.206.176 - - [09/Mar/2025:04:31:00 +0100] "GET /.env.example HTTP/1.1" 200 - "-" "-"
193.41.206.176 - - [09/Mar/2025:04:31:33 +0100] "GET /.env.local HTTP/1.1" 200 - "-" "-"
193.41.206.176 - - [09/Mar/2025:04:32:06 +0100] "GET /.env.old HTTP/1.1" 200 - "-" "-"
193.41.206.176 - - [09/Mar/2025:04:32:40 +0100] "GET /.env.prod HTTP/1.1" 200 - "-" "-"
193.41.206.176 - - [09/Mar/2025:04:33:14 +0100] "GET /.env.production.local HTTP/1.1" 200 - "-" "-"
193.41.206.176 - - [09/Mar/2025:04:33:47 +0100] "GET /.env.stage HTTP/1.1" 200 - "-" "-"
193.41.206.176 - - [09/Mar/2025:04:34:20 +0100] "GET /.env_sample HTTP/1.1" 200 - "-" "-"
193.41.206.176 - - [09/Mar/2025:04:34:54 +0100] "GET /.git/ HTTP/1.1" 200 - "-" "-"
193.41.206.176 - - [09/Mar/2025:04:35:27 +0100] "GET /.git/COMMIT_EDITMSG HTTP/1.1" 200 - "-" "-"
193.41.206.176 - - [09/Mar/2025:04:36:05 +0100] "GET /.git/FETCH_HEAD HTTP/1.1" 200 - "-" "-"
94.75.225.81 - - [09/Mar/2025:04:36:27 +0100] "GET /comment/reply/2619/ HTTP/1.0" 200 - "http://jogalkotas.hu/comment/reply/2619/" "Mozilla/5.0 (Windows NT 10.0; Win64; x64) AppleWebKit/537.36 (KHTML, like Gecko) Chrome/103.0.0.0 Safari/537.36 OpenWave/97.4.2043.44"
193.41.206.176 - - [09/Mar/2025:04:36:38 +0100] "GET /.git/HEAD HTTP/1.1" 200 - "-" "-"
185.241.208.71 - - [09/Mar/2025:04:36:59 +0100] "GET /comment/reply/2619/ HTTP/1.0" 200 - "http://jogalkotas.hu/comment/reply/2619/" "Mozilla/5.0 (Windows NT 10.0; Win64; x64) AppleWebKit/537.36 (KHTML, like Gecko) Chrome/103.0.0.0 Safari/537.36 OpenWave/97.4.2043.44"
193.41.206.176 - - [09/Mar/2025:04:37:11 +0100] "GET /.git/ORIG_HEAD HTTP/1.1" 200 - "-" "-"
204.8.96.119 - - [09/Mar/2025:04:37:35 +0100] "GET /comment/reply/2619/ HTTP/1.0" 200 - "http://jogalkotas.hu/comment/reply/2619/" "Mozilla/5.0 (Windows NT 10.0; Win64; x64) AppleWebKit/537.36 (KHTML, like Gecko) Chrome/103.0.0.0 Safari/537.36 OpenWave/97.4.2043.44"
193.41.206.176 - - [09/Mar/2025:04:37:44 +0100] "GET /.git/config HTTP/1.1" 200 - "-" "-"
2.58.56.35 - - [09/Mar/2025:04:38:11 +0100] "GET /comment/reply/2619/ HTTP/1.0" 200 - "http://jogalkotas.hu/comment/reply/2619/" "Mozilla/5.0 (Windows NT 10.0; Win64; x64) AppleWebKit/537.36 (KHTML, like Gecko) Chrome/103.0.0.0 Safari/537.36 OpenWave/97.4.2043.44"
193.41.206.176 - - [09/Mar/2025:04:38:19 +0100] "GET /.git/description HTTP/1.1" 200 - "-" "-"
185.220.100.249 - - [09/Mar/2025:04:38:43 +0100] "GET / HTTP/1.0" 200 - "http://jogalkotas.hu/" "Mozilla/5.0 (Windows NT 10.0; Win64; x64) AppleWebKit/537.36 (KHTML, like Gecko) Chrome/103.0.0.0 Safari/537.36 OpenWave/97.4.2043.44"
193.41.206.176 - - [09/Mar/2025:04:38:52 +0100] "GET /.git/hooks/post-commit HTTP/1.1" 200 - "-" "-"
193.41.206.176 - - [09/Mar/2025:04:39:26 +0100] "GET /.git/hooks/pre-commit HTTP/1.1" 200 - "-" "-"
193.41.206.176 - - [09/Mar/2025:04:40:00 +0100] "GET /.git/hooks/pre-push HTTP/1.1" 200 - "-" "-"
193.41.206.176 - - [09/Mar/2025:04:40:36 +0100] "GET /.git/index HTTP/1.1" 200 - "-" "-"
193.41.206.176 - - [09/Mar/2025:04:41:11 +0100] "GET /.git/info/exclude HTTP/1.1" 200 - "-" "-"
193.41.206.176 - - [09/Mar/2025:04:41:55 +0100] "GET /.git/logs/HEAD HTTP/1.1" 200 - "-" "-"
193.41.206.176 - - [09/Mar/2025:04:42:41 +0100] "GET /.git/logs/refs/heads/master HTTP/1.1" 200 - "-" "-"
193.41.206.176 - - [09/Mar/2025:04:43:17 +0100] "GET /.git/logs/refs/remotes/origin/HEAD HTTP/1.1" 200 - "-" "-"
193.41.206.176 - - [09/Mar/2025:04:43:54 +0100] "GET /.git/objects/ HTTP/1.1" 200 - "-" "-"
193.41.206.176 - - [09/Mar/2025:04:44:32 +0100] "GET /.git/packed-refs HTTP/1.1" 200 - "-" "-"
52.200.251.20 - - [09/Mar/2025:04:44:54 +0100] "GET /node/1157 HTTP/1.1" 200 - "-" "Mozilla/5.0 AppleWebKit/537.36 (KHTML, like Gecko; compatible; Amazonbot/0.1; +https://developer.amazon.com/support/amazonbot) Chrome/119.0.6045.214 Safari/537.36"
44.205.180.155 - - [09/Mar/2025:04:44:59 +0100] "GET /node/1158 HTTP/1.1" 200 - "-" "Mozilla/5.0 AppleWebKit/537.36 (KHTML, like Gecko; compatible; Amazonbot/0.1; +https://developer.amazon.com/support/amazonbot) Chrome/119.0.6045.214 Safari/537.36"
193.41.206.176 - - [09/Mar/2025:04:45:16 +0100] "GET /.git/refs/ HTTP/1.1" 200 - "-" "-"
193.41.206.176 - - [09/Mar/2025:04:45:50 +0100] "GET /.git/refs/heads/ HTTP/1.1" 200 - "-" "-"
193.41.206.176 - - [09/Mar/2025:04:46:27 +0100] "GET /.git/refs/remotes/ HTTP/1.1" 200 - "-" "-"
193.41.206.176 - - [09/Mar/2025:04:47:00 +0100] "GET /.git/refs/stash HTTP/1.1" 200 - "-" "-"
193.41.206.176 - - [09/Mar/2025:04:47:41 +0100] "GET /.git/refs/tags/ HTTP/1.1" 200 - "-" "-"
193.41.206.176 - - [09/Mar/2025:04:48:28 +0100] "GET /.gitattributes HTTP/1.1" 200 - "-" "-"
193.41.206.176 - - [09/Mar/2025:04:49:03 +0100] "GET /.gitignore HTTP/1.1" 200 - "-" "-"
193.41.206.176 - - [09/Mar/2025:04:49:48 +0100] "GET /.gitkeep HTTP/1.1" 200 - "-" "-"
193.41.206.176 - - [09/Mar/2025:04:50:28 +0100] "GET /.gitmodules HTTP/1.1" 200 - "-" "-"
193.41.206.176 - - [09/Mar/2025:04:51:11 +0100] "GET /.travis.yml HTTP/1.1" 200 - "-" "-"
193.41.206.176 - - [09/Mar/2025:04:51:58 +0100] "GET /.vscode/.env HTTP/1.1" 200 - "-" "-"
193.41.206.176 - - [09/Mar/2025:04:52:32 +0100] "GET /?phpinfo=1 HTTP/1.1" 200 - "-" "-"
193.41.206.176 - - [09/Mar/2025:04:53:12 +0100] "GET /_phpinfo.php HTTP/1.1" 200 - "-" "-"
193.41.206.176 - - [09/Mar/2025:04:53:46 +0100] "GET /_profiler/phpinfo HTTP/1.1" 200 - "-" "-"
193.41.206.176 - - [09/Mar/2025:04:54:20 +0100] "GET /_profiler/phpinfo/info.php HTTP/1.1" 200 - "-" "-"
193.41.206.176 - - [09/Mar/2025:04:54:56 +0100] "GET /_profiler/phpinfo/phpinfo.php HTTP/1.1" 200 - "-" "-"
193.41.206.176 - - [09/Mar/2025:04:55:30 +0100] "GET /admin/.env HTTP/1.1" 200 - "-" "-"
193.41.206.176 - - [09/Mar/2025:04:56:04 +0100] "GET /admin/config HTTP/1.1" 200 - "-" "-"
193.41.206.176 - - [09/Mar/2025:04:56:38 +0100] "GET /admin/controllers/merchant.js HTTP/1.1" 200 - "-" "-"
193.41.206.176 - - [09/Mar/2025:04:57:12 +0100] "GET /admin/controllers/partner.js HTTP/1.1" 200 - "-" "-"
193.41.206.176 - - [09/Mar/2025:04:57:46 +0100] "GET /admin/internal/api HTTP/1.1" 200 - "-" "-"
193.41.206.176 - - [09/Mar/2025:04:58:20 +0100] "GET /admin/proxy HTTP/1.1" 200 - "-" "-"
193.41.206.176 - - [09/Mar/2025:04:58:59 +0100] "GET /admin/server_info.php HTTP/1.1" 200 - "-" "-"
193.41.206.176 - - [09/Mar/2025:04:59:33 +0100] "GET /api/.env HTTP/1.1" 200 - "-" "-"
193.41.206.176 - - [09/Mar/2025:05:00:10 +0100] "GET /api/config.env HTTP/1.1" 200 - "-" "-"
193.41.206.176 - - [09/Mar/2025:05:00:47 +0100] "GET /api/config.js HTTP/1.1" 200 - "-" "-"
193.41.206.176 - - [09/Mar/2025:05:01:23 +0100] "GET /api/config/config.yml HTTP/1.1" 200 - "-" "-"
193.41.206.176 - - [09/Mar/2025:05:01:56 +0100] "GET /api/objects/codes.php.save HTTP/1.1" 200 - "-" "-"
216.244.66.200 - - [09/Mar/2025:05:02:01 +0100] "GET /robots.txt HTTP/1.1" 200 1590 "-" "Mozilla/5.0 (compatible; DotBot/1.2; +https://opensiteexplorer.org/dotbot; help@moz.com)"
216.244.66.200 - - [09/Mar/2025:05:02:01 +0100] "GET /robots.txt HTTP/1.1" 200 1590 "-" "Mozilla/5.0 (compatible; DotBot/1.2; +https://opensiteexplorer.org/dotbot; help@moz.com)"
193.41.206.176 - - [09/Mar/2025:05:02:30 +0100] "GET /api/proxy HTTP/1.1" 200 - "-" "-"
193.41.206.176 - - [09/Mar/2025:05:03:08 +0100] "GET /api/shared/.env HTTP/1.1" 200 - "-" "-"
193.41.206.176 - - [09/Mar/2025:05:03:43 +0100] "GET /api/shared/config.env HTTP/1.1" 200 - "-" "-"
193.41.206.176 - - [09/Mar/2025:05:04:17 +0100] "GET /api/shared/config/.env HTTP/1.1" 200 - "-" "-"
193.41.206.176 - - [09/Mar/2025:05:04:55 +0100] "GET /api/shared/config/config.env HTTP/1.1" 200 - "-" "-"
193.41.206.176 - - [09/Mar/2025:05:05:29 +0100] "GET /api/v1/proxy HTTP/1.1" 200 - "-" "-"
193.41.206.176 - - [09/Mar/2025:05:06:04 +0100] "GET /api/v2/proxy HTTP/1.1" 200 - "-" "-"
193.41.206.176 - - [09/Mar/2025:05:06:53 +0100] "GET /apis/config/config.js HTTP/1.1" 200 - "-" "-"
193.41.206.176 - - [09/Mar/2025:05:07:27 +0100] "GET /apis/controllers/users.js HTTP/1.1" 200 - "-" "-"
216.244.66.200 - - [09/Mar/2025:05:07:46 +0100] "GET /files/38per2003_ESZCSM_FVM_KvVM_rend_mod_100302.doc HTTP/1.1" 200 316928 "-" "Mozilla/5.0 (compatible; DotBot/1.2; +https://opensiteexplorer.org/dotbot; help@moz.com)"
193.41.206.176 - - [09/Mar/2025:05:08:01 +0100] "GET /laravel/.env HTTP/1.1" 200 - "-" "-"
193.41.206.176 - - [09/Mar/2025:05:08:37 +0100] "GET /app.py HTTP/1.1" 200 - "-" "-"
216.244.66.200 - - [09/Mar/2025:05:08:54 +0100] "GET /files/jogszab%C3%83%C2%A1lyszerkeszt%C3%83%C2%A9s_tervezet_09.11..doc HTTP/1.1" 200 - "-" "Mozilla/5.0 (compatible; DotBot/1.2; +https://opensiteexplorer.org/dotbot; help@moz.com)"
193.41.206.176 - - [09/Mar/2025:05:09:20 +0100] "GET /app/.env HTTP/1.1" 200 - "-" "-"
193.41.206.176 - - [09/Mar/2025:05:09:55 +0100] "GET /app/config/parameters.yml HTTP/1.1" 200 - "-" "-"
193.41.206.176 - - [09/Mar/2025:05:10:30 +0100] "GET /app_dev.php/_profiler/phpinfo HTTP/1.1" 200 - "-" "-"
193.41.206.176 - - [09/Mar/2025:05:11:07 +0100] "GET /application.properties HTTP/1.1" 200 - "-" "-"
193.41.206.176 - - [09/Mar/2025:05:11:41 +0100] "GET /application/.env HTTP/1.1" 200 - "-" "-"
193.41.206.176 - - [09/Mar/2025:05:12:19 +0100] "GET /apps/.env HTTP/1.1" 200 - "-" "-"
193.41.206.176 - - [09/Mar/2025:05:12:53 +0100] "GET /appsettings.json HTTP/1.1" 200 - "-" "-"
193.41.206.176 - - [09/Mar/2025:05:13:27 +0100] "GET /aws-secret.yaml HTTP/1.1" 200 - "-" "-"
193.41.206.176 - - [09/Mar/2025:05:14:05 +0100] "GET /aws.yml HTTP/1.1" 200 - "-" "-"
193.41.206.176 - - [09/Mar/2025:05:14:39 +0100] "GET /aws/credentials HTTP/1.1" 200 - "-" "-"
193.41.206.176 - - [09/Mar/2025:05:15:17 +0100] "GET /awstats/.env HTTP/1.1" 200 - "-" "-"
193.41.206.176 - - [09/Mar/2025:05:15:52 +0100] "GET /backend/.env HTTP/1.1" 200 - "-" "-"
193.41.206.176 - - [09/Mar/2025:05:16:25 +0100] "GET /phpinfo.php HTTP/1.1" 200 - "-" "-"
216.244.66.200 - - [09/Mar/2025:05:28:37 +0100] "GET /taxonomy/term/58/0/feed HTTP/1.1" 200 - "-" "Mozilla/5.0 (compatible; DotBot/1.2; +https://opensiteexplorer.org/dotbot; help@moz.com)"
216.244.66.200 - - [09/Mar/2025:05:29:28 +0100] "GET /taxonomy/term/26/0/feed HTTP/1.1" 200 - "-" "Mozilla/5.0 (compatible; DotBot/1.2; +https://opensiteexplorer.org/dotbot; help@moz.com)"
216.244.66.200 - - [09/Mar/2025:05:30:19 +0100] "GET /taxonomy/term/31/0/feed HTTP/1.1" 200 - "-" "Mozilla/5.0 (compatible; DotBot/1.2; +https://opensiteexplorer.org/dotbot; help@moz.com)"
66.249.66.85 - - [09/Mar/2025:05:47:23 +0100] "GET /files/szszital_foldrajzi_arujelzo_korm_tervezet.pdf HTTP/1.1" 200 74219 "-" "Googlebot/2.1 (+http://www.google.com/bot.html)"
216.244.66.200 - - [09/Mar/2025:05:48:21 +0100] "GET /robots.txt HTTP/1.1" 200 1590 "-" "Mozilla/5.0 (compatible; DotBot/1.2; +https://opensiteexplorer.org/dotbot; help@moz.com)"
216.244.66.200 - - [09/Mar/2025:05:48:21 +0100] "GET /robots.txt HTTP/1.1" 200 1590 "-" "Mozilla/5.0 (compatible; DotBot/1.2; +https://opensiteexplorer.org/dotbot; help@moz.com)"
216.244.66.200 - - [09/Mar/2025:05:54:30 +0100] "GET /files/31_2004___iv__26___eszcsm_rendelet_m%C3%83%C2%B3dos%C3%83%C2%ADt%C3%83%C2%A1sa_6.doc HTTP/1.1" 200 - "-" "Mozilla/5.0 (compatible; DotBot/1.2; +https://opensiteexplorer.org/dotbot; help@moz.com)"
216.244.66.200 - - [09/Mar/2025:05:54:33 +0100] "GET /files/TK37_2.pdf HTTP/1.1" 200 62440 "-" "Mozilla/5.0 (compatible; DotBot/1.2; +https://opensiteexplorer.org/dotbot; help@moz.com)"
54.219.144.108 - - [09/Mar/2025:06:12:49 +0100] "GET / HTTP/1.1" 200 - "-" "bitdiscovery-suggestions"
216.244.66.200 - - [09/Mar/2025:06:14:35 +0100] "GET /files/t%C3%83%C2%A1rc%C3%83%C2%A1ra%2023.2002.E%C3%83%C2%BCM%20rendelet.doc HTTP/1.1" 200 - "-" "Mozilla/5.0 (compatible; DotBot/1.2; +https://opensiteexplorer.org/dotbot; help@moz.com)"
185.247.137.140 - - [09/Mar/2025:06:20:06 +0100] "GET / HTTP/1.1" 200 - "-" "Mozilla/5.0 (compatible; InternetMeasurement/1.0; +https://internet-measurement.com/)"
216.244.66.200 - - [09/Mar/2025:06:35:41 +0100] "GET /robots.txt HTTP/1.1" 200 1590 "-" "Mozilla/5.0 (compatible; DotBot/1.2; +https://opensiteexplorer.org/dotbot; help@moz.com)"
216.244.66.200 - - [09/Mar/2025:06:35:41 +0100] "GET /robots.txt HTTP/1.1" 200 1590 "-" "Mozilla/5.0 (compatible; DotBot/1.2; +https://opensiteexplorer.org/dotbot; help@moz.com)"
216.244.66.200 - - [09/Mar/2025:06:42:13 +0100] "GET /files/riepst_terv_100412.pdf HTTP/1.1" 200 429652 "-" "Mozilla/5.0 (compatible; DotBot/1.2; +https://opensiteexplorer.org/dotbot; help@moz.com)"
216.244.66.200 - - [09/Mar/2025:07:03:00 +0100] "GET /files/t%C3%83%C2%B6rvjav09els%C3%85%E2%80%98f%C3%83%C2%A9l%C3%83%C2%A9v.pdf HTTP/1.1" 200 - "-" "Mozilla/5.0 (compatible; DotBot/1.2; +https://opensiteexplorer.org/dotbot; help@moz.com)"
216.244.66.200 - - [09/Mar/2025:07:03:41 +0100] "GET /taxonomy/term/38/0/feed HTTP/1.1" 200 - "-" "Mozilla/5.0 (compatible; DotBot/1.2; +https://opensiteexplorer.org/dotbot; help@moz.com)"
52.167.144.181 - - [09/Mar/2025:07:36:49 +0100] "GET /taxonomy/term/18%2023%2024%2026%2025%2027%2028%2029%2052%2041%2031%2032%2098%2033%2048%20106%20103%2099%20107%2034%2049%2035%2051%20100%2036%2050%20105?page=8 HTTP/1.1" 200 - "-" "Mozilla/5.0 AppleWebKit/537.36 (KHTML, like Gecko; compatible; bingbot/2.0; +http://www.bing.com/bingbot.htm) Chrome/116.0.1938.76 Safari/537.36"
52.167.144.181 - - [09/Mar/2025:07:37:21 +0100] "GET /taxonomy/term/18%2023%2024%2026%2025%2027%2028%2029%2052%2041%2031%2032%2098%2033%2048%20106%20103%2099%20107%2034%2049%2035%2051%20100%2036%2050%20105?page=8 HTTP/1.1" 200 - "-" "Mozilla/5.0 AppleWebKit/537.36 (KHTML, like Gecko; compatible; bingbot/2.0; +http://www.bing.com/bingbot.htm) Chrome/116.0.1938.76 Safari/537.36"
52.167.144.208 - - [09/Mar/2025:07:46:22 +0100] "GET /files/jelentes_0918_070919.pdf HTTP/1.1" 200 890103 "-" "Mozilla/5.0 AppleWebKit/537.36 (KHTML, like Gecko; compatible; bingbot/2.0; +http://www.bing.com/bingbot.htm) Chrome/116.0.1938.76 Safari/537.36"
47.82.11.186 - - [09/Mar/2025:07:52:53 +0100] "GET / HTTP/1.1" 200 - "http://jogalkotas.hu" "Mozilla/5.0 (Windows NT 10.0; Win64; x64) AppleWebKit/537.36 (KHTML, like Gecko) Chrome/114.0.0.0 Safari/537.36 Edg/114.0.1823.43"
47.82.10.62 - - [09/Mar/2025:07:53:02 +0100] "GET / HTTP/1.1" 200 - "http://jogalkotas.hu" "Mozilla/5.0 (Windows NT 10.0; Win64; x64) AppleWebKit/537.36 (KHTML, like Gecko) Chrome/114.0.0.0 Safari/537.36 Edg/114.0.1823.43"
216.244.66.200 - - [09/Mar/2025:08:10:18 +0100] "GET /robots.txt HTTP/1.1" 200 1590 "-" "Mozilla/5.0 (compatible; DotBot/1.2; +https://opensiteexplorer.org/dotbot; help@moz.com)"
66.249.66.87 - - [09/Mar/2025:08:15:50 +0100] "GET /files/100209_eloterjesztes_integralt_pontok.pdf HTTP/1.1" 200 175370 "-" "Mozilla/5.0 (Linux; Android 6.0.1; Nexus 5X Build/MMB29P) AppleWebKit/537.36 (KHTML, like Gecko) Chrome/133.0.6943.53 Mobile Safari/537.36 (compatible; Googlebot/2.1; +http://www.google.com/bot.html)"
216.244.66.200 - - [09/Mar/2025:08:17:31 +0100] "GET /files/091009_eht_eloterj.pdf HTTP/1.1" 200 153866 "-" "Mozilla/5.0 (compatible; DotBot/1.2; +https://opensiteexplorer.org/dotbot; help@moz.com)"
216.244.66.200 - - [09/Mar/2025:08:18:39 +0100] "GET /files/a_szakmai_protokollok_k%C3%83%C2%A9sz%C3%83%C2%ADt%C3%83%C2%A9s%C3%83%C2%A9nek_elj%C3%83%C2%A1r%C3%83%C2%A1srendj%C3%83%C2%A9r%C3%85%E2%80%98l_sz%C3%83%C2%B3l%C3%83%C2%B3_e%C3%83%C2%BCm_rendelet_tervezet_14.doc HTTP/1.1" 200 - "-" "Mozilla/5.0 (compatible; DotBot/1.2; +https://opensiteexplorer.org/dotbot; help@moz.com)"
54.219.144.108 - - [09/Mar/2025:08:21:17 +0100] "GET / HTTP/1.1" 200 - "-" "bitdiscovery-suggestions"
216.244.66.200 - - [09/Mar/2025:08:56:07 +0100] "GET /robots.txt HTTP/1.1" 200 1590 "-" "Mozilla/5.0 (compatible; DotBot/1.2; +https://opensiteexplorer.org/dotbot; help@moz.com)"
40.77.167.149 - - [09/Mar/2025:09:00:19 +0100] "GET /files/$File/fu__kon.pdf HTTP/1.1" 200 - "-" "Mozilla/5.0 AppleWebKit/537.36 (KHTML, like Gecko; compatible; bingbot/2.0; +http://www.bing.com/bingbot.htm) Chrome/116.0.1938.76 Safari/537.36"
40.77.167.149 - - [09/Mar/2025:09:00:51 +0100] "GET /files/$File/fu__kon.pdf HTTP/1.1" 200 - "-" "Mozilla/5.0 AppleWebKit/537.36 (KHTML, like Gecko; compatible; bingbot/2.0; +http://www.bing.com/bingbot.htm) Chrome/116.0.1938.76 Safari/537.36"
18.207.79.144 - - [09/Mar/2025:09:28:10 +0100] "GET /taxonomy/term/21 HTTP/1.1" 200 - "-" "Mozilla/5.0 AppleWebKit/537.36 (KHTML, like Gecko; compatible; Amazonbot/0.1; +https://developer.amazon.com/support/amazonbot) Chrome/119.0.6045.214 Safari/537.36"
104.28.217.45 - - [09/Mar/2025:09:33:31 +0100] "GET /xmlrpc.php HTTP/1.1" 200 - "-" "Mozilla/5.0 (Windows NT 10.0; Win64; x64) AppleWebKit/537.36 (KHTML, like Gecko) Chrome/131.0.0.0 Safari/537.36"
216.244.66.200 - - [09/Mar/2025:09:42:51 +0100] "GET /robots.txt HTTP/1.1" 200 1590 "-" "Mozilla/5.0 (compatible; DotBot/1.2; +https://opensiteexplorer.org/dotbot; help@moz.com)"
216.244.66.200 - - [09/Mar/2025:09:42:51 +0100] "GET /robots.txt HTTP/1.1" 200 1590 "-" "Mozilla/5.0 (compatible; DotBot/1.2; +https://opensiteexplorer.org/dotbot; help@moz.com)"
216.244.66.200 - - [09/Mar/2025:09:48:43 +0100] "GET /files/Alapitvanyok_nyilvantartasanak_%C3%83%C2%BCgyviteli_szabalyairol.pdf HTTP/1.1" 200 - "-" "Mozilla/5.0 (compatible; DotBot/1.2; +https://opensiteexplorer.org/dotbot; help@moz.com)"
216.244.66.200 - - [09/Mar/2025:09:49:01 +0100] "GET /files/eloterjesztes_kozcelufogl_20060322.pdf HTTP/1.1" 200 296898 "-" "Mozilla/5.0 (compatible; DotBot/1.2; +https://opensiteexplorer.org/dotbot; help@moz.com)"
216.244.66.200 - - [09/Mar/2025:09:49:45 +0100] "GET /files/ingatlan_ny_velemenyezesre.pdf HTTP/1.1" 200 180079 "-" "Mozilla/5.0 (compatible; DotBot/1.2; +https://opensiteexplorer.org/dotbot; help@moz.com)"
216.244.66.200 - - [09/Mar/2025:09:50:20 +0100] "GET /files/szakmai_es_inf_normativa_060310.pdf HTTP/1.1" 200 159262 "-" "Mozilla/5.0 (compatible; DotBot/1.2; +https://opensiteexplorer.org/dotbot; help@moz.com)"
216.244.66.200 - - [09/Mar/2025:10:09:07 +0100] "GET /taxonomy/term/109/0/feed HTTP/1.1" 200 - "-" "Mozilla/5.0 (compatible; DotBot/1.2; +https://opensiteexplorer.org/dotbot; help@moz.com)"
216.244.66.200 - - [09/Mar/2025:10:29:49 +0100] "GET /robots.txt HTTP/1.1" 200 1590 "-" "Mozilla/5.0 (compatible; DotBot/1.2; +https://opensiteexplorer.org/dotbot; help@moz.com)"
216.244.66.200 - - [09/Mar/2025:10:35:09 +0100] "GET /files/indok_0.pdf HTTP/1.1" 200 89909 "-" "Mozilla/5.0 (compatible; DotBot/1.2; +https://opensiteexplorer.org/dotbot; help@moz.com)"
216.244.66.200 - - [09/Mar/2025:10:35:38 +0100] "GET /files/nagysebes.zip HTTP/1.1" 200 81791 "-" "Mozilla/5.0 (compatible; DotBot/1.2; +https://opensiteexplorer.org/dotbot; help@moz.com)"
216.244.66.200 - - [09/Mar/2025:10:36:29 +0100] "GET /files/tarsadalmi_szervezetek_reszere_nyujtando_tamogatasokrol.pdf HTTP/1.1" 200 279060 "-" "Mozilla/5.0 (compatible; DotBot/1.2; +https://opensiteexplorer.org/dotbot; help@moz.com)"
92.116.53.212 - - [09/Mar/2025:10:39:26 +0100] "GET /files/cegbejegyzesi_eljaras_21_per_2006__02_12_fin.doc HTTP/1.1" 200 54272 "-" "Mozilla/5.0 (Windows NT 10.0; WOW64; Trident/7.0; rv:11.0) like Gecko"
66.249.66.22 - - [09/Mar/2025:10:45:46 +0100] "GET /files/szvk_terv_090804.pdf HTTP/1.1" 304 - "-" "Mozilla/5.0 (Linux; Android 6.0.1; Nexus 5X Build/MMB29P) AppleWebKit/537.36 (KHTML, like Gecko) Chrome/133.0.6943.53 Mobile Safari/537.36 (compatible; Googlebot/2.1; +http://www.google.com/bot.html)"
20.191.45.212 - - [09/Mar/2025:10:53:51 +0100] "GET /favicon.ico HTTP/1.1" 404 57 "http://www.jogalkotas.hu/favicon.ico" "DuckDuckBot/1.1; (+http://duckduckgo.com/duckduckbot.html)"
20.191.45.212 - - [09/Mar/2025:10:54:13 +0100] "GET / HTTP/1.1" 200 - "http://www.jogalkotas.hu/" "DuckDuckBot/1.1; (+http://duckduckgo.com/duckduckbot.html)"
66.249.66.86 - - [09/Mar/2025:10:59:31 +0100] "GET / HTTP/1.1" 200 - "-" "Mozilla/5.0 (compatible; Googlebot/2.1; +http://www.google.com/bot.html)"
66.249.66.85 - - [09/Mar/2025:11:00:03 +0100] "GET / HTTP/1.1" 200 - "-" "Mozilla/5.0 (Linux; Android 6.0.1; Nexus 5X Build/MMB29P) AppleWebKit/537.36 (KHTML, like Gecko) Chrome/99.0.4844.84 Mobile Safari/537.36 (compatible; Googlebot/2.1; +http://www.google.com/bot.html)"
66.249.66.85 - - [09/Mar/2025:11:00:35 +0100] "GET / HTTP/1.1" 200 - "-" "Mozilla/5.0 (compatible; Googlebot/2.1; +http://www.google.com/bot.html)"
66.249.66.85 - - [09/Mar/2025:11:01:07 +0100] "GET / HTTP/1.1" 200 - "-" "Mozilla/5.0 (Linux; Android 6.0.1; Nexus 5X Build/MMB29P) AppleWebKit/537.36 (KHTML, like Gecko) Chrome/133.0.6943.53 Mobile Safari/537.36 (compatible; Googlebot/2.1; +http://www.google.com/bot.html)"
216.244.66.200 - - [09/Mar/2025:11:16:00 +0100] "GET /robots.txt HTTP/1.1" 200 1590 "-" "Mozilla/5.0 (compatible; DotBot/1.2; +https://opensiteexplorer.org/dotbot; help@moz.com)"
5.255.231.107 - - [09/Mar/2025:11:20:44 +0100] "GET /robots.txt HTTP/1.1" 200 1590 "-" "Mozilla/5.0 (compatible; YandexBot/3.0; +http://yandex.com/bots)"
95.108.213.166 - - [09/Mar/2025:11:20:45 +0100] "GET /files/ekozig2010strategia_0604.pdf HTTP/1.1" 200 820659 "-" "Mozilla/5.0 (compatible; YandexBot/3.0; +http://yandex.com/bots)"
216.244.66.200 - - [09/Mar/2025:11:21:50 +0100] "GET /files/a_szakmai_protokollok_k%C3%83%C2%A9sz%C3%83%C2%ADt%C3%83%C2%A9s%C3%83%C2%A9nek_elj%C3%83%C2%A1r%C3%83%C2%A1srendj%C3%83%C2%A9r%C3%85%E2%80%98l_sz%C3%83%C2%B3l%C3%83%C2%B3_e%C3%83%C2%BCm_rendelet_tervezet_8.doc HTTP/1.1" 200 - "-" "Mozilla/5.0 (compatible; DotBot/1.2; +https://opensiteexplorer.org/dotbot; help@moz.com)"
216.244.66.200 - - [09/Mar/2025:11:21:57 +0100] "GET /files/iranyelvek_060426.pdf HTTP/1.1" 200 155792 "-" "Mozilla/5.0 (compatible; DotBot/1.2; +https://opensiteexplorer.org/dotbot; help@moz.com)"
216.244.66.200 - - [09/Mar/2025:11:22:30 +0100] "GET /files/ptk._eloszo.pdf HTTP/1.1" 200 28286 "-" "Mozilla/5.0 (compatible; DotBot/1.2; +https://opensiteexplorer.org/dotbot; help@moz.com)"
87.250.224.210 - - [09/Mar/2025:11:40:12 +0100] "GET /files/TK86_2.doc HTTP/1.1" 200 905216 "-" "Mozilla/5.0 (compatible; YandexBot/3.0; +http://yandex.com/bots)"
216.244.66.200 - - [09/Mar/2025:12:01:24 +0100] "GET /robots.txt HTTP/1.1" 200 1590 "-" "Mozilla/5.0 (compatible; DotBot/1.2; +https://opensiteexplorer.org/dotbot; help@moz.com)"
216.244.66.200 - - [09/Mar/2025:12:01:24 +0100] "GET /robots.txt HTTP/1.1" 200 1590 "-" "Mozilla/5.0 (compatible; DotBot/1.2; +https://opensiteexplorer.org/dotbot; help@moz.com)"
40.77.167.24 - - [09/Mar/2025:12:02:55 +0100] "GET /files/_aedt62qrbg9o6ast1ei176gide9imsp1i60o3c_.pdf HTTP/1.1" 304 - "-" "Mozilla/5.0 AppleWebKit/537.36 (KHTML, like Gecko; compatible; bingbot/2.0; +http://www.bing.com/bingbot.htm) Chrome/116.0.1938.76 Safari/537.36"
216.244.66.200 - - [09/Mar/2025:12:05:01 +0100] "GET /files/2010%20FVM%20rendelet_0.doc HTTP/1.1" 200 86016 "-" "Mozilla/5.0 (compatible; DotBot/1.2; +https://opensiteexplorer.org/dotbot; help@moz.com)"
216.244.66.200 - - [09/Mar/2025:12:05:37 +0100] "GET /files/szocialis_foglalkoztatas.pdf HTTP/1.1" 200 344220 "-" "Mozilla/5.0 (compatible; DotBot/1.2; +https://opensiteexplorer.org/dotbot; help@moz.com)"
216.244.66.200 - - [09/Mar/2025:12:06:30 +0100] "GET /drupal/files/TK52-3.doc HTTP/1.1" 200 - "-" "Mozilla/5.0 (compatible; DotBot/1.2; +https://opensiteexplorer.org/dotbot; help@moz.com)"
216.244.66.200 - - [09/Mar/2025:12:06:55 +0100] "GET /files/091106_hitelesites_eloterjesztes.pdf HTTP/1.1" 200 206354 "-" "Mozilla/5.0 (compatible; DotBot/1.2; +https://opensiteexplorer.org/dotbot; help@moz.com)"
114.119.140.107 - - [09/Mar/2025:12:29:52 +0100] "GET /robots.txt HTTP/1.1" 200 1590 "-" "Mozilla/5.0 (compatible;PetalBot;+https://webmaster.petalsearch.com/site/petalbot)"
114.119.159.58 - - [09/Mar/2025:12:46:22 +0100] "GET /robots.txt HTTP/1.1" 200 1590 "-" "Mozilla/5.0 (compatible;PetalBot;+https://webmaster.petalsearch.com/site/petalbot)"
216.244.66.200 - - [09/Mar/2025:12:48:49 +0100] "GET /robots.txt HTTP/1.1" 200 1590 "-" "Mozilla/5.0 (compatible; DotBot/1.2; +https://opensiteexplorer.org/dotbot; help@moz.com)"
216.244.66.200 - - [09/Mar/2025:12:48:49 +0100] "GET /robots.txt HTTP/1.1" 200 1590 "-" "Mozilla/5.0 (compatible; DotBot/1.2; +https://opensiteexplorer.org/dotbot; help@moz.com)"
216.244.66.200 - - [09/Mar/2025:12:52:34 +0100] "GET /node/1835 HTTP/1.1" 200 - "-" "Mozilla/5.0 (compatible; DotBot/1.2; +https://opensiteexplorer.org/dotbot; help@moz.com)"
216.244.66.200 - - [09/Mar/2025:12:53:00 +0100] "GET /files/34_2003___vi__7___eszcsm_rendelet_m%C3%83%C2%B3dos%C3%83%C2%ADt%C3%83%C2%A1sa_8.doc HTTP/1.1" 200 - "-" "Mozilla/5.0 (compatible; DotBot/1.2; +https://opensiteexplorer.org/dotbot; help@moz.com)"
216.244.66.200 - - [09/Mar/2025:12:53:15 +0100] "GET /files/piro_korm_r_mod-terv_090928.doc HTTP/1.1" 200 171008 "-" "Mozilla/5.0 (compatible; DotBot/1.2; +https://opensiteexplorer.org/dotbot; help@moz.com)"
216.244.66.200 - - [09/Mar/2025:12:54:03 +0100] "GET /files/ptk.csaladjog.pdf HTTP/1.1" 200 429444 "-" "Mozilla/5.0 (compatible; DotBot/1.2; +https://opensiteexplorer.org/dotbot; help@moz.com)"
85.208.96.208 - - [09/Mar/2025:12:54:13 +0100] "GET /robots.txt HTTP/1.1" 200 1590 "-" "Mozilla/5.0 (compatible; SemrushBot/7~bl; +http://www.semrush.com/bot.html)"
185.191.171.15 - - [09/Mar/2025:12:54:45 +0100] "GET /taxonomy/term/55%2057%2058%2059%2060%2061%2062%2063%2064%2065%2066%2067%2068%2069%2070%2071%2072%2073%2074%2075?page=1 HTTP/1.1" 200 - "-" "Mozilla/5.0 (compatible; SemrushBot/7~bl; +http://www.semrush.com/bot.html)"
85.208.96.193 - - [09/Mar/2025:12:54:54 +0100] "GET /sitemap.xml HTTP/1.1" 200 - "-" "Mozilla/5.0 (compatible; SemrushBot/7~bl; +http://www.semrush.com/bot.html)"
85.208.96.193 - - [09/Mar/2025:12:55:09 +0100] "GET /sitemap.xml HTTP/1.1" 200 - "-" "Mozilla/5.0 (compatible; SemrushBot/7~bl; +http://www.semrush.com/bot.html)"
185.191.171.15 - - [09/Mar/2025:12:55:17 +0100] "GET /taxonomy/term/55%2057%2058%2059%2060%2061%2062%2063%2064%2065%2066%2067%2068%2069%2070%2071%2072%2073%2074%2075?page=1 HTTP/1.1" 200 - "-" "Mozilla/5.0 (compatible; SemrushBot/7~bl; +http://www.semrush.com/bot.html)"
66.249.66.86 - - [09/Mar/2025:13:37:14 +0100] "GET /files/ekozig2010strategia_0604.pdf HTTP/1.1" 200 820659 "-" "Googlebot/2.1 (+http://www.google.com/bot.html)"
18.213.27.222 - - [09/Mar/2025:14:06:26 +0100] "GET /taxonomy/term/39 HTTP/1.1" 200 - "-" "Mozilla/5.0 AppleWebKit/537.36 (KHTML, like Gecko; compatible; Amazonbot/0.1; +https://developer.amazon.com/support/amazonbot) Chrome/119.0.6045.214 Safari/537.36"
216.244.66.200 - - [09/Mar/2025:14:22:24 +0100] "GET /robots.txt HTTP/1.1" 200 1590 "-" "Mozilla/5.0 (compatible; DotBot/1.2; +https://opensiteexplorer.org/dotbot; help@moz.com)"
92.116.53.212 - - [09/Mar/2025:14:26:24 +0100] "GET /files/szakertoidijazas.doc HTTP/1.1" 200 59392 "-" "Mozilla/5.0 (Windows NT 10.0; Win64; x64) AppleWebKit/537.36 (KHTML, like Gecko) Chrome/60.0.3112.113 Safari/537.36"
216.244.66.200 - - [09/Mar/2025:14:32:18 +0100] "GET /files/150_1992_terv_100301.pdf HTTP/1.1" 200 390554 "-" "Mozilla/5.0 (compatible; DotBot/1.2; +https://opensiteexplorer.org/dotbot; help@moz.com)"
216.244.66.200 - - [09/Mar/2025:14:32:32 +0100] "GET /files/t%C5%B1zv%C3%A9delmi%20technika1.pdf HTTP/1.1" 200 223609 "-" "Mozilla/5.0 (compatible; DotBot/1.2; +https://opensiteexplorer.org/dotbot; help@moz.com)"
216.244.66.200 - - [09/Mar/2025:15:09:37 +0100] "GET /robots.txt HTTP/1.1" 200 1590 "-" "Mozilla/5.0 (compatible; DotBot/1.2; +https://opensiteexplorer.org/dotbot; help@moz.com)"
216.244.66.200 - - [09/Mar/2025:15:09:37 +0100] "GET /robots.txt HTTP/1.1" 200 1590 "-" "Mozilla/5.0 (compatible; DotBot/1.2; +https://opensiteexplorer.org/dotbot; help@moz.com)"
216.244.66.200 - - [09/Mar/2025:15:19:18 +0100] "GET /files/NFGM2005_0.pdf HTTP/1.1" 200 201548 "-" "Mozilla/5.0 (compatible; DotBot/1.2; +https://opensiteexplorer.org/dotbot; help@moz.com)"
216.244.66.200 - - [09/Mar/2025:15:32:26 +0100] "GET /node/1431 HTTP/1.1" 200 - "-" "Mozilla/5.0 (compatible; DotBot/1.2; +https://opensiteexplorer.org/dotbot; help@moz.com)"
216.244.66.200 - - [09/Mar/2025:15:33:16 +0100] "GET /node/1433 HTTP/1.1" 200 - "-" "Mozilla/5.0 (compatible; DotBot/1.2; +https://opensiteexplorer.org/dotbot; help@moz.com)"
216.244.66.200 - - [09/Mar/2025:15:34:06 +0100] "GET /node/1489 HTTP/1.1" 200 - "-" "Mozilla/5.0 (compatible; DotBot/1.2; +https://opensiteexplorer.org/dotbot; help@moz.com)"
216.244.66.200 - - [09/Mar/2025:15:34:56 +0100] "GET /node/1505 HTTP/1.1" 200 - "-" "Mozilla/5.0 (compatible; DotBot/1.2; +https://opensiteexplorer.org/dotbot; help@moz.com)"
216.244.66.200 - - [09/Mar/2025:15:35:46 +0100] "GET /node/1698 HTTP/1.1" 200 - "-" "Mozilla/5.0 (compatible; DotBot/1.2; +https://opensiteexplorer.org/dotbot; help@moz.com)"
216.244.66.200 - - [09/Mar/2025:15:36:37 +0100] "GET /node/1765 HTTP/1.1" 200 - "-" "Mozilla/5.0 (compatible; DotBot/1.2; +https://opensiteexplorer.org/dotbot; help@moz.com)"
54.197.114.76 - - [09/Mar/2025:15:36:54 +0100] "GET /taxonomy/term/40 HTTP/1.1" 200 - "-" "Mozilla/5.0 AppleWebKit/537.36 (KHTML, like Gecko; compatible; Amazonbot/0.1; +https://developer.amazon.com/support/amazonbot) Chrome/119.0.6045.214 Safari/537.36"
216.244.66.200 - - [09/Mar/2025:15:37:27 +0100] "GET /node/1797 HTTP/1.1" 200 - "-" "Mozilla/5.0 (compatible; DotBot/1.2; +https://opensiteexplorer.org/dotbot; help@moz.com)"
216.244.66.200 - - [09/Mar/2025:15:38:17 +0100] "GET /node/199 HTTP/1.1" 200 - "-" "Mozilla/5.0 (compatible; DotBot/1.2; +https://opensiteexplorer.org/dotbot; help@moz.com)"
216.244.66.200 - - [09/Mar/2025:15:39:08 +0100] "GET /node/2361 HTTP/1.1" 200 - "-" "Mozilla/5.0 (compatible; DotBot/1.2; +https://opensiteexplorer.org/dotbot; help@moz.com)"
216.244.66.200 - - [09/Mar/2025:15:39:59 +0100] "GET /node/487 HTTP/1.1" 200 - "-" "Mozilla/5.0 (compatible; DotBot/1.2; +https://opensiteexplorer.org/dotbot; help@moz.com)"
216.244.66.200 - - [09/Mar/2025:15:40:49 +0100] "GET /node/620 HTTP/1.1" 200 - "-" "Mozilla/5.0 (compatible; DotBot/1.2; +https://opensiteexplorer.org/dotbot; help@moz.com)"
216.244.66.200 - - [09/Mar/2025:15:57:13 +0100] "GET /robots.txt HTTP/1.1" 200 1590 "-" "Mozilla/5.0 (compatible; DotBot/1.2; +https://opensiteexplorer.org/dotbot; help@moz.com)"
216.244.66.200 - - [09/Mar/2025:15:57:13 +0100] "GET /robots.txt HTTP/1.1" 200 1590 "-" "Mozilla/5.0 (compatible; DotBot/1.2; +https://opensiteexplorer.org/dotbot; help@moz.com)"
216.244.66.200 - - [09/Mar/2025:16:07:36 +0100] "GET /files/TK50.pdf HTTP/1.1" 200 134264 "-" "Mozilla/5.0 (compatible; DotBot/1.2; +https://opensiteexplorer.org/dotbot; help@moz.com)"
216.244.66.200 - - [09/Mar/2025:16:08:17 +0100] "GET /files/jogszabszerk.pdf HTTP/1.1" 200 206549 "-" "Mozilla/5.0 (compatible; DotBot/1.2; +https://opensiteexplorer.org/dotbot; help@moz.com)"
216.244.66.200 - - [09/Mar/2025:16:09:01 +0100] "GET /files/munkaanyag_25per2006_IM_rendelet_mod.10.28..doc HTTP/1.1" 200 142848 "-" "Mozilla/5.0 (compatible; DotBot/1.2; +https://opensiteexplorer.org/dotbot; help@moz.com)"
216.244.66.200 - - [09/Mar/2025:16:27:16 +0100] "GET /node/1381 HTTP/1.1" 200 - "-" "Mozilla/5.0 (compatible; DotBot/1.2; +https://opensiteexplorer.org/dotbot; help@moz.com)"
216.244.66.200 - - [09/Mar/2025:16:28:07 +0100] "GET /node/2571 HTTP/1.1" 200 - "-" "Mozilla/5.0 (compatible; DotBot/1.2; +https://opensiteexplorer.org/dotbot; help@moz.com)"
216.244.66.200 - - [09/Mar/2025:16:29:00 +0100] "GET /node/977 HTTP/1.1" 200 - "-" "Mozilla/5.0 (compatible; DotBot/1.2; +https://opensiteexplorer.org/dotbot; help@moz.com)"
216.244.66.200 - - [09/Mar/2025:16:29:50 +0100] "GET /taxonomy/term/84 HTTP/1.1" 200 - "-" "Mozilla/5.0 (compatible; DotBot/1.2; +https://opensiteexplorer.org/dotbot; help@moz.com)"
216.244.66.200 - - [09/Mar/2025:16:30:41 +0100] "GET /taxonomy/term/39?page=1 HTTP/1.1" 200 - "-" "Mozilla/5.0 (compatible; DotBot/1.2; +https://opensiteexplorer.org/dotbot; help@moz.com)"
216.244.66.200 - - [09/Mar/2025:16:31:31 +0100] "GET /node/1038 HTTP/1.1" 200 - "-" "Mozilla/5.0 (compatible; DotBot/1.2; +https://opensiteexplorer.org/dotbot; help@moz.com)"
216.244.66.200 - - [09/Mar/2025:16:32:21 +0100] "GET /node/629 HTTP/1.1" 200 - "-" "Mozilla/5.0 (compatible; DotBot/1.2; +https://opensiteexplorer.org/dotbot; help@moz.com)"
216.244.66.200 - - [09/Mar/2025:16:44:58 +0100] "GET /robots.txt HTTP/1.1" 200 1590 "-" "Mozilla/5.0 (compatible; DotBot/1.2; +https://opensiteexplorer.org/dotbot; help@moz.com)"
216.244.66.200 - - [09/Mar/2025:16:44:59 +0100] "GET /robots.txt HTTP/1.1" 200 1590 "-" "Mozilla/5.0 (compatible; DotBot/1.2; +https://opensiteexplorer.org/dotbot; help@moz.com)"
216.244.66.200 - - [09/Mar/2025:16:55:42 +0100] "GET /files/4_efizetes_illetek_es_koltseg.doc HTTP/1.1" 200 59904 "-" "Mozilla/5.0 (compatible; DotBot/1.2; +https://opensiteexplorer.org/dotbot; help@moz.com)"
216.244.66.200 - - [09/Mar/2025:16:56:29 +0100] "GET /files/polgarivedelem.pdf HTTP/1.1" 200 211287 "-" "Mozilla/5.0 (compatible; DotBot/1.2; +https://opensiteexplorer.org/dotbot; help@moz.com)"
216.244.66.200 - - [09/Mar/2025:16:57:26 +0100] "GET /drupal/files/NFGM2005_0.pdf HTTP/1.1" 200 - "-" "Mozilla/5.0 (compatible; DotBot/1.2; +https://opensiteexplorer.org/dotbot; help@moz.com)"
216.244.66.200 - - [09/Mar/2025:17:17:25 +0100] "GET /taxonomy/term/44?page=2 HTTP/1.1" 200 - "-" "Mozilla/5.0 (compatible; DotBot/1.2; +https://opensiteexplorer.org/dotbot; help@moz.com)"
216.244.66.200 - - [09/Mar/2025:17:18:17 +0100] "GET /user/148 HTTP/1.1" 200 - "-" "Mozilla/5.0 (compatible; DotBot/1.2; +https://opensiteexplorer.org/dotbot; help@moz.com)"
216.244.66.200 - - [09/Mar/2025:17:18:56 +0100] "GET /taxonomy/term/35?page=2 HTTP/1.1" 200 - "-" "Mozilla/5.0 (compatible; DotBot/1.2; +https://opensiteexplorer.org/dotbot; help@moz.com)"
216.244.66.200 - - [09/Mar/2025:17:32:29 +0100] "GET /robots.txt HTTP/1.1" 200 1590 "-" "Mozilla/5.0 (compatible; DotBot/1.2; +https://opensiteexplorer.org/dotbot; help@moz.com)"
216.244.66.200 - - [09/Mar/2025:17:32:29 +0100] "GET /robots.txt HTTP/1.1" 200 1590 "-" "Mozilla/5.0 (compatible; DotBot/1.2; +https://opensiteexplorer.org/dotbot; help@moz.com)"
216.244.66.200 - - [09/Mar/2025:17:43:26 +0100] "GET /files/0403_igszolgdij_0322.doc HTTP/1.1" 200 312832 "-" "Mozilla/5.0 (compatible; DotBot/1.2; +https://opensiteexplorer.org/dotbot; help@moz.com)"
216.244.66.200 - - [09/Mar/2025:17:44:29 +0100] "GET /files/a_szakmai_protokollok_k%C3%83%C2%A9sz%C3%83%C2%ADt%C3%83%C2%A9s%C3%83%C2%A9nek_elj%C3%83%C2%A1r%C3%83%C2%A1srendj%C3%83%C2%A9r%C3%85%E2%80%98l_sz%C3%83%C2%B3l%C3%83%C2%B3_e%C3%83%C2%BCm_rendelet_tervezet_12.doc HTTP/1.1" 200 - "-" "Mozilla/5.0 (compatible; DotBot/1.2; +https://opensiteexplorer.org/dotbot; help@moz.com)"
40.77.167.63 - - [09/Mar/2025:17:46:53 +0100] "GET /files/1027_rendelettervezet_Bels_b_r_ndi_t_torj_nos.doc HTTP/1.1" 200 46592 "-" "Mozilla/5.0 AppleWebKit/537.36 (KHTML, like Gecko; compatible; bingbot/2.0; +http://www.bing.com/bingbot.htm) Chrome/116.0.1938.76 Safari/537.36"
66.249.66.1 - - [09/Mar/2025:17:47:05 +0100] "GET / HTTP/1.1" 200 - "-" "Mozilla/5.0 (compatible; Googlebot/2.1; +http://www.google.com/bot.html)"
66.249.66.1 - - [09/Mar/2025:17:47:37 +0100] "GET / HTTP/1.1" 200 - "-" "Mozilla/5.0 (Linux; Android 6.0.1; Nexus 5X Build/MMB29P) AppleWebKit/537.36 (KHTML, like Gecko) Chrome/99.0.4844.84 Mobile Safari/537.36 (compatible; Googlebot/2.1; +http://www.google.com/bot.html)"
66.249.66.22 - - [09/Mar/2025:17:48:09 +0100] "GET / HTTP/1.1" 200 - "-" "Mozilla/5.0 (compatible; Googlebot/2.1; +http://www.google.com/bot.html)"
66.249.66.22 - - [09/Mar/2025:17:48:41 +0100] "GET / HTTP/1.1" 200 - "-" "Mozilla/5.0 (Linux; Android 6.0.1; Nexus 5X Build/MMB29P) AppleWebKit/537.36 (KHTML, like Gecko) Chrome/133.0.6943.53 Mobile Safari/537.36 (compatible; Googlebot/2.1; +http://www.google.com/bot.html)"
216.244.66.200 - - [09/Mar/2025:17:48:52 +0100] "GET /taxonomy/term/107/0/feed HTTP/1.1" 200 - "-" "Mozilla/5.0 (compatible; DotBot/1.2; +https://opensiteexplorer.org/dotbot; help@moz.com)"
94.44.105.190 - - [09/Mar/2025:17:50:20 +0100] "GET /files/roma_tervezet_070124.pdf HTTP/1.1" 200 66742 "https://emea.search.yahoo.com/" "Mozilla/5.0 (Windows NT 10.0; Win64; x64) AppleWebKit/537.36 (KHTML, like Gecko) Chrome/133.0.0.0 Safari/537.36"
94.44.105.190 - - [09/Mar/2025:17:50:20 +0100] "GET /favicon.ico HTTP/1.1" 404 57 "http://www.jogalkotas.hu/files/roma_tervezet_070124.pdf" "Mozilla/5.0 (Windows NT 10.0; Win64; x64) AppleWebKit/537.36 (KHTML, like Gecko) Chrome/133.0.0.0 Safari/537.36"
94.44.105.190 - - [09/Mar/2025:17:50:21 +0100] "GET /files/roma_tervezet_070124.pdf HTTP/1.1" 206 1025 "-" "Mozilla/5.0 (Windows NT 10.0; Win64; x64) AppleWebKit/537.36 (KHTML, like Gecko) Chrome/133.0.0.0 Safari/537.36"
94.44.105.190 - - [09/Mar/2025:17:50:23 +0100] "GET /files/roma_tervezet_070124.pdf HTTP/1.1" 200 780549 "-" "Mozilla/5.0 (Windows NT 10.0; Win64; x64) AppleWebKit/537.36 (KHTML, like Gecko) Chrome/133.0.0.0 Safari/537.36"
52.167.144.18 - - [09/Mar/2025:17:54:46 +0100] "GET /files/NFGM_5051.pdf HTTP/1.1" 304 - "-" "Mozilla/5.0 AppleWebKit/537.36 (KHTML, like Gecko; compatible; bingbot/2.0; +http://www.bing.com/bingbot.htm) Chrome/116.0.1938.76 Safari/537.36"
109.194.243.158 - - [09/Mar/2025:17:56:58 +0100] "GET / HTTP/1.0" 200 - "-" "Mozilla/5.0 (Windows NT 6.3; Win64; x64) AppleWebKit/537.36 (KHTML, like Gecko) Chrome/75.0.3770.100 Safari/537.36"
40.77.167.17 - - [09/Mar/2025:17:59:46 +0100] "GET /files/katonai_szakkepesitesek_hm_rendelet.pdf HTTP/1.1" 304 - "-" "Mozilla/5.0 AppleWebKit/537.36 (KHTML, like Gecko; compatible; bingbot/2.0; +http://www.bing.com/bingbot.htm) Chrome/116.0.1938.76 Safari/537.36"
52.204.253.129 - - [09/Mar/2025:18:06:46 +0100] "GET /taxonomy/term/33 HTTP/1.1" 200 - "-" "Mozilla/5.0 AppleWebKit/537.36 (KHTML, like Gecko; compatible; Amazonbot/0.1; +https://developer.amazon.com/support/amazonbot) Chrome/119.0.6045.214 Safari/537.36"
216.244.66.200 - - [09/Mar/2025:18:07:10 +0100] "GET /node/453 HTTP/1.1" 200 - "-" "Mozilla/5.0 (compatible; DotBot/1.2; +https://opensiteexplorer.org/dotbot; help@moz.com)"
216.244.66.200 - - [09/Mar/2025:18:20:27 +0100] "GET /robots.txt HTTP/1.1" 200 1590 "-" "Mozilla/5.0 (compatible; DotBot/1.2; +https://opensiteexplorer.org/dotbot; help@moz.com)"
216.244.66.200 - - [09/Mar/2025:18:32:36 +0100] "GET /files/9-2002_im_rend__szakami_indokolas.doc HTTP/1.1" 200 101376 "-" "Mozilla/5.0 (compatible; DotBot/1.2; +https://opensiteexplorer.org/dotbot; help@moz.com)"
216.244.66.200 - - [09/Mar/2025:18:33:15 +0100] "GET /files/_5adgmopt2ehgn4ql0doml6rrddtpmm1kbkdl6cobcek_.pdf HTTP/1.1" 200 150283 "-" "Mozilla/5.0 (compatible; DotBot/1.2; +https://opensiteexplorer.org/dotbot; help@moz.com)"
52.167.144.146 - - [09/Mar/2025:18:40:21 +0100] "GET /taxonomy/term/18%2023%2024%2026%2025%2027%2028%2029%2052%2041%2031%2032%2098%2033%2048%20106%20103%2099%20107%2034%2049%2035%2051%20100%2036%2050%20105?page=2 HTTP/1.1" 200 - "-" "Mozilla/5.0 AppleWebKit/537.36 (KHTML, like Gecko; compatible; bingbot/2.0; +http://www.bing.com/bingbot.htm) Chrome/116.0.1938.76 Safari/537.36"
52.167.144.146 - - [09/Mar/2025:18:40:53 +0100] "GET /taxonomy/term/18%2023%2024%2026%2025%2027%2028%2029%2052%2041%2031%2032%2098%2033%2048%20106%20103%2099%20107%2034%2049%2035%2051%20100%2036%2050%20105?page=2 HTTP/1.1" 200 - "-" "Mozilla/5.0 AppleWebKit/537.36 (KHTML, like Gecko; compatible; bingbot/2.0; +http://www.bing.com/bingbot.htm) Chrome/116.0.1938.76 Safari/537.36"
216.244.66.200 - - [09/Mar/2025:19:09:41 +0100] "GET /robots.txt HTTP/1.1" 200 1590 "-" "Mozilla/5.0 (compatible; DotBot/1.2; +https://opensiteexplorer.org/dotbot; help@moz.com)"
216.244.66.200 - - [09/Mar/2025:19:22:42 +0100] "GET /files/k%C3%83%C2%B6zgy%C3%83%C2%B3gyell%C3%83%C2%A1t%C3%83%C2%A1ssal_kapcsolatos_%C3%83%C2%BAj_e%C3%83%C2%BCm_rendelet_tervezet_6.doc HTTP/1.1" 200 - "-" "Mozilla/5.0 (compatible; DotBot/1.2; +https://opensiteexplorer.org/dotbot; help@moz.com)"
216.244.66.200 - - [09/Mar/2025:19:22:42 +0100] "GET /files/kulfoldiek_foglalkoztatasa_060316.pdf HTTP/1.1" 200 159451 "-" "Mozilla/5.0 (compatible; DotBot/1.2; +https://opensiteexplorer.org/dotbot; help@moz.com)"
216.244.66.200 - - [09/Mar/2025:19:22:54 +0100] "GET /files/nivodij_terv_091113.pdf HTTP/1.1" 200 321685 "-" "Mozilla/5.0 (compatible; DotBot/1.2; +https://opensiteexplorer.org/dotbot; help@moz.com)"
17.241.227.45 - - [09/Mar/2025:19:49:07 +0100] "GET /robots.txt HTTP/1.1" 200 1590 "-" "Mozilla/5.0 (Macintosh; Intel Mac OS X 10_15_7) AppleWebKit/605.1.15 (KHTML, like Gecko) Version/17.4 Safari/605.1.15 (Applebot/0.1; +http://www.apple.com/go/applebot)"
17.241.227.45 - - [09/Mar/2025:19:49:10 +0100] "GET /files/ekozig2010strategia_0604.pdf HTTP/1.1" 200 820659 "-" "Mozilla/5.0 (Macintosh; Intel Mac OS X 10_15_7) AppleWebKit/605.1.15 (KHTML, like Gecko) Version/17.4 Safari/605.1.15 (Applebot/0.1; +http://www.apple.com/go/applebot)"
45.148.10.238 - - [09/Mar/2025:19:54:58 +0100] "GET /.git/config HTTP/1.1" 200 - "-" "Mozilla/5.0 (Macintosh; Intel Mac OS X 10_14_4) AppleWebKit/537.36 (KHTML, like Gecko) Chrome/77.0.3829.0 Safari/537.36 Edg/77.0.197.1"
216.244.66.200 - - [09/Mar/2025:19:58:41 +0100] "GET /robots.txt HTTP/1.1" 200 1590 "-" "Mozilla/5.0 (compatible; DotBot/1.2; +https://opensiteexplorer.org/dotbot; help@moz.com)"
216.244.66.200 - - [09/Mar/2025:19:58:43 +0100] "GET /robots.txt HTTP/1.1" 200 1590 "-" "Mozilla/5.0 (compatible; DotBot/1.2; +https://opensiteexplorer.org/dotbot; help@moz.com)"
216.244.66.200 - - [09/Mar/2025:20:05:42 +0100] "GET /taxonomy/term/41 HTTP/1.1" 200 - "-" "Mozilla/5.0 (compatible; DotBot/1.2; +https://opensiteexplorer.org/dotbot; help@moz.com)"
216.244.66.200 - - [09/Mar/2025:20:14:59 +0100] "GET /files/0306_tjf_110el_t..doc HTTP/1.1" 200 780800 "-" "Mozilla/5.0 (compatible; DotBot/1.2; +https://opensiteexplorer.org/dotbot; help@moz.com)"
216.244.66.200 - - [09/Mar/2025:20:15:10 +0100] "GET /files/37per2004_ESZCSM_rend_mod_100302.doc HTTP/1.1" 200 108544 "-" "Mozilla/5.0 (compatible; DotBot/1.2; +https://opensiteexplorer.org/dotbot; help@moz.com)"
216.244.66.200 - - [09/Mar/2025:20:15:52 +0100] "GET /files/60_2004___vii__6___eszcsm_rendelet_m%C3%83%C2%B3dos%C3%83%C2%ADt%C3%83%C2%A1sa_6.doc HTTP/1.1" 200 - "-" "Mozilla/5.0 (compatible; DotBot/1.2; +https://opensiteexplorer.org/dotbot; help@moz.com)"
216.244.66.200 - - [09/Mar/2025:20:16:32 +0100] "GET /files/a_szakmai_protokollok_k%C3%83%C2%A9sz%C3%83%C2%ADt%C3%83%C2%A9s%C3%83%C2%A9nek_elj%C3%83%C2%A1r%C3%83%C2%A1srendj%C3%83%C2%A9r%C3%85%E2%80%98l_sz%C3%83%C2%B3l%C3%83%C2%B3_e%C3%83%C2%BCm_rendelet_tervezet_10.doc HTTP/1.1" 200 - "-" "Mozilla/5.0 (compatible; DotBot/1.2; +https://opensiteexplorer.org/dotbot; help@moz.com)"
216.244.66.200 - - [09/Mar/2025:20:16:53 +0100] "GET /files/alapf_muv_okt_kovet_III_060414.pdf HTTP/1.1" 200 252060 "-" "Mozilla/5.0 (compatible; DotBot/1.2; +https://opensiteexplorer.org/dotbot; help@moz.com)"
216.244.66.200 - - [09/Mar/2025:20:17:23 +0100] "GET /files/indok.pdf HTTP/1.1" 200 50987 "-" "Mozilla/5.0 (compatible; DotBot/1.2; +https://opensiteexplorer.org/dotbot; help@moz.com)"
216.244.66.200 - - [09/Mar/2025:20:19:38 +0100] "GET /node/2520 HTTP/1.1" 200 - "-" "Mozilla/5.0 (compatible; DotBot/1.2; +https://opensiteexplorer.org/dotbot; help@moz.com)"
216.244.66.200 - - [09/Mar/2025:20:20:07 +0100] "GET /node/2615 HTTP/1.1" 200 - "-" "Mozilla/5.0 (compatible; DotBot/1.2; +https://opensiteexplorer.org/dotbot; help@moz.com)"
216.244.66.200 - - [09/Mar/2025:20:20:37 +0100] "GET /node/2605 HTTP/1.1" 200 - "-" "Mozilla/5.0 (compatible; DotBot/1.2; +https://opensiteexplorer.org/dotbot; help@moz.com)"
216.244.66.200 - - [09/Mar/2025:20:29:04 +0100] "GET /node?page=82 HTTP/1.1" 200 - "-" "Mozilla/5.0 (compatible; DotBot/1.2; +https://opensiteexplorer.org/dotbot; help@moz.com)"
216.244.66.200 - - [09/Mar/2025:20:30:24 +0100] "GET /node?page=112 HTTP/1.1" 200 - "-" "Mozilla/5.0 (compatible; DotBot/1.2; +https://opensiteexplorer.org/dotbot; help@moz.com)"
216.244.66.200 - - [09/Mar/2025:20:31:14 +0100] "GET /node?page=241 HTTP/1.1" 200 - "-" "Mozilla/5.0 (compatible; DotBot/1.2; +https://opensiteexplorer.org/dotbot; help@moz.com)"
47.82.10.223 - - [09/Mar/2025:20:31:35 +0100] "GET / HTTP/1.1" 200 - "http://jogalkotas.hu" "Mozilla/5.0 (Windows NT 10.0; Win64; x64) AppleWebKit/537.36 (KHTML, like Gecko) Chrome/114.0.0.0 Safari/537.36 Edg/114.0.1823.43"
216.244.66.200 - - [09/Mar/2025:20:31:47 +0100] "GET /node/2004 HTTP/1.1" 200 - "-" "Mozilla/5.0 (compatible; DotBot/1.2; +https://opensiteexplorer.org/dotbot; help@moz.com)"
216.244.66.200 - - [09/Mar/2025:20:33:36 +0100] "GET /node?page=47 HTTP/1.1" 200 - "-" "Mozilla/5.0 (compatible; DotBot/1.2; +https://opensiteexplorer.org/dotbot; help@moz.com)"
216.244.66.200 - - [09/Mar/2025:20:34:26 +0100] "GET /node?page=65 HTTP/1.1" 200 - "-" "Mozilla/5.0 (compatible; DotBot/1.2; +https://opensiteexplorer.org/dotbot; help@moz.com)"
216.244.66.200 - - [09/Mar/2025:20:35:16 +0100] "GET /node?page=69 HTTP/1.1" 200 - "-" "Mozilla/5.0 (compatible; DotBot/1.2; +https://opensiteexplorer.org/dotbot; help@moz.com)"
216.244.66.200 - - [09/Mar/2025:20:36:06 +0100] "GET /node/1066 HTTP/1.1" 200 - "-" "Mozilla/5.0 (compatible; DotBot/1.2; +https://opensiteexplorer.org/dotbot; help@moz.com)"
40.77.167.131 - - [09/Mar/2025:20:45:55 +0100] "GET /files/elektronikus.doc HTTP/1.1" 200 43520 "-" "Mozilla/5.0 AppleWebKit/537.36 (KHTML, like Gecko; compatible; bingbot/2.0; +http://www.bing.com/bingbot.htm) Chrome/116.0.1938.76 Safari/537.36"
40.77.167.131 - - [09/Mar/2025:20:49:35 +0100] "GET /files/hjt_2008_tervezet.pdf HTTP/1.1" 200 182668 "-" "Mozilla/5.0 AppleWebKit/537.36 (KHTML, like Gecko; compatible; bingbot/2.0; +http://www.bing.com/bingbot.htm) Chrome/116.0.1938.76 Safari/537.36"
66.249.66.87 - - [09/Mar/2025:20:50:09 +0100] "GET /files/A_Digitalis_Atallas_Strategiaja.pdf HTTP/1.1" 200 1129550 "-" "Mozilla/5.0 AppleWebKit/537.36 (KHTML, like Gecko; compatible; GoogleOther) Chrome/133.0.6943.53 Safari/537.36"
66.249.66.85 - - [09/Mar/2025:20:54:08 +0100] "GET /files/termofold_igenybevetel_eloterjesztes.pdf HTTP/1.1" 200 211330 "-" "Mozilla/5.0 (Linux; Android 6.0.1; Nexus 5X Build/MMB29P) AppleWebKit/537.36 (KHTML, like Gecko) Chrome/133.0.6943.53 Mobile Safari/537.36 (compatible; GoogleOther)"
4.227.36.93 - - [09/Mar/2025:20:54:13 +0100] "GET /robots.txt HTTP/1.1" 200 1590 "-" "Mozilla/5.0 AppleWebKit/537.36 (KHTML, like Gecko; compatible; GPTBot/1.2; +https://openai.com/gptbot)"
20.171.207.98 - - [09/Mar/2025:20:54:45 +0100] "GET / HTTP/1.1" 200 - "-" "Mozilla/5.0 AppleWebKit/537.36 (KHTML, like Gecko; compatible; GPTBot/1.2; +https://openai.com/gptbot)"
216.244.66.200 - - [09/Mar/2025:21:01:02 +0100] "GET /robots.txt HTTP/1.1" 200 1590 "-" "Mozilla/5.0 (compatible; DotBot/1.2; +https://opensiteexplorer.org/dotbot; help@moz.com)"
216.244.66.200 - - [09/Mar/2025:21:01:02 +0100] "GET /robots.txt HTTP/1.1" 200 1590 "-" "Mozilla/5.0 (compatible; DotBot/1.2; +https://opensiteexplorer.org/dotbot; help@moz.com)"
40.77.167.33 - - [09/Mar/2025:21:11:38 +0100] "GET /files/norma_2.pdf HTTP/1.1" 200 311625 "-" "Mozilla/5.0 AppleWebKit/537.36 (KHTML, like Gecko; compatible; bingbot/2.0; +http://www.bing.com/bingbot.htm) Chrome/116.0.1938.76 Safari/537.36"
216.244.66.200 - - [09/Mar/2025:21:21:21 +0100] "GET /node/2557 HTTP/1.1" 200 - "-" "Mozilla/5.0 (compatible; DotBot/1.2; +https://opensiteexplorer.org/dotbot; help@moz.com)"
216.244.66.200 - - [09/Mar/2025:21:21:51 +0100] "GET /taxonomy/term/88 HTTP/1.1" 200 - "-" "Mozilla/5.0 (compatible; DotBot/1.2; +https://opensiteexplorer.org/dotbot; help@moz.com)"
