216.244.66.200 - - [05/Mar/2025:01:58:19 +0100] "GET /files/Eloterjesztes-Vedette_nyilv_fenntartasa_kozigre.pdf HTTP/1.1" 200 184434 "-" "Mozilla/5.0 (compatible; DotBot/1.2; +https://opensiteexplorer.org/dotbot; help@moz.com)"
216.244.66.200 - - [05/Mar/2025:01:59:03 +0100] "GET /files/Nepeu_program_2007_elorehaladas_tervezet.doc HTTP/1.1" 200 532455 "-" "Mozilla/5.0 (compatible; DotBot/1.2; +https://opensiteexplorer.org/dotbot; help@moz.com)"
216.244.66.200 - - [05/Mar/2025:02:00:05 +0100] "GET /files/felnottkepzes_normativ_terv_070426.pdf HTTP/1.1" 200 - "-" "Mozilla/5.0 (compatible; DotBot/1.2; +https://opensiteexplorer.org/dotbot; help@moz.com)"
216.244.66.200 - - [05/Mar/2025:02:00:34 +0100] "GET /files/fogleloseg_munknelkell_terv_090818.pdf HTTP/1.1" 200 242548 "-" "Mozilla/5.0 (compatible; DotBot/1.2; +https://opensiteexplorer.org/dotbot; help@moz.com)"
216.244.66.200 - - [05/Mar/2025:02:01:12 +0100] "GET /files/fogyasztokkal_kotott.szerzodesek_090218.doc HTTP/1.1" 200 197120 "-" "Mozilla/5.0 (compatible; DotBot/1.2; +https://opensiteexplorer.org/dotbot; help@moz.com)"
216.244.66.200 - - [05/Mar/2025:02:01:46 +0100] "GET /files/hm_rend_terv_ms_kereso_foglalkozas.pdf HTTP/1.1" 200 103566 "-" "Mozilla/5.0 (compatible; DotBot/1.2; +https://opensiteexplorer.org/dotbot; help@moz.com)"
216.244.66.200 - - [05/Mar/2025:02:02:24 +0100] "GET /files/kozigazgatasi_egyeztetesre_20100221.pdf HTTP/1.1" 200 218541 "-" "Mozilla/5.0 (compatible; DotBot/1.2; +https://opensiteexplorer.org/dotbot; help@moz.com)"
216.244.66.200 - - [05/Mar/2025:02:03:00 +0100] "GET /files/mgexportkorm.elterjeszts20070710.pdf HTTP/1.1" 200 79382 "-" "Mozilla/5.0 (compatible; DotBot/1.2; +https://opensiteexplorer.org/dotbot; help@moz.com)"
216.244.66.200 - - [05/Mar/2025:02:03:37 +0100] "GET /files/szakkepzes_megkezd_atdolg_valt_060210.pdf HTTP/1.1" 200 174561 "-" "Mozilla/5.0 (compatible; DotBot/1.2; +https://opensiteexplorer.org/dotbot; help@moz.com)"
216.244.66.200 - - [05/Mar/2025:02:04:18 +0100] "GET /files/szolo_mellekterek_velemenyezesre.pdf HTTP/1.1" 200 221396 "-" "Mozilla/5.0 (compatible; DotBot/1.2; +https://opensiteexplorer.org/dotbot; help@moz.com)"
216.244.66.200 - - [05/Mar/2025:02:05:22 +0100] "GET /files/34_2004___iv__26___eszcsm_rendelet_m%C3%83%C2%B3dos%C3%83%C2%ADt%C3%83%C2%A1sa_6.doc HTTP/1.1" 200 - "-" "Mozilla/5.0 (compatible; DotBot/1.2; +https://opensiteexplorer.org/dotbot; help@moz.com)"
216.244.66.200 - - [05/Mar/2025:02:06:12 +0100] "GET /files/Ad%C3%83%C2%B3t%C3%83%C2%B6rv%C3%83%C2%A9ny_normasz%C3%83%C2%B6veg_0912.doc HTTP/1.1" 200 - "-" "Mozilla/5.0 (compatible; DotBot/1.2; +https://opensiteexplorer.org/dotbot; help@moz.com)"
216.244.66.200 - - [05/Mar/2025:02:07:03 +0100] "GET /taxonomy/term/37/0/feed HTTP/1.1" 200 - "-" "Mozilla/5.0 (compatible; DotBot/1.2; +https://opensiteexplorer.org/dotbot; help@moz.com)"
216.244.66.200 - - [05/Mar/2025:02:07:54 +0100] "GET /taxonomy/term/66/0/feed HTTP/1.1" 200 - "-" "Mozilla/5.0 (compatible; DotBot/1.2; +https://opensiteexplorer.org/dotbot; help@moz.com)"
216.244.66.200 - - [05/Mar/2025:02:08:44 +0100] "GET /taxonomy/term/72/0/feed HTTP/1.1" 200 - "-" "Mozilla/5.0 (compatible; DotBot/1.2; +https://opensiteexplorer.org/dotbot; help@moz.com)"
216.244.66.200 - - [05/Mar/2025:02:09:35 +0100] "GET /files/FVM%20bor%C3%83%C2%A1szati%20%C3%83%C2%BCzemek%20m%C3%85%C2%B1k%C3%83%C2%B6d%C3%83%C2%A9se.doc HTTP/1.1" 200 - "-" "Mozilla/5.0 (compatible; DotBot/1.2; +https://opensiteexplorer.org/dotbot; help@moz.com)"
216.244.66.200 - - [05/Mar/2025:02:10:26 +0100] "GET /taxonomy/term/80/0/feed HTTP/1.1" 200 - "-" "Mozilla/5.0 (compatible; DotBot/1.2; +https://opensiteexplorer.org/dotbot; help@moz.com)"
216.244.66.200 - - [05/Mar/2025:02:27:01 +0100] "GET /robots.txt HTTP/1.1" 200 1590 "-" "Mozilla/5.0 (compatible; DotBot/1.2; +https://opensiteexplorer.org/dotbot; help@moz.com)"
216.244.66.200 - - [05/Mar/2025:02:43:01 +0100] "GET /files/150_mod_070817.pdf HTTP/1.1" 200 201326 "-" "Mozilla/5.0 (compatible; DotBot/1.2; +https://opensiteexplorer.org/dotbot; help@moz.com)"
216.244.66.200 - - [05/Mar/2025:02:43:13 +0100] "GET /files/1998_94_mod_terv_090807.pdf HTTP/1.1" 200 376438 "-" "Mozilla/5.0 (compatible; DotBot/1.2; +https://opensiteexplorer.org/dotbot; help@moz.com)"
216.244.66.200 - - [05/Mar/2025:02:43:25 +0100] "GET /files/HR_monitoring_20081121.doc HTTP/1.1" 200 69120 "-" "Mozilla/5.0 (compatible; DotBot/1.2; +https://opensiteexplorer.org/dotbot; help@moz.com)"
216.244.66.200 - - [05/Mar/2025:02:44:07 +0100] "GET /files/harmasmelleklet.doc HTTP/1.1" 200 - "-" "Mozilla/5.0 (compatible; DotBot/1.2; +https://opensiteexplorer.org/dotbot; help@moz.com)"
216.244.66.200 - - [05/Mar/2025:02:44:16 +0100] "GET /files/iskolaszovetkezet.pdf HTTP/1.1" 200 134085 "-" "Mozilla/5.0 (compatible; DotBot/1.2; +https://opensiteexplorer.org/dotbot; help@moz.com)"
216.244.66.200 - - [05/Mar/2025:02:44:56 +0100] "GET /files/kbt_modhonlapra.pdf HTTP/1.1" 200 697530 "-" "Mozilla/5.0 (compatible; DotBot/1.2; +https://opensiteexplorer.org/dotbot; help@moz.com)"
216.244.66.200 - - [05/Mar/2025:02:45:29 +0100] "GET /files/koltsegmentes.doc HTTP/1.1" 200 70656 "-" "Mozilla/5.0 (compatible; DotBot/1.2; +https://opensiteexplorer.org/dotbot; help@moz.com)"
216.244.66.200 - - [05/Mar/2025:02:46:09 +0100] "GET /files/kozokt_tam_terv_070727.pdf HTTP/1.1" 200 250253 "-" "Mozilla/5.0 (compatible; DotBot/1.2; +https://opensiteexplorer.org/dotbot; help@moz.com)"
216.244.66.200 - - [05/Mar/2025:02:46:41 +0100] "GET /files/kul_ved_terv_070412.pdf HTTP/1.1" 200 124017 "-" "Mozilla/5.0 (compatible; DotBot/1.2; +https://opensiteexplorer.org/dotbot; help@moz.com)"
216.244.66.200 - - [05/Mar/2025:02:47:32 +0100] "GET /files/ped_szax_terv_090626.pdf HTTP/1.1" 200 287747 "-" "Mozilla/5.0 (compatible; DotBot/1.2; +https://opensiteexplorer.org/dotbot; help@moz.com)"
216.244.66.200 - - [05/Mar/2025:02:48:23 +0100] "GET /files/t_csomag_08_09_18_honlapra.doc HTTP/1.1" 200 235617 "-" "Mozilla/5.0 (compatible; DotBot/1.2; +https://opensiteexplorer.org/dotbot; help@moz.com)"
216.244.66.200 - - [05/Mar/2025:02:48:53 +0100] "GET /files/2per2004_eum_rend_mod_080624.doc HTTP/1.1" 200 35840 "-" "Mozilla/5.0 (compatible; DotBot/1.2; +https://opensiteexplorer.org/dotbot; help@moz.com)"
216.244.66.200 - - [05/Mar/2025:02:49:44 +0100] "GET /files/Gjz_rendelet_tervezete_090909.doc HTTP/1.1" 200 433993 "-" "Mozilla/5.0 (compatible; DotBot/1.2; +https://opensiteexplorer.org/dotbot; help@moz.com)"
216.244.66.200 - - [05/Mar/2025:02:50:30 +0100] "GET /files/Szamos-Krasznakozi_szakmapol%202010_01_25_KOZIG.pdf HTTP/1.1" 200 248386 "-" "Mozilla/5.0 (compatible; DotBot/1.2; +https://opensiteexplorer.org/dotbot; help@moz.com)"
216.244.66.200 - - [05/Mar/2025:02:51:33 +0100] "GET /files/Telep%C3%83%C2%BCl%C3%83%C2%A9s2009j%C3%83%C2%BAlius.pdf HTTP/1.1" 200 - "-" "Mozilla/5.0 (compatible; DotBot/1.2; +https://opensiteexplorer.org/dotbot; help@moz.com)"
216.244.66.200 - - [05/Mar/2025:02:52:12 +0100] "GET /files/alapf_muv_okt_kovet_IV_060414.pdf HTTP/1.1" 200 290644 "-" "Mozilla/5.0 (compatible; DotBot/1.2; +https://opensiteexplorer.org/dotbot; help@moz.com)"
216.244.66.200 - - [05/Mar/2025:02:53:03 +0100] "GET /files/pp_eloterjesztes_0324_honlapra.doc HTTP/1.1" 200 382464 "-" "Mozilla/5.0 (compatible; DotBot/1.2; +https://opensiteexplorer.org/dotbot; help@moz.com)"
216.244.66.200 - - [05/Mar/2025:02:53:41 +0100] "GET /files/telekatalakitasi_tervezet_velemenyezesre.pdf HTTP/1.1" 200 129651 "-" "Mozilla/5.0 (compatible; DotBot/1.2; +https://opensiteexplorer.org/dotbot; help@moz.com)"
216.244.66.200 - - [05/Mar/2025:02:54:44 +0100] "GET /files/2.%20%20sz%C3%83%C2%A1m%C3%83%C2%BA%20mell%C3%83%C2%A9klet.doc HTTP/1.1" 200 - "-" "Mozilla/5.0 (compatible; DotBot/1.2; +https://opensiteexplorer.org/dotbot; help@moz.com)"
216.244.66.200 - - [05/Mar/2025:02:55:07 +0100] "GET /files/_bdlgmeub1e8g2q83jf9m6utl0dcg6aprpg5q78r86vdlp8p42ecp30c1m_.pdf HTTP/1.1" 200 156509 "-" "Mozilla/5.0 (compatible; DotBot/1.2; +https://opensiteexplorer.org/dotbot; help@moz.com)"
152.53.64.157 - - [05/Mar/2025:02:57:36 +0100] "GET /node/1158 HTTP/1.1" 200 - "-" "Mozilla/5.0 (Windows NT 10.0; Win64; x64) AppleWebKit/537.36 (KHTML, like Gecko) Chrome/100.0.4584.393 Safari/537.36"
54.177.63.122 - - [05/Mar/2025:03:05:43 +0100] "GET / HTTP/1.1" 200 - "-" "bitdiscovery-suggestions"
194.0.234.204 - - [05/Mar/2025:03:06:29 +0100] "GET /.env HTTP/1.1" 200 - "-" "Mozilla/5.0 (Linux; U; Android 4.4.2; en-US; HM NOTE 1W Build/KOT49H) AppleWebKit/534.30 (KHTML, like Gecko) Version/4.0 UCBrowser/11.0.5.850 U3/0.8.0 Mobile Safari/534.30"
52.167.144.203 - - [05/Mar/2025:03:10:57 +0100] "GET /files/a_jogszabalyok_elokesziteseben_valo_tarsadalmi_reszvetelrol.pdf HTTP/1.1" 304 - "-" "Mozilla/5.0 AppleWebKit/537.36 (KHTML, like Gecko; compatible; bingbot/2.0; +http://www.bing.com/bingbot.htm) Chrome/116.0.1938.76 Safari/537.36"
216.244.66.200 - - [05/Mar/2025:03:11:41 +0100] "GET /robots.txt HTTP/1.1" 200 1590 "-" "Mozilla/5.0 (compatible; DotBot/1.2; +https://opensiteexplorer.org/dotbot; help@moz.com)"
216.244.66.200 - - [05/Mar/2025:03:18:21 +0100] "GET /files/szoc_rendeletek_terv_080414.pdf HTTP/1.1" 200 241368 "-" "Mozilla/5.0 (compatible; DotBot/1.2; +https://opensiteexplorer.org/dotbot; help@moz.com)"
216.244.66.200 - - [05/Mar/2025:03:19:02 +0100] "GET /files/tervezet_4_2008_mod.pdf HTTP/1.1" 200 118701 "-" "Mozilla/5.0 (compatible; DotBot/1.2; +https://opensiteexplorer.org/dotbot; help@moz.com)"
216.244.66.200 - - [05/Mar/2025:03:19:36 +0100] "GET /files/19D8B89BD24C96C9C125721800386E5E.htm.txt HTTP/1.1" 200 6613 "-" "Mozilla/5.0 (compatible; DotBot/1.2; +https://opensiteexplorer.org/dotbot; help@moz.com)"
216.244.66.200 - - [05/Mar/2025:03:20:38 +0100] "GET /files/25%202000%20megfelel%C3%85%E2%80%98s%C3%83%C2%A9gi.doc HTTP/1.1" 200 - "-" "Mozilla/5.0 (compatible; DotBot/1.2; +https://opensiteexplorer.org/dotbot; help@moz.com)"
216.244.66.200 - - [05/Mar/2025:03:21:05 +0100] "GET /files/Boszia_Hercegovina_szoc_bizt_egy_081028.doc HTTP/1.1" 200 232448 "-" "Mozilla/5.0 (compatible; DotBot/1.2; +https://opensiteexplorer.org/dotbot; help@moz.com)"
216.244.66.200 - - [05/Mar/2025:03:21:39 +0100] "GET /files/novenyvedelmi_birsag_korm_rendelet_060525.pdf HTTP/1.1" 200 27972 "-" "Mozilla/5.0 (compatible; DotBot/1.2; +https://opensiteexplorer.org/dotbot; help@moz.com)"
216.244.66.200 - - [05/Mar/2025:03:22:14 +0100] "GET /files/szjt_szakmai_egyeztetes_20080404.doc HTTP/1.1" 200 516608 "-" "Mozilla/5.0 (compatible; DotBot/1.2; +https://opensiteexplorer.org/dotbot; help@moz.com)"
216.244.66.200 - - [05/Mar/2025:03:22:45 +0100] "GET /files/0125_KvVM_rend.___hg.hiteles_t_si.tev_k.szab_lyai__J3.doc HTTP/1.1" 200 250880 "-" "Mozilla/5.0 (compatible; DotBot/1.2; +https://opensiteexplorer.org/dotbot; help@moz.com)"
216.244.66.200 - - [05/Mar/2025:03:23:14 +0100] "GET /files/bevetelek_felhasznalasarol_es_elszamolasarol_tervezet.pdf HTTP/1.1" 200 103912 "-" "Mozilla/5.0 (compatible; DotBot/1.2; +https://opensiteexplorer.org/dotbot; help@moz.com)"
216.244.66.200 - - [05/Mar/2025:03:33:04 +0100] "GET /taxonomy/term/108/0/feed HTTP/1.1" 200 - "-" "Mozilla/5.0 (compatible; DotBot/1.2; +https://opensiteexplorer.org/dotbot; help@moz.com)"
216.244.66.200 - - [05/Mar/2025:03:33:55 +0100] "GET /taxonomy/term/68/0/feed HTTP/1.1" 200 - "-" "Mozilla/5.0 (compatible; DotBot/1.2; +https://opensiteexplorer.org/dotbot; help@moz.com)"
66.249.66.86 - - [05/Mar/2025:03:40:52 +0100] "GET /files/ptk.csaladjog.pdf HTTP/1.1" 304 - "-" "Mozilla/5.0 (Linux; Android 6.0.1; Nexus 5X Build/MMB29P) AppleWebKit/537.36 (KHTML, like Gecko) Chrome/133.0.6943.53 Mobile Safari/537.36 (compatible; Googlebot/2.1; +http://www.google.com/bot.html)"
18.144.79.82 - - [05/Mar/2025:04:34:55 +0100] "GET / HTTP/1.1" 200 - "-" "bitdiscovery-suggestions"
66.249.66.4 - - [05/Mar/2025:05:26:36 +0100] "GET /files/ekozig_strategia.pdf HTTP/1.1" 200 731185 "-" "Googlebot/2.1 (+http://www.google.com/bot.html)"
66.249.66.85 - - [05/Mar/2025:05:47:54 +0100] "GET /files/ekozig2010strategia_0604.pdf HTTP/1.1" 200 820659 "-" "Mozilla/5.0 AppleWebKit/537.36 (KHTML, like Gecko; compatible; GoogleOther) Chrome/133.0.6943.53 Safari/537.36"
37.120.184.190 - - [05/Mar/2025:05:48:09 +0100] "GET /node/1157 HTTP/1.1" 200 - "-" "Mozilla/5.0 (Windows NT 10.0; Win64; x64) AppleWebKit/537.36 (KHTML, like Gecko) Chrome/100.0.5543.262 Safari/537.36"
216.244.66.200 - - [05/Mar/2025:06:16:51 +0100] "GET /robots.txt HTTP/1.1" 200 1590 "-" "Mozilla/5.0 (compatible; DotBot/1.2; +https://opensiteexplorer.org/dotbot; help@moz.com)"
52.167.144.235 - - [05/Mar/2025:06:35:00 +0100] "GET /files/3R106_2.pdf HTTP/1.1" 200 283007 "-" "Mozilla/5.0 AppleWebKit/537.36 (KHTML, like Gecko; compatible; bingbot/2.0; +http://www.bing.com/bingbot.htm) Chrome/116.0.1938.76 Safari/537.36"
216.244.66.200 - - [05/Mar/2025:06:37:35 +0100] "GET /files/magyar-szloven_bunuldozo_szervek.doc HTTP/1.1" 200 284672 "-" "Mozilla/5.0 (compatible; DotBot/1.2; +https://opensiteexplorer.org/dotbot; help@moz.com)"
216.244.66.200 - - [05/Mar/2025:06:37:51 +0100] "GET /files/novenyvedoszer_velemenyezesre_061221.pdf HTTP/1.1" 200 200230 "-" "Mozilla/5.0 (compatible; DotBot/1.2; +https://opensiteexplorer.org/dotbot; help@moz.com)"
216.244.66.200 - - [05/Mar/2025:06:38:27 +0100] "GET /files/okj_melleklet_060321_alligra.pdf HTTP/1.1" 200 86930 "-" "Mozilla/5.0 (compatible; DotBot/1.2; +https://opensiteexplorer.org/dotbot; help@moz.com)"
216.244.66.200 - - [05/Mar/2025:06:39:03 +0100] "GET /files/kozigazgatasi,_szakmai-erdekkepviseleti_egyeztetesre_bocsatott_tervezet_honlap.doc HTTP/1.1" 200 92672 "-" "Mozilla/5.0 (compatible; DotBot/1.2; +https://opensiteexplorer.org/dotbot; help@moz.com)"
216.244.66.200 - - [05/Mar/2025:06:42:07 +0100] "GET /files/elj%C3%83%C2%A1r%C3%83%C2%A1srend%20hat%C3%83%C2%A1ron%20t%C3%83%C2%BAliak%20t%C3%83%C2%A1rc%C3%83%C2%A1ra%2012.11..doc HTTP/1.1" 200 - "-" "Mozilla/5.0 (compatible; DotBot/1.2; +https://opensiteexplorer.org/dotbot; help@moz.com)"
216.244.66.200 - - [05/Mar/2025:06:42:58 +0100] "GET /files/menet%C3%83%C2%ADr%C3%83%C2%B3%20k%C3%83%C2%A9sz%C3%83%C2%BCl%C3%83%C2%A9k-k%C3%83%C2%B6zig_egyzetet%C3%83%C2%A9sre_GKM_tervezet.doc HTTP/1.1" 200 - "-" "Mozilla/5.0 (compatible; DotBot/1.2; +https://opensiteexplorer.org/dotbot; help@moz.com)"
216.244.66.200 - - [05/Mar/2025:06:44:59 +0100] "GET /files/a_szakmai_protokollok_k%C3%83%C2%A9sz%C3%83%C2%ADt%C3%83%C2%A9s%C3%83%C2%A9nek_elj%C3%83%C2%A1r%C3%83%C2%A1srendj%C3%83%C2%A9r%C3%85%E2%80%98l_sz%C3%83%C2%B3l%C3%83%C2%B3_e%C3%83%C2%BCm_rendelet_tervezet_8.doc HTTP/1.1" 200 - "-" "Mozilla/5.0 (compatible; DotBot/1.2; +https://opensiteexplorer.org/dotbot; help@moz.com)"
40.77.167.14 - - [05/Mar/2025:06:46:26 +0100] "GET /files/tamop_terv_090528.pdf HTTP/1.1" 304 - "-" "Mozilla/5.0 AppleWebKit/537.36 (KHTML, like Gecko; compatible; bingbot/2.0; +http://www.bing.com/bingbot.htm) Chrome/116.0.1938.76 Safari/537.36"
66.249.66.85 - - [05/Mar/2025:07:18:52 +0100] "GET /files/14per2007_mod_terv.doc HTTP/1.1" 304 - "-" "Mozilla/5.0 (Linux; Android 6.0.1; Nexus 5X Build/MMB29P) AppleWebKit/537.36 (KHTML, like Gecko) Chrome/133.0.6943.53 Mobile Safari/537.36 (compatible; Googlebot/2.1; +http://www.google.com/bot.html)"
216.244.66.200 - - [05/Mar/2025:08:05:15 +0100] "GET /robots.txt HTTP/1.1" 200 1590 "-" "Mozilla/5.0 (compatible; DotBot/1.2; +https://opensiteexplorer.org/dotbot; help@moz.com)"
51.210.214.160 - - [05/Mar/2025:08:09:02 +0100] "GET /taxonomy/term/89/0/feed HTTP/1.1" 200 - "-" "Mozilla/5.0 (X11; Linux i686) AppleWebKit/537.36 (KHTML, like Gecko) Chrome/30.0.1599.66 Safari/537.36"
216.244.66.200 - - [05/Mar/2025:08:09:03 +0100] "GET /files/0223_T_rc_ra_H_v_z_rendelet.doc HTTP/1.1" 200 62464 "-" "Mozilla/5.0 (compatible; DotBot/1.2; +https://opensiteexplorer.org/dotbot; help@moz.com)"
46.105.29.2 - - [05/Mar/2025:08:09:09 +0100] "GET / HTTP/1.1" 200 - "-" "Mozilla/5.0 (Windows NT 10.0; Win64; x64) AppleWebKit/537.36 (KHTML, like Gecko) Chrome/88.0.4240.193 Safari/537.36"
46.105.29.2 - - [05/Mar/2025:08:09:41 +0100] "GET / HTTP/1.1" 200 - "-" "Mozilla/5.0 (Windows NT 10.0; Win64; x64) AppleWebKit/537.36 (KHTML, like Gecko) Chrome/88.0.4240.193 Safari/537.36"
46.105.29.2 - - [05/Mar/2025:08:10:13 +0100] "GET /wp-includes/wlwmanifest.xml HTTP/1.1" 200 - "-" "Mozilla/5.0 (Windows NT 10.0; Win64; x64) AppleWebKit/537.36 (KHTML, like Gecko) Chrome/88.0.4240.193 Safari/537.36"
47.128.99.186 - - [05/Mar/2025:08:20:01 +0100] "GET /robots.txt HTTP/1.1" 200 1590 "-" "Mozilla/5.0 (Linux; Android 5.0) AppleWebKit/537.36 (KHTML, like Gecko) Mobile Safari/537.36 (compatible; Bytespider; spider-feedback@bytedance.com)"
47.128.34.200 - - [05/Mar/2025:08:24:33 +0100] "GET /taxonomy/term/53?page=8 HTTP/1.1" 200 - "-" "Mozilla/5.0 (Linux; Android 5.0) AppleWebKit/537.36 (KHTML, like Gecko) Mobile Safari/537.36 (compatible; Bytespider; spider-feedback@bytedance.com)"
66.249.66.87 - - [05/Mar/2025:08:49:29 +0100] "GET /user/password HTTP/1.1" 200 - "-" "Mozilla/5.0 (Linux; Android 6.0.1; Nexus 5X Build/MMB29P) AppleWebKit/537.36 (KHTML, like Gecko) Chrome/133.0.6943.53 Mobile Safari/537.36 (compatible; Googlebot/2.1; +http://www.google.com/bot.html)"
216.244.66.200 - - [05/Mar/2025:08:50:53 +0100] "GET /robots.txt HTTP/1.1" 200 1590 "-" "Mozilla/5.0 (compatible; DotBot/1.2; +https://opensiteexplorer.org/dotbot; help@moz.com)"
216.244.66.200 - - [05/Mar/2025:08:50:53 +0100] "GET /robots.txt HTTP/1.1" 200 1590 "-" "Mozilla/5.0 (compatible; DotBot/1.2; +https://opensiteexplorer.org/dotbot; help@moz.com)"
216.244.66.200 - - [05/Mar/2025:08:55:17 +0100] "GET /files/Lakhely_megismer_rendeletek_tervezet10.20._0.doc HTTP/1.1" 200 139776 "-" "Mozilla/5.0 (compatible; DotBot/1.2; +https://opensiteexplorer.org/dotbot; help@moz.com)"
66.249.66.85 - - [05/Mar/2025:09:07:19 +0100] "GET /files/0306_T_rc_ra__ti_csiga.doc HTTP/1.1" 304 - "-" "Mozilla/5.0 (Linux; Android 6.0.1; Nexus 5X Build/MMB29P) AppleWebKit/537.36 (KHTML, like Gecko) Chrome/133.0.6943.141 Mobile Safari/537.36 (compatible; Googlebot/2.1; +http://www.google.com/bot.html)"
216.244.66.200 - - [05/Mar/2025:09:17:57 +0100] "GET /files/2.%20sz%C3%83%C2%A1m%C3%83%C2%BA%20mell%C3%83%C2%A9klet-t%C3%83%C2%A1rc%C3%83%C2%A1ra.doc HTTP/1.1" 200 - "-" "Mozilla/5.0 (compatible; DotBot/1.2; +https://opensiteexplorer.org/dotbot; help@moz.com)"
216.244.66.200 - - [05/Mar/2025:09:18:49 +0100] "GET /taxonomy/term/26/0/feed HTTP/1.1" 200 - "-" "Mozilla/5.0 (compatible; DotBot/1.2; +https://opensiteexplorer.org/dotbot; help@moz.com)"
216.244.66.200 - - [05/Mar/2025:09:38:00 +0100] "GET /robots.txt HTTP/1.1" 200 1590 "-" "Mozilla/5.0 (compatible; DotBot/1.2; +https://opensiteexplorer.org/dotbot; help@moz.com)"
84.206.12.162 - - [05/Mar/2025:09:38:21 +0100] "GET /files/ooszi.pdf HTTP/1.1" 200 429252 "https://www.google.com/" "Mozilla/5.0 (Windows NT 10.0; Win64; x64; rv:136.0) Gecko/20100101 Firefox/136.0"
66.249.66.85 - - [05/Mar/2025:09:40:34 +0100] "GET /taxonomy/term/40 HTTP/1.1" 200 - "-" "Mozilla/5.0 (Linux; Android 6.0.1; Nexus 5X Build/MMB29P) AppleWebKit/537.36 (KHTML, like Gecko) Chrome/133.0.6943.53 Mobile Safari/537.36 (compatible; Googlebot/2.1; +http://www.google.com/bot.html)"
216.244.66.200 - - [05/Mar/2025:09:42:36 +0100] "GET /files/Lakhely_megismer_rendeletek_tervezet10.20..doc HTTP/1.1" 200 140288 "-" "Mozilla/5.0 (compatible; DotBot/1.2; +https://opensiteexplorer.org/dotbot; help@moz.com)"
216.244.66.200 - - [05/Mar/2025:09:43:19 +0100] "GET /files/Szamos-Krasznakozi_szakmapol%202010_01_25_KOZIG.pdf HTTP/1.1" 200 248386 "-" "Mozilla/5.0 (compatible; DotBot/1.2; +https://opensiteexplorer.org/dotbot; help@moz.com)"
37.220.133.161 - - [05/Mar/2025:10:03:48 +0100] "GET /files/ptk.csaladjog_0.pdf HTTP/1.1" 200 429444 "https://www.google.com/" "Mozilla/5.0 (Windows NT 10.0; Win64; x64; rv:135.0) Gecko/20100101 Firefox/135.0"
37.220.133.161 - - [05/Mar/2025:10:04:13 +0100] "GET /files/ptk.csaladjog_0.pdf HTTP/1.1" 200 429444 "https://www.google.com/" "Mozilla/5.0 (Windows NT 10.0; Win64; x64; rv:135.0) Gecko/20100101 Firefox/135.0"
37.220.133.161 - - [05/Mar/2025:10:04:22 +0100] "GET /files/ptk.csaladjog_0.pdf HTTP/1.1" 200 429444 "https://www.google.com/" "Mozilla/5.0 (Windows NT 10.0; Win64; x64; rv:135.0) Gecko/20100101 Firefox/135.0"
66.249.66.87 - - [05/Mar/2025:10:05:57 +0100] "GET /files/statutum.doc HTTP/1.1" 304 - "-" "Mozilla/5.0 (Linux; Android 6.0.1; Nexus 5X Build/MMB29P) AppleWebKit/537.36 (KHTML, like Gecko) Chrome/133.0.6943.53 Mobile Safari/537.36 (compatible; Googlebot/2.1; +http://www.google.com/bot.html)"
54.36.149.26 - - [05/Mar/2025:10:20:29 +0100] "GET /robots.txt HTTP/1.1" 200 1590 "-" "Mozilla/5.0 (compatible; AhrefsBot/7.0; +http://ahrefs.com/robot/)"
64.251.10.90 - - [05/Mar/2025:10:26:02 +0100] "GET /files/CSG-GA-jogalkotas_einfoszab_1120.ppt HTTP/1.0" 200 16939 "-" "-"
216.244.66.200 - - [05/Mar/2025:10:26:08 +0100] "GET /robots.txt HTTP/1.1" 200 1590 "-" "Mozilla/5.0 (compatible; DotBot/1.2; +https://opensiteexplorer.org/dotbot; help@moz.com)"
216.244.66.200 - - [05/Mar/2025:10:26:08 +0100] "GET /robots.txt HTTP/1.1" 200 1590 "-" "Mozilla/5.0 (compatible; DotBot/1.2; +https://opensiteexplorer.org/dotbot; help@moz.com)"
216.244.66.200 - - [05/Mar/2025:10:37:06 +0100] "GET /files/R1802rendelet.pdf HTTP/1.1" 200 149263 "-" "Mozilla/5.0 (compatible; DotBot/1.2; +https://opensiteexplorer.org/dotbot; help@moz.com)"
216.244.66.200 - - [05/Mar/2025:10:37:19 +0100] "GET /files/kv_tv_vg_tv_szt.pdf HTTP/1.1" 200 286658 "-" "Mozilla/5.0 (compatible; DotBot/1.2; +https://opensiteexplorer.org/dotbot; help@moz.com)"
65.21.113.194 - - [05/Mar/2025:10:40:21 +0100] "GET /robots.txt HTTP/1.1" 200 1590 "-" "Mozilla/5.0 (compatible; AwarioBot/1.0; +https://awario.com/bots.html)"
65.21.113.194 - - [05/Mar/2025:10:40:52 +0100] "GET /drupal/ HTTP/1.1" 200 - "-" "Mozilla/5.0 (compatible; AwarioBot/1.0; +https://awario.com/bots.html)"
66.249.66.1 - - [05/Mar/2025:10:44:47 +0100] "GET / HTTP/1.1" 200 - "-" "Mozilla/5.0 (Linux; Android 6.0.1; Nexus 5X Build/MMB29P) AppleWebKit/537.36 (KHTML, like Gecko) Chrome/99.0.4844.84 Mobile Safari/537.36 (compatible; Googlebot/2.1; +http://www.google.com/bot.html)"
66.249.66.1 - - [05/Mar/2025:10:45:19 +0100] "GET / HTTP/1.1" 200 - "-" "Mozilla/5.0 (compatible; Googlebot/2.1; +http://www.google.com/bot.html)"
66.249.66.22 - - [05/Mar/2025:10:45:51 +0100] "GET / HTTP/1.1" 200 - "-" "Mozilla/5.0 (Linux; Android 6.0.1; Nexus 5X Build/MMB29P) AppleWebKit/537.36 (KHTML, like Gecko) Chrome/133.0.6943.53 Mobile Safari/537.36 (compatible; Googlebot/2.1; +http://www.google.com/bot.html)"
66.249.66.22 - - [05/Mar/2025:10:46:23 +0100] "GET / HTTP/1.1" 200 - "-" "Mozilla/5.0 (compatible; Googlebot/2.1; +http://www.google.com/bot.html)"
66.249.66.2 - - [05/Mar/2025:10:54:54 +0100] "GET /files/korm_vet_epit.pdf HTTP/1.1" 304 - "-" "Mozilla/5.0 (Linux; Android 6.0.1; Nexus 5X Build/MMB29P) AppleWebKit/537.36 (KHTML, like Gecko) Chrome/133.0.6943.53 Mobile Safari/537.36 (compatible; Googlebot/2.1; +http://www.google.com/bot.html)"
216.244.66.200 - - [05/Mar/2025:10:55:34 +0100] "GET /files/nem_uzleti_eloterj_2_vezetoi_osszefoglalo_061129.pdf HTTP/1.1" 200 147163 "-" "Mozilla/5.0 (compatible; DotBot/1.2; +https://opensiteexplorer.org/dotbot; help@moz.com)"
216.244.66.200 - - [05/Mar/2025:10:56:39 +0100] "GET /user/10/notify HTTP/1.1" 200 - "-" "Mozilla/5.0 (compatible; DotBot/1.2; +https://opensiteexplorer.org/dotbot; help@moz.com)"
216.244.66.200 - - [05/Mar/2025:10:57:33 +0100] "GET /taxonomy/term/76/0/feed HTTP/1.1" 200 - "-" "Mozilla/5.0 (compatible; DotBot/1.2; +https://opensiteexplorer.org/dotbot; help@moz.com)"
216.244.66.200 - - [05/Mar/2025:10:58:09 +0100] "GET /taxonomy/term/3/0/feed HTTP/1.1" 200 - "-" "Mozilla/5.0 (compatible; DotBot/1.2; +https://opensiteexplorer.org/dotbot; help@moz.com)"
66.249.66.87 - - [05/Mar/2025:11:08:26 +0100] "GET /taxonomy/term/40 HTTP/1.1" 200 - "-" "Mozilla/5.0 (Linux; Android 6.0.1; Nexus 5X Build/MMB29P) AppleWebKit/537.36 (KHTML, like Gecko) Chrome/133.0.6943.53 Mobile Safari/537.36 (compatible; GoogleOther)"
216.244.66.200 - - [05/Mar/2025:11:13:21 +0100] "GET /robots.txt HTTP/1.1" 200 1590 "-" "Mozilla/5.0 (compatible; DotBot/1.2; +https://opensiteexplorer.org/dotbot; help@moz.com)"
216.244.66.200 - - [05/Mar/2025:11:33:24 +0100] "GET /files/esztergom2.doc HTTP/1.1" 200 38912 "-" "Mozilla/5.0 (compatible; DotBot/1.2; +https://opensiteexplorer.org/dotbot; help@moz.com)"
216.244.66.200 - - [05/Mar/2025:11:33:58 +0100] "GET /files/gyamhatosag_eloterj_061204.pdf HTTP/1.1" 200 471644 "-" "Mozilla/5.0 (compatible; DotBot/1.2; +https://opensiteexplorer.org/dotbot; help@moz.com)"
216.244.66.200 - - [05/Mar/2025:11:34:37 +0100] "GET /files/hallgatoi_juttatasok_090806.pdf HTTP/1.1" 200 219022 "-" "Mozilla/5.0 (compatible; DotBot/1.2; +https://opensiteexplorer.org/dotbot; help@moz.com)"
216.244.66.200 - - [05/Mar/2025:11:35:23 +0100] "GET /files/integracio_081212.pdf HTTP/1.1" 200 254788 "-" "Mozilla/5.0 (compatible; DotBot/1.2; +https://opensiteexplorer.org/dotbot; help@moz.com)"
216.244.66.200 - - [05/Mar/2025:11:36:01 +0100] "GET /files/itkr_3_sz_melleklet_061031.pdf HTTP/1.1" 200 150951 "-" "Mozilla/5.0 (compatible; DotBot/1.2; +https://opensiteexplorer.org/dotbot; help@moz.com)"
216.244.66.200 - - [05/Mar/2025:11:36:44 +0100] "GET /files/100_1997_mod_eloterj_szakmind_terv_090904.pdf HTTP/1.1" 200 156046 "-" "Mozilla/5.0 (compatible; DotBot/1.2; +https://opensiteexplorer.org/dotbot; help@moz.com)"
216.244.66.200 - - [05/Mar/2025:11:37:27 +0100] "GET /files/Eloterjesztes_kozigazgatasi_egyeztetesre_20091209.pdf HTTP/1.1" 200 263035 "-" "Mozilla/5.0 (compatible; DotBot/1.2; +https://opensiteexplorer.org/dotbot; help@moz.com)"
216.244.66.200 - - [05/Mar/2025:11:38:13 +0100] "GET /files/drogback_eloterj_4_ogy_hatarozat_061129.pdf HTTP/1.1" 200 161887 "-" "Mozilla/5.0 (compatible; DotBot/1.2; +https://opensiteexplorer.org/dotbot; help@moz.com)"
216.244.66.200 - - [05/Mar/2025:11:39:01 +0100] "GET /files/hm_rendelet_tervezet_27_2008_modositas.pdf HTTP/1.1" 200 237623 "-" "Mozilla/5.0 (compatible; DotBot/1.2; +https://opensiteexplorer.org/dotbot; help@moz.com)"
199.47.82.20 - - [05/Mar/2025:11:39:24 +0100] "GET /robots.txt HTTP/1.1" 200 1590 "-" "Turnitin (https://bit.ly/2UvnfoQ)"
216.244.66.200 - - [05/Mar/2025:11:39:35 +0100] "GET /files/min_hatekony_gyogyszerrend_taj_081203.doc HTTP/1.1" 200 45568 "-" "Mozilla/5.0 (compatible; DotBot/1.2; +https://opensiteexplorer.org/dotbot; help@moz.com)"
199.47.82.20 - - [05/Mar/2025:11:39:57 +0100] "GET /drupal/node/1496 HTTP/1.1" 200 - "-" "Turnitin (https://bit.ly/2UvnfoQ)"
216.244.66.200 - - [05/Mar/2025:11:40:06 +0100] "GET /files/ukran_hatar_rendelet.tervezet_090928.doc HTTP/1.1" 200 65536 "-" "Mozilla/5.0 (compatible; DotBot/1.2; +https://opensiteexplorer.org/dotbot; help@moz.com)"
216.244.66.200 - - [05/Mar/2025:11:40:59 +0100] "GET /files/unicef_keretmegallapodas_tervezet_071114.pdf HTTP/1.1" 200 386212 "-" "Mozilla/5.0 (compatible; DotBot/1.2; +https://opensiteexplorer.org/dotbot; help@moz.com)"
216.244.66.200 - - [05/Mar/2025:11:42:01 +0100] "GET /files/16_2000%20m%C3%83%C2%B3dos%C3%83%C2%ADt%C3%83%C2%A1sa%20k%C3%83%C2%B6zigre.doc HTTP/1.1" 200 - "-" "Mozilla/5.0 (compatible; DotBot/1.2; +https://opensiteexplorer.org/dotbot; help@moz.com)"
216.244.66.200 - - [05/Mar/2025:11:42:52 +0100] "GET /files/NAD_jogharmoniz%C3%83%C2%A1ci%C3%83%C2%B3_k%C3%83%C2%B6zigazgat%C3%83%C2%A1si%20egyeztet%C3%83%C2%A9sre.doc HTTP/1.1" 200 - "-" "Mozilla/5.0 (compatible; DotBot/1.2; +https://opensiteexplorer.org/dotbot; help@moz.com)"
216.244.66.200 - - [05/Mar/2025:11:43:26 +0100] "GET /taxonomy/term/89/0/feed HTTP/1.1" 200 - "-" "Mozilla/5.0 (compatible; DotBot/1.2; +https://opensiteexplorer.org/dotbot; help@moz.com)"
95.217.117.159 - - [05/Mar/2025:11:48:24 +0100] "HEAD /files/ptk-normaszoveg-tervezet_20071029.pdf HTTP/1.1" 200 0 "-" "Mozilla/5.0 (Windows NT 6.1; WOW64; rv:50.0) Gecko/20100101 Firefox/50.0"
91.82.159.54 - - [05/Mar/2025:11:54:03 +0100] "GET /files/elemiszerkonyv122007.pdf HTTP/1.1" 200 152700 "https://www.google.com/" "Mozilla/5.0 (Windows NT 10.0; Win64; x64; rv:135.0) Gecko/20100101 Firefox/135.0"
20.191.45.212 - - [05/Mar/2025:11:56:42 +0100] "GET /favicon.ico HTTP/1.1" 404 57 "http://www.jogalkotas.hu/favicon.ico" "DuckDuckBot/1.1; (+http://duckduckgo.com/duckduckbot.html)"
20.191.45.212 - - [05/Mar/2025:11:57:05 +0100] "GET / HTTP/1.1" 200 - "http://www.jogalkotas.hu/" "DuckDuckBot/1.1; (+http://duckduckgo.com/duckduckbot.html)"
204.10.194.245 - - [05/Mar/2025:12:49:14 +0100] "GET /about.php?520 HTTP/1.1" 200 - "-" "Mozilla/5.0 (Windows; U; Windows NT 6.1; en-US; rv:1.9.1.5) Gecko/20091102 Firefox/3.5.5 (.NET CLR 3.5.30729)"
216.244.66.200 - - [05/Mar/2025:12:57:16 +0100] "GET /robots.txt HTTP/1.1" 200 1590 "-" "Mozilla/5.0 (compatible; DotBot/1.2; +https://opensiteexplorer.org/dotbot; help@moz.com)"
216.244.66.200 - - [05/Mar/2025:12:57:16 +0100] "GET /robots.txt HTTP/1.1" 200 1590 "-" "Mozilla/5.0 (compatible; DotBot/1.2; +https://opensiteexplorer.org/dotbot; help@moz.com)"
216.244.66.200 - - [05/Mar/2025:13:17:23 +0100] "GET /files/szervezetek_terv_071014.pdf HTTP/1.1" 200 180613 "-" "Mozilla/5.0 (compatible; DotBot/1.2; +https://opensiteexplorer.org/dotbot; help@moz.com)"
216.244.66.200 - - [05/Mar/2025:13:17:36 +0100] "GET /files/tervezet_varbalogi.pdf HTTP/1.1" 200 152622 "-" "Mozilla/5.0 (compatible; DotBot/1.2; +https://opensiteexplorer.org/dotbot; help@moz.com)"
216.244.66.200 - - [05/Mar/2025:13:19:11 +0100] "GET /files/s%C3%83%C2%BCrg%C3%85%E2%80%98s%20sz%C3%83%C2%BCks%C3%83%C2%A9g%20k%C3%83%C2%B6r%C3%83%C2%A9be%20taroz%C3%83%C2%B3%20egyes%20eg%C3%83%C2%A9szs%C3%83%C2%A9g%C3%83%C2%BCgyi%20szolg%C3%83%C2%A1lt..doc HTTP/1.1" 200 - "-" "Mozilla/5.0 (compatible; DotBot/1.2; +https://opensiteexplorer.org/dotbot; help@moz.com)"
216.244.66.200 - - [05/Mar/2025:13:20:10 +0100] "GET /files/1d_cegvhr_3_sz_melleklete_nevfoglalas.doc HTTP/1.1" 200 90112 "-" "Mozilla/5.0 (compatible; DotBot/1.2; +https://opensiteexplorer.org/dotbot; help@moz.com)"
216.244.66.200 - - [05/Mar/2025:13:20:30 +0100] "GET /files/4_2006_KvVM_rend_lecserelese_2009_10_28.doc HTTP/1.1" 200 53248 "-" "Mozilla/5.0 (compatible; DotBot/1.2; +https://opensiteexplorer.org/dotbot; help@moz.com)"
216.244.66.200 - - [05/Mar/2025:13:20:51 +0100] "GET /files/89_2004_modositas_velemenyezesre_0.pdf HTTP/1.1" 200 178281 "-" "Mozilla/5.0 (compatible; DotBot/1.2; +https://opensiteexplorer.org/dotbot; help@moz.com)"
216.244.66.200 - - [05/Mar/2025:13:21:10 +0100] "GET /files/av_birsag_kormenyrendelet_eloterjesztes_20080505.pdf HTTP/1.1" 200 162358 "-" "Mozilla/5.0 (compatible; DotBot/1.2; +https://opensiteexplorer.org/dotbot; help@moz.com)"
216.244.66.200 - - [05/Mar/2025:13:21:30 +0100] "GET /files/ingatlan_nyilvantartas_tervezet_060524.pdf HTTP/1.1" 200 256545 "-" "Mozilla/5.0 (compatible; DotBot/1.2; +https://opensiteexplorer.org/dotbot; help@moz.com)"
216.244.66.200 - - [05/Mar/2025:13:21:47 +0100] "GET /files/lakrendmod_javaslat_20071024.pdf HTTP/1.1" 200 242799 "-" "Mozilla/5.0 (compatible; DotBot/1.2; +https://opensiteexplorer.org/dotbot; help@moz.com)"
216.244.66.200 - - [05/Mar/2025:13:22:04 +0100] "GET /files/szakmai_vizsg_vezetoi_070228.pdf HTTP/1.1" 200 218141 "-" "Mozilla/5.0 (compatible; DotBot/1.2; +https://opensiteexplorer.org/dotbot; help@moz.com)"
216.244.66.200 - - [05/Mar/2025:13:22:18 +0100] "GET /files/szakszo_legiforgalmi_iranyito_4mell.pdf HTTP/1.1" 200 99700 "-" "Mozilla/5.0 (compatible; DotBot/1.2; +https://opensiteexplorer.org/dotbot; help@moz.com)"
216.244.66.200 - - [05/Mar/2025:13:23:02 +0100] "GET /files/t%C3%83%C2%A1rc%C3%83%C2%A1ra070515.doc HTTP/1.1" 200 - "-" "Mozilla/5.0 (compatible; DotBot/1.2; +https://opensiteexplorer.org/dotbot; help@moz.com)"
216.244.66.200 - - [05/Mar/2025:13:23:17 +0100] "GET /files/uj_OVSZ_KvVM_rend_kozigazgatasi_egyeztetes.pdf HTTP/1.1" 200 208836 "-" "Mozilla/5.0 (compatible; DotBot/1.2; +https://opensiteexplorer.org/dotbot; help@moz.com)"
216.244.66.200 - - [05/Mar/2025:13:24:12 +0100] "GET /files/igazs%C3%83%C2%A1g%C3%83%C2%BCgyi_szak%C3%83%C2%A9rt%C3%85%E2%80%98i_tev%C3%83%C2%A9kenys%C3%83%C2%A9g_folytat%C3%83%C2%A1s%C3%83%C2%A1hoz_sz%C3%83%C2%BCks%C3%83%C2%A9ges_szakmai_gyakorlat_igazol%C3%83%C2%A1s%C3%83%C2%A1nak_rendj%C3%83%C2%A9r%C3%85%E2%80%98l_sz%C3%83%C2%B3l%C3%83%C2%B3_e%C3%83%C2%BCm_rendelet_tervezet_8.doc HTTP/1.1" 200 - "-" "Mozilla/5.0 (compatible; DotBot/1.2; +https://opensiteexplorer.org/dotbot; help@moz.com)"
216.244.66.200 - - [05/Mar/2025:13:24:37 +0100] "GET /files/tarsadalmi_szervezetek_reszere_nyujtando_tamogatasokrol.pdf HTTP/1.1" 200 299828 "-" "Mozilla/5.0 (compatible; DotBot/1.2; +https://opensiteexplorer.org/dotbot; help@moz.com)"
216.244.66.200 - - [05/Mar/2025:13:25:40 +0100] "GET /taxonomy/term/86/0/feed HTTP/1.1" 200 - "-" "Mozilla/5.0 (compatible; DotBot/1.2; +https://opensiteexplorer.org/dotbot; help@moz.com)"
216.244.66.200 - - [05/Mar/2025:13:26:08 +0100] "GET /files/kormany_rendelet_terevezet_a_a_befogado_nemzeti_tamogatas_reszletes_kormanyzati_feladatairol.pdf HTTP/1.1" 200 152511 "-" "Mozilla/5.0 (compatible; DotBot/1.2; +https://opensiteexplorer.org/dotbot; help@moz.com)"
158.169.40.26 - - [05/Mar/2025:13:39:30 +0100] "HEAD /files/5820_17.pdf HTTP/1.1" 200 0 "-" "Mozilla/5.0 (X11; Ubuntu; Linux x86_64) AppleWebKit/537.36 (KHTML, like Gecko) Chrome/55.0.2919.83 Safari/537.36"
46.35.192.162 - - [05/Mar/2025:13:40:07 +0100] "GET /favicon.ico HTTP/1.1" 404 57 "http://www.jogalkotas.hu/files/gyamhatosag_eloterj_061204.pdf" "Mozilla/5.0 (Windows NT 10.0; Win64; x64) AppleWebKit/537.36 (KHTML, like Gecko) Chrome/133.0.0.0 Safari/537.36"
46.35.192.162 - - [05/Mar/2025:13:40:08 +0100] "GET /files/gyamhatosag_eloterj_061204.pdf HTTP/1.1" 200 597742 "https://www.google.com/" "Mozilla/5.0 (Windows NT 10.0; Win64; x64) AppleWebKit/537.36 (KHTML, like Gecko) Chrome/133.0.0.0 Safari/537.36"
216.244.66.200 - - [05/Mar/2025:13:43:28 +0100] "GET /robots.txt HTTP/1.1" 200 1590 "-" "Mozilla/5.0 (compatible; DotBot/1.2; +https://opensiteexplorer.org/dotbot; help@moz.com)"
216.244.66.200 - - [05/Mar/2025:13:43:28 +0100] "GET /robots.txt HTTP/1.1" 200 1590 "-" "Mozilla/5.0 (compatible; DotBot/1.2; +https://opensiteexplorer.org/dotbot; help@moz.com)"
216.244.66.200 - - [05/Mar/2025:13:55:54 +0100] "GET /files/R305-2vezetoi.doc HTTP/1.1" 200 104448 "-" "Mozilla/5.0 (compatible; DotBot/1.2; +https://opensiteexplorer.org/dotbot; help@moz.com)"
216.244.66.200 - - [05/Mar/2025:13:56:54 +0100] "GET /files/cegnyilvanossag.doc HTTP/1.1" 200 420961 "-" "Mozilla/5.0 (compatible; DotBot/1.2; +https://opensiteexplorer.org/dotbot; help@moz.com)"
216.244.66.200 - - [05/Mar/2025:13:57:44 +0100] "GET /files/jelentes_2005.doc HTTP/1.1" 200 441233 "-" "Mozilla/5.0 (compatible; DotBot/1.2; +https://opensiteexplorer.org/dotbot; help@moz.com)"
216.244.66.200 - - [05/Mar/2025:13:58:27 +0100] "GET /files/nemzetisegi_terv_080130.pdf HTTP/1.1" 200 350721 "-" "Mozilla/5.0 (compatible; DotBot/1.2; +https://opensiteexplorer.org/dotbot; help@moz.com)"
216.244.66.200 - - [05/Mar/2025:13:59:02 +0100] "GET /files/nftet_terv_090108.pdf HTTP/1.1" 200 207551 "-" "Mozilla/5.0 (compatible; DotBot/1.2; +https://opensiteexplorer.org/dotbot; help@moz.com)"
216.244.66.200 - - [05/Mar/2025:13:59:33 +0100] "GET /files/96per2003_korm_rend_muk_eng_mod.doc HTTP/1.1" 200 40960 "-" "Mozilla/5.0 (compatible; DotBot/1.2; +https://opensiteexplorer.org/dotbot; help@moz.com)"
216.244.66.200 - - [05/Mar/2025:14:00:02 +0100] "GET /files/jogszabalyszovegindokolaskozigegyeztesre.doc HTTP/1.1" 200 34304 "-" "Mozilla/5.0 (compatible; DotBot/1.2; +https://opensiteexplorer.org/dotbot; help@moz.com)"
216.244.66.200 - - [05/Mar/2025:14:00:32 +0100] "GET /files/kezterves_rend_tervezet_kozig.pdf HTTP/1.1" 200 212345 "-" "Mozilla/5.0 (compatible; DotBot/1.2; +https://opensiteexplorer.org/dotbot; help@moz.com)"
216.244.66.200 - - [05/Mar/2025:14:01:00 +0100] "GET /files/korm_rendelet_tervezet_vezetoi_juttatasokrol.pdf HTTP/1.1" 200 93651 "-" "Mozilla/5.0 (compatible; DotBot/1.2; +https://opensiteexplorer.org/dotbot; help@moz.com)"
216.244.66.200 - - [05/Mar/2025:14:01:29 +0100] "GET /files/nepi_iparmuveszet_terv_090629.pdf HTTP/1.1" 200 389468 "-" "Mozilla/5.0 (compatible; DotBot/1.2; +https://opensiteexplorer.org/dotbot; help@moz.com)"
216.244.66.200 - - [05/Mar/2025:14:01:56 +0100] "GET /files/szakszo_legiforgalmi_iranyito_3mell.pdf HTTP/1.1" 200 383563 "-" "Mozilla/5.0 (compatible; DotBot/1.2; +https://opensiteexplorer.org/dotbot; help@moz.com)"
66.249.66.87 - - [05/Mar/2025:14:02:08 +0100] "GET /files/kirendeltvedodij.pdf HTTP/1.1" 200 48520 "-" "Googlebot/2.1 (+http://www.google.com/bot.html)"
216.244.66.200 - - [05/Mar/2025:14:02:22 +0100] "GET /files/xx_okm_ktsgvts_fejezet_terv_100201.pdf HTTP/1.1" 200 341813 "-" "Mozilla/5.0 (compatible; DotBot/1.2; +https://opensiteexplorer.org/dotbot; help@moz.com)"
5.255.231.46 - - [05/Mar/2025:14:03:40 +0100] "GET /robots.txt HTTP/1.1" 200 1590 "-" "Mozilla/5.0 (compatible; YandexBot/3.0; +http://yandex.com/bots)"
213.180.203.111 - - [05/Mar/2025:14:03:42 +0100] "GET /files/ekozig_strategia.pdf HTTP/1.1" 200 731185 "-" "Mozilla/5.0 (compatible; YandexBot/3.0; +http://yandex.com/bots)"
216.244.66.200 - - [05/Mar/2025:14:09:03 +0100] "GET /files/14.%20sz%C3%83%C2%A1m%C3%83%C2%BA%20mell%C3%83%C2%A9klet.doc HTTP/1.1" 200 - "-" "Mozilla/5.0 (compatible; DotBot/1.2; +https://opensiteexplorer.org/dotbot; help@moz.com)"
216.244.66.200 - - [05/Mar/2025:14:09:54 +0100] "GET /files/otthonsz%C3%83%C2%BCl%C3%83%C2%A9s%20Korm_%20E%C3%83%C2%BCM_rend_terv.doc HTTP/1.1" 200 - "-" "Mozilla/5.0 (compatible; DotBot/1.2; +https://opensiteexplorer.org/dotbot; help@moz.com)"
216.244.66.200 - - [05/Mar/2025:14:10:33 +0100] "GET /taxonomy/term/77/0/feed HTTP/1.1" 200 - "-" "Mozilla/5.0 (compatible; DotBot/1.2; +https://opensiteexplorer.org/dotbot; help@moz.com)"
216.244.66.200 - - [05/Mar/2025:14:12:04 +0100] "GET /files/SM+48-as+honlapon+t%C3%83%C2%B6rt%C3%83%C2%A9n%C3%85%E2%80%98+k%C3%83%C2%B6zz%C3%83%C2%A9t%C3%83%C2%A9tel+07.08.doc HTTP/1.1" 200 - "-" "Mozilla/5.0 (compatible; DotBot/1.2; +https://opensiteexplorer.org/dotbot; help@moz.com)"
216.244.66.200 - - [05/Mar/2025:14:14:48 +0100] "GET /taxonomy/term/34/0/feed HTTP/1.1" 200 - "-" "Mozilla/5.0 (compatible; DotBot/1.2; +https://opensiteexplorer.org/dotbot; help@moz.com)"
66.249.66.2 - - [05/Mar/2025:14:21:13 +0100] "GET /files/tankonyv_terv_071012.pdf HTTP/1.1" 200 325369 "-" "Googlebot/2.1 (+http://www.google.com/bot.html)"
66.249.66.2 - - [05/Mar/2025:14:24:48 +0100] "GET /files/ESR_korm_eloterjesztes.pdf HTTP/1.1" 200 1021178 "-" "Googlebot/2.1 (+http://www.google.com/bot.html)"
216.244.66.200 - - [05/Mar/2025:14:29:10 +0100] "GET /robots.txt HTTP/1.1" 200 1590 "-" "Mozilla/5.0 (compatible; DotBot/1.2; +https://opensiteexplorer.org/dotbot; help@moz.com)"
216.244.66.200 - - [05/Mar/2025:14:29:12 +0100] "GET /robots.txt HTTP/1.1" 200 1590 "-" "Mozilla/5.0 (compatible; DotBot/1.2; +https://opensiteexplorer.org/dotbot; help@moz.com)"
216.244.66.200 - - [05/Mar/2025:14:39:34 +0100] "GET /files/1214_3_mell.xls HTTP/1.1" 200 35328 "-" "Mozilla/5.0 (compatible; DotBot/1.2; +https://opensiteexplorer.org/dotbot; help@moz.com)"
216.244.66.200 - - [05/Mar/2025:14:39:40 +0100] "GET /files/A%20n%C3%83%C2%B6v%C3%83%C2%A9nyv%C3%83%C2%A9delemr%C3%85%E2%80%98l%20sz%C3%83%C2%B3l%C3%83%C2%B3%202000-2.doc HTTP/1.1" 200 - "-" "Mozilla/5.0 (compatible; DotBot/1.2; +https://opensiteexplorer.org/dotbot; help@moz.com)"
216.244.66.200 - - [05/Mar/2025:14:40:05 +0100] "GET /files/2008_2009_tanev_rend_080319.pdf HTTP/1.1" 200 371732 "-" "Mozilla/5.0 (compatible; DotBot/1.2; +https://opensiteexplorer.org/dotbot; help@moz.com)"
216.244.66.200 - - [05/Mar/2025:14:40:33 +0100] "GET /files/3218_szak_070124.pdf HTTP/1.1" 200 130499 "-" "Mozilla/5.0 (compatible; DotBot/1.2; +https://opensiteexplorer.org/dotbot; help@moz.com)"
216.244.66.200 - - [05/Mar/2025:14:41:24 +0100] "GET /files/4_mell_FAVI_KARINFO_BA.doc HTTP/1.1" 200 391168 "-" "Mozilla/5.0 (compatible; DotBot/1.2; +https://opensiteexplorer.org/dotbot; help@moz.com)"
216.244.66.200 - - [05/Mar/2025:14:42:05 +0100] "GET /files/5_sz_melleklet_061031.pdf HTTP/1.1" 200 165675 "-" "Mozilla/5.0 (compatible; DotBot/1.2; +https://opensiteexplorer.org/dotbot; help@moz.com)"
216.244.66.200 - - [05/Mar/2025:14:42:40 +0100] "GET /files/KHEM_4462_10_norma.doc HTTP/1.1" 200 83456 "-" "Mozilla/5.0 (compatible; DotBot/1.2; +https://opensiteexplorer.org/dotbot; help@moz.com)"
216.244.66.200 - - [05/Mar/2025:14:43:18 +0100] "GET /files/felveteli_2009_terv_081103.pdf HTTP/1.1" 200 330316 "-" "Mozilla/5.0 (compatible; DotBot/1.2; +https://opensiteexplorer.org/dotbot; help@moz.com)"
216.244.66.200 - - [05/Mar/2025:14:43:55 +0100] "GET /files/info_terv_080612.pdf HTTP/1.1" 200 323635 "-" "Mozilla/5.0 (compatible; DotBot/1.2; +https://opensiteexplorer.org/dotbot; help@moz.com)"
216.244.66.200 - - [05/Mar/2025:14:44:28 +0100] "GET /files/itkr_2_sz_melleklet_061031.pdf HTTP/1.1" 200 102435 "-" "Mozilla/5.0 (compatible; DotBot/1.2; +https://opensiteexplorer.org/dotbot; help@moz.com)"
216.244.66.200 - - [05/Mar/2025:14:45:08 +0100] "GET /files/ket__eloterjesztes.pdf HTTP/1.1" 200 2326528 "-" "Mozilla/5.0 (compatible; DotBot/1.2; +https://opensiteexplorer.org/dotbot; help@moz.com)"
216.244.66.200 - - [05/Mar/2025:14:45:39 +0100] "GET /files/ketvh_elekt_ert_terv.090817.doc HTTP/1.1" 200 96768 "-" "Mozilla/5.0 (compatible; DotBot/1.2; +https://opensiteexplorer.org/dotbot; help@moz.com)"
216.244.66.200 - - [05/Mar/2025:14:46:12 +0100] "GET /files/kioto_vhr_mod_kozig.pdf HTTP/1.1" 200 264624 "-" "Mozilla/5.0 (compatible; DotBot/1.2; +https://opensiteexplorer.org/dotbot; help@moz.com)"
216.244.66.200 - - [05/Mar/2025:14:46:42 +0100] "GET /files/kormeloterj_novved_birsag.pdf HTTP/1.1" 200 161913 "-" "Mozilla/5.0 (compatible; DotBot/1.2; +https://opensiteexplorer.org/dotbot; help@moz.com)"
216.244.66.200 - - [05/Mar/2025:14:47:11 +0100] "GET /files/ptk_bevezetes_0.pdf HTTP/1.1" 200 129012 "-" "Mozilla/5.0 (compatible; DotBot/1.2; +https://opensiteexplorer.org/dotbot; help@moz.com)"
216.244.66.200 - - [05/Mar/2025:14:47:38 +0100] "GET /files/rendorifaindokolasmarc.28.doc HTTP/1.1" 200 36352 "-" "Mozilla/5.0 (compatible; DotBot/1.2; +https://opensiteexplorer.org/dotbot; help@moz.com)"
216.244.66.200 - - [05/Mar/2025:14:48:03 +0100] "GET /files/szekhelyszolg.doc HTTP/1.1" 200 31232 "-" "Mozilla/5.0 (compatible; DotBot/1.2; +https://opensiteexplorer.org/dotbot; help@moz.com)"
216.244.66.200 - - [05/Mar/2025:14:48:29 +0100] "GET /files/tervezet_Szarvasi.pdf HTTP/1.1" 200 171068 "-" "Mozilla/5.0 (compatible; DotBot/1.2; +https://opensiteexplorer.org/dotbot; help@moz.com)"
216.244.66.200 - - [05/Mar/2025:14:48:55 +0100] "GET /files/tnyr_eloterj_061204.pdf HTTP/1.1" 200 463625 "-" "Mozilla/5.0 (compatible; DotBot/1.2; +https://opensiteexplorer.org/dotbot; help@moz.com)"
216.244.66.200 - - [05/Mar/2025:14:49:18 +0100] "GET /files/vendeg_termek.zip HTTP/1.1" 200 49183 "-" "Mozilla/5.0 (compatible; DotBot/1.2; +https://opensiteexplorer.org/dotbot; help@moz.com)"
216.244.66.200 - - [05/Mar/2025:14:49:41 +0100] "GET /files/14_2005_fmm_rend_mod_terv_090622.pdf HTTP/1.1" 200 200878 "-" "Mozilla/5.0 (compatible; DotBot/1.2; +https://opensiteexplorer.org/dotbot; help@moz.com)"
216.244.66.200 - - [05/Mar/2025:14:50:03 +0100] "GET /files/32_99_fvm_mod_velemenyezesre.pdf HTTP/1.1" 200 193037 "-" "Mozilla/5.0 (compatible; DotBot/1.2; +https://opensiteexplorer.org/dotbot; help@moz.com)"
216.244.66.200 - - [05/Mar/2025:14:50:22 +0100] "GET /files/52per2005_Eum_min_rend_mod_terv_090528.doc HTTP/1.1" 200 33280 "-" "Mozilla/5.0 (compatible; DotBot/1.2; +https://opensiteexplorer.org/dotbot; help@moz.com)"
209.121.189.68 - - [05/Mar/2025:14:51:11 +0100] "GET / HTTP/1.1" 200 - "-" "Mozilla/5.0 (Windows NT 10.0; Win64; x64) AppleWebKit/537.36 (KHTML, like Gecko) Chrome/58.0.3029.110 Safari/537.3"
216.244.66.200 - - [05/Mar/2025:14:51:13 +0100] "GET /files/Idtv%20szakmapolitik%C3%83%C2%A1ra.doc HTTP/1.1" 200 - "-" "Mozilla/5.0 (compatible; DotBot/1.2; +https://opensiteexplorer.org/dotbot; help@moz.com)"
216.244.66.200 - - [05/Mar/2025:14:51:33 +0100] "GET /files/_5ihn6mrridmg6subqc5q6inr9e9gn8t50e9klut35e9r0_.pdf HTTP/1.1" 200 341288 "-" "Mozilla/5.0 (compatible; DotBot/1.2; +https://opensiteexplorer.org/dotbot; help@moz.com)"
216.244.66.200 - - [05/Mar/2025:14:52:04 +0100] "GET /files/magyar_szerb_hatarat_torvenyjavaslat.pdf HTTP/1.1" 200 235352 "-" "Mozilla/5.0 (compatible; DotBot/1.2; +https://opensiteexplorer.org/dotbot; help@moz.com)"
216.244.66.200 - - [05/Mar/2025:14:52:34 +0100] "GET /files/megfelel__si_t__bl__zat_561_2006_ek__KKt_b__rs__ghoz.doc HTTP/1.1" 200 77824 "-" "Mozilla/5.0 (compatible; DotBot/1.2; +https://opensiteexplorer.org/dotbot; help@moz.com)"
209.121.189.68 - - [05/Mar/2025:14:52:35 +0100] "GET / HTTP/1.1" 200 - "-" "Mozilla/5.0 (Windows NT 10.0; Win64; x64) AppleWebKit/537.36 (KHTML, like Gecko) Chrome/58.0.3029.110 Safari/537.3"
216.244.66.200 - - [05/Mar/2025:14:53:33 +0100] "GET /user/31/notify HTTP/1.1" 200 - "-" "Mozilla/5.0 (compatible; DotBot/1.2; +https://opensiteexplorer.org/dotbot; help@moz.com)"
216.244.66.200 - - [05/Mar/2025:14:54:23 +0100] "GET /files/Erd%C3%85%E2%80%98t%C3%83%C2%B6rv%C3%83%C2%A9ny%202005.dec.22.-1.doc HTTP/1.1" 200 - "-" "Mozilla/5.0 (compatible; DotBot/1.2; +https://opensiteexplorer.org/dotbot; help@moz.com)"
216.244.66.200 - - [05/Mar/2025:14:54:44 +0100] "GET /files/hmrend_tervezet_mh_legvedelmi_keszenleti_repuleseirol.pdf HTTP/1.1" 200 114953 "-" "Mozilla/5.0 (compatible; DotBot/1.2; +https://opensiteexplorer.org/dotbot; help@moz.com)"
216.244.66.200 - - [05/Mar/2025:14:55:52 +0100] "GET /taxonomy/term/64/0/feed HTTP/1.1" 200 - "-" "Mozilla/5.0 (compatible; DotBot/1.2; +https://opensiteexplorer.org/dotbot; help@moz.com)"
216.244.66.200 - - [05/Mar/2025:14:56:42 +0100] "GET /taxonomy/term/76/0/feed HTTP/1.1" 200 - "-" "Mozilla/5.0 (compatible; DotBot/1.2; +https://opensiteexplorer.org/dotbot; help@moz.com)"
216.244.66.200 - - [05/Mar/2025:15:15:04 +0100] "GET /robots.txt HTTP/1.1" 200 1590 "-" "Mozilla/5.0 (compatible; DotBot/1.2; +https://opensiteexplorer.org/dotbot; help@moz.com)"
216.244.66.200 - - [05/Mar/2025:15:15:05 +0100] "GET /robots.txt HTTP/1.1" 200 1590 "-" "Mozilla/5.0 (compatible; DotBot/1.2; +https://opensiteexplorer.org/dotbot; help@moz.com)"
4.227.36.88 - - [05/Mar/2025:15:17:09 +0100] "GET /robots.txt HTTP/1.1" 200 1590 "-" "Mozilla/5.0 AppleWebKit/537.36 (KHTML, like Gecko; compatible; GPTBot/1.2; +https://openai.com/gptbot)"
20.171.207.245 - - [05/Mar/2025:15:17:41 +0100] "GET /drupal/files/NFGM2005_0.pdf HTTP/1.1" 200 - "-" "Mozilla/5.0 AppleWebKit/537.36 (KHTML, like Gecko; compatible; GPTBot/1.2; +https://openai.com/gptbot)"
216.244.66.200 - - [05/Mar/2025:15:26:29 +0100] "GET /files/roma_tervezet_070124.pdf HTTP/1.1" 200 350012 "-" "Mozilla/5.0 (compatible; DotBot/1.2; +https://opensiteexplorer.org/dotbot; help@moz.com)"
216.244.66.200 - - [05/Mar/2025:15:26:41 +0100] "GET /files/tamop_terv_090528.pdf HTTP/1.1" 200 290684 "-" "Mozilla/5.0 (compatible; DotBot/1.2; +https://opensiteexplorer.org/dotbot; help@moz.com)"
216.244.66.200 - - [05/Mar/2025:15:27:22 +0100] "GET /files/0223_2007adatlapok_tervezet_0122.xls HTTP/1.1" 200 108544 "-" "Mozilla/5.0 (compatible; DotBot/1.2; +https://opensiteexplorer.org/dotbot; help@moz.com)"
216.244.66.200 - - [05/Mar/2025:15:28:01 +0100] "GET /files/89_2004_fvm_mod_egyeztetesre.pdf HTTP/1.1" 200 252995 "-" "Mozilla/5.0 (compatible; DotBot/1.2; +https://opensiteexplorer.org/dotbot; help@moz.com)"
216.244.66.200 - - [05/Mar/2025:15:28:42 +0100] "GET /files/ANTSZ_hat_elj_kolts_Korm_rend_terv_100419.doc HTTP/1.1" 200 185344 "-" "Mozilla/5.0 (compatible; DotBot/1.2; +https://opensiteexplorer.org/dotbot; help@moz.com)"
216.244.66.200 - - [05/Mar/2025:15:29:34 +0100] "GET /files/iuszolg-eloterjesztes_kozigre.doc HTTP/1.1" 200 471641 "-" "Mozilla/5.0 (compatible; DotBot/1.2; +https://opensiteexplorer.org/dotbot; help@moz.com)"
216.244.66.200 - - [05/Mar/2025:15:30:06 +0100] "GET /files/kulfoldiek_foglalkoztatasa_060316.pdf HTTP/1.1" 200 159451 "-" "Mozilla/5.0 (compatible; DotBot/1.2; +https://opensiteexplorer.org/dotbot; help@moz.com)"
216.244.66.200 - - [05/Mar/2025:15:30:37 +0100] "GET /files/onk_hiv_zene_enekkarok_mell_090203.pdf HTTP/1.1" 200 166040 "-" "Mozilla/5.0 (compatible; DotBot/1.2; +https://opensiteexplorer.org/dotbot; help@moz.com)"
40.77.167.150 - - [05/Mar/2025:15:30:47 +0100] "GET /files/KHEM_7392_5norma.doc HTTP/1.1" 304 - "-" "Mozilla/5.0 AppleWebKit/537.36 (KHTML, like Gecko; compatible; bingbot/2.0; +http://www.bing.com/bingbot.htm) Chrome/116.0.1938.76 Safari/537.36"
216.244.66.200 - - [05/Mar/2025:15:31:08 +0100] "GET /files/hm_rendelet_tervezet_oltozkodesi_szabalyzat_modositas.pdf HTTP/1.1" 200 207416 "-" "Mozilla/5.0 (compatible; DotBot/1.2; +https://opensiteexplorer.org/dotbot; help@moz.com)"
216.244.66.200 - - [05/Mar/2025:15:39:51 +0100] "GET /files/P%C3%83%C5%93M%20lak%C3%83%C2%A1sc%C3%83%C2%A9l%C3%83%C2%BA%20k%C3%83%C2%B6lcs%C3%83%C2%B6n%C3%83%C2%B6k.doc HTTP/1.1" 200 - "-" "Mozilla/5.0 (compatible; DotBot/1.2; +https://opensiteexplorer.org/dotbot; help@moz.com)"
216.244.66.200 - - [05/Mar/2025:15:44:24 +0100] "GET /taxonomy/term/100?page=1 HTTP/1.1" 200 - "-" "Mozilla/5.0 (compatible; DotBot/1.2; +https://opensiteexplorer.org/dotbot; help@moz.com)"
47.128.126.62 - - [05/Mar/2025:16:28:30 +0100] "GET /node/2395 HTTP/1.1" 200 - "-" "Mozilla/5.0 (Linux; Android 5.0) AppleWebKit/537.36 (KHTML, like Gecko) Mobile Safari/537.36 (compatible; Bytespider; spider-feedback@bytedance.com)"
