192.99.13.228 - - [06/Sep/2021:06:53:42 +0200] "GET /index2.php?option=com_content&task=emailform&id=741&itemid=75 HTTP/1.1" 200 2451 "-" "Mozilla/5.0 (compatible; MJ12bot/v1.4.8; http://mj12bot.com/)"
192.99.13.228 - - [06/Sep/2021:06:54:12 +0200] "GET /index2.php?option=com_content&task=emailform&id=774&itemid=66 HTTP/1.1" 200 2502 "-" "Mozilla/5.0 (compatible; MJ12bot/v1.4.8; http://mj12bot.com/)"
192.99.13.228 - - [06/Sep/2021:06:54:37 +0200] "GET /index2.php?option=com_content&task=emailform&id=825&itemid=79 HTTP/1.1" 200 2470 "-" "Mozilla/5.0 (compatible; MJ12bot/v1.4.8; http://mj12bot.com/)"
192.99.13.228 - - [06/Sep/2021:06:55:08 +0200] "GET /index2.php?option=com_content&task=emailform&id=825&itemid=99999999 HTTP/1.1" 200 2476 "-" "Mozilla/5.0 (compatible; MJ12bot/v1.4.8; http://mj12bot.com/)"
185.191.171.41 - - [06/Sep/2021:06:55:17 +0200] "GET /index2.php?id=1131&itemid=1&option=com_content&task=emailform HTTP/1.1" 200 2461 "-" "Mozilla/5.0 (compatible; SemrushBot/7~bl; +http://www.semrush.com/bot.html)"
192.99.13.228 - - [06/Sep/2021:06:55:37 +0200] "GET /index2.php?option=com_content&task=emailform&id=826&itemid=78 HTTP/1.1" 200 2482 "-" "Mozilla/5.0 (compatible; MJ12bot/v1.4.8; http://mj12bot.com/)"
185.191.171.7 - - [06/Sep/2021:06:56:09 +0200] "GET /index.php?id=993&option=com_content&task=view HTTP/1.1" 200 38925 "-" "Mozilla/5.0 (compatible; SemrushBot/7~bl; +http://www.semrush.com/bot.html)"
192.99.13.228 - - [06/Sep/2021:06:56:09 +0200] "GET /index2.php?option=com_content&task=emailform&id=827&itemid=1 HTTP/1.1" 200 2461 "-" "Mozilla/5.0 (compatible; MJ12bot/v1.4.8; http://mj12bot.com/)"
192.99.13.228 - - [06/Sep/2021:06:56:40 +0200] "GET /index2.php?option=com_content&task=emailform&id=827&itemid=75 HTTP/1.1" 200 2462 "-" "Mozilla/5.0 (compatible; MJ12bot/v1.4.8; http://mj12bot.com/)"
192.99.13.228 - - [06/Sep/2021:06:57:17 +0200] "GET /index2.php?option=com_content&task=emailform&id=827&itemid=79 HTTP/1.1" 200 2462 "-" "Mozilla/5.0 (compatible; MJ12bot/v1.4.8; http://mj12bot.com/)"
192.99.13.228 - - [06/Sep/2021:06:57:41 +0200] "GET /index2.php?option=com_content&task=emailform&id=827&itemid=99999999 HTTP/1.1" 200 2468 "-" "Mozilla/5.0 (compatible; MJ12bot/v1.4.8; http://mj12bot.com/)"
185.191.171.9 - - [06/Sep/2021:06:57:44 +0200] "GET /index2.php?id=217&option=com_content&page=0&pop=1&task=view HTTP/1.1" 200 3625 "-" "Mozilla/5.0 (compatible; SemrushBot/7~bl; +http://www.semrush.com/bot.html)"
192.99.13.228 - - [06/Sep/2021:06:58:07 +0200] "GET /index2.php?option=com_content&task=emailform&id=828&itemid=75 HTTP/1.1" 200 2470 "-" "Mozilla/5.0 (compatible; MJ12bot/v1.4.8; http://mj12bot.com/)"
192.99.13.228 - - [06/Sep/2021:06:58:42 +0200] "GET /index2.php?option=com_content&task=emailform&id=828&itemid=78 HTTP/1.1" 200 2470 "-" "Mozilla/5.0 (compatible; MJ12bot/v1.4.8; http://mj12bot.com/)"
192.99.13.228 - - [06/Sep/2021:06:59:07 +0200] "GET /index2.php?option=com_content&task=emailform&id=828&itemid=79 HTTP/1.1" 200 2470 "-" "Mozilla/5.0 (compatible; MJ12bot/v1.4.8; http://mj12bot.com/)"
192.99.13.228 - - [06/Sep/2021:06:59:42 +0200] "GET /index2.php?option=com_content&task=emailform&id=829&itemid=79 HTTP/1.1" 200 2466 "-" "Mozilla/5.0 (compatible; MJ12bot/v1.4.8; http://mj12bot.com/)"
192.99.13.228 - - [06/Sep/2021:07:00:10 +0200] "GET /index2.php?option=com_content&task=emailform&id=829&itemid=89 HTTP/1.1" 200 2466 "-" "Mozilla/5.0 (compatible; MJ12bot/v1.4.8; http://mj12bot.com/)"
185.191.171.44 - - [06/Sep/2021:07:00:19 +0200] "GET /index.php?Itemid=69&id=508&option=com_content&task=view HTTP/1.1" 200 29876 "-" "Mozilla/5.0 (compatible; SemrushBot/7~bl; +http://www.semrush.com/bot.html)"
192.99.13.228 - - [06/Sep/2021:07:00:48 +0200] "GET /index2.php?option=com_content&task=emailform&id=829&itemid=99999999 HTTP/1.1" 200 2472 "-" "Mozilla/5.0 (compatible; MJ12bot/v1.4.8; http://mj12bot.com/)"
192.99.13.228 - - [06/Sep/2021:07:01:18 +0200] "GET /index2.php?option=com_content&task=emailform&id=830&itemid=78 HTTP/1.1" 200 2476 "-" "Mozilla/5.0 (compatible; MJ12bot/v1.4.8; http://mj12bot.com/)"
192.99.13.228 - - [06/Sep/2021:07:01:45 +0200] "GET /index2.php?option=com_content&task=emailform&id=830&itemid=89 HTTP/1.1" 200 2476 "-" "Mozilla/5.0 (compatible; MJ12bot/v1.4.8; http://mj12bot.com/)"
192.99.13.228 - - [06/Sep/2021:07:02:11 +0200] "GET /index2.php?option=com_content&task=emailform&id=831&itemid=1 HTTP/1.1" 200 2493 "-" "Mozilla/5.0 (compatible; MJ12bot/v1.4.8; http://mj12bot.com/)"
192.99.13.228 - - [06/Sep/2021:07:02:43 +0200] "GET /index2.php?option=com_content&task=emailform&id=831&itemid=75 HTTP/1.1" 200 2494 "-" "Mozilla/5.0 (compatible; MJ12bot/v1.4.8; http://mj12bot.com/)"
192.99.13.228 - - [06/Sep/2021:07:03:05 +0200] "GET /index2.php?option=com_content&task=emailform&id=831&itemid=79 HTTP/1.1" 200 2494 "-" "Mozilla/5.0 (compatible; MJ12bot/v1.4.8; http://mj12bot.com/)"
192.99.13.228 - - [06/Sep/2021:07:03:29 +0200] "GET /index2.php?option=com_content&task=emailform&id=831&itemid=89 HTTP/1.1" 200 2494 "-" "Mozilla/5.0 (compatible; MJ12bot/v1.4.8; http://mj12bot.com/)"
192.99.13.228 - - [06/Sep/2021:07:04:02 +0200] "GET /index2.php?option=com_content&task=emailform&id=834&itemid=79 HTTP/1.1" 200 2464 "-" "Mozilla/5.0 (compatible; MJ12bot/v1.4.8; http://mj12bot.com/)"
192.99.13.228 - - [06/Sep/2021:07:04:37 +0200] "GET /index2.php?option=com_content&task=emailform&id=835&itemid=75 HTTP/1.1" 200 2461 "-" "Mozilla/5.0 (compatible; MJ12bot/v1.4.8; http://mj12bot.com/)"
192.99.13.228 - - [06/Sep/2021:07:05:03 +0200] "GET /index2.php?option=com_content&task=emailform&id=835&itemid=79 HTTP/1.1" 200 2461 "-" "Mozilla/5.0 (compatible; MJ12bot/v1.4.8; http://mj12bot.com/)"
192.99.13.228 - - [06/Sep/2021:07:05:36 +0200] "GET /index2.php?option=com_content&task=emailform&id=835&itemid=89 HTTP/1.1" 200 2461 "-" "Mozilla/5.0 (compatible; MJ12bot/v1.4.8; http://mj12bot.com/)"
192.99.13.228 - - [06/Sep/2021:07:06:02 +0200] "GET /index2.php?option=com_content&task=emailform&id=836&itemid=1 HTTP/1.1" 200 2492 "-" "Mozilla/5.0 (compatible; MJ12bot/v1.4.8; http://mj12bot.com/)"
185.191.171.26 - - [06/Sep/2021:07:06:18 +0200] "GET /robots.txt HTTP/1.1" 200 286 "-" "Mozilla/5.0 (compatible; SemrushBot/7~bl; +http://www.semrush.com/bot.html)"
185.191.171.23 - - [06/Sep/2021:07:06:18 +0200] "GET /index2.php?Itemid=65&id=224&option=com_content&page=0&pop=1&task=view HTTP/1.1" 200 3470 "-" "Mozilla/5.0 (compatible; SemrushBot/7~bl; +http://www.semrush.com/bot.html)"
192.99.13.228 - - [06/Sep/2021:07:06:34 +0200] "GET /index2.php?option=com_content&task=emailform&id=836&itemid=75 HTTP/1.1" 200 2493 "-" "Mozilla/5.0 (compatible; MJ12bot/v1.4.8; http://mj12bot.com/)"
192.99.13.228 - - [06/Sep/2021:07:07:03 +0200] "GET /index2.php?option=com_content&task=emailform&id=836&itemid=99999999 HTTP/1.1" 200 2499 "-" "Mozilla/5.0 (compatible; MJ12bot/v1.4.8; http://mj12bot.com/)"
192.99.13.228 - - [06/Sep/2021:07:07:28 +0200] "GET /index2.php?option=com_content&task=emailform&id=837&itemid=1 HTTP/1.1" 200 2464 "-" "Mozilla/5.0 (compatible; MJ12bot/v1.4.8; http://mj12bot.com/)"
192.99.13.228 - - [06/Sep/2021:07:07:53 +0200] "GET /index2.php?option=com_content&task=emailform&id=837&itemid=75 HTTP/1.1" 200 2465 "-" "Mozilla/5.0 (compatible; MJ12bot/v1.4.8; http://mj12bot.com/)"
216.244.66.239 - - [06/Sep/2021:07:08:08 +0200] "GET /robots.txt HTTP/1.1" 200 286 "-" "Mozilla/5.0 (compatible; DotBot/1.2; +https://opensiteexplorer.org/dotbot; help@moz.com)"
185.191.171.23 - - [06/Sep/2021:07:08:25 +0200] "GET /index2.php?id=856&option=com_content&page=0&pop=1&task=view HTTP/1.1" 200 2694 "-" "Mozilla/5.0 (compatible; SemrushBot/7~bl; +http://www.semrush.com/bot.html)"
192.99.13.228 - - [06/Sep/2021:07:08:25 +0200] "GET /index2.php?option=com_content&task=emailform&id=837&itemid=99999999 HTTP/1.1" 200 2471 "-" "Mozilla/5.0 (compatible; MJ12bot/v1.4.8; http://mj12bot.com/)"
192.99.13.228 - - [06/Sep/2021:07:08:56 +0200] "GET /index2.php?option=com_content&task=emailform&id=838&itemid=75 HTTP/1.1" 200 2456 "-" "Mozilla/5.0 (compatible; MJ12bot/v1.4.8; http://mj12bot.com/)"
192.99.13.228 - - [06/Sep/2021:07:09:23 +0200] "GET /index2.php?option=com_content&task=emailform&id=839&itemid=78 HTTP/1.1" 200 2478 "-" "Mozilla/5.0 (compatible; MJ12bot/v1.4.8; http://mj12bot.com/)"
192.99.13.228 - - [06/Sep/2021:07:09:59 +0200] "GET /index2.php?option=com_content&task=emailform&id=839&itemid=79 HTTP/1.1" 200 2478 "-" "Mozilla/5.0 (compatible; MJ12bot/v1.4.8; http://mj12bot.com/)"
192.99.13.228 - - [06/Sep/2021:07:10:25 +0200] "GET /index2.php?option=com_content&task=emailform&id=840&itemid=1 HTTP/1.1" 200 2450 "-" "Mozilla/5.0 (compatible; MJ12bot/v1.4.8; http://mj12bot.com/)"
192.99.13.228 - - [06/Sep/2021:07:10:55 +0200] "GET /index2.php?option=com_content&task=emailform&id=840&itemid=78 HTTP/1.1" 200 2451 "-" "Mozilla/5.0 (compatible; MJ12bot/v1.4.8; http://mj12bot.com/)"
185.191.171.34 - - [06/Sep/2021:07:11:17 +0200] "GET /index2.php?id=611&itemid=69&option=com_content&task=emailform HTTP/1.1" 200 2485 "-" "Mozilla/5.0 (compatible; SemrushBot/7~bl; +http://www.semrush.com/bot.html)"
192.99.13.228 - - [06/Sep/2021:07:11:24 +0200] "GET /index2.php?option=com_content&task=emailform&id=840&itemid=89 HTTP/1.1" 200 2451 "-" "Mozilla/5.0 (compatible; MJ12bot/v1.4.8; http://mj12bot.com/)"
192.99.13.228 - - [06/Sep/2021:07:11:51 +0200] "GET /index2.php?option=com_content&task=emailform&id=841&itemid=99999999 HTTP/1.1" 200 2456 "-" "Mozilla/5.0 (compatible; MJ12bot/v1.4.8; http://mj12bot.com/)"
157.55.39.167 - - [06/Sep/2021:07:12:21 +0200] "GET / HTTP/1.1" 200 33996 "-" "Mozilla/5.0 (compatible; bingbot/2.0; +http://www.bing.com/bingbot.htm)"
192.99.13.228 - - [06/Sep/2021:07:12:30 +0200] "GET /index2.php?option=com_content&task=emailform&id=842&itemid=79 HTTP/1.1" 200 2444 "-" "Mozilla/5.0 (compatible; MJ12bot/v1.4.8; http://mj12bot.com/)"
192.99.13.228 - - [06/Sep/2021:07:13:00 +0200] "GET /index2.php?option=com_content&task=emailform&id=842&itemid=89 HTTP/1.1" 200 2444 "-" "Mozilla/5.0 (compatible; MJ12bot/v1.4.8; http://mj12bot.com/)"
192.99.13.228 - - [06/Sep/2021:07:13:25 +0200] "GET /index2.php?option=com_content&task=emailform&id=844&itemid=1 HTTP/1.1" 200 2481 "-" "Mozilla/5.0 (compatible; MJ12bot/v1.4.8; http://mj12bot.com/)"
192.99.13.228 - - [06/Sep/2021:07:13:49 +0200] "GET /index2.php?option=com_content&task=emailform&id=844&itemid=89 HTTP/1.1" 200 2482 "-" "Mozilla/5.0 (compatible; MJ12bot/v1.4.8; http://mj12bot.com/)"
192.99.13.228 - - [06/Sep/2021:07:14:16 +0200] "GET /index2.php?option=com_content&task=emailform&id=844&itemid=99999999 HTTP/1.1" 200 2488 "-" "Mozilla/5.0 (compatible; MJ12bot/v1.4.8; http://mj12bot.com/)"
185.191.171.5 - - [06/Sep/2021:07:14:26 +0200] "GET /index2.php?id=461&itemid=69&option=com_content&task=emailform HTTP/1.1" 200 2512 "-" "Mozilla/5.0 (compatible; SemrushBot/7~bl; +http://www.semrush.com/bot.html)"
192.99.13.228 - - [06/Sep/2021:07:14:47 +0200] "GET /index2.php?option=com_content&task=emailform&id=845&itemid=1 HTTP/1.1" 200 2462 "-" "Mozilla/5.0 (compatible; MJ12bot/v1.4.8; http://mj12bot.com/)"
192.99.13.228 - - [06/Sep/2021:07:15:14 +0200] "GET /index2.php?option=com_content&task=emailform&id=845&itemid=78 HTTP/1.1" 200 2463 "-" "Mozilla/5.0 (compatible; MJ12bot/v1.4.8; http://mj12bot.com/)"
192.99.13.228 - - [06/Sep/2021:07:15:48 +0200] "GET /index2.php?option=com_content&task=emailform&id=845&itemid=89 HTTP/1.1" 200 2463 "-" "Mozilla/5.0 (compatible; MJ12bot/v1.4.8; http://mj12bot.com/)"
192.99.13.228 - - [06/Sep/2021:07:16:26 +0200] "GET /index2.php?option=com_content&task=emailform&id=846&itemid=75 HTTP/1.1" 200 2477 "-" "Mozilla/5.0 (compatible; MJ12bot/v1.4.8; http://mj12bot.com/)"
192.99.13.228 - - [06/Sep/2021:07:16:49 +0200] "GET /index2.php?option=com_content&task=emailform&id=846&itemid=79 HTTP/1.1" 200 2477 "-" "Mozilla/5.0 (compatible; MJ12bot/v1.4.8; http://mj12bot.com/)"
192.99.13.228 - - [06/Sep/2021:07:17:17 +0200] "GET /index2.php?option=com_content&task=emailform&id=85&itemid=69 HTTP/1.1" 200 2502 "-" "Mozilla/5.0 (compatible; MJ12bot/v1.4.8; http://mj12bot.com/)"
192.99.13.228 - - [06/Sep/2021:07:17:44 +0200] "GET /index2.php?option=com_content&task=emailform&id=850&itemid=1 HTTP/1.1" 200 2467 "-" "Mozilla/5.0 (compatible; MJ12bot/v1.4.8; http://mj12bot.com/)"
192.99.13.228 - - [06/Sep/2021:07:18:16 +0200] "GET /index2.php?option=com_content&task=emailform&id=850&itemid=79 HTTP/1.1" 200 2468 "-" "Mozilla/5.0 (compatible; MJ12bot/v1.4.8; http://mj12bot.com/)"
192.99.13.228 - - [06/Sep/2021:07:18:39 +0200] "GET /index2.php?option=com_content&task=emailform&id=851&itemid=1 HTTP/1.1" 200 2501 "-" "Mozilla/5.0 (compatible; MJ12bot/v1.4.8; http://mj12bot.com/)"
192.99.13.228 - - [06/Sep/2021:07:19:10 +0200] "GET /index2.php?option=com_content&task=emailform&id=853&itemid=99999999 HTTP/1.1" 200 2451 "-" "Mozilla/5.0 (compatible; MJ12bot/v1.4.8; http://mj12bot.com/)"
192.99.13.228 - - [06/Sep/2021:07:19:36 +0200] "GET /index2.php?option=com_content&task=emailform&id=854&itemid=1 HTTP/1.1" 200 2497 "-" "Mozilla/5.0 (compatible; MJ12bot/v1.4.8; http://mj12bot.com/)"
192.99.13.228 - - [06/Sep/2021:07:20:04 +0200] "GET /index2.php?option=com_content&task=emailform&id=855&itemid=99999999 HTTP/1.1" 200 2468 "-" "Mozilla/5.0 (compatible; MJ12bot/v1.4.8; http://mj12bot.com/)"
185.191.171.22 - - [06/Sep/2021:07:20:11 +0200] "GET /index2.php?id=524&option=com_content&page=0&pop=1&task=view HTTP/1.1" 200 3791 "-" "Mozilla/5.0 (compatible; SemrushBot/7~bl; +http://www.semrush.com/bot.html)"
54.36.148.74 - - [06/Sep/2021:07:20:18 +0200] "GET /index.php?option=com_content&task=view&id=311&Itemid=68 HTTP/1.1" 200 35550 "-" "Mozilla/5.0 (compatible; AhrefsBot/7.0; +http://ahrefs.com/robot/)"
5.9.88.113 - - [06/Sep/2021:07:20:23 +0200] "GET /robots.txt HTTP/1.1" 200 286 "-" "Mozilla/5.0 (compatible; MJ12bot/v1.4.8; http://mj12bot.com/)"
5.9.88.113 - - [06/Sep/2021:07:20:34 +0200] "GET /index.php?option=com_content&task=view&id=633&Itemid=69 HTTP/1.1" 200 30608 "-" "Mozilla/5.0 (compatible; MJ12bot/v1.4.8; http://mj12bot.com/)"
192.99.13.228 - - [06/Sep/2021:07:20:45 +0200] "GET /index2.php?option=com_content&task=emailform&id=86&itemid=66 HTTP/1.1" 200 2468 "-" "Mozilla/5.0 (compatible; MJ12bot/v1.4.8; http://mj12bot.com/)"
144.126.133.141 - - [06/Sep/2021:07:21:13 +0200] "GET / HTTP/1.0" 200 33983 "-" "Mozilla/5.0 (iPad; U; CPU OS 3_2 like Mac OS X; en-us) AppleWebKit/531.21.10 (KHTML, like Gecko) Version/4.0.4 Mobile/7B334b Safari/531.21.102011-10-16 20:23:10"
192.99.13.228 - - [06/Sep/2021:07:21:15 +0200] "GET /index2.php?option=com_content&task=emailform&id=864&itemid=99999999 HTTP/1.1" 200 2451 "-" "Mozilla/5.0 (compatible; MJ12bot/v1.4.8; http://mj12bot.com/)"
185.191.171.34 - - [06/Sep/2021:07:21:25 +0200] "GET /index2.php?id=752&itemid=78&option=com_content&task=emailform HTTP/1.1" 200 2457 "-" "Mozilla/5.0 (compatible; SemrushBot/7~bl; +http://www.semrush.com/bot.html)"
192.99.13.228 - - [06/Sep/2021:07:21:47 +0200] "GET /index2.php?option=com_content&task=emailform&id=873&itemid=78 HTTP/1.1" 200 2454 "-" "Mozilla/5.0 (compatible; MJ12bot/v1.4.8; http://mj12bot.com/)"
185.191.171.39 - - [06/Sep/2021:07:21:57 +0200] "GET /index.php?Itemid=75&id=884&option=com_content&task=view HTTP/1.1" 200 29425 "-" "Mozilla/5.0 (compatible; SemrushBot/7~bl; +http://www.semrush.com/bot.html)"
192.99.13.228 - - [06/Sep/2021:07:22:12 +0200] "GET /index2.php?option=com_content&task=emailform&id=873&itemid=99999999 HTTP/1.1" 200 2460 "-" "Mozilla/5.0 (compatible; MJ12bot/v1.4.8; http://mj12bot.com/)"
185.191.171.12 - - [06/Sep/2021:07:22:20 +0200] "GET /index.php?Itemid=84&catid=31&func=viewcategory&option=com_ponygallery&startpage=3 HTTP/1.1" 200 70511 "-" "Mozilla/5.0 (compatible; SemrushBot/7~bl; +http://www.semrush.com/bot.html)"
192.99.13.228 - - [06/Sep/2021:07:22:42 +0200] "GET /index2.php?option=com_content&task=emailform&id=875&itemid=78 HTTP/1.1" 200 2463 "-" "Mozilla/5.0 (compatible; MJ12bot/v1.4.8; http://mj12bot.com/)"
185.191.171.9 - - [06/Sep/2021:07:22:43 +0200] "GET /index.php?id=858&option=com_content&task=view HTTP/1.1" 200 37530 "-" "Mozilla/5.0 (compatible; SemrushBot/7~bl; +http://www.semrush.com/bot.html)"
192.99.13.228 - - [06/Sep/2021:07:23:10 +0200] "GET /index2.php?option=com_content&task=emailform&id=876&itemid=78 HTTP/1.1" 200 2445 "-" "Mozilla/5.0 (compatible; MJ12bot/v1.4.8; http://mj12bot.com/)"
192.99.13.228 - - [06/Sep/2021:07:23:49 +0200] "GET /index2.php?option=com_content&task=emailform&id=876&itemid=89 HTTP/1.1" 200 2445 "-" "Mozilla/5.0 (compatible; MJ12bot/v1.4.8; http://mj12bot.com/)"
192.99.13.228 - - [06/Sep/2021:07:24:08 +0200] "GET /index2.php?option=com_content&task=emailform&id=878&itemid=1 HTTP/1.1" 200 2474 "-" "Mozilla/5.0 (compatible; MJ12bot/v1.4.8; http://mj12bot.com/)"
192.99.13.228 - - [06/Sep/2021:07:24:37 +0200] "GET /index2.php?option=com_content&task=emailform&id=878&itemid=99999999 HTTP/1.1" 200 2481 "-" "Mozilla/5.0 (compatible; MJ12bot/v1.4.8; http://mj12bot.com/)"
192.99.13.228 - - [06/Sep/2021:07:25:13 +0200] "GET /index2.php?option=com_content&task=emailform&id=879&itemid=1 HTTP/1.1" 200 2459 "-" "Mozilla/5.0 (compatible; MJ12bot/v1.4.8; http://mj12bot.com/)"
192.99.13.228 - - [06/Sep/2021:07:25:39 +0200] "GET /index2.php?option=com_content&task=emailform&id=887&itemid=78 HTTP/1.1" 200 2467 "-" "Mozilla/5.0 (compatible; MJ12bot/v1.4.8; http://mj12bot.com/)"
192.99.13.228 - - [06/Sep/2021:07:26:09 +0200] "GET /index2.php?option=com_content&task=emailform&id=887&itemid=79 HTTP/1.1" 200 2467 "-" "Mozilla/5.0 (compatible; MJ12bot/v1.4.8; http://mj12bot.com/)"
185.191.171.37 - - [06/Sep/2021:07:26:31 +0200] "GET /index2.php?id=972&itemid=75&option=com_content&task=emailform HTTP/1.1" 200 2464 "-" "Mozilla/5.0 (compatible; SemrushBot/7~bl; +http://www.semrush.com/bot.html)"
192.99.13.228 - - [06/Sep/2021:07:26:44 +0200] "GET /index2.php?option=com_content&task=emailform&id=888&itemid=79 HTTP/1.1" 200 2487 "-" "Mozilla/5.0 (compatible; MJ12bot/v1.4.8; http://mj12bot.com/)"
192.99.13.228 - - [06/Sep/2021:07:27:13 +0200] "GET /index2.php?option=com_content&task=emailform&id=889&itemid=78 HTTP/1.1" 200 2468 "-" "Mozilla/5.0 (compatible; MJ12bot/v1.4.8; http://mj12bot.com/)"
192.99.13.228 - - [06/Sep/2021:07:27:49 +0200] "GET /index2.php?option=com_content&task=emailform&id=889&itemid=79 HTTP/1.1" 200 2468 "-" "Mozilla/5.0 (compatible; MJ12bot/v1.4.8; http://mj12bot.com/)"
192.99.13.228 - - [06/Sep/2021:07:28:13 +0200] "GET /index2.php?option=com_content&task=emailform&id=950&itemid=99999999 HTTP/1.1" 200 2496 "-" "Mozilla/5.0 (compatible; MJ12bot/v1.4.8; http://mj12bot.com/)"
192.99.13.228 - - [06/Sep/2021:07:28:42 +0200] "GET /index2.php?option=com_content&task=emailform&id=951&itemid=99999999 HTTP/1.1" 200 2493 "-" "Mozilla/5.0 (compatible; MJ12bot/v1.4.8; http://mj12bot.com/)"
66.249.66.41 - - [06/Sep/2021:07:28:50 +0200] "GET /index.php?option=com_content&task=view&id=687&Itemid=68 HTTP/1.1" 200 30251 "-" "Mozilla/5.0 (Linux; Android 6.0.1; Nexus 5X Build/MMB29P) AppleWebKit/537.36 (KHTML, like Gecko) Chrome/92.0.4515.119 Mobile Safari/537.36 (compatible; Googlebot/2.1; +http://www.google.com/bot.html)"
192.99.13.228 - - [06/Sep/2021:07:29:11 +0200] "GET /index2.php?option=com_content&task=emailform&id=967&itemid=75 HTTP/1.1" 200 2453 "-" "Mozilla/5.0 (compatible; MJ12bot/v1.4.8; http://mj12bot.com/)"
185.191.171.11 - - [06/Sep/2021:07:29:18 +0200] "GET /index2.php?Itemid=78&id=327&option=com_content&page=0&pop=1&task=view HTTP/1.1" 200 7228 "-" "Mozilla/5.0 (compatible; SemrushBot/7~bl; +http://www.semrush.com/bot.html)"
192.99.13.228 - - [06/Sep/2021:07:29:40 +0200] "GET /index2.php?option=com_content&task=emailform&id=970&itemid=1 HTTP/1.1" 200 2450 "-" "Mozilla/5.0 (compatible; MJ12bot/v1.4.8; http://mj12bot.com/)"
216.244.66.239 - - [06/Sep/2021:07:29:50 +0200] "GET /index.php?option=com_content&task=view&id=845&Itemid=78 HTTP/1.1" 200 28990 "-" "Mozilla/5.0 (compatible; DotBot/1.2; +https://opensiteexplorer.org/dotbot; help@moz.com)"
192.99.13.228 - - [06/Sep/2021:07:30:06 +0200] "GET /index2.php?option=com_content&task=emailform&id=970&itemid=75 HTTP/1.1" 200 2451 "-" "Mozilla/5.0 (compatible; MJ12bot/v1.4.8; http://mj12bot.com/)"
192.99.13.228 - - [06/Sep/2021:07:30:33 +0200] "GET /index2.php?option=com_content&task=emailform&id=970&itemid=78 HTTP/1.1" 200 2451 "-" "Mozilla/5.0 (compatible; MJ12bot/v1.4.8; http://mj12bot.com/)"
192.99.13.228 - - [06/Sep/2021:07:31:03 +0200] "GET /index2.php?option=com_content&task=emailform&id=971&itemid=75 HTTP/1.1" 200 2449 "-" "Mozilla/5.0 (compatible; MJ12bot/v1.4.8; http://mj12bot.com/)"
185.191.171.23 - - [06/Sep/2021:07:31:29 +0200] "GET /index.php?Itemid=69&id=671&option=com_content&task=view HTTP/1.1" 200 30422 "-" "Mozilla/5.0 (compatible; SemrushBot/7~bl; +http://www.semrush.com/bot.html)"
192.99.13.228 - - [06/Sep/2021:07:31:34 +0200] "GET /index2.php?option=com_content&task=emailform&id=971&itemid=78 HTTP/1.1" 200 2449 "-" "Mozilla/5.0 (compatible; MJ12bot/v1.4.8; http://mj12bot.com/)"
192.99.13.228 - - [06/Sep/2021:07:31:59 +0200] "GET /index2.php?option=com_content&task=emailform&id=971&itemid=79 HTTP/1.1" 200 2449 "-" "Mozilla/5.0 (compatible; MJ12bot/v1.4.8; http://mj12bot.com/)"
192.99.13.228 - - [06/Sep/2021:07:32:25 +0200] "GET /index2.php?option=com_content&task=emailform&id=971&itemid=89 HTTP/1.1" 200 2449 "-" "Mozilla/5.0 (compatible; MJ12bot/v1.4.8; http://mj12bot.com/)"
192.99.13.228 - - [06/Sep/2021:07:33:03 +0200] "GET /index2.php?option=com_content&task=emailform&id=971&itemid=99999999 HTTP/1.1" 200 2455 "-" "Mozilla/5.0 (compatible; MJ12bot/v1.4.8; http://mj12bot.com/)"
192.99.13.228 - - [06/Sep/2021:07:33:31 +0200] "GET /index2.php?option=com_content&task=emailform&id=972&itemid=78 HTTP/1.1" 200 2464 "-" "Mozilla/5.0 (compatible; MJ12bot/v1.4.8; http://mj12bot.com/)"
192.99.13.228 - - [06/Sep/2021:07:34:01 +0200] "GET /index2.php?option=com_content&task=emailform&id=973&itemid=99999999 HTTP/1.1" 200 2476 "-" "Mozilla/5.0 (compatible; MJ12bot/v1.4.8; http://mj12bot.com/)"
192.99.13.75 - - [06/Sep/2021:07:34:04 +0200] "GET /robots.txt HTTP/1.1" 200 286 "-" "Mozilla/5.0 (compatible; MJ12bot/v1.4.8; http://mj12bot.com/)"
192.99.13.228 - - [06/Sep/2021:07:34:30 +0200] "GET /index2.php?option=com_content&task=emailform&id=979&itemid=1 HTTP/1.1" 200 2457 "-" "Mozilla/5.0 (compatible; MJ12bot/v1.4.8; http://mj12bot.com/)"
192.99.13.75 - - [06/Sep/2021:07:34:31 +0200] "GET / HTTP/1.1" 200 33996 "-" "Mozilla/5.0 (compatible; MJ12bot/v1.4.8; http://mj12bot.com/)"
192.99.13.228 - - [06/Sep/2021:07:35:10 +0200] "GET /index2.php?option=com_content&task=emailform&id=979&itemid=78 HTTP/1.1" 200 2458 "-" "Mozilla/5.0 (compatible; MJ12bot/v1.4.8; http://mj12bot.com/)"
192.99.13.228 - - [06/Sep/2021:07:35:40 +0200] "GET /index2.php?option=com_content&task=emailform&id=979&itemid=99999999 HTTP/1.1" 200 2464 "-" "Mozilla/5.0 (compatible; MJ12bot/v1.4.8; http://mj12bot.com/)"
192.99.13.228 - - [06/Sep/2021:07:36:11 +0200] "GET /index2.php?option=com_content&task=emailform&id=98&itemid=99999999 HTTP/1.1" 200 2485 "-" "Mozilla/5.0 (compatible; MJ12bot/v1.4.8; http://mj12bot.com/)"
192.99.13.228 - - [06/Sep/2021:07:36:41 +0200] "GET /index2.php?option=com_content&task=emailform&id=980&itemid=1 HTTP/1.1" 200 2478 "-" "Mozilla/5.0 (compatible; MJ12bot/v1.4.8; http://mj12bot.com/)"
192.99.13.228 - - [06/Sep/2021:07:37:09 +0200] "GET /index2.php?option=com_content&task=emailform&id=980&itemid=78 HTTP/1.1" 200 2479 "-" "Mozilla/5.0 (compatible; MJ12bot/v1.4.8; http://mj12bot.com/)"
192.99.13.228 - - [06/Sep/2021:07:37:53 +0200] "GET /index2.php?option=com_content&task=emailform&id=980&itemid=99999999 HTTP/1.1" 200 2485 "-" "Mozilla/5.0 (compatible; MJ12bot/v1.4.8; http://mj12bot.com/)"
192.99.13.228 - - [06/Sep/2021:07:38:38 +0200] "GET /index2.php?option=com_content&task=emailform&id=981&itemid=79 HTTP/1.1" 200 2460 "-" "Mozilla/5.0 (compatible; MJ12bot/v1.4.8; http://mj12bot.com/)"
192.99.13.228 - - [06/Sep/2021:07:39:12 +0200] "GET /index2.php?option=com_content&task=emailform&id=981&itemid=89 HTTP/1.1" 200 2460 "-" "Mozilla/5.0 (compatible; MJ12bot/v1.4.8; http://mj12bot.com/)"
185.191.171.35 - - [06/Sep/2021:07:39:54 +0200] "GET /index.php?id=715&option=com_content&task=view HTTP/1.1" 200 29774 "-" "Mozilla/5.0 (compatible; SemrushBot/7~bl; +http://www.semrush.com/bot.html)"
192.99.13.228 - - [06/Sep/2021:07:39:55 +0200] "GET /index2.php?option=com_content&task=emailform&id=981&itemid=99999999 HTTP/1.1" 200 2466 "-" "Mozilla/5.0 (compatible; MJ12bot/v1.4.8; http://mj12bot.com/)"
192.99.13.228 - - [06/Sep/2021:07:40:33 +0200] "GET /index2.php?option=com_content&task=emailform&id=982&itemid=1 HTTP/1.1" 200 2452 "-" "Mozilla/5.0 (compatible; MJ12bot/v1.4.8; http://mj12bot.com/)"
192.99.13.228 - - [06/Sep/2021:07:41:21 +0200] "GET /index2.php?option=com_content&task=emailform&id=982&itemid=75 HTTP/1.1" 200 2453 "-" "Mozilla/5.0 (compatible; MJ12bot/v1.4.8; http://mj12bot.com/)"
192.99.13.228 - - [06/Sep/2021:07:41:53 +0200] "GET /index2.php?option=com_content&task=emailform&id=982&itemid=79 HTTP/1.1" 200 2453 "-" "Mozilla/5.0 (compatible; MJ12bot/v1.4.8; http://mj12bot.com/)"
192.99.13.228 - - [06/Sep/2021:07:42:33 +0200] "GET /index2.php?option=com_content&task=emailform&id=982&itemid=99999999 HTTP/1.1" 200 2459 "-" "Mozilla/5.0 (compatible; MJ12bot/v1.4.8; http://mj12bot.com/)"
185.191.171.35 - - [06/Sep/2021:07:49:15 +0200] "GET /index2.php?Itemid=75&id=708&option=com_content&page=0&pop=1&task=view HTTP/1.1" 200 9074 "-" "Mozilla/5.0 (compatible; SemrushBot/7~bl; +http://www.semrush.com/bot.html)"
66.249.66.38 - - [06/Sep/2021:07:49:57 +0200] "GET /index2.php?option=com_content&task=emailform&id=1068&itemid=75 HTTP/1.1" 200 692 "-" "Mozilla/5.0 (Linux; Android 6.0.1; Nexus 5X Build/MMB29P) AppleWebKit/537.36 (KHTML, like Gecko) Chrome/92.0.4515.119 Mobile Safari/537.36 (compatible; Googlebot/2.1; +http://www.google.com/bot.html)"
49.12.13.109 - - [06/Sep/2021:07:50:47 +0200] "HEAD / HTTP/1.1" 200 0 "-" "Alert_Alligator_webmonitoring_service_1.6.3_(alertalligator.com)"
185.191.171.11 - - [06/Sep/2021:07:53:10 +0200] "GET /index2.php?Itemid=78&id=959&option=com_content&page=0&pop=1&task=view HTTP/1.1" 200 3891 "-" "Mozilla/5.0 (compatible; SemrushBot/7~bl; +http://www.semrush.com/bot.html)"
216.244.66.239 - - [06/Sep/2021:07:55:21 +0200] "GET /robots.txt HTTP/1.1" 200 286 "-" "Mozilla/5.0 (compatible; DotBot/1.2; +https://opensiteexplorer.org/dotbot; help@moz.com)"
185.191.171.21 - - [06/Sep/2021:07:58:31 +0200] "GET /index2.php?id=148&itemid=66&option=com_content&task=emailform HTTP/1.1" 200 2468 "-" "Mozilla/5.0 (compatible; SemrushBot/7~bl; +http://www.semrush.com/bot.html)"
66.249.66.38 - - [06/Sep/2021:07:59:47 +0200] "GET / HTTP/1.1" 200 33996 "-" "Mozilla/5.0 (Linux; Android 6.0.1; Nexus 5X Build/MMB29P) AppleWebKit/537.36 (KHTML, like Gecko) Chrome/92.0.4515.119 Mobile Safari/537.36 (compatible; Googlebot/2.1; +http://www.google.com/bot.html)"
66.249.66.38 - - [06/Sep/2021:08:01:37 +0200] "GET /index.php?option=com_content&task=view&id=1140 HTTP/1.1" 200 32020 "-" "Mozilla/5.0 (Linux; Android 6.0.1; Nexus 5X Build/MMB29P) AppleWebKit/537.36 (KHTML, like Gecko) Chrome/92.0.4515.119 Mobile Safari/537.36 (compatible; Googlebot/2.1; +http://www.google.com/bot.html)"
69.171.249.5 - - [06/Sep/2021:08:03:12 +0200] "HEAD /index.php?option=com_content&task=view&id=774 HTTP/1.1" 200 0 "-" "facebookexternalhit/1.1 (+http://www.facebook.com/externalhit_uatext.php)"
69.171.249.118 - - [06/Sep/2021:08:03:12 +0200] "GET /robots.txt HTTP/1.1" 206 286 "-" "facebookexternalhit/1.1 (+http://www.facebook.com/externalhit_uatext.php)"
69.171.249.3 - - [06/Sep/2021:08:03:13 +0200] "GET /index.php?option=com_content&task=view&id=774 HTTP/1.1" 200 29798 "-" "facebookexternalhit/1.1 (+http://www.facebook.com/externalhit_uatext.php)"
40.77.167.75 - - [06/Sep/2021:08:04:46 +0200] "GET /index.php?option=com_content&task=view&id=228&Itemid=65 HTTP/1.1" 200 28870 "-" "Mozilla/5.0 (compatible; bingbot/2.0; +http://www.bing.com/bingbot.htm)"
207.46.13.121 - - [06/Sep/2021:08:04:48 +0200] "GET /index.php?option=com_content&task=view&id=704&Itemid=75 HTTP/1.1" 200 41510 "-" "Mozilla/5.0 (compatible; bingbot/2.0; +http://www.bing.com/bingbot.htm)"
40.77.167.40 - - [06/Sep/2021:08:04:50 +0200] "GET /index.php?option=com_content&task=view&id=858&Itemid=99999999 HTTP/1.1" 200 37540 "-" "Mozilla/5.0 (compatible; bingbot/2.0; +http://www.bing.com/bingbot.htm)"
157.55.39.167 - - [06/Sep/2021:08:04:50 +0200] "GET /index.php?option=com_content&task=view&id=1115&Itemid=78 HTTP/1.1" 200 28885 "-" "Mozilla/5.0 (compatible; bingbot/2.0; +http://www.bing.com/bingbot.htm)"
157.55.39.134 - - [06/Sep/2021:08:04:55 +0200] "GET /index.php?option=com_content&task=view&id=388&Itemid=69 HTTP/1.1" 200 30721 "-" "Mozilla/5.0 (compatible; bingbot/2.0; +http://www.bing.com/bingbot.htm)"
185.191.171.24 - - [06/Sep/2021:08:04:56 +0200] "GET /index2.php?id=958&itemid=78&option=com_content&task=emailform HTTP/1.1" 200 2458 "-" "Mozilla/5.0 (compatible; SemrushBot/7~bl; +http://www.semrush.com/bot.html)"
207.46.13.131 - - [06/Sep/2021:08:04:56 +0200] "GET /index.php?option=com_content&task=view&id=215&Itemid=65 HTTP/1.1" 200 35986 "-" "Mozilla/5.0 (compatible; bingbot/2.0; +http://www.bing.com/bingbot.htm)"
207.46.13.111 - - [06/Sep/2021:08:05:00 +0200] "GET /index.php?option=com_content&task=view&id=1074&Itemid=67 HTTP/1.1" 200 30158 "-" "Mozilla/5.0 (compatible; bingbot/2.0; +http://www.bing.com/bingbot.htm)"
207.46.13.121 - - [06/Sep/2021:08:05:06 +0200] "GET /index.php?option=com_content&task=view&id=1225&Itemid=78 HTTP/1.1" 200 28663 "-" "Mozilla/5.0 (compatible; bingbot/2.0; +http://www.bing.com/bingbot.htm)"
185.191.171.37 - - [06/Sep/2021:08:06:58 +0200] "GET /robots.txt HTTP/1.1" 200 286 "-" "Mozilla/5.0 (compatible; SemrushBot/7~bl; +http://www.semrush.com/bot.html)"
185.191.171.35 - - [06/Sep/2021:08:06:59 +0200] "GET /index.php?Itemid=78&id=987&option=com_content&task=view HTTP/1.1" 200 28793 "-" "Mozilla/5.0 (compatible; SemrushBot/7~bl; +http://www.semrush.com/bot.html)"
61.5.102.184 - - [06/Sep/2021:08:09:59 +0200] "GET /administrator/ HTTP/1.1" 200 2101 "http://kokosz.hu/administrator/" "Opera/9.80 (Windows NT 6.1) Presto/2.12.388 Version/12.12"
61.5.102.184 - - [06/Sep/2021:08:10:02 +0200] "POST /administrator/ HTTP/1.1" 200 315 "http://agatonhantverk.se/wp-login.php" "Opera/9.80 (Windows NT 6.1) Presto/2.12.388 Version/12.12"
216.244.66.239 - - [06/Sep/2021:08:10:26 +0200] "GET /index.php?option=com_content&task=view&id=1039&Itemid=78 HTTP/1.1" 200 28851 "-" "Mozilla/5.0 (compatible; DotBot/1.2; +https://opensiteexplorer.org/dotbot; help@moz.com)"
185.191.171.43 - - [06/Sep/2021:08:11:23 +0200] "GET /index2.php?id=1173&itemid=1&option=com_content&task=emailform HTTP/1.1" 200 692 "-" "Mozilla/5.0 (compatible; SemrushBot/7~bl; +http://www.semrush.com/bot.html)"
54.36.149.97 - - [06/Sep/2021:08:17:00 +0200] "GET /index.php?option=com_content&task=view&id=926&Itemid=68 HTTP/1.1" 200 30460 "-" "Mozilla/5.0 (compatible; AhrefsBot/7.0; +http://ahrefs.com/robot/)"
185.191.171.10 - - [06/Sep/2021:08:17:05 +0200] "GET /index2.php?Itemid=1&id=1062&option=com_content&page=0&pop=1&task=view HTTP/1.1" 200 5632 "-" "Mozilla/5.0 (compatible; SemrushBot/7~bl; +http://www.semrush.com/bot.html)"
66.249.66.35 - - [06/Sep/2021:08:21:51 +0200] "GET /index.php?option=com_content&task=view&id=703&Itemid=78 HTTP/1.1" 200 52341 "-" "Mozilla/5.0 (Linux; Android 6.0.1; Nexus 5X Build/MMB29P) AppleWebKit/537.36 (KHTML, like Gecko) Chrome/92.0.4515.119 Mobile Safari/537.36 (compatible; Googlebot/2.1; +http://www.google.com/bot.html)"
185.191.171.40 - - [06/Sep/2021:08:23:18 +0200] "GET /index2.php?Itemid=65&id=62&option=com_content&page=0&pop=1&task=view HTTP/1.1" 200 2803 "-" "Mozilla/5.0 (compatible; SemrushBot/7~bl; +http://www.semrush.com/bot.html)"
185.191.171.8 - - [06/Sep/2021:08:24:19 +0200] "GET /index.php?Itemid=78&id=756&option=com_content&task=view HTTP/1.1" 200 28735 "-" "Mozilla/5.0 (compatible; SemrushBot/7~bl; +http://www.semrush.com/bot.html)"
185.191.171.44 - - [06/Sep/2021:08:25:15 +0200] "GET /index2.php?id=1202&itemid=89&option=com_content&task=emailform HTTP/1.1" 200 692 "-" "Mozilla/5.0 (compatible; SemrushBot/7~bl; +http://www.semrush.com/bot.html)"
185.191.171.9 - - [06/Sep/2021:08:25:19 +0200] "GET /index.php?Itemid=78&id=155&option=com_content&task=view HTTP/1.1" 200 29812 "-" "Mozilla/5.0 (compatible; SemrushBot/7~bl; +http://www.semrush.com/bot.html)"
89.133.152.205 - - [06/Sep/2021:08:29:01 +0200] "GET / HTTP/1.1" 200 33998 "https://www.google.com/" "Mozilla/5.0 (Windows NT 10.0; Win64; x64) AppleWebKit/537.36 (KHTML, like Gecko) Chrome/93.0.4577.63 Safari/537.36"
89.133.152.205 - - [06/Sep/2021:08:29:01 +0200] "GET /templates/radiocampus/css/template_css.css HTTP/1.1" 200 10686 "http://www.kokosz.hu/" "Mozilla/5.0 (Windows NT 10.0; Win64; x64) AppleWebKit/537.36 (KHTML, like Gecko) Chrome/93.0.4577.63 Safari/537.36"
89.133.152.205 - - [06/Sep/2021:08:29:01 +0200] "GET /images/stories/logok/erdei_iskola_program.jpg HTTP/1.1" 200 7679 "http://www.kokosz.hu/" "Mozilla/5.0 (Windows NT 10.0; Win64; x64) AppleWebKit/537.36 (KHTML, like Gecko) Chrome/93.0.4577.63 Safari/537.36"
89.133.152.205 - - [06/Sep/2021:08:29:01 +0200] "GET /images/stories/logok/bagoly.gif HTTP/1.1" 200 4919 "http://www.kokosz.hu/" "Mozilla/5.0 (Windows NT 10.0; Win64; x64) AppleWebKit/537.36 (KHTML, like Gecko) Chrome/93.0.4577.63 Safari/537.36"
89.133.152.205 - - [06/Sep/2021:08:29:01 +0200] "GET /templates/radiocampus/images/spacer.gif HTTP/1.1" 200 43 "http://www.kokosz.hu/" "Mozilla/5.0 (Windows NT 10.0; Win64; x64) AppleWebKit/537.36 (KHTML, like Gecko) Chrome/93.0.4577.63 Safari/537.36"
89.133.152.205 - - [06/Sep/2021:08:29:01 +0200] "GET /images/stories/statikus_kepek/szogi_lajos_kepzo.jpg HTTP/1.1" 200 27286 "http://www.kokosz.hu/" "Mozilla/5.0 (Windows NT 10.0; Win64; x64) AppleWebKit/537.36 (KHTML, like Gecko) Chrome/93.0.4577.63 Safari/537.36"
89.133.152.205 - - [06/Sep/2021:08:29:01 +0200] "GET /templates/radiocampus/images/logo_top_pa.jpg HTTP/1.1" 200 114295 "http://www.kokosz.hu/" "Mozilla/5.0 (Windows NT 10.0; Win64; x64) AppleWebKit/537.36 (KHTML, like Gecko) Chrome/93.0.4577.63 Safari/537.36"
89.133.152.205 - - [06/Sep/2021:08:29:01 +0200] "GET /images/stories/statikus_kepek/fotoalbum.gif HTTP/1.1" 200 2428 "http://www.kokosz.hu/" "Mozilla/5.0 (Windows NT 10.0; Win64; x64) AppleWebKit/537.36 (KHTML, like Gecko) Chrome/93.0.4577.63 Safari/537.36"
89.133.152.205 - - [06/Sep/2021:08:29:01 +0200] "GET /images/stories/logok/erdei_iskola_program_et.jpg HTTP/1.1" 200 8081 "http://www.kokosz.hu/" "Mozilla/5.0 (Windows NT 10.0; Win64; x64) AppleWebKit/537.36 (KHTML, like Gecko) Chrome/93.0.4577.63 Safari/537.36"
89.133.152.205 - - [06/Sep/2021:08:29:01 +0200] "GET /images/stories/logok/erdei_ovoda_logo.jpg HTTP/1.1" 200 3597 "http://www.kokosz.hu/" "Mozilla/5.0 (Windows NT 10.0; Win64; x64) AppleWebKit/537.36 (KHTML, like Gecko) Chrome/93.0.4577.63 Safari/537.36"
89.133.152.205 - - [06/Sep/2021:08:29:01 +0200] "GET /templates/radiocampus/images/bild_rechts_gross.jpg HTTP/1.1" 200 16998 "http://www.kokosz.hu/" "Mozilla/5.0 (Windows NT 10.0; Win64; x64) AppleWebKit/537.36 (KHTML, like Gecko) Chrome/93.0.4577.63 Safari/537.36"
89.133.152.205 - - [06/Sep/2021:08:29:01 +0200] "GET /images/stories/logok/erdei_iskola_logo.jpg HTTP/1.1" 200 6785 "http://www.kokosz.hu/" "Mozilla/5.0 (Windows NT 10.0; Win64; x64) AppleWebKit/537.36 (KHTML, like Gecko) Chrome/93.0.4577.63 Safari/537.36"
89.133.152.205 - - [06/Sep/2021:08:29:01 +0200] "GET /images/stories/logok/emmi_logo.jpg HTTP/1.1" 200 3819 "http://www.kokosz.hu/" "Mozilla/5.0 (Windows NT 10.0; Win64; x64) AppleWebKit/537.36 (KHTML, like Gecko) Chrome/93.0.4577.63 Safari/537.36"
89.133.152.205 - - [06/Sep/2021:08:29:01 +0200] "GET /images/stories/hirkepek/kopjafa.jpg HTTP/1.1" 200 5537 "http://www.kokosz.hu/" "Mozilla/5.0 (Windows NT 10.0; Win64; x64) AppleWebKit/537.36 (KHTML, like Gecko) Chrome/93.0.4577.63 Safari/537.36"
89.133.152.205 - - [06/Sep/2021:08:29:02 +0200] "GET /images/stories/logok/2015/eet.jpg HTTP/1.1" 200 3753 "http://www.kokosz.hu/" "Mozilla/5.0 (Windows NT 10.0; Win64; x64) AppleWebKit/537.36 (KHTML, like Gecko) Chrome/93.0.4577.63 Safari/537.36"
89.133.152.205 - - [06/Sep/2021:08:29:02 +0200] "GET /images/stories/logok/2015/emet.jpg HTTP/1.1" 200 5961 "http://www.kokosz.hu/" "Mozilla/5.0 (Windows NT 10.0; Win64; x64) AppleWebKit/537.36 (KHTML, like Gecko) Chrome/93.0.4577.63 Safari/537.36"
89.133.152.205 - - [06/Sep/2021:08:29:02 +0200] "GET /images/stories/logok/2015/ofi.jpg HTTP/1.1" 200 5571 "http://www.kokosz.hu/" "Mozilla/5.0 (Windows NT 10.0; Win64; x64) AppleWebKit/537.36 (KHTML, like Gecko) Chrome/93.0.4577.63 Safari/537.36"
89.133.152.205 - - [06/Sep/2021:08:29:02 +0200] "GET /images/stories/logok/2015/ntp.jpg HTTP/1.1" 200 4004 "http://www.kokosz.hu/" "Mozilla/5.0 (Windows NT 10.0; Win64; x64) AppleWebKit/537.36 (KHTML, like Gecko) Chrome/93.0.4577.63 Safari/537.36"
89.133.152.205 - - [06/Sep/2021:08:29:02 +0200] "GET /modules/mod_vvisit_counter/images/blue/0.gif HTTP/1.1" 200 697 "http://www.kokosz.hu/" "Mozilla/5.0 (Windows NT 10.0; Win64; x64) AppleWebKit/537.36 (KHTML, like Gecko) Chrome/93.0.4577.63 Safari/537.36"
89.133.152.205 - - [06/Sep/2021:08:29:02 +0200] "GET /modules/mod_vvisit_counter/images/blue/1.gif HTTP/1.1" 200 400 "http://www.kokosz.hu/" "Mozilla/5.0 (Windows NT 10.0; Win64; x64) AppleWebKit/537.36 (KHTML, like Gecko) Chrome/93.0.4577.63 Safari/537.36"
89.133.152.205 - - [06/Sep/2021:08:29:02 +0200] "GET /modules/mod_vvisit_counter/images/blue/7.gif HTTP/1.1" 200 438 "http://www.kokosz.hu/" "Mozilla/5.0 (Windows NT 10.0; Win64; x64) AppleWebKit/537.36 (KHTML, like Gecko) Chrome/93.0.4577.63 Safari/537.36"
89.133.152.205 - - [06/Sep/2021:08:29:02 +0200] "GET /modules/mod_vvisit_counter/images/blue/2.gif HTTP/1.1" 200 687 "http://www.kokosz.hu/" "Mozilla/5.0 (Windows NT 10.0; Win64; x64) AppleWebKit/537.36 (KHTML, like Gecko) Chrome/93.0.4577.63 Safari/537.36"
89.133.152.205 - - [06/Sep/2021:08:29:02 +0200] "GET /modules/mod_vvisit_counter/images/blue/5.gif HTTP/1.1" 200 696 "http://www.kokosz.hu/" "Mozilla/5.0 (Windows NT 10.0; Win64; x64) AppleWebKit/537.36 (KHTML, like Gecko) Chrome/93.0.4577.63 Safari/537.36"
89.133.152.205 - - [06/Sep/2021:08:29:02 +0200] "GET /modules/mod_vvisit_counter/images/vtoday.gif HTTP/1.1" 200 909 "http://www.kokosz.hu/" "Mozilla/5.0 (Windows NT 10.0; Win64; x64) AppleWebKit/537.36 (KHTML, like Gecko) Chrome/93.0.4577.63 Safari/537.36"
89.133.152.205 - - [06/Sep/2021:08:29:02 +0200] "GET /modules/mod_vvisit_counter/images/vyesterday.gif HTTP/1.1" 200 909 "http://www.kokosz.hu/" "Mozilla/5.0 (Windows NT 10.0; Win64; x64) AppleWebKit/537.36 (KHTML, like Gecko) Chrome/93.0.4577.63 Safari/537.36"
89.133.152.205 - - [06/Sep/2021:08:29:02 +0200] "GET /modules/mod_vvisit_counter/images/vweek.gif HTTP/1.1" 200 909 "http://www.kokosz.hu/" "Mozilla/5.0 (Windows NT 10.0; Win64; x64) AppleWebKit/537.36 (KHTML, like Gecko) Chrome/93.0.4577.63 Safari/537.36"
89.133.152.205 - - [06/Sep/2021:08:29:02 +0200] "GET /modules/mod_vvisit_counter/images/vmonth.gif HTTP/1.1" 200 909 "http://www.kokosz.hu/" "Mozilla/5.0 (Windows NT 10.0; Win64; x64) AppleWebKit/537.36 (KHTML, like Gecko) Chrome/93.0.4577.63 Safari/537.36"
89.133.152.205 - - [06/Sep/2021:08:29:02 +0200] "GET /modules/mod_vvisit_counter/images/vall.gif HTTP/1.1" 200 996 "http://www.kokosz.hu/" "Mozilla/5.0 (Windows NT 10.0; Win64; x64) AppleWebKit/537.36 (KHTML, like Gecko) Chrome/93.0.4577.63 Safari/537.36"
66.249.66.41 - - [06/Sep/2021:08:29:13 +0200] "GET /index.php?Itemid=69&id=449&option=com_content&task=view HTTP/1.1" 200 30699 "-" "Mozilla/5.0 (Linux; Android 6.0.1; Nexus 5X Build/MMB29P) AppleWebKit/537.36 (KHTML, like Gecko) Chrome/92.0.4515.119 Mobile Safari/537.36 (compatible; Googlebot/2.1; +http://www.google.com/bot.html)"
54.36.149.0 - - [06/Sep/2021:08:29:30 +0200] "GET /robots.txt HTTP/1.1" 200 286 "-" "Mozilla/5.0 (compatible; AhrefsBot/7.0; +http://ahrefs.com/robot/)"
185.191.171.45 - - [06/Sep/2021:08:37:06 +0200] "GET /index2.php?id=578&option=com_content&page=0&pop=1&task=view HTTP/1.1" 200 4448 "-" "Mozilla/5.0 (compatible; SemrushBot/7~bl; +http://www.semrush.com/bot.html)"
193.226.200.80 - - [06/Sep/2021:08:41:56 +0200] "GET /templates/radiocampus/css/template_css.css HTTP/1.1" 200 10686 "http://www.kokosz.hu/" "Mozilla/5.0 (Windows NT 6.3; Win64; x64) AppleWebKit/537.36 (KHTML, like Gecko) Chrome/92.0.4515.159 Safari/537.36"
193.226.200.80 - - [06/Sep/2021:08:41:56 +0200] "GET /templates/radiocampus/images/spacer.gif HTTP/1.1" 200 43 "http://www.kokosz.hu/" "Mozilla/5.0 (Windows NT 6.3; Win64; x64) AppleWebKit/537.36 (KHTML, like Gecko) Chrome/92.0.4515.159 Safari/537.36"
193.226.200.80 - - [06/Sep/2021:08:41:56 +0200] "GET /images/stories/statikus_kepek/szogi_lajos_kepzo.jpg HTTP/1.1" 200 27286 "http://www.kokosz.hu/" "Mozilla/5.0 (Windows NT 6.3; Win64; x64) AppleWebKit/537.36 (KHTML, like Gecko) Chrome/92.0.4515.159 Safari/537.36"
193.226.200.80 - - [06/Sep/2021:08:41:56 +0200] "GET /images/stories/logok/erdei_iskola_program.jpg HTTP/1.1" 200 7679 "http://www.kokosz.hu/" "Mozilla/5.0 (Windows NT 6.3; Win64; x64) AppleWebKit/537.36 (KHTML, like Gecko) Chrome/92.0.4515.159 Safari/537.36"
193.226.200.80 - - [06/Sep/2021:08:41:56 +0200] "GET / HTTP/1.1" 200 33998 "https://www.google.com/" "Mozilla/5.0 (Windows NT 6.3; Win64; x64) AppleWebKit/537.36 (KHTML, like Gecko) Chrome/92.0.4515.159 Safari/537.36"
193.226.200.80 - - [06/Sep/2021:08:41:56 +0200] "GET /images/stories/logok/bagoly.gif HTTP/1.1" 200 4919 "http://www.kokosz.hu/" "Mozilla/5.0 (Windows NT 6.3; Win64; x64) AppleWebKit/537.36 (KHTML, like Gecko) Chrome/92.0.4515.159 Safari/537.36"
193.226.200.80 - - [06/Sep/2021:08:41:56 +0200] "GET /images/stories/statikus_kepek/fotoalbum.gif HTTP/1.1" 200 2428 "http://www.kokosz.hu/" "Mozilla/5.0 (Windows NT 6.3; Win64; x64) AppleWebKit/537.36 (KHTML, like Gecko) Chrome/92.0.4515.159 Safari/537.36"
193.226.200.80 - - [06/Sep/2021:08:41:56 +0200] "GET /images/stories/logok/erdei_iskola_program_et.jpg HTTP/1.1" 200 8081 "http://www.kokosz.hu/" "Mozilla/5.0 (Windows NT 6.3; Win64; x64) AppleWebKit/537.36 (KHTML, like Gecko) Chrome/92.0.4515.159 Safari/537.36"
193.226.200.80 - - [06/Sep/2021:08:41:56 +0200] "GET /images/stories/logok/erdei_ovoda_logo.jpg HTTP/1.1" 200 3597 "http://www.kokosz.hu/" "Mozilla/5.0 (Windows NT 6.3; Win64; x64) AppleWebKit/537.36 (KHTML, like Gecko) Chrome/92.0.4515.159 Safari/537.36"
193.226.200.80 - - [06/Sep/2021:08:41:56 +0200] "GET /images/stories/logok/erdei_iskola_logo.jpg HTTP/1.1" 200 6785 "http://www.kokosz.hu/" "Mozilla/5.0 (Windows NT 6.3; Win64; x64) AppleWebKit/537.36 (KHTML, like Gecko) Chrome/92.0.4515.159 Safari/537.36"
193.226.200.80 - - [06/Sep/2021:08:41:56 +0200] "GET /templates/radiocampus/images/bild_rechts_gross.jpg HTTP/1.1" 200 16998 "http://www.kokosz.hu/" "Mozilla/5.0 (Windows NT 6.3; Win64; x64) AppleWebKit/537.36 (KHTML, like Gecko) Chrome/92.0.4515.159 Safari/537.36"
193.226.200.80 - - [06/Sep/2021:08:41:56 +0200] "GET /templates/radiocampus/images/logo_top_pa.jpg HTTP/1.1" 200 114295 "http://www.kokosz.hu/" "Mozilla/5.0 (Windows NT 6.3; Win64; x64) AppleWebKit/537.36 (KHTML, like Gecko) Chrome/92.0.4515.159 Safari/537.36"
193.226.200.80 - - [06/Sep/2021:08:41:56 +0200] "GET /images/stories/hirkepek/kopjafa.jpg HTTP/1.1" 200 5537 "http://www.kokosz.hu/" "Mozilla/5.0 (Windows NT 6.3; Win64; x64) AppleWebKit/537.36 (KHTML, like Gecko) Chrome/92.0.4515.159 Safari/537.36"
193.226.200.80 - - [06/Sep/2021:08:41:56 +0200] "GET /images/stories/logok/emmi_logo.jpg HTTP/1.1" 200 3819 "http://www.kokosz.hu/" "Mozilla/5.0 (Windows NT 6.3; Win64; x64) AppleWebKit/537.36 (KHTML, like Gecko) Chrome/92.0.4515.159 Safari/537.36"
193.226.200.80 - - [06/Sep/2021:08:41:56 +0200] "GET /images/stories/logok/2015/eet.jpg HTTP/1.1" 200 3753 "http://www.kokosz.hu/" "Mozilla/5.0 (Windows NT 6.3; Win64; x64) AppleWebKit/537.36 (KHTML, like Gecko) Chrome/92.0.4515.159 Safari/537.36"
193.226.200.80 - - [06/Sep/2021:08:41:56 +0200] "GET /images/stories/logok/2015/emet.jpg HTTP/1.1" 200 5961 "http://www.kokosz.hu/" "Mozilla/5.0 (Windows NT 6.3; Win64; x64) AppleWebKit/537.36 (KHTML, like Gecko) Chrome/92.0.4515.159 Safari/537.36"
193.226.200.80 - - [06/Sep/2021:08:41:56 +0200] "GET /images/stories/logok/2015/ntp.jpg HTTP/1.1" 200 4004 "http://www.kokosz.hu/" "Mozilla/5.0 (Windows NT 6.3; Win64; x64) AppleWebKit/537.36 (KHTML, like Gecko) Chrome/92.0.4515.159 Safari/537.36"
193.226.200.80 - - [06/Sep/2021:08:41:56 +0200] "GET /images/stories/logok/2015/ofi.jpg HTTP/1.1" 200 5571 "http://www.kokosz.hu/" "Mozilla/5.0 (Windows NT 6.3; Win64; x64) AppleWebKit/537.36 (KHTML, like Gecko) Chrome/92.0.4515.159 Safari/537.36"
193.226.200.80 - - [06/Sep/2021:08:41:56 +0200] "GET /modules/mod_vvisit_counter/images/blue/0.gif HTTP/1.1" 200 697 "http://www.kokosz.hu/" "Mozilla/5.0 (Windows NT 6.3; Win64; x64) AppleWebKit/537.36 (KHTML, like Gecko) Chrome/92.0.4515.159 Safari/537.36"
193.226.200.80 - - [06/Sep/2021:08:41:56 +0200] "GET /modules/mod_vvisit_counter/images/blue/1.gif HTTP/1.1" 200 400 "http://www.kokosz.hu/" "Mozilla/5.0 (Windows NT 6.3; Win64; x64) AppleWebKit/537.36 (KHTML, like Gecko) Chrome/92.0.4515.159 Safari/537.36"
193.226.200.80 - - [06/Sep/2021:08:41:56 +0200] "GET /modules/mod_vvisit_counter/images/blue/7.gif HTTP/1.1" 200 438 "http://www.kokosz.hu/" "Mozilla/5.0 (Windows NT 6.3; Win64; x64) AppleWebKit/537.36 (KHTML, like Gecko) Chrome/92.0.4515.159 Safari/537.36"
193.226.200.80 - - [06/Sep/2021:08:41:56 +0200] "GET /modules/mod_vvisit_counter/images/blue/2.gif HTTP/1.1" 200 687 "http://www.kokosz.hu/" "Mozilla/5.0 (Windows NT 6.3; Win64; x64) AppleWebKit/537.36 (KHTML, like Gecko) Chrome/92.0.4515.159 Safari/537.36"
193.226.200.80 - - [06/Sep/2021:08:41:56 +0200] "GET /modules/mod_vvisit_counter/images/vtoday.gif HTTP/1.1" 200 909 "http://www.kokosz.hu/" "Mozilla/5.0 (Windows NT 6.3; Win64; x64) AppleWebKit/537.36 (KHTML, like Gecko) Chrome/92.0.4515.159 Safari/537.36"
193.226.200.80 - - [06/Sep/2021:08:41:56 +0200] "GET /modules/mod_vvisit_counter/images/vyesterday.gif HTTP/1.1" 200 909 "http://www.kokosz.hu/" "Mozilla/5.0 (Windows NT 6.3; Win64; x64) AppleWebKit/537.36 (KHTML, like Gecko) Chrome/92.0.4515.159 Safari/537.36"
193.226.200.80 - - [06/Sep/2021:08:41:56 +0200] "GET /modules/mod_vvisit_counter/images/vweek.gif HTTP/1.1" 200 909 "http://www.kokosz.hu/" "Mozilla/5.0 (Windows NT 6.3; Win64; x64) AppleWebKit/537.36 (KHTML, like Gecko) Chrome/92.0.4515.159 Safari/537.36"
193.226.200.80 - - [06/Sep/2021:08:41:56 +0200] "GET /modules/mod_vvisit_counter/images/vmonth.gif HTTP/1.1" 200 909 "http://www.kokosz.hu/" "Mozilla/5.0 (Windows NT 6.3; Win64; x64) AppleWebKit/537.36 (KHTML, like Gecko) Chrome/92.0.4515.159 Safari/537.36"
193.226.200.80 - - [06/Sep/2021:08:41:56 +0200] "GET /modules/mod_vvisit_counter/images/vall.gif HTTP/1.1" 200 996 "http://www.kokosz.hu/" "Mozilla/5.0 (Windows NT 6.3; Win64; x64) AppleWebKit/537.36 (KHTML, like Gecko) Chrome/92.0.4515.159 Safari/537.36"
193.226.200.80 - - [06/Sep/2021:08:41:59 +0200] "GET / HTTP/1.1" 200 34029 "https://www.google.com/" "Mozilla/5.0 (Windows NT 6.3; Win64; x64) AppleWebKit/537.36 (KHTML, like Gecko) Chrome/92.0.4515.159 Safari/537.36"
193.226.200.80 - - [06/Sep/2021:08:41:59 +0200] "GET /templates/radiocampus/images/background_top.jpg HTTP/1.1" 200 1400 "http://www.kokosz.hu/" "Mozilla/5.0 (Windows NT 6.3; Win64; x64) AppleWebKit/537.36 (KHTML, like Gecko) Chrome/92.0.4515.159 Safari/537.36"
193.226.200.80 - - [06/Sep/2021:08:42:01 +0200] "GET /modules/mod_vvisit_counter/images/blue/8.gif HTTP/1.1" 200 697 "http://www.kokosz.hu/" "Mozilla/5.0 (Windows NT 6.3; Win64; x64) AppleWebKit/537.36 (KHTML, like Gecko) Chrome/92.0.4515.159 Safari/537.36"
193.226.200.80 - - [06/Sep/2021:08:42:01 +0200] "GET /images/cimer.ico HTTP/1.1" 200 1406 "http://www.kokosz.hu/" "Mozilla/5.0 (Windows NT 6.3; Win64; x64) AppleWebKit/537.36 (KHTML, like Gecko) Chrome/92.0.4515.159 Safari/537.36"
195.228.23.28 - - [06/Sep/2021:08:44:16 +0200] "GET /index.php?option=com_content&task=view&id=544&Itemid=69 HTTP/1.1" 200 30620 "-" "Mozilla/5.0 (Windows NT 10.0; Win64; x64) AppleWebKit/537.36 (KHTML, like Gecko) Chrome/93.0.4577.63 Safari/537.36 Edg/93.0.961.38"
195.228.23.28 - - [06/Sep/2021:08:44:16 +0200] "GET /templates/radiocampus/css/template_css.css HTTP/1.1" 200 10686 "http://www.kokosz.hu/index.php?option=com_content&task=view&id=544&Itemid=69" "Mozilla/5.0 (Windows NT 10.0; Win64; x64) AppleWebKit/537.36 (KHTML, like Gecko) Chrome/93.0.4577.63 Safari/537.36 Edg/93.0.961.38"
195.228.23.28 - - [06/Sep/2021:08:44:16 +0200] "GET /templates/radiocampus/images/spacer.gif HTTP/1.1" 200 43 "http://www.kokosz.hu/index.php?option=com_content&task=view&id=544&Itemid=69" "Mozilla/5.0 (Windows NT 10.0; Win64; x64) AppleWebKit/537.36 (KHTML, like Gecko) Chrome/93.0.4577.63 Safari/537.36 Edg/93.0.961.38"
195.228.23.28 - - [06/Sep/2021:08:44:16 +0200] "GET /images/stories/logok/erdei_iskola_program.jpg HTTP/1.1" 200 7679 "http://www.kokosz.hu/index.php?option=com_content&task=view&id=544&Itemid=69" "Mozilla/5.0 (Windows NT 10.0; Win64; x64) AppleWebKit/537.36 (KHTML, like Gecko) Chrome/93.0.4577.63 Safari/537.36 Edg/93.0.961.38"
195.228.23.28 - - [06/Sep/2021:08:44:16 +0200] "GET /images/stories/statikus_kepek/szogi_lajos_kepzo.jpg HTTP/1.1" 200 27286 "http://www.kokosz.hu/index.php?option=com_content&task=view&id=544&Itemid=69" "Mozilla/5.0 (Windows NT 10.0; Win64; x64) AppleWebKit/537.36 (KHTML, like Gecko) Chrome/93.0.4577.63 Safari/537.36 Edg/93.0.961.38"
