192.99.13.228 - - [06/Sep/2021:05:40:37 +0200] "GET /index.php?option=com_ponygallery&func=viewcategory&catid=19&startpage=2&Itemid=84 HTTP/1.1" 200 36702 "-" "Mozilla/5.0 (compatible; MJ12bot/v1.4.8; http://mj12bot.com/)"
192.99.13.228 - - [06/Sep/2021:05:40:59 +0200] "GET /index.php?option=com_ponygallery&func=viewcategory&catid=27&startpage=1&Itemid=84 HTTP/1.1" 200 54220 "-" "Mozilla/5.0 (compatible; MJ12bot/v1.4.8; http://mj12bot.com/)"
192.99.13.228 - - [06/Sep/2021:05:41:19 +0200] "GET /index.php?option=com_ponygallery&func=viewcategory&catid=27&startpage=2&Itemid=84 HTTP/1.1" 200 54594 "-" "Mozilla/5.0 (compatible; MJ12bot/v1.4.8; http://mj12bot.com/)"
192.99.13.228 - - [06/Sep/2021:05:41:45 +0200] "GET /index.php?option=com_ponygallery&func=viewcategory&catid=27&startpage=3&Itemid=84 HTTP/1.1" 200 54600 "-" "Mozilla/5.0 (compatible; MJ12bot/v1.4.8; http://mj12bot.com/)"
192.99.13.228 - - [06/Sep/2021:05:42:07 +0200] "GET /index.php?option=com_ponygallery&func=viewcategory&catid=27&startpage=4&Itemid=84 HTTP/1.1" 200 52498 "-" "Mozilla/5.0 (compatible; MJ12bot/v1.4.8; http://mj12bot.com/)"
192.99.13.228 - - [06/Sep/2021:05:42:32 +0200] "GET /index.php?option=com_ponygallery&func=viewcategory&catid=29&startpage=1&Itemid=84 HTTP/1.1" 200 46834 "-" "Mozilla/5.0 (compatible; MJ12bot/v1.4.8; http://mj12bot.com/)"
192.99.13.228 - - [06/Sep/2021:05:42:51 +0200] "GET /index.php?option=com_ponygallery&func=viewcategory&catid=29&startpage=2&Itemid=84 HTTP/1.1" 200 47208 "-" "Mozilla/5.0 (compatible; MJ12bot/v1.4.8; http://mj12bot.com/)"
192.99.13.228 - - [06/Sep/2021:05:43:08 +0200] "GET /index.php?option=com_ponygallery&func=viewcategory&catid=29&startpage=3&Itemid=84 HTTP/1.1" 200 44866 "-" "Mozilla/5.0 (compatible; MJ12bot/v1.4.8; http://mj12bot.com/)"
185.191.171.21 - - [06/Sep/2021:05:43:12 +0200] "GET /index2.php?id=728&itemid=78&option=com_content&task=emailform HTTP/1.1" 200 2535 "-" "Mozilla/5.0 (compatible; SemrushBot/7~bl; +http://www.semrush.com/bot.html)"
192.99.13.228 - - [06/Sep/2021:05:43:28 +0200] "GET /index.php?option=com_ponygallery&func=viewcategory&catid=42&startpage=1&Itemid=84 HTTP/1.1" 200 46205 "-" "Mozilla/5.0 (compatible; MJ12bot/v1.4.8; http://mj12bot.com/)"
192.99.13.228 - - [06/Sep/2021:05:43:51 +0200] "GET /index.php?option=com_ponygallery&func=viewcategory&catid=42&startpage=2&Itemid=84 HTTP/1.1" 200 42986 "-" "Mozilla/5.0 (compatible; MJ12bot/v1.4.8; http://mj12bot.com/)"
192.99.13.228 - - [06/Sep/2021:05:44:08 +0200] "GET /index2.php?option=com_content&task=emailform&id=1005&itemid=78 HTTP/1.1" 200 2458 "-" "Mozilla/5.0 (compatible; MJ12bot/v1.4.8; http://mj12bot.com/)"
192.99.13.228 - - [06/Sep/2021:05:44:28 +0200] "GET /index2.php?option=com_content&task=emailform&id=1012&itemid=99999999 HTTP/1.1" 200 2511 "-" "Mozilla/5.0 (compatible; MJ12bot/v1.4.8; http://mj12bot.com/)"
185.191.171.5 - - [06/Sep/2021:05:44:33 +0200] "GET /index2.php?Itemid=69&id=422&option=com_content&page=0&pop=1&task=view HTTP/1.1" 200 4550 "-" "Mozilla/5.0 (compatible; SemrushBot/7~bl; +http://www.semrush.com/bot.html)"
192.99.13.228 - - [06/Sep/2021:05:44:54 +0200] "GET /index2.php?option=com_content&task=emailform&id=1013&itemid=1 HTTP/1.1" 200 2456 "-" "Mozilla/5.0 (compatible; MJ12bot/v1.4.8; http://mj12bot.com/)"
192.99.13.228 - - [06/Sep/2021:05:45:18 +0200] "GET /index2.php?option=com_content&task=emailform&id=1013&itemid=89 HTTP/1.1" 200 2457 "-" "Mozilla/5.0 (compatible; MJ12bot/v1.4.8; http://mj12bot.com/)"
192.99.13.228 - - [06/Sep/2021:05:45:41 +0200] "GET /index2.php?option=com_content&task=emailform&id=102&itemid=66 HTTP/1.1" 200 2496 "-" "Mozilla/5.0 (compatible; MJ12bot/v1.4.8; http://mj12bot.com/)"
192.99.13.228 - - [06/Sep/2021:05:46:01 +0200] "GET /index2.php?option=com_content&task=emailform&id=1024&itemid=1 HTTP/1.1" 200 2466 "-" "Mozilla/5.0 (compatible; MJ12bot/v1.4.8; http://mj12bot.com/)"
192.99.13.228 - - [06/Sep/2021:05:46:21 +0200] "GET /index2.php?option=com_content&task=emailform&id=1024&itemid=99999999 HTTP/1.1" 200 2473 "-" "Mozilla/5.0 (compatible; MJ12bot/v1.4.8; http://mj12bot.com/)"
192.99.13.228 - - [06/Sep/2021:05:46:43 +0200] "GET /index2.php?option=com_content&task=emailform&id=1031&itemid=1 HTTP/1.1" 200 2509 "-" "Mozilla/5.0 (compatible; MJ12bot/v1.4.8; http://mj12bot.com/)"
192.99.13.228 - - [06/Sep/2021:05:47:03 +0200] "GET /index2.php?option=com_content&task=emailform&id=1031&itemid=89 HTTP/1.1" 200 2510 "-" "Mozilla/5.0 (compatible; MJ12bot/v1.4.8; http://mj12bot.com/)"
192.99.13.228 - - [06/Sep/2021:05:47:23 +0200] "GET /index2.php?option=com_content&task=emailform&id=1031&itemid=99999999 HTTP/1.1" 200 2516 "-" "Mozilla/5.0 (compatible; MJ12bot/v1.4.8; http://mj12bot.com/)"
192.99.13.228 - - [06/Sep/2021:05:47:47 +0200] "GET /index2.php?option=com_content&task=emailform&id=1032&itemid=1 HTTP/1.1" 200 692 "-" "Mozilla/5.0 (compatible; MJ12bot/v1.4.8; http://mj12bot.com/)"
185.191.171.19 - - [06/Sep/2021:05:48:07 +0200] "GET /index.php?Itemid=99999999&limit=5&limitstart=25&option=com_search&ordering=newest&searchphrase=any&searchword=szakk%C3%B6z%C3%A9piskola HTTP/1.1" 200 35301 "-" "Mozilla/5.0 (compatible; SemrushBot/7~bl; +http://www.semrush.com/bot.html)"
192.99.13.228 - - [06/Sep/2021:05:48:13 +0200] "GET /index2.php?option=com_content&task=emailform&id=1038&itemid=75 HTTP/1.1" 200 2477 "-" "Mozilla/5.0 (compatible; MJ12bot/v1.4.8; http://mj12bot.com/)"
81.69.191.124 - - [06/Sep/2021:05:48:30 +0200] "GET /templates/radiocampus/images/spacer.gif HTTP/1.1" 200 43 "-" "Mozilla/5.0 (Linux; Android 10; LIO-AN00 Build/HUAWEILIO-AN00; wv) AppleWebKit/537.36 (KHTML, like Gecko) Version/4.0 Chrome/78.0.3904.62 XWEB/2692 MMWEBSDK/200901 Mobile Safari/537.36"
192.99.13.228 - - [06/Sep/2021:05:48:31 +0200] "GET /index2.php?option=com_content&task=emailform&id=1041&itemid=75 HTTP/1.1" 200 2469 "-" "Mozilla/5.0 (compatible; MJ12bot/v1.4.8; http://mj12bot.com/)"
192.99.13.228 - - [06/Sep/2021:05:48:52 +0200] "GET /index2.php?option=com_content&task=emailform&id=1041&itemid=89 HTTP/1.1" 200 2469 "-" "Mozilla/5.0 (compatible; MJ12bot/v1.4.8; http://mj12bot.com/)"
192.99.13.228 - - [06/Sep/2021:05:49:06 +0200] "GET /index2.php?option=com_content&task=emailform&id=1044&itemid=78 HTTP/1.1" 200 2511 "-" "Mozilla/5.0 (compatible; MJ12bot/v1.4.8; http://mj12bot.com/)"
192.99.13.228 - - [06/Sep/2021:05:49:35 +0200] "GET /index2.php?option=com_content&task=emailform&id=1049&itemid=89 HTTP/1.1" 200 2488 "-" "Mozilla/5.0 (compatible; MJ12bot/v1.4.8; http://mj12bot.com/)"
192.99.13.228 - - [06/Sep/2021:05:49:53 +0200] "GET /index2.php?option=com_content&task=emailform&id=1067&itemid=89 HTTP/1.1" 200 2493 "-" "Mozilla/5.0 (compatible; MJ12bot/v1.4.8; http://mj12bot.com/)"
192.99.13.228 - - [06/Sep/2021:05:50:16 +0200] "GET /index2.php?option=com_content&task=emailform&id=1071&itemid=75 HTTP/1.1" 200 2475 "-" "Mozilla/5.0 (compatible; MJ12bot/v1.4.8; http://mj12bot.com/)"
185.191.171.3 - - [06/Sep/2021:05:50:40 +0200] "GET /index.php?Itemid=78&id=857&option=com_content&task=view HTTP/1.1" 200 28821 "-" "Mozilla/5.0 (compatible; SemrushBot/7~bl; +http://www.semrush.com/bot.html)"
192.99.13.228 - - [06/Sep/2021:05:50:41 +0200] "GET /index2.php?option=com_content&task=emailform&id=1076&itemid=75 HTTP/1.1" 200 2446 "-" "Mozilla/5.0 (compatible; MJ12bot/v1.4.8; http://mj12bot.com/)"
185.191.171.14 - - [06/Sep/2021:05:51:04 +0200] "GET /index2.php?id=97&itemid=66&option=com_content&task=emailform HTTP/1.1" 200 2477 "-" "Mozilla/5.0 (compatible; SemrushBot/7~bl; +http://www.semrush.com/bot.html)"
192.99.13.228 - - [06/Sep/2021:05:51:08 +0200] "GET /index2.php?option=com_content&task=emailform&id=1079&itemid=1 HTTP/1.1" 200 2460 "-" "Mozilla/5.0 (compatible; MJ12bot/v1.4.8; http://mj12bot.com/)"
192.99.13.228 - - [06/Sep/2021:05:51:29 +0200] "GET /index2.php?option=com_content&task=emailform&id=1079&itemid=89 HTTP/1.1" 200 2461 "-" "Mozilla/5.0 (compatible; MJ12bot/v1.4.8; http://mj12bot.com/)"
192.99.13.228 - - [06/Sep/2021:05:51:54 +0200] "GET /index2.php?option=com_content&task=emailform&id=1098&itemid=99999999 HTTP/1.1" 200 2538 "-" "Mozilla/5.0 (compatible; MJ12bot/v1.4.8; http://mj12bot.com/)"
192.99.13.228 - - [06/Sep/2021:05:52:17 +0200] "GET /index2.php?option=com_content&task=emailform&id=110&itemid=66 HTTP/1.1" 200 2493 "-" "Mozilla/5.0 (compatible; MJ12bot/v1.4.8; http://mj12bot.com/)"
185.191.171.26 - - [06/Sep/2021:05:52:24 +0200] "GET /index2.php?Itemid=69&id=622&option=com_content&page=0&pop=1&task=view HTTP/1.1" 200 4381 "-" "Mozilla/5.0 (compatible; SemrushBot/7~bl; +http://www.semrush.com/bot.html)"
192.99.13.228 - - [06/Sep/2021:05:52:37 +0200] "GET /index2.php?option=com_content&task=emailform&id=1104&itemid=1 HTTP/1.1" 200 2446 "-" "Mozilla/5.0 (compatible; MJ12bot/v1.4.8; http://mj12bot.com/)"
49.12.13.109 - - [06/Sep/2021:05:52:38 +0200] "HEAD / HTTP/1.1" 200 0 "-" "Alert_Alligator_webmonitoring_service_1.6.3_(alertalligator.com)"
192.99.13.228 - - [06/Sep/2021:05:52:54 +0200] "GET /index2.php?option=com_content&task=emailform&id=1105&itemid=1 HTTP/1.1" 200 692 "-" "Mozilla/5.0 (compatible; MJ12bot/v1.4.8; http://mj12bot.com/)"
192.99.13.228 - - [06/Sep/2021:05:53:16 +0200] "GET /index2.php?option=com_content&task=emailform&id=1106&itemid=79 HTTP/1.1" 200 692 "-" "Mozilla/5.0 (compatible; MJ12bot/v1.4.8; http://mj12bot.com/)"
192.99.13.228 - - [06/Sep/2021:05:53:40 +0200] "GET /index2.php?option=com_content&task=emailform&id=1106&itemid=89 HTTP/1.1" 200 692 "-" "Mozilla/5.0 (compatible; MJ12bot/v1.4.8; http://mj12bot.com/)"
54.36.148.24 - - [06/Sep/2021:05:54:08 +0200] "GET /index2.php?option=com_content&task=emailform&id=1192&itemid=67 HTTP/1.1" 200 2475 "-" "Mozilla/5.0 (compatible; AhrefsBot/7.0; +http://ahrefs.com/robot/)"
192.99.13.228 - - [06/Sep/2021:05:54:11 +0200] "GET /index2.php?option=com_content&task=emailform&id=1107&itemid=75 HTTP/1.1" 200 692 "-" "Mozilla/5.0 (compatible; MJ12bot/v1.4.8; http://mj12bot.com/)"
192.99.13.228 - - [06/Sep/2021:05:54:36 +0200] "GET /index2.php?option=com_content&task=emailform&id=1107&itemid=79 HTTP/1.1" 200 692 "-" "Mozilla/5.0 (compatible; MJ12bot/v1.4.8; http://mj12bot.com/)"
192.99.13.228 - - [06/Sep/2021:05:54:54 +0200] "GET /index2.php?option=com_content&task=emailform&id=1108&itemid=75 HTTP/1.1" 200 2475 "-" "Mozilla/5.0 (compatible; MJ12bot/v1.4.8; http://mj12bot.com/)"
192.99.13.228 - - [06/Sep/2021:05:55:12 +0200] "GET /index2.php?option=com_content&task=emailform&id=1111&itemid=79 HTTP/1.1" 200 2478 "-" "Mozilla/5.0 (compatible; MJ12bot/v1.4.8; http://mj12bot.com/)"
192.99.13.228 - - [06/Sep/2021:05:55:32 +0200] "GET /index2.php?option=com_content&task=emailform&id=1111&itemid=89 HTTP/1.1" 200 2478 "-" "Mozilla/5.0 (compatible; MJ12bot/v1.4.8; http://mj12bot.com/)"
192.99.13.228 - - [06/Sep/2021:05:55:53 +0200] "GET /index2.php?option=com_content&task=emailform&id=1112&itemid=1 HTTP/1.1" 200 2499 "-" "Mozilla/5.0 (compatible; MJ12bot/v1.4.8; http://mj12bot.com/)"
192.99.13.228 - - [06/Sep/2021:05:56:10 +0200] "GET /index2.php?option=com_content&task=emailform&id=1112&itemid=89 HTTP/1.1" 200 2500 "-" "Mozilla/5.0 (compatible; MJ12bot/v1.4.8; http://mj12bot.com/)"
192.99.13.228 - - [06/Sep/2021:05:56:35 +0200] "GET /index2.php?option=com_content&task=emailform&id=1113&itemid=89 HTTP/1.1" 200 2458 "-" "Mozilla/5.0 (compatible; MJ12bot/v1.4.8; http://mj12bot.com/)"
185.191.171.40 - - [06/Sep/2021:05:56:45 +0200] "GET /index.php?Itemid=65&id=181&option=com_content&task=view HTTP/1.1" 200 29525 "-" "Mozilla/5.0 (compatible; SemrushBot/7~bl; +http://www.semrush.com/bot.html)"
192.99.13.228 - - [06/Sep/2021:05:57:03 +0200] "GET /index2.php?option=com_content&task=emailform&id=1114&itemid=1 HTTP/1.1" 200 2460 "-" "Mozilla/5.0 (compatible; MJ12bot/v1.4.8; http://mj12bot.com/)"
192.99.13.228 - - [06/Sep/2021:05:57:25 +0200] "GET /index2.php?option=com_content&task=emailform&id=1114&itemid=89 HTTP/1.1" 200 2461 "-" "Mozilla/5.0 (compatible; MJ12bot/v1.4.8; http://mj12bot.com/)"
192.99.13.228 - - [06/Sep/2021:05:57:45 +0200] "GET /index2.php?option=com_content&task=emailform&id=1115&itemid=78 HTTP/1.1" 200 2463 "-" "Mozilla/5.0 (compatible; MJ12bot/v1.4.8; http://mj12bot.com/)"
192.99.13.228 - - [06/Sep/2021:05:58:07 +0200] "GET /index2.php?option=com_content&task=emailform&id=1115&itemid=89 HTTP/1.1" 200 2463 "-" "Mozilla/5.0 (compatible; MJ12bot/v1.4.8; http://mj12bot.com/)"
192.99.13.228 - - [06/Sep/2021:05:58:34 +0200] "GET /index2.php?option=com_content&task=emailform&id=1116&itemid=89 HTTP/1.1" 200 2457 "-" "Mozilla/5.0 (compatible; MJ12bot/v1.4.8; http://mj12bot.com/)"
192.99.13.228 - - [06/Sep/2021:05:58:53 +0200] "GET /index2.php?option=com_content&task=emailform&id=1127&itemid=75 HTTP/1.1" 200 2463 "-" "Mozilla/5.0 (compatible; MJ12bot/v1.4.8; http://mj12bot.com/)"
185.191.171.13 - - [06/Sep/2021:05:59:07 +0200] "GET /index2.php?Itemid=75&id=806&option=com_content&page=0&pop=1&task=view HTTP/1.1" 200 2696 "-" "Mozilla/5.0 (compatible; SemrushBot/7~bl; +http://www.semrush.com/bot.html)"
192.99.13.228 - - [06/Sep/2021:05:59:11 +0200] "GET /index2.php?option=com_content&task=emailform&id=1127&itemid=78 HTTP/1.1" 200 2463 "-" "Mozilla/5.0 (compatible; MJ12bot/v1.4.8; http://mj12bot.com/)"
192.99.13.228 - - [06/Sep/2021:05:59:25 +0200] "GET /index2.php?option=com_content&task=emailform&id=1139&itemid=78 HTTP/1.1" 200 2460 "-" "Mozilla/5.0 (compatible; MJ12bot/v1.4.8; http://mj12bot.com/)"
185.191.171.20 - - [06/Sep/2021:05:59:42 +0200] "GET /index2.php?id=803&itemid=89&option=com_content&task=emailform HTTP/1.1" 200 692 "-" "Mozilla/5.0 (compatible; SemrushBot/7~bl; +http://www.semrush.com/bot.html)"
192.99.13.228 - - [06/Sep/2021:05:59:49 +0200] "GET /index2.php?option=com_content&task=emailform&id=115&itemid=99999999 HTTP/1.1" 200 2522 "-" "Mozilla/5.0 (compatible; MJ12bot/v1.4.8; http://mj12bot.com/)"
192.99.13.228 - - [06/Sep/2021:06:00:12 +0200] "GET /index2.php?option=com_content&task=emailform&id=1150&itemid=78 HTTP/1.1" 200 2469 "-" "Mozilla/5.0 (compatible; MJ12bot/v1.4.8; http://mj12bot.com/)"
192.99.13.228 - - [06/Sep/2021:06:00:32 +0200] "GET /index2.php?option=com_content&task=emailform&id=1153&itemid=78 HTTP/1.1" 200 2478 "-" "Mozilla/5.0 (compatible; MJ12bot/v1.4.8; http://mj12bot.com/)"
192.99.13.228 - - [06/Sep/2021:06:00:48 +0200] "GET /index2.php?option=com_content&task=emailform&id=1155&itemid=78 HTTP/1.1" 200 2486 "-" "Mozilla/5.0 (compatible; MJ12bot/v1.4.8; http://mj12bot.com/)"
192.99.13.228 - - [06/Sep/2021:06:01:08 +0200] "GET /index2.php?option=com_content&task=emailform&id=116&itemid=99999999 HTTP/1.1" 200 2516 "-" "Mozilla/5.0 (compatible; MJ12bot/v1.4.8; http://mj12bot.com/)"
192.99.13.228 - - [06/Sep/2021:06:01:25 +0200] "GET /index2.php?option=com_content&task=emailform&id=117&itemid=66 HTTP/1.1" 200 2481 "-" "Mozilla/5.0 (compatible; MJ12bot/v1.4.8; http://mj12bot.com/)"
192.99.13.228 - - [06/Sep/2021:06:01:42 +0200] "GET /index2.php?option=com_content&task=emailform&id=118&itemid=99999999 HTTP/1.1" 200 2493 "-" "Mozilla/5.0 (compatible; MJ12bot/v1.4.8; http://mj12bot.com/)"
192.99.13.228 - - [06/Sep/2021:06:02:00 +0200] "GET /index2.php?option=com_content&task=emailform&id=120&itemid=99999999 HTTP/1.1" 200 2477 "-" "Mozilla/5.0 (compatible; MJ12bot/v1.4.8; http://mj12bot.com/)"
192.99.13.228 - - [06/Sep/2021:06:02:14 +0200] "GET /index2.php?option=com_content&task=emailform&id=1205&itemid=89 HTTP/1.1" 200 692 "-" "Mozilla/5.0 (compatible; MJ12bot/v1.4.8; http://mj12bot.com/)"
192.99.13.228 - - [06/Sep/2021:06:02:31 +0200] "GET /index2.php?option=com_content&task=emailform&id=1207&itemid=68 HTTP/1.1" 200 2483 "-" "Mozilla/5.0 (compatible; MJ12bot/v1.4.8; http://mj12bot.com/)"
192.99.13.228 - - [06/Sep/2021:06:02:58 +0200] "GET /index2.php?option=com_content&task=emailform&id=1208&itemid=68 HTTP/1.1" 200 2465 "-" "Mozilla/5.0 (compatible; MJ12bot/v1.4.8; http://mj12bot.com/)"
192.99.13.228 - - [06/Sep/2021:06:03:22 +0200] "GET /index2.php?option=com_content&task=emailform&id=121&itemid=99999999 HTTP/1.1" 200 2509 "-" "Mozilla/5.0 (compatible; MJ12bot/v1.4.8; http://mj12bot.com/)"
192.99.13.228 - - [06/Sep/2021:06:03:44 +0200] "GET /index2.php?option=com_content&task=emailform&id=1216&itemid=89 HTTP/1.1" 200 2463 "-" "Mozilla/5.0 (compatible; MJ12bot/v1.4.8; http://mj12bot.com/)"
192.99.13.228 - - [06/Sep/2021:06:04:03 +0200] "GET /index2.php?option=com_content&task=emailform&id=1224&itemid=89 HTTP/1.1" 200 2469 "-" "Mozilla/5.0 (compatible; MJ12bot/v1.4.8; http://mj12bot.com/)"
192.99.13.228 - - [06/Sep/2021:06:04:25 +0200] "GET /index2.php?option=com_content&task=emailform&id=1225&itemid=89 HTTP/1.1" 200 2481 "-" "Mozilla/5.0 (compatible; MJ12bot/v1.4.8; http://mj12bot.com/)"
192.99.13.228 - - [06/Sep/2021:06:04:42 +0200] "GET /index2.php?option=com_content&task=emailform&id=1226&itemid=89 HTTP/1.1" 200 2484 "-" "Mozilla/5.0 (compatible; MJ12bot/v1.4.8; http://mj12bot.com/)"
192.99.13.228 - - [06/Sep/2021:06:04:59 +0200] "GET /index2.php?option=com_content&task=emailform&id=1227&itemid=89 HTTP/1.1" 200 2459 "-" "Mozilla/5.0 (compatible; MJ12bot/v1.4.8; http://mj12bot.com/)"
192.99.13.228 - - [06/Sep/2021:06:05:19 +0200] "GET /index2.php?option=com_content&task=emailform&id=1228&itemid=89 HTTP/1.1" 200 2477 "-" "Mozilla/5.0 (compatible; MJ12bot/v1.4.8; http://mj12bot.com/)"
185.191.171.22 - - [06/Sep/2021:06:05:26 +0200] "GET /robots.txt HTTP/1.1" 200 286 "-" "Mozilla/5.0 (compatible; SemrushBot/7~bl; +http://www.semrush.com/bot.html)"
185.191.171.23 - - [06/Sep/2021:06:05:26 +0200] "GET /index2.php?Itemid=88&id=90&option=com_content&page=0&pop=1&task=view HTTP/1.1" 200 4372 "-" "Mozilla/5.0 (compatible; SemrushBot/7~bl; +http://www.semrush.com/bot.html)"
192.99.13.228 - - [06/Sep/2021:06:05:35 +0200] "GET /index2.php?option=com_content&task=emailform&id=1229&itemid=89 HTTP/1.1" 200 2453 "-" "Mozilla/5.0 (compatible; MJ12bot/v1.4.8; http://mj12bot.com/)"
185.191.171.8 - - [06/Sep/2021:06:05:44 +0200] "GET /index2.php?Itemid=66&id=130&option=com_content&page=0&pop=1&task=view HTTP/1.1" 200 3905 "-" "Mozilla/5.0 (compatible; SemrushBot/7~bl; +http://www.semrush.com/bot.html)"
192.99.13.228 - - [06/Sep/2021:06:05:58 +0200] "GET /index2.php?option=com_content&task=emailform&id=1230&itemid=89 HTTP/1.1" 200 2467 "-" "Mozilla/5.0 (compatible; MJ12bot/v1.4.8; http://mj12bot.com/)"
192.99.13.228 - - [06/Sep/2021:06:06:17 +0200] "GET /index2.php?option=com_content&task=emailform&id=1231&itemid=89 HTTP/1.1" 200 2476 "-" "Mozilla/5.0 (compatible; MJ12bot/v1.4.8; http://mj12bot.com/)"
192.99.13.228 - - [06/Sep/2021:06:06:43 +0200] "GET /index2.php?option=com_content&task=emailform&id=1232&itemid=89 HTTP/1.1" 200 2465 "-" "Mozilla/5.0 (compatible; MJ12bot/v1.4.8; http://mj12bot.com/)"
192.99.13.228 - - [06/Sep/2021:06:07:04 +0200] "GET /index2.php?option=com_content&task=emailform&id=1234&itemid=89 HTTP/1.1" 200 2464 "-" "Mozilla/5.0 (compatible; MJ12bot/v1.4.8; http://mj12bot.com/)"
192.99.13.228 - - [06/Sep/2021:06:07:23 +0200] "GET /index2.php?option=com_content&task=emailform&id=1235&itemid=89 HTTP/1.1" 200 2465 "-" "Mozilla/5.0 (compatible; MJ12bot/v1.4.8; http://mj12bot.com/)"
185.191.171.10 - - [06/Sep/2021:06:07:32 +0200] "GET /index2.php?id=125&itemid=88&option=com_content&task=emailform HTTP/1.1" 200 2487 "-" "Mozilla/5.0 (compatible; SemrushBot/7~bl; +http://www.semrush.com/bot.html)"
192.99.13.228 - - [06/Sep/2021:06:07:41 +0200] "GET /index2.php?option=com_content&task=emailform&id=1236&itemid=89 HTTP/1.1" 200 2451 "-" "Mozilla/5.0 (compatible; MJ12bot/v1.4.8; http://mj12bot.com/)"
192.99.13.228 - - [06/Sep/2021:06:08:04 +0200] "GET /index2.php?option=com_content&task=emailform&id=1237&itemid=89 HTTP/1.1" 200 2506 "-" "Mozilla/5.0 (compatible; MJ12bot/v1.4.8; http://mj12bot.com/)"
192.99.13.228 - - [06/Sep/2021:06:08:21 +0200] "GET /index2.php?option=com_content&task=emailform&id=124&itemid=99999999 HTTP/1.1" 200 2504 "-" "Mozilla/5.0 (compatible; MJ12bot/v1.4.8; http://mj12bot.com/)"
192.99.13.228 - - [06/Sep/2021:06:08:44 +0200] "GET /index2.php?option=com_content&task=emailform&id=125&itemid=99999999 HTTP/1.1" 200 2493 "-" "Mozilla/5.0 (compatible; MJ12bot/v1.4.8; http://mj12bot.com/)"
192.99.13.228 - - [06/Sep/2021:06:08:58 +0200] "GET /index2.php?option=com_content&task=emailform&id=132&itemid=99999999 HTTP/1.1" 200 2475 "-" "Mozilla/5.0 (compatible; MJ12bot/v1.4.8; http://mj12bot.com/)"
192.99.13.228 - - [06/Sep/2021:06:09:14 +0200] "GET /index2.php?option=com_content&task=emailform&id=134&itemid=99999999 HTTP/1.1" 200 2482 "-" "Mozilla/5.0 (compatible; MJ12bot/v1.4.8; http://mj12bot.com/)"
192.99.13.228 - - [06/Sep/2021:06:09:33 +0200] "GET /index2.php?option=com_content&task=emailform&id=141&itemid=99999999 HTTP/1.1" 200 2509 "-" "Mozilla/5.0 (compatible; MJ12bot/v1.4.8; http://mj12bot.com/)"
192.99.13.228 - - [06/Sep/2021:06:09:50 +0200] "GET /index2.php?option=com_content&task=emailform&id=154&itemid=78 HTTP/1.1" 200 2471 "-" "Mozilla/5.0 (compatible; MJ12bot/v1.4.8; http://mj12bot.com/)"
192.99.13.228 - - [06/Sep/2021:06:10:08 +0200] "GET /index2.php?option=com_content&task=emailform&id=158&itemid=1 HTTP/1.1" 200 2509 "-" "Mozilla/5.0 (compatible; MJ12bot/v1.4.8; http://mj12bot.com/)"
192.99.13.228 - - [06/Sep/2021:06:10:26 +0200] "GET /index2.php?option=com_content&task=emailform&id=158&itemid=79 HTTP/1.1" 200 2510 "-" "Mozilla/5.0 (compatible; MJ12bot/v1.4.8; http://mj12bot.com/)"
192.99.13.228 - - [06/Sep/2021:06:10:44 +0200] "GET /index2.php?option=com_content&task=emailform&id=159&itemid=65 HTTP/1.1" 200 2497 "-" "Mozilla/5.0 (compatible; MJ12bot/v1.4.8; http://mj12bot.com/)"
192.99.13.228 - - [06/Sep/2021:06:11:07 +0200] "GET /index2.php?option=com_content&task=emailform&id=159&itemid=99999999 HTTP/1.1" 200 2503 "-" "Mozilla/5.0 (compatible; MJ12bot/v1.4.8; http://mj12bot.com/)"
192.99.13.228 - - [06/Sep/2021:06:11:26 +0200] "GET /index2.php?option=com_content&task=emailform&id=165&itemid=99999999 HTTP/1.1" 200 2495 "-" "Mozilla/5.0 (compatible; MJ12bot/v1.4.8; http://mj12bot.com/)"
192.99.13.228 - - [06/Sep/2021:06:11:44 +0200] "GET /index2.php?option=com_content&task=emailform&id=166&itemid=99999999 HTTP/1.1" 200 2511 "-" "Mozilla/5.0 (compatible; MJ12bot/v1.4.8; http://mj12bot.com/)"
192.99.13.228 - - [06/Sep/2021:06:12:01 +0200] "GET /index2.php?option=com_content&task=emailform&id=168&itemid=65 HTTP/1.1" 200 2461 "-" "Mozilla/5.0 (compatible; MJ12bot/v1.4.8; http://mj12bot.com/)"
192.99.13.228 - - [06/Sep/2021:06:12:19 +0200] "GET /index2.php?option=com_content&task=emailform&id=168&itemid=99999999 HTTP/1.1" 200 2467 "-" "Mozilla/5.0 (compatible; MJ12bot/v1.4.8; http://mj12bot.com/)"
192.99.13.228 - - [06/Sep/2021:06:12:40 +0200] "GET /index2.php?option=com_content&task=emailform&id=170&itemid=99999999 HTTP/1.1" 200 2494 "-" "Mozilla/5.0 (compatible; MJ12bot/v1.4.8; http://mj12bot.com/)"
192.99.13.228 - - [06/Sep/2021:06:12:54 +0200] "GET /index2.php?option=com_content&task=emailform&id=171&itemid=65 HTTP/1.1" 200 2461 "-" "Mozilla/5.0 (compatible; MJ12bot/v1.4.8; http://mj12bot.com/)"
192.99.13.228 - - [06/Sep/2021:06:13:11 +0200] "GET /index2.php?option=com_content&task=emailform&id=173&itemid=65 HTTP/1.1" 200 2501 "-" "Mozilla/5.0 (compatible; MJ12bot/v1.4.8; http://mj12bot.com/)"
192.99.13.228 - - [06/Sep/2021:06:13:35 +0200] "GET /index2.php?option=com_content&task=emailform&id=173&itemid=99999999 HTTP/1.1" 200 2507 "-" "Mozilla/5.0 (compatible; MJ12bot/v1.4.8; http://mj12bot.com/)"
192.99.13.228 - - [06/Sep/2021:06:13:49 +0200] "GET /index2.php?option=com_content&task=emailform&id=174&itemid=65 HTTP/1.1" 200 2508 "-" "Mozilla/5.0 (compatible; MJ12bot/v1.4.8; http://mj12bot.com/)"
192.99.13.228 - - [06/Sep/2021:06:14:10 +0200] "GET /index2.php?option=com_content&task=emailform&id=176&itemid=65 HTTP/1.1" 200 2509 "-" "Mozilla/5.0 (compatible; MJ12bot/v1.4.8; http://mj12bot.com/)"
77.88.5.85 - - [06/Sep/2021:06:14:24 +0200] "GET /robots.txt HTTP/1.1" 200 286 "-" "Mozilla/5.0 (compatible; YandexBot/3.0; +http://yandex.com/bots)"
192.99.13.228 - - [06/Sep/2021:06:14:24 +0200] "GET /index2.php?option=com_content&task=emailform&id=177&itemid=65 HTTP/1.1" 200 2509 "-" "Mozilla/5.0 (compatible; MJ12bot/v1.4.8; http://mj12bot.com/)"
77.88.5.85 - - [06/Sep/2021:06:14:29 +0200] "GET /index.php?option=com_content&task=view&id=1050 HTTP/1.1" 200 33607 "-" "Mozilla/5.0 (compatible; YandexBot/3.0; +http://yandex.com/bots)"
77.88.5.85 - - [06/Sep/2021:06:14:32 +0200] "GET /index.php?option=com_content&task=view&id=1051 HTTP/1.1" 200 31899 "-" "Mozilla/5.0 (compatible; YandexBot/3.0; +http://yandex.com/bots)"
192.99.13.228 - - [06/Sep/2021:06:14:39 +0200] "GET /index2.php?option=com_content&task=emailform&id=178&itemid=65 HTTP/1.1" 200 2507 "-" "Mozilla/5.0 (compatible; MJ12bot/v1.4.8; http://mj12bot.com/)"
192.99.13.228 - - [06/Sep/2021:06:14:55 +0200] "GET /index2.php?option=com_content&task=emailform&id=178&itemid=99999999 HTTP/1.1" 200 2513 "-" "Mozilla/5.0 (compatible; MJ12bot/v1.4.8; http://mj12bot.com/)"
192.99.13.228 - - [06/Sep/2021:06:15:11 +0200] "GET /index2.php?option=com_content&task=emailform&id=180&itemid=65 HTTP/1.1" 200 2487 "-" "Mozilla/5.0 (compatible; MJ12bot/v1.4.8; http://mj12bot.com/)"
192.99.13.228 - - [06/Sep/2021:06:15:26 +0200] "GET /index2.php?option=com_content&task=emailform&id=180&itemid=99999999 HTTP/1.1" 200 2493 "-" "Mozilla/5.0 (compatible; MJ12bot/v1.4.8; http://mj12bot.com/)"
192.99.13.228 - - [06/Sep/2021:06:15:41 +0200] "GET /index2.php?option=com_content&task=emailform&id=181&itemid=65 HTTP/1.1" 200 2466 "-" "Mozilla/5.0 (compatible; MJ12bot/v1.4.8; http://mj12bot.com/)"
192.99.13.228 - - [06/Sep/2021:06:16:01 +0200] "GET /index2.php?option=com_content&task=emailform&id=181&itemid=99999999 HTTP/1.1" 200 2472 "-" "Mozilla/5.0 (compatible; MJ12bot/v1.4.8; http://mj12bot.com/)"
192.99.13.228 - - [06/Sep/2021:06:16:18 +0200] "GET /index2.php?option=com_content&task=emailform&id=182&itemid=99999999 HTTP/1.1" 200 2486 "-" "Mozilla/5.0 (compatible; MJ12bot/v1.4.8; http://mj12bot.com/)"
192.99.13.228 - - [06/Sep/2021:06:16:32 +0200] "GET /index2.php?option=com_content&task=emailform&id=183&itemid=99999999 HTTP/1.1" 200 2510 "-" "Mozilla/5.0 (compatible; MJ12bot/v1.4.8; http://mj12bot.com/)"
192.99.13.228 - - [06/Sep/2021:06:16:47 +0200] "GET /index2.php?option=com_content&task=emailform&id=184&itemid=65 HTTP/1.1" 200 2491 "-" "Mozilla/5.0 (compatible; MJ12bot/v1.4.8; http://mj12bot.com/)"
192.99.13.228 - - [06/Sep/2021:06:17:05 +0200] "GET /index2.php?option=com_content&task=emailform&id=186&itemid=99999999 HTTP/1.1" 200 2495 "-" "Mozilla/5.0 (compatible; MJ12bot/v1.4.8; http://mj12bot.com/)"
192.99.13.228 - - [06/Sep/2021:06:17:20 +0200] "GET /index2.php?option=com_content&task=emailform&id=187&itemid=65 HTTP/1.1" 200 2465 "-" "Mozilla/5.0 (compatible; MJ12bot/v1.4.8; http://mj12bot.com/)"
192.99.13.228 - - [06/Sep/2021:06:17:55 +0200] "GET /index2.php?option=com_content&task=emailform&id=187&itemid=99999999 HTTP/1.1" 200 2471 "-" "Mozilla/5.0 (compatible; MJ12bot/v1.4.8; http://mj12bot.com/)"
192.99.13.228 - - [06/Sep/2021:06:18:18 +0200] "GET /index2.php?option=com_content&task=emailform&id=188&itemid=65 HTTP/1.1" 200 2491 "-" "Mozilla/5.0 (compatible; MJ12bot/v1.4.8; http://mj12bot.com/)"
192.99.13.228 - - [06/Sep/2021:06:18:38 +0200] "GET /index2.php?option=com_content&task=emailform&id=189&itemid=65 HTTP/1.1" 200 2461 "-" "Mozilla/5.0 (compatible; MJ12bot/v1.4.8; http://mj12bot.com/)"
192.99.13.228 - - [06/Sep/2021:06:19:14 +0200] "GET /index2.php?option=com_content&task=emailform&id=190&itemid=99999999 HTTP/1.1" 200 2477 "-" "Mozilla/5.0 (compatible; MJ12bot/v1.4.8; http://mj12bot.com/)"
192.99.13.228 - - [06/Sep/2021:06:19:41 +0200] "GET /index2.php?option=com_content&task=emailform&id=194&itemid=65 HTTP/1.1" 200 2490 "-" "Mozilla/5.0 (compatible; MJ12bot/v1.4.8; http://mj12bot.com/)"
185.191.171.15 - - [06/Sep/2021:06:19:41 +0200] "GET /index.php?Itemid=65&id=188&option=com_content&task=view HTTP/1.1" 200 36052 "-" "Mozilla/5.0 (compatible; SemrushBot/7~bl; +http://www.semrush.com/bot.html)"
192.99.13.228 - - [06/Sep/2021:06:20:10 +0200] "GET /index2.php?option=com_content&task=emailform&id=194&itemid=99999999 HTTP/1.1" 200 2496 "-" "Mozilla/5.0 (compatible; MJ12bot/v1.4.8; http://mj12bot.com/)"
192.99.13.228 - - [06/Sep/2021:06:20:32 +0200] "GET /index2.php?option=com_content&task=emailform&id=195&itemid=65 HTTP/1.1" 200 2487 "-" "Mozilla/5.0 (compatible; MJ12bot/v1.4.8; http://mj12bot.com/)"
192.99.13.228 - - [06/Sep/2021:06:21:05 +0200] "GET /index2.php?option=com_content&task=emailform&id=195&itemid=99999999 HTTP/1.1" 200 2493 "-" "Mozilla/5.0 (compatible; MJ12bot/v1.4.8; http://mj12bot.com/)"
185.191.171.42 - - [06/Sep/2021:06:21:10 +0200] "GET /index2.php?id=943&itemid=75&option=com_content&task=emailform HTTP/1.1" 200 2462 "-" "Mozilla/5.0 (compatible; SemrushBot/7~bl; +http://www.semrush.com/bot.html)"
216.244.66.239 - - [06/Sep/2021:06:21:15 +0200] "GET /robots.txt HTTP/1.1" 200 286 "-" "Mozilla/5.0 (compatible; DotBot/1.2; +https://opensiteexplorer.org/dotbot; help@moz.com)"
192.99.13.228 - - [06/Sep/2021:06:21:42 +0200] "GET /index2.php?option=com_content&task=emailform&id=196&itemid=99999999 HTTP/1.1" 200 2521 "-" "Mozilla/5.0 (compatible; MJ12bot/v1.4.8; http://mj12bot.com/)"
185.191.171.37 - - [06/Sep/2021:06:21:54 +0200] "GET /index2.php?id=453&option=com_content&page=0&pop=1&task=view HTTP/1.1" 200 4626 "-" "Mozilla/5.0 (compatible; SemrushBot/7~bl; +http://www.semrush.com/bot.html)"
192.99.13.228 - - [06/Sep/2021:06:22:04 +0200] "GET /index2.php?option=com_content&task=emailform&id=198&itemid=65 HTTP/1.1" 200 2509 "-" "Mozilla/5.0 (compatible; MJ12bot/v1.4.8; http://mj12bot.com/)"
192.99.13.228 - - [06/Sep/2021:06:22:31 +0200] "GET /index2.php?option=com_content&task=emailform&id=198&itemid=99999999 HTTP/1.1" 200 2515 "-" "Mozilla/5.0 (compatible; MJ12bot/v1.4.8; http://mj12bot.com/)"
192.99.13.228 - - [06/Sep/2021:06:23:00 +0200] "GET /index2.php?option=com_content&task=emailform&id=199&itemid=99999999 HTTP/1.1" 200 2474 "-" "Mozilla/5.0 (compatible; MJ12bot/v1.4.8; http://mj12bot.com/)"
192.99.13.228 - - [06/Sep/2021:06:23:32 +0200] "GET /index2.php?option=com_content&task=emailform&id=200&itemid=99999999 HTTP/1.1" 200 2524 "-" "Mozilla/5.0 (compatible; MJ12bot/v1.4.8; http://mj12bot.com/)"
192.99.13.228 - - [06/Sep/2021:06:24:02 +0200] "GET /index2.php?option=com_content&task=emailform&id=201&itemid=65 HTTP/1.1" 200 2496 "-" "Mozilla/5.0 (compatible; MJ12bot/v1.4.8; http://mj12bot.com/)"
54.36.149.65 - - [06/Sep/2021:06:24:16 +0200] "GET /index2.php?option=com_content&task=emailform&id=686&itemid=68 HTTP/1.1" 200 2483 "-" "Mozilla/5.0 (compatible; AhrefsBot/7.0; +http://ahrefs.com/robot/)"
192.99.13.228 - - [06/Sep/2021:06:24:25 +0200] "GET /index2.php?option=com_content&task=emailform&id=201&itemid=99999999 HTTP/1.1" 200 2502 "-" "Mozilla/5.0 (compatible; MJ12bot/v1.4.8; http://mj12bot.com/)"
185.191.171.26 - - [06/Sep/2021:06:24:27 +0200] "GET /index.php?Itemid=1&id=947&option=com_content&task=view HTTP/1.1" 200 30009 "-" "Mozilla/5.0 (compatible; SemrushBot/7~bl; +http://www.semrush.com/bot.html)"
192.99.13.228 - - [06/Sep/2021:06:24:53 +0200] "GET /index2.php?option=com_content&task=emailform&id=202&itemid=65 HTTP/1.1" 200 2498 "-" "Mozilla/5.0 (compatible; MJ12bot/v1.4.8; http://mj12bot.com/)"
192.99.13.228 - - [06/Sep/2021:06:25:31 +0200] "GET /index2.php?option=com_content&task=emailform&id=203&itemid=65 HTTP/1.1" 200 2502 "-" "Mozilla/5.0 (compatible; MJ12bot/v1.4.8; http://mj12bot.com/)"
185.191.171.9 - - [06/Sep/2021:06:25:40 +0200] "GET /index2.php?id=1010&option=com_content&page=0&pop=1&task=view HTTP/1.1" 200 49362 "-" "Mozilla/5.0 (compatible; SemrushBot/7~bl; +http://www.semrush.com/bot.html)"
192.99.13.228 - - [06/Sep/2021:06:25:57 +0200] "GET /index2.php?option=com_content&task=emailform&id=203&itemid=99999999 HTTP/1.1" 200 2508 "-" "Mozilla/5.0 (compatible; MJ12bot/v1.4.8; http://mj12bot.com/)"
192.99.13.228 - - [06/Sep/2021:06:26:17 +0200] "GET /index2.php?option=com_content&task=emailform&id=204&itemid=65 HTTP/1.1" 200 2498 "-" "Mozilla/5.0 (compatible; MJ12bot/v1.4.8; http://mj12bot.com/)"
192.99.13.228 - - [06/Sep/2021:06:26:39 +0200] "GET /index2.php?option=com_content&task=emailform&id=204&itemid=99999999 HTTP/1.1" 200 2504 "-" "Mozilla/5.0 (compatible; MJ12bot/v1.4.8; http://mj12bot.com/)"
192.99.13.228 - - [06/Sep/2021:06:27:06 +0200] "GET /index2.php?option=com_content&task=emailform&id=205&itemid=65 HTTP/1.1" 200 2471 "-" "Mozilla/5.0 (compatible; MJ12bot/v1.4.8; http://mj12bot.com/)"
185.191.171.16 - - [06/Sep/2021:06:27:30 +0200] "GET /index2.php?id=789&itemid=78&option=com_content&task=emailform HTTP/1.1" 200 2455 "-" "Mozilla/5.0 (compatible; SemrushBot/7~bl; +http://www.semrush.com/bot.html)"
192.99.13.228 - - [06/Sep/2021:06:27:30 +0200] "GET /index2.php?option=com_content&task=emailform&id=205&itemid=99999999 HTTP/1.1" 200 2477 "-" "Mozilla/5.0 (compatible; MJ12bot/v1.4.8; http://mj12bot.com/)"
192.99.13.228 - - [06/Sep/2021:06:27:48 +0200] "GET /index2.php?option=com_content&task=emailform&id=206&itemid=99999999 HTTP/1.1" 200 2513 "-" "Mozilla/5.0 (compatible; MJ12bot/v1.4.8; http://mj12bot.com/)"
192.99.13.228 - - [06/Sep/2021:06:28:10 +0200] "GET /index2.php?option=com_content&task=emailform&id=207&itemid=65 HTTP/1.1" 200 2461 "-" "Mozilla/5.0 (compatible; MJ12bot/v1.4.8; http://mj12bot.com/)"
192.99.13.228 - - [06/Sep/2021:06:28:33 +0200] "GET /index2.php?option=com_content&task=emailform&id=208&itemid=65 HTTP/1.1" 200 2460 "-" "Mozilla/5.0 (compatible; MJ12bot/v1.4.8; http://mj12bot.com/)"
192.99.13.228 - - [06/Sep/2021:06:29:03 +0200] "GET /index2.php?option=com_content&task=emailform&id=208&itemid=99999999 HTTP/1.1" 200 2466 "-" "Mozilla/5.0 (compatible; MJ12bot/v1.4.8; http://mj12bot.com/)"
192.99.13.228 - - [06/Sep/2021:06:29:29 +0200] "GET /index2.php?option=com_content&task=emailform&id=209&itemid=99999999 HTTP/1.1" 200 2475 "-" "Mozilla/5.0 (compatible; MJ12bot/v1.4.8; http://mj12bot.com/)"
192.99.13.228 - - [06/Sep/2021:06:29:58 +0200] "GET /index2.php?option=com_content&task=emailform&id=210&itemid=65 HTTP/1.1" 200 2465 "-" "Mozilla/5.0 (compatible; MJ12bot/v1.4.8; http://mj12bot.com/)"
212.116.94.217 - - [06/Sep/2021:06:30:12 +0200] "GET /index.php?option=com_content&task=view&id=1126 HTTP/1.1" 200 33781 "-" "Mozilla/5.0 (Windows NT 10.0; Win64; x64) AppleWebKit/537.36 (KHTML, like Gecko) Chrome/85.0.4183.121 Safari/537.36"
192.99.13.228 - - [06/Sep/2021:06:30:23 +0200] "GET /index2.php?option=com_content&task=emailform&id=210&itemid=99999999 HTTP/1.1" 200 2471 "-" "Mozilla/5.0 (compatible; MJ12bot/v1.4.8; http://mj12bot.com/)"
212.116.94.217 - - [06/Sep/2021:06:30:35 +0200] "GET /index.php?option=com_content&task=section&id=10&Itemid=75 HTTP/1.1" 200 27240 "-" "Mozilla/5.0 (Windows NT 10.0; Win64; x64) AppleWebKit/537.36 (KHTML, like Gecko) Chrome/85.0.4183.121 Safari/537.36"
212.116.94.217 - - [06/Sep/2021:06:30:39 +0200] "GET /index.php?option=com_contact&Itemid=3 HTTP/1.1" 200 32006 "-" "Mozilla/5.0 (Windows NT 10.0; Win64; x64) AppleWebKit/537.36 (KHTML, like Gecko) Chrome/85.0.4183.121 Safari/537.36"
192.99.13.228 - - [06/Sep/2021:06:30:45 +0200] "GET /index2.php?option=com_content&task=emailform&id=211&itemid=65 HTTP/1.1" 200 2471 "-" "Mozilla/5.0 (compatible; MJ12bot/v1.4.8; http://mj12bot.com/)"
212.116.94.217 - - [06/Sep/2021:06:30:49 +0200] "POST /index.php?option=com_contact&Itemid=3 HTTP/1.1" 200 28780 "-" "Mozilla/5.0 (Windows NT 10.0; Win64; x64) AppleWebKit/537.36 (KHTML, like Gecko) Chrome/85.0.4183.121 Safari/537.36"
212.116.94.217 - - [06/Sep/2021:06:30:50 +0200] "GET /index.php?option=com_content&task=category§ionid=10&id=28&Itemid=78 HTTP/1.1" 200 43087 "-" "Mozilla/5.0 (Windows NT 10.0; Win64; x64) AppleWebKit/537.36 (KHTML, like Gecko) Chrome/85.0.4183.121 Safari/537.36"
185.191.171.24 - - [06/Sep/2021:06:30:51 +0200] "GET /index2.php?Itemid=69&id=572&option=com_content&page=0&pop=1&task=view HTTP/1.1" 200 4620 "-" "Mozilla/5.0 (compatible; SemrushBot/7~bl; +http://www.semrush.com/bot.html)"
212.116.94.217 - - [06/Sep/2021:06:31:01 +0200] "GET /index.php?option=com_content&task=view&id=1125 HTTP/1.1" 200 32213 "-" "Mozilla/5.0 (Windows NT 10.0; Win64; x64) AppleWebKit/537.36 (KHTML, like Gecko) Chrome/85.0.4183.121 Safari/537.36"
192.99.13.228 - - [06/Sep/2021:06:31:10 +0200] "GET /index2.php?option=com_content&task=emailform&id=211&itemid=99999999 HTTP/1.1" 200 2477 "-" "Mozilla/5.0 (compatible; MJ12bot/v1.4.8; http://mj12bot.com/)"
212.116.94.217 - - [06/Sep/2021:06:31:22 +0200] "GET /index.php?option=com_content&task=section&id=10&Itemid=75 HTTP/1.1" 200 27240 "-" "Mozilla/5.0 (Windows NT 10.0; Win64; x64) AppleWebKit/537.36 (KHTML, like Gecko) Chrome/85.0.4183.121 Safari/537.36"
212.116.94.217 - - [06/Sep/2021:06:31:27 +0200] "GET /index.php?option=com_contact&Itemid=3 HTTP/1.1" 200 32006 "-" "Mozilla/5.0 (Windows NT 10.0; Win64; x64) AppleWebKit/537.36 (KHTML, like Gecko) Chrome/85.0.4183.121 Safari/537.36"
192.99.13.228 - - [06/Sep/2021:06:31:35 +0200] "GET /index2.php?option=com_content&task=emailform&id=213&itemid=99999999 HTTP/1.1" 200 2481 "-" "Mozilla/5.0 (compatible; MJ12bot/v1.4.8; http://mj12bot.com/)"
212.116.94.217 - - [06/Sep/2021:06:31:35 +0200] "GET /index.php?option=com_content&task=category§ionid=10&id=28&Itemid=78 HTTP/1.1" 200 43087 "-" "Mozilla/5.0 (Windows NT 10.0; Win64; x64) AppleWebKit/537.36 (KHTML, like Gecko) Chrome/85.0.4183.121 Safari/537.36"
212.116.94.217 - - [06/Sep/2021:06:31:39 +0200] "GET /index.php?option=com_content&task=view&id=726&Itemid=85 HTTP/1.1" 200 59397 "-" "Mozilla/5.0 (Windows NT 10.0; Win64; x64) AppleWebKit/537.36 (KHTML, like Gecko) Chrome/85.0.4183.121 Safari/537.36"
192.99.13.228 - - [06/Sep/2021:06:32:03 +0200] "GET /index2.php?option=com_content&task=emailform&id=214&itemid=65 HTTP/1.1" 200 2486 "-" "Mozilla/5.0 (compatible; MJ12bot/v1.4.8; http://mj12bot.com/)"
185.191.171.19 - - [06/Sep/2021:06:32:03 +0200] "GET /index2.php?id=653&itemid=99999999&option=com_content&task=emailform HTTP/1.1" 200 2515 "-" "Mozilla/5.0 (compatible; SemrushBot/7~bl; +http://www.semrush.com/bot.html)"
192.99.13.228 - - [06/Sep/2021:06:32:28 +0200] "GET /index2.php?option=com_content&task=emailform&id=215&itemid=99999999 HTTP/1.1" 200 2497 "-" "Mozilla/5.0 (compatible; MJ12bot/v1.4.8; http://mj12bot.com/)"
192.99.13.228 - - [06/Sep/2021:06:33:01 +0200] "GET /index2.php?option=com_content&task=emailform&id=217&itemid=65 HTTP/1.1" 200 2502 "-" "Mozilla/5.0 (compatible; MJ12bot/v1.4.8; http://mj12bot.com/)"
192.99.13.228 - - [06/Sep/2021:06:33:26 +0200] "GET /index2.php?option=com_content&task=emailform&id=217&itemid=99999999 HTTP/1.1" 200 2508 "-" "Mozilla/5.0 (compatible; MJ12bot/v1.4.8; http://mj12bot.com/)"
17.121.113.244 - - [06/Sep/2021:06:33:32 +0200] "GET /index.php?option=com_content&task=view&id=44&Itemid=44 HTTP/1.1" 200 32119 "-" "Mozilla/5.0 (Macintosh; Intel Mac OS X 10_15_5) AppleWebKit/605.1.15 (KHTML, like Gecko) Version/13.1.1 Safari/605.1.15 (Applebot/0.1; +http://www.apple.com/go/applebot)"
192.99.13.228 - - [06/Sep/2021:06:33:52 +0200] "GET /index2.php?option=com_content&task=emailform&id=219&itemid=99999999 HTTP/1.1" 200 2476 "-" "Mozilla/5.0 (compatible; MJ12bot/v1.4.8; http://mj12bot.com/)"
192.99.13.228 - - [06/Sep/2021:06:34:36 +0200] "GET /index2.php?option=com_content&task=emailform&id=220&itemid=65 HTTP/1.1" 200 2463 "-" "Mozilla/5.0 (compatible; MJ12bot/v1.4.8; http://mj12bot.com/)"
192.99.13.228 - - [06/Sep/2021:06:34:54 +0200] "GET /index2.php?option=com_content&task=emailform&id=221&itemid=65 HTTP/1.1" 200 2462 "-" "Mozilla/5.0 (compatible; MJ12bot/v1.4.8; http://mj12bot.com/)"
192.99.13.228 - - [06/Sep/2021:06:35:23 +0200] "GET /index2.php?option=com_content&task=emailform&id=222&itemid=99999999 HTTP/1.1" 200 2511 "-" "Mozilla/5.0 (compatible; MJ12bot/v1.4.8; http://mj12bot.com/)"
185.191.171.21 - - [06/Sep/2021:06:35:44 +0200] "GET /index2.php?id=627&itemid=99999999&option=com_content&task=emailform HTTP/1.1" 200 2520 "-" "Mozilla/5.0 (compatible; SemrushBot/7~bl; +http://www.semrush.com/bot.html)"
192.99.13.228 - - [06/Sep/2021:06:35:55 +0200] "GET /index2.php?option=com_content&task=emailform&id=223&itemid=65 HTTP/1.1" 200 2471 "-" "Mozilla/5.0 (compatible; MJ12bot/v1.4.8; http://mj12bot.com/)"
192.99.13.228 - - [06/Sep/2021:06:36:23 +0200] "GET /index2.php?option=com_content&task=emailform&id=223&itemid=99999999 HTTP/1.1" 200 2477 "-" "Mozilla/5.0 (compatible; MJ12bot/v1.4.8; http://mj12bot.com/)"
192.99.13.228 - - [06/Sep/2021:06:36:50 +0200] "GET /index2.php?option=com_content&task=emailform&id=224&itemid=65 HTTP/1.1" 200 2464 "-" "Mozilla/5.0 (compatible; MJ12bot/v1.4.8; http://mj12bot.com/)"
192.99.13.228 - - [06/Sep/2021:06:37:11 +0200] "GET /index2.php?option=com_content&task=emailform&id=224&itemid=99999999 HTTP/1.1" 200 2470 "-" "Mozilla/5.0 (compatible; MJ12bot/v1.4.8; http://mj12bot.com/)"
192.99.13.228 - - [06/Sep/2021:06:37:34 +0200] "GET /index2.php?option=com_content&task=emailform&id=226&itemid=65 HTTP/1.1" 200 2453 "-" "Mozilla/5.0 (compatible; MJ12bot/v1.4.8; http://mj12bot.com/)"
192.99.13.228 - - [06/Sep/2021:06:38:11 +0200] "GET /index2.php?option=com_content&task=emailform&id=227&itemid=99999999 HTTP/1.1" 200 2477 "-" "Mozilla/5.0 (compatible; MJ12bot/v1.4.8; http://mj12bot.com/)"
185.191.171.1 - - [06/Sep/2021:06:38:17 +0200] "GET /index2.php?id=535&option=com_content&page=0&pop=1&task=view HTTP/1.1" 200 4564 "-" "Mozilla/5.0 (compatible; SemrushBot/7~bl; +http://www.semrush.com/bot.html)"
192.99.13.228 - - [06/Sep/2021:06:38:47 +0200] "GET /index2.php?option=com_content&task=emailform&id=229&itemid=99999999 HTTP/1.1" 200 2515 "-" "Mozilla/5.0 (compatible; MJ12bot/v1.4.8; http://mj12bot.com/)"
192.99.13.228 - - [06/Sep/2021:06:39:20 +0200] "GET /index2.php?option=com_content&task=emailform&id=231&itemid=65 HTTP/1.1" 200 2467 "-" "Mozilla/5.0 (compatible; MJ12bot/v1.4.8; http://mj12bot.com/)"
192.99.13.228 - - [06/Sep/2021:06:39:47 +0200] "GET /index2.php?option=com_content&task=emailform&id=233&itemid=65 HTTP/1.1" 200 2509 "-" "Mozilla/5.0 (compatible; MJ12bot/v1.4.8; http://mj12bot.com/)"
192.99.13.228 - - [06/Sep/2021:06:40:13 +0200] "GET /index2.php?option=com_content&task=emailform&id=234&itemid=65 HTTP/1.1" 200 2509 "-" "Mozilla/5.0 (compatible; MJ12bot/v1.4.8; http://mj12bot.com/)"
192.99.13.228 - - [06/Sep/2021:06:40:42 +0200] "GET /index2.php?option=com_content&task=emailform&id=234&itemid=99999999 HTTP/1.1" 200 2515 "-" "Mozilla/5.0 (compatible; MJ12bot/v1.4.8; http://mj12bot.com/)"
192.99.13.228 - - [06/Sep/2021:06:41:08 +0200] "GET /index2.php?option=com_content&task=emailform&id=235&itemid=99999999 HTTP/1.1" 200 2515 "-" "Mozilla/5.0 (compatible; MJ12bot/v1.4.8; http://mj12bot.com/)"
192.99.13.228 - - [06/Sep/2021:06:41:33 +0200] "GET /index2.php?option=com_content&task=emailform&id=239&itemid=65 HTTP/1.1" 200 2496 "-" "Mozilla/5.0 (compatible; MJ12bot/v1.4.8; http://mj12bot.com/)"
192.99.13.228 - - [06/Sep/2021:06:42:03 +0200] "GET /index2.php?option=com_content&task=emailform&id=239&itemid=99999999 HTTP/1.1" 200 2502 "-" "Mozilla/5.0 (compatible; MJ12bot/v1.4.8; http://mj12bot.com/)"
192.99.13.228 - - [06/Sep/2021:06:42:35 +0200] "GET /index2.php?option=com_content&task=emailform&id=240&itemid=65 HTTP/1.1" 200 2486 "-" "Mozilla/5.0 (compatible; MJ12bot/v1.4.8; http://mj12bot.com/)"
185.191.171.41 - - [06/Sep/2021:06:42:50 +0200] "GET /index2.php?id=678&itemid=69&option=com_content&task=emailform HTTP/1.1" 200 2488 "-" "Mozilla/5.0 (compatible; SemrushBot/7~bl; +http://www.semrush.com/bot.html)"
192.99.13.228 - - [06/Sep/2021:06:43:00 +0200] "GET /index2.php?option=com_content&task=emailform&id=240&itemid=99999999 HTTP/1.1" 200 2492 "-" "Mozilla/5.0 (compatible; MJ12bot/v1.4.8; http://mj12bot.com/)"
192.99.13.228 - - [06/Sep/2021:06:43:34 +0200] "GET /index2.php?option=com_content&task=emailform&id=241&itemid=65 HTTP/1.1" 200 2488 "-" "Mozilla/5.0 (compatible; MJ12bot/v1.4.8; http://mj12bot.com/)"
192.99.13.228 - - [06/Sep/2021:06:44:02 +0200] "GET /index2.php?option=com_content&task=emailform&id=243&itemid=65 HTTP/1.1" 200 2507 "-" "Mozilla/5.0 (compatible; MJ12bot/v1.4.8; http://mj12bot.com/)"
185.191.171.41 - - [06/Sep/2021:06:44:20 +0200] "GET /index2.php?Itemid=1&id=1156&option=com_content&page=0&pop=1&task=view HTTP/1.1" 200 7860 "-" "Mozilla/5.0 (compatible; SemrushBot/7~bl; +http://www.semrush.com/bot.html)"
192.99.13.228 - - [06/Sep/2021:06:44:29 +0200] "GET /index2.php?option=com_content&task=emailform&id=244&itemid=65 HTTP/1.1" 200 2503 "-" "Mozilla/5.0 (compatible; MJ12bot/v1.4.8; http://mj12bot.com/)"
192.99.13.228 - - [06/Sep/2021:06:44:51 +0200] "GET /index2.php?option=com_content&task=emailform&id=244&itemid=99999999 HTTP/1.1" 200 2509 "-" "Mozilla/5.0 (compatible; MJ12bot/v1.4.8; http://mj12bot.com/)"
185.191.171.24 - - [06/Sep/2021:06:44:54 +0200] "GET /index2.php?Itemid=66&id=145&option=com_content&page=0&pop=1&task=view HTTP/1.1" 200 13041 "-" "Mozilla/5.0 (compatible; SemrushBot/7~bl; +http://www.semrush.com/bot.html)"
192.99.13.228 - - [06/Sep/2021:06:45:19 +0200] "GET /index2.php?option=com_content&task=emailform&id=245&itemid=65 HTTP/1.1" 200 2470 "-" "Mozilla/5.0 (compatible; MJ12bot/v1.4.8; http://mj12bot.com/)"
192.99.13.228 - - [06/Sep/2021:06:45:44 +0200] "GET /index2.php?option=com_content&task=emailform&id=249&itemid=99999999 HTTP/1.1" 200 2505 "-" "Mozilla/5.0 (compatible; MJ12bot/v1.4.8; http://mj12bot.com/)"
192.99.13.228 - - [06/Sep/2021:06:46:21 +0200] "GET /index2.php?option=com_content&task=emailform&id=251&itemid=99999999 HTTP/1.1" 200 2500 "-" "Mozilla/5.0 (compatible; MJ12bot/v1.4.8; http://mj12bot.com/)"
192.99.13.228 - - [06/Sep/2021:06:46:45 +0200] "GET /index2.php?option=com_content&task=emailform&id=252&itemid=99999999 HTTP/1.1" 200 2492 "-" "Mozilla/5.0 (compatible; MJ12bot/v1.4.8; http://mj12bot.com/)"
192.99.13.228 - - [06/Sep/2021:06:47:10 +0200] "GET /index2.php?option=com_content&task=emailform&id=253&itemid=65 HTTP/1.1" 200 2488 "-" "Mozilla/5.0 (compatible; MJ12bot/v1.4.8; http://mj12bot.com/)"
192.99.13.228 - - [06/Sep/2021:06:47:38 +0200] "GET /index2.php?option=com_content&task=emailform&id=254&itemid=65 HTTP/1.1" 200 2497 "-" "Mozilla/5.0 (compatible; MJ12bot/v1.4.8; http://mj12bot.com/)"
185.191.171.44 - - [06/Sep/2021:06:47:39 +0200] "GET /index2.php?id=97&itemid=99999999&option=com_content&task=emailform HTTP/1.1" 200 2483 "-" "Mozilla/5.0 (compatible; SemrushBot/7~bl; +http://www.semrush.com/bot.html)"
192.99.13.228 - - [06/Sep/2021:06:48:06 +0200] "GET /index2.php?option=com_content&task=emailform&id=255&itemid=65 HTTP/1.1" 200 2495 "-" "Mozilla/5.0 (compatible; MJ12bot/v1.4.8; http://mj12bot.com/)"
192.99.13.228 - - [06/Sep/2021:06:48:38 +0200] "GET /index2.php?option=com_content&task=emailform&id=257&itemid=65 HTTP/1.1" 200 2476 "-" "Mozilla/5.0 (compatible; MJ12bot/v1.4.8; http://mj12bot.com/)"
185.191.171.17 - - [06/Sep/2021:06:48:55 +0200] "GET /index2.php?Itemid=89&id=945&option=com_content&page=0&pop=1&task=view HTTP/1.1" 200 7595 "-" "Mozilla/5.0 (compatible; SemrushBot/7~bl; +http://www.semrush.com/bot.html)"
192.99.13.228 - - [06/Sep/2021:06:49:07 +0200] "GET /index2.php?option=com_content&task=emailform&id=258&itemid=99999999 HTTP/1.1" 200 2471 "-" "Mozilla/5.0 (compatible; MJ12bot/v1.4.8; http://mj12bot.com/)"
192.99.13.228 - - [06/Sep/2021:06:49:31 +0200] "GET /index2.php?option=com_content&task=emailform&id=278&itemid=68 HTTP/1.1" 200 2494 "-" "Mozilla/5.0 (compatible; MJ12bot/v1.4.8; http://mj12bot.com/)"
192.99.13.228 - - [06/Sep/2021:06:49:57 +0200] "GET /index2.php?option=com_content&task=emailform&id=290&itemid=68 HTTP/1.1" 200 2487 "-" "Mozilla/5.0 (compatible; MJ12bot/v1.4.8; http://mj12bot.com/)"
192.99.13.228 - - [06/Sep/2021:06:50:22 +0200] "GET /index2.php?option=com_content&task=emailform&id=292&itemid=68 HTTP/1.1" 200 2472 "-" "Mozilla/5.0 (compatible; MJ12bot/v1.4.8; http://mj12bot.com/)"
192.99.13.228 - - [06/Sep/2021:06:50:50 +0200] "GET /index2.php?option=com_content&task=emailform&id=342&itemid=99999999 HTTP/1.1" 200 2503 "-" "Mozilla/5.0 (compatible; MJ12bot/v1.4.8; http://mj12bot.com/)"
192.99.13.228 - - [06/Sep/2021:06:51:15 +0200] "GET /index2.php?option=com_content&task=emailform&id=371&itemid=1 HTTP/1.1" 200 2462 "-" "Mozilla/5.0 (compatible; MJ12bot/v1.4.8; http://mj12bot.com/)"
185.191.171.44 - - [06/Sep/2021:06:51:26 +0200] "GET /index.php?id=1112&option=com_content&task=view HTTP/1.1" 200 36882 "-" "Mozilla/5.0 (compatible; SemrushBot/7~bl; +http://www.semrush.com/bot.html)"
192.99.13.228 - - [06/Sep/2021:06:51:40 +0200] "GET /index2.php?option=com_content&task=emailform&id=522&itemid=69 HTTP/1.1" 200 2476 "-" "Mozilla/5.0 (compatible; MJ12bot/v1.4.8; http://mj12bot.com/)"
159.69.145.50 - - [06/Sep/2021:06:51:43 +0200] "HEAD / HTTP/1.1" 200 0 "-" "Alert_Alligator_webmonitoring_service_1.6.3_(alertalligator.com)"
54.36.148.175 - - [06/Sep/2021:06:51:44 +0200] "GET /index2.php?option=com_content&task=view&id=686&pop=1&page=0&Itemid=68 HTTP/1.1" 200 3004 "-" "Mozilla/5.0 (compatible; AhrefsBot/7.0; +http://ahrefs.com/robot/)"
192.99.13.228 - - [06/Sep/2021:06:52:10 +0200] "GET /index2.php?option=com_content&task=emailform&id=708&itemid=89 HTTP/1.1" 200 2453 "-" "Mozilla/5.0 (compatible; MJ12bot/v1.4.8; http://mj12bot.com/)"
192.99.13.228 - - [06/Sep/2021:06:52:36 +0200] "GET /index2.php?option=com_content&task=emailform&id=710&itemid=1 HTTP/1.1" 200 2457 "-" "Mozilla/5.0 (compatible; MJ12bot/v1.4.8; http://mj12bot.com/)"
192.99.13.228 - - [06/Sep/2021:06:53:14 +0200] "GET /index2.php?option=com_content&task=emailform&id=711&itemid=1 HTTP/1.1" 200 2470 "-" "Mozilla/5.0 (compatible; MJ12bot/v1.4.8; http://mj12bot.com/)"
