172.105.82.175 - - [03/Sep/2021:10:25:08 +0200] "HEAD /administrator/language/en-GB/en-GB.plg_quickicon_privacycheck.ini HTTP/1.1" 404 0 "-" "Mozilla/5.0 (Windows NT 6.3; Win64; x64; rv:67.0) Gecko/20100101 Firefox/67.0"
172.105.82.175 - - [03/Sep/2021:10:25:08 +0200] "HEAD /administrator/templates/atum/scss/blocks/_searchtools.scss HTTP/1.1" 404 0 "-" "Mozilla/5.0 (Linux; Android 7.0; S60 Build/NRD90M; wv) AppleWebKit/537.36 (KHTML, like Gecko) Version/4.0 Chrome/51.0.2704.91 Mobile Safari/537.36 [FB_IAB/FB4A;FBAV/249.0.0.47.118;]"
172.105.82.175 - - [03/Sep/2021:10:25:08 +0200] "HEAD /administrator/components/com_admin/sql/updates/sqlazure/3.2.2-2014-01-15.sql HTTP/1.1" 404 0 "-" "Mozilla/5.0 (Macintosh; Intel Mac OS X 10_14_0) AppleWebKit/537.36 (KHTML, like Gecko) Chrome/78.0.3904.108 Safari/537.36"
172.105.82.175 - - [03/Sep/2021:10:25:08 +0200] "HEAD /media/editors/codemirror/addon/fold/comment-fold.min.js HTTP/1.1" 404 0 "-" "Mozilla/5.0 (Linux; Android 9; SM-A600FN Build/PPR1.180610.011; wv) AppleWebKit/537.36 (KHTML, like Gecko) Version/4.0 Chrome/78.0.3904.108 Mobile Safari/537.36 [FB_IAB/FB4A;FBAV/249.0.0.47.118;]"
172.105.82.175 - - [03/Sep/2021:10:25:08 +0200] "HEAD /installation/language/be-BY/be-BY.xml HTTP/1.1" 404 0 "-" "Mozilla/5.0 (Windows NT 10.0; Win64; x64) AppleWebKit/537.36 (KHTML, like Gecko) Chrome/78.0.3904.108 Safari/537.36"
172.105.82.175 - - [03/Sep/2021:10:25:08 +0200] "HEAD /media/editors/tinymce/jscripts/tiny_mce/plugins/noneditable/editor_plugin.js HTTP/1.1" 404 0 "-" "Mozilla/5.0 (Linux; Android 8.1.0; Moto G (5) Plus Build/OPS28.85-17-6-2; wv) AppleWebKit/537.36 (KHTML, like Gecko) Version/4.0 Chrome/78.0.3904.108 Mobile Safari/537.36 [FB_IAB/FB4A;FBAV/248.1.0.44.116;]"
172.105.82.175 - - [03/Sep/2021:10:25:08 +0200] "HEAD /images/banners/white.png HTTP/1.1" 404 0 "-" "Mozilla/5.0 (iPhone; CPU iPhone OS 13_2_3 like Mac OS X) AppleWebKit/605.1.15 (KHTML, like Gecko) Version/13.0.3 Mobile/15E148 Safari/604.1"
172.105.82.175 - - [03/Sep/2021:10:25:08 +0200] "HEAD /language/en-GB/lib_phpass.sys.ini HTTP/1.1" 404 0 "-" "Mozilla/5.0 (Windows NT 6.1; Win64; x64) AppleWebKit/537.36 (KHTML, like Gecko) Chrome/73.0.3683.103 Safari/537.36"
172.105.82.175 - - [03/Sep/2021:10:25:08 +0200] "HEAD /media/editors/tinymce/jscripts/tiny_mce/plugins/lists/editor_plugin.js HTTP/1.1" 404 0 "-" "Mozilla/5.0 (Linux; Android 8.0.0; SM-G930F Build/R16NW; wv) AppleWebKit/537.36 (KHTML, like Gecko) Version/4.0 Chrome/78.0.3904.108 Mobile Safari/537.36 [FB_IAB/FB4A;FBAV/249.0.0.47.118;]"
172.105.82.175 - - [03/Sep/2021:10:25:08 +0200] "HEAD /media/jui/css/bootstrap.min.css HTTP/1.1" 404 0 "-" "Mozilla/5.0 (Windows NT 6.2;en-US) AppleWebKit/537.32.36 (KHTML, live Gecko) Chrome/52.0.3027.89 Safari/537.32"
172.105.82.175 - - [03/Sep/2021:10:25:08 +0200] "HEAD /administrator/language/en-GB/en-GB.com_admin.sys.ini HTTP/1.1" 404 0 "-" "Mozilla/5.0 (X11; Linux x86_64) AppleWebKit/537.36 (KHTML, like Gecko) Chrome/43.0.2357.134 Safari/537.36 http://notifyninja.com/monitoring"
172.105.82.175 - - [03/Sep/2021:10:25:08 +0200] "HEAD /installation/sql/mysql/sample_testing.sql HTTP/1.1" 404 0 "-" "Mozilla/5.0 (Macintosh; Intel Mac OS X 10_13_5) AppleWebKit/537.36 (KHTML, like Gecko) Chrome/78.0.3904.108 Safari/537.36"
172.105.82.175 - - [03/Sep/2021:10:25:08 +0200] "HEAD /media/editors/codemirror/mode/meta.min.js HTTP/1.1" 404 0 "-" "Mozilla/5.0 (Windows NT 6.1; WOW64) AppleWebKit/534+ (KHTML, like Gecko) BingPreview/1.0b"
172.105.82.175 - - [03/Sep/2021:10:25:08 +0200] "HEAD /administrator/language/en-GB/en-GB.com_weblinks.ini HTTP/1.1" 404 0 "-" "Mozilla/5.0 (Windows NT 10.0; Win64; x64) AppleWebKit/537.36 (KHTML, like Gecko) Chrome/58.0.3029.110 Safari/537.36 Edge/16.16299"
172.105.82.175 - - [03/Sep/2021:10:25:08 +0200] "HEAD /media/com_banners/js/admin-banner-edit.js HTTP/1.1" 404 0 "-" "Mozilla/5.0 (Linux; Android 9; Nokia 7.1) AppleWebKit/537.36 (KHTML, like Gecko) Chrome/78.0.3904.108 Mobile Safari/537.36"
172.105.82.175 - - [03/Sep/2021:10:25:08 +0200] "HEAD /administrator/language/en-GB/en-GB.lib_joomla.ini HTTP/1.1" 404 0 "-" "Mozilla/5.0 (Windows NT 6.1; WOW64) AppleWebKit/534+ (KHTML, like Gecko) BingPreview/1.0b"
172.105.82.175 - - [03/Sep/2021:10:25:08 +0200] "HEAD /media/vendor/tinymce/plugins/legacyoutput/index.min.js HTTP/1.1" 404 0 "-" "Mozilla/5.0 (Linux; Android 9; SM-A600FN Build/PPR1.180610.011; wv) AppleWebKit/537.36 (KHTML, like Gecko) Version/4.0 Chrome/78.0.3904.108 Mobile Safari/537.36 [FB_IAB/FB4A;FBAV/249.0.0.47.118;]"
172.105.82.175 - - [03/Sep/2021:10:25:08 +0200] "HEAD /libraries/cms/html/language/en-GB/en-GB.jhtmldate.ini HTTP/1.1" 404 0 "-" "Mozilla/5.0 (Windows NT 10.0; Win64; x64)AppleWebKit/537.36 (KHTML, like Gecko) Chrome/66.0.3359.181 Safari/537.36"
172.105.82.175 - - [03/Sep/2021:10:25:08 +0200] "HEAD /media/editors/codemirror/lib/codemirror.css HTTP/1.1" 404 0 "-" "Mozilla/5.0 (iPhone; CPU iPhone OS 11_3 like Mac OS X) AppleWebKit/605.1.15 (KHTML, like Gecko) Version/11.0 Mobile/15E148 Safari/604.1"
172.105.82.175 - - [03/Sep/2021:10:25:08 +0200] "HEAD /administrator/components/com_finder/forms/filter_index.xml HTTP/1.1" 404 0 "-" "Mozilla/5.0 (Linux; Android 9; SM-J600G) AppleWebKit/537.36 (KHTML, like Gecko) Chrome/78.0.3904.108 Mobile Safari/537.36"
172.105.82.175 - - [03/Sep/2021:10:25:09 +0200] "HEAD /media/editors/codemirror/mode/markdown/markdown.min.js HTTP/1.1" 404 0 "-" "Mozilla/5.0 (Windows NT 10.0; rv:46.0) Gecko/20100101 Firefox/46.0"
172.105.82.175 - - [03/Sep/2021:10:25:09 +0200] "HEAD /installation/language/nb-NO/nb-NO.ini HTTP/1.1" 404 0 "-" "Mozilla/5.0 (Windows NT 6.1) AppleWebKit/537.36 (KHTML, like Gecko) Chrome/30.0.1599.12785 YaBrowser/13.12.1599.12785 Safari/537.36"
172.105.82.175 - - [03/Sep/2021:10:25:09 +0200] "HEAD /administrator/components/com_categories/categories.xml HTTP/1.1" 404 0 "-" "Mozilla/5.0 (iPhone; CPU iPhone OS 13_2_3 like Mac OS X) AppleWebKit/605.1.15 (KHTML, like Gecko) Mobile/15E148 [FBAN/FBIOS;FBDV/iPhone9,1;FBMD/iPhone;FBSN/iOS;FBSV/13.2.3;FBSS/2;FBID/phone;FBLC/it_IT;FBOP/5;FBCR/TIM]"
172.105.82.175 - - [03/Sep/2021:10:25:09 +0200] "HEAD /media/editors/tinymce/jscripts/tiny_mce/plugins/noneditable/editor_plugin_src.js HTTP/1.1" 404 0 "-" "Mozilla/5.0 (Macintosh; Intel Mac OS X 10_14_0) AppleWebKit/537.36 (KHTML, like Gecko) Chrome/78.0.3904.108 Safari/537.36"
172.105.82.175 - - [03/Sep/2021:10:25:09 +0200] "HEAD /installation/sql/mysql/sample_learn.sql HTTP/1.1" 404 0 "-" "Mozilla/5.0 (Windows NT 6.1; Win64; x64) AppleWebKit/537.36 (KHTML, like Gecko) Chrome/56.0.2896.3 Safari/537.36"
172.105.82.175 - - [03/Sep/2021:10:25:09 +0200] "HEAD /administrator/components/com_redirect/forms/link.xml HTTP/1.1" 404 0 "-" "Mozilla/5.0 (Linux; Android 5.0; SM-G900P Build/LRX21T) AppleWebKit/537.36 (KHTML, like Gecko) Chrome/42.0.6735.1830 Mobile Safari/537.36; Bytespider;https://zhanzhang.toutiao.com/"
172.105.82.175 - - [03/Sep/2021:10:25:09 +0200] "HEAD /media/com_modules/js/admin-modules-modal.js HTTP/1.1" 404 0 "-" "Mozilla/5.0 (iPhone; CPU iPhone OS 13_2_3 like Mac OS X) AppleWebKit/605.1.15 (KHTML, like Gecko) Mobile/15E148 [FBAN/FBIOS;FBDV/iPhone9,3;FBMD/iPhone;FBSN/iOS;FBSV/13.2.3;FBSS/2;FBID/phone;FBLC/hu_HU;FBOP/5;FBCR/Telenor HU]"
172.105.82.175 - - [03/Sep/2021:10:25:09 +0200] "HEAD /language/en-GB/en-GB.com_tags.ini HTTP/1.1" 404 0 "-" "Mozilla/5.0 (Linux; Android 9; SM-G975F Build/PPR1.180610.011; wv) AppleWebKit/537.36 (KHTML, like Gecko) Version/4.0 Chrome/78.0.3904.108 Mobile Safari/537.36 [FB_IAB/FB4A;FBAV/249.0.0.47.118;]"
172.105.82.175 - - [03/Sep/2021:10:25:09 +0200] "HEAD /administrator/modules/mod_privacy_status/mod_privacy_status.xml HTTP/1.1" 404 0 "-" "Mozilla/5.0 (iPhone; CPU iPhone OS 13_2_3 like Mac OS X) AppleWebKit/605.1.15 (KHTML, like Gecko) Mobile/15E148 [FBAN/FBIOS;FBDV/iPhone9,3;FBMD/iPhone;FBSN/iOS;FBSV/13.2.3;FBSS/2;FBID/phone;FBLC/hu_HU;FBOP/5;FBCR/Telenor HU]"
172.105.82.175 - - [03/Sep/2021:10:25:09 +0200] "HEAD /administrator/templates/hathor/images/toolbar/icon-32-new.png HTTP/1.1" 404 0 "-" "Mozilla/5.0 (Windows NT 10.0; Win64; x64) AppleWebKit/537.36 (KHTML, like Gecko) Chrome/74.0.3729.169 Safari/537.36"
172.105.82.175 - - [03/Sep/2021:10:25:09 +0200] "HEAD /modules/mod_articles_category/mod_articles_category.xml HTTP/1.1" 404 0 "-" "Mozilla/5.0 (Linux; Android 9; SNE-LX1) AppleWebKit/537.36 (KHTML, like Gecko) Chrome/78.0.3904.96 Mobile Safari/537.36"
172.105.82.175 - - [03/Sep/2021:10:25:09 +0200] "HEAD /media/editors/codemirror/mode/swift/swift.js HTTP/1.1" 404 0 "-" "Mozilla/5.0 (Windows NT 10.0; Win64; x64; rv:69.0) Gecko/20100101 Firefox/69.0"
172.105.82.175 - - [03/Sep/2021:10:25:09 +0200] "HEAD /administrator/templates/atum/scss/blocks/_form.scss HTTP/1.1" 404 0 "-" "MobileSafari/604.1 CFNetwork/978.0.7 Darwin/18.6.0"
172.105.82.175 - - [03/Sep/2021:10:25:09 +0200] "HEAD /templates/beez_20/images/system/j_button2_image.png HTTP/1.1" 404 0 "-" "Mozilla/5.0 (Linux; Android 9; CLT-L29 Build/HUAWEICLT-L29; wv) AppleWebKit/537.36 (KHTML, like Gecko) Version/4.0 Chrome/78.0.3904.108 Mobile Safari/537.36 [FB_IAB/FB4A;FBAV/249.0.0.47.118;]"
172.105.82.175 - - [03/Sep/2021:10:25:09 +0200] "HEAD /templates/system/images/calendar.png HTTP/1.1" 404 0 "-" "Mozilla/5.0 (Macintosh; Intel Mac OS X 10_14_6) AppleWebKit/537.36 (KHTML, like Gecko) Chrome/76.0.3809.132 Safari/537.36"
172.105.82.175 - - [03/Sep/2021:10:25:09 +0200] "HEAD /build/build-modules-js/installation.js HTTP/1.1" 404 0 "-" "Mozilla/5.0 (Linux; Android 4.4.2; SGH-I317M) AppleWebKit/537.36 (KHTML, like Gecko) Chrome/78.0.3904.108 Mobile Safari/537.36"
172.105.82.175 - - [03/Sep/2021:10:25:09 +0200] "HEAD /media/editors/codemirror/mode/django/django.js HTTP/1.1" 404 0 "-" "Mozilla/5.0 (X11; Linux x86_64) AppleWebKit/537.36 (KHTML, like Gecko) Chrome/56.0.2924.87 Safari/537.36 Google (+https://developers.google.com/+/web/snippet/)"
172.105.82.175 - - [03/Sep/2021:10:25:09 +0200] "HEAD /tests/unit/suite/libraries/joomla/language/_ini/good.ini HTTP/1.1" 404 0 "-" "Mozilla/5.0(Linux;Android 5.1.1;OPPO A33 Build/LMY47V;wv) AppleWebKit/537.36(KHTML,link Gecko) Version/4.0 Chrome/42.0.2311.138 Mobile Safari/537.36 Mb2345Browser/9.0"
185.191.171.8 - - [03/Sep/2021:10:25:32 +0200] "GET /index.php?id=190&option=com_content&task=view HTTP/1.1" 200 29471 "-" "Mozilla/5.0 (compatible; SemrushBot/7~bl; +http://www.semrush.com/bot.html)"
185.191.171.26 - - [03/Sep/2021:10:25:38 +0200] "GET /index.php?Itemid=68&id=1207&option=com_content&task=view HTTP/1.1" 200 30494 "-" "Mozilla/5.0 (compatible; SemrushBot/7~bl; +http://www.semrush.com/bot.html)"
185.191.171.37 - - [03/Sep/2021:10:29:45 +0200] "GET /index2.php?Itemid=1&id=1130&option=com_content&page=0&pop=1&task=view HTTP/1.1" 200 4974 "-" "Mozilla/5.0 (compatible; SemrushBot/7~bl; +http://www.semrush.com/bot.html)"
185.191.171.34 - - [03/Sep/2021:10:29:53 +0200] "GET /index2.php?id=359&itemid=69&option=com_content&task=emailform HTTP/1.1" 200 2477 "-" "Mozilla/5.0 (compatible; SemrushBot/7~bl; +http://www.semrush.com/bot.html)"
185.191.171.9 - - [03/Sep/2021:10:30:28 +0200] "GET /index.php?id=503&option=com_content&task=view HTTP/1.1" 200 30422 "-" "Mozilla/5.0 (compatible; SemrushBot/7~bl; +http://www.semrush.com/bot.html)"
185.191.171.14 - - [03/Sep/2021:10:32:20 +0200] "GET /index.php?id=587&option=com_content&task=view HTTP/1.1" 200 29787 "-" "Mozilla/5.0 (compatible; SemrushBot/7~bl; +http://www.semrush.com/bot.html)"
54.36.148.190 - - [03/Sep/2021:10:32:51 +0200] "GET /index.php?option=com_content&task=view&id=1221&Itemid=78 HTTP/1.1" 200 29052 "-" "Mozilla/5.0 (compatible; AhrefsBot/7.0; +http://ahrefs.com/robot/)"
54.215.178.216 - - [03/Sep/2021:10:35:38 +0200] "GET /robots.txt HTTP/1.1" 200 286 "-" "clark-crawler2/Nutch-1.19-SNAPSHOT"
185.191.171.5 - - [03/Sep/2021:10:37:34 +0200] "GET /robots.txt HTTP/1.1" 200 286 "-" "Mozilla/5.0 (compatible; SemrushBot/7~bl; +http://www.semrush.com/bot.html)"
185.191.171.37 - - [03/Sep/2021:10:37:35 +0200] "GET /index2.php?id=752&option=com_content&page=0&pop=1&task=view HTTP/1.1" 200 6414 "-" "Mozilla/5.0 (compatible; SemrushBot/7~bl; +http://www.semrush.com/bot.html)"
54.36.149.17 - - [03/Sep/2021:10:42:22 +0200] "GET /index.php?option=com_content&task=view&id=1038&Itemid=78 HTTP/1.1" 200 28898 "-" "Mozilla/5.0 (compatible; AhrefsBot/7.0; +http://ahrefs.com/robot/)"
185.191.171.23 - - [03/Sep/2021:10:43:35 +0200] "GET /index2.php?Itemid=69&id=519&option=com_content&page=0&pop=1&task=view HTTP/1.1" 200 4761 "-" "Mozilla/5.0 (compatible; SemrushBot/7~bl; +http://www.semrush.com/bot.html)"
185.191.171.36 - - [03/Sep/2021:10:44:04 +0200] "GET /index2.php?id=813&itemid=75&option=com_content&task=emailform HTTP/1.1" 200 2454 "-" "Mozilla/5.0 (compatible; SemrushBot/7~bl; +http://www.semrush.com/bot.html)"
159.69.145.50 - - [03/Sep/2021:10:45:26 +0200] "HEAD / HTTP/1.1" 200 0 "-" "Alert_Alligator_webmonitoring_service_1.6.3_(alertalligator.com)"
17.121.113.129 - - [03/Sep/2021:10:46:59 +0200] "GET /index.php?task=view&id=714&Itemid=82&option=com_content HTTP/1.1" 200 27820 "-" "Mozilla/5.0 (Macintosh; Intel Mac OS X 10_15_5) AppleWebKit/605.1.15 (KHTML, like Gecko) Version/13.1.1 Safari/605.1.15 (Applebot/0.1; +http://www.apple.com/go/applebot)"
185.191.171.11 - - [03/Sep/2021:10:47:35 +0200] "GET /index2.php?id=563&itemid=69&option=com_content&task=emailform HTTP/1.1" 200 2510 "-" "Mozilla/5.0 (compatible; SemrushBot/7~bl; +http://www.semrush.com/bot.html)"
185.191.171.40 - - [03/Sep/2021:10:49:44 +0200] "GET /index2.php?id=963&itemid=75&option=com_content&task=emailform HTTP/1.1" 200 2485 "-" "Mozilla/5.0 (compatible; SemrushBot/7~bl; +http://www.semrush.com/bot.html)"
54.36.148.52 - - [03/Sep/2021:10:51:37 +0200] "GET /index2.php?option=com_content&task=emailform&id=872&itemid=99999999 HTTP/1.1" 200 2472 "-" "Mozilla/5.0 (compatible; AhrefsBot/7.0; +http://ahrefs.com/robot/)"
185.191.171.34 - - [03/Sep/2021:10:51:58 +0200] "GET /index2.php?id=1036&option=com_content&page=0&pop=1&task=view HTTP/1.1" 200 5549 "-" "Mozilla/5.0 (compatible; SemrushBot/7~bl; +http://www.semrush.com/bot.html)"
144.76.60.198 - - [03/Sep/2021:10:53:26 +0200] "GET /robots.txt HTTP/1.1" 200 286 "-" "Mozilla/5.0 (compatible; MJ12bot/v1.4.8; http://mj12bot.com/)"
144.76.60.198 - - [03/Sep/2021:10:53:31 +0200] "GET /index.php?option=com_content&task=view&id=738&Itemid=78 HTTP/1.1" 200 28657 "-" "Mozilla/5.0 (compatible; MJ12bot/v1.4.8; http://mj12bot.com/)"
144.76.60.198 - - [03/Sep/2021:10:53:34 +0200] "GET /index.php?option=com_content&task=view&id=742&Itemid=1 HTTP/1.1" 200 29535 "-" "Mozilla/5.0 (compatible; MJ12bot/v1.4.8; http://mj12bot.com/)"
144.76.60.198 - - [03/Sep/2021:10:53:39 +0200] "GET /index.php?option=com_content&task=view&id=789&Itemid=89 HTTP/1.1" 200 32470 "-" "Mozilla/5.0 (compatible; MJ12bot/v1.4.8; http://mj12bot.com/)"
144.76.60.198 - - [03/Sep/2021:10:53:43 +0200] "GET /index2.php?option=com_content&task=emailform&id=720&itemid=78 HTTP/1.1" 200 2463 "-" "Mozilla/5.0 (compatible; MJ12bot/v1.4.8; http://mj12bot.com/)"
144.76.60.198 - - [03/Sep/2021:10:53:49 +0200] "GET /index2.php?option=com_content&task=emailform&id=723&itemid=89 HTTP/1.1" 200 2463 "-" "Mozilla/5.0 (compatible; MJ12bot/v1.4.8; http://mj12bot.com/)"
185.191.171.8 - - [03/Sep/2021:10:54:40 +0200] "GET /index2.php?id=884&itemid=78&option=com_content&task=emailform HTTP/1.1" 200 2452 "-" "Mozilla/5.0 (compatible; SemrushBot/7~bl; +http://www.semrush.com/bot.html)"
216.244.66.239 - - [03/Sep/2021:10:55:31 +0200] "GET /robots.txt HTTP/1.1" 200 286 "-" "Mozilla/5.0 (compatible; DotBot/1.2; +https://opensiteexplorer.org/dotbot; help@moz.com)"
185.191.171.40 - - [03/Sep/2021:11:00:00 +0200] "GET /index2.php?id=663&itemid=69&option=com_content&task=emailform HTTP/1.1" 200 2529 "-" "Mozilla/5.0 (compatible; SemrushBot/7~bl; +http://www.semrush.com/bot.html)"
54.36.148.4 - - [03/Sep/2021:11:00:06 +0200] "GET /index2.php?option=com_content&task=emailform&id=328&itemid=99999999 HTTP/1.1" 200 2471 "-" "Mozilla/5.0 (compatible; AhrefsBot/7.0; +http://ahrefs.com/robot/)"
216.244.66.239 - - [03/Sep/2021:11:04:18 +0200] "GET /index2.php?option=com_content&task=view&id=287&pop=1&page=0&Itemid=68 HTTP/1.1" 200 692 "-" "Mozilla/5.0 (compatible; DotBot/1.2; +https://opensiteexplorer.org/dotbot; help@moz.com)"
185.191.171.16 - - [03/Sep/2021:11:04:23 +0200] "GET /index2.php?id=99&itemid=66&option=com_content&task=emailform HTTP/1.1" 200 2499 "-" "Mozilla/5.0 (compatible; SemrushBot/7~bl; +http://www.semrush.com/bot.html)"
216.244.66.239 - - [03/Sep/2021:11:08:42 +0200] "GET /index.php?option=com_content&task=view&id=1217&Itemid=75 HTTP/1.1" 200 31610 "-" "Mozilla/5.0 (compatible; DotBot/1.2; +https://opensiteexplorer.org/dotbot; help@moz.com)"
54.36.149.53 - - [03/Sep/2021:11:09:00 +0200] "GET /index2.php?option=com_content&task=view&id=44&pop=1&page=0&Itemid=44 HTTP/1.1" 200 6389 "-" "Mozilla/5.0 (compatible; AhrefsBot/7.0; +http://ahrefs.com/robot/)"
185.191.171.2 - - [03/Sep/2021:11:11:01 +0200] "GET /index.php?Itemid=78&id=951&option=com_content&task=view HTTP/1.1" 200 29333 "-" "Mozilla/5.0 (compatible; SemrushBot/7~bl; +http://www.semrush.com/bot.html)"
185.191.171.15 - - [03/Sep/2021:11:15:59 +0200] "GET /index2.php?id=126&option=com_content&page=0&pop=1&task=view HTTP/1.1" 200 9736 "-" "Mozilla/5.0 (compatible; SemrushBot/7~bl; +http://www.semrush.com/bot.html)"
185.191.171.34 - - [03/Sep/2021:11:16:43 +0200] "GET /index.php?Itemid=1&id=1107&option=com_content&task=view HTTP/1.1" 200 30394 "-" "Mozilla/5.0 (compatible; SemrushBot/7~bl; +http://www.semrush.com/bot.html)"
66.249.65.246 - - [03/Sep/2021:11:18:09 +0200] "GET /index.php?option=com_search&Itemid=99999999&searchword=rnyezet&searchphrase=any&ordering=newest&limit=15&limitstart=60 HTTP/1.1" 200 41456 "-" "Mozilla/5.0 (Linux; Android 6.0.1; Nexus 5X Build/MMB29P) AppleWebKit/537.36 (KHTML, like Gecko) Chrome/92.0.4515.119 Mobile Safari/537.36 (compatible; Googlebot/2.1; +http://www.google.com/bot.html)"
54.36.148.21 - - [03/Sep/2021:11:18:14 +0200] "GET /index2.php?option=com_content&task=emailform&id=786&itemid=99999999 HTTP/1.1" 200 2470 "-" "Mozilla/5.0 (compatible; AhrefsBot/7.0; +http://ahrefs.com/robot/)"
185.191.171.10 - - [03/Sep/2021:11:18:35 +0200] "GET /index.php?Itemid=75&id=859&option=com_content&task=view HTTP/1.1" 200 29122 "-" "Mozilla/5.0 (compatible; SemrushBot/7~bl; +http://www.semrush.com/bot.html)"
157.90.177.216 - - [03/Sep/2021:11:25:11 +0200] "GET /robots.txt HTTP/1.1" 200 286 "-" "Mozilla/5.0 (compatible; BLEXBot/1.0; +http://webmeup-crawler.com/)"
157.90.177.216 - - [03/Sep/2021:11:25:13 +0200] "GET /index.php?option=com_content&task=view&id=443&Itemid=69 HTTP/1.1" 200 30740 "-" "Mozilla/5.0 (compatible; BLEXBot/1.0; +http://webmeup-crawler.com/)"
157.90.177.216 - - [03/Sep/2021:11:25:17 +0200] "GET /index.php?option=com_content&task=view&id=81&Itemid=69 HTTP/1.1" 200 30670 "-" "Mozilla/5.0 (compatible; BLEXBot/1.0; +http://webmeup-crawler.com/)"
157.90.177.216 - - [03/Sep/2021:11:25:21 +0200] "GET /index2.php?option=com_content&task=emailform&id=332&itemid=69 HTTP/1.1" 200 2465 "-" "Mozilla/5.0 (compatible; BLEXBot/1.0; +http://webmeup-crawler.com/)"
157.90.177.216 - - [03/Sep/2021:11:25:26 +0200] "GET /index2.php?option=com_content&task=emailform&id=640&itemid=69 HTTP/1.1" 200 2528 "-" "Mozilla/5.0 (compatible; BLEXBot/1.0; +http://webmeup-crawler.com/)"
157.90.177.216 - - [03/Sep/2021:11:25:30 +0200] "GET /index2.php?option=com_content&task=view&id=332&pop=1&page=0&Itemid=69 HTTP/1.1" 200 4433 "-" "Mozilla/5.0 (compatible; BLEXBot/1.0; +http://webmeup-crawler.com/)"
157.90.177.216 - - [03/Sep/2021:11:25:33 +0200] "GET /index2.php?option=com_content&task=view&id=640&pop=1&page=0&Itemid=69 HTTP/1.1" 200 4730 "-" "Mozilla/5.0 (compatible; BLEXBot/1.0; +http://webmeup-crawler.com/)"
157.90.177.216 - - [03/Sep/2021:11:25:37 +0200] "GET /index.php?option=com_content&task=view&id=1011&Itemid=75 HTTP/1.1" 200 29563 "-" "Mozilla/5.0 (compatible; BLEXBot/1.0; +http://webmeup-crawler.com/)"
157.90.177.216 - - [03/Sep/2021:11:25:40 +0200] "GET /index.php?option=com_content&task=view&id=1052 HTTP/1.1" 200 28328 "-" "Mozilla/5.0 (compatible; BLEXBot/1.0; +http://webmeup-crawler.com/)"
157.90.177.216 - - [03/Sep/2021:11:25:44 +0200] "GET /index.php?option=com_content&task=view&id=1082 HTTP/1.1" 200 28250 "-" "Mozilla/5.0 (compatible; BLEXBot/1.0; +http://webmeup-crawler.com/)"
157.90.177.216 - - [03/Sep/2021:11:25:49 +0200] "GET /index.php?option=com_content&task=view&id=1128&Itemid=75 HTTP/1.1" 200 29115 "-" "Mozilla/5.0 (compatible; BLEXBot/1.0; +http://webmeup-crawler.com/)"
157.90.177.216 - - [03/Sep/2021:11:25:54 +0200] "GET /index.php?option=com_content&task=view&id=708&Itemid=75 HTTP/1.1" 200 35711 "-" "Mozilla/5.0 (compatible; BLEXBot/1.0; +http://webmeup-crawler.com/)"
157.90.177.216 - - [03/Sep/2021:11:25:58 +0200] "GET /index.php?option=com_content&task=view&id=764&Itemid=75 HTTP/1.1" 200 32227 "-" "Mozilla/5.0 (compatible; BLEXBot/1.0; +http://webmeup-crawler.com/)"
157.90.177.216 - - [03/Sep/2021:11:26:02 +0200] "GET /index.php?option=com_content&task=view&id=765 HTTP/1.1" 200 28527 "-" "Mozilla/5.0 (compatible; BLEXBot/1.0; +http://webmeup-crawler.com/)"
157.90.177.216 - - [03/Sep/2021:11:26:07 +0200] "GET /index.php?option=com_content&task=view&id=853 HTTP/1.1" 200 28521 "-" "Mozilla/5.0 (compatible; BLEXBot/1.0; +http://webmeup-crawler.com/)"
157.90.177.216 - - [03/Sep/2021:11:26:12 +0200] "GET /index.php?option=com_content&task=view&id=859 HTTP/1.1" 200 28407 "-" "Mozilla/5.0 (compatible; BLEXBot/1.0; +http://webmeup-crawler.com/)"
185.191.171.35 - - [03/Sep/2021:11:26:12 +0200] "GET /index2.php?Itemid=75&id=758&option=com_content&page=0&pop=1&task=view HTTP/1.1" 200 3722 "-" "Mozilla/5.0 (compatible; SemrushBot/7~bl; +http://www.semrush.com/bot.html)"
157.90.177.216 - - [03/Sep/2021:11:26:16 +0200] "GET /index.php?option=com_content&task=view&id=888 HTTP/1.1" 200 56827 "-" "Mozilla/5.0 (compatible; BLEXBot/1.0; +http://webmeup-crawler.com/)"
157.90.177.216 - - [03/Sep/2021:11:26:19 +0200] "GET /index2.php?option=com_content&task=emailform&id=1121&itemid=99999999 HTTP/1.1" 200 2489 "-" "Mozilla/5.0 (compatible; BLEXBot/1.0; +http://webmeup-crawler.com/)"
157.90.177.216 - - [03/Sep/2021:11:26:23 +0200] "GET /index2.php?option=com_content&task=emailform&id=1176&itemid=75 HTTP/1.1" 200 692 "-" "Mozilla/5.0 (compatible; BLEXBot/1.0; +http://webmeup-crawler.com/)"
157.90.177.216 - - [03/Sep/2021:11:26:49 +0200] "GET /index2.php?option=com_content&task=emailform&id=1221&itemid=99999999 HTTP/1.1" 200 2452 "-" "Mozilla/5.0 (compatible; BLEXBot/1.0; +http://webmeup-crawler.com/)"
157.90.177.216 - - [03/Sep/2021:11:26:52 +0200] "GET /index2.php?option=com_content&task=emailform&id=738&itemid=75 HTTP/1.1" 200 2445 "-" "Mozilla/5.0 (compatible; BLEXBot/1.0; +http://webmeup-crawler.com/)"
157.90.177.216 - - [03/Sep/2021:11:26:58 +0200] "GET /index2.php?option=com_content&task=emailform&id=761&itemid=75 HTTP/1.1" 200 2467 "-" "Mozilla/5.0 (compatible; BLEXBot/1.0; +http://webmeup-crawler.com/)"
157.90.177.216 - - [03/Sep/2021:11:27:03 +0200] "GET /index2.php?option=com_content&task=emailform&id=815&itemid=99999999 HTTP/1.1" 200 2464 "-" "Mozilla/5.0 (compatible; BLEXBot/1.0; +http://webmeup-crawler.com/)"
157.90.177.216 - - [03/Sep/2021:11:27:07 +0200] "GET /index2.php?option=com_content&task=emailform&id=857&itemid=99999999 HTTP/1.1" 200 2451 "-" "Mozilla/5.0 (compatible; BLEXBot/1.0; +http://webmeup-crawler.com/)"
54.36.148.28 - - [03/Sep/2021:11:27:08 +0200] "GET /index2.php?option=com_content&task=emailform&id=44&itemid=44 HTTP/1.1" 200 2447 "-" "Mozilla/5.0 (compatible; AhrefsBot/7.0; +http://ahrefs.com/robot/)"
157.90.177.216 - - [03/Sep/2021:11:27:11 +0200] "GET /index2.php?option=com_content&task=emailform&id=863&itemid=99999999 HTTP/1.1" 200 2465 "-" "Mozilla/5.0 (compatible; BLEXBot/1.0; +http://webmeup-crawler.com/)"
157.90.177.216 - - [03/Sep/2021:11:27:18 +0200] "GET /index2.php?option=com_content&task=emailform&id=890&itemid=99999999 HTTP/1.1" 200 2459 "-" "Mozilla/5.0 (compatible; BLEXBot/1.0; +http://webmeup-crawler.com/)"
157.90.177.216 - - [03/Sep/2021:11:27:22 +0200] "GET /index2.php?option=com_content&task=emailform&id=999&itemid=75 HTTP/1.1" 200 2473 "-" "Mozilla/5.0 (compatible; BLEXBot/1.0; +http://webmeup-crawler.com/)"
157.90.177.216 - - [03/Sep/2021:11:27:26 +0200] "GET /index2.php?option=com_content&task=view&id=1121&pop=1&page=0 HTTP/1.1" 200 3281 "-" "Mozilla/5.0 (compatible; BLEXBot/1.0; +http://webmeup-crawler.com/)"
157.90.177.216 - - [03/Sep/2021:11:27:31 +0200] "GET /index2.php?option=com_content&task=view&id=1176&pop=1&page=0&Itemid=75 HTTP/1.1" 200 4093 "-" "Mozilla/5.0 (compatible; BLEXBot/1.0; +http://webmeup-crawler.com/)"
157.90.177.216 - - [03/Sep/2021:11:27:35 +0200] "GET /index2.php?option=com_content&task=view&id=1221&pop=1&page=0 HTTP/1.1" 200 2628 "-" "Mozilla/5.0 (compatible; BLEXBot/1.0; +http://webmeup-crawler.com/)"
157.90.177.216 - - [03/Sep/2021:11:27:41 +0200] "GET /index2.php?option=com_content&task=view&id=738&pop=1&page=0&Itemid=75 HTTP/1.1" 200 2240 "-" "Mozilla/5.0 (compatible; BLEXBot/1.0; +http://webmeup-crawler.com/)"
157.90.177.216 - - [03/Sep/2021:11:27:45 +0200] "GET /index2.php?option=com_content&task=view&id=761&pop=1&page=0&Itemid=75 HTTP/1.1" 200 2554 "-" "Mozilla/5.0 (compatible; BLEXBot/1.0; +http://webmeup-crawler.com/)"
157.90.177.216 - - [03/Sep/2021:11:27:49 +0200] "GET /index2.php?option=com_content&task=view&id=815&pop=1&page=0 HTTP/1.1" 200 2307 "-" "Mozilla/5.0 (compatible; BLEXBot/1.0; +http://webmeup-crawler.com/)"
157.90.177.216 - - [03/Sep/2021:11:27:53 +0200] "GET /index2.php?option=com_content&task=view&id=857&pop=1&page=0 HTTP/1.1" 200 2407 "-" "Mozilla/5.0 (compatible; BLEXBot/1.0; +http://webmeup-crawler.com/)"
157.90.177.216 - - [03/Sep/2021:11:27:57 +0200] "GET /index2.php?option=com_content&task=view&id=863&pop=1&page=0 HTTP/1.1" 200 16423 "-" "Mozilla/5.0 (compatible; BLEXBot/1.0; +http://webmeup-crawler.com/)"
157.90.177.216 - - [03/Sep/2021:11:28:02 +0200] "GET /index2.php?option=com_content&task=view&id=890&pop=1&page=0 HTTP/1.1" 200 6649 "-" "Mozilla/5.0 (compatible; BLEXBot/1.0; +http://webmeup-crawler.com/)"
157.90.177.216 - - [03/Sep/2021:11:28:06 +0200] "GET /index2.php?option=com_content&task=view&id=999&pop=1&page=0&Itemid=75 HTTP/1.1" 200 2474 "-" "Mozilla/5.0 (compatible; BLEXBot/1.0; +http://webmeup-crawler.com/)"
185.191.171.34 - - [03/Sep/2021:11:29:34 +0200] "GET /index2.php?id=135&itemid=66&option=com_content&task=emailform HTTP/1.1" 200 2476 "-" "Mozilla/5.0 (compatible; SemrushBot/7~bl; +http://www.semrush.com/bot.html)"
66.249.65.246 - - [03/Sep/2021:11:30:44 +0200] "GET /index.php?option=com_content&task=view&id=878 HTTP/1.1" 200 28316 "-" "Mozilla/5.0 (Linux; Android 6.0.1; Nexus 5X Build/MMB29P) AppleWebKit/537.36 (KHTML, like Gecko) Chrome/92.0.4515.119 Mobile Safari/537.36 (compatible; Googlebot/2.1; +http://www.google.com/bot.html)"
185.191.171.34 - - [03/Sep/2021:11:32:01 +0200] "GET /index2.php?id=541&itemid=69&option=com_content&task=emailform HTTP/1.1" 200 2520 "-" "Mozilla/5.0 (compatible; SemrushBot/7~bl; +http://www.semrush.com/bot.html)"
144.76.60.198 - - [03/Sep/2021:11:34:11 +0200] "GET /robots.txt HTTP/1.1" 200 286 "-" "Mozilla/5.0 (compatible; MJ12bot/v1.4.8; http://mj12bot.com/)"
144.76.60.198 - - [03/Sep/2021:11:34:14 +0200] "GET /index.php?option=com_content&task=view&id=738&Itemid=78 HTTP/1.1" 200 28657 "-" "Mozilla/5.0 (compatible; MJ12bot/v1.4.8; http://mj12bot.com/)"
144.76.60.198 - - [03/Sep/2021:11:34:21 +0200] "GET /index.php?option=com_content&task=view&id=742&Itemid=1 HTTP/1.1" 200 29535 "-" "Mozilla/5.0 (compatible; MJ12bot/v1.4.8; http://mj12bot.com/)"
144.76.60.198 - - [03/Sep/2021:11:34:29 +0200] "GET /index.php?option=com_content&task=view&id=789&Itemid=89 HTTP/1.1" 200 32470 "-" "Mozilla/5.0 (compatible; MJ12bot/v1.4.8; http://mj12bot.com/)"
144.76.60.198 - - [03/Sep/2021:11:34:36 +0200] "GET /index2.php?option=com_content&task=emailform&id=720&itemid=78 HTTP/1.1" 200 2463 "-" "Mozilla/5.0 (compatible; MJ12bot/v1.4.8; http://mj12bot.com/)"
185.191.171.4 - - [03/Sep/2021:11:34:39 +0200] "GET /index.php?id=187&option=com_content&task=view HTTP/1.1" 200 29453 "-" "Mozilla/5.0 (compatible; SemrushBot/7~bl; +http://www.semrush.com/bot.html)"
144.76.60.198 - - [03/Sep/2021:11:34:46 +0200] "GET /index2.php?option=com_content&task=emailform&id=723&itemid=89 HTTP/1.1" 200 2463 "-" "Mozilla/5.0 (compatible; MJ12bot/v1.4.8; http://mj12bot.com/)"
54.36.149.93 - - [03/Sep/2021:11:36:25 +0200] "GET /index.php?option=com_content&task=view&id=1049&Itemid=78 HTTP/1.1" 200 29155 "-" "Mozilla/5.0 (compatible; AhrefsBot/7.0; +http://ahrefs.com/robot/)"
185.191.171.35 - - [03/Sep/2021:11:40:56 +0200] "GET /robots.txt HTTP/1.1" 200 286 "-" "Mozilla/5.0 (compatible; SemrushBot/7~bl; +http://www.semrush.com/bot.html)"
185.191.171.44 - - [03/Sep/2021:11:40:56 +0200] "GET /index2.php?Itemid=75&id=722&option=com_content&page=0&pop=1&task=view HTTP/1.1" 200 2997 "-" "Mozilla/5.0 (compatible; SemrushBot/7~bl; +http://www.semrush.com/bot.html)"
185.191.171.11 - - [03/Sep/2021:11:41:40 +0200] "GET /index.php?Itemid=1&id=1158&option=com_content&task=view HTTP/1.1" 200 29718 "-" "Mozilla/5.0 (compatible; SemrushBot/7~bl; +http://www.semrush.com/bot.html)"
185.191.171.12 - - [03/Sep/2021:11:42:47 +0200] "GET /index.php?id=1170&option=com_content&task=view HTTP/1.1" 200 28530 "-" "Mozilla/5.0 (compatible; SemrushBot/7~bl; +http://www.semrush.com/bot.html)"
185.191.171.44 - - [03/Sep/2021:11:43:15 +0200] "GET /index.php?Itemid=65&id=172&option=com_content&task=view HTTP/1.1" 200 29566 "-" "Mozilla/5.0 (compatible; SemrushBot/7~bl; +http://www.semrush.com/bot.html)"
216.244.66.239 - - [03/Sep/2021:11:43:59 +0200] "GET /robots.txt HTTP/1.1" 200 286 "-" "Mozilla/5.0 (compatible; DotBot/1.2; +https://opensiteexplorer.org/dotbot; help@moz.com)"
212.237.51.151 - - [03/Sep/2021:11:44:29 +0200] "HEAD / HTTP/1.1" 200 0 "-" "Alert_Alligator_webmonitoring_service_1.6.3_(alertalligator.com)"
54.36.148.194 - - [03/Sep/2021:11:45:49 +0200] "GET /index.php?option=com_content&task=view&id=963 HTTP/1.1" 200 28745 "-" "Mozilla/5.0 (compatible; AhrefsBot/7.0; +http://ahrefs.com/robot/)"
185.191.171.17 - - [03/Sep/2021:11:46:32 +0200] "GET /index.php?Itemid=69&id=494&option=com_content&task=view HTTP/1.1" 200 30744 "-" "Mozilla/5.0 (compatible; SemrushBot/7~bl; +http://www.semrush.com/bot.html)"
188.6.89.147 - - [03/Sep/2021:11:46:54 +0200] "GET /index.php?option=com_content&task=view&id=886 HTTP/1.1" 200 43627 "https://www.google.com/" "Mozilla/5.0 (Windows NT 10.0; Win64; x64) AppleWebKit/537.36 (KHTML, like Gecko) Chrome/92.0.4515.159 Safari/537.36"
188.6.89.147 - - [03/Sep/2021:11:46:54 +0200] "GET /templates/radiocampus/css/template_css.css HTTP/1.1" 200 10686 "http://www.kokosz.hu/index.php?option=com_content&task=view&id=886" "Mozilla/5.0 (Windows NT 10.0; Win64; x64) AppleWebKit/537.36 (KHTML, like Gecko) Chrome/92.0.4515.159 Safari/537.36"
188.6.89.147 - - [03/Sep/2021:11:46:54 +0200] "GET /templates/radiocampus/images/spacer.gif HTTP/1.1" 200 43 "http://www.kokosz.hu/index.php?option=com_content&task=view&id=886" "Mozilla/5.0 (Windows NT 10.0; Win64; x64) AppleWebKit/537.36 (KHTML, like Gecko) Chrome/92.0.4515.159 Safari/537.36"
188.6.89.147 - - [03/Sep/2021:11:46:54 +0200] "GET /images/stories/logok/erdei_iskola_program.jpg HTTP/1.1" 200 7679 "http://www.kokosz.hu/index.php?option=com_content&task=view&id=886" "Mozilla/5.0 (Windows NT 10.0; Win64; x64) AppleWebKit/537.36 (KHTML, like Gecko) Chrome/92.0.4515.159 Safari/537.36"
188.6.89.147 - - [03/Sep/2021:11:46:54 +0200] "GET /templates/radiocampus/images/background_top.jpg HTTP/1.1" 200 1400 "http://www.kokosz.hu/index.php?option=com_content&task=view&id=886" "Mozilla/5.0 (Windows NT 10.0; Win64; x64) AppleWebKit/537.36 (KHTML, like Gecko) Chrome/92.0.4515.159 Safari/537.36"
188.6.89.147 - - [03/Sep/2021:11:46:54 +0200] "GET /images/stories/logok/bagoly.gif HTTP/1.1" 200 4919 "http://www.kokosz.hu/index.php?option=com_content&task=view&id=886" "Mozilla/5.0 (Windows NT 10.0; Win64; x64) AppleWebKit/537.36 (KHTML, like Gecko) Chrome/92.0.4515.159 Safari/537.36"
188.6.89.147 - - [03/Sep/2021:11:46:54 +0200] "GET /images/stories/statikus_kepek/szogi_lajos_kepzo.jpg HTTP/1.1" 200 27286 "http://www.kokosz.hu/index.php?option=com_content&task=view&id=886" "Mozilla/5.0 (Windows NT 10.0; Win64; x64) AppleWebKit/537.36 (KHTML, like Gecko) Chrome/92.0.4515.159 Safari/537.36"
188.6.89.147 - - [03/Sep/2021:11:46:54 +0200] "GET /templates/radiocampus/images/bild_rechts_gross.jpg HTTP/1.1" 200 16998 "http://www.kokosz.hu/index.php?option=com_content&task=view&id=886" "Mozilla/5.0 (Windows NT 10.0; Win64; x64) AppleWebKit/537.36 (KHTML, like Gecko) Chrome/92.0.4515.159 Safari/537.36"
188.6.89.147 - - [03/Sep/2021:11:46:54 +0200] "GET /images/stories/statikus_kepek/fotoalbum.gif HTTP/1.1" 200 2428 "http://www.kokosz.hu/index.php?option=com_content&task=view&id=886" "Mozilla/5.0 (Windows NT 10.0; Win64; x64) AppleWebKit/537.36 (KHTML, like Gecko) Chrome/92.0.4515.159 Safari/537.36"
188.6.89.147 - - [03/Sep/2021:11:46:54 +0200] "GET /images/M_images/printButton.png HTTP/1.1" 200 426 "http://www.kokosz.hu/index.php?option=com_content&task=view&id=886" "Mozilla/5.0 (Windows NT 10.0; Win64; x64) AppleWebKit/537.36 (KHTML, like Gecko) Chrome/92.0.4515.159 Safari/537.36"
188.6.89.147 - - [03/Sep/2021:11:46:54 +0200] "GET /images/stories/logok/emmi_logo.jpg HTTP/1.1" 200 3819 "http://www.kokosz.hu/index.php?option=com_content&task=view&id=886" "Mozilla/5.0 (Windows NT 10.0; Win64; x64) AppleWebKit/537.36 (KHTML, like Gecko) Chrome/92.0.4515.159 Safari/537.36"
188.6.89.147 - - [03/Sep/2021:11:46:54 +0200] "GET /images/M_images/emailButton.png HTTP/1.1" 200 424 "http://www.kokosz.hu/index.php?option=com_content&task=view&id=886" "Mozilla/5.0 (Windows NT 10.0; Win64; x64) AppleWebKit/537.36 (KHTML, like Gecko) Chrome/92.0.4515.159 Safari/537.36"
188.6.89.147 - - [03/Sep/2021:11:46:54 +0200] "GET /images/stories/logok/erdei_iskola_logo.jpg HTTP/1.1" 200 6785 "http://www.kokosz.hu/index.php?option=com_content&task=view&id=886" "Mozilla/5.0 (Windows NT 10.0; Win64; x64) AppleWebKit/537.36 (KHTML, like Gecko) Chrome/92.0.4515.159 Safari/537.36"
188.6.89.147 - - [03/Sep/2021:11:46:54 +0200] "GET /images/stories/hirkepek/kopjafa.jpg HTTP/1.1" 200 5537 "http://www.kokosz.hu/index.php?option=com_content&task=view&id=886" "Mozilla/5.0 (Windows NT 10.0; Win64; x64) AppleWebKit/537.36 (KHTML, like Gecko) Chrome/92.0.4515.159 Safari/537.36"
188.6.89.147 - - [03/Sep/2021:11:46:54 +0200] "GET /images/stories/logok/2015/eet.jpg HTTP/1.1" 200 3753 "http://www.kokosz.hu/index.php?option=com_content&task=view&id=886" "Mozilla/5.0 (Windows NT 10.0; Win64; x64) AppleWebKit/537.36 (KHTML, like Gecko) Chrome/92.0.4515.159 Safari/537.36"
188.6.89.147 - - [03/Sep/2021:11:46:54 +0200] "GET /images/stories/logok/2015/emet.jpg HTTP/1.1" 200 5961 "http://www.kokosz.hu/index.php?option=com_content&task=view&id=886" "Mozilla/5.0 (Windows NT 10.0; Win64; x64) AppleWebKit/537.36 (KHTML, like Gecko) Chrome/92.0.4515.159 Safari/537.36"
188.6.89.147 - - [03/Sep/2021:11:46:54 +0200] "GET /images/stories/logok/erdei_ovoda_logo.jpg HTTP/1.1" 200 3597 "http://www.kokosz.hu/index.php?option=com_content&task=view&id=886" "Mozilla/5.0 (Windows NT 10.0; Win64; x64) AppleWebKit/537.36 (KHTML, like Gecko) Chrome/92.0.4515.159 Safari/537.36"
188.6.89.147 - - [03/Sep/2021:11:46:54 +0200] "GET /images/stories/logok/2015/ntp.jpg HTTP/1.1" 200 4004 "http://www.kokosz.hu/index.php?option=com_content&task=view&id=886" "Mozilla/5.0 (Windows NT 10.0; Win64; x64) AppleWebKit/537.36 (KHTML, like Gecko) Chrome/92.0.4515.159 Safari/537.36"
188.6.89.147 - - [03/Sep/2021:11:46:54 +0200] "GET /images/stories/logok/erdei_iskola_program_et.jpg HTTP/1.1" 200 8081 "http://www.kokosz.hu/index.php?option=com_content&task=view&id=886" "Mozilla/5.0 (Windows NT 10.0; Win64; x64) AppleWebKit/537.36 (KHTML, like Gecko) Chrome/92.0.4515.159 Safari/537.36"
188.6.89.147 - - [03/Sep/2021:11:46:54 +0200] "GET /images/stories/logok/2015/ofi.jpg HTTP/1.1" 200 5571 "http://www.kokosz.hu/index.php?option=com_content&task=view&id=886" "Mozilla/5.0 (Windows NT 10.0; Win64; x64) AppleWebKit/537.36 (KHTML, like Gecko) Chrome/92.0.4515.159 Safari/537.36"
188.6.89.147 - - [03/Sep/2021:11:46:54 +0200] "GET /modules/mod_vvisit_counter/images/blue/0.gif HTTP/1.1" 200 697 "http://www.kokosz.hu/index.php?option=com_content&task=view&id=886" "Mozilla/5.0 (Windows NT 10.0; Win64; x64) AppleWebKit/537.36 (KHTML, like Gecko) Chrome/92.0.4515.159 Safari/537.36"
188.6.89.147 - - [03/Sep/2021:11:46:54 +0200] "GET /modules/mod_vvisit_counter/images/blue/7.gif HTTP/1.1" 200 438 "http://www.kokosz.hu/index.php?option=com_content&task=view&id=886" "Mozilla/5.0 (Windows NT 10.0; Win64; x64) AppleWebKit/537.36 (KHTML, like Gecko) Chrome/92.0.4515.159 Safari/537.36"
188.6.89.147 - - [03/Sep/2021:11:46:54 +0200] "GET /modules/mod_vvisit_counter/images/blue/1.gif HTTP/1.1" 200 400 "http://www.kokosz.hu/index.php?option=com_content&task=view&id=886" "Mozilla/5.0 (Windows NT 10.0; Win64; x64) AppleWebKit/537.36 (KHTML, like Gecko) Chrome/92.0.4515.159 Safari/537.36"
188.6.89.147 - - [03/Sep/2021:11:46:54 +0200] "GET /modules/mod_vvisit_counter/images/blue/2.gif HTTP/1.1" 200 687 "http://www.kokosz.hu/index.php?option=com_content&task=view&id=886" "Mozilla/5.0 (Windows NT 10.0; Win64; x64) AppleWebKit/537.36 (KHTML, like Gecko) Chrome/92.0.4515.159 Safari/537.36"
188.6.89.147 - - [03/Sep/2021:11:46:54 +0200] "GET /modules/mod_vvisit_counter/images/vtoday.gif HTTP/1.1" 200 909 "http://www.kokosz.hu/index.php?option=com_content&task=view&id=886" "Mozilla/5.0 (Windows NT 10.0; Win64; x64) AppleWebKit/537.36 (KHTML, like Gecko) Chrome/92.0.4515.159 Safari/537.36"
188.6.89.147 - - [03/Sep/2021:11:46:54 +0200] "GET /modules/mod_vvisit_counter/images/vyesterday.gif HTTP/1.1" 200 909 "http://www.kokosz.hu/index.php?option=com_content&task=view&id=886" "Mozilla/5.0 (Windows NT 10.0; Win64; x64) AppleWebKit/537.36 (KHTML, like Gecko) Chrome/92.0.4515.159 Safari/537.36"
188.6.89.147 - - [03/Sep/2021:11:46:54 +0200] "GET /modules/mod_vvisit_counter/images/vweek.gif HTTP/1.1" 200 909 "http://www.kokosz.hu/index.php?option=com_content&task=view&id=886" "Mozilla/5.0 (Windows NT 10.0; Win64; x64) AppleWebKit/537.36 (KHTML, like Gecko) Chrome/92.0.4515.159 Safari/537.36"
188.6.89.147 - - [03/Sep/2021:11:46:54 +0200] "GET /modules/mod_vvisit_counter/images/blue/8.gif HTTP/1.1" 200 697 "http://www.kokosz.hu/index.php?option=com_content&task=view&id=886" "Mozilla/5.0 (Windows NT 10.0; Win64; x64) AppleWebKit/537.36 (KHTML, like Gecko) Chrome/92.0.4515.159 Safari/537.36"
188.6.89.147 - - [03/Sep/2021:11:46:54 +0200] "GET /modules/mod_vvisit_counter/images/vmonth.gif HTTP/1.1" 200 909 "http://www.kokosz.hu/index.php?option=com_content&task=view&id=886" "Mozilla/5.0 (Windows NT 10.0; Win64; x64) AppleWebKit/537.36 (KHTML, like Gecko) Chrome/92.0.4515.159 Safari/537.36"
188.6.89.147 - - [03/Sep/2021:11:46:54 +0200] "GET /modules/mod_vvisit_counter/images/vall.gif HTTP/1.1" 200 996 "http://www.kokosz.hu/index.php?option=com_content&task=view&id=886" "Mozilla/5.0 (Windows NT 10.0; Win64; x64) AppleWebKit/537.36 (KHTML, like Gecko) Chrome/92.0.4515.159 Safari/537.36"
188.6.89.147 - - [03/Sep/2021:11:46:54 +0200] "GET /templates/radiocampus/images/logo_top_pa.jpg HTTP/1.1" 200 114295 "http://www.kokosz.hu/index.php?option=com_content&task=view&id=886" "Mozilla/5.0 (Windows NT 10.0; Win64; x64) AppleWebKit/537.36 (KHTML, like Gecko) Chrome/92.0.4515.159 Safari/537.36"
188.6.89.147 - - [03/Sep/2021:11:46:54 +0200] "GET /images/cimer.ico HTTP/1.1" 200 1406 "http://www.kokosz.hu/index.php?option=com_content&task=view&id=886" "Mozilla/5.0 (Windows NT 10.0; Win64; x64) AppleWebKit/537.36 (KHTML, like Gecko) Chrome/92.0.4515.159 Safari/537.36"
188.6.89.147 - - [03/Sep/2021:11:47:03 +0200] "GET /index.php?option=com_content&task=view&id=44&Itemid=44 HTTP/1.1" 200 32122 "http://www.kokosz.hu/index.php?option=com_content&task=view&id=886" "Mozilla/5.0 (Windows NT 10.0; Win64; x64) AppleWebKit/537.36 (KHTML, like Gecko) Chrome/92.0.4515.159 Safari/537.36"
188.6.89.147 - - [03/Sep/2021:11:47:03 +0200] "GET /images/M_images/arrow.png HTTP/1.1" 200 169 "http://www.kokosz.hu/index.php?option=com_content&task=view&id=44&Itemid=44" "Mozilla/5.0 (Windows NT 10.0; Win64; x64) AppleWebKit/537.36 (KHTML, like Gecko) Chrome/92.0.4515.159 Safari/537.36"
188.6.89.147 - - [03/Sep/2021:11:47:17 +0200] "GET /index.php?option=com_frontpage&Itemid=1 HTTP/1.1" 200 34064 "http://www.kokosz.hu/index.php?option=com_content&task=view&id=44&Itemid=44" "Mozilla/5.0 (Windows NT 10.0; Win64; x64) AppleWebKit/537.36 (KHTML, like Gecko) Chrome/92.0.4515.159 Safari/537.36"
188.6.89.147 - - [03/Sep/2021:11:47:24 +0200] "GET /index.php?option=com_content&task=view&id=1240&Itemid=75 HTTP/1.1" 200 28803 "http://www.kokosz.hu/index.php?option=com_frontpage&Itemid=1" "Mozilla/5.0 (Windows NT 10.0; Win64; x64) AppleWebKit/537.36 (KHTML, like Gecko) Chrome/92.0.4515.159 Safari/537.36"
188.6.89.147 - - [03/Sep/2021:11:47:32 +0200] "GET /index.php?option=com_content&task=view&id=18&Itemid=28 HTTP/1.1" 200 36415 "http://www.kokosz.hu/index.php?option=com_content&task=view&id=1240&Itemid=75" "Mozilla/5.0 (Windows NT 10.0; Win64; x64) AppleWebKit/537.36 (KHTML, like Gecko) Chrome/92.0.4515.159 Safari/537.36"
66.249.65.248 - - [03/Sep/2021:11:48:09 +0200] "GET /index.php?option=com_content&task=view&id=1231&Itemid=75 HTTP/1.1" 200 29207 "-" "Mozilla/5.0 (Linux; Android 6.0.1; Nexus 5X Build/MMB29P) AppleWebKit/537.36 (KHTML, like Gecko) Chrome/92.0.4515.119 Mobile Safari/537.36 (compatible; Googlebot/2.1; +http://www.google.com/bot.html)"
216.244.66.239 - - [03/Sep/2021:11:52:44 +0200] "GET /index2.php?option=com_content&task=view&id=197&pop=1&page=0&Itemid=65 HTTP/1.1" 200 3620 "-" "Mozilla/5.0 (compatible; DotBot/1.2; +https://opensiteexplorer.org/dotbot; help@moz.com)"
216.244.66.239 - - [03/Sep/2021:11:52:49 +0200] "GET /index2.php?option=com_content&task=view&id=302&pop=1&page=0&Itemid=68 HTTP/1.1" 200 692 "-" "Mozilla/5.0 (compatible; DotBot/1.2; +https://opensiteexplorer.org/dotbot; help@moz.com)"
54.36.149.15 - - [03/Sep/2021:11:54:32 +0200] "GET /index.php?option=com_content&task=view&id=1044&Itemid=78 HTTP/1.1" 200 30221 "-" "Mozilla/5.0 (compatible; AhrefsBot/7.0; +http://ahrefs.com/robot/)"
188.6.89.147 - - [03/Sep/2021:11:56:53 +0200] "GET /index.php?option=com_content&task=view&id=44&Itemid=44 HTTP/1.1" 200 32122 "http://www.kokosz.hu/index.php?option=com_content&task=view&id=18&Itemid=28" "Mozilla/5.0 (Windows NT 10.0; Win64; x64) AppleWebKit/537.36 (KHTML, like Gecko) Chrome/92.0.4515.159 Safari/537.36"
188.6.89.147 - - [03/Sep/2021:11:56:54 +0200] "GET /modules/mod_vvisit_counter/images/blue/9.gif HTTP/1.1" 200 688 "http://www.kokosz.hu/index.php?option=com_content&task=view&id=44&Itemid=44" "Mozilla/5.0 (Windows NT 10.0; Win64; x64) AppleWebKit/537.36 (KHTML, like Gecko) Chrome/92.0.4515.159 Safari/537.36"
185.191.171.5 - - [03/Sep/2021:11:57:09 +0200] "GET /index2.php?Itemid=1&id=809&option=com_content&page=0&pop=1&task=view HTTP/1.1" 200 2256 "-" "Mozilla/5.0 (compatible; SemrushBot/7~bl; +http://www.semrush.com/bot.html)"
188.6.89.147 - - [03/Sep/2021:11:57:37 +0200] "GET /index.php?option=com_content&task=view&id=1237&Itemid=75 HTTP/1.1" 200 29515 "http://www.kokosz.hu/index.php?option=com_content&task=view&id=44&Itemid=44" "Mozilla/5.0 (Windows NT 10.0; Win64; x64) AppleWebKit/537.36 (KHTML, like Gecko) Chrome/92.0.4515.159 Safari/537.36"
188.6.89.147 - - [03/Sep/2021:11:57:37 +0200] "GET /images/stories/hirkepek/2020/strategiai_megallapodas_2020_01.jpg HTTP/1.1" 200 28870 "http://www.kokosz.hu/index.php?option=com_content&task=view&id=1237&Itemid=75" "Mozilla/5.0 (Windows NT 10.0; Win64; x64) AppleWebKit/537.36 (KHTML, like Gecko) Chrome/92.0.4515.159 Safari/537.36"
188.6.89.147 - - [03/Sep/2021:11:58:10 +0200] "GET /index.php?option=com_content&task=view&id=886 HTTP/1.1" 200 43658 "http://www.kokosz.hu/index.php?option=com_content&task=view&id=1237&Itemid=75" "Mozilla/5.0 (Windows NT 10.0; Win64; x64) AppleWebKit/537.36 (KHTML, like Gecko) Chrome/92.0.4515.159 Safari/537.36"
185.191.171.17 - - [03/Sep/2021:11:59:28 +0200] "GET /index2.php?Itemid=78&id=158&option=com_content&page=0&pop=1&task=view HTTP/1.1" 200 3521 "-" "Mozilla/5.0 (compatible; SemrushBot/7~bl; +http://www.semrush.com/bot.html)"
188.6.89.147 - - [03/Sep/2021:11:59:30 +0200] "GET /index.php?option=com_content&task=view&id=1237&Itemid=75 HTTP/1.1" 200 29515 "http://www.kokosz.hu/index.php?option=com_content&task=view&id=44&Itemid=44" "Mozilla/5.0 (Windows NT 10.0; Win64; x64) AppleWebKit/537.36 (KHTML, like Gecko) Chrome/92.0.4515.159 Safari/537.36"
188.6.89.147 - - [03/Sep/2021:11:59:51 +0200] "GET / HTTP/1.1" 200 34030 "https://www.google.com/" "Mozilla/5.0 (Windows NT 10.0; Win64; x64) AppleWebKit/537.36 (KHTML, like Gecko) Chrome/92.0.4515.159 Safari/537.36"
188.6.89.147 - - [03/Sep/2021:11:59:53 +0200] "GET / HTTP/1.1" 200 34030 "https://www.google.com/" "Mozilla/5.0 (Windows NT 10.0; Win64; x64) AppleWebKit/537.36 (KHTML, like Gecko) Chrome/92.0.4515.159 Safari/537.36"
188.6.89.147 - - [03/Sep/2021:12:00:05 +0200] "GET /index.php?option=com_content&task=view&id=886 HTTP/1.1" 200 43658 "http://www.kokosz.hu/" "Mozilla/5.0 (Windows NT 10.0; Win64; x64) AppleWebKit/537.36 (KHTML, like Gecko) Chrome/92.0.4515.159 Safari/537.36"
188.6.89.147 - - [03/Sep/2021:12:00:44 +0200] "GET /index.php?option=com_content&task=category§ionid=7&id=21&Itemid=67 HTTP/1.1" 200 34876 "http://www.kokosz.hu/index.php?option=com_content&task=view&id=886" "Mozilla/5.0 (Windows NT 10.0; Win64; x64) AppleWebKit/537.36 (KHTML, like Gecko) Chrome/92.0.4515.159 Safari/537.36"
188.6.89.147 - - [03/Sep/2021:12:00:44 +0200] "GET /images/stories/dokumentumok/2013/minositett_erdei_iskolak_k.jpg HTTP/1.1" 200 20531 "http://www.kokosz.hu/index.php?option=com_content&task=category§ionid=7&id=21&Itemid=67" "Mozilla/5.0 (Windows NT 10.0; Win64; x64) AppleWebKit/537.36 (KHTML, like Gecko) Chrome/92.0.4515.159 Safari/537.36"
188.6.89.147 - - [03/Sep/2021:12:00:50 +0200] "GET /index.php?option=com_content&task=view&id=886 HTTP/1.1" 200 43658 "http://www.kokosz.hu/" "Mozilla/5.0 (Windows NT 10.0; Win64; x64) AppleWebKit/537.36 (KHTML, like Gecko) Chrome/92.0.4515.159 Safari/537.36"
188.6.89.147 - - [03/Sep/2021:12:01:48 +0200] "GET /index.php?option=com_content&task=view&id=726&Itemid=85 HTTP/1.1" 200 59400 "https://www.google.com/" "Mozilla/5.0 (Windows NT 10.0; Win64; x64) AppleWebKit/537.36 (KHTML, like Gecko) Chrome/92.0.4515.159 Safari/537.36"
185.191.171.24 - - [03/Sep/2021:12:02:07 +0200] "GET /index2.php?id=328&itemid=75&option=com_content&task=emailform HTTP/1.1" 200 2465 "-" "Mozilla/5.0 (compatible; SemrushBot/7~bl; +http://www.semrush.com/bot.html)"
54.36.149.71 - - [03/Sep/2021:12:02:24 +0200] "GET /index.php?option=com_content&task=view&id=1052&Itemid=78 HTTP/1.1" 200 29083 "-" "Mozilla/5.0 (compatible; AhrefsBot/7.0; +http://ahrefs.com/robot/)"
185.191.171.23 - - [03/Sep/2021:12:06:18 +0200] "GET /index2.php?Itemid=78&id=861&option=com_content&page=0&pop=1&task=view HTTP/1.1" 200 2618 "-" "Mozilla/5.0 (compatible; SemrushBot/7~bl; +http://www.semrush.com/bot.html)"
54.36.148.3 - - [03/Sep/2021:12:09:58 +0200] "GET /index2.php?option=com_content&task=emailform&id=941&itemid=99999999 HTTP/1.1" 200 2480 "-" "Mozilla/5.0 (compatible; AhrefsBot/7.0; +http://ahrefs.com/robot/)"
185.191.171.22 - - [03/Sep/2021:12:10:48 +0200] "GET /index2.php?id=385&itemid=69&option=com_content&task=emailform HTTP/1.1" 200 2479 "-" "Mozilla/5.0 (compatible; SemrushBot/7~bl; +http://www.semrush.com/bot.html)"
185.191.171.19 - - [03/Sep/2021:12:11:42 +0200] "GET /index.php?Itemid=78&id=781&option=com_content&task=view HTTP/1.1" 200 35285 "-" "Mozilla/5.0 (compatible; SemrushBot/7~bl; +http://www.semrush.com/bot.html)"
66.249.65.246 - - [03/Sep/2021:12:12:33 +0200] "GET /index.php?option=com_content&task=view&id=831&Itemid=78 HTTP/1.1" 200 36396 "-" "Mozilla/5.0 (Linux; Android 6.0.1; Nexus 5X Build/MMB29P) AppleWebKit/537.36 (KHTML, like Gecko) Chrome/92.0.4515.119 Mobile Safari/537.36 (compatible; Googlebot/2.1; +http://www.google.com/bot.html)"
106.52.196.205 - - [03/Sep/2021:12:16:29 +0200] "GET /xmlrpc.php HTTP/1.1" 404 1181 "-" "Mozilla/5.0 (Windows NT 6.1; WOW64; rv:45.0) Gecko/20100101 Firefox/45.0"
42.193.148.196 - - [03/Sep/2021:12:16:56 +0200] "GET /xmlrpc.php HTTP/1.1" 404 1181 "-" "Mozilla/5.0 (Windows NT 6.1; WOW64; rv:45.0) Gecko/20100101 Firefox/45.0"
188.6.89.147 - - [03/Sep/2021:12:16:56 +0200] "GET /index.php?option=com_content&task=view&id=886 HTTP/1.1" 200 43658 "http://www.kokosz.hu/index.php?option=com_content&task=view&id=886" "Mozilla/5.0 (Windows NT 10.0; Win64; x64) AppleWebKit/537.36 (KHTML, like Gecko) Chrome/92.0.4515.159 Safari/537.36"
188.6.89.147 - - [03/Sep/2021:12:16:56 +0200] "GET /modules/mod_vvisit_counter/images/blue/3.gif HTTP/1.1" 200 692 "http://www.kokosz.hu/index.php?option=com_content&task=view&id=886" "Mozilla/5.0 (Windows NT 10.0; Win64; x64) AppleWebKit/537.36 (KHTML, like Gecko) Chrome/92.0.4515.159 Safari/537.36"
188.6.89.147 - - [03/Sep/2021:12:17:18 +0200] "GET /index.php?option=com_content&task=view&id=1239&Itemid=75 HTTP/1.1" 200 29472 "http://www.kokosz.hu/index.php?option=com_content&task=view&id=886" "Mozilla/5.0 (Windows NT 10.0; Win64; x64) AppleWebKit/537.36 (KHTML, like Gecko) Chrome/92.0.4515.159 Safari/537.36"
