176.63.8.26 - - [04/Sep/2021:16:36:10 +0200] "GET /modules/mod_vvisit_counter/images/vtoday.gif HTTP/1.1" 200 909 "http://kokosz.hu/" "Mozilla/5.0 (Linux; Android 9; Redmi S2) AppleWebKit/537.36 (KHTML, like Gecko) Chrome/93.0.4577.62 Mobile Safari/537.36"
176.63.8.26 - - [04/Sep/2021:16:36:10 +0200] "GET /modules/mod_vvisit_counter/images/vweek.gif HTTP/1.1" 200 909 "http://kokosz.hu/" "Mozilla/5.0 (Linux; Android 9; Redmi S2) AppleWebKit/537.36 (KHTML, like Gecko) Chrome/93.0.4577.62 Mobile Safari/537.36"
176.63.8.26 - - [04/Sep/2021:16:36:10 +0200] "GET /modules/mod_vvisit_counter/images/vall.gif HTTP/1.1" 200 996 "http://kokosz.hu/" "Mozilla/5.0 (Linux; Android 9; Redmi S2) AppleWebKit/537.36 (KHTML, like Gecko) Chrome/93.0.4577.62 Mobile Safari/537.36"
176.63.8.26 - - [04/Sep/2021:16:36:10 +0200] "GET /modules/mod_vvisit_counter/images/blue/0.gif HTTP/1.1" 200 697 "http://kokosz.hu/" "Mozilla/5.0 (Linux; Android 9; Redmi S2) AppleWebKit/537.36 (KHTML, like Gecko) Chrome/93.0.4577.62 Mobile Safari/537.36"
176.63.8.26 - - [04/Sep/2021:16:36:10 +0200] "GET /modules/mod_vvisit_counter/images/vyesterday.gif HTTP/1.1" 200 909 "http://kokosz.hu/" "Mozilla/5.0 (Linux; Android 9; Redmi S2) AppleWebKit/537.36 (KHTML, like Gecko) Chrome/93.0.4577.62 Mobile Safari/537.36"
176.63.8.26 - - [04/Sep/2021:16:36:10 +0200] "GET /images/stories/hirkepek/kopjafa.jpg HTTP/1.1" 200 5537 "http://kokosz.hu/" "Mozilla/5.0 (Linux; Android 9; Redmi S2) AppleWebKit/537.36 (KHTML, like Gecko) Chrome/93.0.4577.62 Mobile Safari/537.36"
176.63.8.26 - - [04/Sep/2021:16:36:10 +0200] "GET /images/stories/logok/2015/eet.jpg HTTP/1.1" 200 3753 "http://kokosz.hu/" "Mozilla/5.0 (Linux; Android 9; Redmi S2) AppleWebKit/537.36 (KHTML, like Gecko) Chrome/93.0.4577.62 Mobile Safari/537.36"
176.63.8.26 - - [04/Sep/2021:16:36:10 +0200] "GET /modules/mod_vvisit_counter/images/blue/1.gif HTTP/1.1" 200 400 "http://kokosz.hu/" "Mozilla/5.0 (Linux; Android 9; Redmi S2) AppleWebKit/537.36 (KHTML, like Gecko) Chrome/93.0.4577.62 Mobile Safari/537.36"
176.63.8.26 - - [04/Sep/2021:16:36:10 +0200] "GET /images/stories/logok/emmi_logo.jpg HTTP/1.1" 200 3819 "http://kokosz.hu/" "Mozilla/5.0 (Linux; Android 9; Redmi S2) AppleWebKit/537.36 (KHTML, like Gecko) Chrome/93.0.4577.62 Mobile Safari/537.36"
176.63.8.26 - - [04/Sep/2021:16:36:10 +0200] "GET /modules/mod_vvisit_counter/images/blue/8.gif HTTP/1.1" 200 697 "http://kokosz.hu/" "Mozilla/5.0 (Linux; Android 9; Redmi S2) AppleWebKit/537.36 (KHTML, like Gecko) Chrome/93.0.4577.62 Mobile Safari/537.36"
176.63.8.26 - - [04/Sep/2021:16:36:11 +0200] "GET /modules/mod_vvisit_counter/images/blue/7.gif HTTP/1.1" 200 438 "http://kokosz.hu/" "Mozilla/5.0 (Linux; Android 9; Redmi S2) AppleWebKit/537.36 (KHTML, like Gecko) Chrome/93.0.4577.62 Mobile Safari/537.36"
176.63.8.26 - - [04/Sep/2021:16:36:11 +0200] "GET /modules/mod_vvisit_counter/images/blue/2.gif HTTP/1.1" 200 687 "http://kokosz.hu/" "Mozilla/5.0 (Linux; Android 9; Redmi S2) AppleWebKit/537.36 (KHTML, like Gecko) Chrome/93.0.4577.62 Mobile Safari/537.36"
176.63.8.26 - - [04/Sep/2021:16:36:11 +0200] "GET /modules/mod_vvisit_counter/images/vmonth.gif HTTP/1.1" 200 909 "http://kokosz.hu/" "Mozilla/5.0 (Linux; Android 9; Redmi S2) AppleWebKit/537.36 (KHTML, like Gecko) Chrome/93.0.4577.62 Mobile Safari/537.36"
176.63.8.26 - - [04/Sep/2021:16:36:11 +0200] "GET /images/cimer.ico HTTP/1.1" 200 1406 "http://kokosz.hu/" "Mozilla/5.0 (Linux; Android 9; Redmi S2) AppleWebKit/537.36 (KHTML, like Gecko) Chrome/93.0.4577.62 Mobile Safari/537.36"
176.63.8.26 - - [04/Sep/2021:16:36:34 +0200] "GET /images/M_images/arrow.png HTTP/1.1" 200 169 "http://www.kokosz.hu/index.php?option=com_content&task=view&id=21&Itemid=31" "Mozilla/5.0 (Linux; Android 9; Redmi S2) AppleWebKit/537.36 (KHTML, like Gecko) Chrome/93.0.4577.62 Mobile Safari/537.36"
176.63.8.26 - - [04/Sep/2021:16:36:34 +0200] "GET /images/stories/logok/erdei_iskola_program.jpg HTTP/1.1" 200 7679 "http://www.kokosz.hu/index.php?option=com_content&task=view&id=21&Itemid=31" "Mozilla/5.0 (Linux; Android 9; Redmi S2) AppleWebKit/537.36 (KHTML, like Gecko) Chrome/93.0.4577.62 Mobile Safari/537.36"
176.63.8.26 - - [04/Sep/2021:16:36:34 +0200] "GET /index.php?option=com_content&task=view&id=21&Itemid=31 HTTP/1.1" 200 62002 "http://kokosz.hu/" "Mozilla/5.0 (Linux; Android 9; Redmi S2) AppleWebKit/537.36 (KHTML, like Gecko) Chrome/93.0.4577.62 Mobile Safari/537.36"
176.63.8.26 - - [04/Sep/2021:16:36:34 +0200] "GET /images/stories/statikus_kepek/szogi_lajos_kepzo.jpg HTTP/1.1" 200 27286 "http://www.kokosz.hu/index.php?option=com_content&task=view&id=21&Itemid=31" "Mozilla/5.0 (Linux; Android 9; Redmi S2) AppleWebKit/537.36 (KHTML, like Gecko) Chrome/93.0.4577.62 Mobile Safari/537.36"
176.63.8.26 - - [04/Sep/2021:16:36:34 +0200] "GET /images/stories/logok/bagoly.gif HTTP/1.1" 200 4919 "http://www.kokosz.hu/index.php?option=com_content&task=view&id=21&Itemid=31" "Mozilla/5.0 (Linux; Android 9; Redmi S2) AppleWebKit/537.36 (KHTML, like Gecko) Chrome/93.0.4577.62 Mobile Safari/537.36"
176.63.8.26 - - [04/Sep/2021:16:36:34 +0200] "GET /images/stories/logok/erdei_iskola_program_et.jpg HTTP/1.1" 200 8081 "http://www.kokosz.hu/index.php?option=com_content&task=view&id=21&Itemid=31" "Mozilla/5.0 (Linux; Android 9; Redmi S2) AppleWebKit/537.36 (KHTML, like Gecko) Chrome/93.0.4577.62 Mobile Safari/537.36"
176.63.8.26 - - [04/Sep/2021:16:36:34 +0200] "GET /images/stories/statikus_kepek/fotoalbum.gif HTTP/1.1" 200 2428 "http://www.kokosz.hu/index.php?option=com_content&task=view&id=21&Itemid=31" "Mozilla/5.0 (Linux; Android 9; Redmi S2) AppleWebKit/537.36 (KHTML, like Gecko) Chrome/93.0.4577.62 Mobile Safari/537.36"
176.63.8.26 - - [04/Sep/2021:16:36:34 +0200] "GET /images/stories/logok/erdei_ovoda_logo.jpg HTTP/1.1" 200 3597 "http://www.kokosz.hu/index.php?option=com_content&task=view&id=21&Itemid=31" "Mozilla/5.0 (Linux; Android 9; Redmi S2) AppleWebKit/537.36 (KHTML, like Gecko) Chrome/93.0.4577.62 Mobile Safari/537.36"
176.63.8.26 - - [04/Sep/2021:16:36:34 +0200] "GET /images/stories/logok/erdei_iskola_logo.jpg HTTP/1.1" 200 6785 "http://www.kokosz.hu/index.php?option=com_content&task=view&id=21&Itemid=31" "Mozilla/5.0 (Linux; Android 9; Redmi S2) AppleWebKit/537.36 (KHTML, like Gecko) Chrome/93.0.4577.62 Mobile Safari/537.36"
176.63.8.26 - - [04/Sep/2021:16:36:34 +0200] "GET /images/M_images/printButton.png HTTP/1.1" 200 426 "http://www.kokosz.hu/index.php?option=com_content&task=view&id=21&Itemid=31" "Mozilla/5.0 (Linux; Android 9; Redmi S2) AppleWebKit/537.36 (KHTML, like Gecko) Chrome/93.0.4577.62 Mobile Safari/537.36"
176.63.8.26 - - [04/Sep/2021:16:36:34 +0200] "GET /images/M_images/emailButton.png HTTP/1.1" 200 424 "http://www.kokosz.hu/index.php?option=com_content&task=view&id=21&Itemid=31" "Mozilla/5.0 (Linux; Android 9; Redmi S2) AppleWebKit/537.36 (KHTML, like Gecko) Chrome/93.0.4577.62 Mobile Safari/537.36"
176.63.8.26 - - [04/Sep/2021:16:36:34 +0200] "GET /images/stories/logok/emmi_logo.jpg HTTP/1.1" 200 3819 "http://www.kokosz.hu/index.php?option=com_content&task=view&id=21&Itemid=31" "Mozilla/5.0 (Linux; Android 9; Redmi S2) AppleWebKit/537.36 (KHTML, like Gecko) Chrome/93.0.4577.62 Mobile Safari/537.36"
176.63.8.26 - - [04/Sep/2021:16:36:34 +0200] "GET /images/stories/logok/2015/eet.jpg HTTP/1.1" 200 3753 "http://www.kokosz.hu/index.php?option=com_content&task=view&id=21&Itemid=31" "Mozilla/5.0 (Linux; Android 9; Redmi S2) AppleWebKit/537.36 (KHTML, like Gecko) Chrome/93.0.4577.62 Mobile Safari/537.36"
176.63.8.26 - - [04/Sep/2021:16:36:34 +0200] "GET /images/stories/hirkepek/kopjafa.jpg HTTP/1.1" 200 5537 "http://www.kokosz.hu/index.php?option=com_content&task=view&id=21&Itemid=31" "Mozilla/5.0 (Linux; Android 9; Redmi S2) AppleWebKit/537.36 (KHTML, like Gecko) Chrome/93.0.4577.62 Mobile Safari/537.36"
176.63.8.26 - - [04/Sep/2021:16:36:34 +0200] "GET /images/stories/logok/2015/ntp.jpg HTTP/1.1" 200 4004 "http://www.kokosz.hu/index.php?option=com_content&task=view&id=21&Itemid=31" "Mozilla/5.0 (Linux; Android 9; Redmi S2) AppleWebKit/537.36 (KHTML, like Gecko) Chrome/93.0.4577.62 Mobile Safari/537.36"
176.63.8.26 - - [04/Sep/2021:16:36:34 +0200] "GET /images/stories/logok/2015/ofi.jpg HTTP/1.1" 200 5571 "http://www.kokosz.hu/index.php?option=com_content&task=view&id=21&Itemid=31" "Mozilla/5.0 (Linux; Android 9; Redmi S2) AppleWebKit/537.36 (KHTML, like Gecko) Chrome/93.0.4577.62 Mobile Safari/537.36"
176.63.8.26 - - [04/Sep/2021:16:36:34 +0200] "GET /images/stories/logok/2015/emet.jpg HTTP/1.1" 200 5961 "http://www.kokosz.hu/index.php?option=com_content&task=view&id=21&Itemid=31" "Mozilla/5.0 (Linux; Android 9; Redmi S2) AppleWebKit/537.36 (KHTML, like Gecko) Chrome/93.0.4577.62 Mobile Safari/537.36"
176.63.8.26 - - [04/Sep/2021:16:36:34 +0200] "GET /modules/mod_vvisit_counter/images/vyesterday.gif HTTP/1.1" 200 909 "http://www.kokosz.hu/index.php?option=com_content&task=view&id=21&Itemid=31" "Mozilla/5.0 (Linux; Android 9; Redmi S2) AppleWebKit/537.36 (KHTML, like Gecko) Chrome/93.0.4577.62 Mobile Safari/537.36"
176.63.8.26 - - [04/Sep/2021:16:36:34 +0200] "GET /modules/mod_vvisit_counter/images/vweek.gif HTTP/1.1" 200 909 "http://www.kokosz.hu/index.php?option=com_content&task=view&id=21&Itemid=31" "Mozilla/5.0 (Linux; Android 9; Redmi S2) AppleWebKit/537.36 (KHTML, like Gecko) Chrome/93.0.4577.62 Mobile Safari/537.36"
176.63.8.26 - - [04/Sep/2021:16:36:34 +0200] "GET /modules/mod_vvisit_counter/images/blue/2.gif HTTP/1.1" 200 687 "http://www.kokosz.hu/index.php?option=com_content&task=view&id=21&Itemid=31" "Mozilla/5.0 (Linux; Android 9; Redmi S2) AppleWebKit/537.36 (KHTML, like Gecko) Chrome/93.0.4577.62 Mobile Safari/537.36"
176.63.8.26 - - [04/Sep/2021:16:36:34 +0200] "GET /modules/mod_vvisit_counter/images/blue/1.gif HTTP/1.1" 200 400 "http://www.kokosz.hu/index.php?option=com_content&task=view&id=21&Itemid=31" "Mozilla/5.0 (Linux; Android 9; Redmi S2) AppleWebKit/537.36 (KHTML, like Gecko) Chrome/93.0.4577.62 Mobile Safari/537.36"
176.63.8.26 - - [04/Sep/2021:16:36:34 +0200] "GET /modules/mod_vvisit_counter/images/vtoday.gif HTTP/1.1" 200 909 "http://www.kokosz.hu/index.php?option=com_content&task=view&id=21&Itemid=31" "Mozilla/5.0 (Linux; Android 9; Redmi S2) AppleWebKit/537.36 (KHTML, like Gecko) Chrome/93.0.4577.62 Mobile Safari/537.36"
176.63.8.26 - - [04/Sep/2021:16:36:34 +0200] "GET /modules/mod_vvisit_counter/images/vall.gif HTTP/1.1" 200 996 "http://www.kokosz.hu/index.php?option=com_content&task=view&id=21&Itemid=31" "Mozilla/5.0 (Linux; Android 9; Redmi S2) AppleWebKit/537.36 (KHTML, like Gecko) Chrome/93.0.4577.62 Mobile Safari/537.36"
176.63.8.26 - - [04/Sep/2021:16:36:34 +0200] "GET /modules/mod_vvisit_counter/images/blue/9.gif HTTP/1.1" 200 688 "http://www.kokosz.hu/index.php?option=com_content&task=view&id=21&Itemid=31" "Mozilla/5.0 (Linux; Android 9; Redmi S2) AppleWebKit/537.36 (KHTML, like Gecko) Chrome/93.0.4577.62 Mobile Safari/537.36"
176.63.8.26 - - [04/Sep/2021:16:36:34 +0200] "GET /modules/mod_vvisit_counter/images/vmonth.gif HTTP/1.1" 200 909 "http://www.kokosz.hu/index.php?option=com_content&task=view&id=21&Itemid=31" "Mozilla/5.0 (Linux; Android 9; Redmi S2) AppleWebKit/537.36 (KHTML, like Gecko) Chrome/93.0.4577.62 Mobile Safari/537.36"
176.63.8.26 - - [04/Sep/2021:16:36:34 +0200] "GET /modules/mod_vvisit_counter/images/blue/7.gif HTTP/1.1" 200 438 "http://www.kokosz.hu/index.php?option=com_content&task=view&id=21&Itemid=31" "Mozilla/5.0 (Linux; Android 9; Redmi S2) AppleWebKit/537.36 (KHTML, like Gecko) Chrome/93.0.4577.62 Mobile Safari/537.36"
176.63.8.26 - - [04/Sep/2021:16:36:34 +0200] "GET /modules/mod_vvisit_counter/images/blue/0.gif HTTP/1.1" 200 697 "http://www.kokosz.hu/index.php?option=com_content&task=view&id=21&Itemid=31" "Mozilla/5.0 (Linux; Android 9; Redmi S2) AppleWebKit/537.36 (KHTML, like Gecko) Chrome/93.0.4577.62 Mobile Safari/537.36"
176.63.8.26 - - [04/Sep/2021:16:36:34 +0200] "GET /modules/mod_vvisit_counter/images/blue/8.gif HTTP/1.1" 200 697 "http://www.kokosz.hu/index.php?option=com_content&task=view&id=21&Itemid=31" "Mozilla/5.0 (Linux; Android 9; Redmi S2) AppleWebKit/537.36 (KHTML, like Gecko) Chrome/93.0.4577.62 Mobile Safari/537.36"
185.191.171.11 - - [04/Sep/2021:16:37:10 +0200] "GET /index.php?Itemid=84&catid=38&func=viewcategory&option=com_ponygallery HTTP/1.1" 200 46192 "-" "Mozilla/5.0 (compatible; SemrushBot/7~bl; +http://www.semrush.com/bot.html)"
185.191.171.40 - - [04/Sep/2021:16:37:59 +0200] "GET /index2.php?id=168&itemid=65&option=com_content&task=emailform HTTP/1.1" 200 2461 "-" "Mozilla/5.0 (compatible; SemrushBot/7~bl; +http://www.semrush.com/bot.html)"
54.36.148.32 - - [04/Sep/2021:16:40:06 +0200] "GET / HTTP/1.1" 200 34030 "-" "Mozilla/5.0 (compatible; AhrefsBot/7.0; +http://ahrefs.com/robot/)"
185.191.171.8 - - [04/Sep/2021:16:41:44 +0200] "GET /index.php?id=931&option=com_content&task=view HTTP/1.1" 200 29142 "-" "Mozilla/5.0 (compatible; SemrushBot/7~bl; +http://www.semrush.com/bot.html)"
66.249.66.35 - - [04/Sep/2021:16:45:22 +0200] "GET /index.php?option=com_content&task=view&id=995&Itemid=75 HTTP/1.1" 200 30273 "-" "Mozilla/5.0 (compatible; Googlebot/2.1; +http://www.google.com/bot.html)"
157.90.177.216 - - [04/Sep/2021:16:45:54 +0200] "GET /robots.txt HTTP/1.1" 200 286 "-" "Mozilla/5.0 (compatible; BLEXBot/1.0; +http://webmeup-crawler.com/)"
157.90.177.216 - - [04/Sep/2021:16:45:55 +0200] "GET /index.php?option=com_content&task=view&id=344&Itemid=69 HTTP/1.1" 200 30795 "-" "Mozilla/5.0 (compatible; BLEXBot/1.0; +http://webmeup-crawler.com/)"
157.90.177.216 - - [04/Sep/2021:16:45:59 +0200] "GET /index.php?option=com_content&task=view&id=455&Itemid=69 HTTP/1.1" 200 30734 "-" "Mozilla/5.0 (compatible; BLEXBot/1.0; +http://webmeup-crawler.com/)"
157.90.177.216 - - [04/Sep/2021:16:46:01 +0200] "GET /index2.php?option=com_content&task=emailform&id=511&itemid=69 HTTP/1.1" 200 2525 "-" "Mozilla/5.0 (compatible; BLEXBot/1.0; +http://webmeup-crawler.com/)"
157.90.177.216 - - [04/Sep/2021:16:46:04 +0200] "GET /index2.php?option=com_content&task=emailform&id=77&itemid=69 HTTP/1.1" 200 2481 "-" "Mozilla/5.0 (compatible; BLEXBot/1.0; +http://webmeup-crawler.com/)"
157.90.177.216 - - [04/Sep/2021:16:46:06 +0200] "GET /index2.php?option=com_content&task=view&id=511&pop=1&page=0&Itemid=69 HTTP/1.1" 200 4611 "-" "Mozilla/5.0 (compatible; BLEXBot/1.0; +http://webmeup-crawler.com/)"
157.90.177.216 - - [04/Sep/2021:16:46:09 +0200] "GET /index2.php?option=com_content&task=view&id=77&pop=1&page=0&Itemid=69 HTTP/1.1" 200 5303 "-" "Mozilla/5.0 (compatible; BLEXBot/1.0; +http://webmeup-crawler.com/)"
157.90.177.216 - - [04/Sep/2021:16:46:12 +0200] "GET /index.php?option=com_content&task=view&id=1012&Itemid=75 HTTP/1.1" 200 30379 "-" "Mozilla/5.0 (compatible; BLEXBot/1.0; +http://webmeup-crawler.com/)"
157.90.177.216 - - [04/Sep/2021:16:46:15 +0200] "GET /index.php?option=com_content&task=view&id=1075 HTTP/1.1" 200 28219 "-" "Mozilla/5.0 (compatible; BLEXBot/1.0; +http://webmeup-crawler.com/)"
157.90.177.216 - - [04/Sep/2021:16:46:17 +0200] "GET /index.php?option=com_content&task=view&id=1182&Itemid=75 HTTP/1.1" 200 29028 "-" "Mozilla/5.0 (compatible; BLEXBot/1.0; +http://webmeup-crawler.com/)"
157.90.177.216 - - [04/Sep/2021:16:46:19 +0200] "GET /index.php?option=com_content&task=view&id=681&Itemid=75 HTTP/1.1" 200 32991 "-" "Mozilla/5.0 (compatible; BLEXBot/1.0; +http://webmeup-crawler.com/)"
157.90.177.216 - - [04/Sep/2021:16:46:21 +0200] "GET /index.php?option=com_content&task=view&id=773&Itemid=75 HTTP/1.1" 200 31530 "-" "Mozilla/5.0 (compatible; BLEXBot/1.0; +http://webmeup-crawler.com/)"
157.90.177.216 - - [04/Sep/2021:16:46:24 +0200] "GET /index.php?option=com_content&task=view&id=835 HTTP/1.1" 200 28233 "-" "Mozilla/5.0 (compatible; BLEXBot/1.0; +http://webmeup-crawler.com/)"
157.90.177.216 - - [04/Sep/2021:16:46:26 +0200] "GET /index.php?option=com_content&task=view&id=861 HTTP/1.1" 200 28554 "-" "Mozilla/5.0 (compatible; BLEXBot/1.0; +http://webmeup-crawler.com/)"
157.90.177.216 - - [04/Sep/2021:16:46:29 +0200] "GET /index.php?option=com_content&task=view&id=862 HTTP/1.1" 200 34508 "-" "Mozilla/5.0 (compatible; BLEXBot/1.0; +http://webmeup-crawler.com/)"
157.90.177.216 - - [04/Sep/2021:16:46:32 +0200] "GET /index.php?option=com_content&task=view&id=882 HTTP/1.1" 200 35983 "-" "Mozilla/5.0 (compatible; BLEXBot/1.0; +http://webmeup-crawler.com/)"
157.90.177.216 - - [04/Sep/2021:16:46:34 +0200] "GET /index2.php?option=com_content&task=emailform&id=1031&itemid=75 HTTP/1.1" 200 2510 "-" "Mozilla/5.0 (compatible; BLEXBot/1.0; +http://webmeup-crawler.com/)"
157.90.177.216 - - [04/Sep/2021:16:46:36 +0200] "GET /index2.php?option=com_content&task=emailform&id=1117&itemid=99999999 HTTP/1.1" 200 2472 "-" "Mozilla/5.0 (compatible; BLEXBot/1.0; +http://webmeup-crawler.com/)"
157.90.177.216 - - [04/Sep/2021:16:46:39 +0200] "GET /index2.php?option=com_content&task=emailform&id=1201&itemid=75 HTTP/1.1" 200 692 "-" "Mozilla/5.0 (compatible; BLEXBot/1.0; +http://webmeup-crawler.com/)"
157.90.177.216 - - [04/Sep/2021:16:46:41 +0200] "GET /index2.php?option=com_content&task=emailform&id=737&itemid=75 HTTP/1.1" 200 2487 "-" "Mozilla/5.0 (compatible; BLEXBot/1.0; +http://webmeup-crawler.com/)"
157.90.177.216 - - [04/Sep/2021:16:46:43 +0200] "GET /index2.php?option=com_content&task=emailform&id=751&itemid=75 HTTP/1.1" 200 2454 "-" "Mozilla/5.0 (compatible; BLEXBot/1.0; +http://webmeup-crawler.com/)"
157.90.177.216 - - [04/Sep/2021:16:46:46 +0200] "GET /index2.php?option=com_content&task=emailform&id=820&itemid=99999999 HTTP/1.1" 200 2455 "-" "Mozilla/5.0 (compatible; BLEXBot/1.0; +http://webmeup-crawler.com/)"
157.90.177.216 - - [04/Sep/2021:16:46:48 +0200] "GET /index2.php?option=com_content&task=emailform&id=848&itemid=99999999 HTTP/1.1" 200 2471 "-" "Mozilla/5.0 (compatible; BLEXBot/1.0; +http://webmeup-crawler.com/)"
157.90.177.216 - - [04/Sep/2021:16:46:51 +0200] "GET /index2.php?option=com_content&task=emailform&id=866&itemid=99999999 HTTP/1.1" 200 2450 "-" "Mozilla/5.0 (compatible; BLEXBot/1.0; +http://webmeup-crawler.com/)"
157.90.177.216 - - [04/Sep/2021:16:46:53 +0200] "GET /index2.php?option=com_content&task=emailform&id=895&itemid=99999999 HTTP/1.1" 200 2512 "-" "Mozilla/5.0 (compatible; BLEXBot/1.0; +http://webmeup-crawler.com/)"
157.90.177.216 - - [04/Sep/2021:16:46:55 +0200] "GET /index2.php?option=com_content&task=view&id=1031&pop=1&page=0&Itemid=75 HTTP/1.1" 200 9362 "-" "Mozilla/5.0 (compatible; BLEXBot/1.0; +http://webmeup-crawler.com/)"
157.90.177.216 - - [04/Sep/2021:16:46:58 +0200] "GET /index2.php?option=com_content&task=view&id=1117&pop=1&page=0 HTTP/1.1" 200 2453 "-" "Mozilla/5.0 (compatible; BLEXBot/1.0; +http://webmeup-crawler.com/)"
157.90.177.216 - - [04/Sep/2021:16:47:00 +0200] "GET /index2.php?option=com_content&task=view&id=1201&pop=1&page=0&Itemid=75 HTTP/1.1" 200 2247 "-" "Mozilla/5.0 (compatible; BLEXBot/1.0; +http://webmeup-crawler.com/)"
157.90.177.216 - - [04/Sep/2021:16:47:04 +0200] "GET /index2.php?option=com_content&task=view&id=737&pop=1&page=0&Itemid=75 HTTP/1.1" 200 8042 "-" "Mozilla/5.0 (compatible; BLEXBot/1.0; +http://webmeup-crawler.com/)"
157.90.177.216 - - [04/Sep/2021:16:47:07 +0200] "GET /index2.php?option=com_content&task=view&id=751&pop=1&page=0&Itemid=75 HTTP/1.1" 200 15669 "-" "Mozilla/5.0 (compatible; BLEXBot/1.0; +http://webmeup-crawler.com/)"
157.90.177.216 - - [04/Sep/2021:16:47:09 +0200] "GET /index2.php?option=com_content&task=view&id=820&pop=1&page=0 HTTP/1.1" 200 4997 "-" "Mozilla/5.0 (compatible; BLEXBot/1.0; +http://webmeup-crawler.com/)"
157.90.177.216 - - [04/Sep/2021:16:47:11 +0200] "GET /index2.php?option=com_content&task=view&id=848&pop=1&page=0 HTTP/1.1" 200 2497 "-" "Mozilla/5.0 (compatible; BLEXBot/1.0; +http://webmeup-crawler.com/)"
157.90.177.216 - - [04/Sep/2021:16:47:14 +0200] "GET /index2.php?option=com_content&task=view&id=866&pop=1&page=0 HTTP/1.1" 200 2372 "-" "Mozilla/5.0 (compatible; BLEXBot/1.0; +http://webmeup-crawler.com/)"
157.90.177.216 - - [04/Sep/2021:16:47:17 +0200] "GET /index2.php?option=com_content&task=view&id=895&pop=1&page=0 HTTP/1.1" 200 2789 "-" "Mozilla/5.0 (compatible; BLEXBot/1.0; +http://webmeup-crawler.com/)"
54.36.148.231 - - [04/Sep/2021:16:49:56 +0200] "GET / HTTP/1.1" 200 33999 "-" "Mozilla/5.0 (compatible; AhrefsBot/7.0; +http://ahrefs.com/robot/)"
185.191.171.19 - - [04/Sep/2021:16:54:10 +0200] "GET /index.php?Itemid=84&catid=9&func=viewcategory&option=com_ponygallery HTTP/1.1" 200 47261 "-" "Mozilla/5.0 (compatible; SemrushBot/7~bl; +http://www.semrush.com/bot.html)"
176.63.21.210 - - [04/Sep/2021:16:57:00 +0200] "GET / HTTP/1.1" 200 34030 "https://www.google.com/" "Mozilla/5.0 (Windows NT 10.0; Win64; x64) AppleWebKit/537.36 (KHTML, like Gecko) Chrome/86.0.4240.75 Safari/537.36"
176.63.21.210 - - [04/Sep/2021:16:57:00 +0200] "GET /modules/mod_vvisit_counter/images/blue/9.gif HTTP/1.1" 200 688 "http://www.kokosz.hu/" "Mozilla/5.0 (Windows NT 10.0; Win64; x64) AppleWebKit/537.36 (KHTML, like Gecko) Chrome/86.0.4240.75 Safari/537.36"
176.63.21.210 - - [04/Sep/2021:16:57:00 +0200] "GET /modules/mod_vvisit_counter/images/blue/6.gif HTTP/1.1" 200 701 "http://www.kokosz.hu/" "Mozilla/5.0 (Windows NT 10.0; Win64; x64) AppleWebKit/537.36 (KHTML, like Gecko) Chrome/86.0.4240.75 Safari/537.36"
176.63.21.210 - - [04/Sep/2021:16:57:03 +0200] "GET /images/stories/dokumentumok/2013/ei_minositese_2013.doc HTTP/1.1" 404 1181 "http://www.kokosz.hu/" "Mozilla/5.0 (Windows NT 10.0; Win64; x64) AppleWebKit/537.36 (KHTML, like Gecko) Chrome/86.0.4240.75 Safari/537.36"
176.63.21.210 - - [04/Sep/2021:16:57:03 +0200] "GET /favicon.ico HTTP/1.1" 404 1181 "http://www.kokosz.hu/images/stories/dokumentumok/2013/ei_minositese_2013.doc" "Mozilla/5.0 (Windows NT 10.0; Win64; x64) AppleWebKit/537.36 (KHTML, like Gecko) Chrome/86.0.4240.75 Safari/537.36"
176.63.21.210 - - [04/Sep/2021:16:57:06 +0200] "GET / HTTP/1.1" 200 34030 "https://www.google.com/" "Mozilla/5.0 (Windows NT 10.0; Win64; x64) AppleWebKit/537.36 (KHTML, like Gecko) Chrome/86.0.4240.75 Safari/537.36"
66.249.66.41 - - [04/Sep/2021:16:58:11 +0200] "GET /index.php?option=com_content&task=view&id=136&Itemid=66 HTTP/1.1" 200 36708 "-" "Mozilla/5.0 (Linux; Android 6.0.1; Nexus 5X Build/MMB29P) AppleWebKit/537.36 (KHTML, like Gecko) Chrome/92.0.4515.119 Mobile Safari/537.36 (compatible; Googlebot/2.1; +http://www.google.com/bot.html)"
54.36.148.248 - - [04/Sep/2021:16:58:52 +0200] "GET /index2.php?option=com_content&task=emailform&id=747&itemid=75 HTTP/1.1" 200 2485 "-" "Mozilla/5.0 (compatible; AhrefsBot/7.0; +http://ahrefs.com/robot/)"
216.244.66.239 - - [04/Sep/2021:17:00:05 +0200] "GET /robots.txt HTTP/1.1" 200 286 "-" "Mozilla/5.0 (compatible; DotBot/1.2; +https://opensiteexplorer.org/dotbot; help@moz.com)"
185.191.171.8 - - [04/Sep/2021:17:03:37 +0200] "GET /index.php?Itemid=75&id=820&option=com_content&task=view HTTP/1.1" 200 31661 "-" "Mozilla/5.0 (compatible; SemrushBot/7~bl; +http://www.semrush.com/bot.html)"
185.191.171.5 - - [04/Sep/2021:17:04:15 +0200] "GET /index2.php?id=1121&option=com_content&page=0&pop=1&task=view HTTP/1.1" 200 3281 "-" "Mozilla/5.0 (compatible; SemrushBot/7~bl; +http://www.semrush.com/bot.html)"
185.191.171.25 - - [04/Sep/2021:17:05:16 +0200] "GET /index2.php?id=461&option=com_content&page=0&pop=1&task=view HTTP/1.1" 200 4570 "-" "Mozilla/5.0 (compatible; SemrushBot/7~bl; +http://www.semrush.com/bot.html)"
185.191.171.2 - - [04/Sep/2021:17:06:27 +0200] "GET /index2.php?Itemid=69&id=337&option=com_content&page=0&pop=1&task=view HTTP/1.1" 200 4469 "-" "Mozilla/5.0 (compatible; SemrushBot/7~bl; +http://www.semrush.com/bot.html)"
185.191.171.15 - - [04/Sep/2021:17:06:57 +0200] "GET /index.php?id=141&option=com_content&task=view HTTP/1.1" 200 33917 "-" "Mozilla/5.0 (compatible; SemrushBot/7~bl; +http://www.semrush.com/bot.html)"
185.191.171.23 - - [04/Sep/2021:17:07:10 +0200] "GET /index2.php?Itemid=75&id=793&option=com_content&page=0&pop=1&task=view HTTP/1.1" 200 5695 "-" "Mozilla/5.0 (compatible; SemrushBot/7~bl; +http://www.semrush.com/bot.html)"
66.249.66.38 - - [04/Sep/2021:17:07:31 +0200] "GET /index.php?option=com_content&task=view&id=997 HTTP/1.1" 200 30554 "-" "Mozilla/5.0 (Linux; Android 6.0.1; Nexus 5X Build/MMB29P) AppleWebKit/537.36 (KHTML, like Gecko) Chrome/92.0.4515.119 Mobile Safari/537.36 (compatible; Googlebot/2.1; +http://www.google.com/bot.html)"
54.36.148.240 - - [04/Sep/2021:17:07:52 +0200] "GET /index.php?option=com_content&task=view&id=238&Itemid=65 HTTP/1.1" 200 28833 "-" "Mozilla/5.0 (compatible; AhrefsBot/7.0; +http://ahrefs.com/robot/)"
207.46.13.136 - - [04/Sep/2021:17:08:39 +0200] "GET /index.php?option=com_content&task=view&id=985 HTTP/1.1" 200 29761 "-" "Mozilla/5.0 (compatible; bingbot/2.0; +http://www.bing.com/bingbot.htm)"
185.191.171.11 - - [04/Sep/2021:17:09:22 +0200] "GET /index.php?Itemid=75&id=1133&option=com_content&task=view HTTP/1.1" 200 31045 "-" "Mozilla/5.0 (compatible; SemrushBot/7~bl; +http://www.semrush.com/bot.html)"
66.249.66.41 - - [04/Sep/2021:17:11:34 +0200] "GET /index.php?option=com_content&task=view&id=358 HTTP/1.1" 200 31386 "-" "Mozilla/5.0 (Linux; Android 6.0.1; Nexus 5X Build/MMB29P) AppleWebKit/537.36 (KHTML, like Gecko) Chrome/92.0.4515.119 Mobile Safari/537.36 (compatible; Googlebot/2.1; +http://www.google.com/bot.html)"
185.191.171.10 - - [04/Sep/2021:17:16:03 +0200] "GET /index2.php?Itemid=65&id=186&option=com_content&page=0&pop=1&task=view HTTP/1.1" 200 2790 "-" "Mozilla/5.0 (compatible; SemrushBot/7~bl; +http://www.semrush.com/bot.html)"
66.249.66.41 - - [04/Sep/2021:17:17:31 +0200] "GET /index2.php?option=com_content&task=emailform&id=1077&itemid=1 HTTP/1.1" 200 2447 "-" "Mozilla/5.0 (compatible; Googlebot/2.1; +http://www.google.com/bot.html)"
54.36.148.184 - - [04/Sep/2021:17:17:57 +0200] "GET /index2.php?option=com_content&task=emailform&id=750&itemid=75 HTTP/1.1" 200 2483 "-" "Mozilla/5.0 (compatible; AhrefsBot/7.0; +http://ahrefs.com/robot/)"
185.191.171.8 - - [04/Sep/2021:17:19:56 +0200] "GET /index2.php?Itemid=69&id=474&option=com_content&page=0&pop=1&task=view HTTP/1.1" 200 4650 "-" "Mozilla/5.0 (compatible; SemrushBot/7~bl; +http://www.semrush.com/bot.html)"
159.69.145.50 - - [04/Sep/2021:17:20:26 +0200] "HEAD / HTTP/1.1" 200 0 "-" "Alert_Alligator_webmonitoring_service_1.6.3_(alertalligator.com)"
185.191.171.36 - - [04/Sep/2021:17:21:53 +0200] "GET /index2.php?Itemid=69&id=562&option=com_content&page=0&pop=1&task=view HTTP/1.1" 200 4553 "-" "Mozilla/5.0 (compatible; SemrushBot/7~bl; +http://www.semrush.com/bot.html)"
185.191.171.11 - - [04/Sep/2021:17:22:09 +0200] "GET /index2.php?Itemid=65&id=219&option=com_content&page=0&pop=1&task=view HTTP/1.1" 200 3499 "-" "Mozilla/5.0 (compatible; SemrushBot/7~bl; +http://www.semrush.com/bot.html)"
185.191.171.13 - - [04/Sep/2021:17:23:14 +0200] "GET /index2.php?id=1104&itemid=99999999&option=com_content&task=emailform HTTP/1.1" 200 2453 "-" "Mozilla/5.0 (compatible; SemrushBot/7~bl; +http://www.semrush.com/bot.html)"
185.191.171.44 - - [04/Sep/2021:17:23:32 +0200] "GET /index2.php?Itemid=1&id=1061&option=com_content&page=0&pop=1&task=view HTTP/1.1" 200 5924 "-" "Mozilla/5.0 (compatible; SemrushBot/7~bl; +http://www.semrush.com/bot.html)"
185.191.171.12 - - [04/Sep/2021:17:25:27 +0200] "GET /index2.php?id=789&itemid=75&option=com_content&task=emailform HTTP/1.1" 200 2455 "-" "Mozilla/5.0 (compatible; SemrushBot/7~bl; +http://www.semrush.com/bot.html)"
54.36.148.193 - - [04/Sep/2021:17:28:22 +0200] "GET /index2.php?option=com_content&task=view&id=747&pop=1&page=0&Itemid=75 HTTP/1.1" 200 2666 "-" "Mozilla/5.0 (compatible; AhrefsBot/7.0; +http://ahrefs.com/robot/)"
66.249.66.38 - - [04/Sep/2021:17:30:21 +0200] "GET /robots.txt HTTP/1.1" 200 286 "-" "Mozilla/5.0 (compatible; Googlebot/2.1; +http://www.google.com/bot.html)"
66.249.66.38 - - [04/Sep/2021:17:30:23 +0200] "GET /index.php?option=com_content&task=view&id=149&Itemid=66 HTTP/1.1" 200 29713 "-" "Mozilla/5.0 (Linux; Android 6.0.1; Nexus 5X Build/MMB29P) AppleWebKit/537.36 (KHTML, like Gecko) Chrome/92.0.4515.119 Mobile Safari/537.36 (compatible; Googlebot/2.1; +http://www.google.com/bot.html)"
157.55.39.167 - - [04/Sep/2021:17:31:16 +0200] "GET / HTTP/1.1" 200 33999 "-" "Mozilla/5.0 (compatible; bingbot/2.0; +http://www.bing.com/bingbot.htm)"
185.191.171.26 - - [04/Sep/2021:17:32:31 +0200] "GET /robots.txt HTTP/1.1" 200 286 "-" "Mozilla/5.0 (compatible; SemrushBot/7~bl; +http://www.semrush.com/bot.html)"
185.191.171.24 - - [04/Sep/2021:17:32:32 +0200] "GET /index.php?Itemid=75&id=720&option=com_content&task=view HTTP/1.1" 200 29557 "-" "Mozilla/5.0 (compatible; SemrushBot/7~bl; +http://www.semrush.com/bot.html)"
185.191.171.14 - - [04/Sep/2021:17:34:21 +0200] "GET /index2.php?Itemid=1&id=1104&option=com_content&page=0&pop=1&task=view HTTP/1.1" 200 3844 "-" "Mozilla/5.0 (compatible; SemrushBot/7~bl; +http://www.semrush.com/bot.html)"
185.191.171.25 - - [04/Sep/2021:17:35:07 +0200] "GET /index.php?Itemid=75&id=1221&option=com_content&task=view HTTP/1.1" 200 29265 "-" "Mozilla/5.0 (compatible; SemrushBot/7~bl; +http://www.semrush.com/bot.html)"
66.249.66.35 - - [04/Sep/2021:17:37:32 +0200] "GET /index.php?option=com_content&task=view&id=609&Itemid=69 HTTP/1.1" 200 30631 "-" "Mozilla/5.0 (Linux; Android 6.0.1; Nexus 5X Build/MMB29P) AppleWebKit/537.36 (KHTML, like Gecko) Chrome/92.0.4515.119 Mobile Safari/537.36 (compatible; Googlebot/2.1; +http://www.google.com/bot.html)"
185.191.171.4 - - [04/Sep/2021:17:38:13 +0200] "GET /index2.php?Itemid=65&id=182&option=com_content&page=0&pop=1&task=view HTTP/1.1" 200 3570 "-" "Mozilla/5.0 (compatible; SemrushBot/7~bl; +http://www.semrush.com/bot.html)"
185.191.171.9 - - [04/Sep/2021:17:38:25 +0200] "GET /index.php?Itemid=78&id=1123&option=com_content&task=view HTTP/1.1" 200 29426 "-" "Mozilla/5.0 (compatible; SemrushBot/7~bl; +http://www.semrush.com/bot.html)"
54.36.148.48 - - [04/Sep/2021:17:38:43 +0200] "GET /index2.php?option=com_content&task=view&id=750&pop=1&page=0&Itemid=75 HTTP/1.1" 200 14413 "-" "Mozilla/5.0 (compatible; AhrefsBot/7.0; +http://ahrefs.com/robot/)"
185.191.34.215 - - [04/Sep/2021:17:39:55 +0200] "POST /hetlerx.php HTTP/1.1" 404 1181 "-" "Mozilla/5.0 (Windows NT 10.0; Win64; x64; rv:66.0) Gecko/20100101 Firefox/66.0"
185.191.171.22 - - [04/Sep/2021:17:41:49 +0200] "GET /index2.php?id=925&itemid=75&option=com_content&task=emailform HTTP/1.1" 200 2483 "-" "Mozilla/5.0 (compatible; SemrushBot/7~bl; +http://www.semrush.com/bot.html)"
185.191.171.40 - - [04/Sep/2021:17:44:59 +0200] "GET /index.php?Itemid=66&id=142&option=com_content&task=view HTTP/1.1" 200 29778 "-" "Mozilla/5.0 (compatible; SemrushBot/7~bl; +http://www.semrush.com/bot.html)"
185.191.171.36 - - [04/Sep/2021:17:46:23 +0200] "GET /index.php?id=487&option=com_content&task=view HTTP/1.1" 200 30569 "-" "Mozilla/5.0 (compatible; SemrushBot/7~bl; +http://www.semrush.com/bot.html)"
216.244.66.239 - - [04/Sep/2021:17:47:05 +0200] "GET /robots.txt HTTP/1.1" 200 286 "-" "Mozilla/5.0 (compatible; DotBot/1.2; +https://opensiteexplorer.org/dotbot; help@moz.com)"
185.191.171.34 - - [04/Sep/2021:17:48:24 +0200] "GET /index2.php?Itemid=65&id=180&option=com_content&page=0&pop=1&task=view HTTP/1.1" 200 3573 "-" "Mozilla/5.0 (compatible; SemrushBot/7~bl; +http://www.semrush.com/bot.html)"
54.36.148.175 - - [04/Sep/2021:17:48:44 +0200] "GET /index.php?option=com_content&task=view&id=301&Itemid=68 HTTP/1.1" 200 30370 "-" "Mozilla/5.0 (compatible; AhrefsBot/7.0; +http://ahrefs.com/robot/)"
185.191.171.34 - - [04/Sep/2021:17:50:44 +0200] "GET /index2.php?id=629&itemid=69&option=com_content&task=emailform HTTP/1.1" 200 2514 "-" "Mozilla/5.0 (compatible; SemrushBot/7~bl; +http://www.semrush.com/bot.html)"
66.249.66.35 - - [04/Sep/2021:17:57:32 +0200] "GET /index.php?option=com_content&task=view&id=242&Itemid=65 HTTP/1.1" 200 28858 "-" "Mozilla/5.0 (compatible; Googlebot/2.1; +http://www.google.com/bot.html)"
185.191.171.16 - - [04/Sep/2021:17:58:53 +0200] "GET /index.php?id=494&option=com_content&task=view HTTP/1.1" 200 30647 "-" "Mozilla/5.0 (compatible; SemrushBot/7~bl; +http://www.semrush.com/bot.html)"
185.191.171.40 - - [04/Sep/2021:17:59:24 +0200] "GET /index2.php?id=1047&itemid=67&option=com_content&task=emailform HTTP/1.1" 200 2487 "-" "Mozilla/5.0 (compatible; SemrushBot/7~bl; +http://www.semrush.com/bot.html)"
185.191.171.6 - - [04/Sep/2021:17:59:52 +0200] "GET /index2.php?Itemid=75&id=922&option=com_content&page=0&pop=1&task=view HTTP/1.1" 200 3662 "-" "Mozilla/5.0 (compatible; SemrushBot/7~bl; +http://www.semrush.com/bot.html)"
185.191.171.14 - - [04/Sep/2021:18:00:58 +0200] "GET /index2.php?Itemid=78&id=1024&option=com_content&page=0&pop=1&task=view HTTP/1.1" 200 2452 "-" "Mozilla/5.0 (compatible; SemrushBot/7~bl; +http://www.semrush.com/bot.html)"
185.191.171.6 - - [04/Sep/2021:18:02:24 +0200] "GET /index2.php?id=1031&itemid=99999999&option=com_content&task=emailform HTTP/1.1" 200 2516 "-" "Mozilla/5.0 (compatible; SemrushBot/7~bl; +http://www.semrush.com/bot.html)"
185.191.171.42 - - [04/Sep/2021:18:03:19 +0200] "GET /index2.php?id=292&itemid=99999999&option=com_content&task=emailform HTTP/1.1" 200 2478 "-" "Mozilla/5.0 (compatible; SemrushBot/7~bl; +http://www.semrush.com/bot.html)"
185.191.171.42 - - [04/Sep/2021:18:07:24 +0200] "GET /index.php?Itemid=99999999&limit=10&limitstart=10&option=com_search&ordering=newest&searchphrase=any&searchword=alapfok%C3%BA HTTP/1.1" 200 38222 "-" "Mozilla/5.0 (compatible; SemrushBot/7~bl; +http://www.semrush.com/bot.html)"
185.191.171.18 - - [04/Sep/2021:18:13:07 +0200] "GET /index2.php?id=1201&itemid=89&option=com_content&task=emailform HTTP/1.1" 200 692 "-" "Mozilla/5.0 (compatible; SemrushBot/7~bl; +http://www.semrush.com/bot.html)"
54.36.149.20 - - [04/Sep/2021:18:14:22 +0200] "GET /index.php?option=com_ponygallery&Itemid=84&func=viewcategory&catid=5 HTTP/1.1" 200 35317 "-" "Mozilla/5.0 (compatible; AhrefsBot/7.0; +http://ahrefs.com/robot/)"
185.191.171.18 - - [04/Sep/2021:18:16:09 +0200] "GET /index.php?id=482&option=com_content&task=view HTTP/1.1" 200 30601 "-" "Mozilla/5.0 (compatible; SemrushBot/7~bl; +http://www.semrush.com/bot.html)"
66.249.66.38 - - [04/Sep/2021:18:17:32 +0200] "GET /index.php?option=com_search&Itemid=99999999&searchword=l%C3%A1szl%C3%B3n%C3%A9&searchphrase=any&ordering=newest&limit=5&limitstart=25 HTTP/1.1" 200 34944 "-" "Mozilla/5.0 (compatible; Googlebot/2.1; +http://www.google.com/bot.html)"
185.191.171.19 - - [04/Sep/2021:18:18:12 +0200] "GET /index2.php?id=407&itemid=99999999&option=com_content&task=emailform HTTP/1.1" 200 2493 "-" "Mozilla/5.0 (compatible; SemrushBot/7~bl; +http://www.semrush.com/bot.html)"
159.69.145.50 - - [04/Sep/2021:18:19:33 +0200] "HEAD / HTTP/1.1" 200 0 "-" "Alert_Alligator_webmonitoring_service_1.6.3_(alertalligator.com)"
185.191.171.14 - - [04/Sep/2021:18:20:37 +0200] "GET /index.php?Itemid=69&id=613&option=com_content&task=view HTTP/1.1" 200 30516 "-" "Mozilla/5.0 (compatible; SemrushBot/7~bl; +http://www.semrush.com/bot.html)"
185.191.171.11 - - [04/Sep/2021:18:20:52 +0200] "GET /index.php?id=814&option=com_content&task=view HTTP/1.1" 200 39435 "-" "Mozilla/5.0 (compatible; SemrushBot/7~bl; +http://www.semrush.com/bot.html)"
23.100.232.233 - - [04/Sep/2021:18:26:56 +0200] "GET /index.php?option=com_content&task=view&id=236&Itemid=99999999 HTTP/1.1" 200 29520 "-" "Mozilla/5.0 (compatible; MSIE 9.0; Windows NT 6.1; Trident/5.0; Trident/5.0)"
23.100.232.233 - - [04/Sep/2021:18:26:56 +0200] "GET /templates/radiocampus/css/template_css.css HTTP/1.1" 200 10686 "http://www.kokosz.hu/index.php?option=com_content&task=view&id=236&Itemid=99999999" "Mozilla/5.0 (compatible; MSIE 9.0; Windows NT 6.1; Trident/5.0; Trident/5.0)"
23.100.232.233 - - [04/Sep/2021:18:26:58 +0200] "GET /images/stories/flash/ado.swf HTTP/1.1" 200 6736 "http://www.kokosz.hu/index.php?option=com_content&task=view&id=236&Itemid=99999999" "Mozilla/5.0 (compatible; MSIE 9.0; Windows NT 6.1; Trident/5.0; Trident/5.0)"
23.100.232.233 - - [04/Sep/2021:18:26:58 +0200] "GET /images/stories/flash/ado.swf HTTP/1.1" 304 - "http://www.kokosz.hu/index.php?option=com_content&task=view&id=236&Itemid=99999999" "Mozilla/5.0 (compatible; MSIE 9.0; Windows NT 6.1; Trident/5.0; Trident/5.0)"
66.249.66.41 - - [04/Sep/2021:18:29:57 +0200] "GET /index.php?option=com_content&task=view&id=135 HTTP/1.1" 200 41184 "-" "Mozilla/5.0 (Linux; Android 6.0.1; Nexus 5X Build/MMB29P) AppleWebKit/537.36 (KHTML, like Gecko) Chrome/92.0.4515.119 Mobile Safari/537.36 (compatible; Googlebot/2.1; +http://www.google.com/bot.html)"
185.191.171.24 - - [04/Sep/2021:18:30:37 +0200] "GET /index.php?Itemid=84&catid=17&func=viewcategory&option=com_ponygallery&startpage=1 HTTP/1.1" 200 42587 "-" "Mozilla/5.0 (compatible; SemrushBot/7~bl; +http://www.semrush.com/bot.html)"
185.191.171.23 - - [04/Sep/2021:18:32:16 +0200] "GET /index.php?id=1219&option=com_content&task=view HTTP/1.1" 200 28645 "-" "Mozilla/5.0 (compatible; SemrushBot/7~bl; +http://www.semrush.com/bot.html)"
185.191.171.2 - - [04/Sep/2021:18:32:41 +0200] "GET /robots.txt HTTP/1.1" 200 286 "-" "Mozilla/5.0 (compatible; SemrushBot/7~bl; +http://www.semrush.com/bot.html)"
185.191.171.39 - - [04/Sep/2021:18:32:42 +0200] "GET /index.php?id=353&option=com_content&task=view HTTP/1.1" 200 30560 "-" "Mozilla/5.0 (compatible; SemrushBot/7~bl; +http://www.semrush.com/bot.html)"
185.191.171.39 - - [04/Sep/2021:18:32:44 +0200] "GET /index2.php?id=159&itemid=65&option=com_content&task=emailform HTTP/1.1" 200 2497 "-" "Mozilla/5.0 (compatible; SemrushBot/7~bl; +http://www.semrush.com/bot.html)"
216.244.66.239 - - [04/Sep/2021:18:33:48 +0200] "GET /robots.txt HTTP/1.1" 200 286 "-" "Mozilla/5.0 (compatible; DotBot/1.2; +https://opensiteexplorer.org/dotbot; help@moz.com)"
54.36.148.30 - - [04/Sep/2021:18:34:00 +0200] "GET /index.php?option=com_content&task=view&id=278&Itemid=68 HTTP/1.1" 200 30170 "-" "Mozilla/5.0 (compatible; AhrefsBot/7.0; +http://ahrefs.com/robot/)"
216.244.66.239 - - [04/Sep/2021:18:36:20 +0200] "GET /index.php?option=com_content&task=view&id=1036 HTTP/1.1" 200 31027 "-" "Mozilla/5.0 (compatible; DotBot/1.2; +https://opensiteexplorer.org/dotbot; help@moz.com)"
66.249.66.41 - - [04/Sep/2021:18:37:31 +0200] "GET /index2.php?option=com_content&task=view&id=949&pop=1&page=0 HTTP/1.1" 200 2442 "-" "Mozilla/5.0 (Linux; Android 6.0.1; Nexus 5X Build/MMB29P) AppleWebKit/537.36 (KHTML, like Gecko) Chrome/92.0.4515.119 Mobile Safari/537.36 (compatible; Googlebot/2.1; +http://www.google.com/bot.html)"
185.191.171.26 - - [04/Sep/2021:18:39:27 +0200] "GET /index2.php?Itemid=69&id=380&option=com_content&page=0&pop=1&task=view HTTP/1.1" 200 4650 "-" "Mozilla/5.0 (compatible; SemrushBot/7~bl; +http://www.semrush.com/bot.html)"
207.46.13.131 - - [04/Sep/2021:18:43:07 +0200] "GET /index.php?option=com_content&Itemid=84&func=viewcategory&catid=9 HTTP/1.1" 404 25775 "-" "Mozilla/5.0 (compatible; bingbot/2.0; +http://www.bing.com/bingbot.htm)"
157.55.39.167 - - [04/Sep/2021:18:43:12 +0200] "GET /index.php?option=com_content&task=view&id=228&Itemid=99999999 HTTP/1.1" 200 28796 "-" "Mozilla/5.0 (compatible; bingbot/2.0; +http://www.bing.com/bingbot.htm)"
207.46.13.121 - - [04/Sep/2021:18:43:12 +0200] "GET /index.php?option=com_content&Itemid=23 HTTP/1.1" 404 25908 "-" "Mozilla/5.0 (compatible; bingbot/2.0; +http://www.bing.com/bingbot.htm)"
207.46.13.136 - - [04/Sep/2021:18:43:12 +0200] "GET /index.php?option=com_content&task=view&id=248 HTTP/1.1" 200 29543 "-" "Mozilla/5.0 (compatible; bingbot/2.0; +http://www.bing.com/bingbot.htm)"
207.46.13.111 - - [04/Sep/2021:18:43:12 +0200] "GET /index.php?option=com_content&task=view&id=1113 HTTP/1.1" 200 28168 "-" "Mozilla/5.0 (compatible; bingbot/2.0; +http://www.bing.com/bingbot.htm)"
207.46.13.136 - - [04/Sep/2021:18:43:14 +0200] "GET /index.php?option=com_content&Itemid=84 HTTP/1.1" 404 25741 "-" "Mozilla/5.0 (compatible; bingbot/2.0; +http://www.bing.com/bingbot.htm)"
207.46.13.136 - - [04/Sep/2021:18:43:16 +0200] "GET /index.php?option=com_content&Itemid=1&limit=7&limitstart=7 HTTP/1.1" 404 26769 "-" "Mozilla/5.0 (compatible; bingbot/2.0; +http://www.bing.com/bingbot.htm)"
157.55.39.134 - - [04/Sep/2021:18:43:17 +0200] "GET /index.php?option=com_content&task=view&id=965 HTTP/1.1" 200 28380 "-" "Mozilla/5.0 (compatible; bingbot/2.0; +http://www.bing.com/bingbot.htm)"
207.46.13.136 - - [04/Sep/2021:18:43:17 +0200] "GET /index.php?option=com_content&Itemid=1&limit=7&limitstart=21 HTTP/1.1" 404 26770 "-" "Mozilla/5.0 (compatible; bingbot/2.0; +http://www.bing.com/bingbot.htm)"
40.77.167.40 - - [04/Sep/2021:18:43:17 +0200] "GET /index.php?option=com_content&task=view&id=1084&Itemid=1 HTTP/1.1" 200 50085 "-" "Mozilla/5.0 (compatible; bingbot/2.0; +http://www.bing.com/bingbot.htm)"
157.55.39.134 - - [04/Sep/2021:18:43:18 +0200] "GET /index.php?option=com_content&task=view&id=464&Itemid=69 HTTP/1.1" 200 30684 "-" "Mozilla/5.0 (compatible; bingbot/2.0; +http://www.bing.com/bingbot.htm)"
185.191.171.6 - - [04/Sep/2021:18:49:42 +0200] "GET /index2.php?Itemid=78&id=822&option=com_content&page=0&pop=1&task=view HTTP/1.1" 200 2309 "-" "Mozilla/5.0 (compatible; SemrushBot/7~bl; +http://www.semrush.com/bot.html)"
185.191.171.19 - - [04/Sep/2021:18:52:01 +0200] "GET /index2.php?id=682&itemid=99999999&option=com_content&task=emailform HTTP/1.1" 200 2492 "-" "Mozilla/5.0 (compatible; SemrushBot/7~bl; +http://www.semrush.com/bot.html)"
66.249.66.38 - - [04/Sep/2021:18:52:32 +0200] "GET /index.php?option=com_content&task=view&id=586 HTTP/1.1" 200 30511 "-" "Mozilla/5.0 (Linux; Android 6.0.1; Nexus 5X Build/MMB29P) AppleWebKit/537.36 (KHTML, like Gecko) Chrome/92.0.4515.119 Mobile Safari/537.36 (compatible; Googlebot/2.1; +http://www.google.com/bot.html)"
185.191.171.20 - - [04/Sep/2021:18:53:15 +0200] "GET /index.php?id=994&option=com_content&task=view HTTP/1.1" 200 28148 "-" "Mozilla/5.0 (compatible; SemrushBot/7~bl; +http://www.semrush.com/bot.html)"
185.191.171.13 - - [04/Sep/2021:18:53:37 +0200] "GET /index2.php?id=801&option=com_content&page=0&pop=1&task=view HTTP/1.1" 200 2291 "-" "Mozilla/5.0 (compatible; SemrushBot/7~bl; +http://www.semrush.com/bot.html)"
54.36.148.141 - - [04/Sep/2021:18:54:24 +0200] "GET /index.php?option=com_content&task=view&id=1159&Itemid=75 HTTP/1.1" 200 29752 "-" "Mozilla/5.0 (compatible; AhrefsBot/7.0; +http://ahrefs.com/robot/)"
185.191.171.34 - - [04/Sep/2021:18:55:37 +0200] "GET /index2.php?id=285&itemid=78&option=com_content&task=emailform HTTP/1.1" 200 2512 "-" "Mozilla/5.0 (compatible; SemrushBot/7~bl; +http://www.semrush.com/bot.html)"
185.191.171.39 - - [04/Sep/2021:18:55:44 +0200] "GET /index2.php?Itemid=75&id=879&option=com_content&page=0&pop=1&task=view HTTP/1.1" 200 3041 "-" "Mozilla/5.0 (compatible; SemrushBot/7~bl; +http://www.semrush.com/bot.html)"
185.191.171.43 - - [04/Sep/2021:18:56:11 +0200] "GET /index2.php?id=620&itemid=99999999&option=com_content&task=emailform HTTP/1.1" 200 2513 "-" "Mozilla/5.0 (compatible; SemrushBot/7~bl; +http://www.semrush.com/bot.html)"
185.191.171.14 - - [04/Sep/2021:18:57:19 +0200] "GET /index.php?Itemid=75&id=904&option=com_content&task=view HTTP/1.1" 200 28956 "-" "Mozilla/5.0 (compatible; SemrushBot/7~bl; +http://www.semrush.com/bot.html)"
66.249.66.38 - - [04/Sep/2021:19:00:21 +0200] "GET /index.php?option=com_content&task=view&id=687&Itemid=68 HTTP/1.1" 200 30254 "-" "Mozilla/5.0 (Linux; Android 6.0.1; Nexus 5X Build/MMB29P) AppleWebKit/537.36 (KHTML, like Gecko) Chrome/92.0.4515.119 Mobile Safari/537.36 (compatible; Googlebot/2.1; +http://www.google.com/bot.html)"
185.191.171.18 - - [04/Sep/2021:19:04:35 +0200] "GET /index.php?Itemid=65&id=256&option=com_content&task=view HTTP/1.1" 200 29490 "-" "Mozilla/5.0 (compatible; SemrushBot/7~bl; +http://www.semrush.com/bot.html)"
185.191.171.24 - - [04/Sep/2021:19:05:39 +0200] "GET /index2.php?id=680&option=com_content&page=0&pop=1&task=view HTTP/1.1" 200 4510 "-" "Mozilla/5.0 (compatible; SemrushBot/7~bl; +http://www.semrush.com/bot.html)"
66.249.66.38 - - [04/Sep/2021:19:07:32 +0200] "GET /index.php?option=com_content&task=view&id=130 HTTP/1.1" 200 29841 "-" "Mozilla/5.0 (compatible; Googlebot/2.1; +http://www.google.com/bot.html)"
185.191.171.43 - - [04/Sep/2021:19:08:10 +0200] "GET /index.php?Itemid=67&id=1186&option=com_content&task=view HTTP/1.1" 200 31291 "-" "Mozilla/5.0 (compatible; SemrushBot/7~bl; +http://www.semrush.com/bot.html)"
185.191.171.16 - - [04/Sep/2021:19:12:50 +0200] "GET /index2.php?id=911&itemid=78&option=com_content&task=emailform HTTP/1.1" 200 2484 "-" "Mozilla/5.0 (compatible; SemrushBot/7~bl; +http://www.semrush.com/bot.html)"
23.100.232.233 - - [04/Sep/2021:19:14:02 +0200] "GET /index.php?option=com_content&task=view&id=515 HTTP/1.1" 200 30369 "-" "Mozilla/5.0 (compatible; MSIE 9.0; Windows NT 6.1; Trident/5.0; Trident/5.0)"
23.100.232.233 - - [04/Sep/2021:19:14:02 +0200] "GET /templates/radiocampus/css/template_css.css HTTP/1.1" 200 10686 "http://www.kokosz.hu/index.php?option=com_content&task=view&id=515" "Mozilla/5.0 (compatible; MSIE 9.0; Windows NT 6.1; Trident/5.0; Trident/5.0)"
23.100.232.233 - - [04/Sep/2021:19:14:03 +0200] "GET /images/stories/flash/ado.swf HTTP/1.1" 200 6736 "http://www.kokosz.hu/index.php?option=com_content&task=view&id=515" "Mozilla/5.0 (compatible; MSIE 9.0; Windows NT 6.1; Trident/5.0; Trident/5.0)"
23.100.232.233 - - [04/Sep/2021:19:14:03 +0200] "GET /images/stories/flash/ado.swf HTTP/1.1" 304 - "http://www.kokosz.hu/index.php?option=com_content&task=view&id=515" "Mozilla/5.0 (compatible; MSIE 9.0; Windows NT 6.1; Trident/5.0; Trident/5.0)"
54.36.148.171 - - [04/Sep/2021:19:16:13 +0200] "GET /index.php?option=com_ponygallery&Itemid=84&func=viewcategory&catid=7 HTTP/1.1" 200 35709 "-" "Mozilla/5.0 (compatible; AhrefsBot/7.0; +http://ahrefs.com/robot/)"
188.241.178.22 - - [04/Sep/2021:19:17:20 +0200] "GET /index.php?option=com_content HTTP/1.1" 200 25680 "-" "Mozilla/5.0 (X11; Ubuntu; Linux x86_64; rv:43.0) Gecko/20100101 Firefox/43.0"
217.138.211.242 - - [04/Sep/2021:19:17:21 +0200] "GET /index.php HTTP/1.1" 200 34030 "-" "Mozilla/5.0 (Windows NT 6.1; WOW64) AppleWebKit/537.36 (KHTML, like Gecko) Chrome/46.0.2490.71 Safari/537.36"
37.120.193.251 - - [04/Sep/2021:19:17:28 +0200] "GET /index.php?option=com_content HTTP/1.1" 200 25711 "-" "Mozilla/5.0 (Windows NT 6.1; WOW64) AppleWebKit/537.36 (KHTML, like Gecko) Chrome/46.0.2490.71 Safari/537.36"
179.61.228.181 - - [04/Sep/2021:19:17:38 +0200] "GET /index.php?option=com_content HTTP/1.1" 200 25711 "-" "Mozilla/5.0 (Windows NT 6.1; WOW64) AppleWebKit/537.36 (KHTML, like Gecko) Chrome/46.0.2490.71 Safari/537.36"
179.61.228.181 - - [04/Sep/2021:19:17:41 +0200] "GET /login.php HTTP/1.1" 404 1181 "-" "Mozilla/5.0 (Windows NT 6.1; WOW64) AppleWebKit/537.36 (KHTML, like Gecko) Chrome/46.0.2490.71 Safari/537.36"
179.61.228.181 - - [04/Sep/2021:19:17:42 +0200] "GET /images/logo.gif HTTP/1.1" 404 1181 "-" "Mozilla/5.0 (Windows NT 6.1; WOW64) AppleWebKit/537.36 (KHTML, like Gecko) Chrome/46.0.2490.71 Safari/537.36"
179.61.228.181 - - [04/Sep/2021:19:17:42 +0200] "GET /images/favicon.png HTTP/1.1" 404 1181 "-" "Mozilla/5.0 (Windows NT 6.1; WOW64) AppleWebKit/537.36 (KHTML, like Gecko) Chrome/46.0.2490.71 Safari/537.36"
179.61.228.181 - - [04/Sep/2021:19:17:44 +0200] "GET /index.php?option=com_content HTTP/1.1" 200 25711 "-" "Mozilla/5.0 (Windows NT 6.1; WOW64) AppleWebKit/537.36 (KHTML, like Gecko) Chrome/46.0.2490.71 Safari/537.36"
179.61.228.181 - - [04/Sep/2021:19:17:48 +0200] "GET /theme/style.css HTTP/1.1" 404 1181 "-" "Mozilla/5.0 (Windows NT 6.1; WOW64) AppleWebKit/537.36 (KHTML, like Gecko) Chrome/46.0.2490.71 Safari/537.36"
179.61.228.181 - - [04/Sep/2021:19:17:49 +0200] "GET /js/main.js HTTP/1.1" 404 1181 "-" "Mozilla/5.0 (Windows NT 6.1; WOW64) AppleWebKit/537.36 (KHTML, like Gecko) Chrome/46.0.2490.71 Safari/537.36"
179.61.228.181 - - [04/Sep/2021:19:17:53 +0200] "GET /auth.php HTTP/1.1" 404 1181 "-" "Mozilla/5.0 (Windows NT 6.1; WOW64) AppleWebKit/537.36 (KHTML, like Gecko) Chrome/46.0.2490.71 Safari/537.36"
107.181.184.201 - - [04/Sep/2021:19:17:55 +0200] "GET /functions.php HTTP/1.1" 404 1181 "-" "Mozilla/5.0 (Windows NT 6.1; WOW64) AppleWebKit/537.36 (KHTML, like Gecko) Chrome/46.0.2490.71 Safari/537.36"
143.244.39.2 - - [04/Sep/2021:19:18:13 +0200] "GET /search.php HTTP/1.1" 404 1181 "-" "Mozilla/5.0 (Windows NT 6.1; WOW64) AppleWebKit/537.36 (KHTML, like Gecko) Chrome/46.0.2490.71 Safari/537.36"
143.244.39.2 - - [04/Sep/2021:19:18:13 +0200] "GET /assets/js/scripts.js HTTP/1.1" 404 1181 "-" "Mozilla/5.0 (Windows NT 6.1; WOW64) AppleWebKit/537.36 (KHTML, like Gecko) Chrome/46.0.2490.71 Safari/537.36"
143.244.39.2 - - [04/Sep/2021:19:18:13 +0200] "GET /TxcQCMQi.php HTTP/1.1" 404 1181 "-" "Mozilla/5.0 (Windows NT 6.1; WOW64) AppleWebKit/537.36 (KHTML, like Gecko) Chrome/46.0.2490.71 Safari/537.36"
143.244.39.2 - - [04/Sep/2021:19:18:14 +0200] "GET / HTTP/1.1" 200 34030 "-" "Mozilla/5.0 (Windows NT 6.1; WOW64) AppleWebKit/537.36 (KHTML, like Gecko) Chrome/46.0.2490.71 Safari/537.36"
143.244.39.2 - - [04/Sep/2021:19:18:15 +0200] "GET /index.php HTTP/1.1" 200 34030 "-" "Mozilla/5.0 (Windows NT 6.1; WOW64) AppleWebKit/537.36 (KHTML, like Gecko) Chrome/46.0.2490.71 Safari/537.36"
143.244.39.2 - - [04/Sep/2021:19:18:17 +0200] "GET /pages/clientinfo.php HTTP/1.1" 404 1181 "-" "Mozilla/5.0 (Windows NT 6.1; WOW64) AppleWebKit/537.36 (KHTML, like Gecko) Chrome/46.0.2490.71 Safari/537.36"
143.244.39.2 - - [04/Sep/2021:19:18:17 +0200] "GET /index.php?option=com_content HTTP/1.1" 200 25711 "-" "Mozilla/5.0 (Windows NT 6.1; WOW64) AppleWebKit/537.36 (KHTML, like Gecko) Chrome/46.0.2490.71 Safari/537.36"
143.244.39.2 - - [04/Sep/2021:19:18:21 +0200] "GET /login.php HTTP/1.1" 404 1181 "-" "Mozilla/5.0 (Windows NT 6.1; WOW64) AppleWebKit/537.36 (KHTML, like Gecko) Chrome/46.0.2490.71 Safari/537.36"
