94.44.119.227 - - [02/Sep/2021:20:11:13 +0200] "GET /images/stories/logok/erdei_iskola_logo.jpg HTTP/1.1" 200 6785 "http://www.kokosz.hu/index.php?option=com_content&task=view&id=449" "Mozilla/5.0 (iPhone; CPU iPhone OS 14_7_1 like Mac OS X) AppleWebKit/605.1.15 (KHTML, like Gecko) Version/14.1.2 Mobile/15E148 Safari/604.1"
94.44.119.227 - - [02/Sep/2021:20:11:13 +0200] "GET /templates/radiocampus/images/bild_rechts_gross.jpg HTTP/1.1" 200 16998 "http://www.kokosz.hu/index.php?option=com_content&task=view&id=449" "Mozilla/5.0 (iPhone; CPU iPhone OS 14_7_1 like Mac OS X) AppleWebKit/605.1.15 (KHTML, like Gecko) Version/14.1.2 Mobile/15E148 Safari/604.1"
94.44.119.227 - - [02/Sep/2021:20:11:13 +0200] "GET /images/M_images/emailButton.png HTTP/1.1" 200 424 "http://www.kokosz.hu/index.php?option=com_content&task=view&id=449" "Mozilla/5.0 (iPhone; CPU iPhone OS 14_7_1 like Mac OS X) AppleWebKit/605.1.15 (KHTML, like Gecko) Version/14.1.2 Mobile/15E148 Safari/604.1"
94.44.119.227 - - [02/Sep/2021:20:11:13 +0200] "GET /images/M_images/printButton.png HTTP/1.1" 200 426 "http://www.kokosz.hu/index.php?option=com_content&task=view&id=449" "Mozilla/5.0 (iPhone; CPU iPhone OS 14_7_1 like Mac OS X) AppleWebKit/605.1.15 (KHTML, like Gecko) Version/14.1.2 Mobile/15E148 Safari/604.1"
94.44.119.227 - - [02/Sep/2021:20:11:13 +0200] "GET /images/stories/hirkepek/kopjafa.jpg HTTP/1.1" 200 5537 "http://www.kokosz.hu/index.php?option=com_content&task=view&id=449" "Mozilla/5.0 (iPhone; CPU iPhone OS 14_7_1 like Mac OS X) AppleWebKit/605.1.15 (KHTML, like Gecko) Version/14.1.2 Mobile/15E148 Safari/604.1"
94.44.119.227 - - [02/Sep/2021:20:11:13 +0200] "GET /images/stories/logok/emmi_logo.jpg HTTP/1.1" 200 3819 "http://www.kokosz.hu/index.php?option=com_content&task=view&id=449" "Mozilla/5.0 (iPhone; CPU iPhone OS 14_7_1 like Mac OS X) AppleWebKit/605.1.15 (KHTML, like Gecko) Version/14.1.2 Mobile/15E148 Safari/604.1"
94.44.119.227 - - [02/Sep/2021:20:11:13 +0200] "GET /images/stories/logok/2015/ntp.jpg HTTP/1.1" 200 4004 "http://www.kokosz.hu/index.php?option=com_content&task=view&id=449" "Mozilla/5.0 (iPhone; CPU iPhone OS 14_7_1 like Mac OS X) AppleWebKit/605.1.15 (KHTML, like Gecko) Version/14.1.2 Mobile/15E148 Safari/604.1"
94.44.119.227 - - [02/Sep/2021:20:11:13 +0200] "GET /images/stories/logok/2015/emet.jpg HTTP/1.1" 200 5961 "http://www.kokosz.hu/index.php?option=com_content&task=view&id=449" "Mozilla/5.0 (iPhone; CPU iPhone OS 14_7_1 like Mac OS X) AppleWebKit/605.1.15 (KHTML, like Gecko) Version/14.1.2 Mobile/15E148 Safari/604.1"
94.44.119.227 - - [02/Sep/2021:20:11:13 +0200] "GET /images/stories/logok/2015/eet.jpg HTTP/1.1" 200 3753 "http://www.kokosz.hu/index.php?option=com_content&task=view&id=449" "Mozilla/5.0 (iPhone; CPU iPhone OS 14_7_1 like Mac OS X) AppleWebKit/605.1.15 (KHTML, like Gecko) Version/14.1.2 Mobile/15E148 Safari/604.1"
94.44.119.227 - - [02/Sep/2021:20:11:13 +0200] "GET /images/stories/logok/2015/ofi.jpg HTTP/1.1" 200 5571 "http://www.kokosz.hu/index.php?option=com_content&task=view&id=449" "Mozilla/5.0 (iPhone; CPU iPhone OS 14_7_1 like Mac OS X) AppleWebKit/605.1.15 (KHTML, like Gecko) Version/14.1.2 Mobile/15E148 Safari/604.1"
94.44.119.227 - - [02/Sep/2021:20:11:13 +0200] "GET /modules/mod_vvisit_counter/images/blue/0.gif HTTP/1.1" 200 697 "http://www.kokosz.hu/index.php?option=com_content&task=view&id=449" "Mozilla/5.0 (iPhone; CPU iPhone OS 14_7_1 like Mac OS X) AppleWebKit/605.1.15 (KHTML, like Gecko) Version/14.1.2 Mobile/15E148 Safari/604.1"
94.44.119.227 - - [02/Sep/2021:20:11:13 +0200] "GET /modules/mod_vvisit_counter/images/blue/1.gif HTTP/1.1" 200 400 "http://www.kokosz.hu/index.php?option=com_content&task=view&id=449" "Mozilla/5.0 (iPhone; CPU iPhone OS 14_7_1 like Mac OS X) AppleWebKit/605.1.15 (KHTML, like Gecko) Version/14.1.2 Mobile/15E148 Safari/604.1"
94.44.119.227 - - [02/Sep/2021:20:11:13 +0200] "GET /modules/mod_vvisit_counter/images/blue/7.gif HTTP/1.1" 200 438 "http://www.kokosz.hu/index.php?option=com_content&task=view&id=449" "Mozilla/5.0 (iPhone; CPU iPhone OS 14_7_1 like Mac OS X) AppleWebKit/605.1.15 (KHTML, like Gecko) Version/14.1.2 Mobile/15E148 Safari/604.1"
94.44.119.227 - - [02/Sep/2021:20:11:13 +0200] "GET /modules/mod_vvisit_counter/images/blue/2.gif HTTP/1.1" 200 687 "http://www.kokosz.hu/index.php?option=com_content&task=view&id=449" "Mozilla/5.0 (iPhone; CPU iPhone OS 14_7_1 like Mac OS X) AppleWebKit/605.1.15 (KHTML, like Gecko) Version/14.1.2 Mobile/15E148 Safari/604.1"
94.44.119.227 - - [02/Sep/2021:20:11:13 +0200] "GET /modules/mod_vvisit_counter/images/blue/5.gif HTTP/1.1" 200 696 "http://www.kokosz.hu/index.php?option=com_content&task=view&id=449" "Mozilla/5.0 (iPhone; CPU iPhone OS 14_7_1 like Mac OS X) AppleWebKit/605.1.15 (KHTML, like Gecko) Version/14.1.2 Mobile/15E148 Safari/604.1"
94.44.119.227 - - [02/Sep/2021:20:11:13 +0200] "GET /modules/mod_vvisit_counter/images/blue/4.gif HTTP/1.1" 200 460 "http://www.kokosz.hu/index.php?option=com_content&task=view&id=449" "Mozilla/5.0 (iPhone; CPU iPhone OS 14_7_1 like Mac OS X) AppleWebKit/605.1.15 (KHTML, like Gecko) Version/14.1.2 Mobile/15E148 Safari/604.1"
94.44.119.227 - - [02/Sep/2021:20:11:13 +0200] "GET /modules/mod_vvisit_counter/images/vtoday.gif HTTP/1.1" 200 909 "http://www.kokosz.hu/index.php?option=com_content&task=view&id=449" "Mozilla/5.0 (iPhone; CPU iPhone OS 14_7_1 like Mac OS X) AppleWebKit/605.1.15 (KHTML, like Gecko) Version/14.1.2 Mobile/15E148 Safari/604.1"
94.44.119.227 - - [02/Sep/2021:20:11:13 +0200] "GET /modules/mod_vvisit_counter/images/vyesterday.gif HTTP/1.1" 200 909 "http://www.kokosz.hu/index.php?option=com_content&task=view&id=449" "Mozilla/5.0 (iPhone; CPU iPhone OS 14_7_1 like Mac OS X) AppleWebKit/605.1.15 (KHTML, like Gecko) Version/14.1.2 Mobile/15E148 Safari/604.1"
94.44.119.227 - - [02/Sep/2021:20:11:13 +0200] "GET /modules/mod_vvisit_counter/images/vweek.gif HTTP/1.1" 200 909 "http://www.kokosz.hu/index.php?option=com_content&task=view&id=449" "Mozilla/5.0 (iPhone; CPU iPhone OS 14_7_1 like Mac OS X) AppleWebKit/605.1.15 (KHTML, like Gecko) Version/14.1.2 Mobile/15E148 Safari/604.1"
94.44.119.227 - - [02/Sep/2021:20:11:13 +0200] "GET /modules/mod_vvisit_counter/images/vmonth.gif HTTP/1.1" 200 909 "http://www.kokosz.hu/index.php?option=com_content&task=view&id=449" "Mozilla/5.0 (iPhone; CPU iPhone OS 14_7_1 like Mac OS X) AppleWebKit/605.1.15 (KHTML, like Gecko) Version/14.1.2 Mobile/15E148 Safari/604.1"
94.44.119.227 - - [02/Sep/2021:20:11:13 +0200] "GET /modules/mod_vvisit_counter/images/vall.gif HTTP/1.1" 200 996 "http://www.kokosz.hu/index.php?option=com_content&task=view&id=449" "Mozilla/5.0 (iPhone; CPU iPhone OS 14_7_1 like Mac OS X) AppleWebKit/605.1.15 (KHTML, like Gecko) Version/14.1.2 Mobile/15E148 Safari/604.1"
94.44.119.227 - - [02/Sep/2021:20:11:13 +0200] "GET /templates/radiocampus/images/background_top.jpg HTTP/1.1" 200 1400 "http://www.kokosz.hu/index.php?option=com_content&task=view&id=449" "Mozilla/5.0 (iPhone; CPU iPhone OS 14_7_1 like Mac OS X) AppleWebKit/605.1.15 (KHTML, like Gecko) Version/14.1.2 Mobile/15E148 Safari/604.1"
94.44.119.227 - - [02/Sep/2021:20:11:13 +0200] "GET /images/cimer.ico HTTP/1.1" 200 1406 "http://www.kokosz.hu/index.php?option=com_content&task=view&id=449" "Mozilla/5.0 (iPhone; CPU iPhone OS 14_7_1 like Mac OS X) AppleWebKit/605.1.15 (KHTML, like Gecko) Version/14.1.2 Mobile/15E148 Safari/604.1"
54.36.148.18 - - [02/Sep/2021:20:16:00 +0200] "GET /index2.php?option=com_content&task=emailform&id=796&itemid=99999999 HTTP/1.1" 200 2458 "-" "Mozilla/5.0 (compatible; AhrefsBot/7.0; +http://ahrefs.com/robot/)"
185.191.171.8 - - [02/Sep/2021:20:17:21 +0200] "GET /index2.php?id=387&option=com_content&page=0&pop=1&task=view HTTP/1.1" 200 4600 "-" "Mozilla/5.0 (compatible; SemrushBot/7~bl; +http://www.semrush.com/bot.html)"
185.191.171.12 - - [02/Sep/2021:20:17:27 +0200] "GET /index2.php?id=939&option=com_content&page=0&pop=1&task=view HTTP/1.1" 200 2501 "-" "Mozilla/5.0 (compatible; SemrushBot/7~bl; +http://www.semrush.com/bot.html)"
185.191.171.37 - - [02/Sep/2021:20:19:20 +0200] "GET /index2.php?Itemid=89&id=1166&option=com_content&page=0&pop=1&task=view HTTP/1.1" 200 2478 "-" "Mozilla/5.0 (compatible; SemrushBot/7~bl; +http://www.semrush.com/bot.html)"
185.191.171.13 - - [02/Sep/2021:20:19:42 +0200] "GET /index2.php?Itemid=75&id=945&option=com_content&page=0&pop=1&task=view HTTP/1.1" 200 7595 "-" "Mozilla/5.0 (compatible; SemrushBot/7~bl; +http://www.semrush.com/bot.html)"
185.191.171.15 - - [02/Sep/2021:20:20:15 +0200] "GET /index.php?Itemid=69&id=652&option=com_content&task=view HTTP/1.1" 200 30535 "-" "Mozilla/5.0 (compatible; SemrushBot/7~bl; +http://www.semrush.com/bot.html)"
216.244.66.239 - - [02/Sep/2021:20:23:53 +0200] "GET /robots.txt HTTP/1.1" 200 286 "-" "Mozilla/5.0 (compatible; DotBot/1.2; +https://opensiteexplorer.org/dotbot; help@moz.com)"
216.244.66.239 - - [02/Sep/2021:20:23:53 +0200] "GET /robots.txt HTTP/1.1" 200 286 "-" "Mozilla/5.0 (compatible; DotBot/1.2; +https://opensiteexplorer.org/dotbot; help@moz.com)"
54.36.148.139 - - [02/Sep/2021:20:24:15 +0200] "GET /index.php?option=com_content&task=view&id=1013 HTTP/1.1" 200 28285 "-" "Mozilla/5.0 (compatible; AhrefsBot/7.0; +http://ahrefs.com/robot/)"
185.191.171.12 - - [02/Sep/2021:20:26:02 +0200] "GET /index2.php?id=430&itemid=99999999&option=com_content&task=emailform HTTP/1.1" 200 2499 "-" "Mozilla/5.0 (compatible; SemrushBot/7~bl; +http://www.semrush.com/bot.html)"
185.191.171.9 - - [02/Sep/2021:20:26:22 +0200] "GET /index.php?Itemid=65&id=69&option=com_content&task=view HTTP/1.1" 200 29666 "-" "Mozilla/5.0 (compatible; SemrushBot/7~bl; +http://www.semrush.com/bot.html)"
185.191.171.38 - - [02/Sep/2021:20:27:58 +0200] "GET /index2.php?Itemid=69&id=334&option=com_content&page=0&pop=1&task=view HTTP/1.1" 200 4479 "-" "Mozilla/5.0 (compatible; SemrushBot/7~bl; +http://www.semrush.com/bot.html)"
66.249.65.248 - - [02/Sep/2021:20:31:18 +0200] "GET /index2.php?option=com_content&task=view&id=151&pop=1&page=0&Itemid=88 HTTP/1.1" 200 4327 "-" "Mozilla/5.0 (compatible; Googlebot/2.1; +http://www.google.com/bot.html)"
185.191.171.5 - - [02/Sep/2021:20:32:13 +0200] "GET /index2.php?id=1023&itemid=75&option=com_content&task=emailform HTTP/1.1" 200 2464 "-" "Mozilla/5.0 (compatible; SemrushBot/7~bl; +http://www.semrush.com/bot.html)"
54.36.148.71 - - [02/Sep/2021:20:32:39 +0200] "GET /index2.php?option=com_content&task=view&id=796&pop=1&page=0 HTTP/1.1" 200 3150 "-" "Mozilla/5.0 (compatible; AhrefsBot/7.0; +http://ahrefs.com/robot/)"
185.191.171.11 - - [02/Sep/2021:20:36:37 +0200] "GET /index2.php?id=314&itemid=68&option=com_content&task=emailform HTTP/1.1" 200 2512 "-" "Mozilla/5.0 (compatible; SemrushBot/7~bl; +http://www.semrush.com/bot.html)"
54.36.148.241 - - [02/Sep/2021:20:41:21 +0200] "GET /index2.php?option=com_content&task=emailform&id=840&itemid=99999999 HTTP/1.1" 200 2457 "-" "Mozilla/5.0 (compatible; AhrefsBot/7.0; +http://ahrefs.com/robot/)"
185.191.171.44 - - [02/Sep/2021:20:42:35 +0200] "GET /index2.php?id=362&option=com_content&page=0&pop=1&task=view HTTP/1.1" 200 4804 "-" "Mozilla/5.0 (compatible; SemrushBot/7~bl; +http://www.semrush.com/bot.html)"
185.191.171.37 - - [02/Sep/2021:20:43:41 +0200] "GET /index2.php?Itemid=66&id=148&option=com_content&page=0&pop=1&task=view HTTP/1.1" 200 10725 "-" "Mozilla/5.0 (compatible; SemrushBot/7~bl; +http://www.semrush.com/bot.html)"
185.191.171.45 - - [02/Sep/2021:20:44:14 +0200] "GET /index.php?Itemid=69&id=422&option=com_content&task=view HTTP/1.1" 200 30581 "-" "Mozilla/5.0 (compatible; SemrushBot/7~bl; +http://www.semrush.com/bot.html)"
185.191.171.1 - - [02/Sep/2021:20:47:04 +0200] "GET /robots.txt HTTP/1.1" 200 286 "-" "Mozilla/5.0 (compatible; SemrushBot/7~bl; +http://www.semrush.com/bot.html)"
185.191.171.10 - - [02/Sep/2021:20:47:04 +0200] "GET /index2.php?id=964&itemid=99999999&option=com_content&task=emailform HTTP/1.1" 200 2491 "-" "Mozilla/5.0 (compatible; SemrushBot/7~bl; +http://www.semrush.com/bot.html)"
185.191.171.17 - - [02/Sep/2021:20:49:55 +0200] "GET /index2.php?id=488&option=com_content&page=0&pop=1&task=view HTTP/1.1" 200 4440 "-" "Mozilla/5.0 (compatible; SemrushBot/7~bl; +http://www.semrush.com/bot.html)"
54.36.148.52 - - [02/Sep/2021:20:50:10 +0200] "GET /index.php?option=com_content&task=view&id=1120 HTTP/1.1" 200 28620 "-" "Mozilla/5.0 (compatible; AhrefsBot/7.0; +http://ahrefs.com/robot/)"
185.191.171.12 - - [02/Sep/2021:20:51:42 +0200] "GET /index.php?id=987&option=com_content&task=view HTTP/1.1" 200 28311 "-" "Mozilla/5.0 (compatible; SemrushBot/7~bl; +http://www.semrush.com/bot.html)"
185.191.171.41 - - [02/Sep/2021:20:52:40 +0200] "GET /index2.php?id=220&itemid=65&option=com_content&task=emailform HTTP/1.1" 200 2463 "-" "Mozilla/5.0 (compatible; SemrushBot/7~bl; +http://www.semrush.com/bot.html)"
185.191.171.26 - - [02/Sep/2021:20:52:51 +0200] "GET /index.php?Itemid=69&id=440&option=com_content&task=view HTTP/1.1" 200 30581 "-" "Mozilla/5.0 (compatible; SemrushBot/7~bl; +http://www.semrush.com/bot.html)"
49.12.13.109 - - [02/Sep/2021:20:53:01 +0200] "HEAD / HTTP/1.1" 200 0 "-" "Alert_Alligator_webmonitoring_service_1.6.3_(alertalligator.com)"
192.99.101.79 - - [02/Sep/2021:20:54:09 +0200] "GET /robots.txt HTTP/1.1" 200 286 "-" "Mozilla/5.0 (compatible; MJ12bot/v1.4.8; http://mj12bot.com/)"
192.99.101.79 - - [02/Sep/2021:20:54:37 +0200] "GET /index.php?option=com_content&task=view&id=720&Itemid=78 HTTP/1.1" 200 29343 "-" "Mozilla/5.0 (compatible; MJ12bot/v1.4.8; http://mj12bot.com/)"
192.99.101.79 - - [02/Sep/2021:20:55:00 +0200] "GET /index.php?option=com_content&task=view&id=723&Itemid=89 HTTP/1.1" 200 35246 "-" "Mozilla/5.0 (compatible; MJ12bot/v1.4.8; http://mj12bot.com/)"
185.191.171.45 - - [02/Sep/2021:20:55:04 +0200] "GET /index.php?Itemid=69&id=644&option=com_content&task=view HTTP/1.1" 200 30529 "-" "Mozilla/5.0 (compatible; SemrushBot/7~bl; +http://www.semrush.com/bot.html)"
192.99.101.79 - - [02/Sep/2021:20:55:25 +0200] "GET /index.php?option=com_content&task=view&id=734&Itemid=1 HTTP/1.1" 200 32997 "-" "Mozilla/5.0 (compatible; MJ12bot/v1.4.8; http://mj12bot.com/)"
192.99.101.79 - - [02/Sep/2021:20:55:53 +0200] "GET /index.php?option=com_content&task=view&id=737&Itemid=1 HTTP/1.1" 200 35081 "-" "Mozilla/5.0 (compatible; MJ12bot/v1.4.8; http://mj12bot.com/)"
66.249.65.244 - - [02/Sep/2021:20:56:03 +0200] "GET /index.php?option=com_content&task=category§ionid=7&id=21&Itemid=67 HTTP/1.1" 200 34844 "-" "Mozilla/5.0 (Linux; Android 6.0.1; Nexus 5X Build/MMB29P) AppleWebKit/537.36 (KHTML, like Gecko) Chrome/92.0.4515.119 Mobile Safari/537.36 (compatible; Googlebot/2.1; +http://www.google.com/bot.html)"
192.99.101.79 - - [02/Sep/2021:20:56:17 +0200] "GET /index.php?option=com_content&task=view&id=739&Itemid=78 HTTP/1.1" 200 28599 "-" "Mozilla/5.0 (compatible; MJ12bot/v1.4.8; http://mj12bot.com/)"
192.99.101.79 - - [02/Sep/2021:20:56:44 +0200] "GET /index.php?option=com_content&task=view&id=744&Itemid=89 HTTP/1.1" 200 28505 "-" "Mozilla/5.0 (compatible; MJ12bot/v1.4.8; http://mj12bot.com/)"
192.99.101.79 - - [02/Sep/2021:20:57:13 +0200] "GET /index2.php?option=com_content&task=emailform&id=708&itemid=1 HTTP/1.1" 200 2452 "-" "Mozilla/5.0 (compatible; MJ12bot/v1.4.8; http://mj12bot.com/)"
192.99.101.79 - - [02/Sep/2021:20:57:36 +0200] "GET /index2.php?option=com_content&task=emailform&id=715&itemid=99999999 HTTP/1.1" 200 2466 "-" "Mozilla/5.0 (compatible; MJ12bot/v1.4.8; http://mj12bot.com/)"
192.99.101.79 - - [02/Sep/2021:20:57:54 +0200] "GET /index2.php?option=com_content&task=emailform&id=721&itemid=78 HTTP/1.1" 200 2453 "-" "Mozilla/5.0 (compatible; MJ12bot/v1.4.8; http://mj12bot.com/)"
192.99.101.79 - - [02/Sep/2021:20:58:08 +0200] "GET /index2.php?option=com_content&task=emailform&id=721&itemid=79 HTTP/1.1" 200 2453 "-" "Mozilla/5.0 (compatible; MJ12bot/v1.4.8; http://mj12bot.com/)"
192.99.101.79 - - [02/Sep/2021:20:58:19 +0200] "GET /index2.php?option=com_content&task=emailform&id=723&itemid=79 HTTP/1.1" 200 2463 "-" "Mozilla/5.0 (compatible; MJ12bot/v1.4.8; http://mj12bot.com/)"
192.99.101.79 - - [02/Sep/2021:20:58:35 +0200] "GET /index2.php?option=com_content&task=emailform&id=731&itemid=79 HTTP/1.1" 200 2483 "-" "Mozilla/5.0 (compatible; MJ12bot/v1.4.8; http://mj12bot.com/)"
192.99.101.79 - - [02/Sep/2021:20:58:46 +0200] "GET /index2.php?option=com_content&task=emailform&id=735&itemid=78 HTTP/1.1" 200 2534 "-" "Mozilla/5.0 (compatible; MJ12bot/v1.4.8; http://mj12bot.com/)"
54.36.148.229 - - [02/Sep/2021:20:58:59 +0200] "GET /index.php?option=com_content&task=view&id=906&Itemid=66 HTTP/1.1" 200 29699 "-" "Mozilla/5.0 (compatible; AhrefsBot/7.0; +http://ahrefs.com/robot/)"
192.99.101.79 - - [02/Sep/2021:20:59:01 +0200] "GET /index2.php?option=com_content&task=emailform&id=742&itemid=78 HTTP/1.1" 200 2458 "-" "Mozilla/5.0 (compatible; MJ12bot/v1.4.8; http://mj12bot.com/)"
192.99.101.79 - - [02/Sep/2021:20:59:17 +0200] "GET /index2.php?option=com_content&task=emailform&id=75&itemid=99999999 HTTP/1.1" 200 2482 "-" "Mozilla/5.0 (compatible; MJ12bot/v1.4.8; http://mj12bot.com/)"
192.99.101.79 - - [02/Sep/2021:20:59:36 +0200] "GET /index2.php?option=com_content&task=emailform&id=761&itemid=99999999 HTTP/1.1" 200 2473 "-" "Mozilla/5.0 (compatible; MJ12bot/v1.4.8; http://mj12bot.com/)"
185.191.171.38 - - [02/Sep/2021:21:01:01 +0200] "GET /index2.php?id=276&itemid=68&option=com_content&task=emailform HTTP/1.1" 200 2519 "-" "Mozilla/5.0 (compatible; SemrushBot/7~bl; +http://www.semrush.com/bot.html)"
185.191.171.45 - - [02/Sep/2021:21:01:52 +0200] "GET /index2.php?Itemid=75&id=981&option=com_content&page=0&pop=1&task=view HTTP/1.1" 200 2567 "-" "Mozilla/5.0 (compatible; SemrushBot/7~bl; +http://www.semrush.com/bot.html)"
185.191.171.18 - - [02/Sep/2021:21:02:59 +0200] "GET /index2.php?id=1215&itemid=1&option=com_content&task=emailform HTTP/1.1" 200 2490 "-" "Mozilla/5.0 (compatible; SemrushBot/7~bl; +http://www.semrush.com/bot.html)"
54.36.149.91 - - [02/Sep/2021:21:08:10 +0200] "GET /index.php?option=com_content&task=view&id=1078&Itemid=78 HTTP/1.1" 200 29267 "-" "Mozilla/5.0 (compatible; AhrefsBot/7.0; +http://ahrefs.com/robot/)"
216.244.66.239 - - [02/Sep/2021:21:11:42 +0200] "GET /robots.txt HTTP/1.1" 200 286 "-" "Mozilla/5.0 (compatible; DotBot/1.2; +https://opensiteexplorer.org/dotbot; help@moz.com)"
185.191.171.17 - - [02/Sep/2021:21:13:22 +0200] "GET /index2.php?Itemid=65&id=195&option=com_content&page=0&pop=1&task=view HTTP/1.1" 200 3591 "-" "Mozilla/5.0 (compatible; SemrushBot/7~bl; +http://www.semrush.com/bot.html)"
185.191.171.45 - - [02/Sep/2021:21:17:40 +0200] "GET /index2.php?Itemid=69&id=372&option=com_content&page=0&pop=1&task=view HTTP/1.1" 200 4439 "-" "Mozilla/5.0 (compatible; SemrushBot/7~bl; +http://www.semrush.com/bot.html)"
54.36.148.15 - - [02/Sep/2021:21:17:55 +0200] "GET /index.php?option=com_content&task=view&id=851 HTTP/1.1" 200 34694 "-" "Mozilla/5.0 (compatible; AhrefsBot/7.0; +http://ahrefs.com/robot/)"
185.191.171.6 - - [02/Sep/2021:21:19:17 +0200] "GET /index.php?Itemid=75&id=1199&option=com_content&task=view HTTP/1.1" 200 29321 "-" "Mozilla/5.0 (compatible; SemrushBot/7~bl; +http://www.semrush.com/bot.html)"
185.191.171.33 - - [02/Sep/2021:21:19:55 +0200] "GET /index.php?Itemid=84&catid=32&func=viewcategory&option=com_ponygallery&startpage=7 HTTP/1.1" 200 57390 "-" "Mozilla/5.0 (compatible; SemrushBot/7~bl; +http://www.semrush.com/bot.html)"
185.191.171.33 - - [02/Sep/2021:21:21:47 +0200] "GET /index2.php?id=793&itemid=78&option=com_content&task=emailform HTTP/1.1" 200 2449 "-" "Mozilla/5.0 (compatible; SemrushBot/7~bl; +http://www.semrush.com/bot.html)"
66.249.65.248 - - [02/Sep/2021:21:26:41 +0200] "GET /index.php?option=com_content&task=view&id=140&Itemid=66 HTTP/1.1" 200 42702 "-" "Mozilla/5.0 (Linux; Android 6.0.1; Nexus 5X Build/MMB29P) AppleWebKit/537.36 (KHTML, like Gecko) Chrome/92.0.4515.119 Mobile Safari/537.36 (compatible; Googlebot/2.1; +http://www.google.com/bot.html)"
54.36.148.247 - - [02/Sep/2021:21:27:39 +0200] "GET /index2.php?option=com_content&task=view&id=840&pop=1&page=0 HTTP/1.1" 200 3990 "-" "Mozilla/5.0 (compatible; AhrefsBot/7.0; +http://ahrefs.com/robot/)"
185.191.171.25 - - [02/Sep/2021:21:29:06 +0200] "GET /index2.php?id=349&itemid=99999999&option=com_content&task=emailform HTTP/1.1" 200 2483 "-" "Mozilla/5.0 (compatible; SemrushBot/7~bl; +http://www.semrush.com/bot.html)"
66.249.65.246 - - [02/Sep/2021:21:31:18 +0200] "GET /index2.php?option=com_content&task=emailform&id=720&itemid=99999999 HTTP/1.1" 200 2469 "-" "Mozilla/5.0 (Linux; Android 6.0.1; Nexus 5X Build/MMB29P) AppleWebKit/537.36 (KHTML, like Gecko) Chrome/92.0.4515.119 Mobile Safari/537.36 (compatible; Googlebot/2.1; +http://www.google.com/bot.html)"
185.191.171.10 - - [02/Sep/2021:21:31:40 +0200] "GET /index.php?id=749&option=com_content&task=view HTTP/1.1" 200 32870 "-" "Mozilla/5.0 (compatible; SemrushBot/7~bl; +http://www.semrush.com/bot.html)"
185.191.171.4 - - [02/Sep/2021:21:33:44 +0200] "GET /index2.php?id=654&option=com_content&page=0&pop=1&task=view HTTP/1.1" 200 4764 "-" "Mozilla/5.0 (compatible; SemrushBot/7~bl; +http://www.semrush.com/bot.html)"
66.249.65.248 - - [02/Sep/2021:21:36:27 +0200] "GET /index.php?option=com_content&task=view&id=496&Itemid=69 HTTP/1.1" 200 30501 "-" "Mozilla/5.0 (Linux; Android 6.0.1; Nexus 5X Build/MMB29P) AppleWebKit/537.36 (KHTML, like Gecko) Chrome/92.0.4515.119 Mobile Safari/537.36 (compatible; Googlebot/2.1; +http://www.google.com/bot.html)"
66.249.65.244 - - [02/Sep/2021:21:36:29 +0200] "GET /index.php?option=com_content&task=view&id=1074&Itemid=67 HTTP/1.1" 200 30158 "-" "Mozilla/5.0 (Linux; Android 6.0.1; Nexus 5X Build/MMB29P) AppleWebKit/537.36 (KHTML, like Gecko) Chrome/92.0.4515.119 Mobile Safari/537.36 (compatible; Googlebot/2.1; +http://www.google.com/bot.html)"
157.55.39.167 - - [02/Sep/2021:21:37:04 +0200] "GET / HTTP/1.1" 200 33998 "-" "Mozilla/5.0 (compatible; bingbot/2.0; +http://www.bing.com/bingbot.htm)"
54.36.149.89 - - [02/Sep/2021:21:37:23 +0200] "GET /index2.php?option=com_content&task=emailform&id=753&itemid=99999999 HTTP/1.1" 200 2471 "-" "Mozilla/5.0 (compatible; AhrefsBot/7.0; +http://ahrefs.com/robot/)"
185.191.171.37 - - [02/Sep/2021:21:37:45 +0200] "GET /index2.php?id=362&itemid=99999999&option=com_content&task=emailform HTTP/1.1" 200 2526 "-" "Mozilla/5.0 (compatible; SemrushBot/7~bl; +http://www.semrush.com/bot.html)"
185.191.171.45 - - [02/Sep/2021:21:39:18 +0200] "GET /index2.php?id=1166&itemid=89&option=com_content&task=emailform HTTP/1.1" 200 692 "-" "Mozilla/5.0 (compatible; SemrushBot/7~bl; +http://www.semrush.com/bot.html)"
185.191.171.11 - - [02/Sep/2021:21:39:52 +0200] "GET /index2.php?id=121&itemid=66&option=com_content&task=emailform HTTP/1.1" 200 2503 "-" "Mozilla/5.0 (compatible; SemrushBot/7~bl; +http://www.semrush.com/bot.html)"
185.191.171.4 - - [02/Sep/2021:21:42:03 +0200] "GET /index2.php?id=375&itemid=99999999&option=com_content&task=emailform HTTP/1.1" 200 2485 "-" "Mozilla/5.0 (compatible; SemrushBot/7~bl; +http://www.semrush.com/bot.html)"
40.88.21.235 - - [02/Sep/2021:21:44:47 +0200] "GET / HTTP/1.1" 200 33998 "http://kokosz.hu/" "Mozilla/5.0 (compatible; DuckDuckGo-Favicons-Bot/1.0; +http://duckduckgo.com)"
40.88.21.235 - - [02/Sep/2021:21:44:48 +0200] "GET /images/cimer.ico HTTP/1.1" 200 1406 "http://www.kokosz.hu/images/cimer.ico" "Mozilla/5.0 (compatible; DuckDuckGo-Favicons-Bot/1.0; +http://duckduckgo.com)"
185.191.171.20 - - [02/Sep/2021:21:45:25 +0200] "GET /index2.php?id=1189&itemid=67&option=com_content&task=emailform HTTP/1.1" 200 2490 "-" "Mozilla/5.0 (compatible; SemrushBot/7~bl; +http://www.semrush.com/bot.html)"
54.36.148.189 - - [02/Sep/2021:21:46:52 +0200] "GET /index.php?option=com_content&task=view&id=827 HTTP/1.1" 200 32069 "-" "Mozilla/5.0 (compatible; AhrefsBot/7.0; +http://ahrefs.com/robot/)"
185.191.171.9 - - [02/Sep/2021:21:49:31 +0200] "GET /robots.txt HTTP/1.1" 200 286 "-" "Mozilla/5.0 (compatible; SemrushBot/7~bl; +http://www.semrush.com/bot.html)"
185.191.171.21 - - [02/Sep/2021:21:49:32 +0200] "GET /index.php?Itemid=88&id=129&option=com_content&task=view HTTP/1.1" 200 30409 "-" "Mozilla/5.0 (compatible; SemrushBot/7~bl; +http://www.semrush.com/bot.html)"
197.56.124.148 - - [02/Sep/2021:21:50:10 +0200] "GET /administrator/ HTTP/1.1" 200 2101 "http://kokosz.hu/administrator/" "Mozilla/5.0 (Macintosh; Intel Mac OS X 10_12_6) AppleWebKit/605.1.15 (KHTML, like Gecko) Version/12.0.2 Safari/605.1.15"
197.56.124.148 - - [02/Sep/2021:21:50:11 +0200] "POST /administrator/ HTTP/1.1" 200 315 "http://www.forestalbancaria.com.uy/wp-login.php" "Mozilla/5.0 (Macintosh; Intel Mac OS X 10_12_6) AppleWebKit/605.1.15 (KHTML, like Gecko) Version/12.0.2 Safari/605.1.15"
180.163.220.5 - - [02/Sep/2021:21:51:03 +0200] "GET / HTTP/1.1" 200 33998 "http://baidu.com/" "Mozilla/5.0 (Linux; U; Android 8.1.0; zh-CN; EML-AL00 Build/HUAWEIEML-AL00) AppleWebKit/537.36 (KHTML, like Gecko) Version/4.0 Chrome/57.0.2987.108 baidu.sogo.uc.UCBrowser/11.9.4.974 UWS/2.13.1.48 Mobile Safari/537.36 AliApp(DingTalk/4.5.11) com.alibaba.android.rimet/10487439 Channel/227200 language/zh-CN"
180.163.220.3 - - [02/Sep/2021:21:51:04 +0200] "GET /images/stories/logok/erdei_iskola_program.jpg HTTP/1.1" 200 7679 "http://kokosz.hu/" "Mozilla/5.0 (Linux; U; Android 8.1.0; zh-CN; EML-AL00 Build/HUAWEIEML-AL00) AppleWebKit/537.36 (KHTML, like Gecko) Version/4.0 Chrome/57.0.2987.108 baidu.sogo.uc.UCBrowser/11.9.4.974 UWS/2.13.1.48 Mobile Safari/537.36 AliApp(DingTalk/4.5.11) com.alibaba.android.rimet/10487439 Channel/227200 language/zh-CN"
180.163.220.5 - - [02/Sep/2021:21:51:04 +0200] "GET /images/stories/statikus_kepek/szogi_lajos_kepzo.jpg HTTP/1.1" 200 27286 "http://kokosz.hu/" "Mozilla/5.0 (Linux; U; Android 8.1.0; zh-CN; EML-AL00 Build/HUAWEIEML-AL00) AppleWebKit/537.36 (KHTML, like Gecko) Version/4.0 Chrome/57.0.2987.108 baidu.sogo.uc.UCBrowser/11.9.4.974 UWS/2.13.1.48 Mobile Safari/537.36 AliApp(DingTalk/4.5.11) com.alibaba.android.rimet/10487439 Channel/227200 language/zh-CN"
180.163.220.5 - - [02/Sep/2021:21:51:07 +0200] "GET /templates/radiocampus/css/template_css.css HTTP/1.1" 200 10686 "http://kokosz.hu/" "Mozilla/5.0 (Linux; U; Android 8.1.0; zh-CN; EML-AL00 Build/HUAWEIEML-AL00) AppleWebKit/537.36 (KHTML, like Gecko) Version/4.0 Chrome/57.0.2987.108 baidu.sogo.uc.UCBrowser/11.9.4.974 UWS/2.13.1.48 Mobile Safari/537.36 AliApp(DingTalk/4.5.11) com.alibaba.android.rimet/10487439 Channel/227200 language/zh-CN"
180.163.220.68 - - [02/Sep/2021:21:51:07 +0200] "GET /templates/radiocampus/images/spacer.gif HTTP/1.1" 200 43 "http://kokosz.hu/" "Mozilla/5.0 (Linux; U; Android 8.1.0; zh-CN; EML-AL00 Build/HUAWEIEML-AL00) AppleWebKit/537.36 (KHTML, like Gecko) Version/4.0 Chrome/57.0.2987.108 baidu.sogo.uc.UCBrowser/11.9.4.974 UWS/2.13.1.48 Mobile Safari/537.36 AliApp(DingTalk/4.5.11) com.alibaba.android.rimet/10487439 Channel/227200 language/zh-CN"
180.163.220.67 - - [02/Sep/2021:21:51:08 +0200] "GET /templates/radiocampus/images/logo_top_pa.jpg HTTP/1.1" 200 114295 "http://kokosz.hu/" "Mozilla/5.0 (Linux; U; Android 8.1.0; zh-CN; EML-AL00 Build/HUAWEIEML-AL00) AppleWebKit/537.36 (KHTML, like Gecko) Version/4.0 Chrome/57.0.2987.108 baidu.sogo.uc.UCBrowser/11.9.4.974 UWS/2.13.1.48 Mobile Safari/537.36 AliApp(DingTalk/4.5.11) com.alibaba.android.rimet/10487439 Channel/227200 language/zh-CN"
180.163.220.66 - - [02/Sep/2021:21:51:09 +0200] "GET /images/stories/logok/bagoly.gif HTTP/1.1" 200 4919 "http://kokosz.hu/" "Mozilla/5.0 (Linux; U; Android 8.1.0; zh-CN; EML-AL00 Build/HUAWEIEML-AL00) AppleWebKit/537.36 (KHTML, like Gecko) Version/4.0 Chrome/57.0.2987.108 baidu.sogo.uc.UCBrowser/11.9.4.974 UWS/2.13.1.48 Mobile Safari/537.36 AliApp(DingTalk/4.5.11) com.alibaba.android.rimet/10487439 Channel/227200 language/zh-CN"
180.163.220.66 - - [02/Sep/2021:21:51:10 +0200] "GET /images/stories/statikus_kepek/fotoalbum.gif HTTP/1.1" 200 2428 "http://kokosz.hu/" "Mozilla/5.0 (Linux; U; Android 8.1.0; zh-CN; EML-AL00 Build/HUAWEIEML-AL00) AppleWebKit/537.36 (KHTML, like Gecko) Version/4.0 Chrome/57.0.2987.108 baidu.sogo.uc.UCBrowser/11.9.4.974 UWS/2.13.1.48 Mobile Safari/537.36 AliApp(DingTalk/4.5.11) com.alibaba.android.rimet/10487439 Channel/227200 language/zh-CN"
180.163.220.66 - - [02/Sep/2021:21:51:12 +0200] "GET /images/stories/logok/erdei_iskola_program_et.jpg HTTP/1.1" 200 8081 "http://kokosz.hu/" "Mozilla/5.0 (Linux; U; Android 8.1.0; zh-CN; EML-AL00 Build/HUAWEIEML-AL00) AppleWebKit/537.36 (KHTML, like Gecko) Version/4.0 Chrome/57.0.2987.108 baidu.sogo.uc.UCBrowser/11.9.4.974 UWS/2.13.1.48 Mobile Safari/537.36 AliApp(DingTalk/4.5.11) com.alibaba.android.rimet/10487439 Channel/227200 language/zh-CN"
180.163.220.5 - - [02/Sep/2021:21:51:12 +0200] "GET /templates/radiocampus/images/bild_rechts_gross.jpg HTTP/1.1" 200 16998 "http://kokosz.hu/" "Mozilla/5.0 (Linux; U; Android 8.1.0; zh-CN; EML-AL00 Build/HUAWEIEML-AL00) AppleWebKit/537.36 (KHTML, like Gecko) Version/4.0 Chrome/57.0.2987.108 baidu.sogo.uc.UCBrowser/11.9.4.974 UWS/2.13.1.48 Mobile Safari/537.36 AliApp(DingTalk/4.5.11) com.alibaba.android.rimet/10487439 Channel/227200 language/zh-CN"
180.163.220.67 - - [02/Sep/2021:21:51:12 +0200] "GET /templates/radiocampus/images/background_top.jpg HTTP/1.1" 200 1400 "http://kokosz.hu/" "Mozilla/5.0 (Linux; U; Android 8.1.0; zh-CN; EML-AL00 Build/HUAWEIEML-AL00) AppleWebKit/537.36 (KHTML, like Gecko) Version/4.0 Chrome/57.0.2987.108 baidu.sogo.uc.UCBrowser/11.9.4.974 UWS/2.13.1.48 Mobile Safari/537.36 AliApp(DingTalk/4.5.11) com.alibaba.android.rimet/10487439 Channel/227200 language/zh-CN"
180.163.220.66 - - [02/Sep/2021:21:51:13 +0200] "GET /images/stories/hirkepek/kopjafa.jpg HTTP/1.1" 200 5537 "http://kokosz.hu/" "Mozilla/5.0 (Linux; U; Android 8.1.0; zh-CN; EML-AL00 Build/HUAWEIEML-AL00) AppleWebKit/537.36 (KHTML, like Gecko) Version/4.0 Chrome/57.0.2987.108 baidu.sogo.uc.UCBrowser/11.9.4.974 UWS/2.13.1.48 Mobile Safari/537.36 AliApp(DingTalk/4.5.11) com.alibaba.android.rimet/10487439 Channel/227200 language/zh-CN"
180.163.220.66 - - [02/Sep/2021:21:51:14 +0200] "GET /images/stories/logok/erdei_ovoda_logo.jpg HTTP/1.1" 200 3597 "http://kokosz.hu/" "Mozilla/5.0 (Linux; U; Android 8.1.0; zh-CN; EML-AL00 Build/HUAWEIEML-AL00) AppleWebKit/537.36 (KHTML, like Gecko) Version/4.0 Chrome/57.0.2987.108 baidu.sogo.uc.UCBrowser/11.9.4.974 UWS/2.13.1.48 Mobile Safari/537.36 AliApp(DingTalk/4.5.11) com.alibaba.android.rimet/10487439 Channel/227200 language/zh-CN"
180.163.220.66 - - [02/Sep/2021:21:51:14 +0200] "GET /images/stories/logok/erdei_iskola_logo.jpg HTTP/1.1" 200 6785 "http://kokosz.hu/" "Mozilla/5.0 (Linux; U; Android 8.1.0; zh-CN; EML-AL00 Build/HUAWEIEML-AL00) AppleWebKit/537.36 (KHTML, like Gecko) Version/4.0 Chrome/57.0.2987.108 baidu.sogo.uc.UCBrowser/11.9.4.974 UWS/2.13.1.48 Mobile Safari/537.36 AliApp(DingTalk/4.5.11) com.alibaba.android.rimet/10487439 Channel/227200 language/zh-CN"
180.163.220.66 - - [02/Sep/2021:21:51:15 +0200] "GET /images/stories/logok/emmi_logo.jpg HTTP/1.1" 200 3819 "http://kokosz.hu/" "Mozilla/5.0 (Linux; U; Android 8.1.0; zh-CN; EML-AL00 Build/HUAWEIEML-AL00) AppleWebKit/537.36 (KHTML, like Gecko) Version/4.0 Chrome/57.0.2987.108 baidu.sogo.uc.UCBrowser/11.9.4.974 UWS/2.13.1.48 Mobile Safari/537.36 AliApp(DingTalk/4.5.11) com.alibaba.android.rimet/10487439 Channel/227200 language/zh-CN"
180.163.220.66 - - [02/Sep/2021:21:51:15 +0200] "GET /images/stories/logok/2015/eet.jpg HTTP/1.1" 200 3753 "http://kokosz.hu/" "Mozilla/5.0 (Linux; U; Android 8.1.0; zh-CN; EML-AL00 Build/HUAWEIEML-AL00) AppleWebKit/537.36 (KHTML, like Gecko) Version/4.0 Chrome/57.0.2987.108 baidu.sogo.uc.UCBrowser/11.9.4.974 UWS/2.13.1.48 Mobile Safari/537.36 AliApp(DingTalk/4.5.11) com.alibaba.android.rimet/10487439 Channel/227200 language/zh-CN"
180.163.220.66 - - [02/Sep/2021:21:51:16 +0200] "GET /images/stories/logok/2015/emet.jpg HTTP/1.1" 200 5961 "http://kokosz.hu/" "Mozilla/5.0 (Linux; U; Android 8.1.0; zh-CN; EML-AL00 Build/HUAWEIEML-AL00) AppleWebKit/537.36 (KHTML, like Gecko) Version/4.0 Chrome/57.0.2987.108 baidu.sogo.uc.UCBrowser/11.9.4.974 UWS/2.13.1.48 Mobile Safari/537.36 AliApp(DingTalk/4.5.11) com.alibaba.android.rimet/10487439 Channel/227200 language/zh-CN"
180.163.220.66 - - [02/Sep/2021:21:51:19 +0200] "GET /images/stories/logok/2015/ntp.jpg HTTP/1.1" 200 4004 "http://kokosz.hu/" "Mozilla/5.0 (Linux; U; Android 8.1.0; zh-CN; EML-AL00 Build/HUAWEIEML-AL00) AppleWebKit/537.36 (KHTML, like Gecko) Version/4.0 Chrome/57.0.2987.108 baidu.sogo.uc.UCBrowser/11.9.4.974 UWS/2.13.1.48 Mobile Safari/537.36 AliApp(DingTalk/4.5.11) com.alibaba.android.rimet/10487439 Channel/227200 language/zh-CN"
180.163.220.66 - - [02/Sep/2021:21:51:19 +0200] "GET /images/stories/logok/2015/ofi.jpg HTTP/1.1" 200 5571 "http://kokosz.hu/" "Mozilla/5.0 (Linux; U; Android 8.1.0; zh-CN; EML-AL00 Build/HUAWEIEML-AL00) AppleWebKit/537.36 (KHTML, like Gecko) Version/4.0 Chrome/57.0.2987.108 baidu.sogo.uc.UCBrowser/11.9.4.974 UWS/2.13.1.48 Mobile Safari/537.36 AliApp(DingTalk/4.5.11) com.alibaba.android.rimet/10487439 Channel/227200 language/zh-CN"
180.163.220.66 - - [02/Sep/2021:21:51:19 +0200] "GET /modules/mod_vvisit_counter/images/blue/0.gif HTTP/1.1" 200 697 "http://kokosz.hu/" "Mozilla/5.0 (Linux; U; Android 8.1.0; zh-CN; EML-AL00 Build/HUAWEIEML-AL00) AppleWebKit/537.36 (KHTML, like Gecko) Version/4.0 Chrome/57.0.2987.108 baidu.sogo.uc.UCBrowser/11.9.4.974 UWS/2.13.1.48 Mobile Safari/537.36 AliApp(DingTalk/4.5.11) com.alibaba.android.rimet/10487439 Channel/227200 language/zh-CN"
180.163.220.66 - - [02/Sep/2021:21:51:20 +0200] "GET /modules/mod_vvisit_counter/images/blue/1.gif HTTP/1.1" 200 400 "http://kokosz.hu/" "Mozilla/5.0 (Linux; U; Android 8.1.0; zh-CN; EML-AL00 Build/HUAWEIEML-AL00) AppleWebKit/537.36 (KHTML, like Gecko) Version/4.0 Chrome/57.0.2987.108 baidu.sogo.uc.UCBrowser/11.9.4.974 UWS/2.13.1.48 Mobile Safari/537.36 AliApp(DingTalk/4.5.11) com.alibaba.android.rimet/10487439 Channel/227200 language/zh-CN"
180.163.220.66 - - [02/Sep/2021:21:51:20 +0200] "GET /modules/mod_vvisit_counter/images/blue/7.gif HTTP/1.1" 200 438 "http://kokosz.hu/" "Mozilla/5.0 (Linux; U; Android 8.1.0; zh-CN; EML-AL00 Build/HUAWEIEML-AL00) AppleWebKit/537.36 (KHTML, like Gecko) Version/4.0 Chrome/57.0.2987.108 baidu.sogo.uc.UCBrowser/11.9.4.974 UWS/2.13.1.48 Mobile Safari/537.36 AliApp(DingTalk/4.5.11) com.alibaba.android.rimet/10487439 Channel/227200 language/zh-CN"
180.163.220.66 - - [02/Sep/2021:21:51:20 +0200] "GET /modules/mod_vvisit_counter/images/blue/2.gif HTTP/1.1" 200 687 "http://kokosz.hu/" "Mozilla/5.0 (Linux; U; Android 8.1.0; zh-CN; EML-AL00 Build/HUAWEIEML-AL00) AppleWebKit/537.36 (KHTML, like Gecko) Version/4.0 Chrome/57.0.2987.108 baidu.sogo.uc.UCBrowser/11.9.4.974 UWS/2.13.1.48 Mobile Safari/537.36 AliApp(DingTalk/4.5.11) com.alibaba.android.rimet/10487439 Channel/227200 language/zh-CN"
180.163.220.66 - - [02/Sep/2021:21:51:21 +0200] "GET /modules/mod_vvisit_counter/images/blue/5.gif HTTP/1.1" 200 696 "http://kokosz.hu/" "Mozilla/5.0 (Linux; U; Android 8.1.0; zh-CN; EML-AL00 Build/HUAWEIEML-AL00) AppleWebKit/537.36 (KHTML, like Gecko) Version/4.0 Chrome/57.0.2987.108 baidu.sogo.uc.UCBrowser/11.9.4.974 UWS/2.13.1.48 Mobile Safari/537.36 AliApp(DingTalk/4.5.11) com.alibaba.android.rimet/10487439 Channel/227200 language/zh-CN"
180.163.220.66 - - [02/Sep/2021:21:51:21 +0200] "GET /modules/mod_vvisit_counter/images/blue/6.gif HTTP/1.1" 200 701 "http://kokosz.hu/" "Mozilla/5.0 (Linux; U; Android 8.1.0; zh-CN; EML-AL00 Build/HUAWEIEML-AL00) AppleWebKit/537.36 (KHTML, like Gecko) Version/4.0 Chrome/57.0.2987.108 baidu.sogo.uc.UCBrowser/11.9.4.974 UWS/2.13.1.48 Mobile Safari/537.36 AliApp(DingTalk/4.5.11) com.alibaba.android.rimet/10487439 Channel/227200 language/zh-CN"
180.163.220.66 - - [02/Sep/2021:21:51:21 +0200] "GET /modules/mod_vvisit_counter/images/vtoday.gif HTTP/1.1" 200 909 "http://kokosz.hu/" "Mozilla/5.0 (Linux; U; Android 8.1.0; zh-CN; EML-AL00 Build/HUAWEIEML-AL00) AppleWebKit/537.36 (KHTML, like Gecko) Version/4.0 Chrome/57.0.2987.108 baidu.sogo.uc.UCBrowser/11.9.4.974 UWS/2.13.1.48 Mobile Safari/537.36 AliApp(DingTalk/4.5.11) com.alibaba.android.rimet/10487439 Channel/227200 language/zh-CN"
180.163.220.4 - - [02/Sep/2021:21:51:22 +0200] "GET /modules/mod_vvisit_counter/images/vyesterday.gif HTTP/1.1" 200 909 "http://kokosz.hu/" "Mozilla/5.0 (Linux; U; Android 8.1.0; zh-CN; EML-AL00 Build/HUAWEIEML-AL00) AppleWebKit/537.36 (KHTML, like Gecko) Version/4.0 Chrome/57.0.2987.108 baidu.sogo.uc.UCBrowser/11.9.4.974 UWS/2.13.1.48 Mobile Safari/537.36 AliApp(DingTalk/4.5.11) com.alibaba.android.rimet/10487439 Channel/227200 language/zh-CN"
180.163.220.4 - - [02/Sep/2021:21:51:22 +0200] "GET /modules/mod_vvisit_counter/images/vweek.gif HTTP/1.1" 200 909 "http://kokosz.hu/" "Mozilla/5.0 (Linux; U; Android 8.1.0; zh-CN; EML-AL00 Build/HUAWEIEML-AL00) AppleWebKit/537.36 (KHTML, like Gecko) Version/4.0 Chrome/57.0.2987.108 baidu.sogo.uc.UCBrowser/11.9.4.974 UWS/2.13.1.48 Mobile Safari/537.36 AliApp(DingTalk/4.5.11) com.alibaba.android.rimet/10487439 Channel/227200 language/zh-CN"
180.163.220.4 - - [02/Sep/2021:21:51:22 +0200] "GET /modules/mod_vvisit_counter/images/vmonth.gif HTTP/1.1" 200 909 "http://kokosz.hu/" "Mozilla/5.0 (Linux; U; Android 8.1.0; zh-CN; EML-AL00 Build/HUAWEIEML-AL00) AppleWebKit/537.36 (KHTML, like Gecko) Version/4.0 Chrome/57.0.2987.108 baidu.sogo.uc.UCBrowser/11.9.4.974 UWS/2.13.1.48 Mobile Safari/537.36 AliApp(DingTalk/4.5.11) com.alibaba.android.rimet/10487439 Channel/227200 language/zh-CN"
180.163.220.4 - - [02/Sep/2021:21:51:23 +0200] "GET /modules/mod_vvisit_counter/images/vall.gif HTTP/1.1" 200 996 "http://kokosz.hu/" "Mozilla/5.0 (Linux; U; Android 8.1.0; zh-CN; EML-AL00 Build/HUAWEIEML-AL00) AppleWebKit/537.36 (KHTML, like Gecko) Version/4.0 Chrome/57.0.2987.108 baidu.sogo.uc.UCBrowser/11.9.4.974 UWS/2.13.1.48 Mobile Safari/537.36 AliApp(DingTalk/4.5.11) com.alibaba.android.rimet/10487439 Channel/227200 language/zh-CN"
66.249.65.246 - - [02/Sep/2021:21:52:00 +0200] "GET /index.php?option=com_content&task=view&id=119&Itemid=88 HTTP/1.1" 200 29737 "-" "Mozilla/5.0 (compatible; Googlebot/2.1; +http://www.google.com/bot.html)"
49.12.13.109 - - [02/Sep/2021:21:52:04 +0200] "HEAD / HTTP/1.1" 200 0 "-" "Alert_Alligator_webmonitoring_service_1.6.3_(alertalligator.com)"
185.191.171.44 - - [02/Sep/2021:21:52:13 +0200] "GET /index2.php?id=793&itemid=99999999&option=com_content&task=emailform HTTP/1.1" 200 2455 "-" "Mozilla/5.0 (compatible; SemrushBot/7~bl; +http://www.semrush.com/bot.html)"
42.236.10.114 - - [02/Sep/2021:21:52:33 +0200] "GET / HTTP/1.1" 200 33998 "-" "Mozilla/5.0 (Linux; U; Android 8.1.0; zh-CN; EML-AL00 Build/HUAWEIEML-AL00) AppleWebKit/537.36 (KHTML, like Gecko) Version/4.0 Chrome/57.0.2987.108 baidu.sogo.uc.UCBrowser/11.9.4.974 UWS/2.13.1.48 Mobile Safari/537.36 AliApp(DingTalk/4.5.11) com.alibaba.android.rimet/10487439 Channel/227200 language/zh-CN"
42.236.10.117 - - [02/Sep/2021:21:52:53 +0200] "GET /templates/radiocampus/css/template_css.css HTTP/1.1" 200 10686 "http://www.kokosz.hu/" "Mozilla/5.0 (X11; Linux x86_64) AppleWebKit/537.36 (KHTML, like Gecko) HeadlessChrome/68.0.3427.1 Safari/537.36"
42.236.10.117 - - [02/Sep/2021:21:52:53 +0200] "GET /templates/radiocampus/images/spacer.gif HTTP/1.1" 200 43 "http://www.kokosz.hu/" "Mozilla/5.0 (X11; Linux x86_64) AppleWebKit/537.36 (KHTML, like Gecko) HeadlessChrome/68.0.3427.1 Safari/537.36"
42.236.10.106 - - [02/Sep/2021:21:52:53 +0200] "GET /images/stories/logok/erdei_iskola_program.jpg HTTP/1.1" 200 7679 "http://www.kokosz.hu/" "Mozilla/5.0 (X11; Linux x86_64) AppleWebKit/537.36 (KHTML, like Gecko) HeadlessChrome/68.0.3427.1 Safari/537.36"
42.236.10.125 - - [02/Sep/2021:21:52:53 +0200] "GET /images/stories/logok/bagoly.gif HTTP/1.1" 200 4919 "http://www.kokosz.hu/" "Mozilla/5.0 (X11; Linux x86_64) AppleWebKit/537.36 (KHTML, like Gecko) HeadlessChrome/68.0.3427.1 Safari/537.36"
42.236.10.114 - - [02/Sep/2021:21:52:53 +0200] "GET /images/stories/statikus_kepek/szogi_lajos_kepzo.jpg HTTP/1.1" 200 27286 "http://www.kokosz.hu/" "Mozilla/5.0 (X11; Linux x86_64) AppleWebKit/537.36 (KHTML, like Gecko) HeadlessChrome/68.0.3427.1 Safari/537.36"
42.236.10.106 - - [02/Sep/2021:21:52:53 +0200] "GET /templates/radiocampus/images/logo_top_pa.jpg HTTP/1.1" 200 114295 "http://www.kokosz.hu/" "Mozilla/5.0 (X11; Linux x86_64) AppleWebKit/537.36 (KHTML, like Gecko) HeadlessChrome/68.0.3427.1 Safari/537.36"
42.236.10.106 - - [02/Sep/2021:21:52:54 +0200] "GET /images/stories/statikus_kepek/fotoalbum.gif HTTP/1.1" 200 2428 "http://www.kokosz.hu/" "Mozilla/5.0 (X11; Linux x86_64) AppleWebKit/537.36 (KHTML, like Gecko) HeadlessChrome/68.0.3427.1 Safari/537.36"
42.236.10.106 - - [02/Sep/2021:21:52:54 +0200] "GET /images/stories/logok/erdei_iskola_program_et.jpg HTTP/1.1" 200 8081 "http://www.kokosz.hu/" "Mozilla/5.0 (X11; Linux x86_64) AppleWebKit/537.36 (KHTML, like Gecko) HeadlessChrome/68.0.3427.1 Safari/537.36"
42.236.10.117 - - [02/Sep/2021:21:52:54 +0200] "GET / HTTP/1.1" 200 34029 "http://baidu.com/" "Mozilla/5.0 (Linux; U; Android 8.1.0; zh-CN; EML-AL00 Build/HUAWEIEML-AL00) AppleWebKit/537.36 (KHTML, like Gecko) Version/4.0 Chrome/57.0.2987.108 baidu.sogo.uc.UCBrowser/11.9.4.974 UWS/2.13.1.48 Mobile Safari/537.36 AliApp(DingTalk/4.5.11) com.alibaba.android.rimet/10487439 Channel/227200 language/zh-CN"
42.236.10.106 - - [02/Sep/2021:21:52:54 +0200] "GET /images/stories/logok/erdei_ovoda_logo.jpg HTTP/1.1" 200 3597 "http://www.kokosz.hu/" "Mozilla/5.0 (X11; Linux x86_64) AppleWebKit/537.36 (KHTML, like Gecko) HeadlessChrome/68.0.3427.1 Safari/537.36"
42.236.10.106 - - [02/Sep/2021:21:52:54 +0200] "GET /images/stories/logok/erdei_iskola_logo.jpg HTTP/1.1" 200 6785 "http://www.kokosz.hu/" "Mozilla/5.0 (X11; Linux x86_64) AppleWebKit/537.36 (KHTML, like Gecko) HeadlessChrome/68.0.3427.1 Safari/537.36"
42.236.10.106 - - [02/Sep/2021:21:52:54 +0200] "GET /templates/radiocampus/images/bild_rechts_gross.jpg HTTP/1.1" 200 16998 "http://www.kokosz.hu/" "Mozilla/5.0 (X11; Linux x86_64) AppleWebKit/537.36 (KHTML, like Gecko) HeadlessChrome/68.0.3427.1 Safari/537.36"
42.236.10.106 - - [02/Sep/2021:21:52:55 +0200] "GET /images/stories/hirkepek/kopjafa.jpg HTTP/1.1" 200 5537 "http://www.kokosz.hu/" "Mozilla/5.0 (X11; Linux x86_64) AppleWebKit/537.36 (KHTML, like Gecko) HeadlessChrome/68.0.3427.1 Safari/537.36"
42.236.10.106 - - [02/Sep/2021:21:52:55 +0200] "GET /images/stories/logok/emmi_logo.jpg HTTP/1.1" 200 3819 "http://www.kokosz.hu/" "Mozilla/5.0 (X11; Linux x86_64) AppleWebKit/537.36 (KHTML, like Gecko) HeadlessChrome/68.0.3427.1 Safari/537.36"
42.236.10.106 - - [02/Sep/2021:21:52:55 +0200] "GET /images/stories/logok/2015/eet.jpg HTTP/1.1" 200 3753 "http://www.kokosz.hu/" "Mozilla/5.0 (X11; Linux x86_64) AppleWebKit/537.36 (KHTML, like Gecko) HeadlessChrome/68.0.3427.1 Safari/537.36"
42.236.10.114 - - [02/Sep/2021:21:52:55 +0200] "GET /images/stories/logok/2015/emet.jpg HTTP/1.1" 200 5961 "http://www.kokosz.hu/" "Mozilla/5.0 (X11; Linux x86_64) AppleWebKit/537.36 (KHTML, like Gecko) HeadlessChrome/68.0.3427.1 Safari/537.36"
42.236.10.117 - - [02/Sep/2021:21:52:56 +0200] "GET /templates/radiocampus/css/template_css.css HTTP/1.1" 200 10686 "http://www.kokosz.hu/" "Mozilla/5.0 (Linux; U; Android 8.1.0; zh-CN; EML-AL00 Build/HUAWEIEML-AL00) AppleWebKit/537.36 (KHTML, like Gecko) Version/4.0 Chrome/57.0.2987.108 baidu.sogo.uc.UCBrowser/11.9.4.974 UWS/2.13.1.48 Mobile Safari/537.36 AliApp(DingTalk/4.5.11) com.alibaba.android.rimet/10487439 Channel/227200 language/zh-CN"
42.236.10.117 - - [02/Sep/2021:21:52:56 +0200] "GET /templates/radiocampus/images/spacer.gif HTTP/1.1" 200 43 "http://www.kokosz.hu/" "Mozilla/5.0 (Linux; U; Android 8.1.0; zh-CN; EML-AL00 Build/HUAWEIEML-AL00) AppleWebKit/537.36 (KHTML, like Gecko) Version/4.0 Chrome/57.0.2987.108 baidu.sogo.uc.UCBrowser/11.9.4.974 UWS/2.13.1.48 Mobile Safari/537.36 AliApp(DingTalk/4.5.11) com.alibaba.android.rimet/10487439 Channel/227200 language/zh-CN"
42.236.10.125 - - [02/Sep/2021:21:52:56 +0200] "GET /images/stories/logok/erdei_iskola_program.jpg HTTP/1.1" 200 7679 "http://www.kokosz.hu/" "Mozilla/5.0 (Linux; U; Android 8.1.0; zh-CN; EML-AL00 Build/HUAWEIEML-AL00) AppleWebKit/537.36 (KHTML, like Gecko) Version/4.0 Chrome/57.0.2987.108 baidu.sogo.uc.UCBrowser/11.9.4.974 UWS/2.13.1.48 Mobile Safari/537.36 AliApp(DingTalk/4.5.11) com.alibaba.android.rimet/10487439 Channel/227200 language/zh-CN"
42.236.10.117 - - [02/Sep/2021:21:52:56 +0200] "GET /templates/radiocampus/images/logo_top_pa.jpg HTTP/1.1" 200 114295 "http://www.kokosz.hu/" "Mozilla/5.0 (Linux; U; Android 8.1.0; zh-CN; EML-AL00 Build/HUAWEIEML-AL00) AppleWebKit/537.36 (KHTML, like Gecko) Version/4.0 Chrome/57.0.2987.108 baidu.sogo.uc.UCBrowser/11.9.4.974 UWS/2.13.1.48 Mobile Safari/537.36 AliApp(DingTalk/4.5.11) com.alibaba.android.rimet/10487439 Channel/227200 language/zh-CN"
42.236.10.117 - - [02/Sep/2021:21:52:56 +0200] "GET /images/stories/logok/bagoly.gif HTTP/1.1" 200 4919 "http://www.kokosz.hu/" "Mozilla/5.0 (Linux; U; Android 8.1.0; zh-CN; EML-AL00 Build/HUAWEIEML-AL00) AppleWebKit/537.36 (KHTML, like Gecko) Version/4.0 Chrome/57.0.2987.108 baidu.sogo.uc.UCBrowser/11.9.4.974 UWS/2.13.1.48 Mobile Safari/537.36 AliApp(DingTalk/4.5.11) com.alibaba.android.rimet/10487439 Channel/227200 language/zh-CN"
42.236.10.114 - - [02/Sep/2021:21:52:56 +0200] "GET /images/stories/statikus_kepek/fotoalbum.gif HTTP/1.1" 200 2428 "http://www.kokosz.hu/" "Mozilla/5.0 (Linux; U; Android 8.1.0; zh-CN; EML-AL00 Build/HUAWEIEML-AL00) AppleWebKit/537.36 (KHTML, like Gecko) Version/4.0 Chrome/57.0.2987.108 baidu.sogo.uc.UCBrowser/11.9.4.974 UWS/2.13.1.48 Mobile Safari/537.36 AliApp(DingTalk/4.5.11) com.alibaba.android.rimet/10487439 Channel/227200 language/zh-CN"
42.236.10.106 - - [02/Sep/2021:21:52:57 +0200] "GET /images/stories/statikus_kepek/szogi_lajos_kepzo.jpg HTTP/1.1" 200 27286 "http://www.kokosz.hu/" "Mozilla/5.0 (Linux; U; Android 8.1.0; zh-CN; EML-AL00 Build/HUAWEIEML-AL00) AppleWebKit/537.36 (KHTML, like Gecko) Version/4.0 Chrome/57.0.2987.108 baidu.sogo.uc.UCBrowser/11.9.4.974 UWS/2.13.1.48 Mobile Safari/537.36 AliApp(DingTalk/4.5.11) com.alibaba.android.rimet/10487439 Channel/227200 language/zh-CN"
42.236.10.117 - - [02/Sep/2021:21:52:57 +0200] "GET /templates/radiocampus/images/background_top.jpg HTTP/1.1" 200 1400 "http://www.kokosz.hu/" "Mozilla/5.0 (Linux; U; Android 8.1.0; zh-CN; EML-AL00 Build/HUAWEIEML-AL00) AppleWebKit/537.36 (KHTML, like Gecko) Version/4.0 Chrome/57.0.2987.108 baidu.sogo.uc.UCBrowser/11.9.4.974 UWS/2.13.1.48 Mobile Safari/537.36 AliApp(DingTalk/4.5.11) com.alibaba.android.rimet/10487439 Channel/227200 language/zh-CN"
42.236.10.106 - - [02/Sep/2021:21:52:57 +0200] "GET /images/stories/hirkepek/kopjafa.jpg HTTP/1.1" 200 5537 "http://www.kokosz.hu/" "Mozilla/5.0 (Linux; U; Android 8.1.0; zh-CN; EML-AL00 Build/HUAWEIEML-AL00) AppleWebKit/537.36 (KHTML, like Gecko) Version/4.0 Chrome/57.0.2987.108 baidu.sogo.uc.UCBrowser/11.9.4.974 UWS/2.13.1.48 Mobile Safari/537.36 AliApp(DingTalk/4.5.11) com.alibaba.android.rimet/10487439 Channel/227200 language/zh-CN"
42.236.10.114 - - [02/Sep/2021:21:52:57 +0200] "GET /templates/radiocampus/images/bild_rechts_gross.jpg HTTP/1.1" 200 16998 "http://www.kokosz.hu/" "Mozilla/5.0 (Linux; U; Android 8.1.0; zh-CN; EML-AL00 Build/HUAWEIEML-AL00) AppleWebKit/537.36 (KHTML, like Gecko) Version/4.0 Chrome/57.0.2987.108 baidu.sogo.uc.UCBrowser/11.9.4.974 UWS/2.13.1.48 Mobile Safari/537.36 AliApp(DingTalk/4.5.11) com.alibaba.android.rimet/10487439 Channel/227200 language/zh-CN"
42.236.10.106 - - [02/Sep/2021:21:52:57 +0200] "GET /images/stories/logok/erdei_iskola_program_et.jpg HTTP/1.1" 200 8081 "http://www.kokosz.hu/" "Mozilla/5.0 (Linux; U; Android 8.1.0; zh-CN; EML-AL00 Build/HUAWEIEML-AL00) AppleWebKit/537.36 (KHTML, like Gecko) Version/4.0 Chrome/57.0.2987.108 baidu.sogo.uc.UCBrowser/11.9.4.974 UWS/2.13.1.48 Mobile Safari/537.36 AliApp(DingTalk/4.5.11) com.alibaba.android.rimet/10487439 Channel/227200 language/zh-CN"
42.236.10.106 - - [02/Sep/2021:21:52:58 +0200] "GET /images/stories/logok/erdei_ovoda_logo.jpg HTTP/1.1" 200 3597 "http://www.kokosz.hu/" "Mozilla/5.0 (Linux; U; Android 8.1.0; zh-CN; EML-AL00 Build/HUAWEIEML-AL00) AppleWebKit/537.36 (KHTML, like Gecko) Version/4.0 Chrome/57.0.2987.108 baidu.sogo.uc.UCBrowser/11.9.4.974 UWS/2.13.1.48 Mobile Safari/537.36 AliApp(DingTalk/4.5.11) com.alibaba.android.rimet/10487439 Channel/227200 language/zh-CN"
42.236.10.106 - - [02/Sep/2021:21:52:59 +0200] "GET /images/stories/logok/erdei_iskola_logo.jpg HTTP/1.1" 200 6785 "http://www.kokosz.hu/" "Mozilla/5.0 (Linux; U; Android 8.1.0; zh-CN; EML-AL00 Build/HUAWEIEML-AL00) AppleWebKit/537.36 (KHTML, like Gecko) Version/4.0 Chrome/57.0.2987.108 baidu.sogo.uc.UCBrowser/11.9.4.974 UWS/2.13.1.48 Mobile Safari/537.36 AliApp(DingTalk/4.5.11) com.alibaba.android.rimet/10487439 Channel/227200 language/zh-CN"
42.236.10.106 - - [02/Sep/2021:21:53:00 +0200] "GET /images/stories/logok/emmi_logo.jpg HTTP/1.1" 200 3819 "http://www.kokosz.hu/" "Mozilla/5.0 (Linux; U; Android 8.1.0; zh-CN; EML-AL00 Build/HUAWEIEML-AL00) AppleWebKit/537.36 (KHTML, like Gecko) Version/4.0 Chrome/57.0.2987.108 baidu.sogo.uc.UCBrowser/11.9.4.974 UWS/2.13.1.48 Mobile Safari/537.36 AliApp(DingTalk/4.5.11) com.alibaba.android.rimet/10487439 Channel/227200 language/zh-CN"
42.236.10.114 - - [02/Sep/2021:21:53:01 +0200] "GET /images/stories/logok/2015/eet.jpg HTTP/1.1" 200 3753 "http://www.kokosz.hu/" "Mozilla/5.0 (Linux; U; Android 8.1.0; zh-CN; EML-AL00 Build/HUAWEIEML-AL00) AppleWebKit/537.36 (KHTML, like Gecko) Version/4.0 Chrome/57.0.2987.108 baidu.sogo.uc.UCBrowser/11.9.4.974 UWS/2.13.1.48 Mobile Safari/537.36 AliApp(DingTalk/4.5.11) com.alibaba.android.rimet/10487439 Channel/227200 language/zh-CN"
