54.218.182.156 - - [02/Sep/2021:08:48:27 +0200] "GET /favicon.ico HTTP/1.1" 404 1181 "-" "Mozilla/5.0 (X11; Linux x86_64) AppleWebKit/537.36 (KHTML, like Gecko) Chrome/83.0.4103.97 Safari/537.36"
54.218.182.156 - - [02/Sep/2021:08:48:33 +0200] "GET / HTTP/1.1" 200 16832 "-" "Mozilla/5.0 (X11; Linux x86_64) AppleWebKit/537.36 (KHTML, like Gecko) Chrome/83.0.4103.97 Safari/537.36"
66.249.66.35 - - [02/Sep/2021:08:48:47 +0200] "GET /index.php?option=com_search&Itemid=99999999&searchword=szakk%C3%B6z%C3%A9piskola&searchphrase=any&ordering=newest&limit=5&limitstart=25 HTTP/1.1" 200 35303 "-" "Mozilla/5.0 (compatible; Googlebot/2.1; +http://www.google.com/bot.html)"
207.46.13.111 - - [02/Sep/2021:08:50:20 +0200] "GET /index.php?option=com_content&task=view&id=871 HTTP/1.1" 200 28218 "-" "Mozilla/5.0 (compatible; bingbot/2.0; +http://www.bing.com/bingbot.htm)"
185.191.171.17 - - [02/Sep/2021:08:52:18 +0200] "GET /robots.txt HTTP/1.1" 200 286 "-" "Mozilla/5.0 (compatible; SemrushBot/7~bl; +http://www.semrush.com/bot.html)"
185.191.171.33 - - [02/Sep/2021:08:52:19 +0200] "GET /index2.php?Itemid=78&id=1099&option=com_content&page=0&pop=1&task=view HTTP/1.1" 200 3049 "-" "Mozilla/5.0 (compatible; SemrushBot/7~bl; +http://www.semrush.com/bot.html)"
185.191.171.33 - - [02/Sep/2021:08:54:00 +0200] "GET /index.php?id=565&option=com_content&task=view HTTP/1.1" 200 30698 "-" "Mozilla/5.0 (compatible; SemrushBot/7~bl; +http://www.semrush.com/bot.html)"
185.191.171.4 - - [02/Sep/2021:08:54:48 +0200] "GET /index2.php?id=966&itemid=99999999&option=com_content&task=emailform HTTP/1.1" 200 2491 "-" "Mozilla/5.0 (compatible; SemrushBot/7~bl; +http://www.semrush.com/bot.html)"
185.191.171.1 - - [02/Sep/2021:08:55:26 +0200] "GET /index2.php?id=643&option=com_content&page=0&pop=1&task=view HTTP/1.1" 200 5307 "-" "Mozilla/5.0 (compatible; SemrushBot/7~bl; +http://www.semrush.com/bot.html)"
185.191.171.23 - - [02/Sep/2021:08:57:56 +0200] "GET /index2.php?Itemid=78&id=864&option=com_content&page=0&pop=1&task=view HTTP/1.1" 200 2322 "-" "Mozilla/5.0 (compatible; SemrushBot/7~bl; +http://www.semrush.com/bot.html)"
54.36.148.74 - - [02/Sep/2021:08:59:18 +0200] "GET /index.php?option=com_content&task=view&id=1111&Itemid=78 HTTP/1.1" 200 34160 "-" "Mozilla/5.0 (compatible; AhrefsBot/7.0; +http://ahrefs.com/robot/)"
66.249.66.38 - - [02/Sep/2021:08:59:55 +0200] "GET /index.php?option=com_content&task=view&id=1223&Itemid=79 HTTP/1.1" 200 28634 "-" "Mozilla/5.0 (Linux; Android 6.0.1; Nexus 5X Build/MMB29P) AppleWebKit/537.36 (KHTML, like Gecko) Chrome/92.0.4515.119 Mobile Safari/537.36 (compatible; Googlebot/2.1; +http://www.google.com/bot.html)"
185.191.171.9 - - [02/Sep/2021:09:00:00 +0200] "GET /index2.php?id=483&itemid=99999999&option=com_content&task=emailform HTTP/1.1" 200 2508 "-" "Mozilla/5.0 (compatible; SemrushBot/7~bl; +http://www.semrush.com/bot.html)"
159.69.145.50 - - [02/Sep/2021:09:01:39 +0200] "HEAD / HTTP/1.1" 200 0 "-" "Alert_Alligator_webmonitoring_service_1.6.3_(alertalligator.com)"
185.191.171.16 - - [02/Sep/2021:09:02:30 +0200] "GET /index2.php?Itemid=65&id=185&option=com_content&page=0&pop=1&task=view HTTP/1.1" 200 3663 "-" "Mozilla/5.0 (compatible; SemrushBot/7~bl; +http://www.semrush.com/bot.html)"
185.191.171.38 - - [02/Sep/2021:09:05:10 +0200] "GET /index.php?id=519&option=com_content&task=view HTTP/1.1" 200 30695 "-" "Mozilla/5.0 (compatible; SemrushBot/7~bl; +http://www.semrush.com/bot.html)"
216.244.66.239 - - [02/Sep/2021:09:05:11 +0200] "GET /robots.txt HTTP/1.1" 200 286 "-" "Mozilla/5.0 (compatible; DotBot/1.2; +https://opensiteexplorer.org/dotbot; help@moz.com)"
216.244.66.239 - - [02/Sep/2021:09:05:12 +0200] "GET /robots.txt HTTP/1.1" 200 286 "-" "Mozilla/5.0 (compatible; DotBot/1.2; +https://opensiteexplorer.org/dotbot; help@moz.com)"
185.191.171.38 - - [02/Sep/2021:09:07:48 +0200] "GET /index2.php?id=360&itemid=69&option=com_content&task=emailform HTTP/1.1" 200 2470 "-" "Mozilla/5.0 (compatible; SemrushBot/7~bl; +http://www.semrush.com/bot.html)"
34.244.248.85 - - [02/Sep/2021:09:09:18 +0200] "GET / HTTP/1.1" 200 33998 "-" "Mozilla/5.0 (Macintosh; Intel Mac OS X 10.15; rv:81.0) Gecko/20100101 Firefox/81.0"
54.36.148.11 - - [02/Sep/2021:09:10:24 +0200] "GET /index2.php?option=com_content&task=emailform&id=759&itemid=99999999 HTTP/1.1" 200 2479 "-" "Mozilla/5.0 (compatible; AhrefsBot/7.0; +http://ahrefs.com/robot/)"
66.249.66.35 - - [02/Sep/2021:09:12:53 +0200] "GET /index.php?option=com_content&task=view&id=319&Itemid=68 HTTP/1.1" 200 30285 "-" "Mozilla/5.0 (Linux; Android 6.0.1; Nexus 5X Build/MMB29P) AppleWebKit/537.36 (KHTML, like Gecko) Chrome/92.0.4515.119 Mobile Safari/537.36 (compatible; Googlebot/2.1; +http://www.google.com/bot.html)"
185.191.171.37 - - [02/Sep/2021:09:13:40 +0200] "GET /index2.php?Itemid=65&id=919&option=com_content&page=0&pop=1&task=view HTTP/1.1" 200 3629 "-" "Mozilla/5.0 (compatible; SemrushBot/7~bl; +http://www.semrush.com/bot.html)"
216.244.66.239 - - [02/Sep/2021:09:15:15 +0200] "GET /index.php?option=com_ponygallery&Itemid=84&func=viewcategory&catid=37 HTTP/1.1" 200 47800 "-" "Mozilla/5.0 (compatible; DotBot/1.2; +https://opensiteexplorer.org/dotbot; help@moz.com)"
185.191.171.38 - - [02/Sep/2021:09:16:18 +0200] "GET /index2.php?Itemid=78&id=1216&option=com_content&page=0&pop=1&task=view HTTP/1.1" 200 2397 "-" "Mozilla/5.0 (compatible; SemrushBot/7~bl; +http://www.semrush.com/bot.html)"
185.191.171.45 - - [02/Sep/2021:09:16:34 +0200] "GET /index2.php?id=827&option=com_content&page=0&pop=1&task=view HTTP/1.1" 200 6135 "-" "Mozilla/5.0 (compatible; SemrushBot/7~bl; +http://www.semrush.com/bot.html)"
185.191.171.11 - - [02/Sep/2021:09:16:56 +0200] "GET /index.php?id=1012&option=com_content&task=view HTTP/1.1" 200 29625 "-" "Mozilla/5.0 (compatible; SemrushBot/7~bl; +http://www.semrush.com/bot.html)"
54.36.148.33 - - [02/Sep/2021:09:21:34 +0200] "GET /index.php?option=com_content&task=view&id=724&Itemid=75 HTTP/1.1" 200 34001 "-" "Mozilla/5.0 (compatible; AhrefsBot/7.0; +http://ahrefs.com/robot/)"
216.244.66.239 - - [02/Sep/2021:09:22:18 +0200] "GET /index.php?option=com_content&task=view&id=1150&Itemid=78 HTTP/1.1" 200 29633 "-" "Mozilla/5.0 (compatible; DotBot/1.2; +https://opensiteexplorer.org/dotbot; help@moz.com)"
216.244.66.239 - - [02/Sep/2021:09:22:44 +0200] "GET /index.php?option=com_content&task=view&id=147&Itemid=66 HTTP/1.1" 200 30397 "-" "Mozilla/5.0 (compatible; DotBot/1.2; +https://opensiteexplorer.org/dotbot; help@moz.com)"
185.191.171.22 - - [02/Sep/2021:09:27:07 +0200] "GET /index2.php?id=1147&itemid=1&option=com_content&task=emailform HTTP/1.1" 200 692 "-" "Mozilla/5.0 (compatible; SemrushBot/7~bl; +http://www.semrush.com/bot.html)"
185.191.171.24 - - [02/Sep/2021:09:29:11 +0200] "GET /index.php?id=611&option=com_content&task=view HTTP/1.1" 200 30384 "-" "Mozilla/5.0 (compatible; SemrushBot/7~bl; +http://www.semrush.com/bot.html)"
185.191.171.14 - - [02/Sep/2021:09:29:34 +0200] "GET /index2.php?id=1010&itemid=78&option=com_content&task=emailform HTTP/1.1" 200 2461 "-" "Mozilla/5.0 (compatible; SemrushBot/7~bl; +http://www.semrush.com/bot.html)"
66.249.66.38 - - [02/Sep/2021:09:30:01 +0200] "GET /index2.php?option=com_content&task=emailform&id=226&itemid=65 HTTP/1.1" 200 2453 "-" "Mozilla/5.0 (Linux; Android 6.0.1; Nexus 5X Build/MMB29P) AppleWebKit/537.36 (KHTML, like Gecko) Chrome/92.0.4515.119 Mobile Safari/537.36 (compatible; Googlebot/2.1; +http://www.google.com/bot.html)"
185.191.171.5 - - [02/Sep/2021:09:33:00 +0200] "GET /index2.php?id=742&itemid=78&option=com_content&task=emailform HTTP/1.1" 200 2458 "-" "Mozilla/5.0 (compatible; SemrushBot/7~bl; +http://www.semrush.com/bot.html)"
54.36.148.214 - - [02/Sep/2021:09:33:03 +0200] "GET /index2.php?option=com_content&task=view&id=905&pop=1&page=0 HTTP/1.1" 200 2507 "-" "Mozilla/5.0 (compatible; AhrefsBot/7.0; +http://ahrefs.com/robot/)"
66.249.66.41 - - [02/Sep/2021:09:33:51 +0200] "GET /index.php?option=com_search&Itemid=99999999&searchword=somosk%C5%91%C3%BAjfalu&searchphrase=any&ordering=newest&limit=5&limitstart=5 HTTP/1.1" 200 34212 "-" "Mozilla/5.0 (Linux; Android 6.0.1; Nexus 5X Build/MMB29P) AppleWebKit/537.36 (KHTML, like Gecko) Chrome/92.0.4515.119 Mobile Safari/537.36 (compatible; Googlebot/2.1; +http://www.google.com/bot.html)"
185.191.171.1 - - [02/Sep/2021:09:34:59 +0200] "GET /index2.php?id=1091&itemid=99999999&option=com_content&task=emailform HTTP/1.1" 200 2465 "-" "Mozilla/5.0 (compatible; SemrushBot/7~bl; +http://www.semrush.com/bot.html)"
185.191.171.37 - - [02/Sep/2021:09:39:06 +0200] "GET /index2.php?Itemid=1&id=972&option=com_content&page=0&pop=1&task=view HTTP/1.1" 200 2351 "-" "Mozilla/5.0 (compatible; SemrushBot/7~bl; +http://www.semrush.com/bot.html)"
194.176.238.198 - - [02/Sep/2021:09:43:24 +0200] "GET /index.php?option=com_content&task=view&id=140&Itemid=66 HTTP/1.1" 200 42702 "https://www.google.com/" "Mozilla/5.0 (Windows NT 10.0; Win64; x64; rv:91.0) Gecko/20100101 Firefox/91.0"
194.176.238.198 - - [02/Sep/2021:09:43:24 +0200] "GET /templates/radiocampus/css/template_css.css HTTP/1.1" 200 10686 "http://www.kokosz.hu/index.php?option=com_content&task=view&id=140&Itemid=66" "Mozilla/5.0 (Windows NT 10.0; Win64; x64; rv:91.0) Gecko/20100101 Firefox/91.0"
194.176.238.198 - - [02/Sep/2021:09:43:24 +0200] "GET /images/stories/kepek/bolcs_baglyok_01.jpg HTTP/1.1" 200 12823 "http://www.kokosz.hu/index.php?option=com_content&task=view&id=140&Itemid=66" "Mozilla/5.0 (Windows NT 10.0; Win64; x64; rv:91.0) Gecko/20100101 Firefox/91.0"
194.176.238.198 - - [02/Sep/2021:09:43:24 +0200] "GET /images/stories/kepek/bolcs_baglyok_03.jpg HTTP/1.1" 200 11023 "http://www.kokosz.hu/index.php?option=com_content&task=view&id=140&Itemid=66" "Mozilla/5.0 (Windows NT 10.0; Win64; x64; rv:91.0) Gecko/20100101 Firefox/91.0"
194.176.238.198 - - [02/Sep/2021:09:43:24 +0200] "GET /images/M_images/emailButton.png HTTP/1.1" 200 424 "http://www.kokosz.hu/index.php?option=com_content&task=view&id=140&Itemid=66" "Mozilla/5.0 (Windows NT 10.0; Win64; x64; rv:91.0) Gecko/20100101 Firefox/91.0"
194.176.238.198 - - [02/Sep/2021:09:43:24 +0200] "GET /images/stories/logok/erdei_ovoda_logo.jpg HTTP/1.1" 200 3597 "http://www.kokosz.hu/index.php?option=com_content&task=view&id=140&Itemid=66" "Mozilla/5.0 (Windows NT 10.0; Win64; x64; rv:91.0) Gecko/20100101 Firefox/91.0"
194.176.238.198 - - [02/Sep/2021:09:43:24 +0200] "GET /images/stories/logok/erdei_iskola_program_et.jpg HTTP/1.1" 200 8081 "http://www.kokosz.hu/index.php?option=com_content&task=view&id=140&Itemid=66" "Mozilla/5.0 (Windows NT 10.0; Win64; x64; rv:91.0) Gecko/20100101 Firefox/91.0"
194.176.238.198 - - [02/Sep/2021:09:43:24 +0200] "GET /images/M_images/printButton.png HTTP/1.1" 200 426 "http://www.kokosz.hu/index.php?option=com_content&task=view&id=140&Itemid=66" "Mozilla/5.0 (Windows NT 10.0; Win64; x64; rv:91.0) Gecko/20100101 Firefox/91.0"
194.176.238.198 - - [02/Sep/2021:09:43:24 +0200] "GET /templates/radiocampus/images/background_top.jpg HTTP/1.1" 200 1400 "http://www.kokosz.hu/index.php?option=com_content&task=view&id=140&Itemid=66" "Mozilla/5.0 (Windows NT 10.0; Win64; x64; rv:91.0) Gecko/20100101 Firefox/91.0"
194.176.238.198 - - [02/Sep/2021:09:43:24 +0200] "GET /templates/radiocampus/images/spacer.gif HTTP/1.1" 200 43 "http://www.kokosz.hu/index.php?option=com_content&task=view&id=140&Itemid=66" "Mozilla/5.0 (Windows NT 10.0; Win64; x64; rv:91.0) Gecko/20100101 Firefox/91.0"
194.176.238.198 - - [02/Sep/2021:09:43:24 +0200] "GET /images/stories/statikus_kepek/szogi_lajos_kepzo.jpg HTTP/1.1" 200 27286 "http://www.kokosz.hu/index.php?option=com_content&task=view&id=140&Itemid=66" "Mozilla/5.0 (Windows NT 10.0; Win64; x64; rv:91.0) Gecko/20100101 Firefox/91.0"
194.176.238.198 - - [02/Sep/2021:09:43:24 +0200] "GET /images/stories/kepek/bolcs_baglyok_02.jpg HTTP/1.1" 200 11952 "http://www.kokosz.hu/index.php?option=com_content&task=view&id=140&Itemid=66" "Mozilla/5.0 (Windows NT 10.0; Win64; x64; rv:91.0) Gecko/20100101 Firefox/91.0"
194.176.238.198 - - [02/Sep/2021:09:43:24 +0200] "GET /images/stories/kepek/bolcs_baglyok_04.jpg HTTP/1.1" 200 10033 "http://www.kokosz.hu/index.php?option=com_content&task=view&id=140&Itemid=66" "Mozilla/5.0 (Windows NT 10.0; Win64; x64; rv:91.0) Gecko/20100101 Firefox/91.0"
194.176.238.198 - - [02/Sep/2021:09:43:24 +0200] "GET /images/stories/kepek/bolcs_baglyok_05.jpg HTTP/1.1" 200 11265 "http://www.kokosz.hu/index.php?option=com_content&task=view&id=140&Itemid=66" "Mozilla/5.0 (Windows NT 10.0; Win64; x64; rv:91.0) Gecko/20100101 Firefox/91.0"
194.176.238.198 - - [02/Sep/2021:09:43:24 +0200] "GET /images/stories/kepek/bolcs_baglyok_06.jpg HTTP/1.1" 200 10176 "http://www.kokosz.hu/index.php?option=com_content&task=view&id=140&Itemid=66" "Mozilla/5.0 (Windows NT 10.0; Win64; x64; rv:91.0) Gecko/20100101 Firefox/91.0"
194.176.238.198 - - [02/Sep/2021:09:43:24 +0200] "GET /templates/radiocampus/images/logo_top_pa.jpg HTTP/1.1" 200 114295 "http://www.kokosz.hu/index.php?option=com_content&task=view&id=140&Itemid=66" "Mozilla/5.0 (Windows NT 10.0; Win64; x64; rv:91.0) Gecko/20100101 Firefox/91.0"
194.176.238.198 - - [02/Sep/2021:09:43:24 +0200] "GET /images/stories/logok/emmi_logo.jpg HTTP/1.1" 200 3819 "http://www.kokosz.hu/index.php?option=com_content&task=view&id=140&Itemid=66" "Mozilla/5.0 (Windows NT 10.0; Win64; x64; rv:91.0) Gecko/20100101 Firefox/91.0"
194.176.238.198 - - [02/Sep/2021:09:43:24 +0200] "GET /images/stories/logok/2015/eet.jpg HTTP/1.1" 200 3753 "http://www.kokosz.hu/index.php?option=com_content&task=view&id=140&Itemid=66" "Mozilla/5.0 (Windows NT 10.0; Win64; x64; rv:91.0) Gecko/20100101 Firefox/91.0"
194.176.238.198 - - [02/Sep/2021:09:43:24 +0200] "GET /images/stories/logok/2015/ntp.jpg HTTP/1.1" 200 4004 "http://www.kokosz.hu/index.php?option=com_content&task=view&id=140&Itemid=66" "Mozilla/5.0 (Windows NT 10.0; Win64; x64; rv:91.0) Gecko/20100101 Firefox/91.0"
194.176.238.198 - - [02/Sep/2021:09:43:24 +0200] "GET /images/stories/logok/2015/emet.jpg HTTP/1.1" 200 5961 "http://www.kokosz.hu/index.php?option=com_content&task=view&id=140&Itemid=66" "Mozilla/5.0 (Windows NT 10.0; Win64; x64; rv:91.0) Gecko/20100101 Firefox/91.0"
194.176.238.198 - - [02/Sep/2021:09:43:24 +0200] "GET /images/stories/logok/2015/ofi.jpg HTTP/1.1" 200 5571 "http://www.kokosz.hu/index.php?option=com_content&task=view&id=140&Itemid=66" "Mozilla/5.0 (Windows NT 10.0; Win64; x64; rv:91.0) Gecko/20100101 Firefox/91.0"
194.176.238.198 - - [02/Sep/2021:09:43:24 +0200] "GET /images/stories/logok/bagoly.gif HTTP/1.1" 200 4919 "http://www.kokosz.hu/index.php?option=com_content&task=view&id=140&Itemid=66" "Mozilla/5.0 (Windows NT 10.0; Win64; x64; rv:91.0) Gecko/20100101 Firefox/91.0"
194.176.238.198 - - [02/Sep/2021:09:43:24 +0200] "GET /images/stories/statikus_kepek/fotoalbum.gif HTTP/1.1" 200 2428 "http://www.kokosz.hu/index.php?option=com_content&task=view&id=140&Itemid=66" "Mozilla/5.0 (Windows NT 10.0; Win64; x64; rv:91.0) Gecko/20100101 Firefox/91.0"
194.176.238.198 - - [02/Sep/2021:09:43:24 +0200] "GET /images/stories/logok/erdei_iskola_program.jpg HTTP/1.1" 200 7679 "http://www.kokosz.hu/index.php?option=com_content&task=view&id=140&Itemid=66" "Mozilla/5.0 (Windows NT 10.0; Win64; x64; rv:91.0) Gecko/20100101 Firefox/91.0"
194.176.238.198 - - [02/Sep/2021:09:43:24 +0200] "GET /images/stories/flash/ado.swf HTTP/1.1" 200 6736 "http://www.kokosz.hu/index.php?option=com_content&task=view&id=140&Itemid=66" "Mozilla/5.0 (Windows NT 10.0; Win64; x64; rv:91.0) Gecko/20100101 Firefox/91.0"
194.176.238.198 - - [02/Sep/2021:09:43:24 +0200] "GET /images/stories/logok/erdei_iskola_logo.jpg HTTP/1.1" 200 6785 "http://www.kokosz.hu/index.php?option=com_content&task=view&id=140&Itemid=66" "Mozilla/5.0 (Windows NT 10.0; Win64; x64; rv:91.0) Gecko/20100101 Firefox/91.0"
194.176.238.198 - - [02/Sep/2021:09:43:24 +0200] "GET /templates/radiocampus/images/bild_rechts_gross.jpg HTTP/1.1" 200 16998 "http://www.kokosz.hu/index.php?option=com_content&task=view&id=140&Itemid=66" "Mozilla/5.0 (Windows NT 10.0; Win64; x64; rv:91.0) Gecko/20100101 Firefox/91.0"
194.176.238.198 - - [02/Sep/2021:09:43:24 +0200] "GET /images/stories/hirkepek/kopjafa.jpg HTTP/1.1" 200 5537 "http://www.kokosz.hu/index.php?option=com_content&task=view&id=140&Itemid=66" "Mozilla/5.0 (Windows NT 10.0; Win64; x64; rv:91.0) Gecko/20100101 Firefox/91.0"
194.176.238.198 - - [02/Sep/2021:09:43:24 +0200] "GET /modules/mod_vvisit_counter/images/blue/7.gif HTTP/1.1" 200 438 "http://www.kokosz.hu/index.php?option=com_content&task=view&id=140&Itemid=66" "Mozilla/5.0 (Windows NT 10.0; Win64; x64; rv:91.0) Gecko/20100101 Firefox/91.0"
194.176.238.198 - - [02/Sep/2021:09:43:24 +0200] "GET /modules/mod_vvisit_counter/images/blue/1.gif HTTP/1.1" 200 400 "http://www.kokosz.hu/index.php?option=com_content&task=view&id=140&Itemid=66" "Mozilla/5.0 (Windows NT 10.0; Win64; x64; rv:91.0) Gecko/20100101 Firefox/91.0"
194.176.238.198 - - [02/Sep/2021:09:43:24 +0200] "GET /modules/mod_vvisit_counter/images/blue/2.gif HTTP/1.1" 200 687 "http://www.kokosz.hu/index.php?option=com_content&task=view&id=140&Itemid=66" "Mozilla/5.0 (Windows NT 10.0; Win64; x64; rv:91.0) Gecko/20100101 Firefox/91.0"
194.176.238.198 - - [02/Sep/2021:09:43:24 +0200] "GET /modules/mod_vvisit_counter/images/blue/3.gif HTTP/1.1" 200 692 "http://www.kokosz.hu/index.php?option=com_content&task=view&id=140&Itemid=66" "Mozilla/5.0 (Windows NT 10.0; Win64; x64; rv:91.0) Gecko/20100101 Firefox/91.0"
194.176.238.198 - - [02/Sep/2021:09:43:24 +0200] "GET /modules/mod_vvisit_counter/images/blue/0.gif HTTP/1.1" 200 697 "http://www.kokosz.hu/index.php?option=com_content&task=view&id=140&Itemid=66" "Mozilla/5.0 (Windows NT 10.0; Win64; x64; rv:91.0) Gecko/20100101 Firefox/91.0"
194.176.238.198 - - [02/Sep/2021:09:43:24 +0200] "GET /modules/mod_vvisit_counter/images/blue/6.gif HTTP/1.1" 200 701 "http://www.kokosz.hu/index.php?option=com_content&task=view&id=140&Itemid=66" "Mozilla/5.0 (Windows NT 10.0; Win64; x64; rv:91.0) Gecko/20100101 Firefox/91.0"
194.176.238.198 - - [02/Sep/2021:09:43:24 +0200] "GET /modules/mod_vvisit_counter/images/vtoday.gif HTTP/1.1" 200 909 "http://www.kokosz.hu/index.php?option=com_content&task=view&id=140&Itemid=66" "Mozilla/5.0 (Windows NT 10.0; Win64; x64; rv:91.0) Gecko/20100101 Firefox/91.0"
194.176.238.198 - - [02/Sep/2021:09:43:24 +0200] "GET /modules/mod_vvisit_counter/images/vyesterday.gif HTTP/1.1" 200 909 "http://www.kokosz.hu/index.php?option=com_content&task=view&id=140&Itemid=66" "Mozilla/5.0 (Windows NT 10.0; Win64; x64; rv:91.0) Gecko/20100101 Firefox/91.0"
194.176.238.198 - - [02/Sep/2021:09:43:24 +0200] "GET /modules/mod_vvisit_counter/images/vweek.gif HTTP/1.1" 200 909 "http://www.kokosz.hu/index.php?option=com_content&task=view&id=140&Itemid=66" "Mozilla/5.0 (Windows NT 10.0; Win64; x64; rv:91.0) Gecko/20100101 Firefox/91.0"
194.176.238.198 - - [02/Sep/2021:09:43:24 +0200] "GET /modules/mod_vvisit_counter/images/vall.gif HTTP/1.1" 200 996 "http://www.kokosz.hu/index.php?option=com_content&task=view&id=140&Itemid=66" "Mozilla/5.0 (Windows NT 10.0; Win64; x64; rv:91.0) Gecko/20100101 Firefox/91.0"
194.176.238.198 - - [02/Sep/2021:09:43:24 +0200] "GET /modules/mod_vvisit_counter/images/vmonth.gif HTTP/1.1" 200 909 "http://www.kokosz.hu/index.php?option=com_content&task=view&id=140&Itemid=66" "Mozilla/5.0 (Windows NT 10.0; Win64; x64; rv:91.0) Gecko/20100101 Firefox/91.0"
194.176.238.198 - - [02/Sep/2021:09:43:24 +0200] "GET /images/stories/kepek/bolcs_baglyok_07.jpg HTTP/1.1" 200 13939 "http://www.kokosz.hu/index.php?option=com_content&task=view&id=140&Itemid=66" "Mozilla/5.0 (Windows NT 10.0; Win64; x64; rv:91.0) Gecko/20100101 Firefox/91.0"
194.176.238.198 - - [02/Sep/2021:09:43:24 +0200] "GET /images/stories/kepek/bolcs_baglyok_09.jpg HTTP/1.1" 200 11534 "http://www.kokosz.hu/index.php?option=com_content&task=view&id=140&Itemid=66" "Mozilla/5.0 (Windows NT 10.0; Win64; x64; rv:91.0) Gecko/20100101 Firefox/91.0"
194.176.238.198 - - [02/Sep/2021:09:43:24 +0200] "GET /images/stories/kepek/bolcs_baglyok_08.jpg HTTP/1.1" 200 12266 "http://www.kokosz.hu/index.php?option=com_content&task=view&id=140&Itemid=66" "Mozilla/5.0 (Windows NT 10.0; Win64; x64; rv:91.0) Gecko/20100101 Firefox/91.0"
194.176.238.198 - - [02/Sep/2021:09:43:24 +0200] "GET /images/stories/kepek/bolcs_baglyok_10.jpg HTTP/1.1" 200 7329 "http://www.kokosz.hu/index.php?option=com_content&task=view&id=140&Itemid=66" "Mozilla/5.0 (Windows NT 10.0; Win64; x64; rv:91.0) Gecko/20100101 Firefox/91.0"
194.176.238.198 - - [02/Sep/2021:09:43:24 +0200] "GET /images/stories/kepek/bolcs_baglyok_12.jpg HTTP/1.1" 200 8278 "http://www.kokosz.hu/index.php?option=com_content&task=view&id=140&Itemid=66" "Mozilla/5.0 (Windows NT 10.0; Win64; x64; rv:91.0) Gecko/20100101 Firefox/91.0"
194.176.238.198 - - [02/Sep/2021:09:43:24 +0200] "GET /images/stories/kepek/bolcs_baglyok_11.jpg HTTP/1.1" 200 9303 "http://www.kokosz.hu/index.php?option=com_content&task=view&id=140&Itemid=66" "Mozilla/5.0 (Windows NT 10.0; Win64; x64; rv:91.0) Gecko/20100101 Firefox/91.0"
194.176.238.198 - - [02/Sep/2021:09:43:24 +0200] "GET /images/stories/kepek/bolcs_baglyok_13.jpg HTTP/1.1" 200 11769 "http://www.kokosz.hu/index.php?option=com_content&task=view&id=140&Itemid=66" "Mozilla/5.0 (Windows NT 10.0; Win64; x64; rv:91.0) Gecko/20100101 Firefox/91.0"
194.176.238.198 - - [02/Sep/2021:09:43:24 +0200] "GET /images/stories/kepek/bolcs_baglyok_14.jpg HTTP/1.1" 200 10564 "http://www.kokosz.hu/index.php?option=com_content&task=view&id=140&Itemid=66" "Mozilla/5.0 (Windows NT 10.0; Win64; x64; rv:91.0) Gecko/20100101 Firefox/91.0"
194.176.238.198 - - [02/Sep/2021:09:43:25 +0200] "GET /images/stories/kepek/bolcs_baglyok_16.jpg HTTP/1.1" 200 10615 "http://www.kokosz.hu/index.php?option=com_content&task=view&id=140&Itemid=66" "Mozilla/5.0 (Windows NT 10.0; Win64; x64; rv:91.0) Gecko/20100101 Firefox/91.0"
194.176.238.198 - - [02/Sep/2021:09:43:25 +0200] "GET /images/stories/kepek/bolcs_baglyok_15.jpg HTTP/1.1" 200 8176 "http://www.kokosz.hu/index.php?option=com_content&task=view&id=140&Itemid=66" "Mozilla/5.0 (Windows NT 10.0; Win64; x64; rv:91.0) Gecko/20100101 Firefox/91.0"
194.176.238.198 - - [02/Sep/2021:09:43:25 +0200] "GET /images/stories/kepek/bolcs_baglyok_17.jpg HTTP/1.1" 200 8533 "http://www.kokosz.hu/index.php?option=com_content&task=view&id=140&Itemid=66" "Mozilla/5.0 (Windows NT 10.0; Win64; x64; rv:91.0) Gecko/20100101 Firefox/91.0"
194.176.238.198 - - [02/Sep/2021:09:43:25 +0200] "GET /images/stories/kepek/bolcs_baglyok_19.jpg HTTP/1.1" 200 13564 "http://www.kokosz.hu/index.php?option=com_content&task=view&id=140&Itemid=66" "Mozilla/5.0 (Windows NT 10.0; Win64; x64; rv:91.0) Gecko/20100101 Firefox/91.0"
194.176.238.198 - - [02/Sep/2021:09:43:25 +0200] "GET /images/stories/kepek/bolcs_baglyok_18.jpg HTTP/1.1" 200 11900 "http://www.kokosz.hu/index.php?option=com_content&task=view&id=140&Itemid=66" "Mozilla/5.0 (Windows NT 10.0; Win64; x64; rv:91.0) Gecko/20100101 Firefox/91.0"
194.176.238.198 - - [02/Sep/2021:09:43:25 +0200] "GET /images/stories/statikus_kepek/fenykepek.jpg HTTP/1.1" 200 2148 "http://www.kokosz.hu/index.php?option=com_content&task=view&id=140&Itemid=66" "Mozilla/5.0 (Windows NT 10.0; Win64; x64; rv:91.0) Gecko/20100101 Firefox/91.0"
194.176.238.198 - - [02/Sep/2021:09:43:25 +0200] "GET /images/stories/kepek/bolcs_baglyok_20.jpg HTTP/1.1" 200 10294 "http://www.kokosz.hu/index.php?option=com_content&task=view&id=140&Itemid=66" "Mozilla/5.0 (Windows NT 10.0; Win64; x64; rv:91.0) Gecko/20100101 Firefox/91.0"
194.176.238.198 - - [02/Sep/2021:09:43:25 +0200] "GET /images/cimer.ico HTTP/1.1" 200 1406 "http://www.kokosz.hu/index.php?option=com_content&task=view&id=140&Itemid=66" "Mozilla/5.0 (Windows NT 10.0; Win64; x64; rv:91.0) Gecko/20100101 Firefox/91.0"
54.36.148.129 - - [02/Sep/2021:09:44:11 +0200] "GET /index2.php?option=com_content&task=view&id=759&pop=1&page=0 HTTP/1.1" 200 2508 "-" "Mozilla/5.0 (compatible; AhrefsBot/7.0; +http://ahrefs.com/robot/)"
185.191.171.25 - - [02/Sep/2021:09:46:45 +0200] "GET /index.php?id=537&option=com_content&task=view HTTP/1.1" 200 30500 "-" "Mozilla/5.0 (compatible; SemrushBot/7~bl; +http://www.semrush.com/bot.html)"
185.191.171.38 - - [02/Sep/2021:09:46:56 +0200] "GET /index.php?Itemid=78&id=1110&option=com_content&task=view HTTP/1.1" 200 34952 "-" "Mozilla/5.0 (compatible; SemrushBot/7~bl; +http://www.semrush.com/bot.html)"
66.249.66.38 - - [02/Sep/2021:09:47:09 +0200] "GET /index2.php?option=com_content&task=view&id=210&pop=1&page=0&Itemid=65 HTTP/1.1" 200 2684 "-" "Mozilla/5.0 (Linux; Android 6.0.1; Nexus 5X Build/MMB29P) AppleWebKit/537.36 (KHTML, like Gecko) Chrome/92.0.4515.119 Mobile Safari/537.36 (compatible; Googlebot/2.1; +http://www.google.com/bot.html)"
185.191.171.2 - - [02/Sep/2021:09:51:32 +0200] "GET /index2.php?Itemid=1&id=1150&option=com_content&page=0&pop=1&task=view HTTP/1.1" 200 3187 "-" "Mozilla/5.0 (compatible; SemrushBot/7~bl; +http://www.semrush.com/bot.html)"
216.244.66.239 - - [02/Sep/2021:09:54:27 +0200] "GET /robots.txt HTTP/1.1" 200 286 "-" "Mozilla/5.0 (compatible; DotBot/1.2; +https://opensiteexplorer.org/dotbot; help@moz.com)"
54.36.148.146 - - [02/Sep/2021:09:55:00 +0200] "GET /index2.php?option=com_content&task=emailform&id=894&itemid=99999999 HTTP/1.1" 200 2463 "-" "Mozilla/5.0 (compatible; AhrefsBot/7.0; +http://ahrefs.com/robot/)"
159.69.145.50 - - [02/Sep/2021:10:00:54 +0200] "HEAD / HTTP/1.1" 200 0 "-" "Alert_Alligator_webmonitoring_service_1.6.3_(alertalligator.com)"
80.98.29.211 - - [02/Sep/2021:10:02:32 +0200] "GET / HTTP/1.1" 200 33998 "https://www.google.com/" "Mozilla/5.0 (Windows NT 10.0; Win64; x64; rv:91.0) Gecko/20100101 Firefox/91.0"
80.98.29.211 - - [02/Sep/2021:10:02:32 +0200] "GET /templates/radiocampus/css/template_css.css HTTP/1.1" 200 10686 "http://www.kokosz.hu/" "Mozilla/5.0 (Windows NT 10.0; Win64; x64; rv:91.0) Gecko/20100101 Firefox/91.0"
80.98.29.211 - - [02/Sep/2021:10:02:33 +0200] "GET /images/stories/flash/ado.swf HTTP/1.1" 200 6736 "http://www.kokosz.hu/" "Mozilla/5.0 (Windows NT 10.0; Win64; x64; rv:91.0) Gecko/20100101 Firefox/91.0"
80.98.29.211 - - [02/Sep/2021:10:02:33 +0200] "GET /modules/mod_vvisit_counter/images/blue/3.gif HTTP/1.1" 200 692 "http://www.kokosz.hu/" "Mozilla/5.0 (Windows NT 10.0; Win64; x64; rv:91.0) Gecko/20100101 Firefox/91.0"
80.98.29.211 - - [02/Sep/2021:10:02:33 +0200] "GET /modules/mod_vvisit_counter/images/blue/6.gif HTTP/1.1" 200 701 "http://www.kokosz.hu/" "Mozilla/5.0 (Windows NT 10.0; Win64; x64; rv:91.0) Gecko/20100101 Firefox/91.0"
80.98.29.211 - - [02/Sep/2021:10:02:33 +0200] "GET /modules/mod_vvisit_counter/images/vtoday.gif HTTP/1.1" 200 909 "http://www.kokosz.hu/" "Mozilla/5.0 (Windows NT 10.0; Win64; x64; rv:91.0) Gecko/20100101 Firefox/91.0"
80.98.29.211 - - [02/Sep/2021:10:02:33 +0200] "GET /modules/mod_vvisit_counter/images/vyesterday.gif HTTP/1.1" 200 909 "http://www.kokosz.hu/" "Mozilla/5.0 (Windows NT 10.0; Win64; x64; rv:91.0) Gecko/20100101 Firefox/91.0"
80.98.29.211 - - [02/Sep/2021:10:02:33 +0200] "GET /images/stories/logok/erdei_iskola_program.jpg HTTP/1.1" 200 7679 "http://www.kokosz.hu/" "Mozilla/5.0 (Windows NT 10.0; Win64; x64; rv:91.0) Gecko/20100101 Firefox/91.0"
80.98.29.211 - - [02/Sep/2021:10:02:33 +0200] "GET /images/stories/logok/bagoly.gif HTTP/1.1" 200 4919 "http://www.kokosz.hu/" "Mozilla/5.0 (Windows NT 10.0; Win64; x64; rv:91.0) Gecko/20100101 Firefox/91.0"
80.98.29.211 - - [02/Sep/2021:10:02:33 +0200] "GET /images/stories/statikus_kepek/fotoalbum.gif HTTP/1.1" 200 2428 "http://www.kokosz.hu/" "Mozilla/5.0 (Windows NT 10.0; Win64; x64; rv:91.0) Gecko/20100101 Firefox/91.0"
80.98.29.211 - - [02/Sep/2021:10:02:33 +0200] "GET /images/stories/logok/erdei_iskola_program_et.jpg HTTP/1.1" 200 8081 "http://www.kokosz.hu/" "Mozilla/5.0 (Windows NT 10.0; Win64; x64; rv:91.0) Gecko/20100101 Firefox/91.0"
80.98.29.211 - - [02/Sep/2021:10:02:33 +0200] "GET /images/stories/logok/erdei_ovoda_logo.jpg HTTP/1.1" 200 3597 "http://www.kokosz.hu/" "Mozilla/5.0 (Windows NT 10.0; Win64; x64; rv:91.0) Gecko/20100101 Firefox/91.0"
80.98.29.211 - - [02/Sep/2021:10:02:33 +0200] "GET /images/stories/logok/erdei_iskola_logo.jpg HTTP/1.1" 200 6785 "http://www.kokosz.hu/" "Mozilla/5.0 (Windows NT 10.0; Win64; x64; rv:91.0) Gecko/20100101 Firefox/91.0"
80.98.29.211 - - [02/Sep/2021:10:02:33 +0200] "GET /templates/radiocampus/images/logo_top_pa.jpg HTTP/1.1" 200 114295 "http://www.kokosz.hu/" "Mozilla/5.0 (Windows NT 10.0; Win64; x64; rv:91.0) Gecko/20100101 Firefox/91.0"
80.98.29.211 - - [02/Sep/2021:10:02:33 +0200] "GET /templates/radiocampus/images/bild_rechts_gross.jpg HTTP/1.1" 200 16998 "http://www.kokosz.hu/" "Mozilla/5.0 (Windows NT 10.0; Win64; x64; rv:91.0) Gecko/20100101 Firefox/91.0"
80.98.29.211 - - [02/Sep/2021:10:02:33 +0200] "GET /images/stories/hirkepek/kopjafa.jpg HTTP/1.1" 200 5537 "http://www.kokosz.hu/" "Mozilla/5.0 (Windows NT 10.0; Win64; x64; rv:91.0) Gecko/20100101 Firefox/91.0"
80.98.29.211 - - [02/Sep/2021:10:02:33 +0200] "GET /modules/mod_vvisit_counter/images/blue/0.gif HTTP/1.1" 200 697 "http://www.kokosz.hu/" "Mozilla/5.0 (Windows NT 10.0; Win64; x64; rv:91.0) Gecko/20100101 Firefox/91.0"
80.98.29.211 - - [02/Sep/2021:10:02:33 +0200] "GET /modules/mod_vvisit_counter/images/blue/1.gif HTTP/1.1" 200 400 "http://www.kokosz.hu/" "Mozilla/5.0 (Windows NT 10.0; Win64; x64; rv:91.0) Gecko/20100101 Firefox/91.0"
80.98.29.211 - - [02/Sep/2021:10:02:33 +0200] "GET /modules/mod_vvisit_counter/images/blue/7.gif HTTP/1.1" 200 438 "http://www.kokosz.hu/" "Mozilla/5.0 (Windows NT 10.0; Win64; x64; rv:91.0) Gecko/20100101 Firefox/91.0"
80.98.29.211 - - [02/Sep/2021:10:02:33 +0200] "GET /modules/mod_vvisit_counter/images/blue/2.gif HTTP/1.1" 200 687 "http://www.kokosz.hu/" "Mozilla/5.0 (Windows NT 10.0; Win64; x64; rv:91.0) Gecko/20100101 Firefox/91.0"
80.98.29.211 - - [02/Sep/2021:10:02:33 +0200] "GET /modules/mod_vvisit_counter/images/vmonth.gif HTTP/1.1" 200 909 "http://www.kokosz.hu/" "Mozilla/5.0 (Windows NT 10.0; Win64; x64; rv:91.0) Gecko/20100101 Firefox/91.0"
80.98.29.211 - - [02/Sep/2021:10:02:33 +0200] "GET /modules/mod_vvisit_counter/images/vweek.gif HTTP/1.1" 200 909 "http://www.kokosz.hu/" "Mozilla/5.0 (Windows NT 10.0; Win64; x64; rv:91.0) Gecko/20100101 Firefox/91.0"
80.98.29.211 - - [02/Sep/2021:10:02:33 +0200] "GET /modules/mod_vvisit_counter/images/vall.gif HTTP/1.1" 200 996 "http://www.kokosz.hu/" "Mozilla/5.0 (Windows NT 10.0; Win64; x64; rv:91.0) Gecko/20100101 Firefox/91.0"
80.98.29.211 - - [02/Sep/2021:10:02:33 +0200] "GET /templates/radiocampus/images/spacer.gif HTTP/1.1" 200 43 "http://www.kokosz.hu/" "Mozilla/5.0 (Windows NT 10.0; Win64; x64; rv:91.0) Gecko/20100101 Firefox/91.0"
80.98.29.211 - - [02/Sep/2021:10:02:33 +0200] "GET /templates/radiocampus/images/background_top.jpg HTTP/1.1" 200 1400 "http://www.kokosz.hu/" "Mozilla/5.0 (Windows NT 10.0; Win64; x64; rv:91.0) Gecko/20100101 Firefox/91.0"
80.98.29.211 - - [02/Sep/2021:10:02:33 +0200] "GET /images/stories/statikus_kepek/szogi_lajos_kepzo.jpg HTTP/1.1" 200 27286 "http://www.kokosz.hu/" "Mozilla/5.0 (Windows NT 10.0; Win64; x64; rv:91.0) Gecko/20100101 Firefox/91.0"
80.98.29.211 - - [02/Sep/2021:10:02:33 +0200] "GET /images/stories/logok/emmi_logo.jpg HTTP/1.1" 200 3819 "http://www.kokosz.hu/" "Mozilla/5.0 (Windows NT 10.0; Win64; x64; rv:91.0) Gecko/20100101 Firefox/91.0"
80.98.29.211 - - [02/Sep/2021:10:02:33 +0200] "GET /images/stories/logok/2015/emet.jpg HTTP/1.1" 200 5961 "http://www.kokosz.hu/" "Mozilla/5.0 (Windows NT 10.0; Win64; x64; rv:91.0) Gecko/20100101 Firefox/91.0"
80.98.29.211 - - [02/Sep/2021:10:02:33 +0200] "GET /images/stories/logok/2015/eet.jpg HTTP/1.1" 200 3753 "http://www.kokosz.hu/" "Mozilla/5.0 (Windows NT 10.0; Win64; x64; rv:91.0) Gecko/20100101 Firefox/91.0"
80.98.29.211 - - [02/Sep/2021:10:02:33 +0200] "GET /images/stories/logok/2015/ntp.jpg HTTP/1.1" 200 4004 "http://www.kokosz.hu/" "Mozilla/5.0 (Windows NT 10.0; Win64; x64; rv:91.0) Gecko/20100101 Firefox/91.0"
80.98.29.211 - - [02/Sep/2021:10:02:33 +0200] "GET /images/stories/logok/2015/ofi.jpg HTTP/1.1" 200 5571 "http://www.kokosz.hu/" "Mozilla/5.0 (Windows NT 10.0; Win64; x64; rv:91.0) Gecko/20100101 Firefox/91.0"
80.98.29.211 - - [02/Sep/2021:10:02:33 +0200] "GET /images/cimer.ico HTTP/1.1" 200 1406 "http://www.kokosz.hu/" "Mozilla/5.0 (Windows NT 10.0; Win64; x64; rv:91.0) Gecko/20100101 Firefox/91.0"
80.98.29.211 - - [02/Sep/2021:10:04:48 +0200] "GET /index.php?option=com_content&task=view&id=1030&Itemid=97 HTTP/1.1" 200 28334 "http://www.kokosz.hu/" "Mozilla/5.0 (Windows NT 10.0; Win64; x64; rv:91.0) Gecko/20100101 Firefox/91.0"
80.98.29.211 - - [02/Sep/2021:10:04:49 +0200] "GET /images/M_images/arrow.png HTTP/1.1" 200 169 "http://www.kokosz.hu/index.php?option=com_content&task=view&id=1030&Itemid=97" "Mozilla/5.0 (Windows NT 10.0; Win64; x64; rv:91.0) Gecko/20100101 Firefox/91.0"
80.98.29.211 - - [02/Sep/2021:10:04:49 +0200] "GET /images/M_images/printButton.png HTTP/1.1" 200 426 "http://www.kokosz.hu/index.php?option=com_content&task=view&id=1030&Itemid=97" "Mozilla/5.0 (Windows NT 10.0; Win64; x64; rv:91.0) Gecko/20100101 Firefox/91.0"
80.98.29.211 - - [02/Sep/2021:10:04:49 +0200] "GET /images/M_images/emailButton.png HTTP/1.1" 200 424 "http://www.kokosz.hu/index.php?option=com_content&task=view&id=1030&Itemid=97" "Mozilla/5.0 (Windows NT 10.0; Win64; x64; rv:91.0) Gecko/20100101 Firefox/91.0"
80.98.29.211 - - [02/Sep/2021:10:04:49 +0200] "GET /modules/mod_vvisit_counter/images/blue/8.gif HTTP/1.1" 200 697 "http://www.kokosz.hu/index.php?option=com_content&task=view&id=1030&Itemid=97" "Mozilla/5.0 (Windows NT 10.0; Win64; x64; rv:91.0) Gecko/20100101 Firefox/91.0"
80.98.29.211 - - [02/Sep/2021:10:04:49 +0200] "GET /images/cimer.ico HTTP/1.1" 200 1406 "http://www.kokosz.hu/index.php?option=com_content&task=view&id=1030&Itemid=97" "Mozilla/5.0 (Windows NT 10.0; Win64; x64; rv:91.0) Gecko/20100101 Firefox/91.0"
80.98.29.211 - - [02/Sep/2021:10:04:56 +0200] "GET /index.php?option=com_content&task=view&id=21&Itemid=31 HTTP/1.1" 200 62016 "http://www.kokosz.hu/index.php?option=com_content&task=view&id=1030&Itemid=97" "Mozilla/5.0 (Windows NT 10.0; Win64; x64; rv:91.0) Gecko/20100101 Firefox/91.0"
54.36.148.246 - - [02/Sep/2021:10:05:34 +0200] "GET /index2.php?option=com_content&task=view&id=894&pop=1&page=0 HTTP/1.1" 200 6491 "-" "Mozilla/5.0 (compatible; AhrefsBot/7.0; +http://ahrefs.com/robot/)"
185.191.171.25 - - [02/Sep/2021:10:06:28 +0200] "GET /robots.txt HTTP/1.1" 200 286 "-" "Mozilla/5.0 (compatible; SemrushBot/7~bl; +http://www.semrush.com/bot.html)"
185.191.171.25 - - [02/Sep/2021:10:06:29 +0200] "GET /index2.php?id=619&itemid=69&option=com_content&task=emailform HTTP/1.1" 200 2527 "-" "Mozilla/5.0 (compatible; SemrushBot/7~bl; +http://www.semrush.com/bot.html)"
185.191.171.24 - - [02/Sep/2021:10:07:05 +0200] "GET /index2.php?id=86&itemid=88&option=com_content&task=emailform HTTP/1.1" 200 2468 "-" "Mozilla/5.0 (compatible; SemrushBot/7~bl; +http://www.semrush.com/bot.html)"
185.191.171.25 - - [02/Sep/2021:10:08:18 +0200] "GET /index2.php?Itemid=1&id=1026&option=com_content&page=0&pop=1&task=view HTTP/1.1" 200 28719 "-" "Mozilla/5.0 (compatible; SemrushBot/7~bl; +http://www.semrush.com/bot.html)"
80.98.29.211 - - [02/Sep/2021:10:08:20 +0200] "GET /index.php?option=com_content&task=view&id=18&Itemid=28 HTTP/1.1" 200 36414 "http://www.kokosz.hu/index.php?option=com_content&task=view&id=21&Itemid=31" "Mozilla/5.0 (Windows NT 10.0; Win64; x64; rv:91.0) Gecko/20100101 Firefox/91.0"
80.98.29.211 - - [02/Sep/2021:10:08:21 +0200] "GET /images/stories/flash/ado.swf HTTP/1.1" 200 6736 "http://www.kokosz.hu/index.php?option=com_content&task=view&id=18&Itemid=28" "Mozilla/5.0 (Windows NT 10.0; Win64; x64; rv:91.0) Gecko/20100101 Firefox/91.0"
5.9.156.121 - - [02/Sep/2021:10:08:50 +0200] "GET /robots.txt HTTP/1.1" 200 286 "-" "Mozilla/5.0 (compatible; MJ12bot/v1.4.8; http://mj12bot.com/)"
5.9.156.121 - - [02/Sep/2021:10:08:55 +0200] "GET /index.php?option=com_content&task=category§ionid=10&id=28&Itemid=75 HTTP/1.1" 200 44596 "-" "Mozilla/5.0 (compatible; MJ12bot/v1.4.8; http://mj12bot.com/)"
5.9.156.121 - - [02/Sep/2021:10:09:00 +0200] "GET /index.php?option=com_content&task=view&id=499 HTTP/1.1" 200 30461 "-" "Mozilla/5.0 (compatible; MJ12bot/v1.4.8; http://mj12bot.com/)"
5.9.156.121 - - [02/Sep/2021:10:09:05 +0200] "GET /index.php?option=com_content&task=view&id=589 HTTP/1.1" 200 30622 "-" "Mozilla/5.0 (compatible; MJ12bot/v1.4.8; http://mj12bot.com/)"
5.9.156.121 - - [02/Sep/2021:10:09:10 +0200] "GET /index.php?option=com_content&task=view&id=734 HTTP/1.1" 200 31938 "-" "Mozilla/5.0 (compatible; MJ12bot/v1.4.8; http://mj12bot.com/)"
5.9.156.121 - - [02/Sep/2021:10:09:19 +0200] "GET /index.php?option=com_content&task=view&id=820&Itemid=1 HTTP/1.1" 200 32052 "-" "Mozilla/5.0 (compatible; MJ12bot/v1.4.8; http://mj12bot.com/)"
185.191.171.44 - - [02/Sep/2021:10:10:23 +0200] "GET /index2.php?id=905&itemid=78&option=com_content&task=emailform HTTP/1.1" 200 2479 "-" "Mozilla/5.0 (compatible; SemrushBot/7~bl; +http://www.semrush.com/bot.html)"
216.244.66.239 - - [02/Sep/2021:10:12:31 +0200] "GET /index2.php?option=com_content&task=view&id=263&pop=1&page=0&Itemid=68 HTTP/1.1" 200 692 "-" "Mozilla/5.0 (compatible; DotBot/1.2; +https://opensiteexplorer.org/dotbot; help@moz.com)"
185.191.171.11 - - [02/Sep/2021:10:15:53 +0200] "GET /index.php?id=1010&option=com_content&task=view HTTP/1.1" 200 75335 "-" "Mozilla/5.0 (compatible; SemrushBot/7~bl; +http://www.semrush.com/bot.html)"
54.36.148.5 - - [02/Sep/2021:10:16:12 +0200] "GET /index2.php?option=com_content&task=view&id=893&pop=1&page=0 HTTP/1.1" 200 3243 "-" "Mozilla/5.0 (compatible; AhrefsBot/7.0; +http://ahrefs.com/robot/)"
185.191.171.13 - - [02/Sep/2021:10:16:44 +0200] "GET /index2.php?id=563&itemid=99999999&option=com_content&task=emailform HTTP/1.1" 200 2516 "-" "Mozilla/5.0 (compatible; SemrushBot/7~bl; +http://www.semrush.com/bot.html)"
66.249.66.35 - - [02/Sep/2021:10:19:18 +0200] "GET /index.php?option=com_content&task=view&id=252&Itemid=65 HTTP/1.1" 200 28866 "-" "Mozilla/5.0 (Linux; Android 6.0.1; Nexus 5X Build/MMB29P) AppleWebKit/537.36 (KHTML, like Gecko) Chrome/92.0.4515.119 Mobile Safari/537.36 (compatible; Googlebot/2.1; +http://www.google.com/bot.html)"
185.191.171.11 - - [02/Sep/2021:10:19:18 +0200] "GET /index.php?id=859&option=com_content&task=view HTTP/1.1" 200 28437 "-" "Mozilla/5.0 (compatible; SemrushBot/7~bl; +http://www.semrush.com/bot.html)"
185.191.171.44 - - [02/Sep/2021:10:20:34 +0200] "GET /index2.php?Itemid=78&id=916&option=com_content&page=0&pop=1&task=view HTTP/1.1" 200 2331 "-" "Mozilla/5.0 (compatible; SemrushBot/7~bl; +http://www.semrush.com/bot.html)"
66.249.66.38 - - [02/Sep/2021:10:24:17 +0200] "GET /index.php?option=com_content&task=view&id=140&Itemid=66 HTTP/1.1" 200 42697 "-" "Mozilla/5.0 (Linux; Android 6.0.1; Nexus 5X Build/MMB29P) AppleWebKit/537.36 (KHTML, like Gecko) Chrome/92.0.4515.119 Mobile Safari/537.36 (compatible; Googlebot/2.1; +http://www.google.com/bot.html)"
185.191.171.37 - - [02/Sep/2021:10:25:19 +0200] "GET /index2.php?id=1014&itemid=1&option=com_content&task=emailform HTTP/1.1" 200 2493 "-" "Mozilla/5.0 (compatible; SemrushBot/7~bl; +http://www.semrush.com/bot.html)"
106.53.113.22 - - [02/Sep/2021:10:25:39 +0200] "GET /xmlrpc.php HTTP/1.1" 404 1181 "-" "Mozilla/5.0 (Windows NT 6.1; WOW64; rv:45.0) Gecko/20100101 Firefox/45.0"
185.191.171.24 - - [02/Sep/2021:10:26:52 +0200] "GET /index2.php?id=643&itemid=99999999&option=com_content&task=emailform HTTP/1.1" 200 2484 "-" "Mozilla/5.0 (compatible; SemrushBot/7~bl; +http://www.semrush.com/bot.html)"
54.36.148.209 - - [02/Sep/2021:10:26:52 +0200] "GET / HTTP/1.1" 200 33998 "-" "Mozilla/5.0 (compatible; AhrefsBot/7.0; +http://ahrefs.com/robot/)"
66.249.66.35 - - [02/Sep/2021:10:29:56 +0200] "GET /index.php?option=com_search&Itemid=99999999&searchword=sn%C3%A9&searchphrase=any&ordering=newest&limit=5&limitstart=25 HTTP/1.1" 200 35254 "-" "Mozilla/5.0 (compatible; Googlebot/2.1; +http://www.google.com/bot.html)"
185.191.171.40 - - [02/Sep/2021:10:32:56 +0200] "GET /index2.php?id=946&itemid=1&option=com_content&task=emailform HTTP/1.1" 200 2469 "-" "Mozilla/5.0 (compatible; SemrushBot/7~bl; +http://www.semrush.com/bot.html)"
66.249.66.38 - - [02/Sep/2021:10:34:20 +0200] "GET /index.php?option=com_search&Itemid=99999999&searchword=sz%C5%B1rcsap%C3%B3&searchphrase=any&ordering=newest&limit=5&limitstart=10 HTTP/1.1" 200 30433 "-" "Mozilla/5.0 (Linux; Android 6.0.1; Nexus 5X Build/MMB29P) AppleWebKit/537.36 (KHTML, like Gecko) Chrome/92.0.4515.119 Mobile Safari/537.36 (compatible; Googlebot/2.1; +http://www.google.com/bot.html)"
54.36.148.227 - - [02/Sep/2021:10:36:34 +0200] "GET /index2.php?option=com_content&task=emailform&id=804&itemid=99999999 HTTP/1.1" 200 2453 "-" "Mozilla/5.0 (compatible; AhrefsBot/7.0; +http://ahrefs.com/robot/)"
77.75.76.163 - - [02/Sep/2021:10:37:27 +0200] "GET /robots.txt HTTP/1.1" 200 286 "-" "Mozilla/5.0 (compatible; SeznamBot/3.2; +http://napoveda.seznam.cz/en/seznambot-intro/)"
77.75.76.163 - - [02/Sep/2021:10:37:28 +0200] "GET / HTTP/1.1" 200 33998 "-" "Mozilla/5.0 (compatible; SeznamBot/3.2; +http://napoveda.seznam.cz/en/seznambot-intro/)"
185.191.171.17 - - [02/Sep/2021:10:37:30 +0200] "GET /index2.php?id=1083&itemid=89&option=com_content&task=emailform HTTP/1.1" 200 692 "-" "Mozilla/5.0 (compatible; SemrushBot/7~bl; +http://www.semrush.com/bot.html)"
185.191.171.15 - - [02/Sep/2021:10:37:51 +0200] "GET /index2.php?id=334&itemid=99999999&option=com_content&task=emailform HTTP/1.1" 200 2483 "-" "Mozilla/5.0 (compatible; SemrushBot/7~bl; +http://www.semrush.com/bot.html)"
185.191.171.36 - - [02/Sep/2021:10:38:35 +0200] "GET /index2.php?Itemid=65&id=219&option=com_content&page=0&pop=1&task=view HTTP/1.1" 200 3499 "-" "Mozilla/5.0 (compatible; SemrushBot/7~bl; +http://www.semrush.com/bot.html)"
185.191.171.22 - - [02/Sep/2021:10:38:37 +0200] "GET /index.php?Itemid=78&id=1170&option=com_content&task=view HTTP/1.1" 200 29016 "-" "Mozilla/5.0 (compatible; SemrushBot/7~bl; +http://www.semrush.com/bot.html)"
185.191.171.44 - - [02/Sep/2021:10:39:23 +0200] "GET /index2.php?Itemid=1&id=1104&option=com_content&page=0&pop=1&task=view HTTP/1.1" 200 3844 "-" "Mozilla/5.0 (compatible; SemrushBot/7~bl; +http://www.semrush.com/bot.html)"
216.244.66.239 - - [02/Sep/2021:10:43:52 +0200] "GET /robots.txt HTTP/1.1" 200 286 "-" "Mozilla/5.0 (compatible; DotBot/1.2; +https://opensiteexplorer.org/dotbot; help@moz.com)"
216.244.66.239 - - [02/Sep/2021:10:43:53 +0200] "GET /robots.txt HTTP/1.1" 200 286 "-" "Mozilla/5.0 (compatible; DotBot/1.2; +https://opensiteexplorer.org/dotbot; help@moz.com)"
185.191.171.12 - - [02/Sep/2021:10:44:36 +0200] "GET /index2.php?id=1205&itemid=1&option=com_content&task=emailform HTTP/1.1" 200 692 "-" "Mozilla/5.0 (compatible; SemrushBot/7~bl; +http://www.semrush.com/bot.html)"
54.36.148.91 - - [02/Sep/2021:10:45:43 +0200] "GET /index2.php?option=com_content&task=view&id=804&pop=1&page=0 HTTP/1.1" 200 2283 "-" "Mozilla/5.0 (compatible; AhrefsBot/7.0; +http://ahrefs.com/robot/)"
106.52.242.87 - - [02/Sep/2021:10:46:48 +0200] "GET /xmlrpc.php HTTP/1.1" 404 1181 "-" "Mozilla/5.0 (Windows NT 6.1; WOW64; rv:45.0) Gecko/20100101 Firefox/45.0"
185.191.171.26 - - [02/Sep/2021:10:51:54 +0200] "GET /index2.php?id=103&itemid=99999999&option=com_content&task=emailform HTTP/1.1" 200 2480 "-" "Mozilla/5.0 (compatible; SemrushBot/7~bl; +http://www.semrush.com/bot.html)"
185.191.171.6 - - [02/Sep/2021:10:53:28 +0200] "GET /index2.php?id=461&option=com_content&page=0&pop=1&task=view HTTP/1.1" 200 4570 "-" "Mozilla/5.0 (compatible; SemrushBot/7~bl; +http://www.semrush.com/bot.html)"
54.36.148.167 - - [02/Sep/2021:10:53:31 +0200] "GET /index2.php?option=com_content&task=emailform&id=909&itemid=99999999 HTTP/1.1" 200 2460 "-" "Mozilla/5.0 (compatible; AhrefsBot/7.0; +http://ahrefs.com/robot/)"
216.244.66.239 - - [02/Sep/2021:10:53:53 +0200] "GET /index.php?option=com_content&task=category§ionid=9&id=23&Itemid=69 HTTP/1.1" 200 46352 "-" "Mozilla/5.0 (compatible; DotBot/1.2; +https://opensiteexplorer.org/dotbot; help@moz.com)"
185.191.171.38 - - [02/Sep/2021:10:53:53 +0200] "GET /index2.php?id=969&itemid=94&option=com_content&task=emailform HTTP/1.1" 200 2456 "-" "Mozilla/5.0 (compatible; SemrushBot/7~bl; +http://www.semrush.com/bot.html)"
185.191.171.36 - - [02/Sep/2021:10:54:29 +0200] "GET /index.php?id=453&option=com_content&task=view HTTP/1.1" 200 30560 "-" "Mozilla/5.0 (compatible; SemrushBot/7~bl; +http://www.semrush.com/bot.html)"
185.191.171.9 - - [02/Sep/2021:10:54:39 +0200] "GET /index2.php?id=1104&itemid=99999999&option=com_content&task=emailform HTTP/1.1" 200 2453 "-" "Mozilla/5.0 (compatible; SemrushBot/7~bl; +http://www.semrush.com/bot.html)"
185.191.171.3 - - [02/Sep/2021:10:55:43 +0200] "GET /index.php?Itemid=75&id=1071&option=com_content&task=view HTTP/1.1" 200 29257 "-" "Mozilla/5.0 (compatible; SemrushBot/7~bl; +http://www.semrush.com/bot.html)"
185.191.171.38 - - [02/Sep/2021:10:56:03 +0200] "GET /index.php?id=874&option=com_content&task=view HTTP/1.1" 200 30466 "-" "Mozilla/5.0 (compatible; SemrushBot/7~bl; +http://www.semrush.com/bot.html)"
185.191.171.38 - - [02/Sep/2021:10:57:54 +0200] "GET /index2.php?id=821&itemid=75&option=com_content&task=emailform HTTP/1.1" 200 2480 "-" "Mozilla/5.0 (compatible; SemrushBot/7~bl; +http://www.semrush.com/bot.html)"
185.191.171.37 - - [02/Sep/2021:10:59:50 +0200] "GET /index2.php?id=650&option=com_content&page=0&pop=1&task=view HTTP/1.1" 200 4570 "-" "Mozilla/5.0 (compatible; SemrushBot/7~bl; +http://www.semrush.com/bot.html)"
49.12.13.109 - - [02/Sep/2021:10:59:57 +0200] "HEAD / HTTP/1.1" 200 0 "-" "Alert_Alligator_webmonitoring_service_1.6.3_(alertalligator.com)"
121.4.181.178 - - [02/Sep/2021:11:01:24 +0200] "GET / HTTP/1.1" 200 33998 "-" "Mozilla/5.0 (Linux; Android 10; LIO-AN00 Build/HUAWEILIO-AN00; wv) AppleWebKit/537.36 (KHTML, like Gecko) Version/4.0 Chrome/78.0.3904.62 XWEB/2692 MMWEBSDK/200901 Mobile Safari/537.36"
185.191.171.12 - - [02/Sep/2021:11:01:38 +0200] "GET /index.php?Itemid=99999999&limit=30&limitstart=0&option=com_search&ordering=newest&searchphrase=any&searchword=szakk%C3%B6z%C3%A9piskola HTTP/1.1" 200 52927 "-" "Mozilla/5.0 (compatible; SemrushBot/7~bl; +http://www.semrush.com/bot.html)"
54.36.148.245 - - [02/Sep/2021:11:02:57 +0200] "GET /index.php?option=com_ponygallery&Itemid=84&func=viewcategory&catid=30 HTTP/1.1" 200 38365 "-" "Mozilla/5.0 (compatible; AhrefsBot/7.0; +http://ahrefs.com/robot/)"
216.244.66.239 - - [02/Sep/2021:11:03:16 +0200] "GET /index2.php?option=com_content&task=view&id=295&pop=1&page=0&Itemid=68 HTTP/1.1" 200 692 "-" "Mozilla/5.0 (compatible; DotBot/1.2; +https://opensiteexplorer.org/dotbot; help@moz.com)"
216.244.66.239 - - [02/Sep/2021:11:03:34 +0200] "GET /index2.php?option=com_content&task=view&id=700&pop=1&page=0&Itemid=68 HTTP/1.1" 200 692 "-" "Mozilla/5.0 (compatible; DotBot/1.2; +https://opensiteexplorer.org/dotbot; help@moz.com)"
66.249.66.38 - - [02/Sep/2021:11:04:43 +0200] "GET /index.php?option=com_content&task=view&id=484 HTTP/1.1" 200 29663 "-" "Mozilla/5.0 (Linux; Android 6.0.1; Nexus 5X Build/MMB29P) AppleWebKit/537.36 (KHTML, like Gecko) Chrome/92.0.4515.119 Mobile Safari/537.36 (compatible; Googlebot/2.1; +http://www.google.com/bot.html)"
66.249.66.41 - - [02/Sep/2021:11:04:46 +0200] "GET /index.php?option=com_content&task=view&id=497&Itemid=69 HTTP/1.1" 200 30714 "-" "Mozilla/5.0 (Linux; Android 6.0.1; Nexus 5X Build/MMB29P) AppleWebKit/537.36 (KHTML, like Gecko) Chrome/92.0.4515.119 Mobile Safari/537.36 (compatible; Googlebot/2.1; +http://www.google.com/bot.html)"
54.36.148.26 - - [02/Sep/2021:11:11:26 +0200] "GET /index.php?option=com_content&task=view&id=1110&Itemid=78 HTTP/1.1" 200 34952 "-" "Mozilla/5.0 (compatible; AhrefsBot/7.0; +http://ahrefs.com/robot/)"
185.191.171.2 - - [02/Sep/2021:11:13:38 +0200] "GET /robots.txt HTTP/1.1" 200 286 "-" "Mozilla/5.0 (compatible; SemrushBot/7~bl; +http://www.semrush.com/bot.html)"
185.191.171.34 - - [02/Sep/2021:11:13:39 +0200] "GET /index.php?id=767&option=com_content&task=view HTTP/1.1" 200 29554 "-" "Mozilla/5.0 (compatible; SemrushBot/7~bl; +http://www.semrush.com/bot.html)"
66.249.66.38 - - [02/Sep/2021:11:14:19 +0200] "GET /index.php?option=com_content&task=view&id=977&Itemid=67 HTTP/1.1" 200 31104 "-" "Mozilla/5.0 (Linux; Android 6.0.1; Nexus 5X Build/MMB29P) AppleWebKit/537.36 (KHTML, like Gecko) Chrome/92.0.4515.119 Mobile Safari/537.36 (compatible; Googlebot/2.1; +http://www.google.com/bot.html)"
185.191.171.11 - - [02/Sep/2021:11:18:31 +0200] "GET /index.php?Itemid=75&id=720&option=com_content&task=view HTTP/1.1" 200 29556 "-" "Mozilla/5.0 (compatible; SemrushBot/7~bl; +http://www.semrush.com/bot.html)"
54.36.149.66 - - [02/Sep/2021:11:20:16 +0200] "GET /index2.php?option=com_content&task=emailform&id=880&itemid=99999999 HTTP/1.1" 200 2484 "-" "Mozilla/5.0 (compatible; AhrefsBot/7.0; +http://ahrefs.com/robot/)"
185.191.171.7 - - [02/Sep/2021:11:20:52 +0200] "GET /index2.php?Itemid=69&id=337&option=com_content&page=0&pop=1&task=view HTTP/1.1" 200 4469 "-" "Mozilla/5.0 (compatible; SemrushBot/7~bl; +http://www.semrush.com/bot.html)"
185.191.171.1 - - [02/Sep/2021:11:21:20 +0200] "GET /index2.php?id=249&option=com_content&page=0&pop=1&task=view HTTP/1.1" 200 3610 "-" "Mozilla/5.0 (compatible; SemrushBot/7~bl; +http://www.semrush.com/bot.html)"
185.191.171.39 - - [02/Sep/2021:11:23:04 +0200] "GET /index.php?Itemid=69&id=504&option=com_content&task=view HTTP/1.1" 200 30585 "-" "Mozilla/5.0 (compatible; SemrushBot/7~bl; +http://www.semrush.com/bot.html)"
66.249.66.83 - - [02/Sep/2021:11:24:13 +0200] "GET /robots.txt HTTP/1.1" 200 286 "-" "Mozilla/5.0 (compatible; Googlebot/2.1; +http://www.google.com/bot.html)"
