157.90.177.216 - - [04/Sep/2021:03:35:47 +0200] "GET /index2.php?option=com_content&task=view&id=853&pop=1&page=0 HTTP/1.1" 200 2585 "-" "Mozilla/5.0 (compatible; BLEXBot/1.0; +http://webmeup-crawler.com/)"
157.90.177.216 - - [04/Sep/2021:03:35:49 +0200] "GET /index2.php?option=com_content&task=view&id=859&pop=1&page=0 HTTP/1.1" 200 2471 "-" "Mozilla/5.0 (compatible; BLEXBot/1.0; +http://webmeup-crawler.com/)"
157.90.177.216 - - [04/Sep/2021:03:35:51 +0200] "GET /index2.php?option=com_content&task=view&id=888&pop=1&page=0 HTTP/1.1" 200 30887 "-" "Mozilla/5.0 (compatible; BLEXBot/1.0; +http://webmeup-crawler.com/)"
185.191.171.40 - - [04/Sep/2021:03:38:14 +0200] "GET /index2.php?id=759&option=com_content&page=0&pop=1&task=view HTTP/1.1" 200 2508 "-" "Mozilla/5.0 (compatible; SemrushBot/7~bl; +http://www.semrush.com/bot.html)"
66.249.66.81 - - [04/Sep/2021:03:39:14 +0200] "GET /robots.txt HTTP/1.1" 200 286 "-" "Mozilla/5.0 (compatible; Googlebot/2.1; +http://www.google.com/bot.html)"
66.249.66.82 - - [04/Sep/2021:03:39:15 +0200] "GET /index.php?option=com_search&searchword=monostorap%C3%A1ti HTTP/1.1" 200 32054 "-" "Mozilla/5.0 (Linux; Android 6.0.1; Nexus 5X Build/MMB29P) AppleWebKit/537.36 (KHTML, like Gecko) Chrome/92.0.4515.119 Mobile Safari/537.36 (compatible; Googlebot/2.1; +http://www.google.com/bot.html)"
66.249.66.41 - - [04/Sep/2021:03:39:17 +0200] "GET /index.php?option=com_content&task=view&id=118&Itemid=66 HTTP/1.1" 200 30526 "-" "Mozilla/5.0 (Linux; Android 6.0.1; Nexus 5X Build/MMB29P) AppleWebKit/537.36 (KHTML, like Gecko) Chrome/92.0.4515.119 Mobile Safari/537.36 (compatible; Googlebot/2.1; +http://www.google.com/bot.html)"
54.36.148.192 - - [04/Sep/2021:03:39:20 +0200] "GET /index2.php?option=com_content&task=emailform&id=773&itemid=99999999 HTTP/1.1" 200 2490 "-" "Mozilla/5.0 (compatible; AhrefsBot/7.0; +http://ahrefs.com/robot/)"
185.191.171.19 - - [04/Sep/2021:03:42:33 +0200] "GET /index2.php?Itemid=69&id=507&option=com_content&page=0&pop=1&task=view HTTP/1.1" 200 4654 "-" "Mozilla/5.0 (compatible; SemrushBot/7~bl; +http://www.semrush.com/bot.html)"
101.109.159.204 - - [04/Sep/2021:03:43:30 +0200] "GET /administrator/ HTTP/1.1" 200 2101 "http://kokosz.hu/administrator/" "Mozilla/5.0 (X11; Ubuntu; Linux x86_64; rv:63.0) Gecko/20100101 Firefox/63.0"
101.109.159.204 - - [04/Sep/2021:03:43:36 +0200] "POST /administrator/ HTTP/1.1" 200 315 "http://fratellicorradi.it/wp-login.php" "Mozilla/5.0 (X11; Ubuntu; Linux x86_64; rv:63.0) Gecko/20100101 Firefox/63.0"
185.191.171.41 - - [04/Sep/2021:03:45:09 +0200] "GET /index.php?Itemid=78&id=1150&option=com_content&task=view HTTP/1.1" 200 29633 "-" "Mozilla/5.0 (compatible; SemrushBot/7~bl; +http://www.semrush.com/bot.html)"
185.191.171.33 - - [04/Sep/2021:03:45:19 +0200] "GET /index2.php?id=134&option=com_content&page=0&pop=1&task=view HTTP/1.1" 200 4503 "-" "Mozilla/5.0 (compatible; SemrushBot/7~bl; +http://www.semrush.com/bot.html)"
66.249.66.41 - - [04/Sep/2021:03:49:11 +0200] "GET /index.php?option=com_content&task=view&id=66 HTTP/1.1" 200 29500 "-" "Mozilla/5.0 (Linux; Android 6.0.1; Nexus 5X Build/MMB29P) AppleWebKit/537.36 (KHTML, like Gecko) Chrome/92.0.4515.119 Mobile Safari/537.36 (compatible; Googlebot/2.1; +http://www.google.com/bot.html)"
185.191.171.35 - - [04/Sep/2021:03:50:52 +0200] "GET /index2.php?id=1095&option=com_content&page=0&pop=1&task=view HTTP/1.1" 200 2907 "-" "Mozilla/5.0 (compatible; SemrushBot/7~bl; +http://www.semrush.com/bot.html)"
185.191.171.8 - - [04/Sep/2021:03:52:23 +0200] "GET /index2.php?id=719&itemid=78&option=com_content&task=emailform HTTP/1.1" 200 2472 "-" "Mozilla/5.0 (compatible; SemrushBot/7~bl; +http://www.semrush.com/bot.html)"
185.191.171.34 - - [04/Sep/2021:03:52:37 +0200] "GET /index.php?Itemid=75&id=911&option=com_content&task=view HTTP/1.1" 200 29315 "-" "Mozilla/5.0 (compatible; SemrushBot/7~bl; +http://www.semrush.com/bot.html)"
54.36.148.39 - - [04/Sep/2021:03:53:20 +0200] "GET /index.php?option=com_content&task=view&id=235&Itemid=65 HTTP/1.1" 200 28882 "-" "Mozilla/5.0 (compatible; AhrefsBot/7.0; +http://ahrefs.com/robot/)"
185.191.171.26 - - [04/Sep/2021:03:57:01 +0200] "GET /index2.php?id=1122&itemid=75&option=com_content&task=emailform HTTP/1.1" 200 692 "-" "Mozilla/5.0 (compatible; SemrushBot/7~bl; +http://www.semrush.com/bot.html)"
66.249.66.41 - - [04/Sep/2021:03:58:26 +0200] "GET / HTTP/1.1" 200 33998 "-" "Mozilla/5.0 (Linux; Android 6.0.1; Nexus 5X Build/MMB29P) AppleWebKit/537.36 (KHTML, like Gecko) Chrome/92.0.4515.119 Mobile Safari/537.36 (compatible; Googlebot/2.1; +http://www.google.com/bot.html)"
185.191.171.18 - - [04/Sep/2021:03:59:06 +0200] "GET /index2.php?id=873&option=com_content&page=0&pop=1&task=view HTTP/1.1" 200 2401 "-" "Mozilla/5.0 (compatible; SemrushBot/7~bl; +http://www.semrush.com/bot.html)"
185.191.171.7 - - [04/Sep/2021:03:59:51 +0200] "GET /index2.php?id=349&option=com_content&page=0&pop=1&task=view HTTP/1.1" 200 4530 "-" "Mozilla/5.0 (compatible; SemrushBot/7~bl; +http://www.semrush.com/bot.html)"
185.191.171.18 - - [04/Sep/2021:04:05:34 +0200] "GET /index2.php?id=634&itemid=99999999&option=com_content&task=emailform HTTP/1.1" 200 2525 "-" "Mozilla/5.0 (compatible; SemrushBot/7~bl; +http://www.semrush.com/bot.html)"
185.191.171.39 - - [04/Sep/2021:04:06:24 +0200] "GET /index2.php?id=1056&itemid=78&option=com_content&task=emailform HTTP/1.1" 200 2484 "-" "Mozilla/5.0 (compatible; SemrushBot/7~bl; +http://www.semrush.com/bot.html)"
54.36.148.218 - - [04/Sep/2021:04:07:16 +0200] "GET /index2.php?option=com_content&task=view&id=773&pop=1&page=0 HTTP/1.1" 200 4862 "-" "Mozilla/5.0 (compatible; AhrefsBot/7.0; +http://ahrefs.com/robot/)"
66.249.66.38 - - [04/Sep/2021:04:09:26 +0200] "GET /index.php?option=com_content&task=view&id=474 HTTP/1.1" 200 30584 "-" "Mozilla/5.0 (Linux; Android 6.0.1; Nexus 5X Build/MMB29P) AppleWebKit/537.36 (KHTML, like Gecko) Chrome/92.0.4515.119 Mobile Safari/537.36 (compatible; Googlebot/2.1; +http://www.google.com/bot.html)"
66.249.66.35 - - [04/Sep/2021:04:09:27 +0200] "GET /index.php?option=com_content&task=view&id=1018 HTTP/1.1" 200 32663 "-" "Mozilla/5.0 (Linux; Android 6.0.1; Nexus 5X Build/MMB29P) AppleWebKit/537.36 (KHTML, like Gecko) Chrome/92.0.4515.119 Mobile Safari/537.36 (compatible; Googlebot/2.1; +http://www.google.com/bot.html)"
66.249.66.35 - - [04/Sep/2021:04:09:29 +0200] "GET /index.php?option=com_content&task=view&id=1018 HTTP/1.1" 200 32663 "-" "Mozilla/5.0 (Linux; Android 6.0.1; Nexus 5X Build/MMB29P) AppleWebKit/537.36 (KHTML, like Gecko) Chrome/92.0.4515.119 Mobile Safari/537.36 (compatible; Googlebot/2.1; +http://www.google.com/bot.html)"
185.191.34.215 - - [04/Sep/2021:04:10:57 +0200] "GET /cache/generic/th3_alpha.php?upload=hidden HTTP/1.1" 404 1181 "-" "Mozilla/5.0 (Macintosh; Intel Mac OS X 10.14; rv:68.0) Gecko/20100101 Firefox/68.0"
144.126.133.141 - - [04/Sep/2021:04:11:51 +0200] "GET / HTTP/1.0" 200 33985 "-" "Mozilla/5.0 (iPad; U; CPU OS 3_2 like Mac OS X; en-us) AppleWebKit/531.21.10 (KHTML, like Gecko) Version/4.0.4 Mobile/7B334b Safari/531.21.102011-10-16 20:23:10"
185.191.171.19 - - [04/Sep/2021:04:12:49 +0200] "GET /index.php?Itemid=69&id=597&option=com_content&task=view HTTP/1.1" 200 30685 "-" "Mozilla/5.0 (compatible; SemrushBot/7~bl; +http://www.semrush.com/bot.html)"
66.249.66.41 - - [04/Sep/2021:04:13:17 +0200] "GET /index.php?option=com_content&task=view&id=319&Itemid=68 HTTP/1.1" 200 30285 "-" "Mozilla/5.0 (compatible; Googlebot/2.1; +http://www.google.com/bot.html)"
185.191.171.35 - - [04/Sep/2021:04:14:15 +0200] "GET /index2.php?Itemid=69&id=364&option=com_content&page=0&pop=1&task=view HTTP/1.1" 200 4452 "-" "Mozilla/5.0 (compatible; SemrushBot/7~bl; +http://www.semrush.com/bot.html)"
185.191.171.23 - - [04/Sep/2021:04:15:39 +0200] "GET /index.php?Itemid=69&id=672&option=com_content&task=view HTTP/1.1" 200 30763 "-" "Mozilla/5.0 (compatible; SemrushBot/7~bl; +http://www.semrush.com/bot.html)"
185.191.171.1 - - [04/Sep/2021:04:16:59 +0200] "GET /index.php?Itemid=68&id=290&option=com_content&task=view HTTP/1.1" 200 29517 "-" "Mozilla/5.0 (compatible; SemrushBot/7~bl; +http://www.semrush.com/bot.html)"
66.249.66.41 - - [04/Sep/2021:04:19:33 +0200] "GET /index.php?option=com_content&task=view&id=976&Itemid=67 HTTP/1.1" 200 30543 "-" "Mozilla/5.0 (Linux; Android 6.0.1; Nexus 5X Build/MMB29P) AppleWebKit/537.36 (KHTML, like Gecko) Chrome/92.0.4515.119 Mobile Safari/537.36 (compatible; Googlebot/2.1; +http://www.google.com/bot.html)"
185.191.171.1 - - [04/Sep/2021:04:20:42 +0200] "GET /index.php?Itemid=65&id=245&option=com_content&task=view HTTP/1.1" 200 29526 "-" "Mozilla/5.0 (compatible; SemrushBot/7~bl; +http://www.semrush.com/bot.html)"
185.191.171.22 - - [04/Sep/2021:04:20:45 +0200] "GET /index.php?Itemid=1&id=902&option=com_content&task=view HTTP/1.1" 200 29588 "-" "Mozilla/5.0 (compatible; SemrushBot/7~bl; +http://www.semrush.com/bot.html)"
185.191.171.14 - - [04/Sep/2021:04:20:59 +0200] "GET /index2.php?Itemid=78&id=835&option=com_content&page=0&pop=1&task=view HTTP/1.1" 200 2297 "-" "Mozilla/5.0 (compatible; SemrushBot/7~bl; +http://www.semrush.com/bot.html)"
54.36.148.83 - - [04/Sep/2021:04:21:11 +0200] "GET /index2.php?option=com_content&task=emailform&id=958&itemid=99999999 HTTP/1.1" 200 2464 "-" "Mozilla/5.0 (compatible; AhrefsBot/7.0; +http://ahrefs.com/robot/)"
216.244.66.239 - - [04/Sep/2021:04:24:11 +0200] "GET /robots.txt HTTP/1.1" 200 286 "-" "Mozilla/5.0 (compatible; DotBot/1.2; +https://opensiteexplorer.org/dotbot; help@moz.com)"
216.244.66.239 - - [04/Sep/2021:04:24:11 +0200] "GET /robots.txt HTTP/1.1" 200 286 "-" "Mozilla/5.0 (compatible; DotBot/1.2; +https://opensiteexplorer.org/dotbot; help@moz.com)"
66.249.66.38 - - [04/Sep/2021:04:24:33 +0200] "GET /index.php?option=com_content&task=view&id=129 HTTP/1.1" 200 30312 "-" "Mozilla/5.0 (compatible; Googlebot/2.1; +http://www.google.com/bot.html)"
185.191.171.16 - - [04/Sep/2021:04:25:56 +0200] "GET /index2.php?Itemid=78&id=751&option=com_content&page=0&pop=1&task=view HTTP/1.1" 200 15669 "-" "Mozilla/5.0 (compatible; SemrushBot/7~bl; +http://www.semrush.com/bot.html)"
159.69.145.50 - - [04/Sep/2021:04:30:35 +0200] "HEAD / HTTP/1.1" 200 0 "-" "Alert_Alligator_webmonitoring_service_1.6.3_(alertalligator.com)"
216.244.66.239 - - [04/Sep/2021:04:31:08 +0200] "GET /index.php?option=com_content&task=category§ionid=6&id=20&Itemid=65 HTTP/1.1" 200 44465 "-" "Mozilla/5.0 (compatible; DotBot/1.2; +https://opensiteexplorer.org/dotbot; help@moz.com)"
66.249.66.41 - - [04/Sep/2021:04:34:15 +0200] "GET /index2.php?option=com_content&task=view&id=129&pop=1&page=0 HTTP/1.1" 200 4373 "-" "Mozilla/5.0 (compatible; Googlebot/2.1; +http://www.google.com/bot.html)"
185.191.171.34 - - [04/Sep/2021:04:34:27 +0200] "GET /robots.txt HTTP/1.1" 200 286 "-" "Mozilla/5.0 (compatible; SemrushBot/7~bl; +http://www.semrush.com/bot.html)"
185.191.171.24 - - [04/Sep/2021:04:34:29 +0200] "GET /index.php?Itemid=69&id=627&option=com_content&task=view HTTP/1.1" 200 30836 "-" "Mozilla/5.0 (compatible; SemrushBot/7~bl; +http://www.semrush.com/bot.html)"
54.36.149.43 - - [04/Sep/2021:04:34:42 +0200] "GET /index2.php?option=com_content&task=view&id=751&pop=1&page=0 HTTP/1.1" 200 15664 "-" "Mozilla/5.0 (compatible; AhrefsBot/7.0; +http://ahrefs.com/robot/)"
216.244.66.239 - - [04/Sep/2021:04:34:51 +0200] "GET /index.php?option=com_content&task=view&id=986&Itemid=78 HTTP/1.1" 200 29423 "-" "Mozilla/5.0 (compatible; DotBot/1.2; +https://opensiteexplorer.org/dotbot; help@moz.com)"
185.191.171.42 - - [04/Sep/2021:04:46:36 +0200] "GET /index2.php?id=94&itemid=88&option=com_content&task=emailform HTTP/1.1" 200 2504 "-" "Mozilla/5.0 (compatible; SemrushBot/7~bl; +http://www.semrush.com/bot.html)"
185.191.171.20 - - [04/Sep/2021:04:47:49 +0200] "GET /index.php?id=854&option=com_content&task=view HTTP/1.1" 200 28642 "-" "Mozilla/5.0 (compatible; SemrushBot/7~bl; +http://www.semrush.com/bot.html)"
54.36.148.87 - - [04/Sep/2021:04:48:21 +0200] "GET /robots.txt HTTP/1.1" 200 286 "-" "Mozilla/5.0 (compatible; AhrefsBot/7.0; +http://ahrefs.com/robot/)"
54.36.149.55 - - [04/Sep/2021:04:48:22 +0200] "GET /index2.php?option=com_content&task=emailform&id=959&itemid=99999999 HTTP/1.1" 200 2473 "-" "Mozilla/5.0 (compatible; AhrefsBot/7.0; +http://ahrefs.com/robot/)"
185.191.171.2 - - [04/Sep/2021:04:49:46 +0200] "GET /index.php?Itemid=89&id=1202&option=com_content&task=view HTTP/1.1" 200 38267 "-" "Mozilla/5.0 (compatible; SemrushBot/7~bl; +http://www.semrush.com/bot.html)"
66.249.66.38 - - [04/Sep/2021:04:50:00 +0200] "GET /index.php?option=com_frontpage&Itemid=1 HTTP/1.1" 200 34032 "-" "Mozilla/5.0 (Linux; Android 6.0.1; Nexus 5X Build/MMB29P) AppleWebKit/537.36 (KHTML, like Gecko) Chrome/92.0.4515.119 Mobile Safari/537.36 (compatible; Googlebot/2.1; +http://www.google.com/bot.html)"
185.191.171.14 - - [04/Sep/2021:04:50:07 +0200] "GET /index2.php?id=730&itemid=78&option=com_content&task=emailform HTTP/1.1" 200 2522 "-" "Mozilla/5.0 (compatible; SemrushBot/7~bl; +http://www.semrush.com/bot.html)"
185.191.171.39 - - [04/Sep/2021:04:54:18 +0200] "GET /index.php?Itemid=75&id=16&option=com_content&task=view HTTP/1.1" 200 32567 "-" "Mozilla/5.0 (compatible; SemrushBot/7~bl; +http://www.semrush.com/bot.html)"
66.249.66.41 - - [04/Sep/2021:04:54:31 +0200] "GET /index2.php?option=com_content&task=view&id=110&pop=1&page=0&Itemid=88 HTTP/1.1" 200 4436 "-" "Mozilla/5.0 (compatible; Googlebot/2.1; +http://www.google.com/bot.html)"
185.191.171.14 - - [04/Sep/2021:04:59:45 +0200] "GET /index2.php?id=828&itemid=99999999&option=com_content&task=emailform HTTP/1.1" 200 2476 "-" "Mozilla/5.0 (compatible; SemrushBot/7~bl; +http://www.semrush.com/bot.html)"
66.249.66.38 - - [04/Sep/2021:05:00:06 +0200] "GET /index.php?option=com_content&task=view&id=276&Itemid=68 HTTP/1.1" 200 39824 "-" "Mozilla/5.0 (Linux; Android 6.0.1; Nexus 5X Build/MMB29P) AppleWebKit/537.36 (KHTML, like Gecko) Chrome/92.0.4515.119 Mobile Safari/537.36 (compatible; Googlebot/2.1; +http://www.google.com/bot.html)"
54.36.148.124 - - [04/Sep/2021:05:02:59 +0200] "GET /index.php?option=com_content&task=view&id=943 HTTP/1.1" 200 28122 "-" "Mozilla/5.0 (compatible; AhrefsBot/7.0; +http://ahrefs.com/robot/)"
185.191.171.45 - - [04/Sep/2021:05:05:32 +0200] "GET /index.php?id=436&option=com_content&task=view HTTP/1.1" 200 30572 "-" "Mozilla/5.0 (compatible; SemrushBot/7~bl; +http://www.semrush.com/bot.html)"
185.191.171.13 - - [04/Sep/2021:05:06:16 +0200] "GET /index2.php?Itemid=69&id=664&option=com_content&page=0&pop=1&task=view HTTP/1.1" 200 4506 "-" "Mozilla/5.0 (compatible; SemrushBot/7~bl; +http://www.semrush.com/bot.html)"
185.191.171.1 - - [04/Sep/2021:05:09:30 +0200] "GET /index2.php?id=822&itemid=99999999&option=com_content&task=emailform HTTP/1.1" 200 2458 "-" "Mozilla/5.0 (compatible; SemrushBot/7~bl; +http://www.semrush.com/bot.html)"
216.244.66.239 - - [04/Sep/2021:05:11:41 +0200] "GET /robots.txt HTTP/1.1" 200 286 "-" "Mozilla/5.0 (compatible; DotBot/1.2; +https://opensiteexplorer.org/dotbot; help@moz.com)"
54.36.148.221 - - [04/Sep/2021:05:14:49 +0200] "GET /index2.php?option=com_content&task=view&id=959&pop=1&page=0 HTTP/1.1" 200 3891 "-" "Mozilla/5.0 (compatible; AhrefsBot/7.0; +http://ahrefs.com/robot/)"
185.191.171.19 - - [04/Sep/2021:05:15:58 +0200] "GET /index2.php?id=239&itemid=65&option=com_content&task=emailform HTTP/1.1" 200 2496 "-" "Mozilla/5.0 (compatible; SemrushBot/7~bl; +http://www.semrush.com/bot.html)"
185.191.171.3 - - [04/Sep/2021:05:16:29 +0200] "GET /index2.php?id=591&option=com_content&page=0&pop=1&task=view HTTP/1.1" 200 4527 "-" "Mozilla/5.0 (compatible; SemrushBot/7~bl; +http://www.semrush.com/bot.html)"
216.244.66.239 - - [04/Sep/2021:05:17:04 +0200] "GET /index.php?option=com_content&task=view&id=1222 HTTP/1.1" 200 25705 "-" "Mozilla/5.0 (compatible; DotBot/1.2; +https://opensiteexplorer.org/dotbot; help@moz.com)"
61.171.41.234 - - [04/Sep/2021:05:17:32 +0200] "GET /xmlrpc.php HTTP/1.1" 404 1181 "-" "Mozilla/5.0 (Windows NT 6.1; WOW64; rv:45.0) Gecko/20100101 Firefox/45.0"
185.191.171.13 - - [04/Sep/2021:05:21:44 +0200] "GET /index2.php?id=465&itemid=69&option=com_content&task=emailform HTTP/1.1" 200 2516 "-" "Mozilla/5.0 (compatible; SemrushBot/7~bl; +http://www.semrush.com/bot.html)"
66.249.66.38 - - [04/Sep/2021:05:24:32 +0200] "GET /index2.php?option=com_content&task=view&id=98&pop=1&page=0&Itemid=88 HTTP/1.1" 200 3660 "-" "Mozilla/5.0 (compatible; Googlebot/2.1; +http://www.google.com/bot.html)"
185.191.171.24 - - [04/Sep/2021:05:24:36 +0200] "GET /index.php?Itemid=1&id=1130&option=com_content&task=view HTTP/1.1" 200 32005 "-" "Mozilla/5.0 (compatible; SemrushBot/7~bl; +http://www.semrush.com/bot.html)"
185.191.171.23 - - [04/Sep/2021:05:25:00 +0200] "GET /index2.php?Itemid=78&id=904&option=com_content&page=0&pop=1&task=view HTTP/1.1" 200 2298 "-" "Mozilla/5.0 (compatible; SemrushBot/7~bl; +http://www.semrush.com/bot.html)"
185.191.171.4 - - [04/Sep/2021:05:26:26 +0200] "GET /index2.php?id=956&itemid=93&option=com_content&task=emailform HTTP/1.1" 200 2463 "-" "Mozilla/5.0 (compatible; SemrushBot/7~bl; +http://www.semrush.com/bot.html)"
54.36.148.53 - - [04/Sep/2021:05:27:14 +0200] "GET /index2.php?option=com_content&task=view&id=958&pop=1&page=0 HTTP/1.1" 200 2519 "-" "Mozilla/5.0 (compatible; AhrefsBot/7.0; +http://ahrefs.com/robot/)"
212.237.53.115 - - [04/Sep/2021:05:29:56 +0200] "HEAD / HTTP/1.1" 200 0 "-" "Alert_Alligator_webmonitoring_service_1.6.3_(alertalligator.com)"
185.191.171.36 - - [04/Sep/2021:05:30:58 +0200] "GET /index2.php?Itemid=78&id=1169&option=com_content&page=0&pop=1&task=view HTTP/1.1" 200 2289 "-" "Mozilla/5.0 (compatible; SemrushBot/7~bl; +http://www.semrush.com/bot.html)"
185.191.171.24 - - [04/Sep/2021:05:31:07 +0200] "GET /index.php?Itemid=75&id=1127&option=com_content&task=view HTTP/1.1" 200 37335 "-" "Mozilla/5.0 (compatible; SemrushBot/7~bl; +http://www.semrush.com/bot.html)"
185.191.171.36 - - [04/Sep/2021:05:38:24 +0200] "GET /robots.txt HTTP/1.1" 200 286 "-" "Mozilla/5.0 (compatible; SemrushBot/7~bl; +http://www.semrush.com/bot.html)"
185.191.171.23 - - [04/Sep/2021:05:38:27 +0200] "GET /index.php?id=1145&option=com_content&task=view HTTP/1.1" 200 28261 "-" "Mozilla/5.0 (compatible; SemrushBot/7~bl; +http://www.semrush.com/bot.html)"
54.36.148.89 - - [04/Sep/2021:05:39:18 +0200] "GET /index.php?option=com_content&task=view&id=803&Itemid=75 HTTP/1.1" 200 36201 "-" "Mozilla/5.0 (compatible; AhrefsBot/7.0; +http://ahrefs.com/robot/)"
66.249.66.41 - - [04/Sep/2021:05:40:01 +0200] "GET /index.php?option=com_frontpage&Itemid=1&limit=7&limitstart=0 HTTP/1.1" 200 34061 "-" "Mozilla/5.0 (Linux; Android 6.0.1; Nexus 5X Build/MMB29P) AppleWebKit/537.36 (KHTML, like Gecko) Chrome/92.0.4515.119 Mobile Safari/537.36 (compatible; Googlebot/2.1; +http://www.google.com/bot.html)"
185.191.171.9 - - [04/Sep/2021:05:41:52 +0200] "GET /index2.php?Itemid=75&id=1108&option=com_content&page=0&pop=1&task=view HTTP/1.1" 200 5081 "-" "Mozilla/5.0 (compatible; SemrushBot/7~bl; +http://www.semrush.com/bot.html)"
185.191.171.42 - - [04/Sep/2021:05:43:55 +0200] "GET /index2.php?id=601&option=com_content&page=0&pop=1&task=view HTTP/1.1" 200 4551 "-" "Mozilla/5.0 (compatible; SemrushBot/7~bl; +http://www.semrush.com/bot.html)"
185.191.171.20 - - [04/Sep/2021:05:45:46 +0200] "GET /index2.php?Itemid=69&id=555&option=com_content&page=0&pop=1&task=view HTTP/1.1" 200 4525 "-" "Mozilla/5.0 (compatible; SemrushBot/7~bl; +http://www.semrush.com/bot.html)"
66.249.66.38 - - [04/Sep/2021:05:49:01 +0200] "GET /index.php?option=com_search&Itemid=99999999&searchword=sn%C3%A9&searchphrase=any&ordering=newest&limit=5&limitstart=30 HTTP/1.1" 200 35158 "-" "Mozilla/5.0 (Linux; Android 6.0.1; Nexus 5X Build/MMB29P) AppleWebKit/537.36 (KHTML, like Gecko) Chrome/92.0.4515.119 Mobile Safari/537.36 (compatible; Googlebot/2.1; +http://www.google.com/bot.html)"
54.36.149.46 - - [04/Sep/2021:05:50:49 +0200] "GET /index2.php?option=com_content&task=emailform&id=256&itemid=65 HTTP/1.1" 200 2460 "-" "Mozilla/5.0 (compatible; AhrefsBot/7.0; +http://ahrefs.com/robot/)"
185.191.171.1 - - [04/Sep/2021:05:50:57 +0200] "GET /index.php?Itemid=69&id=668&option=com_content&task=view HTTP/1.1" 200 30532 "-" "Mozilla/5.0 (compatible; SemrushBot/7~bl; +http://www.semrush.com/bot.html)"
185.191.171.10 - - [04/Sep/2021:05:51:32 +0200] "GET /index2.php?id=1208&itemid=99999999&option=com_content&task=emailform HTTP/1.1" 200 2471 "-" "Mozilla/5.0 (compatible; SemrushBot/7~bl; +http://www.semrush.com/bot.html)"
66.249.66.35 - - [04/Sep/2021:05:54:07 +0200] "GET /index.php?option=com_search&Itemid=99999999&searchword=sn%C3%A9&searchphrase=any&ordering=newest&limit=5&limitstart=20 HTTP/1.1" 200 35134 "-" "Mozilla/5.0 (Linux; Android 6.0.1; Nexus 5X Build/MMB29P) AppleWebKit/537.36 (KHTML, like Gecko) Chrome/92.0.4515.119 Mobile Safari/537.36 (compatible; Googlebot/2.1; +http://www.google.com/bot.html)"
185.191.171.23 - - [04/Sep/2021:05:56:41 +0200] "GET /index.php?Itemid=1&id=1153&option=com_content&task=view HTTP/1.1" 200 29677 "-" "Mozilla/5.0 (compatible; SemrushBot/7~bl; +http://www.semrush.com/bot.html)"
185.191.171.20 - - [04/Sep/2021:05:56:53 +0200] "GET /index2.php?id=100&itemid=66&option=com_content&task=emailform HTTP/1.1" 200 2490 "-" "Mozilla/5.0 (compatible; SemrushBot/7~bl; +http://www.semrush.com/bot.html)"
216.244.66.239 - - [04/Sep/2021:05:59:06 +0200] "GET /robots.txt HTTP/1.1" 200 286 "-" "Mozilla/5.0 (compatible; DotBot/1.2; +https://opensiteexplorer.org/dotbot; help@moz.com)"
216.244.66.239 - - [04/Sep/2021:05:59:06 +0200] "GET /robots.txt HTTP/1.1" 200 286 "-" "Mozilla/5.0 (compatible; DotBot/1.2; +https://opensiteexplorer.org/dotbot; help@moz.com)"
185.191.171.23 - - [04/Sep/2021:06:00:35 +0200] "GET /index2.php?Itemid=78&id=1120&option=com_content&page=0&pop=1&task=view HTTP/1.1" 200 2678 "-" "Mozilla/5.0 (compatible; SemrushBot/7~bl; +http://www.semrush.com/bot.html)"
54.36.148.221 - - [04/Sep/2021:06:00:55 +0200] "GET /index2.php?option=com_content&task=view&id=256&pop=1&page=0&Itemid=65 HTTP/1.1" 200 3457 "-" "Mozilla/5.0 (compatible; AhrefsBot/7.0; +http://ahrefs.com/robot/)"
66.249.66.35 - - [04/Sep/2021:06:02:02 +0200] "GET /index.php?option=com_content&task=view&id=586 HTTP/1.1" 200 30510 "-" "Mozilla/5.0 (Linux; Android 6.0.1; Nexus 5X Build/MMB29P) AppleWebKit/537.36 (KHTML, like Gecko) Chrome/92.0.4515.119 Mobile Safari/537.36 (compatible; Googlebot/2.1; +http://www.google.com/bot.html)"
185.191.171.11 - - [04/Sep/2021:06:02:30 +0200] "GET /index.php?id=182&option=com_content&task=view HTTP/1.1" 200 29505 "-" "Mozilla/5.0 (compatible; SemrushBot/7~bl; +http://www.semrush.com/bot.html)"
185.191.171.6 - - [04/Sep/2021:06:09:39 +0200] "GET /index2.php?Itemid=66&id=140&option=com_content&page=0&pop=1&task=view HTTP/1.1" 200 16671 "-" "Mozilla/5.0 (compatible; SemrushBot/7~bl; +http://www.semrush.com/bot.html)"
54.36.148.54 - - [04/Sep/2021:06:10:29 +0200] "GET /index2.php?option=com_content&task=emailform&id=764&itemid=99999999 HTTP/1.1" 200 2473 "-" "Mozilla/5.0 (compatible; AhrefsBot/7.0; +http://ahrefs.com/robot/)"
185.191.171.23 - - [04/Sep/2021:06:11:01 +0200] "GET /index2.php?Itemid=88&id=89&option=com_content&page=0&pop=1&task=view HTTP/1.1" 200 3542 "-" "Mozilla/5.0 (compatible; SemrushBot/7~bl; +http://www.semrush.com/bot.html)"
185.191.171.44 - - [04/Sep/2021:06:12:20 +0200] "GET /index2.php?id=415&option=com_content&page=0&pop=1&task=view HTTP/1.1" 200 4646 "-" "Mozilla/5.0 (compatible; SemrushBot/7~bl; +http://www.semrush.com/bot.html)"
185.191.171.41 - - [04/Sep/2021:06:12:48 +0200] "GET /index.php?Itemid=75&id=1012&option=com_content&task=view HTTP/1.1" 200 30378 "-" "Mozilla/5.0 (compatible; SemrushBot/7~bl; +http://www.semrush.com/bot.html)"
185.191.171.39 - - [04/Sep/2021:06:17:02 +0200] "GET /index2.php?Itemid=66&id=101&option=com_content&page=0&pop=1&task=view HTTP/1.1" 200 3833 "-" "Mozilla/5.0 (compatible; SemrushBot/7~bl; +http://www.semrush.com/bot.html)"
46.139.133.252 - - [04/Sep/2021:06:18:10 +0200] "GET / HTTP/1.1" 200 33998 "-" "Mozilla/5.0 (Windows NT 10.0; Win64; x64; rv:91.0) Gecko/20100101 Firefox/91.0"
46.139.133.252 - - [04/Sep/2021:06:18:10 +0200] "GET /templates/radiocampus/css/template_css.css HTTP/1.1" 200 10686 "http://www.kokosz.hu/" "Mozilla/5.0 (Windows NT 10.0; Win64; x64; rv:91.0) Gecko/20100101 Firefox/91.0"
46.139.133.252 - - [04/Sep/2021:06:18:10 +0200] "GET /templates/radiocampus/images/spacer.gif HTTP/1.1" 200 43 "http://www.kokosz.hu/" "Mozilla/5.0 (Windows NT 10.0; Win64; x64; rv:91.0) Gecko/20100101 Firefox/91.0"
46.139.133.252 - - [04/Sep/2021:06:18:10 +0200] "GET /images/stories/statikus_kepek/szogi_lajos_kepzo.jpg HTTP/1.1" 200 27286 "http://www.kokosz.hu/" "Mozilla/5.0 (Windows NT 10.0; Win64; x64; rv:91.0) Gecko/20100101 Firefox/91.0"
46.139.133.252 - - [04/Sep/2021:06:18:10 +0200] "GET /templates/radiocampus/images/background_top.jpg HTTP/1.1" 200 1400 "http://www.kokosz.hu/" "Mozilla/5.0 (Windows NT 10.0; Win64; x64; rv:91.0) Gecko/20100101 Firefox/91.0"
46.139.133.252 - - [04/Sep/2021:06:18:10 +0200] "GET /images/stories/logok/erdei_iskola_program.jpg HTTP/1.1" 200 7679 "http://www.kokosz.hu/" "Mozilla/5.0 (Windows NT 10.0; Win64; x64; rv:91.0) Gecko/20100101 Firefox/91.0"
46.139.133.252 - - [04/Sep/2021:06:18:10 +0200] "GET /images/stories/flash/ado.swf HTTP/1.1" 200 6736 "http://www.kokosz.hu/" "Mozilla/5.0 (Windows NT 10.0; Win64; x64; rv:91.0) Gecko/20100101 Firefox/91.0"
46.139.133.252 - - [04/Sep/2021:06:18:10 +0200] "GET /images/stories/logok/bagoly.gif HTTP/1.1" 200 4919 "http://www.kokosz.hu/" "Mozilla/5.0 (Windows NT 10.0; Win64; x64; rv:91.0) Gecko/20100101 Firefox/91.0"
46.139.133.252 - - [04/Sep/2021:06:18:10 +0200] "GET /images/stories/logok/emmi_logo.jpg HTTP/1.1" 200 3819 "http://www.kokosz.hu/" "Mozilla/5.0 (Windows NT 10.0; Win64; x64; rv:91.0) Gecko/20100101 Firefox/91.0"
46.139.133.252 - - [04/Sep/2021:06:18:10 +0200] "GET /images/stories/logok/2015/eet.jpg HTTP/1.1" 200 3753 "http://www.kokosz.hu/" "Mozilla/5.0 (Windows NT 10.0; Win64; x64; rv:91.0) Gecko/20100101 Firefox/91.0"
46.139.133.252 - - [04/Sep/2021:06:18:10 +0200] "GET /images/stories/logok/2015/emet.jpg HTTP/1.1" 200 5961 "http://www.kokosz.hu/" "Mozilla/5.0 (Windows NT 10.0; Win64; x64; rv:91.0) Gecko/20100101 Firefox/91.0"
46.139.133.252 - - [04/Sep/2021:06:18:10 +0200] "GET /templates/radiocampus/images/logo_top_pa.jpg HTTP/1.1" 200 114295 "http://www.kokosz.hu/" "Mozilla/5.0 (Windows NT 10.0; Win64; x64; rv:91.0) Gecko/20100101 Firefox/91.0"
46.139.133.252 - - [04/Sep/2021:06:18:10 +0200] "GET /images/stories/logok/2015/ofi.jpg HTTP/1.1" 200 5571 "http://www.kokosz.hu/" "Mozilla/5.0 (Windows NT 10.0; Win64; x64; rv:91.0) Gecko/20100101 Firefox/91.0"
46.139.133.252 - - [04/Sep/2021:06:18:10 +0200] "GET /images/stories/logok/2015/ntp.jpg HTTP/1.1" 200 4004 "http://www.kokosz.hu/" "Mozilla/5.0 (Windows NT 10.0; Win64; x64; rv:91.0) Gecko/20100101 Firefox/91.0"
46.139.133.252 - - [04/Sep/2021:06:18:10 +0200] "GET /images/stories/statikus_kepek/fotoalbum.gif HTTP/1.1" 200 2428 "http://www.kokosz.hu/" "Mozilla/5.0 (Windows NT 10.0; Win64; x64; rv:91.0) Gecko/20100101 Firefox/91.0"
46.139.133.252 - - [04/Sep/2021:06:18:10 +0200] "GET /images/stories/logok/erdei_iskola_program_et.jpg HTTP/1.1" 200 8081 "http://www.kokosz.hu/" "Mozilla/5.0 (Windows NT 10.0; Win64; x64; rv:91.0) Gecko/20100101 Firefox/91.0"
46.139.133.252 - - [04/Sep/2021:06:18:10 +0200] "GET /images/stories/logok/erdei_ovoda_logo.jpg HTTP/1.1" 200 3597 "http://www.kokosz.hu/" "Mozilla/5.0 (Windows NT 10.0; Win64; x64; rv:91.0) Gecko/20100101 Firefox/91.0"
46.139.133.252 - - [04/Sep/2021:06:18:10 +0200] "GET /images/stories/logok/erdei_iskola_logo.jpg HTTP/1.1" 200 6785 "http://www.kokosz.hu/" "Mozilla/5.0 (Windows NT 10.0; Win64; x64; rv:91.0) Gecko/20100101 Firefox/91.0"
46.139.133.252 - - [04/Sep/2021:06:18:10 +0200] "GET /templates/radiocampus/images/bild_rechts_gross.jpg HTTP/1.1" 200 16998 "http://www.kokosz.hu/" "Mozilla/5.0 (Windows NT 10.0; Win64; x64; rv:91.0) Gecko/20100101 Firefox/91.0"
46.139.133.252 - - [04/Sep/2021:06:18:10 +0200] "GET /modules/mod_vvisit_counter/images/blue/0.gif HTTP/1.1" 200 697 "http://www.kokosz.hu/" "Mozilla/5.0 (Windows NT 10.0; Win64; x64; rv:91.0) Gecko/20100101 Firefox/91.0"
46.139.133.252 - - [04/Sep/2021:06:18:10 +0200] "GET /modules/mod_vvisit_counter/images/blue/1.gif HTTP/1.1" 200 400 "http://www.kokosz.hu/" "Mozilla/5.0 (Windows NT 10.0; Win64; x64; rv:91.0) Gecko/20100101 Firefox/91.0"
46.139.133.252 - - [04/Sep/2021:06:18:10 +0200] "GET /modules/mod_vvisit_counter/images/blue/7.gif HTTP/1.1" 200 438 "http://www.kokosz.hu/" "Mozilla/5.0 (Windows NT 10.0; Win64; x64; rv:91.0) Gecko/20100101 Firefox/91.0"
46.139.133.252 - - [04/Sep/2021:06:18:10 +0200] "GET /modules/mod_vvisit_counter/images/blue/2.gif HTTP/1.1" 200 687 "http://www.kokosz.hu/" "Mozilla/5.0 (Windows NT 10.0; Win64; x64; rv:91.0) Gecko/20100101 Firefox/91.0"
46.139.133.252 - - [04/Sep/2021:06:18:10 +0200] "GET /modules/mod_vvisit_counter/images/blue/3.gif HTTP/1.1" 200 692 "http://www.kokosz.hu/" "Mozilla/5.0 (Windows NT 10.0; Win64; x64; rv:91.0) Gecko/20100101 Firefox/91.0"
46.139.133.252 - - [04/Sep/2021:06:18:10 +0200] "GET /images/stories/hirkepek/kopjafa.jpg HTTP/1.1" 200 5537 "http://www.kokosz.hu/" "Mozilla/5.0 (Windows NT 10.0; Win64; x64; rv:91.0) Gecko/20100101 Firefox/91.0"
46.139.133.252 - - [04/Sep/2021:06:18:10 +0200] "GET /modules/mod_vvisit_counter/images/blue/9.gif HTTP/1.1" 200 688 "http://www.kokosz.hu/" "Mozilla/5.0 (Windows NT 10.0; Win64; x64; rv:91.0) Gecko/20100101 Firefox/91.0"
46.139.133.252 - - [04/Sep/2021:06:18:10 +0200] "GET /modules/mod_vvisit_counter/images/vtoday.gif HTTP/1.1" 200 909 "http://www.kokosz.hu/" "Mozilla/5.0 (Windows NT 10.0; Win64; x64; rv:91.0) Gecko/20100101 Firefox/91.0"
46.139.133.252 - - [04/Sep/2021:06:18:10 +0200] "GET /modules/mod_vvisit_counter/images/vyesterday.gif HTTP/1.1" 200 909 "http://www.kokosz.hu/" "Mozilla/5.0 (Windows NT 10.0; Win64; x64; rv:91.0) Gecko/20100101 Firefox/91.0"
46.139.133.252 - - [04/Sep/2021:06:18:10 +0200] "GET /modules/mod_vvisit_counter/images/vweek.gif HTTP/1.1" 200 909 "http://www.kokosz.hu/" "Mozilla/5.0 (Windows NT 10.0; Win64; x64; rv:91.0) Gecko/20100101 Firefox/91.0"
46.139.133.252 - - [04/Sep/2021:06:18:10 +0200] "GET /modules/mod_vvisit_counter/images/vmonth.gif HTTP/1.1" 200 909 "http://www.kokosz.hu/" "Mozilla/5.0 (Windows NT 10.0; Win64; x64; rv:91.0) Gecko/20100101 Firefox/91.0"
46.139.133.252 - - [04/Sep/2021:06:18:10 +0200] "GET /modules/mod_vvisit_counter/images/vall.gif HTTP/1.1" 200 996 "http://www.kokosz.hu/" "Mozilla/5.0 (Windows NT 10.0; Win64; x64; rv:91.0) Gecko/20100101 Firefox/91.0"
46.139.133.252 - - [04/Sep/2021:06:18:10 +0200] "GET /images/cimer.ico HTTP/1.1" 200 1406 "http://www.kokosz.hu/" "Mozilla/5.0 (Windows NT 10.0; Win64; x64; rv:91.0) Gecko/20100101 Firefox/91.0"
54.36.149.82 - - [04/Sep/2021:06:20:06 +0200] "GET /index.php?option=com_content&task=view&id=1178&Itemid=75 HTTP/1.1" 200 29135 "-" "Mozilla/5.0 (compatible; AhrefsBot/7.0; +http://ahrefs.com/robot/)"
88.198.33.145 - - [04/Sep/2021:06:21:37 +0200] "GET /robots.txt HTTP/1.1" 200 286 "-" "Mozilla/5.0 (compatible; MJ12bot/v1.4.8; http://mj12bot.com/)"
88.198.33.145 - - [04/Sep/2021:06:21:44 +0200] "GET /index.php?option=com_content&task=category§ionid=10&id=25&Itemid=89 HTTP/1.1" 200 36486 "-" "Mozilla/5.0 (compatible; MJ12bot/v1.4.8; http://mj12bot.com/)"
88.198.33.145 - - [04/Sep/2021:06:21:50 +0200] "GET /index.php?option=com_content&task=category§ionid=10&id=28&Itemid=89 HTTP/1.1" 200 44094 "-" "Mozilla/5.0 (compatible; MJ12bot/v1.4.8; http://mj12bot.com/)"
88.198.33.145 - - [04/Sep/2021:06:21:54 +0200] "GET /index.php?option=com_content&task=category§ionid=10&id=29&Itemid=89 HTTP/1.1" 200 30745 "-" "Mozilla/5.0 (compatible; MJ12bot/v1.4.8; http://mj12bot.com/)"
88.198.33.145 - - [04/Sep/2021:06:22:00 +0200] "GET /index.php?option=com_content&task=category§ionid=10&id=30&Itemid=89 HTTP/1.1" 200 26925 "-" "Mozilla/5.0 (compatible; MJ12bot/v1.4.8; http://mj12bot.com/)"
88.198.33.145 - - [04/Sep/2021:06:22:04 +0200] "GET /index.php?option=com_content&task=category§ionid=10&id=31&Itemid=89 HTTP/1.1" 200 26923 "-" "Mozilla/5.0 (compatible; MJ12bot/v1.4.8; http://mj12bot.com/)"
88.198.33.145 - - [04/Sep/2021:06:22:07 +0200] "GET /index.php?option=com_content&task=view&id=1005&Itemid=79 HTTP/1.1" 200 28322 "-" "Mozilla/5.0 (compatible; MJ12bot/v1.4.8; http://mj12bot.com/)"
88.198.33.145 - - [04/Sep/2021:06:22:10 +0200] "GET /index.php?option=com_content&task=view&id=1006&Itemid=79 HTTP/1.1" 200 28396 "-" "Mozilla/5.0 (compatible; MJ12bot/v1.4.8; http://mj12bot.com/)"
88.198.33.145 - - [04/Sep/2021:06:22:13 +0200] "GET /index.php?option=com_content&task=view&id=1012 HTTP/1.1" 200 29625 "-" "Mozilla/5.0 (compatible; MJ12bot/v1.4.8; http://mj12bot.com/)"
88.198.33.145 - - [04/Sep/2021:06:22:16 +0200] "GET /index.php?option=com_content&task=view&id=1013&Itemid=1 HTTP/1.1" 200 29375 "-" "Mozilla/5.0 (compatible; MJ12bot/v1.4.8; http://mj12bot.com/)"
88.198.33.145 - - [04/Sep/2021:06:22:20 +0200] "GET /index.php?option=com_content&task=view&id=1016&Itemid=89 HTTP/1.1" 200 29264 "-" "Mozilla/5.0 (compatible; MJ12bot/v1.4.8; http://mj12bot.com/)"
88.198.33.145 - - [04/Sep/2021:06:22:22 +0200] "GET /index.php?option=com_content&task=view&id=1023 HTTP/1.1" 200 28708 "-" "Mozilla/5.0 (compatible; MJ12bot/v1.4.8; http://mj12bot.com/)"
88.198.33.145 - - [04/Sep/2021:06:22:25 +0200] "GET /index.php?option=com_content&task=view&id=1023&Itemid=1 HTTP/1.1" 200 29798 "-" "Mozilla/5.0 (compatible; MJ12bot/v1.4.8; http://mj12bot.com/)"
88.198.33.145 - - [04/Sep/2021:06:22:28 +0200] "GET /index.php?option=com_content&task=view&id=1024 HTTP/1.1" 200 28393 "-" "Mozilla/5.0 (compatible; MJ12bot/v1.4.8; http://mj12bot.com/)"
88.198.33.145 - - [04/Sep/2021:06:22:33 +0200] "GET /index.php?option=com_content&task=view&id=1024&Itemid=1 HTTP/1.1" 200 29483 "-" "Mozilla/5.0 (compatible; MJ12bot/v1.4.8; http://mj12bot.com/)"
88.198.33.145 - - [04/Sep/2021:06:22:36 +0200] "GET /index.php?option=com_content&task=view&id=1029&Itemid=89 HTTP/1.1" 200 32856 "-" "Mozilla/5.0 (compatible; MJ12bot/v1.4.8; http://mj12bot.com/)"
88.198.33.145 - - [04/Sep/2021:06:22:41 +0200] "GET /index.php?option=com_content&task=view&id=1031 HTTP/1.1" 200 35333 "-" "Mozilla/5.0 (compatible; MJ12bot/v1.4.8; http://mj12bot.com/)"
88.198.33.145 - - [04/Sep/2021:06:22:44 +0200] "GET /index.php?option=com_content&task=view&id=1035 HTTP/1.1" 200 25705 "-" "Mozilla/5.0 (compatible; MJ12bot/v1.4.8; http://mj12bot.com/)"
88.198.33.145 - - [04/Sep/2021:06:22:49 +0200] "GET /index.php?option=com_content&task=view&id=1041 HTTP/1.1" 200 28245 "-" "Mozilla/5.0 (compatible; MJ12bot/v1.4.8; http://mj12bot.com/)"
88.198.33.145 - - [04/Sep/2021:06:22:52 +0200] "GET /index.php?option=com_content&task=view&id=1041&Itemid=75 HTTP/1.1" 200 28963 "-" "Mozilla/5.0 (compatible; MJ12bot/v1.4.8; http://mj12bot.com/)"
88.198.33.145 - - [04/Sep/2021:06:22:55 +0200] "GET /index.php?option=com_content&task=view&id=1041&Itemid=89 HTTP/1.1" 200 28342 "-" "Mozilla/5.0 (compatible; MJ12bot/v1.4.8; http://mj12bot.com/)"
88.198.33.145 - - [04/Sep/2021:06:22:57 +0200] "GET /index.php?option=com_content&task=view&id=1044&Itemid=78 HTTP/1.1" 200 30189 "-" "Mozilla/5.0 (compatible; MJ12bot/v1.4.8; http://mj12bot.com/)"
88.198.33.145 - - [04/Sep/2021:06:22:59 +0200] "GET /index.php?option=com_content&task=view&id=1049&Itemid=89 HTTP/1.1" 200 28728 "-" "Mozilla/5.0 (compatible; MJ12bot/v1.4.8; http://mj12bot.com/)"
88.198.33.145 - - [04/Sep/2021:06:23:02 +0200] "GET /index.php?option=com_content&task=view&id=1061&Itemid=89 HTTP/1.1" 200 31962 "-" "Mozilla/5.0 (compatible; MJ12bot/v1.4.8; http://mj12bot.com/)"
88.198.33.145 - - [04/Sep/2021:06:23:04 +0200] "GET /index.php?option=com_content&task=view&id=1067&Itemid=89 HTTP/1.1" 200 28979 "-" "Mozilla/5.0 (compatible; MJ12bot/v1.4.8; http://mj12bot.com/)"
88.198.33.145 - - [04/Sep/2021:06:23:06 +0200] "GET /index.php?option=com_content&task=view&id=1071&Itemid=75 HTTP/1.1" 200 29257 "-" "Mozilla/5.0 (compatible; MJ12bot/v1.4.8; http://mj12bot.com/)"
88.198.33.145 - - [04/Sep/2021:06:23:09 +0200] "GET /index.php?option=com_content&task=view&id=1075&Itemid=78 HTTP/1.1" 200 28699 "-" "Mozilla/5.0 (compatible; MJ12bot/v1.4.8; http://mj12bot.com/)"
88.198.33.145 - - [04/Sep/2021:06:23:11 +0200] "GET /index.php?option=com_content&task=view&id=1076&Itemid=1 HTTP/1.1" 200 29392 "-" "Mozilla/5.0 (compatible; MJ12bot/v1.4.8; http://mj12bot.com/)"
88.198.33.145 - - [04/Sep/2021:06:23:13 +0200] "GET /index.php?option=com_content&task=view&id=1076&Itemid=75 HTTP/1.1" 200 28996 "-" "Mozilla/5.0 (compatible; MJ12bot/v1.4.8; http://mj12bot.com/)"
88.198.33.145 - - [04/Sep/2021:06:23:16 +0200] "GET /index.php?option=com_content&task=view&id=1076&Itemid=89 HTTP/1.1" 200 28399 "-" "Mozilla/5.0 (compatible; MJ12bot/v1.4.8; http://mj12bot.com/)"
88.198.33.145 - - [04/Sep/2021:06:23:18 +0200] "GET /index.php?option=com_content&task=view&id=1077&Itemid=78 HTTP/1.1" 200 28823 "-" "Mozilla/5.0 (compatible; MJ12bot/v1.4.8; http://mj12bot.com/)"
88.198.33.145 - - [04/Sep/2021:06:23:20 +0200] "GET /index.php?option=com_content&task=view&id=1079&Itemid=89 HTTP/1.1" 200 28381 "-" "Mozilla/5.0 (compatible; MJ12bot/v1.4.8; http://mj12bot.com/)"
88.198.33.145 - - [04/Sep/2021:06:23:22 +0200] "GET /index.php?option=com_content&task=view&id=1113&Itemid=89 HTTP/1.1" 200 28264 "-" "Mozilla/5.0 (compatible; MJ12bot/v1.4.8; http://mj12bot.com/)"
88.198.33.145 - - [04/Sep/2021:06:23:24 +0200] "GET /index.php?option=com_content&task=view&id=1114&Itemid=89 HTTP/1.1" 200 28420 "-" "Mozilla/5.0 (compatible; MJ12bot/v1.4.8; http://mj12bot.com/)"
88.198.33.145 - - [04/Sep/2021:06:23:26 +0200] "GET /index.php?option=com_content&task=view&id=1120&Itemid=89 HTTP/1.1" 200 28717 "-" "Mozilla/5.0 (compatible; MJ12bot/v1.4.8; http://mj12bot.com/)"
88.198.33.145 - - [04/Sep/2021:06:23:29 +0200] "GET /index.php?option=com_content&task=view&id=1127&Itemid=1 HTTP/1.1" 200 37714 "-" "Mozilla/5.0 (compatible; MJ12bot/v1.4.8; http://mj12bot.com/)"
88.198.33.145 - - [04/Sep/2021:06:23:31 +0200] "GET /index.php?option=com_content&task=view&id=1127&Itemid=75 HTTP/1.1" 200 37275 "-" "Mozilla/5.0 (compatible; MJ12bot/v1.4.8; http://mj12bot.com/)"
88.198.33.145 - - [04/Sep/2021:06:23:33 +0200] "GET /index.php?option=com_content&task=view&id=1127&Itemid=89 HTTP/1.1" 200 36721 "-" "Mozilla/5.0 (compatible; MJ12bot/v1.4.8; http://mj12bot.com/)"
88.198.33.145 - - [04/Sep/2021:06:23:35 +0200] "GET /index.php?option=com_content&task=view&id=1128&Itemid=79 HTTP/1.1" 200 28489 "-" "Mozilla/5.0 (compatible; MJ12bot/v1.4.8; http://mj12bot.com/)"
88.198.33.145 - - [04/Sep/2021:06:23:38 +0200] "GET /index.php?option=com_content&task=view&id=1128&Itemid=89 HTTP/1.1" 200 28489 "-" "Mozilla/5.0 (compatible; MJ12bot/v1.4.8; http://mj12bot.com/)"
88.198.33.145 - - [04/Sep/2021:06:23:42 +0200] "GET /index.php?option=com_content&task=view&id=1129&Itemid=89 HTTP/1.1" 200 28370 "-" "Mozilla/5.0 (compatible; MJ12bot/v1.4.8; http://mj12bot.com/)"
88.198.33.145 - - [04/Sep/2021:06:23:45 +0200] "GET /index.php?option=com_content&task=view&id=1139&Itemid=78 HTTP/1.1" 200 29214 "-" "Mozilla/5.0 (compatible; MJ12bot/v1.4.8; http://mj12bot.com/)"
88.198.33.145 - - [04/Sep/2021:06:23:50 +0200] "GET /index.php?option=com_content&task=view&id=1140&Itemid=89 HTTP/1.1" 200 32119 "-" "Mozilla/5.0 (compatible; MJ12bot/v1.4.8; http://mj12bot.com/)"
88.198.33.145 - - [04/Sep/2021:06:23:56 +0200] "GET /index.php?option=com_content&task=view&id=115 HTTP/1.1" 200 29800 "-" "Mozilla/5.0 (compatible; MJ12bot/v1.4.8; http://mj12bot.com/)"
88.198.33.145 - - [04/Sep/2021:06:24:00 +0200] "GET /index.php?option=com_content&task=view&id=1150&Itemid=78 HTTP/1.1" 200 29633 "-" "Mozilla/5.0 (compatible; MJ12bot/v1.4.8; http://mj12bot.com/)"
88.198.33.145 - - [04/Sep/2021:06:24:03 +0200] "GET /index.php?option=com_content&task=view&id=1153&Itemid=78 HTTP/1.1" 200 29100 "-" "Mozilla/5.0 (compatible; MJ12bot/v1.4.8; http://mj12bot.com/)"
88.198.33.145 - - [04/Sep/2021:06:24:09 +0200] "GET /index.php?option=com_content&task=view&id=1155&Itemid=75 HTTP/1.1" 200 29406 "-" "Mozilla/5.0 (compatible; MJ12bot/v1.4.8; http://mj12bot.com/)"
88.198.33.145 - - [04/Sep/2021:06:24:13 +0200] "GET /index.php?option=com_content&task=view&id=1155&Itemid=78 HTTP/1.1" 200 29193 "-" "Mozilla/5.0 (compatible; MJ12bot/v1.4.8; http://mj12bot.com/)"
88.198.33.145 - - [04/Sep/2021:06:24:16 +0200] "GET /index.php?option=com_content&task=view&id=1155&Itemid=89 HTTP/1.1" 200 28769 "-" "Mozilla/5.0 (compatible; MJ12bot/v1.4.8; http://mj12bot.com/)"
88.198.33.145 - - [04/Sep/2021:06:24:20 +0200] "GET /index.php?option=com_content&task=view&id=1161&Itemid=89 HTTP/1.1" 200 28324 "-" "Mozilla/5.0 (compatible; MJ12bot/v1.4.8; http://mj12bot.com/)"
88.198.33.145 - - [04/Sep/2021:06:24:25 +0200] "GET /index.php?option=com_content&task=view&id=1162&Itemid=89 HTTP/1.1" 200 28799 "-" "Mozilla/5.0 (compatible; MJ12bot/v1.4.8; http://mj12bot.com/)"
88.198.33.145 - - [04/Sep/2021:06:24:29 +0200] "GET /index.php?option=com_content&task=view&id=1164&Itemid=89 HTTP/1.1" 200 28341 "-" "Mozilla/5.0 (compatible; MJ12bot/v1.4.8; http://mj12bot.com/)"
88.198.33.145 - - [04/Sep/2021:06:24:33 +0200] "GET /index.php?option=com_content&task=view&id=1165&Itemid=89 HTTP/1.1" 200 29384 "-" "Mozilla/5.0 (compatible; MJ12bot/v1.4.8; http://mj12bot.com/)"
88.198.33.145 - - [04/Sep/2021:06:24:37 +0200] "GET /index.php?option=com_content&task=view&id=1168&Itemid=89 HTTP/1.1" 200 28817 "-" "Mozilla/5.0 (compatible; MJ12bot/v1.4.8; http://mj12bot.com/)"
88.198.33.145 - - [04/Sep/2021:06:24:41 +0200] "GET /index.php?option=com_content&task=view&id=1169&Itemid=78 HTTP/1.1" 200 28730 "-" "Mozilla/5.0 (compatible; MJ12bot/v1.4.8; http://mj12bot.com/)"
88.198.33.145 - - [04/Sep/2021:06:24:45 +0200] "GET /index.php?option=com_content&task=view&id=1172&Itemid=89 HTTP/1.1" 200 28334 "-" "Mozilla/5.0 (compatible; MJ12bot/v1.4.8; http://mj12bot.com/)"
88.198.33.145 - - [04/Sep/2021:06:24:48 +0200] "GET /index.php?option=com_content&task=view&id=1173&Itemid=89 HTTP/1.1" 200 32219 "-" "Mozilla/5.0 (compatible; MJ12bot/v1.4.8; http://mj12bot.com/)"
88.198.33.145 - - [04/Sep/2021:06:24:50 +0200] "GET /index.php?option=com_content&task=view&id=1174&Itemid=89 HTTP/1.1" 200 28612 "-" "Mozilla/5.0 (compatible; MJ12bot/v1.4.8; http://mj12bot.com/)"
88.198.33.145 - - [04/Sep/2021:06:24:53 +0200] "GET /index.php?option=com_content&task=view&id=1175&Itemid=89 HTTP/1.1" 200 28572 "-" "Mozilla/5.0 (compatible; MJ12bot/v1.4.8; http://mj12bot.com/)"
88.198.33.145 - - [04/Sep/2021:06:24:58 +0200] "GET /index.php?option=com_content&task=view&id=1176&Itemid=89 HTTP/1.1" 200 30137 "-" "Mozilla/5.0 (compatible; MJ12bot/v1.4.8; http://mj12bot.com/)"
88.198.33.145 - - [04/Sep/2021:06:25:01 +0200] "GET /index.php?option=com_content&task=view&id=1177&Itemid=89 HTTP/1.1" 200 28562 "-" "Mozilla/5.0 (compatible; MJ12bot/v1.4.8; http://mj12bot.com/)"
88.198.33.145 - - [04/Sep/2021:06:25:04 +0200] "GET /index.php?option=com_content&task=view&id=1178&Itemid=89 HTTP/1.1" 200 28508 "-" "Mozilla/5.0 (compatible; MJ12bot/v1.4.8; http://mj12bot.com/)"
88.198.33.145 - - [04/Sep/2021:06:25:09 +0200] "GET /index.php?option=com_content&task=view&id=1179&Itemid=89 HTTP/1.1" 200 28601 "-" "Mozilla/5.0 (compatible; MJ12bot/v1.4.8; http://mj12bot.com/)"
88.198.33.145 - - [04/Sep/2021:06:25:12 +0200] "GET /index.php?option=com_content&task=view&id=1180&Itemid=89 HTTP/1.1" 200 28512 "-" "Mozilla/5.0 (compatible; MJ12bot/v1.4.8; http://mj12bot.com/)"
88.198.33.145 - - [04/Sep/2021:06:25:17 +0200] "GET /index.php?option=com_content&task=view&id=1185&Itemid=89 HTTP/1.1" 200 28432 "-" "Mozilla/5.0 (compatible; MJ12bot/v1.4.8; http://mj12bot.com/)"
88.198.33.145 - - [04/Sep/2021:06:25:22 +0200] "GET /index.php?option=com_content&task=view&id=1195&Itemid=89 HTTP/1.1" 200 28572 "-" "Mozilla/5.0 (compatible; MJ12bot/v1.4.8; http://mj12bot.com/)"
88.198.33.145 - - [04/Sep/2021:06:25:27 +0200] "GET /index.php?option=com_content&task=view&id=1196&Itemid=89 HTTP/1.1" 200 40972 "-" "Mozilla/5.0 (compatible; MJ12bot/v1.4.8; http://mj12bot.com/)"
88.198.33.145 - - [04/Sep/2021:06:25:31 +0200] "GET /index.php?option=com_content&task=view&id=1199&Itemid=89 HTTP/1.1" 200 28660 "-" "Mozilla/5.0 (compatible; MJ12bot/v1.4.8; http://mj12bot.com/)"
88.198.33.145 - - [04/Sep/2021:06:25:34 +0200] "GET /index.php?option=com_content&task=view&id=1200&Itemid=89 HTTP/1.1" 200 28407 "-" "Mozilla/5.0 (compatible; MJ12bot/v1.4.8; http://mj12bot.com/)"
88.198.33.145 - - [04/Sep/2021:06:25:37 +0200] "GET /index.php?option=com_content&task=view&id=1201&Itemid=89 HTTP/1.1" 200 28286 "-" "Mozilla/5.0 (compatible; MJ12bot/v1.4.8; http://mj12bot.com/)"
88.198.33.145 - - [04/Sep/2021:06:25:41 +0200] "GET /index.php?option=com_content&task=view&id=1203&Itemid=89 HTTP/1.1" 200 29542 "-" "Mozilla/5.0 (compatible; MJ12bot/v1.4.8; http://mj12bot.com/)"
88.198.33.145 - - [04/Sep/2021:06:25:43 +0200] "GET /index.php?option=com_content&task=view&id=1204&Itemid=1 HTTP/1.1" 200 29120 "-" "Mozilla/5.0 (compatible; MJ12bot/v1.4.8; http://mj12bot.com/)"
88.198.33.145 - - [04/Sep/2021:06:25:47 +0200] "GET /index.php?option=com_content&task=view&id=1204&Itemid=89 HTTP/1.1" 200 28126 "-" "Mozilla/5.0 (compatible; MJ12bot/v1.4.8; http://mj12bot.com/)"
88.198.33.145 - - [04/Sep/2021:06:25:52 +0200] "GET /index.php?option=com_content&task=view&id=1205&Itemid=89 HTTP/1.1" 200 28396 "-" "Mozilla/5.0 (compatible; MJ12bot/v1.4.8; http://mj12bot.com/)"
88.198.33.145 - - [04/Sep/2021:06:25:56 +0200] "GET /index.php?option=com_content&task=view&id=1206&Itemid=89 HTTP/1.1" 200 29857 "-" "Mozilla/5.0 (compatible; MJ12bot/v1.4.8; http://mj12bot.com/)"
88.198.33.145 - - [04/Sep/2021:06:25:59 +0200] "GET /index.php?option=com_content&task=view&id=1213&Itemid=89 HTTP/1.1" 200 28606 "-" "Mozilla/5.0 (compatible; MJ12bot/v1.4.8; http://mj12bot.com/)"
88.198.33.145 - - [04/Sep/2021:06:26:01 +0200] "GET /index.php?option=com_content&task=view&id=1214&Itemid=89 HTTP/1.1" 200 28720 "-" "Mozilla/5.0 (compatible; MJ12bot/v1.4.8; http://mj12bot.com/)"
88.198.33.145 - - [04/Sep/2021:06:26:03 +0200] "GET /index.php?option=com_content&task=view&id=1216&Itemid=89 HTTP/1.1" 200 28436 "-" "Mozilla/5.0 (compatible; MJ12bot/v1.4.8; http://mj12bot.com/)"
88.198.33.145 - - [04/Sep/2021:06:26:06 +0200] "GET /index.php?option=com_content&task=view&id=1218&Itemid=89 HTTP/1.1" 200 28398 "-" "Mozilla/5.0 (compatible; MJ12bot/v1.4.8; http://mj12bot.com/)"
88.198.33.145 - - [04/Sep/2021:06:26:10 +0200] "GET /index.php?option=com_content&task=view&id=1219&Itemid=89 HTTP/1.1" 200 28741 "-" "Mozilla/5.0 (compatible; MJ12bot/v1.4.8; http://mj12bot.com/)"
88.198.33.145 - - [04/Sep/2021:06:26:15 +0200] "GET /index.php?option=com_content&task=view&id=1220&Itemid=89 HTTP/1.1" 200 25758 "-" "Mozilla/5.0 (compatible; MJ12bot/v1.4.8; http://mj12bot.com/)"
88.198.33.145 - - [04/Sep/2021:06:26:19 +0200] "GET /index.php?option=com_content&task=view&id=1221&Itemid=89 HTTP/1.1" 200 28667 "-" "Mozilla/5.0 (compatible; MJ12bot/v1.4.8; http://mj12bot.com/)"
88.198.33.145 - - [04/Sep/2021:06:26:23 +0200] "GET /index.php?option=com_content&task=view&id=1222&Itemid=89 HTTP/1.1" 200 25758 "-" "Mozilla/5.0 (compatible; MJ12bot/v1.4.8; http://mj12bot.com/)"
88.198.33.145 - - [04/Sep/2021:06:26:29 +0200] "GET /index.php?option=com_content&task=view&id=1223&Itemid=89 HTTP/1.1" 200 28634 "-" "Mozilla/5.0 (compatible; MJ12bot/v1.4.8; http://mj12bot.com/)"
88.198.33.145 - - [04/Sep/2021:06:26:33 +0200] "GET /index.php?option=com_content&task=view&id=1224&Itemid=89 HTTP/1.1" 200 28587 "-" "Mozilla/5.0 (compatible; MJ12bot/v1.4.8; http://mj12bot.com/)"
88.198.33.145 - - [04/Sep/2021:06:26:36 +0200] "GET /index.php?option=com_content&task=view&id=1225&Itemid=75 HTTP/1.1" 200 29098 "-" "Mozilla/5.0 (compatible; MJ12bot/v1.4.8; http://mj12bot.com/)"
88.198.33.145 - - [04/Sep/2021:06:26:38 +0200] "GET /index.php?option=com_content&task=view&id=1225&Itemid=89 HTTP/1.1" 200 28466 "-" "Mozilla/5.0 (compatible; MJ12bot/v1.4.8; http://mj12bot.com/)"
88.198.33.145 - - [04/Sep/2021:06:26:43 +0200] "GET /index.php?option=com_content&task=view&id=1226&Itemid=89 HTTP/1.1" 200 28716 "-" "Mozilla/5.0 (compatible; MJ12bot/v1.4.8; http://mj12bot.com/)"
88.198.33.145 - - [04/Sep/2021:06:26:46 +0200] "GET /index.php?option=com_content&task=view&id=1227&Itemid=89 HTTP/1.1" 200 29126 "-" "Mozilla/5.0 (compatible; MJ12bot/v1.4.8; http://mj12bot.com/)"
88.198.33.145 - - [04/Sep/2021:06:26:50 +0200] "GET /index.php?option=com_content&task=view&id=1228&Itemid=89 HTTP/1.1" 200 35300 "-" "Mozilla/5.0 (compatible; MJ12bot/v1.4.8; http://mj12bot.com/)"
88.198.33.145 - - [04/Sep/2021:06:26:55 +0200] "GET /index.php?option=com_content&task=view&id=1229&Itemid=89 HTTP/1.1" 200 28745 "-" "Mozilla/5.0 (compatible; MJ12bot/v1.4.8; http://mj12bot.com/)"
88.198.33.145 - - [04/Sep/2021:06:26:59 +0200] "GET /index.php?option=com_content&task=view&id=1230&Itemid=89 HTTP/1.1" 200 30546 "-" "Mozilla/5.0 (compatible; MJ12bot/v1.4.8; http://mj12bot.com/)"
88.198.33.145 - - [04/Sep/2021:06:27:03 +0200] "GET /index.php?option=com_content&task=view&id=1231&Itemid=89 HTTP/1.1" 200 28541 "-" "Mozilla/5.0 (compatible; MJ12bot/v1.4.8; http://mj12bot.com/)"
88.198.33.145 - - [04/Sep/2021:06:27:09 +0200] "GET /index.php?option=com_content&task=view&id=1232&Itemid=89 HTTP/1.1" 200 30342 "-" "Mozilla/5.0 (compatible; MJ12bot/v1.4.8; http://mj12bot.com/)"
88.198.33.145 - - [04/Sep/2021:06:27:11 +0200] "GET /index.php?option=com_content&task=view&id=1233&Itemid=89 HTTP/1.1" 200 28364 "-" "Mozilla/5.0 (compatible; MJ12bot/v1.4.8; http://mj12bot.com/)"
