178.164.211.103 - - [03/Sep/2021:18:55:31 +0200] "GET /images/stories/logok/bagoly.gif HTTP/1.1" 200 4919 "http://www.kokosz.hu/" "Mozilla/5.0 (Linux; Android 10; SAMSUNG SM-A750FN) AppleWebKit/537.36 (KHTML, like Gecko) SamsungBrowser/13.0 Chrome/83.0.4103.106 Mobile Safari/537.36"
178.164.211.103 - - [03/Sep/2021:18:55:31 +0200] "GET /images/stories/logok/emmi_logo.jpg HTTP/1.1" 200 3819 "http://www.kokosz.hu/" "Mozilla/5.0 (Linux; Android 10; SAMSUNG SM-A750FN) AppleWebKit/537.36 (KHTML, like Gecko) SamsungBrowser/13.0 Chrome/83.0.4103.106 Mobile Safari/537.36"
178.164.211.103 - - [03/Sep/2021:18:55:31 +0200] "GET /images/stories/logok/2015/ofi.jpg HTTP/1.1" 200 5571 "http://www.kokosz.hu/" "Mozilla/5.0 (Linux; Android 10; SAMSUNG SM-A750FN) AppleWebKit/537.36 (KHTML, like Gecko) SamsungBrowser/13.0 Chrome/83.0.4103.106 Mobile Safari/537.36"
178.164.211.103 - - [03/Sep/2021:18:55:31 +0200] "GET /images/stories/logok/2015/eet.jpg HTTP/1.1" 200 3753 "http://www.kokosz.hu/" "Mozilla/5.0 (Linux; Android 10; SAMSUNG SM-A750FN) AppleWebKit/537.36 (KHTML, like Gecko) SamsungBrowser/13.0 Chrome/83.0.4103.106 Mobile Safari/537.36"
178.164.211.103 - - [03/Sep/2021:18:55:31 +0200] "GET /images/stories/logok/2015/emet.jpg HTTP/1.1" 200 5961 "http://www.kokosz.hu/" "Mozilla/5.0 (Linux; Android 10; SAMSUNG SM-A750FN) AppleWebKit/537.36 (KHTML, like Gecko) SamsungBrowser/13.0 Chrome/83.0.4103.106 Mobile Safari/537.36"
178.164.211.103 - - [03/Sep/2021:18:55:31 +0200] "GET /templates/radiocampus/images/bild_rechts_gross.jpg HTTP/1.1" 200 16998 "http://www.kokosz.hu/" "Mozilla/5.0 (Linux; Android 10; SAMSUNG SM-A750FN) AppleWebKit/537.36 (KHTML, like Gecko) SamsungBrowser/13.0 Chrome/83.0.4103.106 Mobile Safari/537.36"
178.164.211.103 - - [03/Sep/2021:18:55:31 +0200] "GET /images/stories/logok/2015/ntp.jpg HTTP/1.1" 200 4004 "http://www.kokosz.hu/" "Mozilla/5.0 (Linux; Android 10; SAMSUNG SM-A750FN) AppleWebKit/537.36 (KHTML, like Gecko) SamsungBrowser/13.0 Chrome/83.0.4103.106 Mobile Safari/537.36"
178.164.211.103 - - [03/Sep/2021:18:55:31 +0200] "GET /images/stories/hirkepek/kopjafa.jpg HTTP/1.1" 200 5537 "http://www.kokosz.hu/" "Mozilla/5.0 (Linux; Android 10; SAMSUNG SM-A750FN) AppleWebKit/537.36 (KHTML, like Gecko) SamsungBrowser/13.0 Chrome/83.0.4103.106 Mobile Safari/537.36"
178.164.211.103 - - [03/Sep/2021:18:55:31 +0200] "GET /images/stories/logok/erdei_iskola_program_et.jpg HTTP/1.1" 200 8081 "http://www.kokosz.hu/" "Mozilla/5.0 (Linux; Android 10; SAMSUNG SM-A750FN) AppleWebKit/537.36 (KHTML, like Gecko) SamsungBrowser/13.0 Chrome/83.0.4103.106 Mobile Safari/537.36"
178.164.211.103 - - [03/Sep/2021:18:55:31 +0200] "GET /images/stories/logok/erdei_iskola_logo.jpg HTTP/1.1" 200 6785 "http://www.kokosz.hu/" "Mozilla/5.0 (Linux; Android 10; SAMSUNG SM-A750FN) AppleWebKit/537.36 (KHTML, like Gecko) SamsungBrowser/13.0 Chrome/83.0.4103.106 Mobile Safari/537.36"
178.164.211.103 - - [03/Sep/2021:18:55:31 +0200] "GET /images/stories/logok/erdei_ovoda_logo.jpg HTTP/1.1" 200 3597 "http://www.kokosz.hu/" "Mozilla/5.0 (Linux; Android 10; SAMSUNG SM-A750FN) AppleWebKit/537.36 (KHTML, like Gecko) SamsungBrowser/13.0 Chrome/83.0.4103.106 Mobile Safari/537.36"
178.164.211.103 - - [03/Sep/2021:18:55:31 +0200] "GET /modules/mod_vvisit_counter/images/blue/0.gif HTTP/1.1" 200 697 "http://www.kokosz.hu/" "Mozilla/5.0 (Linux; Android 10; SAMSUNG SM-A750FN) AppleWebKit/537.36 (KHTML, like Gecko) SamsungBrowser/13.0 Chrome/83.0.4103.106 Mobile Safari/537.36"
178.164.211.103 - - [03/Sep/2021:18:55:31 +0200] "GET /modules/mod_vvisit_counter/images/blue/1.gif HTTP/1.1" 200 400 "http://www.kokosz.hu/" "Mozilla/5.0 (Linux; Android 10; SAMSUNG SM-A750FN) AppleWebKit/537.36 (KHTML, like Gecko) SamsungBrowser/13.0 Chrome/83.0.4103.106 Mobile Safari/537.36"
178.164.211.103 - - [03/Sep/2021:18:55:31 +0200] "GET /modules/mod_vvisit_counter/images/blue/7.gif HTTP/1.1" 200 438 "http://www.kokosz.hu/" "Mozilla/5.0 (Linux; Android 10; SAMSUNG SM-A750FN) AppleWebKit/537.36 (KHTML, like Gecko) SamsungBrowser/13.0 Chrome/83.0.4103.106 Mobile Safari/537.36"
178.164.211.103 - - [03/Sep/2021:18:55:31 +0200] "GET /modules/mod_vvisit_counter/images/blue/2.gif HTTP/1.1" 200 687 "http://www.kokosz.hu/" "Mozilla/5.0 (Linux; Android 10; SAMSUNG SM-A750FN) AppleWebKit/537.36 (KHTML, like Gecko) SamsungBrowser/13.0 Chrome/83.0.4103.106 Mobile Safari/537.36"
178.164.211.103 - - [03/Sep/2021:18:55:31 +0200] "GET /modules/mod_vvisit_counter/images/blue/8.gif HTTP/1.1" 200 697 "http://www.kokosz.hu/" "Mozilla/5.0 (Linux; Android 10; SAMSUNG SM-A750FN) AppleWebKit/537.36 (KHTML, like Gecko) SamsungBrowser/13.0 Chrome/83.0.4103.106 Mobile Safari/537.36"
178.164.211.103 - - [03/Sep/2021:18:55:31 +0200] "GET /modules/mod_vvisit_counter/images/vtoday.gif HTTP/1.1" 200 909 "http://www.kokosz.hu/" "Mozilla/5.0 (Linux; Android 10; SAMSUNG SM-A750FN) AppleWebKit/537.36 (KHTML, like Gecko) SamsungBrowser/13.0 Chrome/83.0.4103.106 Mobile Safari/537.36"
178.164.211.103 - - [03/Sep/2021:18:55:31 +0200] "GET /modules/mod_vvisit_counter/images/vyesterday.gif HTTP/1.1" 200 909 "http://www.kokosz.hu/" "Mozilla/5.0 (Linux; Android 10; SAMSUNG SM-A750FN) AppleWebKit/537.36 (KHTML, like Gecko) SamsungBrowser/13.0 Chrome/83.0.4103.106 Mobile Safari/537.36"
178.164.211.103 - - [03/Sep/2021:18:55:31 +0200] "GET /modules/mod_vvisit_counter/images/vweek.gif HTTP/1.1" 200 909 "http://www.kokosz.hu/" "Mozilla/5.0 (Linux; Android 10; SAMSUNG SM-A750FN) AppleWebKit/537.36 (KHTML, like Gecko) SamsungBrowser/13.0 Chrome/83.0.4103.106 Mobile Safari/537.36"
178.164.211.103 - - [03/Sep/2021:18:55:31 +0200] "GET /templates/radiocampus/images/background_top.jpg HTTP/1.1" 200 1400 "http://www.kokosz.hu/" "Mozilla/5.0 (Linux; Android 10; SAMSUNG SM-A750FN) AppleWebKit/537.36 (KHTML, like Gecko) SamsungBrowser/13.0 Chrome/83.0.4103.106 Mobile Safari/537.36"
178.164.211.103 - - [03/Sep/2021:18:55:31 +0200] "GET /modules/mod_vvisit_counter/images/vmonth.gif HTTP/1.1" 200 909 "http://www.kokosz.hu/" "Mozilla/5.0 (Linux; Android 10; SAMSUNG SM-A750FN) AppleWebKit/537.36 (KHTML, like Gecko) SamsungBrowser/13.0 Chrome/83.0.4103.106 Mobile Safari/537.36"
178.164.211.103 - - [03/Sep/2021:18:55:31 +0200] "GET /modules/mod_vvisit_counter/images/blue/6.gif HTTP/1.1" 200 701 "http://www.kokosz.hu/" "Mozilla/5.0 (Linux; Android 10; SAMSUNG SM-A750FN) AppleWebKit/537.36 (KHTML, like Gecko) SamsungBrowser/13.0 Chrome/83.0.4103.106 Mobile Safari/537.36"
178.164.211.103 - - [03/Sep/2021:18:55:31 +0200] "GET /modules/mod_vvisit_counter/images/vall.gif HTTP/1.1" 200 996 "http://www.kokosz.hu/" "Mozilla/5.0 (Linux; Android 10; SAMSUNG SM-A750FN) AppleWebKit/537.36 (KHTML, like Gecko) SamsungBrowser/13.0 Chrome/83.0.4103.106 Mobile Safari/537.36"
178.164.211.103 - - [03/Sep/2021:18:55:31 +0200] "GET /images/stories/statikus_kepek/fotoalbum.gif HTTP/1.1" 200 2428 "http://www.kokosz.hu/" "Mozilla/5.0 (Linux; Android 10; SAMSUNG SM-A750FN) AppleWebKit/537.36 (KHTML, like Gecko) SamsungBrowser/13.0 Chrome/83.0.4103.106 Mobile Safari/537.36"
178.164.211.103 - - [03/Sep/2021:18:55:32 +0200] "GET /images/cimer.ico HTTP/1.1" 200 1406 "http://www.kokosz.hu/" "Mozilla/5.0 (Linux; Android 10; SAMSUNG SM-A750FN) AppleWebKit/537.36 (KHTML, like Gecko) SamsungBrowser/13.0 Chrome/83.0.4103.106 Mobile Safari/537.36"
185.191.171.34 - - [03/Sep/2021:18:57:52 +0200] "GET /index2.php?id=985&itemid=1&option=com_content&task=emailform HTTP/1.1" 200 2505 "-" "Mozilla/5.0 (compatible; SemrushBot/7~bl; +http://www.semrush.com/bot.html)"
185.191.171.7 - - [03/Sep/2021:18:58:27 +0200] "GET /index2.php?id=390&itemid=69&option=com_content&task=emailform HTTP/1.1" 200 2476 "-" "Mozilla/5.0 (compatible; SemrushBot/7~bl; +http://www.semrush.com/bot.html)"
185.191.171.21 - - [03/Sep/2021:18:58:36 +0200] "GET /index.php?Itemid=75&id=925&option=com_content&task=view HTTP/1.1" 200 42424 "-" "Mozilla/5.0 (compatible; SemrushBot/7~bl; +http://www.semrush.com/bot.html)"
185.191.171.10 - - [03/Sep/2021:18:59:37 +0200] "GET /index2.php?Itemid=75&id=875&option=com_content&page=0&pop=1&task=view HTTP/1.1" 200 2426 "-" "Mozilla/5.0 (compatible; SemrushBot/7~bl; +http://www.semrush.com/bot.html)"
185.191.34.215 - - [03/Sep/2021:19:00:51 +0200] "POST /includes/defines.php HTTP/1.1" 404 1181 "-" "Mozilla/5.0 (Windows NT 10.0; Win64; x64) AppleWebKit/537.36 (KHTML, like Gecko) Chrome/74.0.3729.157 Safari/537.36"
185.191.34.215 - - [03/Sep/2021:19:00:51 +0200] "POST /includes/defines.php HTTP/1.1" 404 1181 "-" "Mozilla/5.0 (Windows NT 10.0; Win64; x64) AppleWebKit/537.36 (KHTML, like Gecko) Chrome/74.0.3729.169 Safari/537.36"
185.191.171.16 - - [03/Sep/2021:19:02:45 +0200] "GET /robots.txt HTTP/1.1" 200 286 "-" "Mozilla/5.0 (compatible; SemrushBot/7~bl; +http://www.semrush.com/bot.html)"
185.191.171.14 - - [03/Sep/2021:19:02:46 +0200] "GET /index2.php?Itemid=78&id=901&option=com_content&page=0&pop=1&task=view HTTP/1.1" 200 2401 "-" "Mozilla/5.0 (compatible; SemrushBot/7~bl; +http://www.semrush.com/bot.html)"
54.36.148.172 - - [03/Sep/2021:19:03:45 +0200] "GET /index2.php?option=com_content&task=emailform&id=913&itemid=99999999 HTTP/1.1" 200 2459 "-" "Mozilla/5.0 (compatible; AhrefsBot/7.0; +http://ahrefs.com/robot/)"
185.191.171.45 - - [03/Sep/2021:19:04:02 +0200] "GET /index2.php?id=817&option=com_content&page=0&pop=1&task=view HTTP/1.1" 200 2403 "-" "Mozilla/5.0 (compatible; SemrushBot/7~bl; +http://www.semrush.com/bot.html)"
185.191.171.19 - - [03/Sep/2021:19:06:27 +0200] "GET /index.php?Itemid=75&id=1063&option=com_content&task=view HTTP/1.1" 200 29062 "-" "Mozilla/5.0 (compatible; SemrushBot/7~bl; +http://www.semrush.com/bot.html)"
185.191.171.40 - - [03/Sep/2021:19:09:52 +0200] "GET /index.php?Itemid=75&id=717&option=com_content&task=view HTTP/1.1" 200 35568 "-" "Mozilla/5.0 (compatible; SemrushBot/7~bl; +http://www.semrush.com/bot.html)"
185.191.171.13 - - [03/Sep/2021:19:10:17 +0200] "GET /index.php?Itemid=88&id=908&option=com_content&task=view HTTP/1.1" 200 30425 "-" "Mozilla/5.0 (compatible; SemrushBot/7~bl; +http://www.semrush.com/bot.html)"
5.9.66.153 - - [03/Sep/2021:19:10:26 +0200] "GET /robots.txt HTTP/1.1" 200 286 "-" "Mozilla/5.0 (compatible; MJ12bot/v1.4.8; http://mj12bot.com/)"
5.9.66.153 - - [03/Sep/2021:19:10:33 +0200] "GET /index.php?option=com_content&task=view&id=737&Itemid=78 HTTP/1.1" 200 34515 "-" "Mozilla/5.0 (compatible; MJ12bot/v1.4.8; http://mj12bot.com/)"
5.9.66.153 - - [03/Sep/2021:19:10:38 +0200] "GET /index2.php?option=com_content&task=emailform&id=742&itemid=1 HTTP/1.1" 200 2457 "-" "Mozilla/5.0 (compatible; MJ12bot/v1.4.8; http://mj12bot.com/)"
185.191.171.40 - - [03/Sep/2021:19:13:28 +0200] "GET /index2.php?Itemid=75&id=1202&option=com_content&page=0&pop=1&task=view HTTP/1.1" 200 12231 "-" "Mozilla/5.0 (compatible; SemrushBot/7~bl; +http://www.semrush.com/bot.html)"
54.36.148.149 - - [03/Sep/2021:19:17:02 +0200] "GET /index.php?option=com_content&task=view&id=839 HTTP/1.1" 200 30010 "-" "Mozilla/5.0 (compatible; AhrefsBot/7.0; +http://ahrefs.com/robot/)"
185.191.171.22 - - [03/Sep/2021:19:20:47 +0200] "GET /index.php?Itemid=75&id=705&option=com_content&task=view HTTP/1.1" 200 29395 "-" "Mozilla/5.0 (compatible; SemrushBot/7~bl; +http://www.semrush.com/bot.html)"
185.191.171.23 - - [03/Sep/2021:19:23:20 +0200] "GET /index.php?Itemid=69&id=578&option=com_content&task=view HTTP/1.1" 200 30480 "-" "Mozilla/5.0 (compatible; SemrushBot/7~bl; +http://www.semrush.com/bot.html)"
185.191.171.38 - - [03/Sep/2021:19:23:24 +0200] "GET /index.php?Itemid=69&id=677&option=com_content&task=view HTTP/1.1" 200 29847 "-" "Mozilla/5.0 (compatible; SemrushBot/7~bl; +http://www.semrush.com/bot.html)"
195.54.161.54 - - [03/Sep/2021:19:25:37 +0200] "GET /index.php?option=com_ponygallery%22'!&Itemid=84%22'!&func=viewcategory%22'!&catid=36%22'! HTTP/1.1" 200 151 "-" "Opera/9.24 (Windows NT 5.1; U; tr)"
195.54.161.54 - - [03/Sep/2021:19:25:38 +0200] "GET /index.php?option=com_content&task=view%22'!&id=1098%22'! HTTP/1.1" 404 25726 "-" "Opera/9.02 (Windows NT 5.1; U; nb)"
185.191.171.35 - - [03/Sep/2021:19:29:13 +0200] "GET /index.php?id=608&option=com_content&task=view HTTP/1.1" 200 30569 "-" "Mozilla/5.0 (compatible; SemrushBot/7~bl; +http://www.semrush.com/bot.html)"
54.36.148.205 - - [03/Sep/2021:19:29:33 +0200] "GET /index.php?option=com_content&task=category§ionid=10&id=29&Itemid=75 HTTP/1.1" 200 31312 "-" "Mozilla/5.0 (compatible; AhrefsBot/7.0; +http://ahrefs.com/robot/)"
185.191.171.1 - - [03/Sep/2021:19:32:18 +0200] "GET /index2.php?Itemid=88&id=141&option=com_content&page=0&pop=1&task=view HTTP/1.1" 200 7951 "-" "Mozilla/5.0 (compatible; SemrushBot/7~bl; +http://www.semrush.com/bot.html)"
185.191.171.24 - - [03/Sep/2021:19:34:12 +0200] "GET /index2.php?Itemid=78&id=962&option=com_content&page=0&pop=1&task=view HTTP/1.1" 200 3138 "-" "Mozilla/5.0 (compatible; SemrushBot/7~bl; +http://www.semrush.com/bot.html)"
185.191.171.39 - - [03/Sep/2021:19:34:22 +0200] "GET /index2.php?id=855&option=com_content&page=0&pop=1&task=view HTTP/1.1" 200 2637 "-" "Mozilla/5.0 (compatible; SemrushBot/7~bl; +http://www.semrush.com/bot.html)"
66.249.66.35 - - [03/Sep/2021:19:35:44 +0200] "GET /index.php?option=com_search&Itemid=99999999&searchword=rnyezet&searchphrase=any&ordering=newest&limit=50&limitstart=0 HTTP/1.1" 200 67533 "-" "Mozilla/5.0 (Linux; Android 6.0.1; Nexus 5X Build/MMB29P) AppleWebKit/537.36 (KHTML, like Gecko) Chrome/92.0.4515.119 Mobile Safari/537.36 (compatible; Googlebot/2.1; +http://www.google.com/bot.html)"
66.249.66.35 - - [03/Sep/2021:19:36:04 +0200] "GET /index.php?option=com_content&task=view&id=949&Itemid=75 HTTP/1.1" 200 29093 "-" "Mozilla/5.0 (Linux; Android 6.0.1; Nexus 5X Build/MMB29P) AppleWebKit/537.36 (KHTML, like Gecko) Chrome/92.0.4515.119 Mobile Safari/537.36 (compatible; Googlebot/2.1; +http://www.google.com/bot.html)"
185.191.171.34 - - [03/Sep/2021:19:36:55 +0200] "GET /index2.php?id=899&itemid=75&option=com_content&task=emailform HTTP/1.1" 200 2445 "-" "Mozilla/5.0 (compatible; SemrushBot/7~bl; +http://www.semrush.com/bot.html)"
185.191.171.33 - - [03/Sep/2021:19:37:34 +0200] "GET /index2.php?id=614&itemid=99999999&option=com_content&task=emailform HTTP/1.1" 200 2494 "-" "Mozilla/5.0 (compatible; SemrushBot/7~bl; +http://www.semrush.com/bot.html)"
212.237.53.115 - - [03/Sep/2021:19:37:35 +0200] "HEAD / HTTP/1.1" 200 0 "-" "Alert_Alligator_webmonitoring_service_1.6.3_(alertalligator.com)"
216.244.66.239 - - [03/Sep/2021:19:40:58 +0200] "GET /robots.txt HTTP/1.1" 200 286 "-" "Mozilla/5.0 (compatible; DotBot/1.2; +https://opensiteexplorer.org/dotbot; help@moz.com)"
216.244.66.239 - - [03/Sep/2021:19:40:58 +0200] "GET /robots.txt HTTP/1.1" 200 286 "-" "Mozilla/5.0 (compatible; DotBot/1.2; +https://opensiteexplorer.org/dotbot; help@moz.com)"
84.236.8.118 - - [03/Sep/2021:19:41:39 +0200] "GET /templates/radiocampus/css/template_css.css HTTP/1.1" 200 10686 "-" "Mozilla/5.0 (Linux; Android 9; MRD-LX1) AppleWebKit/537.36 (KHTML, like Gecko) Chrome/93.0.4577.62 Mobile Safari/537.36"
84.236.8.118 - - [03/Sep/2021:19:41:40 +0200] "GET /index.php?option=com_content&task=view&id=496&Itemid=69 HTTP/1.1" 200 30502 "https://www.google.hu/" "Mozilla/5.0 (Linux; Android 9; MRD-LX1) AppleWebKit/537.36 (KHTML, like Gecko) Chrome/93.0.4577.62 Mobile Safari/537.36"
84.236.8.118 - - [03/Sep/2021:19:41:47 +0200] "GET /templates/radiocampus/images/spacer.gif HTTP/1.1" 200 43 "http://www.kokosz.hu/index.php?option=com_content&task=view&id=496&Itemid=69" "Mozilla/5.0 (Linux; Android 9; MRD-LX1) AppleWebKit/537.36 (KHTML, like Gecko) Chrome/93.0.4577.62 Mobile Safari/537.36"
84.236.8.118 - - [03/Sep/2021:19:41:48 +0200] "GET /images/M_images/printButton.png HTTP/1.1" 200 426 "http://www.kokosz.hu/index.php?option=com_content&task=view&id=496&Itemid=69" "Mozilla/5.0 (Linux; Android 9; MRD-LX1) AppleWebKit/537.36 (KHTML, like Gecko) Chrome/93.0.4577.62 Mobile Safari/537.36"
84.236.8.118 - - [03/Sep/2021:19:41:48 +0200] "GET /images/stories/logok/erdei_iskola_program_et.jpg HTTP/1.1" 200 8081 "http://www.kokosz.hu/index.php?option=com_content&task=view&id=496&Itemid=69" "Mozilla/5.0 (Linux; Android 9; MRD-LX1) AppleWebKit/537.36 (KHTML, like Gecko) Chrome/93.0.4577.62 Mobile Safari/537.36"
84.236.8.118 - - [03/Sep/2021:19:41:48 +0200] "GET /images/stories/logok/erdei_ovoda_logo.jpg HTTP/1.1" 200 3597 "http://www.kokosz.hu/index.php?option=com_content&task=view&id=496&Itemid=69" "Mozilla/5.0 (Linux; Android 9; MRD-LX1) AppleWebKit/537.36 (KHTML, like Gecko) Chrome/93.0.4577.62 Mobile Safari/537.36"
84.236.8.118 - - [03/Sep/2021:19:41:48 +0200] "GET /images/stories/statikus_kepek/fotoalbum.gif HTTP/1.1" 200 2428 "http://www.kokosz.hu/index.php?option=com_content&task=view&id=496&Itemid=69" "Mozilla/5.0 (Linux; Android 9; MRD-LX1) AppleWebKit/537.36 (KHTML, like Gecko) Chrome/93.0.4577.62 Mobile Safari/537.36"
84.236.8.118 - - [03/Sep/2021:19:41:48 +0200] "GET /images/stories/logok/erdei_iskola_logo.jpg HTTP/1.1" 200 6785 "http://www.kokosz.hu/index.php?option=com_content&task=view&id=496&Itemid=69" "Mozilla/5.0 (Linux; Android 9; MRD-LX1) AppleWebKit/537.36 (KHTML, like Gecko) Chrome/93.0.4577.62 Mobile Safari/537.36"
84.236.8.118 - - [03/Sep/2021:19:41:48 +0200] "GET /images/M_images/emailButton.png HTTP/1.1" 200 424 "http://www.kokosz.hu/index.php?option=com_content&task=view&id=496&Itemid=69" "Mozilla/5.0 (Linux; Android 9; MRD-LX1) AppleWebKit/537.36 (KHTML, like Gecko) Chrome/93.0.4577.62 Mobile Safari/537.36"
84.236.8.118 - - [03/Sep/2021:19:41:50 +0200] "GET /templates/radiocampus/images/background_top.jpg HTTP/1.1" 200 1400 "http://www.kokosz.hu/index.php?option=com_content&task=view&id=496&Itemid=69" "Mozilla/5.0 (Linux; Android 9; MRD-LX1) AppleWebKit/537.36 (KHTML, like Gecko) Chrome/93.0.4577.62 Mobile Safari/537.36"
84.236.8.118 - - [03/Sep/2021:19:41:50 +0200] "GET /images/stories/logok/erdei_iskola_program.jpg HTTP/1.1" 200 7679 "http://www.kokosz.hu/index.php?option=com_content&task=view&id=496&Itemid=69" "Mozilla/5.0 (Linux; Android 9; MRD-LX1) AppleWebKit/537.36 (KHTML, like Gecko) Chrome/93.0.4577.62 Mobile Safari/537.36"
84.236.8.118 - - [03/Sep/2021:19:41:50 +0200] "GET /images/stories/statikus_kepek/szogi_lajos_kepzo.jpg HTTP/1.1" 200 27286 "http://www.kokosz.hu/index.php?option=com_content&task=view&id=496&Itemid=69" "Mozilla/5.0 (Linux; Android 9; MRD-LX1) AppleWebKit/537.36 (KHTML, like Gecko) Chrome/93.0.4577.62 Mobile Safari/537.36"
84.236.8.118 - - [03/Sep/2021:19:41:50 +0200] "GET /templates/radiocampus/images/bild_rechts_gross.jpg HTTP/1.1" 200 16998 "http://www.kokosz.hu/index.php?option=com_content&task=view&id=496&Itemid=69" "Mozilla/5.0 (Linux; Android 9; MRD-LX1) AppleWebKit/537.36 (KHTML, like Gecko) Chrome/93.0.4577.62 Mobile Safari/537.36"
84.236.8.118 - - [03/Sep/2021:19:41:50 +0200] "GET /modules/mod_vvisit_counter/images/blue/1.gif HTTP/1.1" 200 400 "http://www.kokosz.hu/index.php?option=com_content&task=view&id=496&Itemid=69" "Mozilla/5.0 (Linux; Android 9; MRD-LX1) AppleWebKit/537.36 (KHTML, like Gecko) Chrome/93.0.4577.62 Mobile Safari/537.36"
84.236.8.118 - - [03/Sep/2021:19:41:50 +0200] "GET /modules/mod_vvisit_counter/images/blue/7.gif HTTP/1.1" 200 438 "http://www.kokosz.hu/index.php?option=com_content&task=view&id=496&Itemid=69" "Mozilla/5.0 (Linux; Android 9; MRD-LX1) AppleWebKit/537.36 (KHTML, like Gecko) Chrome/93.0.4577.62 Mobile Safari/537.36"
84.236.8.118 - - [03/Sep/2021:19:41:52 +0200] "GET /modules/mod_vvisit_counter/images/vyesterday.gif HTTP/1.1" 200 909 "http://www.kokosz.hu/index.php?option=com_content&task=view&id=496&Itemid=69" "Mozilla/5.0 (Linux; Android 9; MRD-LX1) AppleWebKit/537.36 (KHTML, like Gecko) Chrome/93.0.4577.62 Mobile Safari/537.36"
84.236.8.118 - - [03/Sep/2021:19:41:52 +0200] "GET /images/stories/hirkepek/kopjafa.jpg HTTP/1.1" 200 5537 "http://www.kokosz.hu/index.php?option=com_content&task=view&id=496&Itemid=69" "Mozilla/5.0 (Linux; Android 9; MRD-LX1) AppleWebKit/537.36 (KHTML, like Gecko) Chrome/93.0.4577.62 Mobile Safari/537.36"
84.236.8.118 - - [03/Sep/2021:19:41:52 +0200] "GET /images/stories/logok/2015/emet.jpg HTTP/1.1" 200 5961 "http://www.kokosz.hu/index.php?option=com_content&task=view&id=496&Itemid=69" "Mozilla/5.0 (Linux; Android 9; MRD-LX1) AppleWebKit/537.36 (KHTML, like Gecko) Chrome/93.0.4577.62 Mobile Safari/537.36"
84.236.8.118 - - [03/Sep/2021:19:41:52 +0200] "GET /images/stories/logok/2015/ntp.jpg HTTP/1.1" 200 4004 "http://www.kokosz.hu/index.php?option=com_content&task=view&id=496&Itemid=69" "Mozilla/5.0 (Linux; Android 9; MRD-LX1) AppleWebKit/537.36 (KHTML, like Gecko) Chrome/93.0.4577.62 Mobile Safari/537.36"
84.236.8.118 - - [03/Sep/2021:19:41:53 +0200] "GET /modules/mod_vvisit_counter/images/blue/0.gif HTTP/1.1" 200 697 "http://www.kokosz.hu/index.php?option=com_content&task=view&id=496&Itemid=69" "Mozilla/5.0 (Linux; Android 9; MRD-LX1) AppleWebKit/537.36 (KHTML, like Gecko) Chrome/93.0.4577.62 Mobile Safari/537.36"
84.236.8.118 - - [03/Sep/2021:19:41:53 +0200] "GET /modules/mod_vvisit_counter/images/blue/9.gif HTTP/1.1" 200 688 "http://www.kokosz.hu/index.php?option=com_content&task=view&id=496&Itemid=69" "Mozilla/5.0 (Linux; Android 9; MRD-LX1) AppleWebKit/537.36 (KHTML, like Gecko) Chrome/93.0.4577.62 Mobile Safari/537.36"
84.236.8.118 - - [03/Sep/2021:19:41:53 +0200] "GET /images/stories/logok/2015/ofi.jpg HTTP/1.1" 200 5571 "http://www.kokosz.hu/index.php?option=com_content&task=view&id=496&Itemid=69" "Mozilla/5.0 (Linux; Android 9; MRD-LX1) AppleWebKit/537.36 (KHTML, like Gecko) Chrome/93.0.4577.62 Mobile Safari/537.36"
84.236.8.118 - - [03/Sep/2021:19:41:53 +0200] "GET /images/stories/logok/emmi_logo.jpg HTTP/1.1" 200 3819 "http://www.kokosz.hu/index.php?option=com_content&task=view&id=496&Itemid=69" "Mozilla/5.0 (Linux; Android 9; MRD-LX1) AppleWebKit/537.36 (KHTML, like Gecko) Chrome/93.0.4577.62 Mobile Safari/537.36"
84.236.8.118 - - [03/Sep/2021:19:41:54 +0200] "GET /images/stories/logok/2015/eet.jpg HTTP/1.1" 200 3753 "http://www.kokosz.hu/index.php?option=com_content&task=view&id=496&Itemid=69" "Mozilla/5.0 (Linux; Android 9; MRD-LX1) AppleWebKit/537.36 (KHTML, like Gecko) Chrome/93.0.4577.62 Mobile Safari/537.36"
84.236.8.118 - - [03/Sep/2021:19:41:54 +0200] "GET /modules/mod_vvisit_counter/images/vall.gif HTTP/1.1" 200 996 "http://www.kokosz.hu/index.php?option=com_content&task=view&id=496&Itemid=69" "Mozilla/5.0 (Linux; Android 9; MRD-LX1) AppleWebKit/537.36 (KHTML, like Gecko) Chrome/93.0.4577.62 Mobile Safari/537.36"
84.236.8.118 - - [03/Sep/2021:19:41:54 +0200] "GET /modules/mod_vvisit_counter/images/blue/2.gif HTTP/1.1" 200 687 "http://www.kokosz.hu/index.php?option=com_content&task=view&id=496&Itemid=69" "Mozilla/5.0 (Linux; Android 9; MRD-LX1) AppleWebKit/537.36 (KHTML, like Gecko) Chrome/93.0.4577.62 Mobile Safari/537.36"
84.236.8.118 - - [03/Sep/2021:19:41:54 +0200] "GET /modules/mod_vvisit_counter/images/vweek.gif HTTP/1.1" 200 909 "http://www.kokosz.hu/index.php?option=com_content&task=view&id=496&Itemid=69" "Mozilla/5.0 (Linux; Android 9; MRD-LX1) AppleWebKit/537.36 (KHTML, like Gecko) Chrome/93.0.4577.62 Mobile Safari/537.36"
84.236.8.118 - - [03/Sep/2021:19:41:54 +0200] "GET /modules/mod_vvisit_counter/images/vmonth.gif HTTP/1.1" 200 909 "http://www.kokosz.hu/index.php?option=com_content&task=view&id=496&Itemid=69" "Mozilla/5.0 (Linux; Android 9; MRD-LX1) AppleWebKit/537.36 (KHTML, like Gecko) Chrome/93.0.4577.62 Mobile Safari/537.36"
84.236.8.118 - - [03/Sep/2021:19:41:55 +0200] "GET /modules/mod_vvisit_counter/images/vtoday.gif HTTP/1.1" 200 909 "http://www.kokosz.hu/index.php?option=com_content&task=view&id=496&Itemid=69" "Mozilla/5.0 (Linux; Android 9; MRD-LX1) AppleWebKit/537.36 (KHTML, like Gecko) Chrome/93.0.4577.62 Mobile Safari/537.36"
84.236.8.118 - - [03/Sep/2021:19:41:55 +0200] "GET /images/stories/logok/bagoly.gif HTTP/1.1" 200 4919 "http://www.kokosz.hu/index.php?option=com_content&task=view&id=496&Itemid=69" "Mozilla/5.0 (Linux; Android 9; MRD-LX1) AppleWebKit/537.36 (KHTML, like Gecko) Chrome/93.0.4577.62 Mobile Safari/537.36"
84.236.8.118 - - [03/Sep/2021:19:41:59 +0200] "GET /templates/radiocampus/images/logo_top_pa.jpg HTTP/1.1" 200 114295 "http://www.kokosz.hu/index.php?option=com_content&task=view&id=496&Itemid=69" "Mozilla/5.0 (Linux; Android 9; MRD-LX1) AppleWebKit/537.36 (KHTML, like Gecko) Chrome/93.0.4577.62 Mobile Safari/537.36"
54.36.148.254 - - [03/Sep/2021:19:42:57 +0200] "GET /index2.php?option=com_content&task=emailform&id=913&itemid=99999999 HTTP/1.1" 200 2459 "-" "Mozilla/5.0 (compatible; AhrefsBot/7.0; +http://ahrefs.com/robot/)"
185.191.171.17 - - [03/Sep/2021:19:52:23 +0200] "GET /index.php?Itemid=65&id=171&option=com_content&task=view HTTP/1.1" 200 29473 "-" "Mozilla/5.0 (compatible; SemrushBot/7~bl; +http://www.semrush.com/bot.html)"
14.178.144.65 - - [03/Sep/2021:19:53:00 +0200] "GET /administrator/ HTTP/1.1" 200 2101 "http://kokosz.hu/administrator/" "Mozilla/5.0 (Macintosh; Intel Mac OS X 10_12_6) AppleWebKit/605.1.15 (KHTML, like Gecko) Version/12.0.2 Safari/605.1.15"
14.178.144.65 - - [03/Sep/2021:19:53:02 +0200] "POST /administrator/ HTTP/1.1" 200 315 "http://otdial.ru/wp-login.php" "Mozilla/5.0 (Macintosh; Intel Mac OS X 10_12_6) AppleWebKit/605.1.15 (KHTML, like Gecko) Version/12.0.2 Safari/605.1.15"
54.36.148.93 - - [03/Sep/2021:19:55:32 +0200] "GET /index2.php?option=com_content&task=emailform&id=758&itemid=99999999 HTTP/1.1" 200 2483 "-" "Mozilla/5.0 (compatible; AhrefsBot/7.0; +http://ahrefs.com/robot/)"
185.191.171.9 - - [03/Sep/2021:19:57:47 +0200] "GET /index2.php?id=792&option=com_content&page=0&pop=1&task=view HTTP/1.1" 200 6626 "-" "Mozilla/5.0 (compatible; SemrushBot/7~bl; +http://www.semrush.com/bot.html)"
185.191.171.9 - - [03/Sep/2021:19:59:27 +0200] "GET /index.php?Itemid=69&id=387&option=com_content&task=view HTTP/1.1" 200 30627 "-" "Mozilla/5.0 (compatible; SemrushBot/7~bl; +http://www.semrush.com/bot.html)"
66.249.66.38 - - [03/Sep/2021:20:02:01 +0200] "GET /index2.php?option=com_content&task=view&id=119&pop=1&page=0&Itemid=88 HTTP/1.1" 200 3705 "-" "Mozilla/5.0 (compatible; Googlebot/2.1; +http://www.google.com/bot.html)"
185.191.171.1 - - [03/Sep/2021:20:02:40 +0200] "GET /index2.php?id=126&itemid=99999999&option=com_content&task=emailform HTTP/1.1" 200 2475 "-" "Mozilla/5.0 (compatible; SemrushBot/7~bl; +http://www.semrush.com/bot.html)"
185.191.171.24 - - [03/Sep/2021:20:04:45 +0200] "GET /robots.txt HTTP/1.1" 200 286 "-" "Mozilla/5.0 (compatible; SemrushBot/7~bl; +http://www.semrush.com/bot.html)"
185.191.171.33 - - [03/Sep/2021:20:04:46 +0200] "GET /index2.php?id=1216&itemid=78&option=com_content&task=emailform HTTP/1.1" 200 2463 "-" "Mozilla/5.0 (compatible; SemrushBot/7~bl; +http://www.semrush.com/bot.html)"
185.191.171.38 - - [03/Sep/2021:20:04:48 +0200] "GET /index.php?id=338&option=com_content&task=view HTTP/1.1" 200 30484 "-" "Mozilla/5.0 (compatible; SemrushBot/7~bl; +http://www.semrush.com/bot.html)"
185.191.171.20 - - [03/Sep/2021:20:05:03 +0200] "GET /index2.php?Itemid=75&id=925&option=com_content&page=0&pop=1&task=view HTTP/1.1" 200 15757 "-" "Mozilla/5.0 (compatible; SemrushBot/7~bl; +http://www.semrush.com/bot.html)"
66.249.66.41 - - [03/Sep/2021:20:05:43 +0200] "GET /index.php?option=com_content&task=view&id=216&Itemid=65 HTTP/1.1" 200 28820 "-" "Mozilla/5.0 (compatible; Googlebot/2.1; +http://www.google.com/bot.html)"
54.36.148.120 - - [03/Sep/2021:20:07:36 +0200] "GET /index2.php?option=com_content&task=emailform&id=955&itemid=99999999 HTTP/1.1" 200 2457 "-" "Mozilla/5.0 (compatible; AhrefsBot/7.0; +http://ahrefs.com/robot/)"
185.191.171.45 - - [03/Sep/2021:20:07:41 +0200] "GET /index2.php?id=833&itemid=99999999&option=com_content&task=emailform HTTP/1.1" 200 2466 "-" "Mozilla/5.0 (compatible; SemrushBot/7~bl; +http://www.semrush.com/bot.html)"
185.191.34.215 - - [03/Sep/2021:20:07:48 +0200] "POST /configuration.php HTTP/1.1" 200 5 "-" "Mozilla/5.0 (Windows NT 10.0; Win64; x64) AppleWebKit/537.36 (KHTML, like Gecko) Chrome/74.0.3729.169 Safari/537.36"
185.191.171.39 - - [03/Sep/2021:20:09:03 +0200] "GET /index2.php?id=1084&itemid=99999999&option=com_content&task=emailform HTTP/1.1" 200 2453 "-" "Mozilla/5.0 (compatible; SemrushBot/7~bl; +http://www.semrush.com/bot.html)"
207.46.13.22 - - [03/Sep/2021:20:13:18 +0200] "GET /index.php?Itemid=&option=com_search&searchword=m%C5%B1v%C3%A9szetoktat%C3%A1si HTTP/1.1" 200 51804 "-" "Mozilla/5.0 (compatible; bingbot/2.0; +http://www.bing.com/bingbot.htm)"
66.249.66.38 - - [03/Sep/2021:20:16:26 +0200] "GET /index.php?option=com_content&task=view&id=319&Itemid=68 HTTP/1.1" 200 30286 "-" "Mozilla/5.0 (Linux; Android 6.0.1; Nexus 5X Build/MMB29P) AppleWebKit/537.36 (KHTML, like Gecko) Chrome/92.0.4515.119 Mobile Safari/537.36 (compatible; Googlebot/2.1; +http://www.google.com/bot.html)"
185.191.171.10 - - [03/Sep/2021:20:18:04 +0200] "GET /index.php?Itemid=69&id=413&option=com_content&task=view HTTP/1.1" 200 30614 "-" "Mozilla/5.0 (compatible; SemrushBot/7~bl; +http://www.semrush.com/bot.html)"
54.36.148.205 - - [03/Sep/2021:20:19:15 +0200] "GET /index2.php?option=com_content&task=emailform&id=745&itemid=99999999 HTTP/1.1" 200 2469 "-" "Mozilla/5.0 (compatible; AhrefsBot/7.0; +http://ahrefs.com/robot/)"
23.100.232.233 - - [03/Sep/2021:20:19:46 +0200] "GET /index.php?option=com_content&task=view&id=615 HTTP/1.1" 200 30414 "-" "Mozilla/5.0 (compatible; MSIE 9.0; Windows NT 6.1; Trident/5.0; Trident/5.0)"
23.100.232.233 - - [03/Sep/2021:20:19:47 +0200] "GET /templates/radiocampus/css/template_css.css HTTP/1.1" 200 10686 "http://www.kokosz.hu/index.php?option=com_content&task=view&id=615" "Mozilla/5.0 (compatible; MSIE 9.0; Windows NT 6.1; Trident/5.0; Trident/5.0)"
23.100.232.233 - - [03/Sep/2021:20:19:47 +0200] "GET /images/stories/flash/ado.swf HTTP/1.1" 200 6736 "http://www.kokosz.hu/index.php?option=com_content&task=view&id=615" "Mozilla/5.0 (compatible; MSIE 9.0; Windows NT 6.1; Trident/5.0; Trident/5.0)"
23.100.232.233 - - [03/Sep/2021:20:19:47 +0200] "GET /images/stories/flash/ado.swf HTTP/1.1" 304 - "http://www.kokosz.hu/index.php?option=com_content&task=view&id=615" "Mozilla/5.0 (compatible; MSIE 9.0; Windows NT 6.1; Trident/5.0; Trident/5.0)"
185.191.171.19 - - [03/Sep/2021:20:20:01 +0200] "GET /index2.php?id=1012&itemid=1&option=com_content&task=emailform HTTP/1.1" 200 2504 "-" "Mozilla/5.0 (compatible; SemrushBot/7~bl; +http://www.semrush.com/bot.html)"
185.191.171.42 - - [03/Sep/2021:20:22:07 +0200] "GET /index2.php?id=147&itemid=66&option=com_content&task=emailform HTTP/1.1" 200 2475 "-" "Mozilla/5.0 (compatible; SemrushBot/7~bl; +http://www.semrush.com/bot.html)"
216.244.66.239 - - [03/Sep/2021:20:28:14 +0200] "GET /robots.txt HTTP/1.1" 200 286 "-" "Mozilla/5.0 (compatible; DotBot/1.2; +https://opensiteexplorer.org/dotbot; help@moz.com)"
54.36.148.18 - - [03/Sep/2021:20:30:28 +0200] "GET /index2.php?option=com_content&task=view&id=745&pop=1&page=0 HTTP/1.1" 200 2411 "-" "Mozilla/5.0 (compatible; AhrefsBot/7.0; +http://ahrefs.com/robot/)"
185.191.171.44 - - [03/Sep/2021:20:31:56 +0200] "GET /index2.php?id=601&itemid=99999999&option=com_content&task=emailform HTTP/1.1" 200 2513 "-" "Mozilla/5.0 (compatible; SemrushBot/7~bl; +http://www.semrush.com/bot.html)"
185.191.171.26 - - [03/Sep/2021:20:34:56 +0200] "GET /index.php?Itemid=1&id=987&option=com_content&task=view HTTP/1.1" 200 29402 "-" "Mozilla/5.0 (compatible; SemrushBot/7~bl; +http://www.semrush.com/bot.html)"
37.76.61.51 - - [03/Sep/2021:20:35:53 +0200] "GET /templates/radiocampus/css/template_css.css HTTP/1.1" 200 10686 "-" "Mozilla/5.0 (Linux; Android 9; LG-H870) AppleWebKit/537.36 (KHTML, like Gecko) Chrome/92.0.4515.166 Mobile Safari/537.36"
37.76.61.51 - - [03/Sep/2021:20:35:54 +0200] "GET /index.php?option=com_content&task=category§ionid=7&id=21&Itemid=67 HTTP/1.1" 200 34845 "http://www.google.com/" "Mozilla/5.0 (Linux; Android 9; LG-H870) AppleWebKit/537.36 (KHTML, like Gecko) Chrome/92.0.4515.166 Mobile Safari/537.36"
37.76.61.51 - - [03/Sep/2021:20:35:54 +0200] "GET /templates/radiocampus/images/spacer.gif HTTP/1.1" 200 43 "http://www.kokosz.hu/index.php?option=com_content&task=category§ionid=7&id=21&Itemid=67" "Mozilla/5.0 (Linux; Android 9; LG-H870) AppleWebKit/537.36 (KHTML, like Gecko) Chrome/92.0.4515.166 Mobile Safari/537.36"
37.76.61.51 - - [03/Sep/2021:20:35:55 +0200] "GET /images/M_images/arrow.png HTTP/1.1" 200 169 "http://www.kokosz.hu/index.php?option=com_content&task=category§ionid=7&id=21&Itemid=67" "Mozilla/5.0 (Linux; Android 9; LG-H870) AppleWebKit/537.36 (KHTML, like Gecko) Chrome/92.0.4515.166 Mobile Safari/537.36"
37.76.61.51 - - [03/Sep/2021:20:35:55 +0200] "GET /images/stories/logok/erdei_iskola_program.jpg HTTP/1.1" 200 7679 "http://www.kokosz.hu/index.php?option=com_content&task=category§ionid=7&id=21&Itemid=67" "Mozilla/5.0 (Linux; Android 9; LG-H870) AppleWebKit/537.36 (KHTML, like Gecko) Chrome/92.0.4515.166 Mobile Safari/537.36"
37.76.61.51 - - [03/Sep/2021:20:35:55 +0200] "GET /images/stories/statikus_kepek/szogi_lajos_kepzo.jpg HTTP/1.1" 200 27286 "http://www.kokosz.hu/index.php?option=com_content&task=category§ionid=7&id=21&Itemid=67" "Mozilla/5.0 (Linux; Android 9; LG-H870) AppleWebKit/537.36 (KHTML, like Gecko) Chrome/92.0.4515.166 Mobile Safari/537.36"
37.76.61.51 - - [03/Sep/2021:20:35:55 +0200] "GET /images/stories/statikus_kepek/fotoalbum.gif HTTP/1.1" 200 2428 "http://www.kokosz.hu/index.php?option=com_content&task=category§ionid=7&id=21&Itemid=67" "Mozilla/5.0 (Linux; Android 9; LG-H870) AppleWebKit/537.36 (KHTML, like Gecko) Chrome/92.0.4515.166 Mobile Safari/537.36"
37.76.61.51 - - [03/Sep/2021:20:35:55 +0200] "GET /templates/radiocampus/images/logo_top_pa.jpg HTTP/1.1" 200 114295 "http://www.kokosz.hu/index.php?option=com_content&task=category§ionid=7&id=21&Itemid=67" "Mozilla/5.0 (Linux; Android 9; LG-H870) AppleWebKit/537.36 (KHTML, like Gecko) Chrome/92.0.4515.166 Mobile Safari/537.36"
37.76.61.51 - - [03/Sep/2021:20:35:55 +0200] "GET /images/stories/logok/bagoly.gif HTTP/1.1" 200 4919 "http://www.kokosz.hu/index.php?option=com_content&task=category§ionid=7&id=21&Itemid=67" "Mozilla/5.0 (Linux; Android 9; LG-H870) AppleWebKit/537.36 (KHTML, like Gecko) Chrome/92.0.4515.166 Mobile Safari/537.36"
37.76.61.51 - - [03/Sep/2021:20:35:55 +0200] "GET /templates/radiocampus/images/background_top.jpg HTTP/1.1" 200 1400 "http://www.kokosz.hu/index.php?option=com_content&task=category§ionid=7&id=21&Itemid=67" "Mozilla/5.0 (Linux; Android 9; LG-H870) AppleWebKit/537.36 (KHTML, like Gecko) Chrome/92.0.4515.166 Mobile Safari/537.36"
37.76.61.51 - - [03/Sep/2021:20:35:55 +0200] "GET /images/stories/logok/erdei_iskola_program_et.jpg HTTP/1.1" 200 8081 "http://www.kokosz.hu/index.php?option=com_content&task=category§ionid=7&id=21&Itemid=67" "Mozilla/5.0 (Linux; Android 9; LG-H870) AppleWebKit/537.36 (KHTML, like Gecko) Chrome/92.0.4515.166 Mobile Safari/537.36"
37.76.61.51 - - [03/Sep/2021:20:35:55 +0200] "GET /images/stories/logok/erdei_iskola_logo.jpg HTTP/1.1" 200 6785 "http://www.kokosz.hu/index.php?option=com_content&task=category§ionid=7&id=21&Itemid=67" "Mozilla/5.0 (Linux; Android 9; LG-H870) AppleWebKit/537.36 (KHTML, like Gecko) Chrome/92.0.4515.166 Mobile Safari/537.36"
37.76.61.51 - - [03/Sep/2021:20:35:55 +0200] "GET /images/stories/logok/erdei_ovoda_logo.jpg HTTP/1.1" 200 3597 "http://www.kokosz.hu/index.php?option=com_content&task=category§ionid=7&id=21&Itemid=67" "Mozilla/5.0 (Linux; Android 9; LG-H870) AppleWebKit/537.36 (KHTML, like Gecko) Chrome/92.0.4515.166 Mobile Safari/537.36"
37.76.61.51 - - [03/Sep/2021:20:35:55 +0200] "GET /images/stories/logok/2015/ofi.jpg HTTP/1.1" 200 5571 "http://www.kokosz.hu/index.php?option=com_content&task=category§ionid=7&id=21&Itemid=67" "Mozilla/5.0 (Linux; Android 9; LG-H870) AppleWebKit/537.36 (KHTML, like Gecko) Chrome/92.0.4515.166 Mobile Safari/537.36"
37.76.61.51 - - [03/Sep/2021:20:35:55 +0200] "GET /images/stories/logok/2015/eet.jpg HTTP/1.1" 200 3753 "http://www.kokosz.hu/index.php?option=com_content&task=category§ionid=7&id=21&Itemid=67" "Mozilla/5.0 (Linux; Android 9; LG-H870) AppleWebKit/537.36 (KHTML, like Gecko) Chrome/92.0.4515.166 Mobile Safari/537.36"
37.76.61.51 - - [03/Sep/2021:20:35:55 +0200] "GET /images/stories/logok/emmi_logo.jpg HTTP/1.1" 200 3819 "http://www.kokosz.hu/index.php?option=com_content&task=category§ionid=7&id=21&Itemid=67" "Mozilla/5.0 (Linux; Android 9; LG-H870) AppleWebKit/537.36 (KHTML, like Gecko) Chrome/92.0.4515.166 Mobile Safari/537.36"
37.76.61.51 - - [03/Sep/2021:20:35:55 +0200] "GET /images/stories/logok/2015/emet.jpg HTTP/1.1" 200 5961 "http://www.kokosz.hu/index.php?option=com_content&task=category§ionid=7&id=21&Itemid=67" "Mozilla/5.0 (Linux; Android 9; LG-H870) AppleWebKit/537.36 (KHTML, like Gecko) Chrome/92.0.4515.166 Mobile Safari/537.36"
37.76.61.51 - - [03/Sep/2021:20:35:55 +0200] "GET /images/stories/logok/2015/ntp.jpg HTTP/1.1" 200 4004 "http://www.kokosz.hu/index.php?option=com_content&task=category§ionid=7&id=21&Itemid=67" "Mozilla/5.0 (Linux; Android 9; LG-H870) AppleWebKit/537.36 (KHTML, like Gecko) Chrome/92.0.4515.166 Mobile Safari/537.36"
37.76.61.51 - - [03/Sep/2021:20:35:55 +0200] "GET /modules/mod_vvisit_counter/images/vyesterday.gif HTTP/1.1" 200 909 "http://www.kokosz.hu/index.php?option=com_content&task=category§ionid=7&id=21&Itemid=67" "Mozilla/5.0 (Linux; Android 9; LG-H870) AppleWebKit/537.36 (KHTML, like Gecko) Chrome/92.0.4515.166 Mobile Safari/537.36"
37.76.61.51 - - [03/Sep/2021:20:35:55 +0200] "GET /modules/mod_vvisit_counter/images/blue/1.gif HTTP/1.1" 200 400 "http://www.kokosz.hu/index.php?option=com_content&task=category§ionid=7&id=21&Itemid=67" "Mozilla/5.0 (Linux; Android 9; LG-H870) AppleWebKit/537.36 (KHTML, like Gecko) Chrome/92.0.4515.166 Mobile Safari/537.36"
37.76.61.51 - - [03/Sep/2021:20:35:55 +0200] "GET /images/stories/dokumentumok/2013/minositett_erdei_iskolak_k.jpg HTTP/1.1" 200 20531 "http://www.kokosz.hu/index.php?option=com_content&task=category§ionid=7&id=21&Itemid=67" "Mozilla/5.0 (Linux; Android 9; LG-H870) AppleWebKit/537.36 (KHTML, like Gecko) Chrome/92.0.4515.166 Mobile Safari/537.36"
37.76.61.51 - - [03/Sep/2021:20:35:55 +0200] "GET /templates/radiocampus/images/bild_rechts_gross.jpg HTTP/1.1" 200 16998 "http://www.kokosz.hu/index.php?option=com_content&task=category§ionid=7&id=21&Itemid=67" "Mozilla/5.0 (Linux; Android 9; LG-H870) AppleWebKit/537.36 (KHTML, like Gecko) Chrome/92.0.4515.166 Mobile Safari/537.36"
37.76.61.51 - - [03/Sep/2021:20:35:55 +0200] "GET /modules/mod_vvisit_counter/images/blue/7.gif HTTP/1.1" 200 438 "http://www.kokosz.hu/index.php?option=com_content&task=category§ionid=7&id=21&Itemid=67" "Mozilla/5.0 (Linux; Android 9; LG-H870) AppleWebKit/537.36 (KHTML, like Gecko) Chrome/92.0.4515.166 Mobile Safari/537.36"
37.76.61.51 - - [03/Sep/2021:20:35:55 +0200] "GET /modules/mod_vvisit_counter/images/vmonth.gif HTTP/1.1" 200 909 "http://www.kokosz.hu/index.php?option=com_content&task=category§ionid=7&id=21&Itemid=67" "Mozilla/5.0 (Linux; Android 9; LG-H870) AppleWebKit/537.36 (KHTML, like Gecko) Chrome/92.0.4515.166 Mobile Safari/537.36"
37.76.61.51 - - [03/Sep/2021:20:35:55 +0200] "GET /modules/mod_vvisit_counter/images/blue/9.gif HTTP/1.1" 200 688 "http://www.kokosz.hu/index.php?option=com_content&task=category§ionid=7&id=21&Itemid=67" "Mozilla/5.0 (Linux; Android 9; LG-H870) AppleWebKit/537.36 (KHTML, like Gecko) Chrome/92.0.4515.166 Mobile Safari/537.36"
37.76.61.51 - - [03/Sep/2021:20:35:55 +0200] "GET /modules/mod_vvisit_counter/images/vtoday.gif HTTP/1.1" 200 909 "http://www.kokosz.hu/index.php?option=com_content&task=category§ionid=7&id=21&Itemid=67" "Mozilla/5.0 (Linux; Android 9; LG-H870) AppleWebKit/537.36 (KHTML, like Gecko) Chrome/92.0.4515.166 Mobile Safari/537.36"
37.76.61.51 - - [03/Sep/2021:20:35:55 +0200] "GET /modules/mod_vvisit_counter/images/blue/0.gif HTTP/1.1" 200 697 "http://www.kokosz.hu/index.php?option=com_content&task=category§ionid=7&id=21&Itemid=67" "Mozilla/5.0 (Linux; Android 9; LG-H870) AppleWebKit/537.36 (KHTML, like Gecko) Chrome/92.0.4515.166 Mobile Safari/537.36"
37.76.61.51 - - [03/Sep/2021:20:35:55 +0200] "GET /modules/mod_vvisit_counter/images/vall.gif HTTP/1.1" 200 996 "http://www.kokosz.hu/index.php?option=com_content&task=category§ionid=7&id=21&Itemid=67" "Mozilla/5.0 (Linux; Android 9; LG-H870) AppleWebKit/537.36 (KHTML, like Gecko) Chrome/92.0.4515.166 Mobile Safari/537.36"
37.76.61.51 - - [03/Sep/2021:20:35:55 +0200] "GET /modules/mod_vvisit_counter/images/blue/2.gif HTTP/1.1" 200 687 "http://www.kokosz.hu/index.php?option=com_content&task=category§ionid=7&id=21&Itemid=67" "Mozilla/5.0 (Linux; Android 9; LG-H870) AppleWebKit/537.36 (KHTML, like Gecko) Chrome/92.0.4515.166 Mobile Safari/537.36"
37.76.61.51 - - [03/Sep/2021:20:35:55 +0200] "GET /modules/mod_vvisit_counter/images/vweek.gif HTTP/1.1" 200 909 "http://www.kokosz.hu/index.php?option=com_content&task=category§ionid=7&id=21&Itemid=67" "Mozilla/5.0 (Linux; Android 9; LG-H870) AppleWebKit/537.36 (KHTML, like Gecko) Chrome/92.0.4515.166 Mobile Safari/537.36"
37.76.61.51 - - [03/Sep/2021:20:35:55 +0200] "GET /images/stories/hirkepek/kopjafa.jpg HTTP/1.1" 200 5537 "http://www.kokosz.hu/index.php?option=com_content&task=category§ionid=7&id=21&Itemid=67" "Mozilla/5.0 (Linux; Android 9; LG-H870) AppleWebKit/537.36 (KHTML, like Gecko) Chrome/92.0.4515.166 Mobile Safari/537.36"
37.76.61.51 - - [03/Sep/2021:20:35:55 +0200] "GET /images/cimer.ico HTTP/1.1" 200 1406 "http://www.kokosz.hu/index.php?option=com_content&task=category§ionid=7&id=21&Itemid=67" "Mozilla/5.0 (Linux; Android 9; LG-H870) AppleWebKit/537.36 (KHTML, like Gecko) Chrome/92.0.4515.166 Mobile Safari/537.36"
37.76.61.51 - - [03/Sep/2021:20:36:13 +0200] "GET /index.php?option=com_content&task=view&id=1187&Itemid=67 HTTP/1.1" 200 31138 "http://www.kokosz.hu/index.php?option=com_content&task=category§ionid=7&id=21&Itemid=67" "Mozilla/5.0 (Linux; Android 9; LG-H870) AppleWebKit/537.36 (KHTML, like Gecko) Chrome/92.0.4515.166 Mobile Safari/537.36"
37.76.61.51 - - [03/Sep/2021:20:36:14 +0200] "GET /images/M_images/printButton.png HTTP/1.1" 200 426 "http://www.kokosz.hu/index.php?option=com_content&task=view&id=1187&Itemid=67" "Mozilla/5.0 (Linux; Android 9; LG-H870) AppleWebKit/537.36 (KHTML, like Gecko) Chrome/92.0.4515.166 Mobile Safari/537.36"
37.76.61.51 - - [03/Sep/2021:20:36:14 +0200] "GET /images/M_images/emailButton.png HTTP/1.1" 200 424 "http://www.kokosz.hu/index.php?option=com_content&task=view&id=1187&Itemid=67" "Mozilla/5.0 (Linux; Android 9; LG-H870) AppleWebKit/537.36 (KHTML, like Gecko) Chrome/92.0.4515.166 Mobile Safari/537.36"
37.76.61.51 - - [03/Sep/2021:20:36:20 +0200] "GET /index.php?option=com_content&task=category§ionid=7&id=21&Itemid=67 HTTP/1.1" 200 34876 "http://www.google.com/" "Mozilla/5.0 (Linux; Android 9; LG-H870) AppleWebKit/537.36 (KHTML, like Gecko) Chrome/92.0.4515.166 Mobile Safari/537.36"
159.69.145.50 - - [03/Sep/2021:20:36:37 +0200] "HEAD / HTTP/1.1" 200 0 "-" "Alert_Alligator_webmonitoring_service_1.6.3_(alertalligator.com)"
40.77.167.75 - - [03/Sep/2021:20:38:10 +0200] "GET /index.php?option=com_content&task=view&id=934&Itemid=79 HTTP/1.1" 200 28593 "-" "Mozilla/5.0 (compatible; bingbot/2.0; +http://www.bing.com/bingbot.htm)"
185.191.171.8 - - [03/Sep/2021:20:38:41 +0200] "GET /index2.php?id=1165&itemid=75&option=com_content&task=emailform HTTP/1.1" 200 692 "-" "Mozilla/5.0 (compatible; SemrushBot/7~bl; +http://www.semrush.com/bot.html)"
54.36.148.194 - - [03/Sep/2021:20:41:41 +0200] "GET /index2.php?option=com_content&task=view&id=955&pop=1&page=0 HTTP/1.1" 200 3119 "-" "Mozilla/5.0 (compatible; AhrefsBot/7.0; +http://ahrefs.com/robot/)"
185.191.171.2 - - [03/Sep/2021:20:42:06 +0200] "GET /index2.php?id=928&itemid=78&option=com_content&task=emailform HTTP/1.1" 200 2492 "-" "Mozilla/5.0 (compatible; SemrushBot/7~bl; +http://www.semrush.com/bot.html)"
185.191.171.8 - - [03/Sep/2021:20:43:51 +0200] "GET /index2.php?id=1180&itemid=75&option=com_content&task=emailform HTTP/1.1" 200 692 "-" "Mozilla/5.0 (compatible; SemrushBot/7~bl; +http://www.semrush.com/bot.html)"
185.191.171.39 - - [03/Sep/2021:20:45:01 +0200] "GET /index2.php?id=314&option=com_content&page=0&pop=1&task=view HTTP/1.1" 200 8864 "-" "Mozilla/5.0 (compatible; SemrushBot/7~bl; +http://www.semrush.com/bot.html)"
207.46.13.121 - - [03/Sep/2021:20:46:27 +0200] "GET /index.php?option=com_content&task=category§ionid=8&id=22&Itemid=68/?linktype=external HTTP/1.1" 200 40928 "-" "Mozilla/5.0 (compatible; bingbot/2.0; +http://www.bing.com/bingbot.htm)"
66.249.66.35 - - [03/Sep/2021:20:47:30 +0200] "GET /index.php?option=com_search&Itemid=99999999&searchword=erdei&searchphrase=any&ordering=newest&limit=10&limitstart=40 HTTP/1.1" 200 38937 "-" "Mozilla/5.0 (Linux; Android 6.0.1; Nexus 5X Build/MMB29P) AppleWebKit/537.36 (KHTML, like Gecko) Chrome/92.0.4515.119 Mobile Safari/537.36 (compatible; Googlebot/2.1; +http://www.google.com/bot.html)"
185.191.171.12 - - [03/Sep/2021:20:47:56 +0200] "GET /index.php?Itemid=88&id=104&option=com_content&task=view HTTP/1.1" 200 38699 "-" "Mozilla/5.0 (compatible; SemrushBot/7~bl; +http://www.semrush.com/bot.html)"
185.191.171.26 - - [03/Sep/2021:20:49:05 +0200] "GET /index2.php?id=457&option=com_content&page=0&pop=1&task=view HTTP/1.1" 200 4665 "-" "Mozilla/5.0 (compatible; SemrushBot/7~bl; +http://www.semrush.com/bot.html)"
185.191.171.25 - - [03/Sep/2021:20:50:16 +0200] "GET /index2.php?id=119&itemid=66&option=com_content&task=emailform HTTP/1.1" 200 2493 "-" "Mozilla/5.0 (compatible; SemrushBot/7~bl; +http://www.semrush.com/bot.html)"
185.191.171.6 - - [03/Sep/2021:20:51:33 +0200] "GET /index.php?Itemid=75&id=858&option=com_content&task=view HTTP/1.1" 200 38239 "-" "Mozilla/5.0 (compatible; SemrushBot/7~bl; +http://www.semrush.com/bot.html)"
54.36.148.94 - - [03/Sep/2021:20:53:02 +0200] "GET /index.php?option=com_content&task=view&id=1039&Itemid=75 HTTP/1.1" 200 29065 "-" "Mozilla/5.0 (compatible; AhrefsBot/7.0; +http://ahrefs.com/robot/)"
185.191.171.38 - - [03/Sep/2021:20:53:16 +0200] "GET /index2.php?id=117&itemid=66&option=com_content&task=emailform HTTP/1.1" 200 2481 "-" "Mozilla/5.0 (compatible; SemrushBot/7~bl; +http://www.semrush.com/bot.html)"
185.191.171.16 - - [03/Sep/2021:20:55:11 +0200] "GET /index.php?catid=2&id=8&option=com_weblinks&task=view HTTP/1.1" 301 5 "-" "Mozilla/5.0 (compatible; SemrushBot/7~bl; +http://www.semrush.com/bot.html)"
185.191.171.37 - - [03/Sep/2021:20:55:15 +0200] "GET /index2.php?Itemid=78&id=1150&option=com_content&page=0&pop=1&task=view HTTP/1.1" 200 3187 "-" "Mozilla/5.0 (compatible; SemrushBot/7~bl; +http://www.semrush.com/bot.html)"
185.191.171.44 - - [03/Sep/2021:20:56:48 +0200] "GET /index2.php?id=247&itemid=65&option=com_content&task=emailform HTTP/1.1" 200 2456 "-" "Mozilla/5.0 (compatible; SemrushBot/7~bl; +http://www.semrush.com/bot.html)"
185.191.171.35 - - [03/Sep/2021:20:56:59 +0200] "GET /index2.php?id=901&itemid=78&option=com_content&task=emailform HTTP/1.1" 200 2445 "-" "Mozilla/5.0 (compatible; SemrushBot/7~bl; +http://www.semrush.com/bot.html)"
185.191.171.39 - - [03/Sep/2021:20:57:39 +0200] "GET /index.php?Itemid=75&id=1232&option=com_content&task=view HTTP/1.1" 200 30966 "-" "Mozilla/5.0 (compatible; SemrushBot/7~bl; +http://www.semrush.com/bot.html)"
185.191.171.21 - - [03/Sep/2021:20:57:57 +0200] "GET /index2.php?id=140&itemid=66&option=com_content&task=emailform HTTP/1.1" 200 2495 "-" "Mozilla/5.0 (compatible; SemrushBot/7~bl; +http://www.semrush.com/bot.html)"
185.191.171.44 - - [03/Sep/2021:21:01:49 +0200] "GET /index.php?Itemid=69&id=680&option=com_content&task=view HTTP/1.1" 200 30512 "-" "Mozilla/5.0 (compatible; SemrushBot/7~bl; +http://www.semrush.com/bot.html)"
185.191.171.21 - - [03/Sep/2021:21:03:48 +0200] "GET /index.php?id=166&option=com_content&task=view HTTP/1.1" 200 29595 "-" "Mozilla/5.0 (compatible; SemrushBot/7~bl; +http://www.semrush.com/bot.html)"
54.36.148.212 - - [03/Sep/2021:21:04:28 +0200] "GET /index2.php?option=com_content&task=emailform&id=947&itemid=99999999 HTTP/1.1" 200 2523 "-" "Mozilla/5.0 (compatible; AhrefsBot/7.0; +http://ahrefs.com/robot/)"
66.249.66.35 - - [03/Sep/2021:21:06:43 +0200] "GET /index.php?option=com_content&task=view&id=243 HTTP/1.1" 200 28800 "-" "Mozilla/5.0 (Linux; Android 6.0.1; Nexus 5X Build/MMB29P) AppleWebKit/537.36 (KHTML, like Gecko) Chrome/92.0.4515.119 Mobile Safari/537.36 (compatible; Googlebot/2.1; +http://www.google.com/bot.html)"
185.191.171.17 - - [03/Sep/2021:21:09:16 +0200] "GET /robots.txt HTTP/1.1" 200 286 "-" "Mozilla/5.0 (compatible; SemrushBot/7~bl; +http://www.semrush.com/bot.html)"
185.191.171.37 - - [03/Sep/2021:21:09:17 +0200] "GET /index2.php?id=893&itemid=78&option=com_content&task=emailform HTTP/1.1" 200 2458 "-" "Mozilla/5.0 (compatible; SemrushBot/7~bl; +http://www.semrush.com/bot.html)"
216.244.66.239 - - [03/Sep/2021:21:16:07 +0200] "GET /robots.txt HTTP/1.1" 200 286 "-" "Mozilla/5.0 (compatible; DotBot/1.2; +https://opensiteexplorer.org/dotbot; help@moz.com)"
185.191.171.34 - - [03/Sep/2021:21:17:10 +0200] "GET /index2.php?Itemid=1&id=1165&option=com_content&page=0&pop=1&task=view HTTP/1.1" 200 3345 "-" "Mozilla/5.0 (compatible; SemrushBot/7~bl; +http://www.semrush.com/bot.html)"
54.36.148.212 - - [03/Sep/2021:21:17:35 +0200] "GET /index.php?option=com_content&task=view&id=839 HTTP/1.1" 200 30010 "-" "Mozilla/5.0 (compatible; AhrefsBot/7.0; +http://ahrefs.com/robot/)"
207.46.13.189 - - [03/Sep/2021:21:19:09 +0200] "GET /index.php?option=com_content&task=view&id=1046&Itemid=67 HTTP/1.1" 200 30117 "-" "Mozilla/5.0 (compatible; bingbot/2.0; +http://www.bing.com/bingbot.htm)"
216.244.66.239 - - [03/Sep/2021:21:22:37 +0200] "GET /index.php?option=com_content&task=view&id=1075&Itemid=78 HTTP/1.1" 200 28700 "-" "Mozilla/5.0 (compatible; DotBot/1.2; +https://opensiteexplorer.org/dotbot; help@moz.com)"
