176.63.21.210 - - [02/Sep/2021:13:53:17 +0200] "GET /modules/mod_vvisit_counter/images/blue/7.gif HTTP/1.1" 200 438 "http://www.kokosz.hu/" "Mozilla/5.0 (Windows NT 10.0; Win64; x64) AppleWebKit/537.36 (KHTML, like Gecko) Chrome/86.0.4240.75 Safari/537.36"
176.63.21.210 - - [02/Sep/2021:13:53:17 +0200] "GET /modules/mod_vvisit_counter/images/blue/4.gif HTTP/1.1" 200 460 "http://www.kokosz.hu/" "Mozilla/5.0 (Windows NT 10.0; Win64; x64) AppleWebKit/537.36 (KHTML, like Gecko) Chrome/86.0.4240.75 Safari/537.36"
176.63.21.210 - - [02/Sep/2021:13:53:17 +0200] "GET /modules/mod_vvisit_counter/images/blue/3.gif HTTP/1.1" 200 692 "http://www.kokosz.hu/" "Mozilla/5.0 (Windows NT 10.0; Win64; x64) AppleWebKit/537.36 (KHTML, like Gecko) Chrome/86.0.4240.75 Safari/537.36"
176.63.21.210 - - [02/Sep/2021:13:53:17 +0200] "GET /modules/mod_vvisit_counter/images/vweek.gif HTTP/1.1" 200 909 "http://www.kokosz.hu/" "Mozilla/5.0 (Windows NT 10.0; Win64; x64) AppleWebKit/537.36 (KHTML, like Gecko) Chrome/86.0.4240.75 Safari/537.36"
176.63.21.210 - - [02/Sep/2021:13:53:17 +0200] "GET /modules/mod_vvisit_counter/images/vyesterday.gif HTTP/1.1" 200 909 "http://www.kokosz.hu/" "Mozilla/5.0 (Windows NT 10.0; Win64; x64) AppleWebKit/537.36 (KHTML, like Gecko) Chrome/86.0.4240.75 Safari/537.36"
176.63.21.210 - - [02/Sep/2021:13:53:17 +0200] "GET /modules/mod_vvisit_counter/images/vtoday.gif HTTP/1.1" 200 909 "http://www.kokosz.hu/" "Mozilla/5.0 (Windows NT 10.0; Win64; x64) AppleWebKit/537.36 (KHTML, like Gecko) Chrome/86.0.4240.75 Safari/537.36"
176.63.21.210 - - [02/Sep/2021:13:53:17 +0200] "GET /modules/mod_vvisit_counter/images/vmonth.gif HTTP/1.1" 200 909 "http://www.kokosz.hu/" "Mozilla/5.0 (Windows NT 10.0; Win64; x64) AppleWebKit/537.36 (KHTML, like Gecko) Chrome/86.0.4240.75 Safari/537.36"
176.63.21.210 - - [02/Sep/2021:13:53:17 +0200] "GET /modules/mod_vvisit_counter/images/vall.gif HTTP/1.1" 200 996 "http://www.kokosz.hu/" "Mozilla/5.0 (Windows NT 10.0; Win64; x64) AppleWebKit/537.36 (KHTML, like Gecko) Chrome/86.0.4240.75 Safari/537.36"
176.63.21.210 - - [02/Sep/2021:13:53:17 +0200] "GET /templates/radiocampus/images/background_top.jpg HTTP/1.1" 200 1400 "http://www.kokosz.hu/" "Mozilla/5.0 (Windows NT 10.0; Win64; x64) AppleWebKit/537.36 (KHTML, like Gecko) Chrome/86.0.4240.75 Safari/537.36"
176.63.21.210 - - [02/Sep/2021:13:53:17 +0200] "GET /modules/mod_vvisit_counter/images/blue/9.gif HTTP/1.1" 200 688 "http://www.kokosz.hu/" "Mozilla/5.0 (Windows NT 10.0; Win64; x64) AppleWebKit/537.36 (KHTML, like Gecko) Chrome/86.0.4240.75 Safari/537.36"
176.63.21.210 - - [02/Sep/2021:13:53:17 +0200] "GET /images/cimer.ico HTTP/1.1" 200 1406 "http://www.kokosz.hu/" "Mozilla/5.0 (Windows NT 10.0; Win64; x64) AppleWebKit/537.36 (KHTML, like Gecko) Chrome/86.0.4240.75 Safari/537.36"
176.63.21.210 - - [02/Sep/2021:13:54:03 +0200] "GET /images/stories/dokumentumok/2013/eo_min_2013.doc HTTP/1.1" 404 1181 "http://www.kokosz.hu/" "Mozilla/5.0 (Windows NT 10.0; Win64; x64) AppleWebKit/537.36 (KHTML, like Gecko) Chrome/86.0.4240.75 Safari/537.36"
176.63.21.210 - - [02/Sep/2021:13:54:03 +0200] "GET /favicon.ico HTTP/1.1" 404 1181 "http://www.kokosz.hu/images/stories/dokumentumok/2013/eo_min_2013.doc" "Mozilla/5.0 (Windows NT 10.0; Win64; x64) AppleWebKit/537.36 (KHTML, like Gecko) Chrome/86.0.4240.75 Safari/537.36"
176.63.21.210 - - [02/Sep/2021:13:54:06 +0200] "GET / HTTP/1.1" 200 34029 "-" "Mozilla/5.0 (Windows NT 10.0; Win64; x64) AppleWebKit/537.36 (KHTML, like Gecko) Chrome/86.0.4240.75 Safari/537.36"
176.63.21.210 - - [02/Sep/2021:13:54:08 +0200] "GET /images/stories/dokumentumok/2013/ei_minositese_2013.doc HTTP/1.1" 404 1181 "http://www.kokosz.hu/" "Mozilla/5.0 (Windows NT 10.0; Win64; x64) AppleWebKit/537.36 (KHTML, like Gecko) Chrome/86.0.4240.75 Safari/537.36"
176.63.21.210 - - [02/Sep/2021:13:54:10 +0200] "GET / HTTP/1.1" 200 34029 "-" "Mozilla/5.0 (Windows NT 10.0; Win64; x64) AppleWebKit/537.36 (KHTML, like Gecko) Chrome/86.0.4240.75 Safari/537.36"
176.63.21.210 - - [02/Sep/2021:13:54:41 +0200] "GET /index.php?option=com_content&task=view&id=969&Itemid=94 HTTP/1.1" 200 36526 "http://www.kokosz.hu/" "Mozilla/5.0 (Windows NT 10.0; Win64; x64) AppleWebKit/537.36 (KHTML, like Gecko) Chrome/86.0.4240.75 Safari/537.36"
176.63.21.210 - - [02/Sep/2021:13:54:41 +0200] "GET /images/M_images/arrow.png HTTP/1.1" 200 169 "http://www.kokosz.hu/index.php?option=com_content&task=view&id=969&Itemid=94" "Mozilla/5.0 (Windows NT 10.0; Win64; x64) AppleWebKit/537.36 (KHTML, like Gecko) Chrome/86.0.4240.75 Safari/537.36"
176.63.21.210 - - [02/Sep/2021:13:54:41 +0200] "GET /images/M_images/printButton.png HTTP/1.1" 200 426 "http://www.kokosz.hu/index.php?option=com_content&task=view&id=969&Itemid=94" "Mozilla/5.0 (Windows NT 10.0; Win64; x64) AppleWebKit/537.36 (KHTML, like Gecko) Chrome/86.0.4240.75 Safari/537.36"
176.63.21.210 - - [02/Sep/2021:13:54:41 +0200] "GET /images/M_images/emailButton.png HTTP/1.1" 200 424 "http://www.kokosz.hu/index.php?option=com_content&task=view&id=969&Itemid=94" "Mozilla/5.0 (Windows NT 10.0; Win64; x64) AppleWebKit/537.36 (KHTML, like Gecko) Chrome/86.0.4240.75 Safari/537.36"
176.63.21.210 - - [02/Sep/2021:13:54:41 +0200] "GET /images/stories/logok/2015/me_logo.jpg HTTP/1.1" 200 6367 "http://www.kokosz.hu/index.php?option=com_content&task=view&id=969&Itemid=94" "Mozilla/5.0 (Windows NT 10.0; Win64; x64) AppleWebKit/537.36 (KHTML, like Gecko) Chrome/86.0.4240.75 Safari/537.36"
176.63.21.210 - - [02/Sep/2021:13:54:41 +0200] "GET /images/stories/logok/svajci_logo.jpg HTTP/1.1" 200 3301 "http://www.kokosz.hu/index.php?option=com_content&task=view&id=969&Itemid=94" "Mozilla/5.0 (Windows NT 10.0; Win64; x64) AppleWebKit/537.36 (KHTML, like Gecko) Chrome/86.0.4240.75 Safari/537.36"
144.76.3.131 - - [02/Sep/2021:13:54:56 +0200] "GET /robots.txt HTTP/1.1" 200 286 "-" "Mozilla/5.0 (compatible; MJ12bot/v1.4.8; http://mj12bot.com/)"
144.76.3.131 - - [02/Sep/2021:13:55:04 +0200] "GET /index.php?option=com_content&task=view&id=708&Itemid=1 HTTP/1.1" 200 36129 "-" "Mozilla/5.0 (compatible; MJ12bot/v1.4.8; http://mj12bot.com/)"
144.76.3.131 - - [02/Sep/2021:13:55:12 +0200] "GET /index.php?option=com_content&task=view&id=708&Itemid=75 HTTP/1.1" 200 35741 "-" "Mozilla/5.0 (compatible; MJ12bot/v1.4.8; http://mj12bot.com/)"
66.249.73.109 - - [02/Sep/2021:13:55:16 +0200] "GET / HTTP/1.1" 200 34029 "-" "Mozilla/5.0 (compatible; Googlebot/2.1; +http://www.google.com/bot.html)"
144.76.3.131 - - [02/Sep/2021:13:55:18 +0200] "GET /index.php?option=com_content&task=view&id=709 HTTP/1.1" 200 30955 "-" "Mozilla/5.0 (compatible; MJ12bot/v1.4.8; http://mj12bot.com/)"
144.76.3.131 - - [02/Sep/2021:13:55:25 +0200] "GET /index.php?option=com_content&task=view&id=709&Itemid=1 HTTP/1.1" 200 32045 "-" "Mozilla/5.0 (compatible; MJ12bot/v1.4.8; http://mj12bot.com/)"
144.76.3.131 - - [02/Sep/2021:13:55:33 +0200] "GET /index.php?option=com_content&task=view&id=715 HTTP/1.1" 200 29807 "-" "Mozilla/5.0 (compatible; MJ12bot/v1.4.8; http://mj12bot.com/)"
176.63.21.210 - - [02/Sep/2021:13:55:34 +0200] "GET /index.php?option=com_content&task=view&id=993 HTTP/1.1" 200 38958 "http://www.kokosz.hu/index.php?option=com_content&task=view&id=969&Itemid=94" "Mozilla/5.0 (Windows NT 10.0; Win64; x64) AppleWebKit/537.36 (KHTML, like Gecko) Chrome/86.0.4240.75 Safari/537.36"
144.76.3.131 - - [02/Sep/2021:13:55:38 +0200] "GET /index.php?option=com_content&task=view&id=721&Itemid=78 HTTP/1.1" 200 43244 "-" "Mozilla/5.0 (compatible; MJ12bot/v1.4.8; http://mj12bot.com/)"
144.76.3.131 - - [02/Sep/2021:13:55:45 +0200] "GET /index.php?option=com_content&task=view&id=721&Itemid=79 HTTP/1.1" 200 42847 "-" "Mozilla/5.0 (compatible; MJ12bot/v1.4.8; http://mj12bot.com/)"
176.63.21.210 - - [02/Sep/2021:13:55:47 +0200] "GET /images/stories/dokumentumok/2015/geo_park_egy_meg.pdf HTTP/1.1" 200 1226476 "http://www.kokosz.hu/index.php?option=com_content&task=view&id=993" "Mozilla/5.0 (Windows NT 10.0; Win64; x64) AppleWebKit/537.36 (KHTML, like Gecko) Chrome/86.0.4240.75 Safari/537.36"
144.76.3.131 - - [02/Sep/2021:13:55:54 +0200] "GET /index.php?option=com_content&task=view&id=723&Itemid=79 HTTP/1.1" 200 35277 "-" "Mozilla/5.0 (compatible; MJ12bot/v1.4.8; http://mj12bot.com/)"
144.76.3.131 - - [02/Sep/2021:13:56:01 +0200] "GET /index.php?option=com_content&task=view&id=731&Itemid=79 HTTP/1.1" 200 30394 "-" "Mozilla/5.0 (compatible; MJ12bot/v1.4.8; http://mj12bot.com/)"
144.76.3.131 - - [02/Sep/2021:13:56:05 +0200] "GET /index.php?option=com_content&task=view&id=735&Itemid=78 HTTP/1.1" 200 33898 "-" "Mozilla/5.0 (compatible; MJ12bot/v1.4.8; http://mj12bot.com/)"
144.76.3.131 - - [02/Sep/2021:13:56:10 +0200] "GET /index.php?option=com_content&task=view&id=740&Itemid=78 HTTP/1.1" 200 32565 "-" "Mozilla/5.0 (compatible; MJ12bot/v1.4.8; http://mj12bot.com/)"
144.76.3.131 - - [02/Sep/2021:13:56:17 +0200] "GET /index.php?option=com_content&task=view&id=742&Itemid=78 HTTP/1.1" 200 28969 "-" "Mozilla/5.0 (compatible; MJ12bot/v1.4.8; http://mj12bot.com/)"
144.76.3.131 - - [02/Sep/2021:13:56:22 +0200] "GET /index.php?option=com_content&task=view&id=744&Itemid=75 HTTP/1.1" 200 29166 "-" "Mozilla/5.0 (compatible; MJ12bot/v1.4.8; http://mj12bot.com/)"
176.63.21.210 - - [02/Sep/2021:13:56:22 +0200] "GET /index.php?option=com_content&task=view&id=1159&Itemid=75 HTTP/1.1" 200 29782 "http://www.kokosz.hu/index.php?option=com_content&task=view&id=993" "Mozilla/5.0 (Windows NT 10.0; Win64; x64) AppleWebKit/537.36 (KHTML, like Gecko) Chrome/86.0.4240.75 Safari/537.36"
144.76.3.131 - - [02/Sep/2021:13:56:30 +0200] "GET /index.php?option=com_content&task=view&id=745&Itemid=79 HTTP/1.1" 200 28474 "-" "Mozilla/5.0 (compatible; MJ12bot/v1.4.8; http://mj12bot.com/)"
185.191.171.40 - - [02/Sep/2021:13:56:31 +0200] "GET /index2.php?Itemid=65&id=237&option=com_content&page=0&pop=1&task=view HTTP/1.1" 200 3551 "-" "Mozilla/5.0 (compatible; SemrushBot/7~bl; +http://www.semrush.com/bot.html)"
176.63.21.210 - - [02/Sep/2021:13:56:38 +0200] "GET /index.php?option=com_content&task=view&id=1240&Itemid=75 HTTP/1.1" 200 28802 "http://www.kokosz.hu/index.php?option=com_content&task=view&id=1159&Itemid=75" "Mozilla/5.0 (Windows NT 10.0; Win64; x64) AppleWebKit/537.36 (KHTML, like Gecko) Chrome/86.0.4240.75 Safari/537.36"
144.76.3.131 - - [02/Sep/2021:13:56:38 +0200] "GET /index.php?option=com_content&task=view&id=746 HTTP/1.1" 200 28994 "-" "Mozilla/5.0 (compatible; MJ12bot/v1.4.8; http://mj12bot.com/)"
144.76.3.131 - - [02/Sep/2021:13:56:41 +0200] "GET /index.php?option=com_content&task=view&id=75 HTTP/1.1" 200 38931 "-" "Mozilla/5.0 (compatible; MJ12bot/v1.4.8; http://mj12bot.com/)"
176.63.21.210 - - [02/Sep/2021:13:56:45 +0200] "GET /images/stories/dokumentumok/2020/galambos_mecs_cikk.docx HTTP/1.1" 200 46879 "http://www.kokosz.hu/index.php?option=com_content&task=view&id=1240&Itemid=75" "Mozilla/5.0 (Windows NT 10.0; Win64; x64) AppleWebKit/537.36 (KHTML, like Gecko) Chrome/86.0.4240.75 Safari/537.36"
144.76.3.131 - - [02/Sep/2021:13:56:47 +0200] "GET /index.php?option=com_content&task=view&id=757&Itemid=79 HTTP/1.1" 200 31343 "-" "Mozilla/5.0 (compatible; MJ12bot/v1.4.8; http://mj12bot.com/)"
144.76.3.131 - - [02/Sep/2021:13:56:51 +0200] "GET /index.php?option=com_content&task=view&id=761 HTTP/1.1" 200 28520 "-" "Mozilla/5.0 (compatible; MJ12bot/v1.4.8; http://mj12bot.com/)"
144.76.3.131 - - [02/Sep/2021:13:56:57 +0200] "GET /index.php?option=com_content&task=view&id=783&Itemid=75 HTTP/1.1" 200 29410 "-" "Mozilla/5.0 (compatible; MJ12bot/v1.4.8; http://mj12bot.com/)"
144.76.3.131 - - [02/Sep/2021:13:57:01 +0200] "GET /index.php?option=com_content&task=view&id=783&Itemid=89 HTTP/1.1" 200 28803 "-" "Mozilla/5.0 (compatible; MJ12bot/v1.4.8; http://mj12bot.com/)"
144.76.3.131 - - [02/Sep/2021:13:57:06 +0200] "GET /index.php?option=com_content&task=view&id=786&Itemid=1 HTTP/1.1" 200 29626 "-" "Mozilla/5.0 (compatible; MJ12bot/v1.4.8; http://mj12bot.com/)"
144.76.3.131 - - [02/Sep/2021:13:57:10 +0200] "GET /index.php?option=com_content&task=view&id=786&Itemid=75 HTTP/1.1" 200 29249 "-" "Mozilla/5.0 (compatible; MJ12bot/v1.4.8; http://mj12bot.com/)"
144.76.3.131 - - [02/Sep/2021:13:57:17 +0200] "GET /index.php?option=com_content&task=view&id=797&Itemid=89 HTTP/1.1" 200 28331 "-" "Mozilla/5.0 (compatible; MJ12bot/v1.4.8; http://mj12bot.com/)"
144.76.3.131 - - [02/Sep/2021:13:57:23 +0200] "GET /index.php?option=com_content&task=view&id=798&Itemid=75 HTTP/1.1" 200 29228 "-" "Mozilla/5.0 (compatible; MJ12bot/v1.4.8; http://mj12bot.com/)"
144.76.3.131 - - [02/Sep/2021:13:57:26 +0200] "GET /index.php?option=com_content&task=view&id=798&Itemid=89 HTTP/1.1" 200 28620 "-" "Mozilla/5.0 (compatible; MJ12bot/v1.4.8; http://mj12bot.com/)"
49.12.13.109 - - [02/Sep/2021:13:57:30 +0200] "HEAD / HTTP/1.1" 200 0 "-" "Alert_Alligator_webmonitoring_service_1.6.3_(alertalligator.com)"
144.76.3.131 - - [02/Sep/2021:13:57:31 +0200] "GET /index.php?option=com_content&task=view&id=800&Itemid=1 HTTP/1.1" 200 49569 "-" "Mozilla/5.0 (compatible; MJ12bot/v1.4.8; http://mj12bot.com/)"
144.76.3.131 - - [02/Sep/2021:13:57:34 +0200] "GET /index2.php?option=com_content&task=emailform&id=744&itemid=1 HTTP/1.1" 200 2477 "-" "Mozilla/5.0 (compatible; MJ12bot/v1.4.8; http://mj12bot.com/)"
144.76.3.131 - - [02/Sep/2021:13:57:38 +0200] "GET /index2.php?option=com_content&task=emailform&id=757&itemid=1 HTTP/1.1" 200 2456 "-" "Mozilla/5.0 (compatible; MJ12bot/v1.4.8; http://mj12bot.com/)"
144.76.3.131 - - [02/Sep/2021:13:57:43 +0200] "GET /index2.php?option=com_content&task=emailform&id=760&itemid=78 HTTP/1.1" 200 2456 "-" "Mozilla/5.0 (compatible; MJ12bot/v1.4.8; http://mj12bot.com/)"
144.76.3.131 - - [02/Sep/2021:13:57:48 +0200] "GET /index2.php?option=com_content&task=emailform&id=780&itemid=99999999 HTTP/1.1" 200 2470 "-" "Mozilla/5.0 (compatible; MJ12bot/v1.4.8; http://mj12bot.com/)"
144.76.3.131 - - [02/Sep/2021:13:57:55 +0200] "GET /index2.php?option=com_content&task=emailform&id=891&itemid=79 HTTP/1.1" 200 2445 "-" "Mozilla/5.0 (compatible; MJ12bot/v1.4.8; http://mj12bot.com/)"
144.76.3.131 - - [02/Sep/2021:13:58:02 +0200] "GET /index2.php?option=com_content&task=view&id=410&pop=1&page=0 HTTP/1.1" 200 5168 "-" "Mozilla/5.0 (compatible; MJ12bot/v1.4.8; http://mj12bot.com/)"
176.63.21.210 - - [02/Sep/2021:13:58:02 +0200] "GET /index.php?option=com_content&task=view&id=1159&Itemid=75 HTTP/1.1" 200 29782 "http://www.kokosz.hu/index.php?option=com_content&task=view&id=993" "Mozilla/5.0 (Windows NT 10.0; Win64; x64) AppleWebKit/537.36 (KHTML, like Gecko) Chrome/86.0.4240.75 Safari/537.36"
176.63.21.210 - - [02/Sep/2021:13:58:04 +0200] "GET /index.php?option=com_content&task=view&id=993 HTTP/1.1" 200 38958 "http://www.kokosz.hu/index.php?option=com_content&task=view&id=969&Itemid=94" "Mozilla/5.0 (Windows NT 10.0; Win64; x64) AppleWebKit/537.36 (KHTML, like Gecko) Chrome/86.0.4240.75 Safari/537.36"
176.63.21.210 - - [02/Sep/2021:13:58:10 +0200] "GET /index.php?option=com_content&task=view&id=969&Itemid=94 HTTP/1.1" 200 36526 "http://www.kokosz.hu/" "Mozilla/5.0 (Windows NT 10.0; Win64; x64) AppleWebKit/537.36 (KHTML, like Gecko) Chrome/86.0.4240.75 Safari/537.36"
176.63.21.210 - - [02/Sep/2021:13:58:13 +0200] "GET / HTTP/1.1" 200 34029 "-" "Mozilla/5.0 (Windows NT 10.0; Win64; x64) AppleWebKit/537.36 (KHTML, like Gecko) Chrome/86.0.4240.75 Safari/537.36"
216.244.66.239 - - [02/Sep/2021:13:58:15 +0200] "GET /robots.txt HTTP/1.1" 200 286 "-" "Mozilla/5.0 (compatible; DotBot/1.2; +https://opensiteexplorer.org/dotbot; help@moz.com)"
216.244.66.239 - - [02/Sep/2021:13:58:15 +0200] "GET /robots.txt HTTP/1.1" 200 286 "-" "Mozilla/5.0 (compatible; DotBot/1.2; +https://opensiteexplorer.org/dotbot; help@moz.com)"
195.199.249.129 - - [02/Sep/2021:13:59:08 +0200] "GET /index.php?option=com_content&task=view&id=496&Itemid=69 HTTP/1.1" 200 30532 "https://www.google.com/" "Mozilla/5.0 (Windows NT 10.0; Win64; x64) AppleWebKit/537.36 (KHTML, like Gecko) Chrome/92.0.4515.159 Safari/537.36"
195.199.249.129 - - [02/Sep/2021:13:59:08 +0200] "GET /templates/radiocampus/css/template_css.css HTTP/1.1" 200 10686 "http://www.kokosz.hu/index.php?option=com_content&task=view&id=496&Itemid=69" "Mozilla/5.0 (Windows NT 10.0; Win64; x64) AppleWebKit/537.36 (KHTML, like Gecko) Chrome/92.0.4515.159 Safari/537.36"
195.199.249.129 - - [02/Sep/2021:13:59:08 +0200] "GET /templates/radiocampus/images/spacer.gif HTTP/1.1" 200 43 "http://www.kokosz.hu/index.php?option=com_content&task=view&id=496&Itemid=69" "Mozilla/5.0 (Windows NT 10.0; Win64; x64) AppleWebKit/537.36 (KHTML, like Gecko) Chrome/92.0.4515.159 Safari/537.36"
195.199.249.129 - - [02/Sep/2021:13:59:08 +0200] "GET /images/stories/logok/erdei_iskola_program.jpg HTTP/1.1" 200 7679 "http://www.kokosz.hu/index.php?option=com_content&task=view&id=496&Itemid=69" "Mozilla/5.0 (Windows NT 10.0; Win64; x64) AppleWebKit/537.36 (KHTML, like Gecko) Chrome/92.0.4515.159 Safari/537.36"
195.199.249.129 - - [02/Sep/2021:13:59:08 +0200] "GET /images/stories/logok/bagoly.gif HTTP/1.1" 200 4919 "http://www.kokosz.hu/index.php?option=com_content&task=view&id=496&Itemid=69" "Mozilla/5.0 (Windows NT 10.0; Win64; x64) AppleWebKit/537.36 (KHTML, like Gecko) Chrome/92.0.4515.159 Safari/537.36"
195.199.249.129 - - [02/Sep/2021:13:59:08 +0200] "GET /images/stories/statikus_kepek/fotoalbum.gif HTTP/1.1" 200 2428 "http://www.kokosz.hu/index.php?option=com_content&task=view&id=496&Itemid=69" "Mozilla/5.0 (Windows NT 10.0; Win64; x64) AppleWebKit/537.36 (KHTML, like Gecko) Chrome/92.0.4515.159 Safari/537.36"
195.199.249.129 - - [02/Sep/2021:13:59:08 +0200] "GET /images/stories/logok/erdei_iskola_program_et.jpg HTTP/1.1" 200 8081 "http://www.kokosz.hu/index.php?option=com_content&task=view&id=496&Itemid=69" "Mozilla/5.0 (Windows NT 10.0; Win64; x64) AppleWebKit/537.36 (KHTML, like Gecko) Chrome/92.0.4515.159 Safari/537.36"
195.199.249.129 - - [02/Sep/2021:13:59:08 +0200] "GET /templates/radiocampus/images/logo_top_pa.jpg HTTP/1.1" 200 114295 "http://www.kokosz.hu/index.php?option=com_content&task=view&id=496&Itemid=69" "Mozilla/5.0 (Windows NT 10.0; Win64; x64) AppleWebKit/537.36 (KHTML, like Gecko) Chrome/92.0.4515.159 Safari/537.36"
195.199.249.129 - - [02/Sep/2021:13:59:08 +0200] "GET /images/stories/logok/erdei_ovoda_logo.jpg HTTP/1.1" 200 3597 "http://www.kokosz.hu/index.php?option=com_content&task=view&id=496&Itemid=69" "Mozilla/5.0 (Windows NT 10.0; Win64; x64) AppleWebKit/537.36 (KHTML, like Gecko) Chrome/92.0.4515.159 Safari/537.36"
195.199.249.129 - - [02/Sep/2021:13:59:08 +0200] "GET /images/stories/logok/erdei_iskola_logo.jpg HTTP/1.1" 200 6785 "http://www.kokosz.hu/index.php?option=com_content&task=view&id=496&Itemid=69" "Mozilla/5.0 (Windows NT 10.0; Win64; x64) AppleWebKit/537.36 (KHTML, like Gecko) Chrome/92.0.4515.159 Safari/537.36"
195.199.249.129 - - [02/Sep/2021:13:59:08 +0200] "GET /images/M_images/printButton.png HTTP/1.1" 200 426 "http://www.kokosz.hu/index.php?option=com_content&task=view&id=496&Itemid=69" "Mozilla/5.0 (Windows NT 10.0; Win64; x64) AppleWebKit/537.36 (KHTML, like Gecko) Chrome/92.0.4515.159 Safari/537.36"
195.199.249.129 - - [02/Sep/2021:13:59:08 +0200] "GET /images/stories/statikus_kepek/szogi_lajos_kepzo.jpg HTTP/1.1" 200 27286 "http://www.kokosz.hu/index.php?option=com_content&task=view&id=496&Itemid=69" "Mozilla/5.0 (Windows NT 10.0; Win64; x64) AppleWebKit/537.36 (KHTML, like Gecko) Chrome/92.0.4515.159 Safari/537.36"
195.199.249.129 - - [02/Sep/2021:13:59:08 +0200] "GET /images/M_images/emailButton.png HTTP/1.1" 200 424 "http://www.kokosz.hu/index.php?option=com_content&task=view&id=496&Itemid=69" "Mozilla/5.0 (Windows NT 10.0; Win64; x64) AppleWebKit/537.36 (KHTML, like Gecko) Chrome/92.0.4515.159 Safari/537.36"
195.199.249.129 - - [02/Sep/2021:13:59:08 +0200] "GET /templates/radiocampus/images/bild_rechts_gross.jpg HTTP/1.1" 200 16998 "http://www.kokosz.hu/index.php?option=com_content&task=view&id=496&Itemid=69" "Mozilla/5.0 (Windows NT 10.0; Win64; x64) AppleWebKit/537.36 (KHTML, like Gecko) Chrome/92.0.4515.159 Safari/537.36"
195.199.249.129 - - [02/Sep/2021:13:59:08 +0200] "GET /images/stories/hirkepek/kopjafa.jpg HTTP/1.1" 200 5537 "http://www.kokosz.hu/index.php?option=com_content&task=view&id=496&Itemid=69" "Mozilla/5.0 (Windows NT 10.0; Win64; x64) AppleWebKit/537.36 (KHTML, like Gecko) Chrome/92.0.4515.159 Safari/537.36"
195.199.249.129 - - [02/Sep/2021:13:59:08 +0200] "GET /images/stories/logok/emmi_logo.jpg HTTP/1.1" 200 3819 "http://www.kokosz.hu/index.php?option=com_content&task=view&id=496&Itemid=69" "Mozilla/5.0 (Windows NT 10.0; Win64; x64) AppleWebKit/537.36 (KHTML, like Gecko) Chrome/92.0.4515.159 Safari/537.36"
195.199.249.129 - - [02/Sep/2021:13:59:08 +0200] "GET /images/stories/logok/2015/eet.jpg HTTP/1.1" 200 3753 "http://www.kokosz.hu/index.php?option=com_content&task=view&id=496&Itemid=69" "Mozilla/5.0 (Windows NT 10.0; Win64; x64) AppleWebKit/537.36 (KHTML, like Gecko) Chrome/92.0.4515.159 Safari/537.36"
195.199.249.129 - - [02/Sep/2021:13:59:08 +0200] "GET /images/stories/logok/2015/emet.jpg HTTP/1.1" 200 5961 "http://www.kokosz.hu/index.php?option=com_content&task=view&id=496&Itemid=69" "Mozilla/5.0 (Windows NT 10.0; Win64; x64) AppleWebKit/537.36 (KHTML, like Gecko) Chrome/92.0.4515.159 Safari/537.36"
195.199.249.129 - - [02/Sep/2021:13:59:08 +0200] "GET /images/stories/logok/2015/ntp.jpg HTTP/1.1" 200 4004 "http://www.kokosz.hu/index.php?option=com_content&task=view&id=496&Itemid=69" "Mozilla/5.0 (Windows NT 10.0; Win64; x64) AppleWebKit/537.36 (KHTML, like Gecko) Chrome/92.0.4515.159 Safari/537.36"
195.199.249.129 - - [02/Sep/2021:13:59:08 +0200] "GET /images/stories/logok/2015/ofi.jpg HTTP/1.1" 200 5571 "http://www.kokosz.hu/index.php?option=com_content&task=view&id=496&Itemid=69" "Mozilla/5.0 (Windows NT 10.0; Win64; x64) AppleWebKit/537.36 (KHTML, like Gecko) Chrome/92.0.4515.159 Safari/537.36"
195.199.249.129 - - [02/Sep/2021:13:59:08 +0200] "GET /modules/mod_vvisit_counter/images/blue/0.gif HTTP/1.1" 200 697 "http://www.kokosz.hu/index.php?option=com_content&task=view&id=496&Itemid=69" "Mozilla/5.0 (Windows NT 10.0; Win64; x64) AppleWebKit/537.36 (KHTML, like Gecko) Chrome/92.0.4515.159 Safari/537.36"
195.199.249.129 - - [02/Sep/2021:13:59:08 +0200] "GET /modules/mod_vvisit_counter/images/blue/1.gif HTTP/1.1" 200 400 "http://www.kokosz.hu/index.php?option=com_content&task=view&id=496&Itemid=69" "Mozilla/5.0 (Windows NT 10.0; Win64; x64) AppleWebKit/537.36 (KHTML, like Gecko) Chrome/92.0.4515.159 Safari/537.36"
195.199.249.129 - - [02/Sep/2021:13:59:08 +0200] "GET /modules/mod_vvisit_counter/images/blue/7.gif HTTP/1.1" 200 438 "http://www.kokosz.hu/index.php?option=com_content&task=view&id=496&Itemid=69" "Mozilla/5.0 (Windows NT 10.0; Win64; x64) AppleWebKit/537.36 (KHTML, like Gecko) Chrome/92.0.4515.159 Safari/537.36"
195.199.249.129 - - [02/Sep/2021:13:59:08 +0200] "GET /modules/mod_vvisit_counter/images/blue/2.gif HTTP/1.1" 200 687 "http://www.kokosz.hu/index.php?option=com_content&task=view&id=496&Itemid=69" "Mozilla/5.0 (Windows NT 10.0; Win64; x64) AppleWebKit/537.36 (KHTML, like Gecko) Chrome/92.0.4515.159 Safari/537.36"
195.199.249.129 - - [02/Sep/2021:13:59:08 +0200] "GET /modules/mod_vvisit_counter/images/blue/4.gif HTTP/1.1" 200 460 "http://www.kokosz.hu/index.php?option=com_content&task=view&id=496&Itemid=69" "Mozilla/5.0 (Windows NT 10.0; Win64; x64) AppleWebKit/537.36 (KHTML, like Gecko) Chrome/92.0.4515.159 Safari/537.36"
195.199.249.129 - - [02/Sep/2021:13:59:08 +0200] "GET /modules/mod_vvisit_counter/images/blue/3.gif HTTP/1.1" 200 692 "http://www.kokosz.hu/index.php?option=com_content&task=view&id=496&Itemid=69" "Mozilla/5.0 (Windows NT 10.0; Win64; x64) AppleWebKit/537.36 (KHTML, like Gecko) Chrome/92.0.4515.159 Safari/537.36"
195.199.249.129 - - [02/Sep/2021:13:59:08 +0200] "GET /modules/mod_vvisit_counter/images/vtoday.gif HTTP/1.1" 200 909 "http://www.kokosz.hu/index.php?option=com_content&task=view&id=496&Itemid=69" "Mozilla/5.0 (Windows NT 10.0; Win64; x64) AppleWebKit/537.36 (KHTML, like Gecko) Chrome/92.0.4515.159 Safari/537.36"
195.199.249.129 - - [02/Sep/2021:13:59:08 +0200] "GET /modules/mod_vvisit_counter/images/vyesterday.gif HTTP/1.1" 200 909 "http://www.kokosz.hu/index.php?option=com_content&task=view&id=496&Itemid=69" "Mozilla/5.0 (Windows NT 10.0; Win64; x64) AppleWebKit/537.36 (KHTML, like Gecko) Chrome/92.0.4515.159 Safari/537.36"
195.199.249.129 - - [02/Sep/2021:13:59:08 +0200] "GET /modules/mod_vvisit_counter/images/vweek.gif HTTP/1.1" 200 909 "http://www.kokosz.hu/index.php?option=com_content&task=view&id=496&Itemid=69" "Mozilla/5.0 (Windows NT 10.0; Win64; x64) AppleWebKit/537.36 (KHTML, like Gecko) Chrome/92.0.4515.159 Safari/537.36"
195.199.249.129 - - [02/Sep/2021:13:59:08 +0200] "GET /modules/mod_vvisit_counter/images/vmonth.gif HTTP/1.1" 200 909 "http://www.kokosz.hu/index.php?option=com_content&task=view&id=496&Itemid=69" "Mozilla/5.0 (Windows NT 10.0; Win64; x64) AppleWebKit/537.36 (KHTML, like Gecko) Chrome/92.0.4515.159 Safari/537.36"
195.199.249.129 - - [02/Sep/2021:13:59:08 +0200] "GET /modules/mod_vvisit_counter/images/vall.gif HTTP/1.1" 200 996 "http://www.kokosz.hu/index.php?option=com_content&task=view&id=496&Itemid=69" "Mozilla/5.0 (Windows NT 10.0; Win64; x64) AppleWebKit/537.36 (KHTML, like Gecko) Chrome/92.0.4515.159 Safari/537.36"
195.199.249.129 - - [02/Sep/2021:13:59:08 +0200] "GET /templates/radiocampus/images/background_top.jpg HTTP/1.1" 200 1400 "http://www.kokosz.hu/index.php?option=com_content&task=view&id=496&Itemid=69" "Mozilla/5.0 (Windows NT 10.0; Win64; x64) AppleWebKit/537.36 (KHTML, like Gecko) Chrome/92.0.4515.159 Safari/537.36"
195.199.249.129 - - [02/Sep/2021:13:59:09 +0200] "GET /images/cimer.ico HTTP/1.1" 200 1406 "http://www.kokosz.hu/index.php?option=com_content&task=view&id=496&Itemid=69" "Mozilla/5.0 (Windows NT 10.0; Win64; x64) AppleWebKit/537.36 (KHTML, like Gecko) Chrome/92.0.4515.159 Safari/537.36"
54.36.148.194 - - [02/Sep/2021:14:00:32 +0200] "GET /index2.php?option=com_content&task=emailform&id=763&itemid=99999999 HTTP/1.1" 200 2502 "-" "Mozilla/5.0 (compatible; AhrefsBot/7.0; +http://ahrefs.com/robot/)"
185.191.171.2 - - [02/Sep/2021:14:01:25 +0200] "GET /index2.php?Itemid=1&id=1058&option=com_content&page=0&pop=1&task=view HTTP/1.1" 200 3535 "-" "Mozilla/5.0 (compatible; SemrushBot/7~bl; +http://www.semrush.com/bot.html)"
66.249.65.244 - - [02/Sep/2021:14:04:18 +0200] "GET /index2.php?option=com_content&task=view&id=1232&pop=1&page=0&Itemid=79 HTTP/1.1" 200 4304 "-" "Mozilla/5.0 (compatible; Googlebot/2.1; +http://www.google.com/bot.html)"
185.191.171.24 - - [02/Sep/2021:14:06:53 +0200] "GET /index2.php?id=1206&itemid=1&option=com_content&task=emailform HTTP/1.1" 200 2512 "-" "Mozilla/5.0 (compatible; SemrushBot/7~bl; +http://www.semrush.com/bot.html)"
216.244.66.239 - - [02/Sep/2021:14:06:56 +0200] "GET /index.php?option=com_content&task=view&id=303&Itemid=68 HTTP/1.1" 200 26265 "-" "Mozilla/5.0 (compatible; DotBot/1.2; +https://opensiteexplorer.org/dotbot; help@moz.com)"
185.191.171.23 - - [02/Sep/2021:14:08:34 +0200] "GET /index.php?Itemid=65&id=240&option=com_content&task=view HTTP/1.1" 200 29647 "-" "Mozilla/5.0 (compatible; SemrushBot/7~bl; +http://www.semrush.com/bot.html)"
54.36.148.90 - - [02/Sep/2021:14:09:57 +0200] "GET /index2.php?option=com_content&task=emailform&id=917&itemid=99999999 HTTP/1.1" 200 2495 "-" "Mozilla/5.0 (compatible; AhrefsBot/7.0; +http://ahrefs.com/robot/)"
185.191.171.40 - - [02/Sep/2021:14:10:42 +0200] "GET /index.php?Itemid=69&id=373&option=com_content&task=view HTTP/1.1" 200 30689 "-" "Mozilla/5.0 (compatible; SemrushBot/7~bl; +http://www.semrush.com/bot.html)"
31.13.127.9 - - [02/Sep/2021:14:11:07 +0200] "GET /templates/radiocampus/images/logo_top_pa.jpg HTTP/1.1" 200 114295 "-" "facebookexternalhit/1.1 (+http://www.facebook.com/externalhit_uatext.php)"
31.13.103.118 - - [02/Sep/2021:14:11:08 +0200] "GET /templates/radiocampus/images/logo_top_pa.jpg HTTP/1.1" 200 114295 "-" "facebookexternalhit/1.1 (+http://www.facebook.com/externalhit_uatext.php)"
216.244.66.239 - - [02/Sep/2021:14:14:06 +0200] "GET /index.php?option=com_content&task=view&id=1089 HTTP/1.1" 200 29408 "-" "Mozilla/5.0 (compatible; DotBot/1.2; +https://opensiteexplorer.org/dotbot; help@moz.com)"
66.249.65.248 - - [02/Sep/2021:14:18:27 +0200] "GET /index.php?option=com_content&task=view&id=687&Itemid=68 HTTP/1.1" 200 30253 "-" "Mozilla/5.0 (Linux; Android 6.0.1; Nexus 5X Build/MMB29P) AppleWebKit/537.36 (KHTML, like Gecko) Chrome/92.0.4515.119 Mobile Safari/537.36 (compatible; Googlebot/2.1; +http://www.google.com/bot.html)"
54.36.149.97 - - [02/Sep/2021:14:19:27 +0200] "GET /index2.php?option=com_content&task=view&id=917&pop=1&page=0 HTTP/1.1" 200 14858 "-" "Mozilla/5.0 (compatible; AhrefsBot/7.0; +http://ahrefs.com/robot/)"
185.191.171.11 - - [02/Sep/2021:14:22:59 +0200] "GET /robots.txt HTTP/1.1" 200 286 "-" "Mozilla/5.0 (compatible; SemrushBot/7~bl; +http://www.semrush.com/bot.html)"
185.191.171.7 - - [02/Sep/2021:14:23:01 +0200] "GET /index2.php?id=207&itemid=65&option=com_content&task=emailform HTTP/1.1" 200 2461 "-" "Mozilla/5.0 (compatible; SemrushBot/7~bl; +http://www.semrush.com/bot.html)"
54.36.148.239 - - [02/Sep/2021:14:29:25 +0200] "GET /index2.php?option=com_content&task=emailform&id=904&itemid=99999999 HTTP/1.1" 200 2479 "-" "Mozilla/5.0 (compatible; AhrefsBot/7.0; +http://ahrefs.com/robot/)"
185.191.171.12 - - [02/Sep/2021:14:34:22 +0200] "GET /index2.php?id=632&itemid=99999999&option=com_content&task=emailform HTTP/1.1" 200 2500 "-" "Mozilla/5.0 (compatible; SemrushBot/7~bl; +http://www.semrush.com/bot.html)"
185.191.171.39 - - [02/Sep/2021:14:35:11 +0200] "GET /index2.php?id=972&itemid=78&option=com_content&task=emailform HTTP/1.1" 200 2464 "-" "Mozilla/5.0 (compatible; SemrushBot/7~bl; +http://www.semrush.com/bot.html)"
54.36.148.115 - - [02/Sep/2021:14:39:06 +0200] "GET /index.php?option=com_content&task=view&id=1023 HTTP/1.1" 200 28708 "-" "Mozilla/5.0 (compatible; AhrefsBot/7.0; +http://ahrefs.com/robot/)"
185.191.171.41 - - [02/Sep/2021:14:39:51 +0200] "GET /index.php?Itemid=75&id=710&option=com_content&task=view HTTP/1.1" 200 31487 "-" "Mozilla/5.0 (compatible; SemrushBot/7~bl; +http://www.semrush.com/bot.html)"
185.191.171.6 - - [02/Sep/2021:14:40:54 +0200] "GET /index2.php?id=466&itemid=99999999&option=com_content&task=emailform HTTP/1.1" 200 2495 "-" "Mozilla/5.0 (compatible; SemrushBot/7~bl; +http://www.semrush.com/bot.html)"
185.191.171.5 - - [02/Sep/2021:14:44:28 +0200] "GET /index2.php?Itemid=69&id=83&option=com_content&page=0&pop=1&task=view HTTP/1.1" 200 4430 "-" "Mozilla/5.0 (compatible; SemrushBot/7~bl; +http://www.semrush.com/bot.html)"
185.191.171.13 - - [02/Sep/2021:14:44:37 +0200] "GET /index.php?id=775&option=com_content&task=view HTTP/1.1" 200 29572 "-" "Mozilla/5.0 (compatible; SemrushBot/7~bl; +http://www.semrush.com/bot.html)"
216.244.66.239 - - [02/Sep/2021:14:47:09 +0200] "GET /robots.txt HTTP/1.1" 200 286 "-" "Mozilla/5.0 (compatible; DotBot/1.2; +https://opensiteexplorer.org/dotbot; help@moz.com)"
54.36.148.27 - - [02/Sep/2021:14:47:50 +0200] "GET /index2.php?option=com_content&task=view&id=904&pop=1&page=0 HTTP/1.1" 200 2298 "-" "Mozilla/5.0 (compatible; AhrefsBot/7.0; +http://ahrefs.com/robot/)"
185.191.171.24 - - [02/Sep/2021:14:48:13 +0200] "GET /index.php?Itemid=84&catid=6&func=viewcategory&option=com_ponygallery HTTP/1.1" 200 36953 "-" "Mozilla/5.0 (compatible; SemrushBot/7~bl; +http://www.semrush.com/bot.html)"
185.191.171.22 - - [02/Sep/2021:14:49:05 +0200] "GET /index2.php?id=577&itemid=99999999&option=com_content&task=emailform HTTP/1.1" 200 2497 "-" "Mozilla/5.0 (compatible; SemrushBot/7~bl; +http://www.semrush.com/bot.html)"
185.191.171.14 - - [02/Sep/2021:14:50:42 +0200] "GET /index.php?Itemid=75&id=995&option=com_content&task=view HTTP/1.1" 200 30272 "-" "Mozilla/5.0 (compatible; SemrushBot/7~bl; +http://www.semrush.com/bot.html)"
185.191.171.11 - - [02/Sep/2021:14:55:35 +0200] "GET /index2.php?id=459&itemid=69&option=com_content&task=emailform HTTP/1.1" 200 2491 "-" "Mozilla/5.0 (compatible; SemrushBot/7~bl; +http://www.semrush.com/bot.html)"
54.36.148.5 - - [02/Sep/2021:14:56:34 +0200] "GET /index.php?option=com_content&task=view&id=1116&Itemid=78 HTTP/1.1" 200 28882 "-" "Mozilla/5.0 (compatible; AhrefsBot/7.0; +http://ahrefs.com/robot/)"
49.12.13.109 - - [02/Sep/2021:14:57:09 +0200] "HEAD / HTTP/1.1" 200 0 "-" "Alert_Alligator_webmonitoring_service_1.6.3_(alertalligator.com)"
185.191.171.5 - - [02/Sep/2021:14:58:32 +0200] "GET /index.php?id=1038&option=com_content&task=view HTTP/1.1" 200 28385 "-" "Mozilla/5.0 (compatible; SemrushBot/7~bl; +http://www.semrush.com/bot.html)"
185.191.171.23 - - [02/Sep/2021:14:59:16 +0200] "GET /index.php?id=148&option=com_content&task=view HTTP/1.1" 200 36659 "-" "Mozilla/5.0 (compatible; SemrushBot/7~bl; +http://www.semrush.com/bot.html)"
185.191.171.38 - - [02/Sep/2021:15:01:02 +0200] "GET /index2.php?Itemid=1&id=918&option=com_content&page=0&pop=1&task=view HTTP/1.1" 200 28462 "-" "Mozilla/5.0 (compatible; SemrushBot/7~bl; +http://www.semrush.com/bot.html)"
216.244.66.239 - - [02/Sep/2021:15:01:32 +0200] "GET /index.php?option=com_content&task=view&id=1013&Itemid=78 HTTP/1.1" 200 28779 "-" "Mozilla/5.0 (compatible; DotBot/1.2; +https://opensiteexplorer.org/dotbot; help@moz.com)"
216.244.66.239 - - [02/Sep/2021:15:01:38 +0200] "GET /index.php?option=com_content&task=view&id=999&Itemid=78 HTTP/1.1" 200 28919 "-" "Mozilla/5.0 (compatible; DotBot/1.2; +https://opensiteexplorer.org/dotbot; help@moz.com)"
185.191.171.14 - - [02/Sep/2021:15:02:07 +0200] "GET /index2.php?id=314&itemid=99999999&option=com_content&task=emailform HTTP/1.1" 200 2518 "-" "Mozilla/5.0 (compatible; SemrushBot/7~bl; +http://www.semrush.com/bot.html)"
52.8.11.173 - - [02/Sep/2021:15:03:16 +0200] "GET /robots.txt HTTP/1.1" 200 286 "-" "clark-crawler2/Nutch-1.19-SNAPSHOT"
52.8.11.173 - - [02/Sep/2021:15:03:17 +0200] "GET / HTTP/1.1" 200 33998 "-" "clark-crawler2/Nutch-1.19-SNAPSHOT"
185.191.171.35 - - [02/Sep/2021:15:03:34 +0200] "GET /index.php?id=331&option=com_content&task=view HTTP/1.1" 200 30545 "-" "Mozilla/5.0 (compatible; SemrushBot/7~bl; +http://www.semrush.com/bot.html)"
66.249.65.248 - - [02/Sep/2021:15:04:18 +0200] "GET /index2.php?option=com_content&task=emailform&id=151&itemid=88 HTTP/1.1" 200 2469 "-" "Mozilla/5.0 (compatible; Googlebot/2.1; +http://www.google.com/bot.html)"
54.36.148.167 - - [02/Sep/2021:15:06:54 +0200] "GET /index2.php?option=com_content&task=emailform&id=922&itemid=99999999 HTTP/1.1" 200 2501 "-" "Mozilla/5.0 (compatible; AhrefsBot/7.0; +http://ahrefs.com/robot/)"
185.191.171.44 - - [02/Sep/2021:15:09:31 +0200] "GET /index2.php?id=528&itemid=69&option=com_content&task=emailform HTTP/1.1" 200 2502 "-" "Mozilla/5.0 (compatible; SemrushBot/7~bl; +http://www.semrush.com/bot.html)"
185.191.171.21 - - [02/Sep/2021:15:13:35 +0200] "GET /index.php?id=1217&option=com_content&task=view HTTP/1.1" 200 30903 "-" "Mozilla/5.0 (compatible; SemrushBot/7~bl; +http://www.semrush.com/bot.html)"
54.36.149.76 - - [02/Sep/2021:15:16:45 +0200] "GET /index.php?option=com_content&task=view&id=1195&Itemid=75 HTTP/1.1" 200 29216 "-" "Mozilla/5.0 (compatible; AhrefsBot/7.0; +http://ahrefs.com/robot/)"
185.191.171.20 - - [02/Sep/2021:15:17:13 +0200] "GET /index.php?Itemid=1&id=1164&option=com_content&task=view HTTP/1.1" 200 29334 "-" "Mozilla/5.0 (compatible; SemrushBot/7~bl; +http://www.semrush.com/bot.html)"
66.249.65.244 - - [02/Sep/2021:15:18:27 +0200] "GET /index.php?option=com_content&task=view&id=751&Itemid=1 HTTP/1.1" 200 42688 "-" "Mozilla/5.0 (Linux; Android 6.0.1; Nexus 5X Build/MMB29P) AppleWebKit/537.36 (KHTML, like Gecko) Chrome/92.0.4515.119 Mobile Safari/537.36 (compatible; Googlebot/2.1; +http://www.google.com/bot.html)"
185.191.171.4 - - [02/Sep/2021:15:21:11 +0200] "GET /index.php?id=744&option=com_content&task=view HTTP/1.1" 200 28408 "-" "Mozilla/5.0 (compatible; SemrushBot/7~bl; +http://www.semrush.com/bot.html)"
185.191.171.9 - - [02/Sep/2021:15:22:40 +0200] "GET /index.php?Itemid=88&id=767&option=com_content&task=view HTTP/1.1" 200 29651 "-" "Mozilla/5.0 (compatible; SemrushBot/7~bl; +http://www.semrush.com/bot.html)"
185.191.171.22 - - [02/Sep/2021:15:22:54 +0200] "GET /index.php?id=884&option=com_content&task=view HTTP/1.1" 200 28726 "-" "Mozilla/5.0 (compatible; SemrushBot/7~bl; +http://www.semrush.com/bot.html)"
185.191.171.7 - - [02/Sep/2021:15:25:06 +0200] "GET /robots.txt HTTP/1.1" 200 286 "-" "Mozilla/5.0 (compatible; SemrushBot/7~bl; +http://www.semrush.com/bot.html)"
185.191.171.40 - - [02/Sep/2021:15:25:07 +0200] "GET /index2.php?id=910&option=com_content&page=0&pop=1&task=view HTTP/1.1" 200 5976 "-" "Mozilla/5.0 (compatible; SemrushBot/7~bl; +http://www.semrush.com/bot.html)"
54.36.149.6 - - [02/Sep/2021:15:27:09 +0200] "GET /index2.php?option=com_content&task=view&id=922&pop=1&page=0 HTTP/1.1" 200 3662 "-" "Mozilla/5.0 (compatible; AhrefsBot/7.0; +http://ahrefs.com/robot/)"
66.249.65.248 - - [02/Sep/2021:15:28:18 +0200] "GET /index2.php?option=com_content&task=view&id=66&pop=1&page=0&Itemid=65 HTTP/1.1" 200 3572 "-" "Mozilla/5.0 (compatible; Googlebot/2.1; +http://www.google.com/bot.html)"
185.191.171.24 - - [02/Sep/2021:15:28:34 +0200] "GET /index2.php?id=670&itemid=99999999&option=com_content&task=emailform HTTP/1.1" 200 2499 "-" "Mozilla/5.0 (compatible; SemrushBot/7~bl; +http://www.semrush.com/bot.html)"
185.191.171.39 - - [02/Sep/2021:15:30:31 +0200] "GET /index2.php?Itemid=75&id=899&option=com_content&page=0&pop=1&task=view HTTP/1.1" 200 2276 "-" "Mozilla/5.0 (compatible; SemrushBot/7~bl; +http://www.semrush.com/bot.html)"
185.191.171.2 - - [02/Sep/2021:15:33:31 +0200] "GET /index.php?Itemid=1&id=1231&option=com_content&task=view HTTP/1.1" 200 29534 "-" "Mozilla/5.0 (compatible; SemrushBot/7~bl; +http://www.semrush.com/bot.html)"
185.191.171.9 - - [02/Sep/2021:15:35:14 +0200] "GET /index2.php?id=457&itemid=99999999&option=com_content&task=emailform HTTP/1.1" 200 2523 "-" "Mozilla/5.0 (compatible; SemrushBot/7~bl; +http://www.semrush.com/bot.html)"
185.191.171.41 - - [02/Sep/2021:15:36:31 +0200] "GET /index.php?id=1207&option=com_content&task=view HTTP/1.1" 200 29955 "-" "Mozilla/5.0 (compatible; SemrushBot/7~bl; +http://www.semrush.com/bot.html)"
54.36.148.152 - - [02/Sep/2021:15:37:45 +0200] "GET /index2.php?option=com_content&task=emailform&id=800&itemid=99999999 HTTP/1.1" 200 2464 "-" "Mozilla/5.0 (compatible; AhrefsBot/7.0; +http://ahrefs.com/robot/)"
185.191.171.6 - - [02/Sep/2021:15:39:28 +0200] "GET /index2.php?Itemid=65&id=232&option=com_content&page=0&pop=1&task=view HTTP/1.1" 200 3653 "-" "Mozilla/5.0 (compatible; SemrushBot/7~bl; +http://www.semrush.com/bot.html)"
66.249.65.248 - - [02/Sep/2021:15:40:19 +0200] "GET /index.php?option=com_content&task=view&id=127 HTTP/1.1" 200 31364 "-" "Mozilla/5.0 (compatible; Googlebot/2.1; +http://www.google.com/bot.html)"
185.191.171.44 - - [02/Sep/2021:15:46:22 +0200] "GET /index2.php?id=711&itemid=78&option=com_content&task=emailform HTTP/1.1" 200 2471 "-" "Mozilla/5.0 (compatible; SemrushBot/7~bl; +http://www.semrush.com/bot.html)"
54.36.148.181 - - [02/Sep/2021:15:47:21 +0200] "GET /index2.php?option=com_content&task=view&id=909&pop=1&page=0 HTTP/1.1" 200 2339 "-" "Mozilla/5.0 (compatible; AhrefsBot/7.0; +http://ahrefs.com/robot/)"
66.249.65.244 - - [02/Sep/2021:15:47:56 +0200] "GET /index.php?option=com_content&task=view&id=831&Itemid=78 HTTP/1.1" 200 36364 "-" "Mozilla/5.0 (Linux; Android 6.0.1; Nexus 5X Build/MMB29P) AppleWebKit/537.36 (KHTML, like Gecko) Chrome/92.0.4515.119 Mobile Safari/537.36 (compatible; Googlebot/2.1; +http://www.google.com/bot.html)"
185.191.171.16 - - [02/Sep/2021:15:51:23 +0200] "GET /index2.php?id=787&itemid=75&option=com_content&task=emailform HTTP/1.1" 200 2463 "-" "Mozilla/5.0 (compatible; SemrushBot/7~bl; +http://www.semrush.com/bot.html)"
185.191.171.14 - - [02/Sep/2021:15:53:12 +0200] "GET /index2.php?id=895&itemid=78&option=com_content&task=emailform HTTP/1.1" 200 2506 "-" "Mozilla/5.0 (compatible; SemrushBot/7~bl; +http://www.semrush.com/bot.html)"
159.69.145.50 - - [02/Sep/2021:15:56:31 +0200] "HEAD / HTTP/1.1" 200 0 "-" "Alert_Alligator_webmonitoring_service_1.6.3_(alertalligator.com)"
54.36.149.91 - - [02/Sep/2021:15:57:24 +0200] "GET /index.php?option=com_content&task=view&id=998 HTTP/1.1" 200 28374 "-" "Mozilla/5.0 (compatible; AhrefsBot/7.0; +http://ahrefs.com/robot/)"
54.36.148.160 - - [02/Sep/2021:16:06:32 +0200] "GET /index.php?option=com_content&task=view&id=1137 HTTP/1.1" 200 29719 "-" "Mozilla/5.0 (compatible; AhrefsBot/7.0; +http://ahrefs.com/robot/)"
185.191.171.20 - - [02/Sep/2021:16:06:43 +0200] "GET /index.php?Itemid=78&id=1104&option=com_content&task=view HTTP/1.1" 200 30268 "-" "Mozilla/5.0 (compatible; SemrushBot/7~bl; +http://www.semrush.com/bot.html)"
66.249.65.248 - - [02/Sep/2021:16:07:54 +0200] "GET /index.php?option=com_content&task=view&id=276&Itemid=68 HTTP/1.1" 200 39824 "-" "Mozilla/5.0 (Linux; Android 6.0.1; Nexus 5X Build/MMB29P) AppleWebKit/537.36 (KHTML, like Gecko) Chrome/92.0.4515.119 Mobile Safari/537.36 (compatible; Googlebot/2.1; +http://www.google.com/bot.html)"
185.191.171.4 - - [02/Sep/2021:16:08:25 +0200] "GET /index2.php?id=965&itemid=75&option=com_content&task=emailform HTTP/1.1" 200 2454 "-" "Mozilla/5.0 (compatible; SemrushBot/7~bl; +http://www.semrush.com/bot.html)"
185.191.171.25 - - [02/Sep/2021:16:10:30 +0200] "GET /index2.php?id=910&itemid=99999999&option=com_content&task=emailform HTTP/1.1" 200 2460 "-" "Mozilla/5.0 (compatible; SemrushBot/7~bl; +http://www.semrush.com/bot.html)"
185.191.171.22 - - [02/Sep/2021:16:11:13 +0200] "GET /index.php?Itemid=84&catid=10&func=viewcategory&option=com_ponygallery&startpage=1&substartpage=2 HTTP/1.1" 200 46770 "-" "Mozilla/5.0 (compatible; SemrushBot/7~bl; +http://www.semrush.com/bot.html)"
185.191.171.15 - - [02/Sep/2021:16:11:40 +0200] "GET /index2.php?id=66&itemid=65&option=com_content&task=emailform HTTP/1.1" 200 2490 "-" "Mozilla/5.0 (compatible; SemrushBot/7~bl; +http://www.semrush.com/bot.html)"
54.36.148.187 - - [02/Sep/2021:16:16:19 +0200] "GET /index.php?option=com_content&task=view&id=1099&Itemid=78 HTTP/1.1" 200 29473 "-" "Mozilla/5.0 (compatible; AhrefsBot/7.0; +http://ahrefs.com/robot/)"
185.191.171.18 - - [02/Sep/2021:16:17:39 +0200] "GET /index.php?Itemid=65&id=203&option=com_content&task=view HTTP/1.1" 200 29668 "-" "Mozilla/5.0 (compatible; SemrushBot/7~bl; +http://www.semrush.com/bot.html)"
185.191.171.8 - - [02/Sep/2021:16:17:44 +0200] "GET /index2.php?id=101&itemid=66&option=com_content&task=emailform HTTP/1.1" 200 2481 "-" "Mozilla/5.0 (compatible; SemrushBot/7~bl; +http://www.semrush.com/bot.html)"
66.249.65.244 - - [02/Sep/2021:16:18:26 +0200] "GET /index.php?option=com_content&task=view&id=1234&Itemid=1 HTTP/1.1" 200 30589 "-" "Mozilla/5.0 (Linux; Android 6.0.1; Nexus 5X Build/MMB29P) AppleWebKit/537.36 (KHTML, like Gecko) Chrome/92.0.4515.119 Mobile Safari/537.36 (compatible; Googlebot/2.1; +http://www.google.com/bot.html)"
66.249.65.248 - - [02/Sep/2021:16:18:27 +0200] "GET /index2.php?option=com_content&task=emailform&id=130&itemid=88 HTTP/1.1" 200 2501 "-" "Mozilla/5.0 (compatible; Googlebot/2.1; +http://www.google.com/bot.html)"
216.244.66.239 - - [02/Sep/2021:16:23:13 +0200] "GET /robots.txt HTTP/1.1" 200 286 "-" "Mozilla/5.0 (compatible; DotBot/1.2; +https://opensiteexplorer.org/dotbot; help@moz.com)"
216.244.66.239 - - [02/Sep/2021:16:23:13 +0200] "GET /robots.txt HTTP/1.1" 200 286 "-" "Mozilla/5.0 (compatible; DotBot/1.2; +https://opensiteexplorer.org/dotbot; help@moz.com)"
185.191.171.13 - - [02/Sep/2021:16:24:36 +0200] "GET /index.php?Itemid=67&id=21&option=com_content§ionid=7&task=category HTTP/1.1" 200 34844 "-" "Mozilla/5.0 (compatible; SemrushBot/7~bl; +http://www.semrush.com/bot.html)"
54.36.148.232 - - [02/Sep/2021:16:26:27 +0200] "GET /index.php?option=com_content&task=view&id=1008 HTTP/1.1" 200 29695 "-" "Mozilla/5.0 (compatible; AhrefsBot/7.0; +http://ahrefs.com/robot/)"
185.191.171.26 - - [02/Sep/2021:16:26:55 +0200] "GET /robots.txt HTTP/1.1" 200 286 "-" "Mozilla/5.0 (compatible; SemrushBot/7~bl; +http://www.semrush.com/bot.html)"
185.191.171.22 - - [02/Sep/2021:16:26:56 +0200] "GET /index2.php?id=684&itemid=88&option=com_content&task=emailform HTTP/1.1" 200 2503 "-" "Mozilla/5.0 (compatible; SemrushBot/7~bl; +http://www.semrush.com/bot.html)"
185.191.171.7 - - [02/Sep/2021:16:27:56 +0200] "GET /index2.php?id=348&option=com_content&page=0&pop=1&task=view HTTP/1.1" 200 4559 "-" "Mozilla/5.0 (compatible; SemrushBot/7~bl; +http://www.semrush.com/bot.html)"
66.249.65.244 - - [02/Sep/2021:16:28:19 +0200] "GET /index.php?option=com_search&Itemid=99999999&searchword=rnyezet&searchphrase=any&ordering=newest&limit=5&limitstart=80 HTTP/1.1" 200 35049 "-" "Mozilla/5.0 (compatible; Googlebot/2.1; +http://www.google.com/bot.html)"
185.191.171.21 - - [02/Sep/2021:16:28:40 +0200] "GET /index.php?Itemid=78&id=844&option=com_content&task=view HTTP/1.1" 200 29113 "-" "Mozilla/5.0 (compatible; SemrushBot/7~bl; +http://www.semrush.com/bot.html)"
185.191.171.24 - - [02/Sep/2021:16:31:22 +0200] "GET /index2.php?Itemid=1&id=944&option=com_content&page=0&pop=1&task=view HTTP/1.1" 200 2891 "-" "Mozilla/5.0 (compatible; SemrushBot/7~bl; +http://www.semrush.com/bot.html)"
185.191.171.24 - - [02/Sep/2021:16:32:32 +0200] "GET /index.php?Itemid=75&id=1240&option=com_content&task=view HTTP/1.1" 200 28771 "-" "Mozilla/5.0 (compatible; SemrushBot/7~bl; +http://www.semrush.com/bot.html)"
66.249.65.246 - - [02/Sep/2021:16:33:46 +0200] "GET /index.php?option=com_content&task=view&id=1233&Itemid=1 HTTP/1.1" 200 29357 "-" "Mozilla/5.0 (Linux; Android 6.0.1; Nexus 5X Build/MMB29P) AppleWebKit/537.36 (KHTML, like Gecko) Chrome/92.0.4515.119 Mobile Safari/537.36 (compatible; Googlebot/2.1; +http://www.google.com/bot.html)"
185.191.171.23 - - [02/Sep/2021:16:33:47 +0200] "GET /index.php?Itemid=65&id=183&option=com_content&task=view HTTP/1.1" 200 29696 "-" "Mozilla/5.0 (compatible; SemrushBot/7~bl; +http://www.semrush.com/bot.html)"
185.191.171.19 - - [02/Sep/2021:16:35:31 +0200] "GET /index.php?Itemid=75&id=981&option=com_content&task=view HTTP/1.1" 200 29211 "-" "Mozilla/5.0 (compatible; SemrushBot/7~bl; +http://www.semrush.com/bot.html)"
216.244.66.239 - - [02/Sep/2021:16:37:01 +0200] "GET /index.php?option=com_content&task=view&id=1126 HTTP/1.1" 200 33783 "-" "Mozilla/5.0 (compatible; DotBot/1.2; +https://opensiteexplorer.org/dotbot; help@moz.com)"
54.36.148.97 - - [02/Sep/2021:16:37:29 +0200] "GET /index.php?option=com_content&task=view&id=1071&Itemid=78 HTTP/1.1" 200 29044 "-" "Mozilla/5.0 (compatible; AhrefsBot/7.0; +http://ahrefs.com/robot/)"
185.191.171.6 - - [02/Sep/2021:16:41:03 +0200] "GET /index2.php?id=406&option=com_content&page=0&pop=1&task=view HTTP/1.1" 200 4430 "-" "Mozilla/5.0 (compatible; SemrushBot/7~bl; +http://www.semrush.com/bot.html)"
185.191.171.22 - - [02/Sep/2021:16:42:23 +0200] "GET /index2.php?id=203&option=com_content&page=0&pop=1&task=view HTTP/1.1" 200 3636 "-" "Mozilla/5.0 (compatible; SemrushBot/7~bl; +http://www.semrush.com/bot.html)"
185.191.171.21 - - [02/Sep/2021:16:44:27 +0200] "GET /index2.php?Itemid=69&id=470&option=com_content&page=0&pop=1&task=view HTTP/1.1" 200 4421 "-" "Mozilla/5.0 (compatible; SemrushBot/7~bl; +http://www.semrush.com/bot.html)"
185.191.171.26 - - [02/Sep/2021:16:46:37 +0200] "GET /index.php?Itemid=84&catid=22&func=viewcategory&option=com_ponygallery HTTP/1.1" 200 42185 "-" "Mozilla/5.0 (compatible; SemrushBot/7~bl; +http://www.semrush.com/bot.html)"
54.36.149.18 - - [02/Sep/2021:16:47:59 +0200] "GET /index.php?option=com_content&task=view&id=1117&Itemid=78 HTTP/1.1" 200 28896 "-" "Mozilla/5.0 (compatible; AhrefsBot/7.0; +http://ahrefs.com/robot/)"
5.9.61.232 - - [02/Sep/2021:16:48:26 +0200] "GET /robots.txt HTTP/1.1" 200 286 "-" "Mozilla/5.0 (compatible; MJ12bot/v1.4.8; http://mj12bot.com/)"
5.9.61.232 - - [02/Sep/2021:16:48:29 +0200] "GET /index2.php?option=com_content&task=emailform&id=589&itemid=99999999 HTTP/1.1" 200 2511 "-" "Mozilla/5.0 (compatible; MJ12bot/v1.4.8; http://mj12bot.com/)"
185.191.171.6 - - [02/Sep/2021:16:48:33 +0200] "GET /index2.php?id=78&option=com_content&page=0&pop=1&task=view HTTP/1.1" 200 5255 "-" "Mozilla/5.0 (compatible; SemrushBot/7~bl; +http://www.semrush.com/bot.html)"
185.191.171.10 - - [02/Sep/2021:16:50:42 +0200] "GET /index2.php?Itemid=65&id=168&option=com_content&page=0&pop=1&task=view HTTP/1.1" 200 3474 "-" "Mozilla/5.0 (compatible; SemrushBot/7~bl; +http://www.semrush.com/bot.html)"
66.249.65.248 - - [02/Sep/2021:16:52:18 +0200] "GET /index2.php?option=com_content&task=view&id=114&pop=1&page=0&Itemid=88 HTTP/1.1" 200 3647 "-" "Mozilla/5.0 (compatible; Googlebot/2.1; +http://www.google.com/bot.html)"
212.237.53.115 - - [02/Sep/2021:16:55:33 +0200] "HEAD / HTTP/1.1" 200 0 "-" "Alert_Alligator_webmonitoring_service_1.6.3_(alertalligator.com)"
54.36.149.68 - - [02/Sep/2021:16:56:26 +0200] "GET /index.php?option=com_content&task=view&id=1096&Itemid=78 HTTP/1.1" 200 28760 "-" "Mozilla/5.0 (compatible; AhrefsBot/7.0; +http://ahrefs.com/robot/)"
66.249.65.248 - - [02/Sep/2021:16:58:16 +0200] "GET /index2.php?option=com_content&task=view&id=62&pop=1&page=0 HTTP/1.1" 200 2803 "-" "Mozilla/5.0 (Linux; Android 6.0.1; Nexus 5X Build/MMB29P) AppleWebKit/537.36 (KHTML, like Gecko) Chrome/92.0.4515.119 Mobile Safari/537.36 (compatible; Googlebot/2.1; +http://www.google.com/bot.html)"
185.191.171.13 - - [02/Sep/2021:16:59:18 +0200] "GET /index2.php?Itemid=78&id=893&option=com_content&page=0&pop=1&task=view HTTP/1.1" 200 3243 "-" "Mozilla/5.0 (compatible; SemrushBot/7~bl; +http://www.semrush.com/bot.html)"
