42.236.10.114 - - [02/Sep/2021:21:53:01 +0200] "GET /images/stories/logok/2015/emet.jpg HTTP/1.1" 200 5961 "http://www.kokosz.hu/" "Mozilla/5.0 (Linux; U; Android 8.1.0; zh-CN; EML-AL00 Build/HUAWEIEML-AL00) AppleWebKit/537.36 (KHTML, like Gecko) Version/4.0 Chrome/57.0.2987.108 baidu.sogo.uc.UCBrowser/11.9.4.974 UWS/2.13.1.48 Mobile Safari/537.36 AliApp(DingTalk/4.5.11) com.alibaba.android.rimet/10487439 Channel/227200 language/zh-CN"
42.236.10.114 - - [02/Sep/2021:21:53:02 +0200] "GET /images/stories/logok/2015/ntp.jpg HTTP/1.1" 200 4004 "http://www.kokosz.hu/" "Mozilla/5.0 (Linux; U; Android 8.1.0; zh-CN; EML-AL00 Build/HUAWEIEML-AL00) AppleWebKit/537.36 (KHTML, like Gecko) Version/4.0 Chrome/57.0.2987.108 baidu.sogo.uc.UCBrowser/11.9.4.974 UWS/2.13.1.48 Mobile Safari/537.36 AliApp(DingTalk/4.5.11) com.alibaba.android.rimet/10487439 Channel/227200 language/zh-CN"
42.236.10.114 - - [02/Sep/2021:21:53:02 +0200] "GET /images/stories/logok/2015/ofi.jpg HTTP/1.1" 200 5571 "http://www.kokosz.hu/" "Mozilla/5.0 (Linux; U; Android 8.1.0; zh-CN; EML-AL00 Build/HUAWEIEML-AL00) AppleWebKit/537.36 (KHTML, like Gecko) Version/4.0 Chrome/57.0.2987.108 baidu.sogo.uc.UCBrowser/11.9.4.974 UWS/2.13.1.48 Mobile Safari/537.36 AliApp(DingTalk/4.5.11) com.alibaba.android.rimet/10487439 Channel/227200 language/zh-CN"
42.236.10.114 - - [02/Sep/2021:21:53:04 +0200] "GET /modules/mod_vvisit_counter/images/blue/0.gif HTTP/1.1" 200 697 "http://www.kokosz.hu/" "Mozilla/5.0 (Linux; U; Android 8.1.0; zh-CN; EML-AL00 Build/HUAWEIEML-AL00) AppleWebKit/537.36 (KHTML, like Gecko) Version/4.0 Chrome/57.0.2987.108 baidu.sogo.uc.UCBrowser/11.9.4.974 UWS/2.13.1.48 Mobile Safari/537.36 AliApp(DingTalk/4.5.11) com.alibaba.android.rimet/10487439 Channel/227200 language/zh-CN"
42.236.10.114 - - [02/Sep/2021:21:53:06 +0200] "GET /modules/mod_vvisit_counter/images/blue/1.gif HTTP/1.1" 200 400 "http://www.kokosz.hu/" "Mozilla/5.0 (Linux; U; Android 8.1.0; zh-CN; EML-AL00 Build/HUAWEIEML-AL00) AppleWebKit/537.36 (KHTML, like Gecko) Version/4.0 Chrome/57.0.2987.108 baidu.sogo.uc.UCBrowser/11.9.4.974 UWS/2.13.1.48 Mobile Safari/537.36 AliApp(DingTalk/4.5.11) com.alibaba.android.rimet/10487439 Channel/227200 language/zh-CN"
42.236.10.114 - - [02/Sep/2021:21:53:07 +0200] "GET /images/cimer.ico HTTP/1.1" 200 1406 "-" "Mozilla/5.0 (Windows NT 10.0; WOW64) AppleWebKit/537.36 (KHTML, like Gecko) Chrome/78.0.3904.108 Safari/537.36"
42.236.10.114 - - [02/Sep/2021:21:53:07 +0200] "GET /modules/mod_vvisit_counter/images/blue/7.gif HTTP/1.1" 200 438 "http://www.kokosz.hu/" "Mozilla/5.0 (Linux; U; Android 8.1.0; zh-CN; EML-AL00 Build/HUAWEIEML-AL00) AppleWebKit/537.36 (KHTML, like Gecko) Version/4.0 Chrome/57.0.2987.108 baidu.sogo.uc.UCBrowser/11.9.4.974 UWS/2.13.1.48 Mobile Safari/537.36 AliApp(DingTalk/4.5.11) com.alibaba.android.rimet/10487439 Channel/227200 language/zh-CN"
42.236.10.114 - - [02/Sep/2021:21:53:08 +0200] "GET /modules/mod_vvisit_counter/images/blue/2.gif HTTP/1.1" 200 687 "http://www.kokosz.hu/" "Mozilla/5.0 (Linux; U; Android 8.1.0; zh-CN; EML-AL00 Build/HUAWEIEML-AL00) AppleWebKit/537.36 (KHTML, like Gecko) Version/4.0 Chrome/57.0.2987.108 baidu.sogo.uc.UCBrowser/11.9.4.974 UWS/2.13.1.48 Mobile Safari/537.36 AliApp(DingTalk/4.5.11) com.alibaba.android.rimet/10487439 Channel/227200 language/zh-CN"
42.236.10.114 - - [02/Sep/2021:21:53:09 +0200] "GET /modules/mod_vvisit_counter/images/blue/5.gif HTTP/1.1" 200 696 "http://www.kokosz.hu/" "Mozilla/5.0 (Linux; U; Android 8.1.0; zh-CN; EML-AL00 Build/HUAWEIEML-AL00) AppleWebKit/537.36 (KHTML, like Gecko) Version/4.0 Chrome/57.0.2987.108 baidu.sogo.uc.UCBrowser/11.9.4.974 UWS/2.13.1.48 Mobile Safari/537.36 AliApp(DingTalk/4.5.11) com.alibaba.android.rimet/10487439 Channel/227200 language/zh-CN"
42.236.10.114 - - [02/Sep/2021:21:53:09 +0200] "GET /modules/mod_vvisit_counter/images/vtoday.gif HTTP/1.1" 200 909 "http://www.kokosz.hu/" "Mozilla/5.0 (Linux; U; Android 8.1.0; zh-CN; EML-AL00 Build/HUAWEIEML-AL00) AppleWebKit/537.36 (KHTML, like Gecko) Version/4.0 Chrome/57.0.2987.108 baidu.sogo.uc.UCBrowser/11.9.4.974 UWS/2.13.1.48 Mobile Safari/537.36 AliApp(DingTalk/4.5.11) com.alibaba.android.rimet/10487439 Channel/227200 language/zh-CN"
42.236.10.114 - - [02/Sep/2021:21:53:10 +0200] "GET /modules/mod_vvisit_counter/images/vyesterday.gif HTTP/1.1" 200 909 "http://www.kokosz.hu/" "Mozilla/5.0 (Linux; U; Android 8.1.0; zh-CN; EML-AL00 Build/HUAWEIEML-AL00) AppleWebKit/537.36 (KHTML, like Gecko) Version/4.0 Chrome/57.0.2987.108 baidu.sogo.uc.UCBrowser/11.9.4.974 UWS/2.13.1.48 Mobile Safari/537.36 AliApp(DingTalk/4.5.11) com.alibaba.android.rimet/10487439 Channel/227200 language/zh-CN"
42.236.10.114 - - [02/Sep/2021:21:53:10 +0200] "GET /modules/mod_vvisit_counter/images/vweek.gif HTTP/1.1" 200 909 "http://www.kokosz.hu/" "Mozilla/5.0 (Linux; U; Android 8.1.0; zh-CN; EML-AL00 Build/HUAWEIEML-AL00) AppleWebKit/537.36 (KHTML, like Gecko) Version/4.0 Chrome/57.0.2987.108 baidu.sogo.uc.UCBrowser/11.9.4.974 UWS/2.13.1.48 Mobile Safari/537.36 AliApp(DingTalk/4.5.11) com.alibaba.android.rimet/10487439 Channel/227200 language/zh-CN"
185.191.171.43 - - [02/Sep/2021:21:53:17 +0200] "GET /index.php?Itemid=78&id=1076&option=com_content&task=view HTTP/1.1" 200 28814 "-" "Mozilla/5.0 (compatible; SemrushBot/7~bl; +http://www.semrush.com/bot.html)"
193.187.119.203 - - [02/Sep/2021:21:55:11 +0200] "GET /wp-login.php HTTP/1.1" 404 1181 "-" "Mozilla/5.0 (X11; Ubuntu; Linux x86_64; rv:62.0) Gecko/20100101 Firefox/62.0"
139.155.225.232 - - [02/Sep/2021:21:55:32 +0200] "GET /wp-login.php HTTP/1.1" 404 1181 "-" "Mozilla/5.0 (X11; Ubuntu; Linux x86_64; rv:62.0) Gecko/20100101 Firefox/62.0"
66.249.65.248 - - [02/Sep/2021:21:56:29 +0200] "GET /index2.php?option=com_content&task=emailform&id=119&itemid=88 HTTP/1.1" 200 2493 "-" "Mozilla/5.0 (compatible; Googlebot/2.1; +http://www.google.com/bot.html)"
54.36.148.240 - - [02/Sep/2021:21:56:36 +0200] "GET /index.php?option=com_content&task=view&id=704&Itemid=75 HTTP/1.1" 200 41543 "-" "Mozilla/5.0 (compatible; AhrefsBot/7.0; +http://ahrefs.com/robot/)"
185.191.171.42 - - [02/Sep/2021:21:56:52 +0200] "GET /index.php?id=901&option=com_content&task=view HTTP/1.1" 200 28367 "-" "Mozilla/5.0 (compatible; SemrushBot/7~bl; +http://www.semrush.com/bot.html)"
31.46.242.99 - - [02/Sep/2021:21:57:04 +0200] "GET /templates/radiocampus/css/template_css.css HTTP/1.1" 200 10686 "-" "Mozilla/5.0 (Linux; Android 9; QUEST) AppleWebKit/537.36 (KHTML, like Gecko) Chrome/92.0.4515.166 Mobile Safari/537.36"
31.46.242.99 - - [02/Sep/2021:21:57:05 +0200] "GET /index.php?option=com_content&task=view&id=1228&Itemid=75 HTTP/1.1" 200 35996 "http://www.google.com/" "Mozilla/5.0 (Linux; Android 9; QUEST) AppleWebKit/537.36 (KHTML, like Gecko) Chrome/92.0.4515.166 Mobile Safari/537.36"
31.46.242.99 - - [02/Sep/2021:21:57:05 +0200] "GET /templates/radiocampus/images/spacer.gif HTTP/1.1" 200 43 "http://www.kokosz.hu/index.php?option=com_content&task=view&id=1228&Itemid=75" "Mozilla/5.0 (Linux; Android 9; QUEST) AppleWebKit/537.36 (KHTML, like Gecko) Chrome/92.0.4515.166 Mobile Safari/537.36"
31.46.242.99 - - [02/Sep/2021:21:57:05 +0200] "GET /templates/radiocampus/images/logo_top_pa.jpg HTTP/1.1" 200 114295 "http://www.kokosz.hu/index.php?option=com_content&task=view&id=1228&Itemid=75" "Mozilla/5.0 (Linux; Android 9; QUEST) AppleWebKit/537.36 (KHTML, like Gecko) Chrome/92.0.4515.166 Mobile Safari/537.36"
31.46.242.99 - - [02/Sep/2021:21:57:05 +0200] "GET /images/stories/logok/erdei_iskola_program.jpg HTTP/1.1" 200 7679 "http://www.kokosz.hu/index.php?option=com_content&task=view&id=1228&Itemid=75" "Mozilla/5.0 (Linux; Android 9; QUEST) AppleWebKit/537.36 (KHTML, like Gecko) Chrome/92.0.4515.166 Mobile Safari/537.36"
31.46.242.99 - - [02/Sep/2021:21:57:05 +0200] "GET /images/stories/statikus_kepek/szogi_lajos_kepzo.jpg HTTP/1.1" 200 27286 "http://www.kokosz.hu/index.php?option=com_content&task=view&id=1228&Itemid=75" "Mozilla/5.0 (Linux; Android 9; QUEST) AppleWebKit/537.36 (KHTML, like Gecko) Chrome/92.0.4515.166 Mobile Safari/537.36"
31.46.242.99 - - [02/Sep/2021:21:57:05 +0200] "GET /images/M_images/arrow.png HTTP/1.1" 200 169 "http://www.kokosz.hu/index.php?option=com_content&task=view&id=1228&Itemid=75" "Mozilla/5.0 (Linux; Android 9; QUEST) AppleWebKit/537.36 (KHTML, like Gecko) Chrome/92.0.4515.166 Mobile Safari/537.36"
31.46.242.99 - - [02/Sep/2021:21:57:06 +0200] "GET /images/stories/logok/bagoly.gif HTTP/1.1" 200 4919 "http://www.kokosz.hu/index.php?option=com_content&task=view&id=1228&Itemid=75" "Mozilla/5.0 (Linux; Android 9; QUEST) AppleWebKit/537.36 (KHTML, like Gecko) Chrome/92.0.4515.166 Mobile Safari/537.36"
31.46.242.99 - - [02/Sep/2021:21:57:06 +0200] "GET /images/stories/statikus_kepek/fotoalbum.gif HTTP/1.1" 200 2428 "http://www.kokosz.hu/index.php?option=com_content&task=view&id=1228&Itemid=75" "Mozilla/5.0 (Linux; Android 9; QUEST) AppleWebKit/537.36 (KHTML, like Gecko) Chrome/92.0.4515.166 Mobile Safari/537.36"
31.46.242.99 - - [02/Sep/2021:21:57:06 +0200] "GET /images/stories/logok/erdei_iskola_program_et.jpg HTTP/1.1" 200 8081 "http://www.kokosz.hu/index.php?option=com_content&task=view&id=1228&Itemid=75" "Mozilla/5.0 (Linux; Android 9; QUEST) AppleWebKit/537.36 (KHTML, like Gecko) Chrome/92.0.4515.166 Mobile Safari/537.36"
31.46.242.99 - - [02/Sep/2021:21:57:06 +0200] "GET /images/stories/logok/erdei_ovoda_logo.jpg HTTP/1.1" 200 3597 "http://www.kokosz.hu/index.php?option=com_content&task=view&id=1228&Itemid=75" "Mozilla/5.0 (Linux; Android 9; QUEST) AppleWebKit/537.36 (KHTML, like Gecko) Chrome/92.0.4515.166 Mobile Safari/537.36"
31.46.242.99 - - [02/Sep/2021:21:57:06 +0200] "GET /images/stories/logok/erdei_iskola_logo.jpg HTTP/1.1" 200 6785 "http://www.kokosz.hu/index.php?option=com_content&task=view&id=1228&Itemid=75" "Mozilla/5.0 (Linux; Android 9; QUEST) AppleWebKit/537.36 (KHTML, like Gecko) Chrome/92.0.4515.166 Mobile Safari/537.36"
31.46.242.99 - - [02/Sep/2021:21:57:06 +0200] "GET /templates/radiocampus/images/background_top.jpg HTTP/1.1" 200 1400 "http://www.kokosz.hu/index.php?option=com_content&task=view&id=1228&Itemid=75" "Mozilla/5.0 (Linux; Android 9; QUEST) AppleWebKit/537.36 (KHTML, like Gecko) Chrome/92.0.4515.166 Mobile Safari/537.36"
31.46.242.99 - - [02/Sep/2021:21:57:06 +0200] "GET /images/M_images/printButton.png HTTP/1.1" 200 426 "http://www.kokosz.hu/index.php?option=com_content&task=view&id=1228&Itemid=75" "Mozilla/5.0 (Linux; Android 9; QUEST) AppleWebKit/537.36 (KHTML, like Gecko) Chrome/92.0.4515.166 Mobile Safari/537.36"
31.46.242.99 - - [02/Sep/2021:21:57:06 +0200] "GET /images/M_images/emailButton.png HTTP/1.1" 200 424 "http://www.kokosz.hu/index.php?option=com_content&task=view&id=1228&Itemid=75" "Mozilla/5.0 (Linux; Android 9; QUEST) AppleWebKit/537.36 (KHTML, like Gecko) Chrome/92.0.4515.166 Mobile Safari/537.36"
31.46.242.99 - - [02/Sep/2021:21:57:06 +0200] "GET /templates/radiocampus/images/bild_rechts_gross.jpg HTTP/1.1" 200 16998 "http://www.kokosz.hu/index.php?option=com_content&task=view&id=1228&Itemid=75" "Mozilla/5.0 (Linux; Android 9; QUEST) AppleWebKit/537.36 (KHTML, like Gecko) Chrome/92.0.4515.166 Mobile Safari/537.36"
31.46.242.99 - - [02/Sep/2021:21:57:06 +0200] "GET /images/stories/hirkepek/kopjafa.jpg HTTP/1.1" 200 5537 "http://www.kokosz.hu/index.php?option=com_content&task=view&id=1228&Itemid=75" "Mozilla/5.0 (Linux; Android 9; QUEST) AppleWebKit/537.36 (KHTML, like Gecko) Chrome/92.0.4515.166 Mobile Safari/537.36"
31.46.242.99 - - [02/Sep/2021:21:57:06 +0200] "GET /images/stories/logok/emmi_logo.jpg HTTP/1.1" 200 3819 "http://www.kokosz.hu/index.php?option=com_content&task=view&id=1228&Itemid=75" "Mozilla/5.0 (Linux; Android 9; QUEST) AppleWebKit/537.36 (KHTML, like Gecko) Chrome/92.0.4515.166 Mobile Safari/537.36"
31.46.242.99 - - [02/Sep/2021:21:57:06 +0200] "GET /images/stories/logok/2015/eet.jpg HTTP/1.1" 200 3753 "http://www.kokosz.hu/index.php?option=com_content&task=view&id=1228&Itemid=75" "Mozilla/5.0 (Linux; Android 9; QUEST) AppleWebKit/537.36 (KHTML, like Gecko) Chrome/92.0.4515.166 Mobile Safari/537.36"
31.46.242.99 - - [02/Sep/2021:21:57:06 +0200] "GET /images/stories/logok/2015/emet.jpg HTTP/1.1" 200 5961 "http://www.kokosz.hu/index.php?option=com_content&task=view&id=1228&Itemid=75" "Mozilla/5.0 (Linux; Android 9; QUEST) AppleWebKit/537.36 (KHTML, like Gecko) Chrome/92.0.4515.166 Mobile Safari/537.36"
31.46.242.99 - - [02/Sep/2021:21:57:06 +0200] "GET /images/stories/logok/2015/ntp.jpg HTTP/1.1" 200 4004 "http://www.kokosz.hu/index.php?option=com_content&task=view&id=1228&Itemid=75" "Mozilla/5.0 (Linux; Android 9; QUEST) AppleWebKit/537.36 (KHTML, like Gecko) Chrome/92.0.4515.166 Mobile Safari/537.36"
31.46.242.99 - - [02/Sep/2021:21:57:06 +0200] "GET /images/stories/logok/2015/ofi.jpg HTTP/1.1" 200 5571 "http://www.kokosz.hu/index.php?option=com_content&task=view&id=1228&Itemid=75" "Mozilla/5.0 (Linux; Android 9; QUEST) AppleWebKit/537.36 (KHTML, like Gecko) Chrome/92.0.4515.166 Mobile Safari/537.36"
31.46.242.99 - - [02/Sep/2021:21:57:06 +0200] "GET /modules/mod_vvisit_counter/images/blue/5.gif HTTP/1.1" 200 696 "http://www.kokosz.hu/index.php?option=com_content&task=view&id=1228&Itemid=75" "Mozilla/5.0 (Linux; Android 9; QUEST) AppleWebKit/537.36 (KHTML, like Gecko) Chrome/92.0.4515.166 Mobile Safari/537.36"
31.46.242.99 - - [02/Sep/2021:21:57:06 +0200] "GET /modules/mod_vvisit_counter/images/vyesterday.gif HTTP/1.1" 200 909 "http://www.kokosz.hu/index.php?option=com_content&task=view&id=1228&Itemid=75" "Mozilla/5.0 (Linux; Android 9; QUEST) AppleWebKit/537.36 (KHTML, like Gecko) Chrome/92.0.4515.166 Mobile Safari/537.36"
31.46.242.99 - - [02/Sep/2021:21:57:06 +0200] "GET /modules/mod_vvisit_counter/images/blue/7.gif HTTP/1.1" 200 438 "http://www.kokosz.hu/index.php?option=com_content&task=view&id=1228&Itemid=75" "Mozilla/5.0 (Linux; Android 9; QUEST) AppleWebKit/537.36 (KHTML, like Gecko) Chrome/92.0.4515.166 Mobile Safari/537.36"
31.46.242.99 - - [02/Sep/2021:21:57:06 +0200] "GET /modules/mod_vvisit_counter/images/vweek.gif HTTP/1.1" 200 909 "http://www.kokosz.hu/index.php?option=com_content&task=view&id=1228&Itemid=75" "Mozilla/5.0 (Linux; Android 9; QUEST) AppleWebKit/537.36 (KHTML, like Gecko) Chrome/92.0.4515.166 Mobile Safari/537.36"
31.46.242.99 - - [02/Sep/2021:21:57:06 +0200] "GET /modules/mod_vvisit_counter/images/blue/0.gif HTTP/1.1" 200 697 "http://www.kokosz.hu/index.php?option=com_content&task=view&id=1228&Itemid=75" "Mozilla/5.0 (Linux; Android 9; QUEST) AppleWebKit/537.36 (KHTML, like Gecko) Chrome/92.0.4515.166 Mobile Safari/537.36"
31.46.242.99 - - [02/Sep/2021:21:57:06 +0200] "GET /modules/mod_vvisit_counter/images/vmonth.gif HTTP/1.1" 200 909 "http://www.kokosz.hu/index.php?option=com_content&task=view&id=1228&Itemid=75" "Mozilla/5.0 (Linux; Android 9; QUEST) AppleWebKit/537.36 (KHTML, like Gecko) Chrome/92.0.4515.166 Mobile Safari/537.36"
31.46.242.99 - - [02/Sep/2021:21:57:06 +0200] "GET /modules/mod_vvisit_counter/images/blue/1.gif HTTP/1.1" 200 400 "http://www.kokosz.hu/index.php?option=com_content&task=view&id=1228&Itemid=75" "Mozilla/5.0 (Linux; Android 9; QUEST) AppleWebKit/537.36 (KHTML, like Gecko) Chrome/92.0.4515.166 Mobile Safari/537.36"
31.46.242.99 - - [02/Sep/2021:21:57:06 +0200] "GET /modules/mod_vvisit_counter/images/blue/2.gif HTTP/1.1" 200 687 "http://www.kokosz.hu/index.php?option=com_content&task=view&id=1228&Itemid=75" "Mozilla/5.0 (Linux; Android 9; QUEST) AppleWebKit/537.36 (KHTML, like Gecko) Chrome/92.0.4515.166 Mobile Safari/537.36"
31.46.242.99 - - [02/Sep/2021:21:57:06 +0200] "GET /modules/mod_vvisit_counter/images/vtoday.gif HTTP/1.1" 200 909 "http://www.kokosz.hu/index.php?option=com_content&task=view&id=1228&Itemid=75" "Mozilla/5.0 (Linux; Android 9; QUEST) AppleWebKit/537.36 (KHTML, like Gecko) Chrome/92.0.4515.166 Mobile Safari/537.36"
31.46.242.99 - - [02/Sep/2021:21:57:06 +0200] "GET /modules/mod_vvisit_counter/images/vall.gif HTTP/1.1" 200 996 "http://www.kokosz.hu/index.php?option=com_content&task=view&id=1228&Itemid=75" "Mozilla/5.0 (Linux; Android 9; QUEST) AppleWebKit/537.36 (KHTML, like Gecko) Chrome/92.0.4515.166 Mobile Safari/537.36"
31.46.242.99 - - [02/Sep/2021:21:57:06 +0200] "GET /images/cimer.ico HTTP/1.1" 200 1406 "http://www.kokosz.hu/index.php?option=com_content&task=view&id=1228&Itemid=75" "Mozilla/5.0 (Linux; Android 9; QUEST) AppleWebKit/537.36 (KHTML, like Gecko) Chrome/92.0.4515.166 Mobile Safari/537.36"
66.249.65.248 - - [02/Sep/2021:21:57:41 +0200] "GET /index.php?option=com_content&task=view&id=1061&Itemid=79 HTTP/1.1" 200 31993 "-" "Mozilla/5.0 (compatible; Googlebot/2.1; +http://www.google.com/bot.html)"
185.191.171.14 - - [02/Sep/2021:22:02:47 +0200] "GET /index2.php?id=927&itemid=99999999&option=com_content&task=emailform HTTP/1.1" 200 2493 "-" "Mozilla/5.0 (compatible; SemrushBot/7~bl; +http://www.semrush.com/bot.html)"
66.249.65.246 - - [02/Sep/2021:22:05:17 +0200] "GET /index2.php?option=com_content&task=emailform&id=1061&itemid=79 HTTP/1.1" 200 2447 "-" "Mozilla/5.0 (compatible; Googlebot/2.1; +http://www.google.com/bot.html)"
54.36.149.42 - - [02/Sep/2021:22:05:44 +0200] "GET /index.php?option=com_content&task=view&id=188&Itemid=65 HTTP/1.1" 200 36085 "-" "Mozilla/5.0 (compatible; AhrefsBot/7.0; +http://ahrefs.com/robot/)"
66.249.65.246 - - [02/Sep/2021:22:07:01 +0200] "GET /index.php?option=com_content&task=view&id=786 HTTP/1.1" 200 28536 "-" "Mozilla/5.0 (Linux; Android 6.0.1; Nexus 5X Build/MMB29P) AppleWebKit/537.36 (KHTML, like Gecko) Chrome/92.0.4515.119 Mobile Safari/537.36 (compatible; Googlebot/2.1; +http://www.google.com/bot.html)"
185.191.171.12 - - [02/Sep/2021:22:07:25 +0200] "GET /index2.php?id=341&itemid=99999999&option=com_content&task=emailform HTTP/1.1" 200 2476 "-" "Mozilla/5.0 (compatible; SemrushBot/7~bl; +http://www.semrush.com/bot.html)"
185.191.171.18 - - [02/Sep/2021:22:08:55 +0200] "GET /index2.php?Itemid=78&id=931&option=com_content&page=0&pop=1&task=view HTTP/1.1" 200 3206 "-" "Mozilla/5.0 (compatible; SemrushBot/7~bl; +http://www.semrush.com/bot.html)"
66.249.65.244 - - [02/Sep/2021:22:09:03 +0200] "GET /index2.php?option=com_content&task=view&id=1089&pop=1&page=0 HTTP/1.1" 200 3930 "-" "Mozilla/5.0 (compatible; Googlebot/2.1; +http://www.google.com/bot.html)"
185.191.171.40 - - [02/Sep/2021:22:11:32 +0200] "GET /index2.php?id=120&itemid=99999999&option=com_content&task=emailform HTTP/1.1" 200 2477 "-" "Mozilla/5.0 (compatible; SemrushBot/7~bl; +http://www.semrush.com/bot.html)"
185.191.171.37 - - [02/Sep/2021:22:11:35 +0200] "GET /index2.php?id=842&itemid=78&option=com_content&task=emailform HTTP/1.1" 200 2444 "-" "Mozilla/5.0 (compatible; SemrushBot/7~bl; +http://www.semrush.com/bot.html)"
54.36.148.240 - - [02/Sep/2021:22:14:16 +0200] "GET /index2.php?option=com_content&task=emailform&id=916&itemid=99999999 HTTP/1.1" 200 2476 "-" "Mozilla/5.0 (compatible; AhrefsBot/7.0; +http://ahrefs.com/robot/)"
185.191.171.15 - - [02/Sep/2021:22:15:33 +0200] "GET /index2.php?id=871&itemid=75&option=com_content&task=emailform HTTP/1.1" 200 2461 "-" "Mozilla/5.0 (compatible; SemrushBot/7~bl; +http://www.semrush.com/bot.html)"
66.249.65.246 - - [02/Sep/2021:22:16:19 +0200] "GET /index.php?option=com_content&task=view&id=497&Itemid=69 HTTP/1.1" 200 30714 "-" "Mozilla/5.0 (Linux; Android 6.0.1; Nexus 5X Build/MMB29P) AppleWebKit/537.36 (KHTML, like Gecko) Chrome/92.0.4515.119 Mobile Safari/537.36 (compatible; Googlebot/2.1; +http://www.google.com/bot.html)"
185.191.171.20 - - [02/Sep/2021:22:17:39 +0200] "GET /index.php?Itemid=1&id=1232&option=com_content&task=view HTTP/1.1" 200 31335 "-" "Mozilla/5.0 (compatible; SemrushBot/7~bl; +http://www.semrush.com/bot.html)"
185.191.171.2 - - [02/Sep/2021:22:20:06 +0200] "GET /index2.php?id=1120&option=com_content&page=0&pop=1&task=view HTTP/1.1" 200 2678 "-" "Mozilla/5.0 (compatible; SemrushBot/7~bl; +http://www.semrush.com/bot.html)"
66.249.65.246 - - [02/Sep/2021:22:20:25 +0200] "GET /index2.php?option=com_content&task=view&id=125&pop=1&page=0 HTTP/1.1" 200 3753 "-" "Mozilla/5.0 (compatible; Googlebot/2.1; +http://www.google.com/bot.html)"
157.55.39.134 - - [02/Sep/2021:22:21:57 +0200] "GET /index.php?Itemid=68&id=22&option=com_content§ionid=8&task=category HTTP/1.1" 200 40877 "-" "Mozilla/5.0 (compatible; bingbot/2.0; +http://www.bing.com/bingbot.htm)"
54.36.148.225 - - [02/Sep/2021:22:22:35 +0200] "GET /index.php?option=com_content&task=view&id=129&Itemid=66 HTTP/1.1" 200 30409 "-" "Mozilla/5.0 (compatible; AhrefsBot/7.0; +http://ahrefs.com/robot/)"
173.249.22.173 - - [02/Sep/2021:22:26:03 +0200] "GET / HTTP/1.1" 200 33998 "-" "Mozilla/5.0 (Windows NT 6.3; WOW64) AppleWebKit/537.36 (KHTML, like Gecko) Chrome/40.0.2214.115 Safari/537.36"
66.249.65.244 - - [02/Sep/2021:22:26:39 +0200] "GET /index.php?option=com_content&task=view&id=135&Itemid=66 HTTP/1.1" 200 41275 "-" "Mozilla/5.0 (Linux; Android 6.0.1; Nexus 5X Build/MMB29P) AppleWebKit/537.36 (KHTML, like Gecko) Chrome/92.0.4515.119 Mobile Safari/537.36 (compatible; Googlebot/2.1; +http://www.google.com/bot.html)"
66.249.65.244 - - [02/Sep/2021:22:28:01 +0200] "GET /index.php?option=com_content&task=view&id=735 HTTP/1.1" 200 33297 "-" "Mozilla/5.0 (Linux; Android 6.0.1; Nexus 5X Build/MMB29P) AppleWebKit/537.36 (KHTML, like Gecko) Chrome/92.0.4515.119 Mobile Safari/537.36 (compatible; Googlebot/2.1; +http://www.google.com/bot.html)"
66.249.65.246 - - [02/Sep/2021:22:29:27 +0200] "GET /index.php?option=com_content&task=view&id=114&Itemid=88 HTTP/1.1" 200 29679 "-" "Mozilla/5.0 (Linux; Android 6.0.1; Nexus 5X Build/MMB29P) AppleWebKit/537.36 (KHTML, like Gecko) Chrome/92.0.4515.119 Mobile Safari/537.36 (compatible; Googlebot/2.1; +http://www.google.com/bot.html)"
185.191.171.23 - - [02/Sep/2021:22:30:39 +0200] "GET /index2.php?id=534&itemid=99999999&option=com_content&task=emailform HTTP/1.1" 200 2485 "-" "Mozilla/5.0 (compatible; SemrushBot/7~bl; +http://www.semrush.com/bot.html)"
54.36.148.232 - - [02/Sep/2021:22:31:43 +0200] "GET /index.php?option=com_content&task=view&id=854 HTTP/1.1" 200 28642 "-" "Mozilla/5.0 (compatible; AhrefsBot/7.0; +http://ahrefs.com/robot/)"
66.249.65.244 - - [02/Sep/2021:22:31:48 +0200] "GET /index2.php?option=com_content&task=view&id=162&pop=1&page=0 HTTP/1.1" 200 3483 "-" "Mozilla/5.0 (compatible; Googlebot/2.1; +http://www.google.com/bot.html)"
185.191.171.11 - - [02/Sep/2021:22:35:01 +0200] "GET /index2.php?Itemid=65&id=198&option=com_content&page=0&pop=1&task=view HTTP/1.1" 200 3637 "-" "Mozilla/5.0 (compatible; SemrushBot/7~bl; +http://www.semrush.com/bot.html)"
185.191.171.37 - - [02/Sep/2021:22:35:05 +0200] "GET /index.php?Itemid=88&id=151&option=com_content&task=view HTTP/1.1" 200 30368 "-" "Mozilla/5.0 (compatible; SemrushBot/7~bl; +http://www.semrush.com/bot.html)"
185.191.171.18 - - [02/Sep/2021:22:36:04 +0200] "GET /index.php?Itemid=75&id=793&option=com_content&task=view HTTP/1.1" 200 32327 "-" "Mozilla/5.0 (compatible; SemrushBot/7~bl; +http://www.semrush.com/bot.html)"
66.249.65.244 - - [02/Sep/2021:22:37:29 +0200] "GET /index.php?option=com_content&task=category§ionid=5&id=19&Itemid=88&limit=5&limitstart=50 HTTP/1.1" 200 32576 "-" "Mozilla/5.0 (Linux; Android 6.0.1; Nexus 5X Build/MMB29P) AppleWebKit/537.36 (KHTML, like Gecko) Chrome/92.0.4515.119 Mobile Safari/537.36 (compatible; Googlebot/2.1; +http://www.google.com/bot.html)"
66.249.65.244 - - [02/Sep/2021:22:39:27 +0200] "GET /index.php?option=com_content&task=view&id=124&Itemid=66 HTTP/1.1" 200 29617 "-" "Mozilla/5.0 (compatible; Googlebot/2.1; +http://www.google.com/bot.html)"
54.36.148.176 - - [02/Sep/2021:22:41:02 +0200] "GET /index.php?option=com_content&task=view&id=1079&Itemid=78 HTTP/1.1" 200 28780 "-" "Mozilla/5.0 (compatible; AhrefsBot/7.0; +http://ahrefs.com/robot/)"
66.249.65.246 - - [02/Sep/2021:22:43:10 +0200] "GET /index2.php?option=com_content&task=emailform&id=1233&itemid=79 HTTP/1.1" 200 2447 "-" "Mozilla/5.0 (compatible; Googlebot/2.1; +http://www.google.com/bot.html)"
185.191.171.3 - - [02/Sep/2021:22:46:21 +0200] "GET /index.php?Itemid=65&id=180&option=com_content&task=view HTTP/1.1" 200 29604 "-" "Mozilla/5.0 (compatible; SemrushBot/7~bl; +http://www.semrush.com/bot.html)"
66.249.65.246 - - [02/Sep/2021:22:46:30 +0200] "GET /index.php?option=com_content&task=view&id=66 HTTP/1.1" 200 29500 "-" "Mozilla/5.0 (Linux; Android 6.0.1; Nexus 5X Build/MMB29P) AppleWebKit/537.36 (KHTML, like Gecko) Chrome/92.0.4515.119 Mobile Safari/537.36 (compatible; Googlebot/2.1; +http://www.google.com/bot.html)"
185.191.171.20 - - [02/Sep/2021:22:47:29 +0200] "GET /index.php?Itemid=78&id=371&option=com_content&task=view HTTP/1.1" 200 36440 "-" "Mozilla/5.0 (compatible; SemrushBot/7~bl; +http://www.semrush.com/bot.html)"
54.36.149.15 - - [02/Sep/2021:22:48:06 +0200] "GET /index2.php?option=com_content&task=view&id=753&pop=1&page=0 HTTP/1.1" 200 2295 "-" "Mozilla/5.0 (compatible; AhrefsBot/7.0; +http://ahrefs.com/robot/)"
216.244.66.239 - - [02/Sep/2021:22:48:18 +0200] "GET /robots.txt HTTP/1.1" 200 286 "-" "Mozilla/5.0 (compatible; DotBot/1.2; +https://opensiteexplorer.org/dotbot; help@moz.com)"
185.191.171.2 - - [02/Sep/2021:22:49:44 +0200] "GET /robots.txt HTTP/1.1" 200 286 "-" "Mozilla/5.0 (compatible; SemrushBot/7~bl; +http://www.semrush.com/bot.html)"
185.191.171.34 - - [02/Sep/2021:22:49:45 +0200] "GET /index2.php?id=1057&itemid=1&option=com_content&task=emailform HTTP/1.1" 200 692 "-" "Mozilla/5.0 (compatible; SemrushBot/7~bl; +http://www.semrush.com/bot.html)"
49.12.13.109 - - [02/Sep/2021:22:51:18 +0200] "HEAD / HTTP/1.1" 200 0 "-" "Alert_Alligator_webmonitoring_service_1.6.3_(alertalligator.com)"
185.191.171.41 - - [02/Sep/2021:22:54:20 +0200] "GET /index2.php?id=203&itemid=99999999&option=com_content&task=emailform HTTP/1.1" 200 2508 "-" "Mozilla/5.0 (compatible; SemrushBot/7~bl; +http://www.semrush.com/bot.html)"
66.249.65.248 - - [02/Sep/2021:22:54:33 +0200] "GET /index.php?option=com_content&task=view&id=149&Itemid=88 HTTP/1.1" 200 29712 "-" "Mozilla/5.0 (compatible; Googlebot/2.1; +http://www.google.com/bot.html)"
54.36.148.1 - - [02/Sep/2021:22:54:35 +0200] "GET /index2.php?option=com_content&task=view&id=916&pop=1&page=0 HTTP/1.1" 200 2331 "-" "Mozilla/5.0 (compatible; AhrefsBot/7.0; +http://ahrefs.com/robot/)"
66.249.83.85 - - [02/Sep/2021:22:58:21 +0200] "GET / HTTP/1.1" 200 33998 "-" "Mozilla/5.0 (X11; Linux x86_64) AppleWebKit/537.36 (KHTML, like Gecko) Chrome/49.0.2623.75 Safari/537.36 Google Favicon"
66.249.83.47 - - [02/Sep/2021:22:58:22 +0200] "GET /images/cimer.ico HTTP/1.1" 200 1406 "-" "Mozilla/5.0 (X11; Linux x86_64) AppleWebKit/537.36 (KHTML, like Gecko) Chrome/49.0.2623.75 Safari/537.36 Google Favicon"
54.36.149.22 - - [02/Sep/2021:23:01:10 +0200] "GET /index2.php?option=com_content&task=view&id=920&pop=1&page=0 HTTP/1.1" 200 4576 "-" "Mozilla/5.0 (compatible; AhrefsBot/7.0; +http://ahrefs.com/robot/)"
185.191.171.23 - - [02/Sep/2021:23:02:52 +0200] "GET /index2.php?id=1133&itemid=1&option=com_content&task=emailform HTTP/1.1" 200 692 "-" "Mozilla/5.0 (compatible; SemrushBot/7~bl; +http://www.semrush.com/bot.html)"
216.244.66.239 - - [02/Sep/2021:23:03:56 +0200] "GET /index2.php?option=com_content&task=view&id=260&pop=1&page=0&Itemid=68 HTTP/1.1" 200 692 "-" "Mozilla/5.0 (compatible; DotBot/1.2; +https://opensiteexplorer.org/dotbot; help@moz.com)"
216.244.66.239 - - [02/Sep/2021:23:04:02 +0200] "GET /index2.php?option=com_content&task=view&id=330&pop=1&page=0&Itemid=1 HTTP/1.1" 200 692 "-" "Mozilla/5.0 (compatible; DotBot/1.2; +https://opensiteexplorer.org/dotbot; help@moz.com)"
185.191.171.6 - - [02/Sep/2021:23:04:16 +0200] "GET /index2.php?id=1072&itemid=1&option=com_content&task=emailform HTTP/1.1" 200 2446 "-" "Mozilla/5.0 (compatible; SemrushBot/7~bl; +http://www.semrush.com/bot.html)"
66.249.65.246 - - [02/Sep/2021:23:05:56 +0200] "GET /index.php?option=com_content&task=view&id=75&Itemid=88 HTTP/1.1" 200 38983 "-" "Mozilla/5.0 (compatible; Googlebot/2.1; +http://www.google.com/bot.html)"
54.36.148.219 - - [02/Sep/2021:23:08:01 +0200] "GET /index2.php?option=com_content&task=emailform&id=920&itemid=99999999 HTTP/1.1" 200 2493 "-" "Mozilla/5.0 (compatible; AhrefsBot/7.0; +http://ahrefs.com/robot/)"
185.191.171.13 - - [02/Sep/2021:23:08:18 +0200] "GET /index2.php?id=565&itemid=69&option=com_content&task=emailform HTTP/1.1" 200 2523 "-" "Mozilla/5.0 (compatible; SemrushBot/7~bl; +http://www.semrush.com/bot.html)"
23.100.232.233 - - [02/Sep/2021:23:11:34 +0200] "GET /index.php?option=com_content&task=view&id=399 HTTP/1.1" 200 30440 "-" "Mozilla/5.0 (compatible; MSIE 9.0; Windows NT 6.0; Trident/5.0; Trident/5.0)"
23.100.232.233 - - [02/Sep/2021:23:11:34 +0200] "GET /templates/radiocampus/css/template_css.css HTTP/1.1" 200 10686 "http://www.kokosz.hu/index.php?option=com_content&task=view&id=399" "Mozilla/5.0 (compatible; MSIE 9.0; Windows NT 6.0; Trident/5.0; Trident/5.0)"
23.100.232.233 - - [02/Sep/2021:23:11:35 +0200] "GET /images/stories/flash/ado.swf HTTP/1.1" 200 6736 "http://www.kokosz.hu/index.php?option=com_content&task=view&id=399" "Mozilla/5.0 (compatible; MSIE 9.0; Windows NT 6.0; Trident/5.0; Trident/5.0)"
23.100.232.233 - - [02/Sep/2021:23:11:35 +0200] "GET /images/stories/flash/ado.swf HTTP/1.1" 304 - "http://www.kokosz.hu/index.php?option=com_content&task=view&id=399" "Mozilla/5.0 (compatible; MSIE 9.0; Windows NT 6.0; Trident/5.0; Trident/5.0)"
185.191.171.33 - - [02/Sep/2021:23:14:39 +0200] "GET /index.php?Itemid=65&id=164&option=com_content&task=view HTTP/1.1" 200 28742 "-" "Mozilla/5.0 (compatible; SemrushBot/7~bl; +http://www.semrush.com/bot.html)"
54.36.148.193 - - [02/Sep/2021:23:15:11 +0200] "GET /index.php?option=com_content&task=view&id=328&Itemid=75 HTTP/1.1" 200 33662 "-" "Mozilla/5.0 (compatible; AhrefsBot/7.0; +http://ahrefs.com/robot/)"
66.249.65.244 - - [02/Sep/2021:23:15:50 +0200] "GET /index.php?option=com_ponygallery&Itemid=84&func=viewcategory&catid=26 HTTP/1.1" 200 35443 "-" "Mozilla/5.0 (compatible; Googlebot/2.1; +http://www.google.com/bot.html)"
66.249.65.248 - - [02/Sep/2021:23:17:17 +0200] "GET /index.php?option=com_content&task=view&id=110&Itemid=88 HTTP/1.1" 200 30467 "-" "Mozilla/5.0 (compatible; Googlebot/2.1; +http://www.google.com/bot.html)"
54.36.148.93 - - [02/Sep/2021:23:21:56 +0200] "GET /index.php?option=com_content&task=view&id=1085&Itemid=78 HTTP/1.1" 200 33778 "-" "Mozilla/5.0 (compatible; AhrefsBot/7.0; +http://ahrefs.com/robot/)"
185.191.171.37 - - [02/Sep/2021:23:22:12 +0200] "GET /index2.php?Itemid=1&id=1065&option=com_content&page=0&pop=1&task=view HTTP/1.1" 200 2612 "-" "Mozilla/5.0 (compatible; SemrushBot/7~bl; +http://www.semrush.com/bot.html)"
66.249.65.246 - - [02/Sep/2021:23:23:00 +0200] "GET /index.php?option=com_content&task=category§ionid=8&id=22&Itemid=68 HTTP/1.1" 200 40877 "-" "Mozilla/5.0 (Linux; Android 6.0.1; Nexus 5X Build/MMB29P) AppleWebKit/537.36 (KHTML, like Gecko) Chrome/92.0.4515.119 Mobile Safari/537.36 (compatible; Googlebot/2.1; +http://www.google.com/bot.html)"
185.191.171.3 - - [02/Sep/2021:23:23:45 +0200] "GET /index2.php?Itemid=78&id=741&option=com_content&page=0&pop=1&task=view HTTP/1.1" 200 7034 "-" "Mozilla/5.0 (compatible; SemrushBot/7~bl; +http://www.semrush.com/bot.html)"
185.191.171.14 - - [02/Sep/2021:23:25:54 +0200] "GET /index2.php?id=650&itemid=99999999&option=com_content&task=emailform HTTP/1.1" 200 2485 "-" "Mozilla/5.0 (compatible; SemrushBot/7~bl; +http://www.semrush.com/bot.html)"
185.191.171.37 - - [02/Sep/2021:23:26:32 +0200] "GET /index2.php?Itemid=75&id=963&option=com_content&page=0&pop=1&task=view HTTP/1.1" 200 2809 "-" "Mozilla/5.0 (compatible; SemrushBot/7~bl; +http://www.semrush.com/bot.html)"
185.191.171.40 - - [02/Sep/2021:23:28:41 +0200] "GET /index2.php?id=185&option=com_content&page=0&pop=1&task=view HTTP/1.1" 200 3663 "-" "Mozilla/5.0 (compatible; SemrushBot/7~bl; +http://www.semrush.com/bot.html)"
54.36.148.64 - - [02/Sep/2021:23:28:55 +0200] "GET /index.php?option=com_content&task=view&id=1123&Itemid=78 HTTP/1.1" 200 29425 "-" "Mozilla/5.0 (compatible; AhrefsBot/7.0; +http://ahrefs.com/robot/)"
185.191.171.18 - - [02/Sep/2021:23:30:19 +0200] "GET /index.php?id=473&option=com_content&task=view HTTP/1.1" 200 30521 "-" "Mozilla/5.0 (compatible; SemrushBot/7~bl; +http://www.semrush.com/bot.html)"
185.191.171.38 - - [02/Sep/2021:23:34:43 +0200] "GET /index2.php?Itemid=66&id=138&option=com_content&page=0&pop=1&task=view HTTP/1.1" 200 8159 "-" "Mozilla/5.0 (compatible; SemrushBot/7~bl; +http://www.semrush.com/bot.html)"
54.36.148.79 - - [02/Sep/2021:23:35:46 +0200] "GET /index2.php?option=com_content&task=emailform&id=784&itemid=99999999 HTTP/1.1" 200 2527 "-" "Mozilla/5.0 (compatible; AhrefsBot/7.0; +http://ahrefs.com/robot/)"
216.244.66.239 - - [02/Sep/2021:23:36:30 +0200] "GET /robots.txt HTTP/1.1" 200 286 "-" "Mozilla/5.0 (compatible; DotBot/1.2; +https://opensiteexplorer.org/dotbot; help@moz.com)"
66.249.65.244 - - [02/Sep/2021:23:40:04 +0200] "GET /index.php?option=com_content&task=view&id=131&Itemid=88 HTTP/1.1" 200 34853 "-" "Mozilla/5.0 (compatible; Googlebot/2.1; +http://www.google.com/bot.html)"
54.36.148.44 - - [02/Sep/2021:23:42:12 +0200] "GET /index2.php?option=com_content&task=view&id=784&pop=1&page=0 HTTP/1.1" 200 9583 "-" "Mozilla/5.0 (compatible; AhrefsBot/7.0; +http://ahrefs.com/robot/)"
185.191.171.33 - - [02/Sep/2021:23:44:08 +0200] "GET /index.php?Itemid=69&id=617&option=com_content&task=view HTTP/1.1" 200 30508 "-" "Mozilla/5.0 (compatible; SemrushBot/7~bl; +http://www.semrush.com/bot.html)"
54.36.148.88 - - [02/Sep/2021:23:48:32 +0200] "GET /index.php?option=com_content&task=view&id=972 HTTP/1.1" 200 28286 "-" "Mozilla/5.0 (compatible; AhrefsBot/7.0; +http://ahrefs.com/robot/)"
185.191.171.15 - - [02/Sep/2021:23:48:33 +0200] "GET /index2.php?id=797&itemid=75&option=com_content&task=emailform HTTP/1.1" 200 2462 "-" "Mozilla/5.0 (compatible; SemrushBot/7~bl; +http://www.semrush.com/bot.html)"
185.191.171.1 - - [02/Sep/2021:23:49:15 +0200] "GET /index2.php?id=640&option=com_content&page=0&pop=1&task=view HTTP/1.1" 200 4735 "-" "Mozilla/5.0 (compatible; SemrushBot/7~bl; +http://www.semrush.com/bot.html)"
159.69.145.50 - - [02/Sep/2021:23:50:31 +0200] "HEAD / HTTP/1.1" 200 0 "-" "Alert_Alligator_webmonitoring_service_1.6.3_(alertalligator.com)"
185.191.171.12 - - [02/Sep/2021:23:50:41 +0200] "GET /robots.txt HTTP/1.1" 200 286 "-" "Mozilla/5.0 (compatible; SemrushBot/7~bl; +http://www.semrush.com/bot.html)"
185.191.171.21 - - [02/Sep/2021:23:50:42 +0200] "GET /index2.php?id=941&itemid=78&option=com_content&task=emailform HTTP/1.1" 200 2474 "-" "Mozilla/5.0 (compatible; SemrushBot/7~bl; +http://www.semrush.com/bot.html)"
185.191.171.44 - - [02/Sep/2021:23:50:44 +0200] "GET /index2.php?Itemid=75&id=831&option=com_content&page=0&pop=1&task=view HTTP/1.1" 200 9900 "-" "Mozilla/5.0 (compatible; SemrushBot/7~bl; +http://www.semrush.com/bot.html)"
54.36.148.132 - - [02/Sep/2021:23:54:55 +0200] "GET /index.php?option=com_content&task=view&id=1170&Itemid=78 HTTP/1.1" 200 29016 "-" "Mozilla/5.0 (compatible; AhrefsBot/7.0; +http://ahrefs.com/robot/)"
144.126.133.141 - - [02/Sep/2021:23:55:04 +0200] "GET / HTTP/1.0" 200 33985 "-" "Mozilla/5.0 (iPad; U; CPU OS 3_2 like Mac OS X; en-us) AppleWebKit/531.21.10 (KHTML, like Gecko) Version/4.0.4 Mobile/7B334b Safari/531.21.102011-10-16 20:23:10"
66.249.65.244 - - [02/Sep/2021:23:56:46 +0200] "GET /index.php?option=com_content&task=view&id=136&Itemid=66 HTTP/1.1" 200 36681 "-" "Mozilla/5.0 (Linux; Android 6.0.1; Nexus 5X Build/MMB29P) AppleWebKit/537.36 (KHTML, like Gecko) Chrome/92.0.4515.119 Mobile Safari/537.36 (compatible; Googlebot/2.1; +http://www.google.com/bot.html)"
66.249.65.244 - - [02/Sep/2021:23:56:51 +0200] "GET /index.php?option=com_content&task=view&id=651 HTTP/1.1" 200 30435 "-" "Mozilla/5.0 (Linux; Android 6.0.1; Nexus 5X Build/MMB29P) AppleWebKit/537.36 (KHTML, like Gecko) Chrome/92.0.4515.119 Mobile Safari/537.36 (compatible; Googlebot/2.1; +http://www.google.com/bot.html)"
185.191.171.41 - - [02/Sep/2021:23:57:51 +0200] "GET /index2.php?id=872&itemid=75&option=com_content&task=emailform HTTP/1.1" 200 2466 "-" "Mozilla/5.0 (compatible; SemrushBot/7~bl; +http://www.semrush.com/bot.html)"
185.191.171.41 - - [03/Sep/2021:00:00:07 +0200] "GET /index2.php?id=276&option=com_content&page=0&pop=1&task=view HTTP/1.1" 200 13318 "-" "Mozilla/5.0 (compatible; SemrushBot/7~bl; +http://www.semrush.com/bot.html)"
54.36.148.123 - - [03/Sep/2021:00:01:02 +0200] "GET /index.php?option=com_content&task=view&id=786&Itemid=75 HTTP/1.1" 200 29216 "-" "Mozilla/5.0 (compatible; AhrefsBot/7.0; +http://ahrefs.com/robot/)"
185.191.171.33 - - [03/Sep/2021:00:05:28 +0200] "GET /index.php?Itemid=78&id=161&option=com_content&task=view HTTP/1.1" 200 30259 "-" "Mozilla/5.0 (compatible; SemrushBot/7~bl; +http://www.semrush.com/bot.html)"
54.36.148.220 - - [03/Sep/2021:00:07:12 +0200] "GET /index.php?option=com_content&task=view&id=1081&Itemid=78 HTTP/1.1" 200 40162 "-" "Mozilla/5.0 (compatible; AhrefsBot/7.0; +http://ahrefs.com/robot/)"
54.36.149.1 - - [03/Sep/2021:00:13:17 +0200] "GET /index.php?option=com_content&task=view&id=1084&Itemid=78 HTTP/1.1" 200 49474 "-" "Mozilla/5.0 (compatible; AhrefsBot/7.0; +http://ahrefs.com/robot/)"
185.191.171.26 - - [03/Sep/2021:00:13:57 +0200] "GET /eia HTTP/1.1" 404 1181 "-" "Mozilla/5.0 (compatible; SemrushBot/7~bl; +http://www.semrush.com/bot.html)"
185.191.171.5 - - [03/Sep/2021:00:14:07 +0200] "GET /index2.php?Itemid=75&id=706&option=com_content&page=0&pop=1&task=view HTTP/1.1" 200 5343 "-" "Mozilla/5.0 (compatible; SemrushBot/7~bl; +http://www.semrush.com/bot.html)"
185.191.171.5 - - [03/Sep/2021:00:14:18 +0200] "GET /index2.php?id=97&option=com_content&page=0&pop=1&task=view HTTP/1.1" 200 13998 "-" "Mozilla/5.0 (compatible; SemrushBot/7~bl; +http://www.semrush.com/bot.html)"
185.191.171.43 - - [03/Sep/2021:00:16:18 +0200] "GET /index2.php?Itemid=69&id=393&option=com_content&page=0&pop=1&task=view HTTP/1.1" 200 4709 "-" "Mozilla/5.0 (compatible; SemrushBot/7~bl; +http://www.semrush.com/bot.html)"
54.36.148.226 - - [03/Sep/2021:00:19:43 +0200] "GET /index2.php?option=com_content&task=emailform&id=914&itemid=99999999 HTTP/1.1" 200 2468 "-" "Mozilla/5.0 (compatible; AhrefsBot/7.0; +http://ahrefs.com/robot/)"
66.249.65.246 - - [03/Sep/2021:00:19:52 +0200] "GET /index.php?option=com_content&task=view&id=128 HTTP/1.1" 200 29569 "-" "Mozilla/5.0 (compatible; Googlebot/2.1; +http://www.google.com/bot.html)"
185.191.171.10 - - [03/Sep/2021:00:20:17 +0200] "GET /index2.php?Itemid=78&id=917&option=com_content&page=0&pop=1&task=view HTTP/1.1" 200 14858 "-" "Mozilla/5.0 (compatible; SemrushBot/7~bl; +http://www.semrush.com/bot.html)"
185.191.171.1 - - [03/Sep/2021:00:22:30 +0200] "GET /index2.php?id=542&option=com_content&page=0&pop=1&task=view HTTP/1.1" 200 4492 "-" "Mozilla/5.0 (compatible; SemrushBot/7~bl; +http://www.semrush.com/bot.html)"
216.244.66.239 - - [03/Sep/2021:00:24:30 +0200] "GET /robots.txt HTTP/1.1" 200 286 "-" "Mozilla/5.0 (compatible; DotBot/1.2; +https://opensiteexplorer.org/dotbot; help@moz.com)"
66.249.65.248 - - [03/Sep/2021:00:25:34 +0200] "GET /index.php?option=com_content&task=view&id=243&Itemid=65 HTTP/1.1" 200 28894 "-" "Mozilla/5.0 (compatible; Googlebot/2.1; +http://www.google.com/bot.html)"
54.36.148.43 - - [03/Sep/2021:00:26:27 +0200] "GET /index.php?option=com_content&task=view&id=1127&Itemid=78 HTTP/1.1" 200 37120 "-" "Mozilla/5.0 (compatible; AhrefsBot/7.0; +http://ahrefs.com/robot/)"
185.191.171.26 - - [03/Sep/2021:00:28:15 +0200] "GET /index2.php?Itemid=89&id=1129&option=com_content&page=0&pop=1&task=view HTTP/1.1" 200 2331 "-" "Mozilla/5.0 (compatible; SemrushBot/7~bl; +http://www.semrush.com/bot.html)"
157.90.177.216 - - [03/Sep/2021:00:32:07 +0200] "GET /robots.txt HTTP/1.1" 200 286 "-" "Mozilla/5.0 (compatible; BLEXBot/1.0; +http://webmeup-crawler.com/)"
157.90.177.216 - - [03/Sep/2021:00:32:08 +0200] "GET /index.php?option=com_content&task=view&id=332&Itemid=69 HTTP/1.1" 200 30461 "-" "Mozilla/5.0 (compatible; BLEXBot/1.0; +http://webmeup-crawler.com/)"
157.90.177.216 - - [03/Sep/2021:00:32:11 +0200] "GET /index.php?option=com_content&task=view&id=640&Itemid=69 HTTP/1.1" 200 30759 "-" "Mozilla/5.0 (compatible; BLEXBot/1.0; +http://webmeup-crawler.com/)"
157.90.177.216 - - [03/Sep/2021:00:32:13 +0200] "GET /index2.php?option=com_content&task=emailform&id=353&itemid=69 HTTP/1.1" 200 2500 "-" "Mozilla/5.0 (compatible; BLEXBot/1.0; +http://webmeup-crawler.com/)"
157.90.177.216 - - [03/Sep/2021:00:32:16 +0200] "GET /index2.php?option=com_content&task=emailform&id=621&itemid=69 HTTP/1.1" 200 2511 "-" "Mozilla/5.0 (compatible; BLEXBot/1.0; +http://webmeup-crawler.com/)"
157.90.177.216 - - [03/Sep/2021:00:32:19 +0200] "GET /index2.php?option=com_content&task=view&id=353&pop=1&page=0&Itemid=69 HTTP/1.1" 200 4625 "-" "Mozilla/5.0 (compatible; BLEXBot/1.0; +http://webmeup-crawler.com/)"
157.90.177.216 - - [03/Sep/2021:00:32:22 +0200] "GET /index2.php?option=com_content&task=view&id=621&pop=1&page=0&Itemid=69 HTTP/1.1" 200 5643 "-" "Mozilla/5.0 (compatible; BLEXBot/1.0; +http://webmeup-crawler.com/)"
157.90.177.216 - - [03/Sep/2021:00:32:25 +0200] "GET /index.php?option=com_content&task=view&id=1121 HTTP/1.1" 200 29221 "-" "Mozilla/5.0 (compatible; BLEXBot/1.0; +http://webmeup-crawler.com/)"
157.90.177.216 - - [03/Sep/2021:00:32:28 +0200] "GET /index.php?option=com_content&task=view&id=1176&Itemid=75 HTTP/1.1" 200 30795 "-" "Mozilla/5.0 (compatible; BLEXBot/1.0; +http://webmeup-crawler.com/)"
157.90.177.216 - - [03/Sep/2021:00:32:30 +0200] "GET /index.php?option=com_content&task=view&id=1221 HTTP/1.1" 200 28568 "-" "Mozilla/5.0 (compatible; BLEXBot/1.0; +http://webmeup-crawler.com/)"
157.90.177.216 - - [03/Sep/2021:00:32:33 +0200] "GET /index.php?option=com_content&task=view&id=738&Itemid=75 HTTP/1.1" 200 28867 "-" "Mozilla/5.0 (compatible; BLEXBot/1.0; +http://webmeup-crawler.com/)"
157.90.177.216 - - [03/Sep/2021:00:32:36 +0200] "GET /index.php?option=com_content&task=view&id=761&Itemid=75 HTTP/1.1" 200 29203 "-" "Mozilla/5.0 (compatible; BLEXBot/1.0; +http://webmeup-crawler.com/)"
157.90.177.216 - - [03/Sep/2021:00:32:39 +0200] "GET /index.php?option=com_content&task=view&id=815 HTTP/1.1" 200 28240 "-" "Mozilla/5.0 (compatible; BLEXBot/1.0; +http://webmeup-crawler.com/)"
185.191.171.37 - - [03/Sep/2021:00:32:39 +0200] "GET /index2.php?id=530&itemid=69&option=com_content&task=emailform HTTP/1.1" 200 2492 "-" "Mozilla/5.0 (compatible; SemrushBot/7~bl; +http://www.semrush.com/bot.html)"
157.90.177.216 - - [03/Sep/2021:00:32:45 +0200] "GET /index.php?option=com_content&task=view&id=857 HTTP/1.1" 200 28340 "-" "Mozilla/5.0 (compatible; BLEXBot/1.0; +http://webmeup-crawler.com/)"
54.36.149.45 - - [03/Sep/2021:00:32:48 +0200] "GET /index2.php?option=com_content&task=view&id=914&pop=1&page=0 HTTP/1.1" 200 4049 "-" "Mozilla/5.0 (compatible; AhrefsBot/7.0; +http://ahrefs.com/robot/)"
157.90.177.216 - - [03/Sep/2021:00:32:50 +0200] "GET /index.php?option=com_content&task=view&id=863 HTTP/1.1" 200 42355 "-" "Mozilla/5.0 (compatible; BLEXBot/1.0; +http://webmeup-crawler.com/)"
157.90.177.216 - - [03/Sep/2021:00:32:52 +0200] "GET /index.php?option=com_content&task=view&id=890 HTTP/1.1" 200 32581 "-" "Mozilla/5.0 (compatible; BLEXBot/1.0; +http://webmeup-crawler.com/)"
157.90.177.216 - - [03/Sep/2021:00:32:55 +0200] "GET /index.php?option=com_content&task=view&id=999&Itemid=75 HTTP/1.1" 200 29131 "-" "Mozilla/5.0 (compatible; BLEXBot/1.0; +http://webmeup-crawler.com/)"
157.90.177.216 - - [03/Sep/2021:00:32:57 +0200] "GET /index2.php?option=com_content&task=emailform&id=1005&itemid=75 HTTP/1.1" 200 2458 "-" "Mozilla/5.0 (compatible; BLEXBot/1.0; +http://webmeup-crawler.com/)"
157.90.177.216 - - [03/Sep/2021:00:32:59 +0200] "GET /index2.php?option=com_content&task=emailform&id=1049&itemid=99999999 HTTP/1.1" 200 2494 "-" "Mozilla/5.0 (compatible; BLEXBot/1.0; +http://webmeup-crawler.com/)"
157.90.177.216 - - [03/Sep/2021:00:33:03 +0200] "GET /index2.php?option=com_content&task=emailform&id=1199&itemid=75 HTTP/1.1" 200 692 "-" "Mozilla/5.0 (compatible; BLEXBot/1.0; +http://webmeup-crawler.com/)"
157.90.177.216 - - [03/Sep/2021:00:33:05 +0200] "GET /index2.php?option=com_content&task=emailform&id=1219&itemid=99999999 HTTP/1.1" 200 2482 "-" "Mozilla/5.0 (compatible; BLEXBot/1.0; +http://webmeup-crawler.com/)"
157.90.177.216 - - [03/Sep/2021:00:33:08 +0200] "GET /index2.php?option=com_content&task=emailform&id=724&itemid=75 HTTP/1.1" 200 2480 "-" "Mozilla/5.0 (compatible; BLEXBot/1.0; +http://webmeup-crawler.com/)"
157.90.177.216 - - [03/Sep/2021:00:33:12 +0200] "GET /index2.php?option=com_content&task=emailform&id=757&itemid=75 HTTP/1.1" 200 2457 "-" "Mozilla/5.0 (compatible; BLEXBot/1.0; +http://webmeup-crawler.com/)"
157.90.177.216 - - [03/Sep/2021:00:33:15 +0200] "GET /index2.php?option=com_content&task=emailform&id=788&itemid=99999999 HTTP/1.1" 200 2451 "-" "Mozilla/5.0 (compatible; BLEXBot/1.0; +http://webmeup-crawler.com/)"
157.90.177.216 - - [03/Sep/2021:00:33:21 +0200] "GET /index2.php?option=com_content&task=emailform&id=858&itemid=99999999 HTTP/1.1" 200 2463 "-" "Mozilla/5.0 (compatible; BLEXBot/1.0; +http://webmeup-crawler.com/)"
157.90.177.216 - - [03/Sep/2021:00:33:25 +0200] "GET /index2.php?option=com_content&task=emailform&id=867&itemid=99999999 HTTP/1.1" 200 2495 "-" "Mozilla/5.0 (compatible; BLEXBot/1.0; +http://webmeup-crawler.com/)"
157.90.177.216 - - [03/Sep/2021:00:33:29 +0200] "GET /index2.php?option=com_content&task=emailform&id=892&itemid=99999999 HTTP/1.1" 200 2493 "-" "Mozilla/5.0 (compatible; BLEXBot/1.0; +http://webmeup-crawler.com/)"
157.90.177.216 - - [03/Sep/2021:00:33:33 +0200] "GET /index2.php?option=com_content&task=view&id=1005&pop=1&page=0&Itemid=75 HTTP/1.1" 200 2284 "-" "Mozilla/5.0 (compatible; BLEXBot/1.0; +http://webmeup-crawler.com/)"
157.90.177.216 - - [03/Sep/2021:00:33:37 +0200] "GET /index2.php?option=com_content&task=view&id=1049&pop=1&page=0 HTTP/1.1" 200 2689 "-" "Mozilla/5.0 (compatible; BLEXBot/1.0; +http://webmeup-crawler.com/)"
157.90.177.216 - - [03/Sep/2021:00:33:39 +0200] "GET /index2.php?option=com_content&task=view&id=1199&pop=1&page=0&Itemid=75 HTTP/1.1" 200 2621 "-" "Mozilla/5.0 (compatible; BLEXBot/1.0; +http://webmeup-crawler.com/)"
157.90.177.216 - - [03/Sep/2021:00:33:43 +0200] "GET /index2.php?option=com_content&task=view&id=1219&pop=1&page=0 HTTP/1.1" 200 2702 "-" "Mozilla/5.0 (compatible; BLEXBot/1.0; +http://webmeup-crawler.com/)"
157.90.177.216 - - [03/Sep/2021:00:33:46 +0200] "GET /index2.php?option=com_content&task=view&id=724&pop=1&page=0&Itemid=75 HTTP/1.1" 200 7338 "-" "Mozilla/5.0 (compatible; BLEXBot/1.0; +http://webmeup-crawler.com/)"
157.90.177.216 - - [03/Sep/2021:00:33:49 +0200] "GET /index2.php?option=com_content&task=view&id=757&pop=1&page=0&Itemid=75 HTTP/1.1" 200 5281 "-" "Mozilla/5.0 (compatible; BLEXBot/1.0; +http://webmeup-crawler.com/)"
157.90.177.216 - - [03/Sep/2021:00:33:51 +0200] "GET /index2.php?option=com_content&task=view&id=788&pop=1&page=0 HTTP/1.1" 200 2285 "-" "Mozilla/5.0 (compatible; BLEXBot/1.0; +http://webmeup-crawler.com/)"
157.90.177.216 - - [03/Sep/2021:00:33:54 +0200] "GET /index2.php?option=com_content&task=view&id=858&pop=1&page=0 HTTP/1.1" 200 11598 "-" "Mozilla/5.0 (compatible; BLEXBot/1.0; +http://webmeup-crawler.com/)"
185.191.171.20 - - [03/Sep/2021:00:33:56 +0200] "GET /index2.php?id=922&itemid=99999999&option=com_content&task=emailform HTTP/1.1" 200 2501 "-" "Mozilla/5.0 (compatible; SemrushBot/7~bl; +http://www.semrush.com/bot.html)"
157.90.177.216 - - [03/Sep/2021:00:33:57 +0200] "GET /index2.php?option=com_content&task=view&id=867&pop=1&page=0 HTTP/1.1" 200 2412 "-" "Mozilla/5.0 (compatible; BLEXBot/1.0; +http://webmeup-crawler.com/)"
157.90.177.216 - - [03/Sep/2021:00:34:00 +0200] "GET /index2.php?option=com_content&task=view&id=892&pop=1&page=0 HTTP/1.1" 200 27810 "-" "Mozilla/5.0 (compatible; BLEXBot/1.0; +http://webmeup-crawler.com/)"
216.244.66.239 - - [03/Sep/2021:00:36:17 +0200] "GET /index2.php?option=com_content&task=view&id=1222&pop=1&page=0&Itemid=79 HTTP/1.1" 200 692 "-" "Mozilla/5.0 (compatible; DotBot/1.2; +https://opensiteexplorer.org/dotbot; help@moz.com)"
185.191.171.37 - - [03/Sep/2021:00:38:10 +0200] "GET /index.php?id=1052&option=com_content&task=view HTTP/1.1" 200 28325 "-" "Mozilla/5.0 (compatible; SemrushBot/7~bl; +http://www.semrush.com/bot.html)"
66.249.65.248 - - [03/Sep/2021:00:38:49 +0200] "GET /index2.php?option=com_content&task=view&id=243&pop=1&page=0&Itemid=65 HTTP/1.1" 200 2864 "-" "Mozilla/5.0 (compatible; Googlebot/2.1; +http://www.google.com/bot.html)"
54.36.148.216 - - [03/Sep/2021:00:38:58 +0200] "GET /index.php?option=com_content&task=view&id=1131&Itemid=78 HTTP/1.1" 200 34356 "-" "Mozilla/5.0 (compatible; AhrefsBot/7.0; +http://ahrefs.com/robot/)"
185.191.171.44 - - [03/Sep/2021:00:39:32 +0200] "GET /index2.php?Itemid=75&id=804&option=com_content&page=0&pop=1&task=view HTTP/1.1" 200 2283 "-" "Mozilla/5.0 (compatible; SemrushBot/7~bl; +http://www.semrush.com/bot.html)"
185.191.171.4 - - [03/Sep/2021:00:40:55 +0200] "GET /index2.php?id=1136&option=com_content&page=0&pop=1&task=view HTTP/1.1" 200 2284 "-" "Mozilla/5.0 (compatible; SemrushBot/7~bl; +http://www.semrush.com/bot.html)"
54.36.148.178 - - [03/Sep/2021:00:45:16 +0200] "GET /index.php?option=com_ponygallery&func=viewcategory&catid=39&startpage=1&Itemid=84 HTTP/1.1" 200 44153 "-" "Mozilla/5.0 (compatible; AhrefsBot/7.0; +http://ahrefs.com/robot/)"
185.191.171.37 - - [03/Sep/2021:00:45:18 +0200] "GET /index.php?Itemid=69&id=461&option=com_content&task=view HTTP/1.1" 200 30600 "-" "Mozilla/5.0 (compatible; SemrushBot/7~bl; +http://www.semrush.com/bot.html)"
5.9.70.72 - - [03/Sep/2021:00:49:18 +0200] "GET /robots.txt HTTP/1.1" 200 286 "-" "Mozilla/5.0 (compatible; MJ12bot/v1.4.8; http://mj12bot.com/)"
