45.72.48.130 - - [04/Sep/2021:13:30:08 +0200] "GET / HTTP/1.1" 200 33999 "-" "Mozilla/5.0 (Windows NT 10.0; Win64; x64) AppleWebKit/537.36 (KHTML, like Gecko) Chrome/88.0.4324.190 Safari/537.36"
45.72.48.130 - - [04/Sep/2021:13:30:11 +0200] "GET /robots.txt HTTP/1.1" 200 286 "-" "Mozilla/5.0 (Windows NT 10.0; Win64; x64) AppleWebKit/537.36 (KHTML, like Gecko) Chrome/88.0.4324.190 Safari/537.36"
45.72.48.130 - - [04/Sep/2021:13:30:12 +0200] "GET /ads.txt HTTP/1.1" 404 1181 "-" "Mozilla/5.0 (Windows NT 10.0; Win64; x64) AppleWebKit/537.36 (KHTML, like Gecko) Chrome/88.0.4324.190 Safari/537.36"
185.191.171.4 - - [04/Sep/2021:13:33:57 +0200] "GET /index2.php?Itemid=75&id=1122&option=com_content&page=0&pop=1&task=view HTTP/1.1" 200 2422 "-" "Mozilla/5.0 (compatible; SemrushBot/7~bl; +http://www.semrush.com/bot.html)"
185.191.171.35 - - [04/Sep/2021:13:34:40 +0200] "GET /index.php?Itemid=65&id=244&option=com_content&task=view HTTP/1.1" 200 28876 "-" "Mozilla/5.0 (compatible; SemrushBot/7~bl; +http://www.semrush.com/bot.html)"
23.100.232.233 - - [04/Sep/2021:13:34:50 +0200] "GET /index.php?option=com_content&task=view&id=726&Itemid=85 HTTP/1.1" 200 59369 "-" "Mozilla/5.0 (compatible; MSIE 9.0; Windows NT 6.1; Trident/5.0; Trident/5.0)"
23.100.232.233 - - [04/Sep/2021:13:34:51 +0200] "GET /templates/radiocampus/css/template_css.css HTTP/1.1" 200 10686 "http://www.kokosz.hu/index.php?option=com_content&task=view&id=726&Itemid=85" "Mozilla/5.0 (compatible; MSIE 9.0; Windows NT 6.1; Trident/5.0; Trident/5.0)"
23.100.232.233 - - [04/Sep/2021:13:34:54 +0200] "GET /images/stories/flash/ado.swf HTTP/1.1" 200 6736 "http://www.kokosz.hu/index.php?option=com_content&task=view&id=726&Itemid=85" "Mozilla/5.0 (compatible; MSIE 9.0; Windows NT 6.1; Trident/5.0; Trident/5.0)"
23.100.232.233 - - [04/Sep/2021:13:34:55 +0200] "GET /images/stories/flash/ado.swf HTTP/1.1" 304 - "http://www.kokosz.hu/index.php?option=com_content&task=view&id=726&Itemid=85" "Mozilla/5.0 (compatible; MSIE 9.0; Windows NT 6.1; Trident/5.0; Trident/5.0)"
54.36.148.225 - - [04/Sep/2021:13:35:09 +0200] "GET /index2.php?option=com_content&task=view&id=886&pop=1&page=0 HTTP/1.1" 200 18154 "-" "Mozilla/5.0 (compatible; AhrefsBot/7.0; +http://ahrefs.com/robot/)"
185.191.171.11 - - [04/Sep/2021:13:37:39 +0200] "GET /index.php?id=301&option=com_content&task=view HTTP/1.1" 200 29825 "-" "Mozilla/5.0 (compatible; SemrushBot/7~bl; +http://www.semrush.com/bot.html)"
185.191.171.39 - - [04/Sep/2021:13:43:02 +0200] "GET /index2.php?id=173&option=com_content&page=0&pop=1&task=view HTTP/1.1" 200 3627 "-" "Mozilla/5.0 (compatible; SemrushBot/7~bl; +http://www.semrush.com/bot.html)"
13.66.139.1 - - [04/Sep/2021:13:44:14 +0200] "GET /robots.txt HTTP/1.1" 200 286 "-" "Mozilla/5.0 (compatible; bingbot/2.0; +http://www.bing.com/bingbot.htm)"
54.36.148.43 - - [04/Sep/2021:13:44:18 +0200] "GET /index2.php?option=com_content&task=emailform&id=170&itemid=65 HTTP/1.1" 200 2488 "-" "Mozilla/5.0 (compatible; AhrefsBot/7.0; +http://ahrefs.com/robot/)"
13.66.139.0 - - [04/Sep/2021:13:45:03 +0200] "GET /index.php?option=com_content&task=view&id=1240&Itemid=75 HTTP/1.1" 200 28772 "-" "Mozilla/5.0 (compatible; bingbot/2.0; +http://www.bing.com/bingbot.htm)"
185.191.171.25 - - [04/Sep/2021:13:46:33 +0200] "GET /index2.php?Itemid=75&id=1139&option=com_content&page=0&pop=1&task=view HTTP/1.1" 200 2777 "-" "Mozilla/5.0 (compatible; SemrushBot/7~bl; +http://www.semrush.com/bot.html)"
185.191.171.11 - - [04/Sep/2021:13:47:22 +0200] "GET /index2.php?id=1218&itemid=1&option=com_content&task=emailform HTTP/1.1" 200 2478 "-" "Mozilla/5.0 (compatible; SemrushBot/7~bl; +http://www.semrush.com/bot.html)"
185.191.171.26 - - [04/Sep/2021:13:48:23 +0200] "GET /index2.php?id=375&option=com_content&page=0&pop=1&task=view HTTP/1.1" 200 4426 "-" "Mozilla/5.0 (compatible; SemrushBot/7~bl; +http://www.semrush.com/bot.html)"
216.244.66.239 - - [04/Sep/2021:13:51:32 +0200] "GET /robots.txt HTTP/1.1" 200 286 "-" "Mozilla/5.0 (compatible; DotBot/1.2; +https://opensiteexplorer.org/dotbot; help@moz.com)"
216.244.66.239 - - [04/Sep/2021:13:51:32 +0200] "GET /robots.txt HTTP/1.1" 200 286 "-" "Mozilla/5.0 (compatible; DotBot/1.2; +https://opensiteexplorer.org/dotbot; help@moz.com)"
54.36.148.149 - - [04/Sep/2021:13:52:39 +0200] "GET /index2.php?option=com_content&task=view&id=170&pop=1&page=0&Itemid=65 HTTP/1.1" 200 3572 "-" "Mozilla/5.0 (compatible; AhrefsBot/7.0; +http://ahrefs.com/robot/)"
216.244.66.239 - - [04/Sep/2021:13:54:18 +0200] "GET /index.php?option=com_content&task=view&id=868 HTTP/1.1" 200 29254 "-" "Mozilla/5.0 (compatible; DotBot/1.2; +https://opensiteexplorer.org/dotbot; help@moz.com)"
192.99.13.186 - - [04/Sep/2021:13:59:44 +0200] "GET /robots.txt HTTP/1.1" 200 286 "-" "Mozilla/5.0 (compatible; MJ12bot/v1.4.8; http://mj12bot.com/)"
192.99.13.186 - - [04/Sep/2021:14:00:14 +0200] "GET /index.php?option=com_content&task=view&id=407&Itemid=69 HTTP/1.1" 200 30590 "-" "Mozilla/5.0 (compatible; MJ12bot/v1.4.8; http://mj12bot.com/)"
192.99.13.186 - - [04/Sep/2021:14:00:28 +0200] "GET /index.php?option=com_content&task=view&id=516&Itemid=69 HTTP/1.1" 200 30569 "-" "Mozilla/5.0 (compatible; MJ12bot/v1.4.8; http://mj12bot.com/)"
54.36.149.101 - - [04/Sep/2021:14:00:37 +0200] "GET /index.php?option=com_content&task=view&id=169&Itemid=65 HTTP/1.1" 200 29560 "-" "Mozilla/5.0 (compatible; AhrefsBot/7.0; +http://ahrefs.com/robot/)"
192.99.13.186 - - [04/Sep/2021:14:00:50 +0200] "GET /index.php?option=com_content&task=view&id=571 HTTP/1.1" 200 30626 "-" "Mozilla/5.0 (compatible; MJ12bot/v1.4.8; http://mj12bot.com/)"
192.99.13.186 - - [04/Sep/2021:14:01:13 +0200] "GET /index.php?option=com_content&task=view&id=626&Itemid=69 HTTP/1.1" 200 31280 "-" "Mozilla/5.0 (compatible; MJ12bot/v1.4.8; http://mj12bot.com/)"
192.99.13.186 - - [04/Sep/2021:14:01:28 +0200] "GET /index.php?option=com_content&task=view&id=661&Itemid=69 HTTP/1.1" 200 30696 "-" "Mozilla/5.0 (compatible; MJ12bot/v1.4.8; http://mj12bot.com/)"
185.191.171.37 - - [04/Sep/2021:14:01:34 +0200] "GET /index.php?id=825&option=com_content&task=view HTTP/1.1" 200 28461 "-" "Mozilla/5.0 (compatible; SemrushBot/7~bl; +http://www.semrush.com/bot.html)"
192.99.13.186 - - [04/Sep/2021:14:01:46 +0200] "GET /index.php?option=com_content&task=view&id=666&Itemid=69 HTTP/1.1" 200 30449 "-" "Mozilla/5.0 (compatible; MJ12bot/v1.4.8; http://mj12bot.com/)"
185.191.171.15 - - [04/Sep/2021:14:01:52 +0200] "GET /index.php?Itemid=31&id=21&option=com_content&task=view HTTP/1.1" 200 61956 "-" "Mozilla/5.0 (compatible; SemrushBot/7~bl; +http://www.semrush.com/bot.html)"
192.99.13.186 - - [04/Sep/2021:14:02:01 +0200] "GET /index.php?option=com_content&task=view&id=732&Itemid=1 HTTP/1.1" 200 33294 "-" "Mozilla/5.0 (compatible; MJ12bot/v1.4.8; http://mj12bot.com/)"
185.191.171.3 - - [04/Sep/2021:14:02:10 +0200] "GET /index.php?id=911&option=com_content&task=view HTTP/1.1" 200 28593 "-" "Mozilla/5.0 (compatible; SemrushBot/7~bl; +http://www.semrush.com/bot.html)"
192.99.13.186 - - [04/Sep/2021:14:02:21 +0200] "GET /index.php?option=com_content&task=view&id=803&Itemid=89 HTTP/1.1" 200 35561 "-" "Mozilla/5.0 (compatible; MJ12bot/v1.4.8; http://mj12bot.com/)"
192.99.13.186 - - [04/Sep/2021:14:02:39 +0200] "GET /index.php?option=com_content&task=view&id=807&Itemid=89 HTTP/1.1" 200 28354 "-" "Mozilla/5.0 (compatible; MJ12bot/v1.4.8; http://mj12bot.com/)"
192.99.13.186 - - [04/Sep/2021:14:03:04 +0200] "GET /index.php?option=com_content&task=view&id=840&Itemid=1 HTTP/1.1" 200 31016 "-" "Mozilla/5.0 (compatible; MJ12bot/v1.4.8; http://mj12bot.com/)"
192.99.13.186 - - [04/Sep/2021:14:03:22 +0200] "GET /index.php?option=com_content&task=view&id=851&Itemid=1 HTTP/1.1" 200 35785 "-" "Mozilla/5.0 (compatible; MJ12bot/v1.4.8; http://mj12bot.com/)"
192.99.13.186 - - [04/Sep/2021:14:03:36 +0200] "GET /index.php?option=com_content&task=view&id=884&Itemid=78 HTTP/1.1" 200 29215 "-" "Mozilla/5.0 (compatible; MJ12bot/v1.4.8; http://mj12bot.com/)"
192.99.13.186 - - [04/Sep/2021:14:03:51 +0200] "GET /index2.php?option=com_content&task=emailform&id=336&itemid=99999999 HTTP/1.1" 200 2507 "-" "Mozilla/5.0 (compatible; MJ12bot/v1.4.8; http://mj12bot.com/)"
192.99.13.186 - - [04/Sep/2021:14:04:17 +0200] "GET /index2.php?option=com_content&task=emailform&id=337&itemid=99999999 HTTP/1.1" 200 2484 "-" "Mozilla/5.0 (compatible; MJ12bot/v1.4.8; http://mj12bot.com/)"
192.99.13.186 - - [04/Sep/2021:14:04:36 +0200] "GET /index2.php?option=com_content&task=emailform&id=339&itemid=99999999 HTTP/1.1" 200 2479 "-" "Mozilla/5.0 (compatible; MJ12bot/v1.4.8; http://mj12bot.com/)"
192.99.13.186 - - [04/Sep/2021:14:04:54 +0200] "GET /index2.php?option=com_content&task=emailform&id=340&itemid=69 HTTP/1.1" 200 2481 "-" "Mozilla/5.0 (compatible; MJ12bot/v1.4.8; http://mj12bot.com/)"
192.99.13.186 - - [04/Sep/2021:14:05:04 +0200] "GET /index2.php?option=com_content&task=emailform&id=401&itemid=69 HTTP/1.1" 200 2477 "-" "Mozilla/5.0 (compatible; MJ12bot/v1.4.8; http://mj12bot.com/)"
192.99.13.186 - - [04/Sep/2021:14:05:21 +0200] "GET /index2.php?option=com_content&task=emailform&id=406&itemid=69 HTTP/1.1" 200 2476 "-" "Mozilla/5.0 (compatible; MJ12bot/v1.4.8; http://mj12bot.com/)"
192.99.13.186 - - [04/Sep/2021:14:05:37 +0200] "GET /index2.php?option=com_content&task=emailform&id=415&itemid=69 HTTP/1.1" 200 2515 "-" "Mozilla/5.0 (compatible; MJ12bot/v1.4.8; http://mj12bot.com/)"
192.99.13.186 - - [04/Sep/2021:14:05:48 +0200] "GET /index2.php?option=com_content&task=emailform&id=444&itemid=69 HTTP/1.1" 200 2481 "-" "Mozilla/5.0 (compatible; MJ12bot/v1.4.8; http://mj12bot.com/)"
192.99.13.186 - - [04/Sep/2021:14:06:03 +0200] "GET /index2.php?option=com_content&task=emailform&id=460&itemid=69 HTTP/1.1" 200 2512 "-" "Mozilla/5.0 (compatible; MJ12bot/v1.4.8; http://mj12bot.com/)"
192.99.13.186 - - [04/Sep/2021:14:06:08 +0200] "GET /index2.php?option=com_content&task=emailform&id=485&itemid=69 HTTP/1.1" 200 2478 "-" "Mozilla/5.0 (compatible; MJ12bot/v1.4.8; http://mj12bot.com/)"
192.99.13.186 - - [04/Sep/2021:14:06:22 +0200] "GET /index2.php?option=com_content&task=emailform&id=487&itemid=69 HTTP/1.1" 200 2523 "-" "Mozilla/5.0 (compatible; MJ12bot/v1.4.8; http://mj12bot.com/)"
192.99.13.186 - - [04/Sep/2021:14:06:46 +0200] "GET /index2.php?option=com_content&task=emailform&id=488&itemid=69 HTTP/1.1" 200 2476 "-" "Mozilla/5.0 (compatible; MJ12bot/v1.4.8; http://mj12bot.com/)"
192.99.13.186 - - [04/Sep/2021:14:07:07 +0200] "GET /index2.php?option=com_content&task=emailform&id=490&itemid=69 HTTP/1.1" 200 2477 "-" "Mozilla/5.0 (compatible; MJ12bot/v1.4.8; http://mj12bot.com/)"
192.99.13.186 - - [04/Sep/2021:14:07:24 +0200] "GET /index2.php?option=com_content&task=emailform&id=493&itemid=69 HTTP/1.1" 200 2524 "-" "Mozilla/5.0 (compatible; MJ12bot/v1.4.8; http://mj12bot.com/)"
192.99.13.186 - - [04/Sep/2021:14:07:37 +0200] "GET /index2.php?option=com_content&task=emailform&id=501&itemid=69 HTTP/1.1" 200 2524 "-" "Mozilla/5.0 (compatible; MJ12bot/v1.4.8; http://mj12bot.com/)"
192.99.13.186 - - [04/Sep/2021:14:08:04 +0200] "GET /index2.php?option=com_content&task=emailform&id=521&itemid=69 HTTP/1.1" 200 2516 "-" "Mozilla/5.0 (compatible; MJ12bot/v1.4.8; http://mj12bot.com/)"
192.99.13.186 - - [04/Sep/2021:14:08:15 +0200] "GET /index2.php?option=com_content&task=emailform&id=529&itemid=69 HTTP/1.1" 200 2508 "-" "Mozilla/5.0 (compatible; MJ12bot/v1.4.8; http://mj12bot.com/)"
54.36.148.127 - - [04/Sep/2021:14:08:34 +0200] "GET /index.php?option=com_content&task=view&id=735&Itemid=75 HTTP/1.1" 200 34081 "-" "Mozilla/5.0 (compatible; AhrefsBot/7.0; +http://ahrefs.com/robot/)"
192.99.13.186 - - [04/Sep/2021:14:08:55 +0200] "GET /index2.php?option=com_content&task=emailform&id=530&itemid=69 HTTP/1.1" 200 2492 "-" "Mozilla/5.0 (compatible; MJ12bot/v1.4.8; http://mj12bot.com/)"
192.99.13.186 - - [04/Sep/2021:14:09:28 +0200] "GET /index2.php?option=com_content&task=emailform&id=542&itemid=99999999 HTTP/1.1" 200 2488 "-" "Mozilla/5.0 (compatible; MJ12bot/v1.4.8; http://mj12bot.com/)"
66.249.66.35 - - [04/Sep/2021:14:09:33 +0200] "GET /index.php?option=com_search&Itemid=99999999&searchword=sn%C3%A9&searchphrase=any&ordering=newest&limit=5&limitstart=5 HTTP/1.1" 200 35041 "-" "Mozilla/5.0 (Linux; Android 6.0.1; Nexus 5X Build/MMB29P) AppleWebKit/537.36 (KHTML, like Gecko) Chrome/92.0.4515.119 Mobile Safari/537.36 (compatible; Googlebot/2.1; +http://www.google.com/bot.html)"
192.99.13.186 - - [04/Sep/2021:14:09:36 +0200] "GET /index2.php?option=com_content&task=emailform&id=560&itemid=69 HTTP/1.1" 200 2490 "-" "Mozilla/5.0 (compatible; MJ12bot/v1.4.8; http://mj12bot.com/)"
192.99.13.186 - - [04/Sep/2021:14:10:03 +0200] "GET /index2.php?option=com_content&task=emailform&id=567&itemid=99999999 HTTP/1.1" 200 2487 "-" "Mozilla/5.0 (compatible; MJ12bot/v1.4.8; http://mj12bot.com/)"
192.99.13.186 - - [04/Sep/2021:14:10:23 +0200] "GET /index2.php?option=com_content&task=emailform&id=572&itemid=69 HTTP/1.1" 200 2524 "-" "Mozilla/5.0 (compatible; MJ12bot/v1.4.8; http://mj12bot.com/)"
192.99.13.186 - - [04/Sep/2021:14:10:40 +0200] "GET /index2.php?option=com_content&task=emailform&id=572&itemid=99999999 HTTP/1.1" 200 2530 "-" "Mozilla/5.0 (compatible; MJ12bot/v1.4.8; http://mj12bot.com/)"
192.99.13.186 - - [04/Sep/2021:14:11:03 +0200] "GET /index2.php?option=com_content&task=emailform&id=580&itemid=69 HTTP/1.1" 200 2474 "-" "Mozilla/5.0 (compatible; MJ12bot/v1.4.8; http://mj12bot.com/)"
192.99.13.186 - - [04/Sep/2021:14:11:16 +0200] "GET /index2.php?option=com_content&task=emailform&id=582&itemid=99999999 HTTP/1.1" 200 2533 "-" "Mozilla/5.0 (compatible; MJ12bot/v1.4.8; http://mj12bot.com/)"
192.99.13.186 - - [04/Sep/2021:14:11:33 +0200] "GET /index2.php?option=com_content&task=emailform&id=588&itemid=99999999 HTTP/1.1" 200 2506 "-" "Mozilla/5.0 (compatible; MJ12bot/v1.4.8; http://mj12bot.com/)"
192.99.13.186 - - [04/Sep/2021:14:11:45 +0200] "GET /index2.php?option=com_content&task=emailform&id=885&itemid=75 HTTP/1.1" 200 2490 "-" "Mozilla/5.0 (compatible; MJ12bot/v1.4.8; http://mj12bot.com/)"
192.99.13.186 - - [04/Sep/2021:14:12:07 +0200] "GET /index2.php?option=com_content&task=emailform&id=885&itemid=78 HTTP/1.1" 200 2490 "-" "Mozilla/5.0 (compatible; MJ12bot/v1.4.8; http://mj12bot.com/)"
192.99.13.186 - - [04/Sep/2021:14:12:20 +0200] "GET /index2.php?option=com_content&task=emailform&id=885&itemid=79 HTTP/1.1" 200 2490 "-" "Mozilla/5.0 (compatible; MJ12bot/v1.4.8; http://mj12bot.com/)"
192.99.13.186 - - [04/Sep/2021:14:12:36 +0200] "GET /index2.php?option=com_content&task=emailform&id=888&itemid=78 HTTP/1.1" 200 2487 "-" "Mozilla/5.0 (compatible; MJ12bot/v1.4.8; http://mj12bot.com/)"
192.99.13.186 - - [04/Sep/2021:14:12:56 +0200] "GET /index2.php?option=com_content&task=emailform&id=914&itemid=75 HTTP/1.1" 200 2462 "-" "Mozilla/5.0 (compatible; MJ12bot/v1.4.8; http://mj12bot.com/)"
192.99.13.186 - - [04/Sep/2021:14:13:12 +0200] "GET /index2.php?option=com_content&task=emailform&id=914&itemid=78 HTTP/1.1" 200 2462 "-" "Mozilla/5.0 (compatible; MJ12bot/v1.4.8; http://mj12bot.com/)"
192.99.13.186 - - [04/Sep/2021:14:13:29 +0200] "GET /index2.php?option=com_content&task=emailform&id=915&itemid=78 HTTP/1.1" 200 2453 "-" "Mozilla/5.0 (compatible; MJ12bot/v1.4.8; http://mj12bot.com/)"
192.99.13.186 - - [04/Sep/2021:14:13:50 +0200] "GET /index2.php?option=com_content&task=emailform&id=920&itemid=75 HTTP/1.1" 200 2487 "-" "Mozilla/5.0 (compatible; MJ12bot/v1.4.8; http://mj12bot.com/)"
192.99.13.186 - - [04/Sep/2021:14:14:01 +0200] "GET /index2.php?option=com_content&task=emailform&id=924&itemid=99999999 HTTP/1.1" 200 2452 "-" "Mozilla/5.0 (compatible; MJ12bot/v1.4.8; http://mj12bot.com/)"
192.99.13.186 - - [04/Sep/2021:14:14:09 +0200] "GET /index2.php?option=com_content&task=emailform&id=929&itemid=75 HTTP/1.1" 200 2446 "-" "Mozilla/5.0 (compatible; MJ12bot/v1.4.8; http://mj12bot.com/)"
192.99.13.186 - - [04/Sep/2021:14:14:31 +0200] "GET /index2.php?option=com_content&task=emailform&id=929&itemid=78 HTTP/1.1" 200 2446 "-" "Mozilla/5.0 (compatible; MJ12bot/v1.4.8; http://mj12bot.com/)"
192.99.13.186 - - [04/Sep/2021:14:14:55 +0200] "GET /index2.php?option=com_content&task=emailform&id=929&itemid=79 HTTP/1.1" 200 2446 "-" "Mozilla/5.0 (compatible; MJ12bot/v1.4.8; http://mj12bot.com/)"
192.99.13.186 - - [04/Sep/2021:14:15:10 +0200] "GET /index2.php?option=com_content&task=emailform&id=937&itemid=89 HTTP/1.1" 200 692 "-" "Mozilla/5.0 (compatible; MJ12bot/v1.4.8; http://mj12bot.com/)"
192.99.13.186 - - [04/Sep/2021:14:15:25 +0200] "GET /index2.php?option=com_content&task=emailform&id=944&itemid=78 HTTP/1.1" 200 2474 "-" "Mozilla/5.0 (compatible; MJ12bot/v1.4.8; http://mj12bot.com/)"
192.99.13.186 - - [04/Sep/2021:14:15:43 +0200] "GET /index2.php?option=com_content&task=emailform&id=944&itemid=79 HTTP/1.1" 200 2474 "-" "Mozilla/5.0 (compatible; MJ12bot/v1.4.8; http://mj12bot.com/)"
192.99.13.186 - - [04/Sep/2021:14:16:02 +0200] "GET /index2.php?option=com_content&task=emailform&id=948&itemid=75 HTTP/1.1" 200 2454 "-" "Mozilla/5.0 (compatible; MJ12bot/v1.4.8; http://mj12bot.com/)"
54.36.148.168 - - [04/Sep/2021:14:16:11 +0200] "GET /index.php?option=com_content&task=view&id=778&Itemid=75 HTTP/1.1" 200 29213 "-" "Mozilla/5.0 (compatible; AhrefsBot/7.0; +http://ahrefs.com/robot/)"
185.191.171.23 - - [04/Sep/2021:14:16:13 +0200] "GET /index2.php?Itemid=78&id=855&option=com_content&page=0&pop=1&task=view HTTP/1.1" 200 2637 "-" "Mozilla/5.0 (compatible; SemrushBot/7~bl; +http://www.semrush.com/bot.html)"
192.99.13.186 - - [04/Sep/2021:14:16:16 +0200] "GET /index2.php?option=com_content&task=emailform&id=952&itemid=1 HTTP/1.1" 200 2469 "-" "Mozilla/5.0 (compatible; MJ12bot/v1.4.8; http://mj12bot.com/)"
192.99.13.186 - - [04/Sep/2021:14:16:31 +0200] "GET /index2.php?option=com_content&task=emailform&id=959&itemid=75 HTTP/1.1" 200 2467 "-" "Mozilla/5.0 (compatible; MJ12bot/v1.4.8; http://mj12bot.com/)"
192.99.13.186 - - [04/Sep/2021:14:16:49 +0200] "GET /index2.php?option=com_content&task=emailform&id=962&itemid=1 HTTP/1.1" 200 2514 "-" "Mozilla/5.0 (compatible; MJ12bot/v1.4.8; http://mj12bot.com/)"
192.99.13.186 - - [04/Sep/2021:14:17:13 +0200] "GET /index2.php?option=com_content&task=emailform&id=962&itemid=75 HTTP/1.1" 200 2515 "-" "Mozilla/5.0 (compatible; MJ12bot/v1.4.8; http://mj12bot.com/)"
192.99.13.186 - - [04/Sep/2021:14:17:35 +0200] "GET /index2.php?option=com_content&task=emailform&id=964&itemid=1 HTTP/1.1" 200 2484 "-" "Mozilla/5.0 (compatible; MJ12bot/v1.4.8; http://mj12bot.com/)"
192.99.13.186 - - [04/Sep/2021:14:17:58 +0200] "GET /index2.php?option=com_content&task=emailform&id=964&itemid=99999999 HTTP/1.1" 200 2491 "-" "Mozilla/5.0 (compatible; MJ12bot/v1.4.8; http://mj12bot.com/)"
185.191.171.33 - - [04/Sep/2021:14:18:04 +0200] "GET /robots.txt HTTP/1.1" 200 286 "-" "Mozilla/5.0 (compatible; SemrushBot/7~bl; +http://www.semrush.com/bot.html)"
185.191.171.13 - - [04/Sep/2021:14:18:05 +0200] "GET /index2.php?id=518&option=com_content&page=0&pop=1&task=view HTTP/1.1" 200 4594 "-" "Mozilla/5.0 (compatible; SemrushBot/7~bl; +http://www.semrush.com/bot.html)"
192.99.13.186 - - [04/Sep/2021:14:18:21 +0200] "GET /index2.php?option=com_content&task=emailform&id=965&itemid=75 HTTP/1.1" 200 2454 "-" "Mozilla/5.0 (compatible; MJ12bot/v1.4.8; http://mj12bot.com/)"
192.99.13.186 - - [04/Sep/2021:14:18:46 +0200] "GET /index2.php?option=com_content&task=emailform&id=967&itemid=1 HTTP/1.1" 200 2452 "-" "Mozilla/5.0 (compatible; MJ12bot/v1.4.8; http://mj12bot.com/)"
192.99.13.186 - - [04/Sep/2021:14:19:04 +0200] "GET /index2.php?option=com_content&task=emailform&id=967&itemid=78 HTTP/1.1" 200 2453 "-" "Mozilla/5.0 (compatible; MJ12bot/v1.4.8; http://mj12bot.com/)"
192.99.13.186 - - [04/Sep/2021:14:19:20 +0200] "GET /index2.php?option=com_content&task=emailform&id=967&itemid=99999999 HTTP/1.1" 200 2459 "-" "Mozilla/5.0 (compatible; MJ12bot/v1.4.8; http://mj12bot.com/)"
192.99.13.186 - - [04/Sep/2021:14:19:34 +0200] "GET /index2.php?option=com_content&task=emailform&id=972&itemid=1 HTTP/1.1" 200 2463 "-" "Mozilla/5.0 (compatible; MJ12bot/v1.4.8; http://mj12bot.com/)"
192.99.13.186 - - [04/Sep/2021:14:19:52 +0200] "GET /index2.php?option=com_content&task=emailform&id=981&itemid=1 HTTP/1.1" 200 2459 "-" "Mozilla/5.0 (compatible; MJ12bot/v1.4.8; http://mj12bot.com/)"
192.99.13.186 - - [04/Sep/2021:14:20:09 +0200] "GET /index2.php?option=com_content&task=emailform&id=986&itemid=89 HTTP/1.1" 200 2499 "-" "Mozilla/5.0 (compatible; MJ12bot/v1.4.8; http://mj12bot.com/)"
192.99.13.186 - - [04/Sep/2021:14:20:27 +0200] "GET /index2.php?option=com_content&task=emailform&id=987&itemid=1 HTTP/1.1" 200 2445 "-" "Mozilla/5.0 (compatible; MJ12bot/v1.4.8; http://mj12bot.com/)"
192.99.13.186 - - [04/Sep/2021:14:21:00 +0200] "GET /index2.php?option=com_content&task=emailform&id=989&itemid=1 HTTP/1.1" 200 2472 "-" "Mozilla/5.0 (compatible; MJ12bot/v1.4.8; http://mj12bot.com/)"
192.99.13.186 - - [04/Sep/2021:14:21:18 +0200] "GET /index2.php?option=com_content&task=emailform&id=990&itemid=89 HTTP/1.1" 200 2467 "-" "Mozilla/5.0 (compatible; MJ12bot/v1.4.8; http://mj12bot.com/)"
192.99.13.186 - - [04/Sep/2021:14:21:31 +0200] "GET /index2.php?option=com_content&task=emailform&id=990&itemid=99999999 HTTP/1.1" 200 2473 "-" "Mozilla/5.0 (compatible; MJ12bot/v1.4.8; http://mj12bot.com/)"
192.99.13.186 - - [04/Sep/2021:14:21:41 +0200] "GET /index2.php?option=com_content&task=emailform&id=996&itemid=78 HTTP/1.1" 200 2473 "-" "Mozilla/5.0 (compatible; MJ12bot/v1.4.8; http://mj12bot.com/)"
192.99.13.186 - - [04/Sep/2021:14:22:04 +0200] "GET /index2.php?option=com_content&task=emailform&id=996&itemid=79 HTTP/1.1" 200 2473 "-" "Mozilla/5.0 (compatible; MJ12bot/v1.4.8; http://mj12bot.com/)"
192.99.13.186 - - [04/Sep/2021:14:22:23 +0200] "GET /index2.php?option=com_content&task=emailform&id=996&itemid=99999999 HTTP/1.1" 200 2479 "-" "Mozilla/5.0 (compatible; MJ12bot/v1.4.8; http://mj12bot.com/)"
192.99.13.186 - - [04/Sep/2021:14:22:39 +0200] "GET /index2.php?option=com_content&task=emailform&id=998&itemid=1 HTTP/1.1" 200 2457 "-" "Mozilla/5.0 (compatible; MJ12bot/v1.4.8; http://mj12bot.com/)"
192.99.13.186 - - [04/Sep/2021:14:22:50 +0200] "GET /index2.php?option=com_content&task=emailform&id=998&itemid=75 HTTP/1.1" 200 2458 "-" "Mozilla/5.0 (compatible; MJ12bot/v1.4.8; http://mj12bot.com/)"
49.12.13.109 - - [04/Sep/2021:14:22:56 +0200] "HEAD / HTTP/1.1" 200 0 "-" "Alert_Alligator_webmonitoring_service_1.6.3_(alertalligator.com)"
192.99.13.186 - - [04/Sep/2021:14:23:12 +0200] "GET /index2.php?option=com_content&task=emailform&id=999&itemid=79 HTTP/1.1" 200 2473 "-" "Mozilla/5.0 (compatible; MJ12bot/v1.4.8; http://mj12bot.com/)"
192.99.13.186 - - [04/Sep/2021:14:23:31 +0200] "GET /index2.php?option=com_content&task=view&id=1041&pop=1&page=0 HTTP/1.1" 200 2304 "-" "Mozilla/5.0 (compatible; MJ12bot/v1.4.8; http://mj12bot.com/)"
192.99.13.186 - - [04/Sep/2021:14:23:46 +0200] "GET /index2.php?option=com_content&task=view&id=335&pop=1&page=0 HTTP/1.1" 200 5303 "-" "Mozilla/5.0 (compatible; MJ12bot/v1.4.8; http://mj12bot.com/)"
192.99.13.186 - - [04/Sep/2021:14:23:59 +0200] "GET /index2.php?option=com_content&task=view&id=579&pop=1&page=0 HTTP/1.1" 200 3574 "-" "Mozilla/5.0 (compatible; MJ12bot/v1.4.8; http://mj12bot.com/)"
192.99.13.186 - - [04/Sep/2021:14:24:14 +0200] "GET /index2.php?option=com_content&task=view&id=951&pop=1&page=0 HTTP/1.1" 200 2874 "-" "Mozilla/5.0 (compatible; MJ12bot/v1.4.8; http://mj12bot.com/)"
54.36.149.56 - - [04/Sep/2021:14:24:27 +0200] "GET /index.php?option=com_ponygallery&Itemid=84&func=viewcategory&catid=35 HTTP/1.1" 200 40924 "-" "Mozilla/5.0 (compatible; AhrefsBot/7.0; +http://ahrefs.com/robot/)"
17.121.114.204 - - [04/Sep/2021:14:30:07 +0200] "GET /index.php?option=com_content&task=view&id=1231&Itemid=75 HTTP/1.1" 200 29176 "-" "Mozilla/5.0 (Macintosh; Intel Mac OS X 10_15_5) AppleWebKit/605.1.15 (KHTML, like Gecko) Version/13.1.1 Safari/605.1.15 (Applebot/0.1; +http://www.apple.com/go/applebot)"
185.191.171.38 - - [04/Sep/2021:14:30:21 +0200] "GET /index.php?Itemid=75&id=826&option=com_content&task=view HTTP/1.1" 200 29351 "-" "Mozilla/5.0 (compatible; SemrushBot/7~bl; +http://www.semrush.com/bot.html)"
185.191.171.9 - - [04/Sep/2021:14:31:44 +0200] "GET /index.php?Itemid=66&id=776&option=com_content&task=view HTTP/1.1" 200 29592 "-" "Mozilla/5.0 (compatible; SemrushBot/7~bl; +http://www.semrush.com/bot.html)"
54.36.148.118 - - [04/Sep/2021:14:32:34 +0200] "GET /index.php?option=com_content&task=view&id=153&Itemid=66 HTTP/1.1" 200 29689 "-" "Mozilla/5.0 (compatible; AhrefsBot/7.0; +http://ahrefs.com/robot/)"
185.191.171.41 - - [04/Sep/2021:14:38:40 +0200] "GET /index2.php?id=519&itemid=99999999&option=com_content&task=emailform HTTP/1.1" 200 2535 "-" "Mozilla/5.0 (compatible; SemrushBot/7~bl; +http://www.semrush.com/bot.html)"
216.244.66.239 - - [04/Sep/2021:14:38:54 +0200] "GET /robots.txt HTTP/1.1" 200 286 "-" "Mozilla/5.0 (compatible; DotBot/1.2; +https://opensiteexplorer.org/dotbot; help@moz.com)"
185.191.171.19 - - [04/Sep/2021:14:39:06 +0200] "GET /index2.php?id=1078&itemid=1&option=com_content&task=emailform HTTP/1.1" 200 2485 "-" "Mozilla/5.0 (compatible; SemrushBot/7~bl; +http://www.semrush.com/bot.html)"
54.36.148.94 - - [04/Sep/2021:14:41:44 +0200] "GET /index.php?option=com_content&task=view&id=952&Itemid=75 HTTP/1.1" 200 29062 "-" "Mozilla/5.0 (compatible; AhrefsBot/7.0; +http://ahrefs.com/robot/)"
54.36.148.110 - - [04/Sep/2021:14:51:20 +0200] "GET /index2.php?option=com_content&task=view&id=1086&pop=1&page=0&Itemid=75 HTTP/1.1" 200 2713 "-" "Mozilla/5.0 (compatible; AhrefsBot/7.0; +http://ahrefs.com/robot/)"
185.191.171.20 - - [04/Sep/2021:14:54:02 +0200] "GET /index.php?id=152&option=com_content&task=view HTTP/1.1" 200 35186 "-" "Mozilla/5.0 (compatible; SemrushBot/7~bl; +http://www.semrush.com/bot.html)"
185.191.171.44 - - [04/Sep/2021:14:57:38 +0200] "GET /index.php?Itemid=65&id=215&option=com_content&task=view HTTP/1.1" 200 35987 "-" "Mozilla/5.0 (compatible; SemrushBot/7~bl; +http://www.semrush.com/bot.html)"
54.36.148.56 - - [04/Sep/2021:15:01:13 +0200] "GET /index.php?option=com_content&task=view&id=701&Itemid=68 HTTP/1.1" 200 30295 "-" "Mozilla/5.0 (compatible; AhrefsBot/7.0; +http://ahrefs.com/robot/)"
185.191.171.13 - - [04/Sep/2021:15:07:13 +0200] "GET /index2.php?Itemid=89&id=1165&option=com_content&page=0&pop=1&task=view HTTP/1.1" 200 3345 "-" "Mozilla/5.0 (compatible; SemrushBot/7~bl; +http://www.semrush.com/bot.html)"
66.249.66.41 - - [04/Sep/2021:15:08:20 +0200] "GET /index.php?option=com_content&task=view&id=643 HTTP/1.1" 200 31232 "-" "Mozilla/5.0 (Linux; Android 6.0.1; Nexus 5X Build/MMB29P) AppleWebKit/537.36 (KHTML, like Gecko) Chrome/92.0.4515.119 Mobile Safari/537.36 (compatible; Googlebot/2.1; +http://www.google.com/bot.html)"
159.69.145.50 - - [04/Sep/2021:15:22:17 +0200] "HEAD / HTTP/1.1" 200 0 "-" "Alert_Alligator_webmonitoring_service_1.6.3_(alertalligator.com)"
185.191.171.6 - - [04/Sep/2021:15:23:38 +0200] "GET /robots.txt HTTP/1.1" 200 286 "-" "Mozilla/5.0 (compatible; SemrushBot/7~bl; +http://www.semrush.com/bot.html)"
185.191.171.33 - - [04/Sep/2021:15:23:39 +0200] "GET /index.php?id=550&option=com_content&task=view HTTP/1.1" 200 30360 "-" "Mozilla/5.0 (compatible; SemrushBot/7~bl; +http://www.semrush.com/bot.html)"
54.36.148.99 - - [04/Sep/2021:15:24:27 +0200] "GET /index2.php?option=com_content&task=emailform&id=713&itemid=81 HTTP/1.1" 200 2471 "-" "Mozilla/5.0 (compatible; AhrefsBot/7.0; +http://ahrefs.com/robot/)"
185.191.171.37 - - [04/Sep/2021:15:34:46 +0200] "GET /index2.php?id=1097&option=com_content&page=0&pop=1&task=view HTTP/1.1" 200 6709 "-" "Mozilla/5.0 (compatible; SemrushBot/7~bl; +http://www.semrush.com/bot.html)"
66.249.66.41 - - [04/Sep/2021:15:38:03 +0200] "GET /index.php?option=com_content&task=view&id=276&Itemid=68 HTTP/1.1" 200 39825 "-" "Mozilla/5.0 (Linux; Android 6.0.1; Nexus 5X Build/MMB29P) AppleWebKit/537.36 (KHTML, like Gecko) Chrome/92.0.4515.119 Mobile Safari/537.36 (compatible; Googlebot/2.1; +http://www.google.com/bot.html)"
54.36.148.51 - - [04/Sep/2021:15:39:43 +0200] "GET /index2.php?option=com_content&task=view&id=713&pop=1&page=0&Itemid=81 HTTP/1.1" 200 2112 "-" "Mozilla/5.0 (compatible; AhrefsBot/7.0; +http://ahrefs.com/robot/)"
66.249.66.41 - - [04/Sep/2021:15:47:50 +0200] "GET /index.php?option=com_content&task=view&id=66 HTTP/1.1" 200 29501 "-" "Mozilla/5.0 (Linux; Android 6.0.1; Nexus 5X Build/MMB29P) AppleWebKit/537.36 (KHTML, like Gecko) Chrome/92.0.4515.119 Mobile Safari/537.36 (compatible; Googlebot/2.1; +http://www.google.com/bot.html)"
185.191.171.40 - - [04/Sep/2021:15:53:10 +0200] "GET /index.php?Itemid=75&id=1076&option=com_content&task=view HTTP/1.1" 200 28997 "-" "Mozilla/5.0 (compatible; SemrushBot/7~bl; +http://www.semrush.com/bot.html)"
54.36.148.37 - - [04/Sep/2021:15:54:42 +0200] "GET /index.php?option=com_ponygallery&Itemid=84&func=viewcategory&catid=26 HTTP/1.1" 200 35444 "-" "Mozilla/5.0 (compatible; AhrefsBot/7.0; +http://ahrefs.com/robot/)"
66.249.66.35 - - [04/Sep/2021:15:57:31 +0200] "GET /index2.php?option=com_content&task=emailform&id=893&itemid=1 HTTP/1.1" 200 2457 "-" "Mozilla/5.0 (compatible; Googlebot/2.1; +http://www.google.com/bot.html)"
185.191.171.8 - - [04/Sep/2021:16:00:00 +0200] "GET /index.php?Itemid=69&id=419&option=com_content&task=view HTTP/1.1" 200 30693 "-" "Mozilla/5.0 (compatible; SemrushBot/7~bl; +http://www.semrush.com/bot.html)"
185.191.171.33 - - [04/Sep/2021:16:05:13 +0200] "GET /index2.php?Itemid=66&id=147&option=com_content&page=0&pop=1&task=view HTTP/1.1" 200 4366 "-" "Mozilla/5.0 (compatible; SemrushBot/7~bl; +http://www.semrush.com/bot.html)"
66.249.66.38 - - [04/Sep/2021:16:07:32 +0200] "GET /index.php?option=com_search&Itemid=99999999&searchword=erdei&searchphrase=any&ordering=newest&limit=10&limitstart=0 HTTP/1.1" 200 38810 "-" "Mozilla/5.0 (Linux; Android 6.0.1; Nexus 5X Build/MMB29P) AppleWebKit/537.36 (KHTML, like Gecko) Chrome/92.0.4515.119 Mobile Safari/537.36 (compatible; Googlebot/2.1; +http://www.google.com/bot.html)"
66.249.66.35 - - [04/Sep/2021:16:07:53 +0200] "GET /index.php?option=com_content&task=view&id=1193&Itemid=67 HTTP/1.1" 200 30231 "-" "Mozilla/5.0 (Linux; Android 6.0.1; Nexus 5X Build/MMB29P) AppleWebKit/537.36 (KHTML, like Gecko) Chrome/92.0.4515.119 Mobile Safari/537.36 (compatible; Googlebot/2.1; +http://www.google.com/bot.html)"
167.250.29.138 - - [04/Sep/2021:16:08:32 +0200] "GET /wp-login.php HTTP/1.1" 404 1181 "-" "Mozilla/5.0 (Windows NT 10.0; WOW64; Trident/7.0; rv:11.0) like Gecko"
167.250.29.138 - - [04/Sep/2021:16:08:32 +0200] "GET /xmlrpc.php HTTP/1.1" 404 1181 "-" "Mozilla/5.0 (Windows NT 10.0; WOW64; Trident/7.0; rv:11.0) like Gecko"
54.36.148.50 - - [04/Sep/2021:16:09:50 +0200] "GET /index.php?option=com_content&task=view&id=951&Itemid=75 HTTP/1.1" 200 29546 "-" "Mozilla/5.0 (compatible; AhrefsBot/7.0; +http://ahrefs.com/robot/)"
185.191.171.21 - - [04/Sep/2021:16:14:59 +0200] "GET /index.php?Itemid=84&catid=43&func=viewcategory&option=com_ponygallery&startpage=1 HTTP/1.1" 200 44044 "-" "Mozilla/5.0 (compatible; SemrushBot/7~bl; +http://www.semrush.com/bot.html)"
176.63.21.210 - - [04/Sep/2021:16:19:55 +0200] "GET /index.php?option=com_content&task=category§ionid=8&id=22&Itemid=68 HTTP/1.1" 200 40878 "https://www.google.com/" "Mozilla/5.0 (Windows NT 10.0; Win64; x64) AppleWebKit/537.36 (KHTML, like Gecko) Chrome/86.0.4240.75 Safari/537.36"
176.63.21.210 - - [04/Sep/2021:16:19:55 +0200] "GET /templates/radiocampus/css/template_css.css HTTP/1.1" 200 10686 "http://www.kokosz.hu/index.php?option=com_content&task=category§ionid=8&id=22&Itemid=68" "Mozilla/5.0 (Windows NT 10.0; Win64; x64) AppleWebKit/537.36 (KHTML, like Gecko) Chrome/86.0.4240.75 Safari/537.36"
176.63.21.210 - - [04/Sep/2021:16:19:55 +0200] "GET /images/M_images/arrow.png HTTP/1.1" 200 169 "http://www.kokosz.hu/index.php?option=com_content&task=category§ionid=8&id=22&Itemid=68" "Mozilla/5.0 (Windows NT 10.0; Win64; x64) AppleWebKit/537.36 (KHTML, like Gecko) Chrome/86.0.4240.75 Safari/537.36"
176.63.21.210 - - [04/Sep/2021:16:19:55 +0200] "GET /templates/radiocampus/images/spacer.gif HTTP/1.1" 200 43 "http://www.kokosz.hu/index.php?option=com_content&task=category§ionid=8&id=22&Itemid=68" "Mozilla/5.0 (Windows NT 10.0; Win64; x64) AppleWebKit/537.36 (KHTML, like Gecko) Chrome/86.0.4240.75 Safari/537.36"
176.63.21.210 - - [04/Sep/2021:16:19:55 +0200] "GET /images/stories/statikus_kepek/szogi_lajos_kepzo.jpg HTTP/1.1" 200 27286 "http://www.kokosz.hu/index.php?option=com_content&task=category§ionid=8&id=22&Itemid=68" "Mozilla/5.0 (Windows NT 10.0; Win64; x64) AppleWebKit/537.36 (KHTML, like Gecko) Chrome/86.0.4240.75 Safari/537.36"
176.63.21.210 - - [04/Sep/2021:16:19:55 +0200] "GET /images/stories/logok/erdei_iskola_program.jpg HTTP/1.1" 200 7679 "http://www.kokosz.hu/index.php?option=com_content&task=category§ionid=8&id=22&Itemid=68" "Mozilla/5.0 (Windows NT 10.0; Win64; x64) AppleWebKit/537.36 (KHTML, like Gecko) Chrome/86.0.4240.75 Safari/537.36"
176.63.21.210 - - [04/Sep/2021:16:19:55 +0200] "GET /images/stories/logok/bagoly.gif HTTP/1.1" 200 4919 "http://www.kokosz.hu/index.php?option=com_content&task=category§ionid=8&id=22&Itemid=68" "Mozilla/5.0 (Windows NT 10.0; Win64; x64) AppleWebKit/537.36 (KHTML, like Gecko) Chrome/86.0.4240.75 Safari/537.36"
176.63.21.210 - - [04/Sep/2021:16:19:55 +0200] "GET /images/stories/statikus_kepek/fotoalbum.gif HTTP/1.1" 200 2428 "http://www.kokosz.hu/index.php?option=com_content&task=category§ionid=8&id=22&Itemid=68" "Mozilla/5.0 (Windows NT 10.0; Win64; x64) AppleWebKit/537.36 (KHTML, like Gecko) Chrome/86.0.4240.75 Safari/537.36"
176.63.21.210 - - [04/Sep/2021:16:19:55 +0200] "GET /images/stories/logok/erdei_iskola_program_et.jpg HTTP/1.1" 200 8081 "http://www.kokosz.hu/index.php?option=com_content&task=category§ionid=8&id=22&Itemid=68" "Mozilla/5.0 (Windows NT 10.0; Win64; x64) AppleWebKit/537.36 (KHTML, like Gecko) Chrome/86.0.4240.75 Safari/537.36"
176.63.21.210 - - [04/Sep/2021:16:19:55 +0200] "GET /images/stories/logok/erdei_ovoda_logo.jpg HTTP/1.1" 200 3597 "http://www.kokosz.hu/index.php?option=com_content&task=category§ionid=8&id=22&Itemid=68" "Mozilla/5.0 (Windows NT 10.0; Win64; x64) AppleWebKit/537.36 (KHTML, like Gecko) Chrome/86.0.4240.75 Safari/537.36"
176.63.21.210 - - [04/Sep/2021:16:19:55 +0200] "GET /templates/radiocampus/images/logo_top_pa.jpg HTTP/1.1" 200 114295 "http://www.kokosz.hu/index.php?option=com_content&task=category§ionid=8&id=22&Itemid=68" "Mozilla/5.0 (Windows NT 10.0; Win64; x64) AppleWebKit/537.36 (KHTML, like Gecko) Chrome/86.0.4240.75 Safari/537.36"
176.63.21.210 - - [04/Sep/2021:16:19:55 +0200] "GET /images/stories/logok/erdei_iskola_logo.jpg HTTP/1.1" 200 6785 "http://www.kokosz.hu/index.php?option=com_content&task=category§ionid=8&id=22&Itemid=68" "Mozilla/5.0 (Windows NT 10.0; Win64; x64) AppleWebKit/537.36 (KHTML, like Gecko) Chrome/86.0.4240.75 Safari/537.36"
176.63.21.210 - - [04/Sep/2021:16:19:55 +0200] "GET /templates/radiocampus/images/bild_rechts_gross.jpg HTTP/1.1" 200 16998 "http://www.kokosz.hu/index.php?option=com_content&task=category§ionid=8&id=22&Itemid=68" "Mozilla/5.0 (Windows NT 10.0; Win64; x64) AppleWebKit/537.36 (KHTML, like Gecko) Chrome/86.0.4240.75 Safari/537.36"
176.63.21.210 - - [04/Sep/2021:16:19:55 +0200] "GET /images/stories/dokumentumok/2013/minositett_erdei_iskolak_k.jpg HTTP/1.1" 200 20531 "http://www.kokosz.hu/index.php?option=com_content&task=category§ionid=8&id=22&Itemid=68" "Mozilla/5.0 (Windows NT 10.0; Win64; x64) AppleWebKit/537.36 (KHTML, like Gecko) Chrome/86.0.4240.75 Safari/537.36"
176.63.21.210 - - [04/Sep/2021:16:19:55 +0200] "GET /images/stories/dokumentumok/2013/regisztralt_erdei_iskolak_k.jpg HTTP/1.1" 200 44788 "http://www.kokosz.hu/index.php?option=com_content&task=category§ionid=8&id=22&Itemid=68" "Mozilla/5.0 (Windows NT 10.0; Win64; x64) AppleWebKit/537.36 (KHTML, like Gecko) Chrome/86.0.4240.75 Safari/537.36"
176.63.21.210 - - [04/Sep/2021:16:19:56 +0200] "GET /templates/radiocampus/images/background_top.jpg HTTP/1.1" 200 1400 "http://www.kokosz.hu/index.php?option=com_content&task=category§ionid=8&id=22&Itemid=68" "Mozilla/5.0 (Windows NT 10.0; Win64; x64) AppleWebKit/537.36 (KHTML, like Gecko) Chrome/86.0.4240.75 Safari/537.36"
176.63.21.210 - - [04/Sep/2021:16:19:56 +0200] "GET /images/stories/logok/emmi_logo.jpg HTTP/1.1" 200 3819 "http://www.kokosz.hu/index.php?option=com_content&task=category§ionid=8&id=22&Itemid=68" "Mozilla/5.0 (Windows NT 10.0; Win64; x64) AppleWebKit/537.36 (KHTML, like Gecko) Chrome/86.0.4240.75 Safari/537.36"
176.63.21.210 - - [04/Sep/2021:16:19:56 +0200] "GET /images/stories/hirkepek/kopjafa.jpg HTTP/1.1" 200 5537 "http://www.kokosz.hu/index.php?option=com_content&task=category§ionid=8&id=22&Itemid=68" "Mozilla/5.0 (Windows NT 10.0; Win64; x64) AppleWebKit/537.36 (KHTML, like Gecko) Chrome/86.0.4240.75 Safari/537.36"
176.63.21.210 - - [04/Sep/2021:16:19:56 +0200] "GET /images/stories/logok/2015/eet.jpg HTTP/1.1" 200 3753 "http://www.kokosz.hu/index.php?option=com_content&task=category§ionid=8&id=22&Itemid=68" "Mozilla/5.0 (Windows NT 10.0; Win64; x64) AppleWebKit/537.36 (KHTML, like Gecko) Chrome/86.0.4240.75 Safari/537.36"
176.63.21.210 - - [04/Sep/2021:16:19:56 +0200] "GET /images/stories/logok/2015/ntp.jpg HTTP/1.1" 200 4004 "http://www.kokosz.hu/index.php?option=com_content&task=category§ionid=8&id=22&Itemid=68" "Mozilla/5.0 (Windows NT 10.0; Win64; x64) AppleWebKit/537.36 (KHTML, like Gecko) Chrome/86.0.4240.75 Safari/537.36"
176.63.21.210 - - [04/Sep/2021:16:19:56 +0200] "GET /images/stories/logok/2015/emet.jpg HTTP/1.1" 200 5961 "http://www.kokosz.hu/index.php?option=com_content&task=category§ionid=8&id=22&Itemid=68" "Mozilla/5.0 (Windows NT 10.0; Win64; x64) AppleWebKit/537.36 (KHTML, like Gecko) Chrome/86.0.4240.75 Safari/537.36"
176.63.21.210 - - [04/Sep/2021:16:19:56 +0200] "GET /images/stories/logok/2015/ofi.jpg HTTP/1.1" 200 5571 "http://www.kokosz.hu/index.php?option=com_content&task=category§ionid=8&id=22&Itemid=68" "Mozilla/5.0 (Windows NT 10.0; Win64; x64) AppleWebKit/537.36 (KHTML, like Gecko) Chrome/86.0.4240.75 Safari/537.36"
176.63.21.210 - - [04/Sep/2021:16:19:56 +0200] "GET /modules/mod_vvisit_counter/images/blue/0.gif HTTP/1.1" 200 697 "http://www.kokosz.hu/index.php?option=com_content&task=category§ionid=8&id=22&Itemid=68" "Mozilla/5.0 (Windows NT 10.0; Win64; x64) AppleWebKit/537.36 (KHTML, like Gecko) Chrome/86.0.4240.75 Safari/537.36"
176.63.21.210 - - [04/Sep/2021:16:19:56 +0200] "GET /modules/mod_vvisit_counter/images/blue/1.gif HTTP/1.1" 200 400 "http://www.kokosz.hu/index.php?option=com_content&task=category§ionid=8&id=22&Itemid=68" "Mozilla/5.0 (Windows NT 10.0; Win64; x64) AppleWebKit/537.36 (KHTML, like Gecko) Chrome/86.0.4240.75 Safari/537.36"
176.63.21.210 - - [04/Sep/2021:16:19:56 +0200] "GET /modules/mod_vvisit_counter/images/blue/7.gif HTTP/1.1" 200 438 "http://www.kokosz.hu/index.php?option=com_content&task=category§ionid=8&id=22&Itemid=68" "Mozilla/5.0 (Windows NT 10.0; Win64; x64) AppleWebKit/537.36 (KHTML, like Gecko) Chrome/86.0.4240.75 Safari/537.36"
176.63.21.210 - - [04/Sep/2021:16:19:56 +0200] "GET /modules/mod_vvisit_counter/images/blue/2.gif HTTP/1.1" 200 687 "http://www.kokosz.hu/index.php?option=com_content&task=category§ionid=8&id=22&Itemid=68" "Mozilla/5.0 (Windows NT 10.0; Win64; x64) AppleWebKit/537.36 (KHTML, like Gecko) Chrome/86.0.4240.75 Safari/537.36"
176.63.21.210 - - [04/Sep/2021:16:19:56 +0200] "GET /modules/mod_vvisit_counter/images/blue/8.gif HTTP/1.1" 200 697 "http://www.kokosz.hu/index.php?option=com_content&task=category§ionid=8&id=22&Itemid=68" "Mozilla/5.0 (Windows NT 10.0; Win64; x64) AppleWebKit/537.36 (KHTML, like Gecko) Chrome/86.0.4240.75 Safari/537.36"
176.63.21.210 - - [04/Sep/2021:16:19:56 +0200] "GET /modules/mod_vvisit_counter/images/vtoday.gif HTTP/1.1" 200 909 "http://www.kokosz.hu/index.php?option=com_content&task=category§ionid=8&id=22&Itemid=68" "Mozilla/5.0 (Windows NT 10.0; Win64; x64) AppleWebKit/537.36 (KHTML, like Gecko) Chrome/86.0.4240.75 Safari/537.36"
176.63.21.210 - - [04/Sep/2021:16:19:56 +0200] "GET /modules/mod_vvisit_counter/images/vyesterday.gif HTTP/1.1" 200 909 "http://www.kokosz.hu/index.php?option=com_content&task=category§ionid=8&id=22&Itemid=68" "Mozilla/5.0 (Windows NT 10.0; Win64; x64) AppleWebKit/537.36 (KHTML, like Gecko) Chrome/86.0.4240.75 Safari/537.36"
176.63.21.210 - - [04/Sep/2021:16:19:56 +0200] "GET /modules/mod_vvisit_counter/images/vweek.gif HTTP/1.1" 200 909 "http://www.kokosz.hu/index.php?option=com_content&task=category§ionid=8&id=22&Itemid=68" "Mozilla/5.0 (Windows NT 10.0; Win64; x64) AppleWebKit/537.36 (KHTML, like Gecko) Chrome/86.0.4240.75 Safari/537.36"
176.63.21.210 - - [04/Sep/2021:16:19:56 +0200] "GET /modules/mod_vvisit_counter/images/vmonth.gif HTTP/1.1" 200 909 "http://www.kokosz.hu/index.php?option=com_content&task=category§ionid=8&id=22&Itemid=68" "Mozilla/5.0 (Windows NT 10.0; Win64; x64) AppleWebKit/537.36 (KHTML, like Gecko) Chrome/86.0.4240.75 Safari/537.36"
176.63.21.210 - - [04/Sep/2021:16:19:56 +0200] "GET /modules/mod_vvisit_counter/images/vall.gif HTTP/1.1" 200 996 "http://www.kokosz.hu/index.php?option=com_content&task=category§ionid=8&id=22&Itemid=68" "Mozilla/5.0 (Windows NT 10.0; Win64; x64) AppleWebKit/537.36 (KHTML, like Gecko) Chrome/86.0.4240.75 Safari/537.36"
176.63.21.210 - - [04/Sep/2021:16:20:52 +0200] "GET /index.php HTTP/1.1" 200 34030 "http://www.kokosz.hu/index.php?option=com_content&task=category§ionid=8&id=22&Itemid=68" "Mozilla/5.0 (Windows NT 10.0; Win64; x64) AppleWebKit/537.36 (KHTML, like Gecko) Chrome/86.0.4240.75 Safari/537.36"
185.191.171.24 - - [04/Sep/2021:16:21:21 +0200] "GET /index2.php?id=931&itemid=75&option=com_content&task=emailform HTTP/1.1" 200 2509 "-" "Mozilla/5.0 (compatible; SemrushBot/7~bl; +http://www.semrush.com/bot.html)"
159.69.145.50 - - [04/Sep/2021:16:21:22 +0200] "HEAD / HTTP/1.1" 200 0 "-" "Alert_Alligator_webmonitoring_service_1.6.3_(alertalligator.com)"
176.63.21.210 - - [04/Sep/2021:16:22:21 +0200] "GET /index.php?option=com_content&task=category§ionid=7&id=21&Itemid=67 HTTP/1.1" 200 34876 "https://www.google.com/" "Mozilla/5.0 (Windows NT 10.0; Win64; x64) AppleWebKit/537.36 (KHTML, like Gecko) Chrome/86.0.4240.75 Safari/537.36"
176.63.21.210 - - [04/Sep/2021:16:23:35 +0200] "GET /index.php?Itemid=68&id=22&option=com_content§ionid=8&task=category HTTP/1.1" 200 40909 "https://www.google.com/" "Mozilla/5.0 (Windows NT 10.0; Win64; x64) AppleWebKit/537.36 (KHTML, like Gecko) Chrome/86.0.4240.75 Safari/537.36"
54.36.148.151 - - [04/Sep/2021:16:25:02 +0200] "GET /index.php?option=com_content&task=view&id=215&Itemid=65 HTTP/1.1" 200 36018 "-" "Mozilla/5.0 (compatible; AhrefsBot/7.0; +http://ahrefs.com/robot/)"
185.191.171.37 - - [04/Sep/2021:16:25:51 +0200] "GET /robots.txt HTTP/1.1" 200 286 "-" "Mozilla/5.0 (compatible; SemrushBot/7~bl; +http://www.semrush.com/bot.html)"
185.191.171.25 - - [04/Sep/2021:16:25:52 +0200] "GET /index2.php?Itemid=78&id=812&option=com_content&page=0&pop=1&task=view HTTP/1.1" 200 13587 "-" "Mozilla/5.0 (compatible; SemrushBot/7~bl; +http://www.semrush.com/bot.html)"
176.63.21.210 - - [04/Sep/2021:16:25:54 +0200] "GET /index.php?option=com_content&task=category§ionid=8&id=22&Itemid=68 HTTP/1.1" 200 40909 "https://www.google.com/" "Mozilla/5.0 (Windows NT 10.0; Win64; x64) AppleWebKit/537.36 (KHTML, like Gecko) Chrome/86.0.4240.75 Safari/537.36"
176.63.21.210 - - [04/Sep/2021:16:25:55 +0200] "GET /modules/mod_vvisit_counter/images/blue/3.gif HTTP/1.1" 200 692 "http://www.kokosz.hu/index.php?option=com_content&task=category§ionid=8&id=22&Itemid=68" "Mozilla/5.0 (Windows NT 10.0; Win64; x64) AppleWebKit/537.36 (KHTML, like Gecko) Chrome/86.0.4240.75 Safari/537.36"
66.249.66.35 - - [04/Sep/2021:16:26:34 +0200] "GET /index.php?option=com_content&task=view&id=66&Itemid=65 HTTP/1.1" 200 29630 "-" "Mozilla/5.0 (Linux; Android 6.0.1; Nexus 5X Build/MMB29P) AppleWebKit/537.36 (KHTML, like Gecko) Chrome/92.0.4515.119 Mobile Safari/537.36 (compatible; Googlebot/2.1; +http://www.google.com/bot.html)"
66.249.66.41 - - [04/Sep/2021:16:27:32 +0200] "GET /index.php?option=com_search&Itemid=99999999&searchword=sn%C3%A9&searchphrase=any&ordering=newest&limit=5&limitstart=35 HTTP/1.1" 200 35214 "-" "Mozilla/5.0 (Linux; Android 6.0.1; Nexus 5X Build/MMB29P) AppleWebKit/537.36 (KHTML, like Gecko) Chrome/92.0.4515.119 Mobile Safari/537.36 (compatible; Googlebot/2.1; +http://www.google.com/bot.html)"
185.191.171.43 - - [04/Sep/2021:16:28:06 +0200] "GET /index.php?Itemid=69&id=639&option=com_content&task=view HTTP/1.1" 200 30737 "-" "Mozilla/5.0 (compatible; SemrushBot/7~bl; +http://www.semrush.com/bot.html)"
185.191.171.38 - - [04/Sep/2021:16:33:03 +0200] "GET /index.php?id=1124&option=com_content&task=view HTTP/1.1" 200 31818 "-" "Mozilla/5.0 (compatible; SemrushBot/7~bl; +http://www.semrush.com/bot.html)"
185.191.171.16 - - [04/Sep/2021:16:33:22 +0200] "GET /index.php?Itemid=78&id=1110&option=com_content&task=view HTTP/1.1" 200 34984 "-" "Mozilla/5.0 (compatible; SemrushBot/7~bl; +http://www.semrush.com/bot.html)"
185.191.171.3 - - [04/Sep/2021:16:34:55 +0200] "GET /index2.php?id=129&itemid=88&option=com_content&task=emailform HTTP/1.1" 200 2489 "-" "Mozilla/5.0 (compatible; SemrushBot/7~bl; +http://www.semrush.com/bot.html)"
185.191.171.18 - - [04/Sep/2021:16:35:26 +0200] "GET /index2.php?Itemid=75&id=784&option=com_content&page=0&pop=1&task=view HTTP/1.1" 200 9583 "-" "Mozilla/5.0 (compatible; SemrushBot/7~bl; +http://www.semrush.com/bot.html)"
176.63.8.26 - - [04/Sep/2021:16:36:08 +0200] "GET / HTTP/1.1" 200 34030 "android-app://com.google.android.googlequicksearchbox/" "Mozilla/5.0 (Linux; Android 9; Redmi S2) AppleWebKit/537.36 (KHTML, like Gecko) Chrome/93.0.4577.62 Mobile Safari/537.36"
176.63.8.26 - - [04/Sep/2021:16:36:09 +0200] "GET /templates/radiocampus/css/template_css.css HTTP/1.1" 200 10686 "http://kokosz.hu/" "Mozilla/5.0 (Linux; Android 9; Redmi S2) AppleWebKit/537.36 (KHTML, like Gecko) Chrome/93.0.4577.62 Mobile Safari/537.36"
176.63.8.26 - - [04/Sep/2021:16:36:09 +0200] "GET /templates/radiocampus/images/spacer.gif HTTP/1.1" 200 43 "http://kokosz.hu/" "Mozilla/5.0 (Linux; Android 9; Redmi S2) AppleWebKit/537.36 (KHTML, like Gecko) Chrome/93.0.4577.62 Mobile Safari/537.36"
176.63.8.26 - - [04/Sep/2021:16:36:10 +0200] "GET /templates/radiocampus/images/background_top.jpg HTTP/1.1" 200 1400 "http://kokosz.hu/" "Mozilla/5.0 (Linux; Android 9; Redmi S2) AppleWebKit/537.36 (KHTML, like Gecko) Chrome/93.0.4577.62 Mobile Safari/537.36"
176.63.8.26 - - [04/Sep/2021:16:36:10 +0200] "GET /images/stories/logok/erdei_iskola_program.jpg HTTP/1.1" 200 7679 "http://kokosz.hu/" "Mozilla/5.0 (Linux; Android 9; Redmi S2) AppleWebKit/537.36 (KHTML, like Gecko) Chrome/93.0.4577.62 Mobile Safari/537.36"
176.63.8.26 - - [04/Sep/2021:16:36:10 +0200] "GET /templates/radiocampus/images/bild_rechts_gross.jpg HTTP/1.1" 200 16998 "http://kokosz.hu/" "Mozilla/5.0 (Linux; Android 9; Redmi S2) AppleWebKit/537.36 (KHTML, like Gecko) Chrome/93.0.4577.62 Mobile Safari/537.36"
176.63.8.26 - - [04/Sep/2021:16:36:10 +0200] "GET /images/stories/statikus_kepek/szogi_lajos_kepzo.jpg HTTP/1.1" 200 27286 "http://kokosz.hu/" "Mozilla/5.0 (Linux; Android 9; Redmi S2) AppleWebKit/537.36 (KHTML, like Gecko) Chrome/93.0.4577.62 Mobile Safari/537.36"
176.63.8.26 - - [04/Sep/2021:16:36:10 +0200] "GET /images/stories/logok/bagoly.gif HTTP/1.1" 200 4919 "http://kokosz.hu/" "Mozilla/5.0 (Linux; Android 9; Redmi S2) AppleWebKit/537.36 (KHTML, like Gecko) Chrome/93.0.4577.62 Mobile Safari/537.36"
176.63.8.26 - - [04/Sep/2021:16:36:10 +0200] "GET /images/stories/logok/erdei_ovoda_logo.jpg HTTP/1.1" 200 3597 "http://kokosz.hu/" "Mozilla/5.0 (Linux; Android 9; Redmi S2) AppleWebKit/537.36 (KHTML, like Gecko) Chrome/93.0.4577.62 Mobile Safari/537.36"
176.63.8.26 - - [04/Sep/2021:16:36:10 +0200] "GET /images/stories/logok/erdei_iskola_program_et.jpg HTTP/1.1" 200 8081 "http://kokosz.hu/" "Mozilla/5.0 (Linux; Android 9; Redmi S2) AppleWebKit/537.36 (KHTML, like Gecko) Chrome/93.0.4577.62 Mobile Safari/537.36"
176.63.8.26 - - [04/Sep/2021:16:36:10 +0200] "GET /images/stories/logok/erdei_iskola_logo.jpg HTTP/1.1" 200 6785 "http://kokosz.hu/" "Mozilla/5.0 (Linux; Android 9; Redmi S2) AppleWebKit/537.36 (KHTML, like Gecko) Chrome/93.0.4577.62 Mobile Safari/537.36"
176.63.8.26 - - [04/Sep/2021:16:36:10 +0200] "GET /templates/radiocampus/images/logo_top_pa.jpg HTTP/1.1" 200 114295 "http://kokosz.hu/" "Mozilla/5.0 (Linux; Android 9; Redmi S2) AppleWebKit/537.36 (KHTML, like Gecko) Chrome/93.0.4577.62 Mobile Safari/537.36"
176.63.8.26 - - [04/Sep/2021:16:36:10 +0200] "GET /images/stories/statikus_kepek/fotoalbum.gif HTTP/1.1" 200 2428 "http://kokosz.hu/" "Mozilla/5.0 (Linux; Android 9; Redmi S2) AppleWebKit/537.36 (KHTML, like Gecko) Chrome/93.0.4577.62 Mobile Safari/537.36"
176.63.8.26 - - [04/Sep/2021:16:36:10 +0200] "GET /images/stories/logok/2015/ofi.jpg HTTP/1.1" 200 5571 "http://kokosz.hu/" "Mozilla/5.0 (Linux; Android 9; Redmi S2) AppleWebKit/537.36 (KHTML, like Gecko) Chrome/93.0.4577.62 Mobile Safari/537.36"
176.63.8.26 - - [04/Sep/2021:16:36:10 +0200] "GET /images/stories/logok/2015/emet.jpg HTTP/1.1" 200 5961 "http://kokosz.hu/" "Mozilla/5.0 (Linux; Android 9; Redmi S2) AppleWebKit/537.36 (KHTML, like Gecko) Chrome/93.0.4577.62 Mobile Safari/537.36"
176.63.8.26 - - [04/Sep/2021:16:36:10 +0200] "GET /images/stories/logok/2015/ntp.jpg HTTP/1.1" 200 4004 "http://kokosz.hu/" "Mozilla/5.0 (Linux; Android 9; Redmi S2) AppleWebKit/537.36 (KHTML, like Gecko) Chrome/93.0.4577.62 Mobile Safari/537.36"
