157.90.177.216 - - [01/Sep/2021:23:34:08 +0200] "GET /index2.php?option=com_content&task=view&id=439&pop=1&page=0&Itemid=69 HTTP/1.1" 200 4552 "-" "Mozilla/5.0 (compatible; BLEXBot/1.0; +http://webmeup-crawler.com/)"
157.90.177.216 - - [01/Sep/2021:23:34:10 +0200] "GET /index2.php?option=com_content&task=view&id=80&pop=1&page=0&Itemid=69 HTTP/1.1" 200 4447 "-" "Mozilla/5.0 (compatible; BLEXBot/1.0; +http://webmeup-crawler.com/)"
157.90.177.216 - - [01/Sep/2021:23:34:15 +0200] "GET /index.php?option=com_content&task=view&id=1039&Itemid=75 HTTP/1.1" 200 29064 "-" "Mozilla/5.0 (compatible; BLEXBot/1.0; +http://webmeup-crawler.com/)"
157.90.177.216 - - [01/Sep/2021:23:34:25 +0200] "GET /index.php?option=com_content&task=view&id=1120 HTTP/1.1" 200 28620 "-" "Mozilla/5.0 (compatible; BLEXBot/1.0; +http://webmeup-crawler.com/)"
157.90.177.216 - - [01/Sep/2021:23:34:28 +0200] "GET /index.php?option=com_content&task=view&id=1177&Itemid=75 HTTP/1.1" 200 29191 "-" "Mozilla/5.0 (compatible; BLEXBot/1.0; +http://webmeup-crawler.com/)"
157.90.177.216 - - [01/Sep/2021:23:34:34 +0200] "GET /index.php?option=com_content&task=view&id=1225 HTTP/1.1" 200 28369 "-" "Mozilla/5.0 (compatible; BLEXBot/1.0; +http://webmeup-crawler.com/)"
157.90.177.216 - - [01/Sep/2021:23:34:41 +0200] "GET /index.php?option=com_content&task=view&id=718&Itemid=75 HTTP/1.1" 200 41125 "-" "Mozilla/5.0 (compatible; BLEXBot/1.0; +http://webmeup-crawler.com/)"
157.90.177.216 - - [01/Sep/2021:23:34:46 +0200] "GET /index.php?option=com_content&task=view&id=766&Itemid=75 HTTP/1.1" 200 33303 "-" "Mozilla/5.0 (compatible; BLEXBot/1.0; +http://webmeup-crawler.com/)"
157.90.177.216 - - [01/Sep/2021:23:34:53 +0200] "GET /index.php?option=com_content&task=view&id=818 HTTP/1.1" 200 28251 "-" "Mozilla/5.0 (compatible; BLEXBot/1.0; +http://webmeup-crawler.com/)"
157.90.177.216 - - [01/Sep/2021:23:34:56 +0200] "GET /index.php?option=com_content&task=view&id=825 HTTP/1.1" 200 28460 "-" "Mozilla/5.0 (compatible; BLEXBot/1.0; +http://webmeup-crawler.com/)"
157.90.177.216 - - [01/Sep/2021:23:35:00 +0200] "GET /index.php?option=com_content&task=view&id=871 HTTP/1.1" 200 28218 "-" "Mozilla/5.0 (compatible; BLEXBot/1.0; +http://webmeup-crawler.com/)"
157.90.177.216 - - [01/Sep/2021:23:35:04 +0200] "GET /index.php?option=com_content&task=view&id=889 HTTP/1.1" 200 29286 "-" "Mozilla/5.0 (compatible; BLEXBot/1.0; +http://webmeup-crawler.com/)"
157.90.177.216 - - [01/Sep/2021:23:35:07 +0200] "GET /index2.php?option=com_content&task=emailform&id=1022&itemid=75 HTTP/1.1" 200 2469 "-" "Mozilla/5.0 (compatible; BLEXBot/1.0; +http://webmeup-crawler.com/)"
157.90.177.216 - - [01/Sep/2021:23:35:11 +0200] "GET /index2.php?option=com_content&task=emailform&id=1123&itemid=99999999 HTTP/1.1" 200 2461 "-" "Mozilla/5.0 (compatible; BLEXBot/1.0; +http://webmeup-crawler.com/)"
157.90.177.216 - - [01/Sep/2021:23:35:13 +0200] "GET /index2.php?option=com_content&task=emailform&id=1153&itemid=99999999 HTTP/1.1" 200 2484 "-" "Mozilla/5.0 (compatible; BLEXBot/1.0; +http://webmeup-crawler.com/)"
157.90.177.216 - - [01/Sep/2021:23:35:16 +0200] "GET /index2.php?option=com_content&task=emailform&id=1175&itemid=75 HTTP/1.1" 200 692 "-" "Mozilla/5.0 (compatible; BLEXBot/1.0; +http://webmeup-crawler.com/)"
185.191.171.20 - - [01/Sep/2021:23:35:17 +0200] "GET /index.php?id=733&option=com_content&task=view HTTP/1.1" 200 521121 "-" "Mozilla/5.0 (compatible; SemrushBot/7~bl; +http://www.semrush.com/bot.html)"
157.90.177.216 - - [01/Sep/2021:23:35:22 +0200] "GET /index2.php?option=com_content&task=emailform&id=727&itemid=75 HTTP/1.1" 200 2495 "-" "Mozilla/5.0 (compatible; BLEXBot/1.0; +http://webmeup-crawler.com/)"
157.90.177.216 - - [01/Sep/2021:23:35:24 +0200] "GET /index2.php?option=com_content&task=emailform&id=760&itemid=75 HTTP/1.1" 200 2456 "-" "Mozilla/5.0 (compatible; BLEXBot/1.0; +http://webmeup-crawler.com/)"
157.90.177.216 - - [01/Sep/2021:23:35:29 +0200] "GET /index2.php?option=com_content&task=emailform&id=790&itemid=99999999 HTTP/1.1" 200 2451 "-" "Mozilla/5.0 (compatible; BLEXBot/1.0; +http://webmeup-crawler.com/)"
157.90.177.216 - - [01/Sep/2021:23:35:32 +0200] "GET /index2.php?option=com_content&task=emailform&id=827&itemid=99999999 HTTP/1.1" 200 2468 "-" "Mozilla/5.0 (compatible; BLEXBot/1.0; +http://webmeup-crawler.com/)"
157.90.177.216 - - [01/Sep/2021:23:35:35 +0200] "GET /index2.php?option=com_content&task=emailform&id=851&itemid=99999999 HTTP/1.1" 200 2508 "-" "Mozilla/5.0 (compatible; BLEXBot/1.0; +http://webmeup-crawler.com/)"
157.90.177.216 - - [01/Sep/2021:23:35:38 +0200] "GET /index2.php?option=com_content&task=emailform&id=854&itemid=99999999 HTTP/1.1" 200 2504 "-" "Mozilla/5.0 (compatible; BLEXBot/1.0; +http://webmeup-crawler.com/)"
157.90.177.216 - - [01/Sep/2021:23:35:43 +0200] "GET /index2.php?option=com_content&task=view&id=1022&pop=1&page=0&Itemid=75 HTTP/1.1" 200 2876 "-" "Mozilla/5.0 (compatible; BLEXBot/1.0; +http://webmeup-crawler.com/)"
157.90.177.216 - - [01/Sep/2021:23:35:48 +0200] "GET /index2.php?option=com_content&task=view&id=1123&pop=1&page=0 HTTP/1.1" 200 2993 "-" "Mozilla/5.0 (compatible; BLEXBot/1.0; +http://webmeup-crawler.com/)"
157.90.177.216 - - [01/Sep/2021:23:35:51 +0200] "GET /index2.php?option=com_content&task=view&id=1153&pop=1&page=0 HTTP/1.1" 200 2645 "-" "Mozilla/5.0 (compatible; BLEXBot/1.0; +http://webmeup-crawler.com/)"
157.90.177.216 - - [01/Sep/2021:23:35:55 +0200] "GET /index2.php?option=com_content&task=view&id=1175&pop=1&page=0&Itemid=75 HTTP/1.1" 200 2533 "-" "Mozilla/5.0 (compatible; BLEXBot/1.0; +http://webmeup-crawler.com/)"
157.90.177.216 - - [01/Sep/2021:23:36:00 +0200] "GET /index2.php?option=com_content&task=view&id=727&pop=1&page=0&Itemid=75 HTTP/1.1" 200 8535 "-" "Mozilla/5.0 (compatible; BLEXBot/1.0; +http://webmeup-crawler.com/)"
157.90.177.216 - - [01/Sep/2021:23:36:04 +0200] "GET /index2.php?option=com_content&task=view&id=760&pop=1&page=0&Itemid=75 HTTP/1.1" 200 2498 "-" "Mozilla/5.0 (compatible; BLEXBot/1.0; +http://webmeup-crawler.com/)"
157.90.177.216 - - [01/Sep/2021:23:36:06 +0200] "GET /index2.php?option=com_content&task=view&id=790&pop=1&page=0 HTTP/1.1" 200 2327 "-" "Mozilla/5.0 (compatible; BLEXBot/1.0; +http://webmeup-crawler.com/)"
157.90.177.216 - - [01/Sep/2021:23:36:08 +0200] "GET /index2.php?option=com_content&task=view&id=827&pop=1&page=0 HTTP/1.1" 200 6135 "-" "Mozilla/5.0 (compatible; BLEXBot/1.0; +http://webmeup-crawler.com/)"
157.90.177.216 - - [01/Sep/2021:23:36:11 +0200] "GET /index2.php?option=com_content&task=view&id=851&pop=1&page=0 HTTP/1.1" 200 8760 "-" "Mozilla/5.0 (compatible; BLEXBot/1.0; +http://webmeup-crawler.com/)"
157.90.177.216 - - [01/Sep/2021:23:36:16 +0200] "GET /index2.php?option=com_content&task=view&id=854&pop=1&page=0 HTTP/1.1" 200 2707 "-" "Mozilla/5.0 (compatible; BLEXBot/1.0; +http://webmeup-crawler.com/)"
185.191.171.12 - - [01/Sep/2021:23:36:23 +0200] "GET /index2.php?id=1118&itemid=89&option=com_content&task=emailform HTTP/1.1" 200 692 "-" "Mozilla/5.0 (compatible; SemrushBot/7~bl; +http://www.semrush.com/bot.html)"
185.191.171.24 - - [01/Sep/2021:23:37:02 +0200] "GET /robots.txt HTTP/1.1" 200 286 "-" "Mozilla/5.0 (compatible; SemrushBot/7~bl; +http://www.semrush.com/bot.html)"
185.191.171.26 - - [01/Sep/2021:23:37:03 +0200] "GET /index2.php?Itemid=69&id=339&option=com_content&page=0&pop=1&task=view HTTP/1.1" 200 4413 "-" "Mozilla/5.0 (compatible; SemrushBot/7~bl; +http://www.semrush.com/bot.html)"
185.191.171.10 - - [01/Sep/2021:23:37:31 +0200] "GET /index2.php?Itemid=88&id=89&option=com_content&page=0&pop=1&task=view HTTP/1.1" 200 3542 "-" "Mozilla/5.0 (compatible; SemrushBot/7~bl; +http://www.semrush.com/bot.html)"
35.239.58.193 - - [01/Sep/2021:23:41:01 +0200] "GET /robots.txt HTTP/1.1" 200 286 "-" "ltx71 - (http://ltx71.com/)"
54.36.148.126 - - [01/Sep/2021:23:42:24 +0200] "GET / HTTP/1.1" 200 33998 "-" "Mozilla/5.0 (compatible; AhrefsBot/7.0; +http://ahrefs.com/robot/)"
66.249.66.41 - - [01/Sep/2021:23:43:29 +0200] "GET /index2.php?option=com_content&task=emailform&id=421&itemid=69 HTTP/1.1" 200 2482 "-" "Mozilla/5.0 (Linux; Android 6.0.1; Nexus 5X Build/MMB29P) AppleWebKit/537.36 (KHTML, like Gecko) Chrome/92.0.4515.119 Mobile Safari/537.36 (compatible; Googlebot/2.1; +http://www.google.com/bot.html)"
66.249.66.35 - - [01/Sep/2021:23:48:27 +0200] "GET /index.php?option=com_content&task=view&id=635 HTTP/1.1" 200 29635 "-" "Mozilla/5.0 (Linux; Android 6.0.1; Nexus 5X Build/MMB29P) AppleWebKit/537.36 (KHTML, like Gecko) Chrome/92.0.4515.119 Mobile Safari/537.36 (compatible; Googlebot/2.1; +http://www.google.com/bot.html)"
185.191.171.11 - - [01/Sep/2021:23:49:01 +0200] "GET /index2.php?Itemid=3&contact_id=1&option=com_contact&pop=1&task=view HTTP/1.1" 200 5456 "-" "Mozilla/5.0 (compatible; SemrushBot/7~bl; +http://www.semrush.com/bot.html)"
185.191.171.25 - - [01/Sep/2021:23:50:07 +0200] "GET /index.php?Itemid=1&id=1130&option=com_content&task=view HTTP/1.1" 200 32005 "-" "Mozilla/5.0 (compatible; SemrushBot/7~bl; +http://www.semrush.com/bot.html)"
54.36.148.9 - - [01/Sep/2021:23:51:46 +0200] "GET /index.php?option=com_content&task=view&id=1038 HTTP/1.1" 200 28385 "-" "Mozilla/5.0 (compatible; AhrefsBot/7.0; +http://ahrefs.com/robot/)"
66.249.66.35 - - [01/Sep/2021:23:57:51 +0200] "GET /index.php?option=com_content&task=view&id=127&Itemid=88 HTTP/1.1" 200 31461 "-" "Mozilla/5.0 (compatible; Googlebot/2.1; +http://www.google.com/bot.html)"
185.191.171.36 - - [02/Sep/2021:00:00:06 +0200] "GET /index.php?Itemid=75&id=895&option=com_content&task=view HTTP/1.1" 200 29477 "-" "Mozilla/5.0 (compatible; SemrushBot/7~bl; +http://www.semrush.com/bot.html)"
185.191.171.11 - - [02/Sep/2021:00:00:37 +0200] "GET /index2.php?id=944&itemid=1&option=com_content&task=emailform HTTP/1.1" 200 2473 "-" "Mozilla/5.0 (compatible; SemrushBot/7~bl; +http://www.semrush.com/bot.html)"
54.36.149.20 - - [02/Sep/2021:00:01:29 +0200] "GET /index2.php?option=com_content&task=view&id=903&pop=1&page=0 HTTP/1.1" 200 2606 "-" "Mozilla/5.0 (compatible; AhrefsBot/7.0; +http://ahrefs.com/robot/)"
185.191.171.33 - - [02/Sep/2021:00:01:32 +0200] "GET /index2.php?id=100&itemid=66&option=com_content&task=emailform HTTP/1.1" 200 2490 "-" "Mozilla/5.0 (compatible; SemrushBot/7~bl; +http://www.semrush.com/bot.html)"
66.249.66.35 - - [02/Sep/2021:00:03:26 +0200] "GET /index2.php?option=com_content&task=view&id=367&pop=1&page=0 HTTP/1.1" 200 4460 "-" "Mozilla/5.0 (compatible; Googlebot/2.1; +http://www.google.com/bot.html)"
185.191.171.6 - - [02/Sep/2021:00:04:10 +0200] "GET /index2.php?id=962&itemid=78&option=com_content&task=emailform HTTP/1.1" 200 2515 "-" "Mozilla/5.0 (compatible; SemrushBot/7~bl; +http://www.semrush.com/bot.html)"
159.69.145.50 - - [02/Sep/2021:00:09:15 +0200] "HEAD / HTTP/1.1" 200 0 "-" "Alert_Alligator_webmonitoring_service_1.6.3_(alertalligator.com)"
54.36.149.35 - - [02/Sep/2021:00:11:19 +0200] "GET /index2.php?option=com_content&task=emailform&id=813&itemid=99999999 HTTP/1.1" 200 2460 "-" "Mozilla/5.0 (compatible; AhrefsBot/7.0; +http://ahrefs.com/robot/)"
185.191.171.43 - - [02/Sep/2021:00:12:00 +0200] "GET /index2.php?id=802&itemid=75&option=com_content&task=emailform HTTP/1.1" 200 2445 "-" "Mozilla/5.0 (compatible; SemrushBot/7~bl; +http://www.semrush.com/bot.html)"
185.191.171.35 - - [02/Sep/2021:00:12:06 +0200] "GET /index2.php?id=398&itemid=99999999&option=com_content&task=emailform HTTP/1.1" 200 2484 "-" "Mozilla/5.0 (compatible; SemrushBot/7~bl; +http://www.semrush.com/bot.html)"
66.249.66.38 - - [02/Sep/2021:00:13:31 +0200] "GET /index.php?option=com_content&task=view&id=380 HTTP/1.1" 200 30582 "-" "Mozilla/5.0 (Linux; Android 6.0.1; Nexus 5X Build/MMB29P) AppleWebKit/537.36 (KHTML, like Gecko) Chrome/92.0.4515.119 Mobile Safari/537.36 (compatible; Googlebot/2.1; +http://www.google.com/bot.html)"
185.191.171.38 - - [02/Sep/2021:00:14:00 +0200] "GET /index.php?Itemid=66&id=140&option=com_content&task=view HTTP/1.1" 200 42700 "-" "Mozilla/5.0 (compatible; SemrushBot/7~bl; +http://www.semrush.com/bot.html)"
185.191.171.38 - - [02/Sep/2021:00:14:06 +0200] "GET /index2.php?id=591&option=com_content&page=0&pop=1&task=view HTTP/1.1" 200 4537 "-" "Mozilla/5.0 (compatible; SemrushBot/7~bl; +http://www.semrush.com/bot.html)"
66.249.66.41 - - [02/Sep/2021:00:18:26 +0200] "GET /index2.php?option=com_content&task=view&id=210&pop=1&page=0&Itemid=65 HTTP/1.1" 200 2684 "-" "Mozilla/5.0 (compatible; Googlebot/2.1; +http://www.google.com/bot.html)"
185.191.171.22 - - [02/Sep/2021:00:19:43 +0200] "GET /index2.php?id=519&itemid=69&option=com_content&task=emailform HTTP/1.1" 200 2529 "-" "Mozilla/5.0 (compatible; SemrushBot/7~bl; +http://www.semrush.com/bot.html)"
54.36.149.76 - - [02/Sep/2021:00:21:20 +0200] "GET /index2.php?option=com_content&task=view&id=1202&pop=1&page=0&Itemid=75 HTTP/1.1" 200 12231 "-" "Mozilla/5.0 (compatible; AhrefsBot/7.0; +http://ahrefs.com/robot/)"
35.239.58.193 - - [02/Sep/2021:00:25:25 +0200] "GET /robots.txt HTTP/1.1" 200 286 "-" "ltx71 - (http://ltx71.com/)"
185.191.171.2 - - [02/Sep/2021:00:25:32 +0200] "GET /index.php?id=566&option=com_content&task=view HTTP/1.1" 200 30589 "-" "Mozilla/5.0 (compatible; SemrushBot/7~bl; +http://www.semrush.com/bot.html)"
66.249.66.38 - - [02/Sep/2021:00:28:27 +0200] "GET /index.php?option=com_content&task=view&id=293&Itemid=68 HTTP/1.1" 200 30473 "-" "Mozilla/5.0 (Linux; Android 6.0.1; Nexus 5X Build/MMB29P) AppleWebKit/537.36 (KHTML, like Gecko) Chrome/92.0.4515.119 Mobile Safari/537.36 (compatible; Googlebot/2.1; +http://www.google.com/bot.html)"
54.36.148.9 - - [02/Sep/2021:00:30:46 +0200] "GET /index2.php?option=com_content&task=view&id=1123&pop=1&page=0&Itemid=75 HTTP/1.1" 200 2993 "-" "Mozilla/5.0 (compatible; AhrefsBot/7.0; +http://ahrefs.com/robot/)"
185.191.171.21 - - [02/Sep/2021:00:37:38 +0200] "GET /robots.txt HTTP/1.1" 200 286 "-" "Mozilla/5.0 (compatible; SemrushBot/7~bl; +http://www.semrush.com/bot.html)"
185.191.171.23 - - [02/Sep/2021:00:37:40 +0200] "GET /index.php?Itemid=69&id=354&option=com_content&task=view HTTP/1.1" 200 30655 "-" "Mozilla/5.0 (compatible; SemrushBot/7~bl; +http://www.semrush.com/bot.html)"
66.249.66.35 - - [02/Sep/2021:00:38:26 +0200] "GET /index2.php?option=com_content&task=emailform&id=210&itemid=65 HTTP/1.1" 200 2465 "-" "Mozilla/5.0 (compatible; Googlebot/2.1; +http://www.google.com/bot.html)"
185.191.171.6 - - [02/Sep/2021:00:38:29 +0200] "GET /index.php?id=173&option=com_content&task=view HTTP/1.1" 200 29560 "-" "Mozilla/5.0 (compatible; SemrushBot/7~bl; +http://www.semrush.com/bot.html)"
185.191.171.34 - - [02/Sep/2021:00:39:34 +0200] "GET /index.php?Itemid=1&id=970&option=com_content&task=view HTTP/1.1" 200 29652 "-" "Mozilla/5.0 (compatible; SemrushBot/7~bl; +http://www.semrush.com/bot.html)"
185.191.171.39 - - [02/Sep/2021:00:41:28 +0200] "GET /index.php?Itemid=75&id=1177&option=com_content&task=view HTTP/1.1" 200 29189 "-" "Mozilla/5.0 (compatible; SemrushBot/7~bl; +http://www.semrush.com/bot.html)"
185.191.171.39 - - [02/Sep/2021:00:42:43 +0200] "GET /index2.php?id=1121&itemid=78&option=com_content&task=emailform HTTP/1.1" 200 2483 "-" "Mozilla/5.0 (compatible; SemrushBot/7~bl; +http://www.semrush.com/bot.html)"
185.191.171.3 - - [02/Sep/2021:00:45:32 +0200] "GET /index2.php?id=584&itemid=99999999&option=com_content&task=emailform HTTP/1.1" 200 2517 "-" "Mozilla/5.0 (compatible; SemrushBot/7~bl; +http://www.semrush.com/bot.html)"
66.249.66.35 - - [02/Sep/2021:00:48:27 +0200] "GET /index.php?option=com_content&task=view&id=293&Itemid=68 HTTP/1.1" 200 30474 "-" "Mozilla/5.0 (compatible; Googlebot/2.1; +http://www.google.com/bot.html)"
185.191.171.39 - - [02/Sep/2021:00:49:37 +0200] "GET /index.php?Itemid=78&id=909&option=com_content&task=view HTTP/1.1" 200 28763 "-" "Mozilla/5.0 (compatible; SemrushBot/7~bl; +http://www.semrush.com/bot.html)"
66.249.66.35 - - [02/Sep/2021:00:51:16 +0200] "GET /index2.php?option=com_content&task=emailform&id=293&itemid=68 HTTP/1.1" 200 2503 "-" "Mozilla/5.0 (compatible; Googlebot/2.1; +http://www.google.com/bot.html)"
185.191.171.38 - - [02/Sep/2021:00:52:31 +0200] "GET /index2.php?id=219&itemid=99999999&option=com_content&task=emailform HTTP/1.1" 200 2476 "-" "Mozilla/5.0 (compatible; SemrushBot/7~bl; +http://www.semrush.com/bot.html)"
192.99.13.133 - - [02/Sep/2021:00:53:22 +0200] "GET /robots.txt HTTP/1.1" 200 286 "-" "Mozilla/5.0 (compatible; MJ12bot/v1.4.8; http://mj12bot.com/)"
192.99.13.133 - - [02/Sep/2021:00:54:08 +0200] "GET /index.php?option=com_content&task=view&id=710&Itemid=89 HTTP/1.1" 200 30876 "-" "Mozilla/5.0 (compatible; MJ12bot/v1.4.8; http://mj12bot.com/)"
185.191.171.40 - - [02/Sep/2021:00:54:21 +0200] "GET /index.php?Itemid=88&id=418&option=com_content&task=view HTTP/1.1" 200 36086 "-" "Mozilla/5.0 (compatible; SemrushBot/7~bl; +http://www.semrush.com/bot.html)"
40.77.167.40 - - [02/Sep/2021:00:54:38 +0200] "GET /index2.php?option=com_content&task=emailform&id=145&itemid=66 HTTP/1.1" 200 2508 "-" "Mozilla/5.0 (compatible; bingbot/2.0; +http://www.bing.com/bingbot.htm)"
192.99.13.133 - - [02/Sep/2021:00:54:39 +0200] "GET /index.php?option=com_content&task=view&id=742&Itemid=89 HTTP/1.1" 200 28540 "-" "Mozilla/5.0 (compatible; MJ12bot/v1.4.8; http://mj12bot.com/)"
192.99.13.133 - - [02/Sep/2021:00:55:29 +0200] "GET /index2.php?option=com_content&task=emailform&id=721&itemid=75 HTTP/1.1" 200 2453 "-" "Mozilla/5.0 (compatible; MJ12bot/v1.4.8; http://mj12bot.com/)"
185.191.171.39 - - [02/Sep/2021:00:56:15 +0200] "GET /index2.php?Itemid=69&id=586&option=com_content&page=0&pop=1&task=view HTTP/1.1" 200 4576 "-" "Mozilla/5.0 (compatible; SemrushBot/7~bl; +http://www.semrush.com/bot.html)"
192.99.13.133 - - [02/Sep/2021:00:56:20 +0200] "GET /index2.php?option=com_content&task=emailform&id=734&itemid=89 HTTP/1.1" 200 2458 "-" "Mozilla/5.0 (compatible; MJ12bot/v1.4.8; http://mj12bot.com/)"
192.99.13.133 - - [02/Sep/2021:00:56:57 +0200] "GET /index2.php?option=com_content&task=emailform&id=740&itemid=89 HTTP/1.1" 200 2456 "-" "Mozilla/5.0 (compatible; MJ12bot/v1.4.8; http://mj12bot.com/)"
192.99.13.133 - - [02/Sep/2021:00:57:35 +0200] "GET /index2.php?option=com_content&task=emailform&id=748&itemid=1 HTTP/1.1" 200 2457 "-" "Mozilla/5.0 (compatible; MJ12bot/v1.4.8; http://mj12bot.com/)"
185.191.171.39 - - [02/Sep/2021:00:57:51 +0200] "GET /index2.php?id=1202&itemid=75&option=com_content&task=emailform HTTP/1.1" 200 692 "-" "Mozilla/5.0 (compatible; SemrushBot/7~bl; +http://www.semrush.com/bot.html)"
185.191.171.1 - - [02/Sep/2021:01:00:09 +0200] "GET /index2.php?id=867&itemid=75&option=com_content&task=emailform HTTP/1.1" 200 2489 "-" "Mozilla/5.0 (compatible; SemrushBot/7~bl; +http://www.semrush.com/bot.html)"
185.191.171.7 - - [02/Sep/2021:01:07:22 +0200] "GET /index2.php?Itemid=69&id=559&option=com_content&page=0&pop=1&task=view HTTP/1.1" 200 4659 "-" "Mozilla/5.0 (compatible; SemrushBot/7~bl; +http://www.semrush.com/bot.html)"
212.237.51.151 - - [02/Sep/2021:01:08:27 +0200] "HEAD / HTTP/1.1" 200 0 "-" "Alert_Alligator_webmonitoring_service_1.6.3_(alertalligator.com)"
66.249.66.35 - - [02/Sep/2021:01:13:31 +0200] "GET /index.php?option=com_content&task=view&id=406 HTTP/1.1" 200 30363 "-" "Mozilla/5.0 (compatible; Googlebot/2.1; +http://www.google.com/bot.html)"
216.244.66.239 - - [02/Sep/2021:01:18:53 +0200] "GET /robots.txt HTTP/1.1" 200 286 "-" "Mozilla/5.0 (compatible; DotBot/1.2; +https://opensiteexplorer.org/dotbot; help@moz.com)"
185.191.171.35 - - [02/Sep/2021:01:19:56 +0200] "GET /index.php?id=833&option=com_content&task=view HTTP/1.1" 200 28284 "-" "Mozilla/5.0 (compatible; SemrushBot/7~bl; +http://www.semrush.com/bot.html)"
216.244.66.239 - - [02/Sep/2021:01:28:02 +0200] "GET /index.php?option=com_ponygallery&Itemid=84&func=viewcategory&catid=29 HTTP/1.1" 200 46819 "-" "Mozilla/5.0 (compatible; DotBot/1.2; +https://opensiteexplorer.org/dotbot; help@moz.com)"
66.249.66.35 - - [02/Sep/2021:01:28:27 +0200] "GET /index.php?option=com_search&Itemid=99999999&searchword=sz%C5%B1rcsap%C3%B3&searchphrase=any&ordering=newest&limit=5&limitstart=0 HTTP/1.1" 200 33485 "-" "Mozilla/5.0 (Linux; Android 6.0.1; Nexus 5X Build/MMB29P) AppleWebKit/537.36 (KHTML, like Gecko) Chrome/92.0.4515.119 Mobile Safari/537.36 (compatible; Googlebot/2.1; +http://www.google.com/bot.html)"
185.191.171.19 - - [02/Sep/2021:01:29:25 +0200] "GET /index2.php?id=656&option=com_content&page=0&pop=1&task=view HTTP/1.1" 200 4459 "-" "Mozilla/5.0 (compatible; SemrushBot/7~bl; +http://www.semrush.com/bot.html)"
185.191.171.3 - - [02/Sep/2021:01:29:57 +0200] "GET /index2.php?Itemid=75&id=931&option=com_content&page=0&pop=1&task=view HTTP/1.1" 200 3206 "-" "Mozilla/5.0 (compatible; SemrushBot/7~bl; +http://www.semrush.com/bot.html)"
185.191.171.8 - - [02/Sep/2021:01:32:56 +0200] "GET /index2.php?id=239&option=com_content&page=0&pop=1&task=view HTTP/1.1" 200 3628 "-" "Mozilla/5.0 (compatible; SemrushBot/7~bl; +http://www.semrush.com/bot.html)"
185.191.171.8 - - [02/Sep/2021:01:33:27 +0200] "GET /index2.php?Itemid=78&id=1038&option=com_content&page=0&pop=1&task=view HTTP/1.1" 200 2443 "-" "Mozilla/5.0 (compatible; SemrushBot/7~bl; +http://www.semrush.com/bot.html)"
185.191.171.37 - - [02/Sep/2021:01:35:18 +0200] "GET /index.php?Itemid=1&id=1218&option=com_content&task=view HTTP/1.1" 200 29390 "-" "Mozilla/5.0 (compatible; SemrushBot/7~bl; +http://www.semrush.com/bot.html)"
185.191.171.36 - - [02/Sep/2021:01:35:43 +0200] "GET /index2.php?id=540&itemid=69&option=com_content&task=emailform HTTP/1.1" 200 2512 "-" "Mozilla/5.0 (compatible; SemrushBot/7~bl; +http://www.semrush.com/bot.html)"
17.121.112.98 - - [02/Sep/2021:01:36:30 +0200] "GET /index.php?task=view&id=1036&option=com_content HTTP/1.1" 200 31025 "-" "Mozilla/5.0 (Macintosh; Intel Mac OS X 10_15_5) AppleWebKit/605.1.15 (KHTML, like Gecko) Version/13.1.1 Safari/605.1.15 (Applebot/0.1; +http://www.apple.com/go/applebot)"
66.249.66.41 - - [02/Sep/2021:01:38:56 +0200] "GET /index.php?option=com_content&task=view&id=136&Itemid=66 HTTP/1.1" 200 36680 "-" "Mozilla/5.0 (Linux; Android 6.0.1; Nexus 5X Build/MMB29P) AppleWebKit/537.36 (KHTML, like Gecko) Chrome/92.0.4515.119 Mobile Safari/537.36 (compatible; Googlebot/2.1; +http://www.google.com/bot.html)"
66.249.66.38 - - [02/Sep/2021:01:38:58 +0200] "GET /index.php?option=com_search&Itemid=99999999&searchword=g%C3%A1nt&searchphrase=any&ordering=newest&limit=20&limitstart=5 HTTP/1.1" 200 37890 "-" "Mozilla/5.0 (Linux; Android 6.0.1; Nexus 5X Build/MMB29P) AppleWebKit/537.36 (KHTML, like Gecko) Chrome/92.0.4515.119 Mobile Safari/537.36 (compatible; Googlebot/2.1; +http://www.google.com/bot.html)"
66.249.66.35 - - [02/Sep/2021:01:41:45 +0200] "GET /index.php?option=com_search&Itemid=99999999&searchword=sz%C5%B1rcsap%C3%B3&searchphrase=any&ordering=newest&limit=5&limitstart=5 HTTP/1.1" 200 33837 "-" "Mozilla/5.0 (Linux; Android 6.0.1; Nexus 5X Build/MMB29P) AppleWebKit/537.36 (KHTML, like Gecko) Chrome/92.0.4515.119 Mobile Safari/537.36 (compatible; Googlebot/2.1; +http://www.google.com/bot.html)"
185.191.171.1 - - [02/Sep/2021:01:44:25 +0200] "GET /robots.txt HTTP/1.1" 200 286 "-" "Mozilla/5.0 (compatible; SemrushBot/7~bl; +http://www.semrush.com/bot.html)"
185.191.171.36 - - [02/Sep/2021:01:44:25 +0200] "GET /index2.php?Itemid=75&id=1179&option=com_content&page=0&pop=1&task=view HTTP/1.1" 200 2562 "-" "Mozilla/5.0 (compatible; SemrushBot/7~bl; +http://www.semrush.com/bot.html)"
185.191.171.41 - - [02/Sep/2021:01:45:04 +0200] "GET /index.php?Itemid=89&id=945&option=com_content&task=view HTTP/1.1" 200 33627 "-" "Mozilla/5.0 (compatible; SemrushBot/7~bl; +http://www.semrush.com/bot.html)"
185.191.171.34 - - [02/Sep/2021:01:46:26 +0200] "GET /index2.php?id=878&itemid=78&option=com_content&task=emailform HTTP/1.1" 200 2475 "-" "Mozilla/5.0 (compatible; SemrushBot/7~bl; +http://www.semrush.com/bot.html)"
66.249.66.35 - - [02/Sep/2021:01:48:27 +0200] "GET /index.php?option=com_content&task=view&id=760 HTTP/1.1" 200 28432 "-" "Mozilla/5.0 (Linux; Android 6.0.1; Nexus 5X Build/MMB29P) AppleWebKit/537.36 (KHTML, like Gecko) Chrome/92.0.4515.119 Mobile Safari/537.36 (compatible; Googlebot/2.1; +http://www.google.com/bot.html)"
189.126.232.60 - - [02/Sep/2021:01:49:01 +0200] "GET /administrator/ HTTP/1.1" 200 2101 "http://kokosz.hu/administrator/" "Mozilla/5.0 (Windows NT 6.1) AppleWebKit/537.36 (KHTML, like Gecko) Chrome/70.0.3538.77 Safari/537.36"
189.126.232.60 - - [02/Sep/2021:01:49:03 +0200] "POST /administrator/ HTTP/1.1" 200 315 "https://kitchenconcept.ru/manager/" "Mozilla/5.0 (Windows NT 6.1) AppleWebKit/537.36 (KHTML, like Gecko) Chrome/70.0.3538.77 Safari/537.36"
185.191.171.33 - - [02/Sep/2021:01:51:20 +0200] "GET /index.php?Itemid=84&catid=43&func=viewcategory&option=com_ponygallery&startpage=2 HTTP/1.1" 200 39931 "-" "Mozilla/5.0 (compatible; SemrushBot/7~bl; +http://www.semrush.com/bot.html)"
185.191.171.11 - - [02/Sep/2021:01:54:08 +0200] "GET /index2.php?id=960&option=com_content&page=0&pop=1&task=view HTTP/1.1" 200 6021 "-" "Mozilla/5.0 (compatible; SemrushBot/7~bl; +http://www.semrush.com/bot.html)"
185.191.171.14 - - [02/Sep/2021:01:56:49 +0200] "GET /index2.php?id=1131&itemid=75&option=com_content&task=emailform HTTP/1.1" 200 2462 "-" "Mozilla/5.0 (compatible; SemrushBot/7~bl; +http://www.semrush.com/bot.html)"
66.249.66.38 - - [02/Sep/2021:01:57:09 +0200] "GET /index.php?option=com_content&task=view&id=129&Itemid=88 HTTP/1.1" 200 30413 "-" "Mozilla/5.0 (compatible; Googlebot/2.1; +http://www.google.com/bot.html)"
66.249.66.35 - - [02/Sep/2021:01:58:27 +0200] "GET /index.php?option=com_search&Itemid=99999999&searchword=sn%C3%A9&searchphrase=any&ordering=newest&limit=20&limitstart=20 HTTP/1.1" 200 45466 "-" "Mozilla/5.0 (Linux; Android 6.0.1; Nexus 5X Build/MMB29P) AppleWebKit/537.36 (KHTML, like Gecko) Chrome/92.0.4515.119 Mobile Safari/537.36 (compatible; Googlebot/2.1; +http://www.google.com/bot.html)"
185.191.171.20 - - [02/Sep/2021:01:58:38 +0200] "GET /index2.php?id=1169&itemid=75&option=com_content&task=emailform HTTP/1.1" 200 2464 "-" "Mozilla/5.0 (compatible; SemrushBot/7~bl; +http://www.semrush.com/bot.html)"
185.191.171.15 - - [02/Sep/2021:02:01:28 +0200] "GET /index.php?Itemid=75&id=1159&option=com_content&task=view HTTP/1.1" 200 29750 "-" "Mozilla/5.0 (compatible; SemrushBot/7~bl; +http://www.semrush.com/bot.html)"
185.191.171.15 - - [02/Sep/2021:02:01:46 +0200] "GET /index2.php?id=555&itemid=99999999&option=com_content&task=emailform HTTP/1.1" 200 2506 "-" "Mozilla/5.0 (compatible; SemrushBot/7~bl; +http://www.semrush.com/bot.html)"
185.191.171.15 - - [02/Sep/2021:02:03:09 +0200] "GET /index2.php?Itemid=69&id=433&option=com_content&page=0&pop=1&task=view HTTP/1.1" 200 4449 "-" "Mozilla/5.0 (compatible; SemrushBot/7~bl; +http://www.semrush.com/bot.html)"
216.244.66.239 - - [02/Sep/2021:02:05:42 +0200] "GET /robots.txt HTTP/1.1" 200 286 "-" "Mozilla/5.0 (compatible; DotBot/1.2; +https://opensiteexplorer.org/dotbot; help@moz.com)"
185.191.171.35 - - [02/Sep/2021:02:05:44 +0200] "GET /index2.php?id=198&itemid=65&option=com_content&task=emailform HTTP/1.1" 200 2509 "-" "Mozilla/5.0 (compatible; SemrushBot/7~bl; +http://www.semrush.com/bot.html)"
212.237.51.151 - - [02/Sep/2021:02:07:32 +0200] "HEAD / HTTP/1.1" 200 0 "-" "Alert_Alligator_webmonitoring_service_1.6.3_(alertalligator.com)"
185.191.171.17 - - [02/Sep/2021:02:08:22 +0200] "GET /index2.php?id=1228&itemid=1&option=com_content&task=emailform HTTP/1.1" 200 2476 "-" "Mozilla/5.0 (compatible; SemrushBot/7~bl; +http://www.semrush.com/bot.html)"
185.191.171.25 - - [02/Sep/2021:02:09:33 +0200] "GET /index2.php?id=94&itemid=99999999&option=com_content&task=emailform HTTP/1.1" 200 2510 "-" "Mozilla/5.0 (compatible; SemrushBot/7~bl; +http://www.semrush.com/bot.html)"
66.249.66.41 - - [02/Sep/2021:02:10:45 +0200] "GET /index.php?option=com_content&task=view&id=94&Itemid=88 HTTP/1.1" 200 29629 "-" "Mozilla/5.0 (compatible; Googlebot/2.1; +http://www.google.com/bot.html)"
66.249.66.41 - - [02/Sep/2021:02:13:58 +0200] "GET /index.php?option=com_content&task=view&id=733&Itemid=86 HTTP/1.1" 200 521204 "-" "Mozilla/5.0 (Linux; Android 6.0.1; Nexus 5X Build/MMB29P) AppleWebKit/537.36 (KHTML, like Gecko) Chrome/92.0.4515.119 Mobile Safari/537.36 (compatible; Googlebot/2.1; +http://www.google.com/bot.html)"
185.191.171.3 - - [02/Sep/2021:02:14:37 +0200] "GET /index2.php?id=390&option=com_content&page=0&pop=1&task=view HTTP/1.1" 200 5386 "-" "Mozilla/5.0 (compatible; SemrushBot/7~bl; +http://www.semrush.com/bot.html)"
66.249.66.35 - - [02/Sep/2021:02:15:47 +0200] "GET /index.php?option=com_content&task=view&id=93&Itemid=88 HTTP/1.1" 200 29663 "-" "Mozilla/5.0 (compatible; Googlebot/2.1; +http://www.google.com/bot.html)"
185.191.171.2 - - [02/Sep/2021:02:16:16 +0200] "GET /index2.php?id=1045&itemid=99999999&option=com_content&task=emailform HTTP/1.1" 200 2496 "-" "Mozilla/5.0 (compatible; SemrushBot/7~bl; +http://www.semrush.com/bot.html)"
185.191.171.20 - - [02/Sep/2021:02:17:56 +0200] "GET /index.php?Itemid=78&id=894&option=com_content&task=view HTTP/1.1" 200 32917 "-" "Mozilla/5.0 (compatible; SemrushBot/7~bl; +http://www.semrush.com/bot.html)"
66.249.66.35 - - [02/Sep/2021:02:18:26 +0200] "GET /index.php?option=com_content&task=view&id=151&Itemid=88 HTTP/1.1" 200 30367 "-" "Mozilla/5.0 (compatible; Googlebot/2.1; +http://www.google.com/bot.html)"
54.36.148.103 - - [02/Sep/2021:02:23:50 +0200] "GET /index.php?option=com_content&task=view&id=969&Itemid=94 HTTP/1.1" 200 36494 "-" "Mozilla/5.0 (compatible; AhrefsBot/7.0; +http://ahrefs.com/robot/)"
157.55.39.167 - - [02/Sep/2021:02:25:34 +0200] "GET / HTTP/1.1" 200 33997 "-" "Mozilla/5.0 (compatible; bingbot/2.0; +http://www.bing.com/bingbot.htm)"
207.46.13.121 - - [02/Sep/2021:02:27:51 +0200] "GET /index.php?option=com_content&task=view&id=1162&Itemid=75 HTTP/1.1" 200 29447 "-" "Mozilla/5.0 (compatible; bingbot/2.0; +http://www.bing.com/bingbot.htm)"
66.249.66.41 - - [02/Sep/2021:02:33:27 +0200] "GET /index.php?option=com_content&task=view&id=152&Itemid=88 HTTP/1.1" 200 35281 "-" "Mozilla/5.0 (compatible; Googlebot/2.1; +http://www.google.com/bot.html)"
66.249.66.38 - - [02/Sep/2021:02:39:11 +0200] "GET /index.php?option=com_content&task=view&id=1109 HTTP/1.1" 200 35632 "-" "Mozilla/5.0 (Linux; Android 6.0.1; Nexus 5X Build/MMB29P) AppleWebKit/537.36 (KHTML, like Gecko) Chrome/92.0.4515.119 Mobile Safari/537.36 (compatible; Googlebot/2.1; +http://www.google.com/bot.html)"
185.191.171.35 - - [02/Sep/2021:02:41:52 +0200] "GET /index2.php?id=682&option=com_content&page=0&pop=1&task=view HTTP/1.1" 200 3025 "-" "Mozilla/5.0 (compatible; SemrushBot/7~bl; +http://www.semrush.com/bot.html)"
185.191.171.38 - - [02/Sep/2021:02:43:40 +0200] "GET /index2.php?id=822&itemid=78&option=com_content&task=emailform HTTP/1.1" 200 2452 "-" "Mozilla/5.0 (compatible; SemrushBot/7~bl; +http://www.semrush.com/bot.html)"
54.36.148.176 - - [02/Sep/2021:02:43:44 +0200] "GET /index.php?option=com_content&task=category§ionid=5&id=19&Itemid=66 HTTP/1.1" 200 44329 "-" "Mozilla/5.0 (compatible; AhrefsBot/7.0; +http://ahrefs.com/robot/)"
185.191.171.16 - - [02/Sep/2021:02:45:14 +0200] "GET /robots.txt HTTP/1.1" 200 286 "-" "Mozilla/5.0 (compatible; SemrushBot/7~bl; +http://www.semrush.com/bot.html)"
185.191.171.45 - - [02/Sep/2021:02:45:15 +0200] "GET /index2.php?id=379&option=com_content&page=0&pop=1&task=view HTTP/1.1" 200 4666 "-" "Mozilla/5.0 (compatible; SemrushBot/7~bl; +http://www.semrush.com/bot.html)"
185.191.171.33 - - [02/Sep/2021:02:51:01 +0200] "GET /index2.php?Itemid=1&id=1240&option=com_content&page=0&pop=1&task=view HTTP/1.1" 200 2339 "-" "Mozilla/5.0 (compatible; SemrushBot/7~bl; +http://www.semrush.com/bot.html)"
185.191.171.11 - - [02/Sep/2021:02:51:35 +0200] "GET /index2.php?id=955&itemid=99999999&option=com_content&task=emailform HTTP/1.1" 200 2457 "-" "Mozilla/5.0 (compatible; SemrushBot/7~bl; +http://www.semrush.com/bot.html)"
185.191.171.24 - - [02/Sep/2021:02:52:14 +0200] "GET /index2.php?id=661&itemid=69&option=com_content&task=emailform HTTP/1.1" 200 2524 "-" "Mozilla/5.0 (compatible; SemrushBot/7~bl; +http://www.semrush.com/bot.html)"
185.191.171.42 - - [02/Sep/2021:02:53:41 +0200] "GET /index.php?Itemid=75&id=831&option=com_content&task=view HTTP/1.1" 200 36576 "-" "Mozilla/5.0 (compatible; SemrushBot/7~bl; +http://www.semrush.com/bot.html)"
185.191.171.34 - - [02/Sep/2021:02:57:01 +0200] "GET /index2.php?id=210&itemid=99999999&option=com_content&task=emailform HTTP/1.1" 200 2471 "-" "Mozilla/5.0 (compatible; SemrushBot/7~bl; +http://www.semrush.com/bot.html)"
185.191.171.16 - - [02/Sep/2021:02:59:30 +0200] "GET /index.php?Itemid=78&id=788&option=com_content&task=view HTTP/1.1" 200 28700 "-" "Mozilla/5.0 (compatible; SemrushBot/7~bl; +http://www.semrush.com/bot.html)"
185.191.171.38 - - [02/Sep/2021:03:01:41 +0200] "GET /index2.php?id=955&itemid=1&option=com_content&task=emailform HTTP/1.1" 200 2450 "-" "Mozilla/5.0 (compatible; SemrushBot/7~bl; +http://www.semrush.com/bot.html)"
185.191.171.43 - - [02/Sep/2021:03:03:13 +0200] "GET /iranytu/ddnp/szallas2.html HTTP/1.1" 404 1181 "-" "Mozilla/5.0 (compatible; SemrushBot/7~bl; +http://www.semrush.com/bot.html)"
66.249.66.41 - - [02/Sep/2021:03:03:27 +0200] "GET /index.php?option=com_content&task=view&id=907&Itemid=88 HTTP/1.1" 200 29615 "-" "Mozilla/5.0 (Linux; Android 6.0.1; Nexus 5X Build/MMB29P) AppleWebKit/537.36 (KHTML, like Gecko) Chrome/92.0.4515.119 Mobile Safari/537.36 (compatible; Googlebot/2.1; +http://www.google.com/bot.html)"
185.191.171.15 - - [02/Sep/2021:03:06:21 +0200] "GET /index2.php?id=534&option=com_content&page=0&pop=1&task=view HTTP/1.1" 200 4448 "-" "Mozilla/5.0 (compatible; SemrushBot/7~bl; +http://www.semrush.com/bot.html)"
185.191.171.34 - - [02/Sep/2021:03:06:39 +0200] "GET /index2.php?id=873&itemid=99999999&option=com_content&task=emailform HTTP/1.1" 200 2460 "-" "Mozilla/5.0 (compatible; SemrushBot/7~bl; +http://www.semrush.com/bot.html)"
159.69.145.50 - - [02/Sep/2021:03:06:45 +0200] "HEAD / HTTP/1.1" 200 0 "-" "Alert_Alligator_webmonitoring_service_1.6.3_(alertalligator.com)"
185.191.171.33 - - [02/Sep/2021:03:08:05 +0200] "GET /index.php?Itemid=75&id=1139&option=com_content&task=view HTTP/1.1" 200 29426 "-" "Mozilla/5.0 (compatible; SemrushBot/7~bl; +http://www.semrush.com/bot.html)"
185.191.171.33 - - [02/Sep/2021:03:10:07 +0200] "GET /index2.php?Itemid=75&id=840&option=com_content&page=0&pop=1&task=view HTTP/1.1" 200 3990 "-" "Mozilla/5.0 (compatible; SemrushBot/7~bl; +http://www.semrush.com/bot.html)"
185.191.171.38 - - [02/Sep/2021:03:14:41 +0200] "GET /index.php?id=632&option=com_content&task=view HTTP/1.1" 200 30391 "-" "Mozilla/5.0 (compatible; SemrushBot/7~bl; +http://www.semrush.com/bot.html)"
185.191.171.35 - - [02/Sep/2021:03:16:50 +0200] "GET /index2.php?id=1213&itemid=99999999&option=com_content&task=emailform HTTP/1.1" 200 2475 "-" "Mozilla/5.0 (compatible; SemrushBot/7~bl; +http://www.semrush.com/bot.html)"
185.191.171.44 - - [02/Sep/2021:03:17:42 +0200] "GET /index2.php?Itemid=69&id=347&option=com_content&page=0&pop=1&task=view HTTP/1.1" 200 4623 "-" "Mozilla/5.0 (compatible; SemrushBot/7~bl; +http://www.semrush.com/bot.html)"
66.249.66.41 - - [02/Sep/2021:03:18:26 +0200] "GET /index2.php?option=com_content&task=view&id=416&pop=1&page=0&Itemid=75 HTTP/1.1" 200 5902 "-" "Mozilla/5.0 (compatible; Googlebot/2.1; +http://www.google.com/bot.html)"
185.191.171.4 - - [02/Sep/2021:03:21:39 +0200] "GET /index2.php?Itemid=1&id=913&option=com_content&page=0&pop=1&task=view HTTP/1.1" 200 2404 "-" "Mozilla/5.0 (compatible; SemrushBot/7~bl; +http://www.semrush.com/bot.html)"
185.191.171.25 - - [02/Sep/2021:03:23:10 +0200] "GET /index.php?Itemid=89&id=803&option=com_content&task=view HTTP/1.1" 200 35559 "-" "Mozilla/5.0 (compatible; SemrushBot/7~bl; +http://www.semrush.com/bot.html)"
185.191.171.44 - - [02/Sep/2021:03:23:18 +0200] "GET /index.php?Itemid=88&id=135&option=com_content&task=view HTTP/1.1" 200 41279 "-" "Mozilla/5.0 (compatible; SemrushBot/7~bl; +http://www.semrush.com/bot.html)"
185.191.171.43 - - [02/Sep/2021:03:23:32 +0200] "GET /index2.php?id=158&itemid=78&option=com_content&task=emailform HTTP/1.1" 200 2510 "-" "Mozilla/5.0 (compatible; SemrushBot/7~bl; +http://www.semrush.com/bot.html)"
66.249.66.41 - - [02/Sep/2021:03:29:33 +0200] "GET /index.php?option=com_content&task=view&id=449&Itemid=69 HTTP/1.1" 200 30698 "-" "Mozilla/5.0 (Linux; Android 6.0.1; Nexus 5X Build/MMB29P) AppleWebKit/537.36 (KHTML, like Gecko) Chrome/92.0.4515.119 Mobile Safari/537.36 (compatible; Googlebot/2.1; +http://www.google.com/bot.html)"
185.191.171.45 - - [02/Sep/2021:03:30:03 +0200] "GET /index.php?Itemid=3&option=com_contact HTTP/1.1" 200 31976 "-" "Mozilla/5.0 (compatible; SemrushBot/7~bl; +http://www.semrush.com/bot.html)"
66.249.66.38 - - [02/Sep/2021:03:33:27 +0200] "GET /index.php?option=com_content&task=view&id=931&Itemid=75 HTTP/1.1" 200 29899 "-" "Mozilla/5.0 (compatible; Googlebot/2.1; +http://www.google.com/bot.html)"
185.191.171.25 - - [02/Sep/2021:03:33:37 +0200] "GET /index.php?id=448&option=com_content&task=view HTTP/1.1" 200 30633 "-" "Mozilla/5.0 (compatible; SemrushBot/7~bl; +http://www.semrush.com/bot.html)"
185.191.171.3 - - [02/Sep/2021:03:35:08 +0200] "GET /index2.php?Itemid=1&id=1177&option=com_content&page=0&pop=1&task=view HTTP/1.1" 200 2523 "-" "Mozilla/5.0 (compatible; SemrushBot/7~bl; +http://www.semrush.com/bot.html)"
185.191.171.7 - - [02/Sep/2021:03:36:13 +0200] "GET /index2.php?Itemid=78&id=285&option=com_content&page=0&pop=1&task=view HTTP/1.1" 200 10729 "-" "Mozilla/5.0 (compatible; SemrushBot/7~bl; +http://www.semrush.com/bot.html)"
185.191.171.7 - - [02/Sep/2021:03:37:04 +0200] "GET /index2.php?id=348&itemid=99999999&option=com_content&task=emailform HTTP/1.1" 200 2509 "-" "Mozilla/5.0 (compatible; SemrushBot/7~bl; +http://www.semrush.com/bot.html)"
216.244.66.239 - - [02/Sep/2021:03:38:15 +0200] "GET /robots.txt HTTP/1.1" 200 286 "-" "Mozilla/5.0 (compatible; DotBot/1.2; +https://opensiteexplorer.org/dotbot; help@moz.com)"
185.191.171.3 - - [02/Sep/2021:03:40:21 +0200] "GET /index2.php?id=1236&itemid=75&option=com_content&task=emailform HTTP/1.1" 200 2451 "-" "Mozilla/5.0 (compatible; SemrushBot/7~bl; +http://www.semrush.com/bot.html)"
66.249.66.41 - - [02/Sep/2021:03:44:16 +0200] "GET /index.php?option=com_content&task=view&id=872&Itemid=75 HTTP/1.1" 200 28980 "-" "Mozilla/5.0 (compatible; Googlebot/2.1; +http://www.google.com/bot.html)"
185.191.171.10 - - [02/Sep/2021:03:45:21 +0200] "GET /robots.txt HTTP/1.1" 200 286 "-" "Mozilla/5.0 (compatible; SemrushBot/7~bl; +http://www.semrush.com/bot.html)"
185.191.171.14 - - [02/Sep/2021:03:45:22 +0200] "GET /index2.php?id=72&option=com_content&page=0&pop=1&task=view HTTP/1.1" 200 3746 "-" "Mozilla/5.0 (compatible; SemrushBot/7~bl; +http://www.semrush.com/bot.html)"
185.191.171.40 - - [02/Sep/2021:03:49:20 +0200] "GET /index2.php?id=1058&itemid=75&option=com_content&task=emailform HTTP/1.1" 200 2510 "-" "Mozilla/5.0 (compatible; SemrushBot/7~bl; +http://www.semrush.com/bot.html)"
42.236.10.104 - - [02/Sep/2021:03:49:50 +0200] "GET /index.php HTTP/1.1" 200 33997 "http://www.kokosz.hu/index.php" "-"
42.236.10.79 - - [02/Sep/2021:03:49:56 +0200] "GET / HTTP/1.1" 200 33997 "http://www.kokosz.hu/" "-"
185.191.171.42 - - [02/Sep/2021:03:52:00 +0200] "GET /index2.php?id=886&itemid=99999999&option=com_content&task=emailform HTTP/1.1" 200 2452 "-" "Mozilla/5.0 (compatible; SemrushBot/7~bl; +http://www.semrush.com/bot.html)"
185.191.171.40 - - [02/Sep/2021:03:54:08 +0200] "GET /index2.php?id=1092&option=com_content&page=0&pop=1&task=view HTTP/1.1" 200 3861 "-" "Mozilla/5.0 (compatible; SemrushBot/7~bl; +http://www.semrush.com/bot.html)"
185.191.171.2 - - [02/Sep/2021:03:55:38 +0200] "GET /index2.php?id=364&option=com_content&page=0&pop=1&task=view HTTP/1.1" 200 4452 "-" "Mozilla/5.0 (compatible; SemrushBot/7~bl; +http://www.semrush.com/bot.html)"
185.191.34.215 - - [02/Sep/2021:03:56:16 +0200] "POST /wp-main.php HTTP/1.1" 404 1181 "-" "Mozilla/5.0 (Windows NT 10.0; Win64; x64) AppleWebKit/537.36 (KHTML, like Gecko) Chrome/74.0.3729.169 Safari/537.36"
185.191.171.44 - - [02/Sep/2021:03:58:34 +0200] "GET /index.php?id=251&option=com_content&task=view HTTP/1.1" 200 29547 "-" "Mozilla/5.0 (compatible; SemrushBot/7~bl; +http://www.semrush.com/bot.html)"
185.191.171.37 - - [02/Sep/2021:04:00:56 +0200] "GET /index2.php?id=664&itemid=69&option=com_content&task=emailform HTTP/1.1" 200 2500 "-" "Mozilla/5.0 (compatible; SemrushBot/7~bl; +http://www.semrush.com/bot.html)"
185.191.171.41 - - [02/Sep/2021:04:03:04 +0200] "GET /index2.php?id=1138&option=com_content&page=0&pop=1&task=view HTTP/1.1" 200 8184 "-" "Mozilla/5.0 (compatible; SemrushBot/7~bl; +http://www.semrush.com/bot.html)"
66.249.66.35 - - [02/Sep/2021:04:03:27 +0200] "GET /index.php?option=com_content&task=view&id=130&Itemid=88 HTTP/1.1" 200 29936 "-" "Mozilla/5.0 (compatible; Googlebot/2.1; +http://www.google.com/bot.html)"
66.249.66.41 - - [02/Sep/2021:04:04:42 +0200] "GET /index2.php?option=com_content&task=view&id=130&pop=1&page=0&Itemid=88 HTTP/1.1" 200 3905 "-" "Mozilla/5.0 (compatible; Googlebot/2.1; +http://www.google.com/bot.html)"
185.191.171.41 - - [02/Sep/2021:04:05:49 +0200] "GET /index.php?Itemid=78&id=755&option=com_content&task=view HTTP/1.1" 200 28798 "-" "Mozilla/5.0 (compatible; SemrushBot/7~bl; +http://www.semrush.com/bot.html)"
212.237.51.151 - - [02/Sep/2021:04:06:02 +0200] "HEAD / HTTP/1.1" 200 0 "-" "Alert_Alligator_webmonitoring_service_1.6.3_(alertalligator.com)"
185.191.171.21 - - [02/Sep/2021:04:06:27 +0200] "GET /index.php?id=454&option=com_content&task=view HTTP/1.1" 200 30440 "-" "Mozilla/5.0 (compatible; SemrushBot/7~bl; +http://www.semrush.com/bot.html)"
66.249.66.81 - - [02/Sep/2021:04:10:17 +0200] "GET /index.php?option=com_search&searchword=monostorap%C3%A1ti HTTP/1.1" 200 32053 "-" "Mozilla/5.0 (Linux; Android 6.0.1; Nexus 5X Build/MMB29P) AppleWebKit/537.36 (KHTML, like Gecko) Chrome/92.0.4515.119 Mobile Safari/537.36 (compatible; Googlebot/2.1; +http://www.google.com/bot.html)"
54.36.148.6 - - [02/Sep/2021:04:12:41 +0200] "GET /index.php?option=com_content&task=view&id=1126 HTTP/1.1" 200 33782 "-" "Mozilla/5.0 (compatible; AhrefsBot/7.0; +http://ahrefs.com/robot/)"
185.191.171.2 - - [02/Sep/2021:04:14:47 +0200] "GET /index2.php?id=914&itemid=99999999&option=com_content&task=emailform HTTP/1.1" 200 2468 "-" "Mozilla/5.0 (compatible; SemrushBot/7~bl; +http://www.semrush.com/bot.html)"
207.46.13.121 - - [02/Sep/2021:04:15:32 +0200] "GET /index.php?option=com_content&task=view&id=980 HTTP/1.1" 200 28288 "-" "Mozilla/5.0 (compatible; bingbot/2.0; +http://www.bing.com/bingbot.htm)"
66.249.66.38 - - [02/Sep/2021:04:16:59 +0200] "GET /index.php?option=com_content&task=view&id=787&Itemid=89 HTTP/1.1" 200 31917 "-" "Mozilla/5.0 (Linux; Android 6.0.1; Nexus 5X Build/MMB29P) AppleWebKit/537.36 (KHTML, like Gecko) Chrome/92.0.4515.119 Mobile Safari/537.36 (compatible; Googlebot/2.1; +http://www.google.com/bot.html)"
54.36.148.158 - - [02/Sep/2021:04:17:52 +0200] "GET /index.php?option=com_content&task=view&id=713&Itemid=81 HTTP/1.1" 200 27818 "-" "Mozilla/5.0 (compatible; AhrefsBot/7.0; +http://ahrefs.com/robot/)"
185.191.171.17 - - [02/Sep/2021:04:19:35 +0200] "GET /index2.php?Itemid=69&id=395&option=com_content&page=0&pop=1&task=view HTTP/1.1" 200 4465 "-" "Mozilla/5.0 (compatible; SemrushBot/7~bl; +http://www.semrush.com/bot.html)"
185.191.171.33 - - [02/Sep/2021:04:21:18 +0200] "GET /index2.php?Itemid=75&id=1057&option=com_content&page=0&pop=1&task=view HTTP/1.1" 200 4304 "-" "Mozilla/5.0 (compatible; SemrushBot/7~bl; +http://www.semrush.com/bot.html)"
54.36.149.96 - - [02/Sep/2021:04:23:29 +0200] "GET /robots.txt HTTP/1.1" 200 286 "-" "Mozilla/5.0 (compatible; AhrefsBot/7.0; +http://ahrefs.com/robot/)"
54.36.149.104 - - [02/Sep/2021:04:23:33 +0200] "GET /index.php?option=com_content&task=category§ionid=5&id=19&Itemid=66 HTTP/1.1" 200 44329 "-" "Mozilla/5.0 (compatible; AhrefsBot/7.0; +http://ahrefs.com/robot/)"
216.244.66.239 - - [02/Sep/2021:04:24:30 +0200] "GET /robots.txt HTTP/1.1" 200 286 "-" "Mozilla/5.0 (compatible; DotBot/1.2; +https://opensiteexplorer.org/dotbot; help@moz.com)"
216.244.66.239 - - [02/Sep/2021:04:24:30 +0200] "GET /robots.txt HTTP/1.1" 200 286 "-" "Mozilla/5.0 (compatible; DotBot/1.2; +https://opensiteexplorer.org/dotbot; help@moz.com)"
54.36.149.26 - - [02/Sep/2021:04:29:20 +0200] "GET /robots.txt HTTP/1.1" 200 286 "-" "Mozilla/5.0 (compatible; AhrefsBot/7.0; +http://ahrefs.com/robot/)"
54.36.148.207 - - [02/Sep/2021:04:29:22 +0200] "GET /index.php?option=com_content&task=view&id=1044 HTTP/1.1" 200 29642 "-" "Mozilla/5.0 (compatible; AhrefsBot/7.0; +http://ahrefs.com/robot/)"
185.191.171.33 - - [02/Sep/2021:04:29:23 +0200] "GET /index2.php?id=997&itemid=66&option=com_content&task=emailform HTTP/1.1" 200 2482 "-" "Mozilla/5.0 (compatible; SemrushBot/7~bl; +http://www.semrush.com/bot.html)"
185.191.171.41 - - [02/Sep/2021:04:32:33 +0200] "GET /index2.php?id=758&itemid=78&option=com_content&task=emailform HTTP/1.1" 200 2477 "-" "Mozilla/5.0 (compatible; SemrushBot/7~bl; +http://www.semrush.com/bot.html)"
54.36.149.2 - - [02/Sep/2021:04:35:36 +0200] "GET /index2.php?option=com_content&task=view&id=24&pop=1&page=0&Itemid=75 HTTP/1.1" 200 3198 "-" "Mozilla/5.0 (compatible; AhrefsBot/7.0; +http://ahrefs.com/robot/)"
144.86.173.76 - - [02/Sep/2021:04:37:14 +0200] "GET / HTTP/1.1" 200 33997 "-" "Expanse, a Palo Alto Networks company, searches across the global IPv4 space multiple times per day to identify customers' presences on the Internet. If you would like to be excluded from our scans, please send IP addresses/domains to: scaninfo@paloaltonetworks.com"
185.191.171.40 - - [02/Sep/2021:04:38:22 +0200] "GET /index.php?Itemid=84&catid=31&func=viewcategory&option=com_ponygallery&startpage=9 HTTP/1.1" 200 70355 "-" "Mozilla/5.0 (compatible; SemrushBot/7~bl; +http://www.semrush.com/bot.html)"
185.191.171.1 - - [02/Sep/2021:04:38:35 +0200] "GET /index.php?id=356&option=com_content&task=view HTTP/1.1" 200 30332 "-" "Mozilla/5.0 (compatible; SemrushBot/7~bl; +http://www.semrush.com/bot.html)"
185.191.171.44 - - [02/Sep/2021:04:39:25 +0200] "GET /index.php?Itemid=84&catid=32&func=viewcategory&option=com_ponygallery&startpage=4 HTTP/1.1" 200 58951 "-" "Mozilla/5.0 (compatible; SemrushBot/7~bl; +http://www.semrush.com/bot.html)"
158.69.243.108 - - [02/Sep/2021:04:40:17 +0200] "GET /robots.txt HTTP/1.1" 200 286 "-" "Mozilla/5.0 (compatible; MJ12bot/v1.4.8; http://mj12bot.com/)"
158.69.243.108 - - [02/Sep/2021:04:40:51 +0200] "GET /index.php?option=com_content&task=view&id=1029&Itemid=75 HTTP/1.1" 200 33464 "-" "Mozilla/5.0 (compatible; MJ12bot/v1.4.8; http://mj12bot.com/)"
158.69.243.108 - - [02/Sep/2021:04:41:20 +0200] "GET /index.php?option=com_content&task=view&id=1079&Itemid=1 HTTP/1.1" 200 29373 "-" "Mozilla/5.0 (compatible; MJ12bot/v1.4.8; http://mj12bot.com/)"
54.36.149.16 - - [02/Sep/2021:04:41:53 +0200] "GET /index.php?option=com_content&task=view&id=1015 HTTP/1.1" 200 28342 "-" "Mozilla/5.0 (compatible; AhrefsBot/7.0; +http://ahrefs.com/robot/)"
185.191.171.25 - - [02/Sep/2021:04:41:55 +0200] "GET /index.php?id=470&option=com_content&task=view HTTP/1.1" 200 30354 "-" "Mozilla/5.0 (compatible; SemrushBot/7~bl; +http://www.semrush.com/bot.html)"
158.69.243.108 - - [02/Sep/2021:04:41:58 +0200] "GET /index.php?option=com_content&task=view&id=132 HTTP/1.1" 200 29456 "-" "Mozilla/5.0 (compatible; MJ12bot/v1.4.8; http://mj12bot.com/)"
158.69.243.108 - - [02/Sep/2021:04:42:40 +0200] "GET /index.php?option=com_content&task=view&id=156&Itemid=75 HTTP/1.1" 200 29026 "-" "Mozilla/5.0 (compatible; MJ12bot/v1.4.8; http://mj12bot.com/)"
158.69.243.108 - - [02/Sep/2021:04:43:08 +0200] "GET /index.php?option=com_content&task=view&id=222&Itemid=65 HTTP/1.1" 200 29651 "-" "Mozilla/5.0 (compatible; MJ12bot/v1.4.8; http://mj12bot.com/)"
40.77.167.40 - - [02/Sep/2021:04:43:30 +0200] "GET /index.php?option=com_content&task=view&id=887&Itemid=1 HTTP/1.1" 200 29339 "-" "Mozilla/5.0 (compatible; bingbot/2.0; +http://www.bing.com/bingbot.htm)"
158.69.243.108 - - [02/Sep/2021:04:43:41 +0200] "GET /index.php?option=com_content&task=view&id=246 HTTP/1.1" 200 35488 "-" "Mozilla/5.0 (compatible; MJ12bot/v1.4.8; http://mj12bot.com/)"
158.69.243.108 - - [02/Sep/2021:04:44:11 +0200] "GET /index.php?option=com_content&task=view&id=342 HTTP/1.1" 200 30482 "-" "Mozilla/5.0 (compatible; MJ12bot/v1.4.8; http://mj12bot.com/)"
158.69.243.108 - - [02/Sep/2021:04:44:44 +0200] "GET /index.php?option=com_content&task=view&id=371&Itemid=1 HTTP/1.1" 200 37034 "-" "Mozilla/5.0 (compatible; MJ12bot/v1.4.8; http://mj12bot.com/)"
158.69.243.108 - - [02/Sep/2021:04:45:11 +0200] "GET /index.php?option=com_content&task=view&id=522&Itemid=69 HTTP/1.1" 200 30474 "-" "Mozilla/5.0 (compatible; MJ12bot/v1.4.8; http://mj12bot.com/)"
158.69.243.108 - - [02/Sep/2021:04:45:38 +0200] "GET /index.php?option=com_content&task=view&id=62&Itemid=65 HTTP/1.1" 200 28828 "-" "Mozilla/5.0 (compatible; MJ12bot/v1.4.8; http://mj12bot.com/)"
158.69.243.108 - - [02/Sep/2021:04:46:28 +0200] "GET /index.php?option=com_content&task=view&id=710&Itemid=1 HTTP/1.1" 200 31869 "-" "Mozilla/5.0 (compatible; MJ12bot/v1.4.8; http://mj12bot.com/)"
185.191.171.26 - - [02/Sep/2021:04:46:52 +0200] "GET /robots.txt HTTP/1.1" 200 286 "-" "Mozilla/5.0 (compatible; SemrushBot/7~bl; +http://www.semrush.com/bot.html)"
185.191.171.34 - - [02/Sep/2021:04:46:53 +0200] "GET /index2.php?id=924&itemid=99999999&option=com_content&task=emailform HTTP/1.1" 200 2452 "-" "Mozilla/5.0 (compatible; SemrushBot/7~bl; +http://www.semrush.com/bot.html)"
158.69.243.108 - - [02/Sep/2021:04:46:56 +0200] "GET /index.php?option=com_content&task=view&id=711&Itemid=1 HTTP/1.1" 200 30001 "-" "Mozilla/5.0 (compatible; MJ12bot/v1.4.8; http://mj12bot.com/)"
