5.9.61.232 - - [02/Sep/2021:05:36:07 +0200] "GET /index.php?option=com_content&task=view&id=894&Itemid=78 HTTP/1.1" 200 32917 "-" "Mozilla/5.0 (compatible; MJ12bot/v1.4.8; http://mj12bot.com/)"
5.9.61.232 - - [02/Sep/2021:05:36:09 +0200] "GET /index.php?option=com_content&task=view&id=894&Itemid=79 HTTP/1.1" 200 32521 "-" "Mozilla/5.0 (compatible; MJ12bot/v1.4.8; http://mj12bot.com/)"
5.9.61.232 - - [02/Sep/2021:05:36:11 +0200] "GET /index.php?option=com_content&task=view&id=895&Itemid=1 HTTP/1.1" 200 29813 "-" "Mozilla/5.0 (compatible; MJ12bot/v1.4.8; http://mj12bot.com/)"
5.9.61.232 - - [02/Sep/2021:05:36:13 +0200] "GET /index.php?option=com_content&task=view&id=895&Itemid=75 HTTP/1.1" 200 29478 "-" "Mozilla/5.0 (compatible; MJ12bot/v1.4.8; http://mj12bot.com/)"
5.9.61.232 - - [02/Sep/2021:05:36:16 +0200] "GET /index.php?option=com_content&task=view&id=895&Itemid=79 HTTP/1.1" 200 28820 "-" "Mozilla/5.0 (compatible; MJ12bot/v1.4.8; http://mj12bot.com/)"
5.9.61.232 - - [02/Sep/2021:05:36:18 +0200] "GET /index.php?option=com_content&task=view&id=895&Itemid=89 HTTP/1.1" 200 28820 "-" "Mozilla/5.0 (compatible; MJ12bot/v1.4.8; http://mj12bot.com/)"
5.9.61.232 - - [02/Sep/2021:05:36:20 +0200] "GET /index.php?option=com_content&task=view&id=896&Itemid=79 HTTP/1.1" 200 28841 "-" "Mozilla/5.0 (compatible; MJ12bot/v1.4.8; http://mj12bot.com/)"
5.9.61.232 - - [02/Sep/2021:05:36:23 +0200] "GET /index.php?option=com_content&task=view&id=897 HTTP/1.1" 200 31138 "-" "Mozilla/5.0 (compatible; MJ12bot/v1.4.8; http://mj12bot.com/)"
5.9.61.232 - - [02/Sep/2021:05:36:25 +0200] "GET /index.php?option=com_content&task=view&id=897&Itemid=75 HTTP/1.1" 200 31857 "-" "Mozilla/5.0 (compatible; MJ12bot/v1.4.8; http://mj12bot.com/)"
5.9.61.232 - - [02/Sep/2021:05:36:27 +0200] "GET /index.php?option=com_content&task=view&id=897&Itemid=79 HTTP/1.1" 200 31235 "-" "Mozilla/5.0 (compatible; MJ12bot/v1.4.8; http://mj12bot.com/)"
5.9.61.232 - - [02/Sep/2021:05:36:30 +0200] "GET /index.php?option=com_content&task=view&id=898 HTTP/1.1" 200 61405 "-" "Mozilla/5.0 (compatible; MJ12bot/v1.4.8; http://mj12bot.com/)"
5.9.61.232 - - [02/Sep/2021:05:36:33 +0200] "GET /index.php?option=com_content&task=view&id=899 HTTP/1.1" 200 28210 "-" "Mozilla/5.0 (compatible; MJ12bot/v1.4.8; http://mj12bot.com/)"
5.9.61.232 - - [02/Sep/2021:05:36:35 +0200] "GET /index.php?option=com_content&task=view&id=899&Itemid=1 HTTP/1.1" 200 29300 "-" "Mozilla/5.0 (compatible; MJ12bot/v1.4.8; http://mj12bot.com/)"
5.9.61.232 - - [02/Sep/2021:05:36:38 +0200] "GET /index.php?option=com_content&task=view&id=899&Itemid=79 HTTP/1.1" 200 28307 "-" "Mozilla/5.0 (compatible; MJ12bot/v1.4.8; http://mj12bot.com/)"
5.9.61.232 - - [02/Sep/2021:05:36:41 +0200] "GET /index.php?option=com_content&task=view&id=90 HTTP/1.1" 200 30303 "-" "Mozilla/5.0 (compatible; MJ12bot/v1.4.8; http://mj12bot.com/)"
5.9.61.232 - - [02/Sep/2021:05:36:43 +0200] "GET /index.php?option=com_content&task=view&id=900 HTTP/1.1" 200 33010 "-" "Mozilla/5.0 (compatible; MJ12bot/v1.4.8; http://mj12bot.com/)"
5.9.61.232 - - [02/Sep/2021:05:36:46 +0200] "GET /index.php?option=com_content&task=view&id=900&Itemid=1 HTTP/1.1" 200 34100 "-" "Mozilla/5.0 (compatible; MJ12bot/v1.4.8; http://mj12bot.com/)"
5.9.61.232 - - [02/Sep/2021:05:36:49 +0200] "GET /index.php?option=com_content&task=view&id=900&Itemid=75 HTTP/1.1" 200 33708 "-" "Mozilla/5.0 (compatible; MJ12bot/v1.4.8; http://mj12bot.com/)"
5.9.61.232 - - [02/Sep/2021:05:36:51 +0200] "GET /index.php?option=com_content&task=view&id=900&Itemid=79 HTTP/1.1" 200 33107 "-" "Mozilla/5.0 (compatible; MJ12bot/v1.4.8; http://mj12bot.com/)"
5.9.61.232 - - [02/Sep/2021:05:36:54 +0200] "GET /index.php?option=com_content&task=view&id=901 HTTP/1.1" 200 28335 "-" "Mozilla/5.0 (compatible; MJ12bot/v1.4.8; http://mj12bot.com/)"
5.9.61.232 - - [02/Sep/2021:05:36:56 +0200] "GET /index.php?option=com_content&task=view&id=901&Itemid=1 HTTP/1.1" 200 29425 "-" "Mozilla/5.0 (compatible; MJ12bot/v1.4.8; http://mj12bot.com/)"
5.9.61.232 - - [02/Sep/2021:05:36:59 +0200] "GET /index.php?option=com_content&task=view&id=901&Itemid=79 HTTP/1.1" 200 28432 "-" "Mozilla/5.0 (compatible; MJ12bot/v1.4.8; http://mj12bot.com/)"
5.9.61.232 - - [02/Sep/2021:05:37:01 +0200] "GET /index.php?option=com_content&task=view&id=901&Itemid=89 HTTP/1.1" 200 28432 "-" "Mozilla/5.0 (compatible; MJ12bot/v1.4.8; http://mj12bot.com/)"
5.9.61.232 - - [02/Sep/2021:05:37:03 +0200] "GET /index.php?option=com_content&task=view&id=902&Itemid=79 HTTP/1.1" 200 28594 "-" "Mozilla/5.0 (compatible; MJ12bot/v1.4.8; http://mj12bot.com/)"
5.9.61.232 - - [02/Sep/2021:05:37:06 +0200] "GET /index.php?option=com_content&task=view&id=903 HTTP/1.1" 200 28540 "-" "Mozilla/5.0 (compatible; MJ12bot/v1.4.8; http://mj12bot.com/)"
5.9.61.232 - - [02/Sep/2021:05:37:08 +0200] "GET /index.php?option=com_content&task=view&id=903&Itemid=1 HTTP/1.1" 200 29630 "-" "Mozilla/5.0 (compatible; MJ12bot/v1.4.8; http://mj12bot.com/)"
5.9.61.232 - - [02/Sep/2021:05:37:10 +0200] "GET /index.php?option=com_content&task=view&id=903&Itemid=75 HTTP/1.1" 200 29258 "-" "Mozilla/5.0 (compatible; MJ12bot/v1.4.8; http://mj12bot.com/)"
5.9.61.232 - - [02/Sep/2021:05:37:13 +0200] "GET /index.php?option=com_content&task=view&id=903&Itemid=79 HTTP/1.1" 200 28637 "-" "Mozilla/5.0 (compatible; MJ12bot/v1.4.8; http://mj12bot.com/)"
5.9.61.232 - - [02/Sep/2021:05:37:15 +0200] "GET /index.php?option=com_content&task=view&id=903&Itemid=89 HTTP/1.1" 200 28637 "-" "Mozilla/5.0 (compatible; MJ12bot/v1.4.8; http://mj12bot.com/)"
5.9.61.232 - - [02/Sep/2021:05:37:18 +0200] "GET /index.php?option=com_content&task=view&id=904 HTTP/1.1" 200 28232 "-" "Mozilla/5.0 (compatible; MJ12bot/v1.4.8; http://mj12bot.com/)"
5.9.61.232 - - [02/Sep/2021:05:37:20 +0200] "GET /index.php?option=com_content&task=view&id=904&Itemid=1 HTTP/1.1" 200 29322 "-" "Mozilla/5.0 (compatible; MJ12bot/v1.4.8; http://mj12bot.com/)"
5.9.61.232 - - [02/Sep/2021:05:37:22 +0200] "GET /index.php?option=com_content&task=view&id=904&Itemid=75 HTTP/1.1" 200 28954 "-" "Mozilla/5.0 (compatible; MJ12bot/v1.4.8; http://mj12bot.com/)"
5.9.61.232 - - [02/Sep/2021:05:37:25 +0200] "GET /index.php?option=com_content&task=view&id=904&Itemid=79 HTTP/1.1" 200 28329 "-" "Mozilla/5.0 (compatible; MJ12bot/v1.4.8; http://mj12bot.com/)"
5.9.61.232 - - [02/Sep/2021:05:37:27 +0200] "GET /index.php?option=com_content&task=view&id=905&Itemid=79 HTTP/1.1" 200 28538 "-" "Mozilla/5.0 (compatible; MJ12bot/v1.4.8; http://mj12bot.com/)"
5.9.61.232 - - [02/Sep/2021:05:37:29 +0200] "GET /index.php?option=com_content&task=view&id=907 HTTP/1.1" 200 29518 "-" "Mozilla/5.0 (compatible; MJ12bot/v1.4.8; http://mj12bot.com/)"
5.9.61.232 - - [02/Sep/2021:05:37:32 +0200] "GET /index.php?option=com_content&task=view&id=907&Itemid=66 HTTP/1.1" 200 29615 "-" "Mozilla/5.0 (compatible; MJ12bot/v1.4.8; http://mj12bot.com/)"
5.9.61.232 - - [02/Sep/2021:05:37:35 +0200] "GET /index.php?option=com_content&task=view&id=908 HTTP/1.1" 200 30326 "-" "Mozilla/5.0 (compatible; MJ12bot/v1.4.8; http://mj12bot.com/)"
5.9.61.232 - - [02/Sep/2021:05:37:37 +0200] "GET /index.php?option=com_content&task=view&id=909 HTTP/1.1" 200 28273 "-" "Mozilla/5.0 (compatible; MJ12bot/v1.4.8; http://mj12bot.com/)"
5.9.61.232 - - [02/Sep/2021:05:37:39 +0200] "GET /index.php?option=com_content&task=view&id=909&Itemid=1 HTTP/1.1" 200 29363 "-" "Mozilla/5.0 (compatible; MJ12bot/v1.4.8; http://mj12bot.com/)"
5.9.61.232 - - [02/Sep/2021:05:37:41 +0200] "GET /index.php?option=com_content&task=view&id=909&Itemid=75 HTTP/1.1" 200 28976 "-" "Mozilla/5.0 (compatible; MJ12bot/v1.4.8; http://mj12bot.com/)"
5.9.61.232 - - [02/Sep/2021:05:37:44 +0200] "GET /index.php?option=com_content&task=view&id=909&Itemid=79 HTTP/1.1" 200 28370 "-" "Mozilla/5.0 (compatible; MJ12bot/v1.4.8; http://mj12bot.com/)"
5.9.61.232 - - [02/Sep/2021:05:37:46 +0200] "GET /index.php?option=com_content&task=view&id=91 HTTP/1.1" 200 29577 "-" "Mozilla/5.0 (compatible; MJ12bot/v1.4.8; http://mj12bot.com/)"
5.9.61.232 - - [02/Sep/2021:05:37:48 +0200] "GET /index.php?option=com_content&task=view&id=910 HTTP/1.1" 200 31909 "-" "Mozilla/5.0 (compatible; MJ12bot/v1.4.8; http://mj12bot.com/)"
5.9.61.232 - - [02/Sep/2021:05:37:51 +0200] "GET /index.php?option=com_content&task=view&id=910&Itemid=1 HTTP/1.1" 200 32999 "-" "Mozilla/5.0 (compatible; MJ12bot/v1.4.8; http://mj12bot.com/)"
5.9.61.232 - - [02/Sep/2021:05:37:53 +0200] "GET /index.php?option=com_content&task=view&id=910&Itemid=75 HTTP/1.1" 200 32612 "-" "Mozilla/5.0 (compatible; MJ12bot/v1.4.8; http://mj12bot.com/)"
5.9.61.232 - - [02/Sep/2021:05:37:55 +0200] "GET /index.php?option=com_content&task=view&id=910&Itemid=79 HTTP/1.1" 200 32006 "-" "Mozilla/5.0 (compatible; MJ12bot/v1.4.8; http://mj12bot.com/)"
5.9.61.232 - - [02/Sep/2021:05:37:57 +0200] "GET /index.php?option=com_content&task=view&id=911 HTTP/1.1" 200 28591 "-" "Mozilla/5.0 (compatible; MJ12bot/v1.4.8; http://mj12bot.com/)"
5.9.61.232 - - [02/Sep/2021:05:38:00 +0200] "GET /index.php?option=com_content&task=view&id=911&Itemid=1 HTTP/1.1" 200 29681 "-" "Mozilla/5.0 (compatible; MJ12bot/v1.4.8; http://mj12bot.com/)"
5.9.61.232 - - [02/Sep/2021:05:38:02 +0200] "GET /index.php?option=com_content&task=view&id=911&Itemid=79 HTTP/1.1" 200 28688 "-" "Mozilla/5.0 (compatible; MJ12bot/v1.4.8; http://mj12bot.com/)"
5.9.61.232 - - [02/Sep/2021:05:38:04 +0200] "GET /index.php?option=com_content&task=view&id=913&Itemid=78 HTTP/1.1" 200 28828 "-" "Mozilla/5.0 (compatible; MJ12bot/v1.4.8; http://mj12bot.com/)"
5.9.61.232 - - [02/Sep/2021:05:38:07 +0200] "GET /index.php?option=com_content&task=view&id=913&Itemid=79 HTTP/1.1" 200 28435 "-" "Mozilla/5.0 (compatible; MJ12bot/v1.4.8; http://mj12bot.com/)"
5.9.61.232 - - [02/Sep/2021:05:38:10 +0200] "GET /index.php?option=com_content&task=view&id=914 HTTP/1.1" 200 29983 "-" "Mozilla/5.0 (compatible; MJ12bot/v1.4.8; http://mj12bot.com/)"
5.9.61.232 - - [02/Sep/2021:05:38:12 +0200] "GET /index.php?option=com_content&task=view&id=917&Itemid=75 HTTP/1.1" 200 41529 "-" "Mozilla/5.0 (compatible; MJ12bot/v1.4.8; http://mj12bot.com/)"
5.9.61.232 - - [02/Sep/2021:05:38:14 +0200] "GET /index2.php?option=com_content&task=emailform&id=1016&itemid=75 HTTP/1.1" 200 2459 "-" "Mozilla/5.0 (compatible; MJ12bot/v1.4.8; http://mj12bot.com/)"
5.9.61.232 - - [02/Sep/2021:05:38:16 +0200] "GET /index2.php?option=com_content&task=emailform&id=1081&itemid=75 HTTP/1.1" 200 2496 "-" "Mozilla/5.0 (compatible; MJ12bot/v1.4.8; http://mj12bot.com/)"
5.9.61.232 - - [02/Sep/2021:05:38:18 +0200] "GET /index2.php?option=com_content&task=emailform&id=1085&itemid=75 HTTP/1.1" 200 2456 "-" "Mozilla/5.0 (compatible; MJ12bot/v1.4.8; http://mj12bot.com/)"
5.9.61.232 - - [02/Sep/2021:05:38:20 +0200] "GET /index2.php?option=com_content&task=emailform&id=1110&itemid=75 HTTP/1.1" 200 2471 "-" "Mozilla/5.0 (compatible; MJ12bot/v1.4.8; http://mj12bot.com/)"
5.9.61.232 - - [02/Sep/2021:05:38:22 +0200] "GET /index2.php?option=com_content&task=emailform&id=1131&itemid=75 HTTP/1.1" 200 2462 "-" "Mozilla/5.0 (compatible; MJ12bot/v1.4.8; http://mj12bot.com/)"
5.9.61.232 - - [02/Sep/2021:05:38:24 +0200] "GET /index2.php?option=com_content&task=emailform&id=321&itemid=68 HTTP/1.1" 200 2490 "-" "Mozilla/5.0 (compatible; MJ12bot/v1.4.8; http://mj12bot.com/)"
5.9.61.232 - - [02/Sep/2021:05:38:26 +0200] "GET /index2.php?option=com_content&task=emailform&id=348&itemid=99999999 HTTP/1.1" 200 2509 "-" "Mozilla/5.0 (compatible; MJ12bot/v1.4.8; http://mj12bot.com/)"
5.9.61.232 - - [02/Sep/2021:05:38:28 +0200] "GET /index2.php?option=com_content&task=emailform&id=349&itemid=99999999 HTTP/1.1" 200 2483 "-" "Mozilla/5.0 (compatible; MJ12bot/v1.4.8; http://mj12bot.com/)"
5.9.61.232 - - [02/Sep/2021:05:38:30 +0200] "GET /index2.php?option=com_content&task=emailform&id=350&itemid=99999999 HTTP/1.1" 200 2480 "-" "Mozilla/5.0 (compatible; MJ12bot/v1.4.8; http://mj12bot.com/)"
5.9.61.232 - - [02/Sep/2021:05:38:32 +0200] "GET /index2.php?option=com_content&task=emailform&id=410&itemid=99999999 HTTP/1.1" 200 2501 "-" "Mozilla/5.0 (compatible; MJ12bot/v1.4.8; http://mj12bot.com/)"
5.9.61.232 - - [02/Sep/2021:05:38:33 +0200] "GET /index2.php?option=com_content&task=emailform&id=499&itemid=99999999 HTTP/1.1" 200 2501 "-" "Mozilla/5.0 (compatible; MJ12bot/v1.4.8; http://mj12bot.com/)"
185.191.171.35 - - [02/Sep/2021:05:38:35 +0200] "GET /index2.php?Itemid=75&id=1170&option=com_content&page=0&pop=1&task=view HTTP/1.1" 200 2587 "-" "Mozilla/5.0 (compatible; SemrushBot/7~bl; +http://www.semrush.com/bot.html)"
5.9.61.232 - - [02/Sep/2021:05:38:35 +0200] "GET /index2.php?option=com_content&task=emailform&id=62&itemid=99999999 HTTP/1.1" 200 2503 "-" "Mozilla/5.0 (compatible; MJ12bot/v1.4.8; http://mj12bot.com/)"
5.9.61.232 - - [02/Sep/2021:05:38:38 +0200] "GET /index2.php?option=com_content&task=emailform&id=712&itemid=78 HTTP/1.1" 200 2464 "-" "Mozilla/5.0 (compatible; MJ12bot/v1.4.8; http://mj12bot.com/)"
5.9.61.232 - - [02/Sep/2021:05:38:39 +0200] "GET /index2.php?option=com_content&task=emailform&id=715&itemid=78 HTTP/1.1" 200 2460 "-" "Mozilla/5.0 (compatible; MJ12bot/v1.4.8; http://mj12bot.com/)"
5.9.61.232 - - [02/Sep/2021:05:38:41 +0200] "GET /index2.php?option=com_content&task=emailform&id=716&itemid=1 HTTP/1.1" 200 2456 "-" "Mozilla/5.0 (compatible; MJ12bot/v1.4.8; http://mj12bot.com/)"
5.9.61.232 - - [02/Sep/2021:05:38:45 +0200] "GET /index2.php?option=com_content&task=emailform&id=716&itemid=75 HTTP/1.1" 200 2457 "-" "Mozilla/5.0 (compatible; MJ12bot/v1.4.8; http://mj12bot.com/)"
185.191.171.42 - - [02/Sep/2021:05:39:34 +0200] "GET /index2.php?id=910&itemid=78&option=com_content&task=emailform HTTP/1.1" 200 2454 "-" "Mozilla/5.0 (compatible; SemrushBot/7~bl; +http://www.semrush.com/bot.html)"
54.36.148.172 - - [02/Sep/2021:05:41:09 +0200] "GET /index2.php?option=com_content&task=view&id=1204&pop=1&page=0&Itemid=75 HTTP/1.1" 200 2309 "-" "Mozilla/5.0 (compatible; AhrefsBot/7.0; +http://ahrefs.com/robot/)"
185.191.171.34 - - [02/Sep/2021:05:42:45 +0200] "GET /index.php?Itemid=69&id=394&option=com_content&task=view HTTP/1.1" 200 30486 "-" "Mozilla/5.0 (compatible; SemrushBot/7~bl; +http://www.semrush.com/bot.html)"
185.191.171.23 - - [02/Sep/2021:05:44:05 +0200] "GET /index2.php?Itemid=66&id=152&option=com_content&page=0&pop=1&task=view HTTP/1.1" 200 9251 "-" "Mozilla/5.0 (compatible; SemrushBot/7~bl; +http://www.semrush.com/bot.html)"
185.191.171.17 - - [02/Sep/2021:05:44:51 +0200] "GET /index.php?Itemid=68&id=276&option=com_content&task=view HTTP/1.1" 200 39823 "-" "Mozilla/5.0 (compatible; SemrushBot/7~bl; +http://www.semrush.com/bot.html)"
185.191.171.7 - - [02/Sep/2021:05:45:10 +0200] "GET /index.php?id=91&option=com_content&task=view HTTP/1.1" 200 29572 "-" "Mozilla/5.0 (compatible; SemrushBot/7~bl; +http://www.semrush.com/bot.html)"
66.249.66.35 - - [02/Sep/2021:05:45:27 +0200] "GET /index.php?option=com_content&task=view&id=252 HTTP/1.1" 200 28737 "-" "Mozilla/5.0 (Linux; Android 6.0.1; Nexus 5X Build/MMB29P) AppleWebKit/537.36 (KHTML, like Gecko) Chrome/92.0.4515.119 Mobile Safari/537.36 (compatible; Googlebot/2.1; +http://www.google.com/bot.html)"
185.191.171.7 - - [02/Sep/2021:05:45:29 +0200] "GET /index2.php?id=1058&itemid=1&option=com_content&task=emailform HTTP/1.1" 200 2509 "-" "Mozilla/5.0 (compatible; SemrushBot/7~bl; +http://www.semrush.com/bot.html)"
185.191.171.25 - - [02/Sep/2021:05:47:21 +0200] "GET /robots.txt HTTP/1.1" 200 286 "-" "Mozilla/5.0 (compatible; SemrushBot/7~bl; +http://www.semrush.com/bot.html)"
185.191.171.12 - - [02/Sep/2021:05:47:22 +0200] "GET /index2.php?id=1084&option=com_content&page=0&pop=1&task=view HTTP/1.1" 200 23053 "-" "Mozilla/5.0 (compatible; SemrushBot/7~bl; +http://www.semrush.com/bot.html)"
185.191.171.9 - - [02/Sep/2021:05:47:30 +0200] "GET /sitemap.xml HTTP/1.1" 404 1181 "-" "Mozilla/5.0 (compatible; SemrushBot/7~bl; +http://www.semrush.com/bot.html)"
54.36.148.80 - - [02/Sep/2021:05:47:50 +0200] "GET /index.php?option=com_content&task=view&id=1022 HTTP/1.1" 200 28817 "-" "Mozilla/5.0 (compatible; AhrefsBot/7.0; +http://ahrefs.com/robot/)"
185.191.171.12 - - [02/Sep/2021:05:48:39 +0200] "GET /index2.php?id=931&itemid=78&option=com_content&task=emailform HTTP/1.1" 200 2509 "-" "Mozilla/5.0 (compatible; SemrushBot/7~bl; +http://www.semrush.com/bot.html)"
54.36.148.89 - - [02/Sep/2021:05:54:10 +0200] "GET /index2.php?option=com_content&task=view&id=810&pop=1&page=0 HTTP/1.1" 200 2289 "-" "Mozilla/5.0 (compatible; AhrefsBot/7.0; +http://ahrefs.com/robot/)"
66.249.66.38 - - [02/Sep/2021:05:57:27 +0200] "GET /index.php?option=com_content&task=view&id=719 HTTP/1.1" 200 28202 "-" "Mozilla/5.0 (Linux; Android 6.0.1; Nexus 5X Build/MMB29P) AppleWebKit/537.36 (KHTML, like Gecko) Chrome/92.0.4515.119 Mobile Safari/537.36 (compatible; Googlebot/2.1; +http://www.google.com/bot.html)"
216.244.66.239 - - [02/Sep/2021:05:57:30 +0200] "GET /robots.txt HTTP/1.1" 200 286 "-" "Mozilla/5.0 (compatible; DotBot/1.2; +https://opensiteexplorer.org/dotbot; help@moz.com)"
54.36.148.46 - - [02/Sep/2021:06:00:41 +0200] "GET /index2.php?option=com_content&task=emailform&id=810&itemid=99999999 HTTP/1.1" 200 2460 "-" "Mozilla/5.0 (compatible; AhrefsBot/7.0; +http://ahrefs.com/robot/)"
185.191.171.11 - - [02/Sep/2021:06:03:11 +0200] "GET /index2.php?id=856&itemid=99999999&option=com_content&task=emailform HTTP/1.1" 200 2482 "-" "Mozilla/5.0 (compatible; SemrushBot/7~bl; +http://www.semrush.com/bot.html)"
107.175.13.232 - - [02/Sep/2021:06:04:12 +0200] "GET / HTTP/1.1" 200 33997 "-" "Mozilla/5.0 (X11; Linux x86_64) AppleWebKit/537.36 (KHTML, like Gecko) Chrome/66.0.3359.139 Safari/537.36 OPR/53.0.2907.37"
159.69.145.50 - - [02/Sep/2021:06:04:13 +0200] "HEAD / HTTP/1.1" 200 0 "-" "Alert_Alligator_webmonitoring_service_1.6.3_(alertalligator.com)"
196.245.164.150 - - [02/Sep/2021:06:04:15 +0200] "GET /index.php?option=com_contact&Itemid=3 HTTP/1.1" 200 32007 "http://kokosz.hu" "Mozilla/5.0 (X11; Linux x86_64) AppleWebKit/537.36 (KHTML, like Gecko) Chrome/66.0.3359.139 Safari/537.36 OPR/53.0.2907.37"
196.245.164.150 - - [02/Sep/2021:06:04:19 +0200] "POST /index.php?option=com_contact&Itemid=3 HTTP/1.1" 301 5 "http://www.kokosz.hu/index.php?option=com_contact&Itemid=3" "Mozilla/5.0 (X11; Linux x86_64) AppleWebKit/537.36 (KHTML, like Gecko) Chrome/66.0.3359.139 Safari/537.36 OPR/53.0.2907.37"
196.245.164.150 - - [02/Sep/2021:06:04:21 +0200] "GET /index.php?option=com_contact&task=view&contact_id=1&Itemid=3&mosmsg=K%C3%B6sz%C3%B6nj%C3%BCk+az+%C3%BCzenetet%21 HTTP/1.1" 200 32148 "http://www.kokosz.hu/index.php?option=com_contact&Itemid=3" "Mozilla/5.0 (X11; Linux x86_64) AppleWebKit/537.36 (KHTML, like Gecko) Chrome/66.0.3359.139 Safari/537.36 OPR/53.0.2907.37"
54.36.148.236 - - [02/Sep/2021:06:06:24 +0200] "GET /index.php?option=com_content&task=view&id=1005 HTTP/1.1" 200 28255 "-" "Mozilla/5.0 (compatible; AhrefsBot/7.0; +http://ahrefs.com/robot/)"
185.191.171.2 - - [02/Sep/2021:06:07:14 +0200] "GET /index2.php?id=640&itemid=99999999&option=com_content&task=emailform HTTP/1.1" 200 2534 "-" "Mozilla/5.0 (compatible; SemrushBot/7~bl; +http://www.semrush.com/bot.html)"
185.191.171.21 - - [02/Sep/2021:06:08:25 +0200] "GET /index.php?id=525&option=com_content&task=view HTTP/1.1" 200 30474 "-" "Mozilla/5.0 (compatible; SemrushBot/7~bl; +http://www.semrush.com/bot.html)"
188.40.75.223 - - [02/Sep/2021:06:09:05 +0200] "GET /index.php?option=com_content&task=view&id=325&Itemid=68 HTTP/1.1" 200 30221 "-" "Mozilla/5.0 (compatible; DataForSeoBot/1.0; +https://dataforseo.com/dataforseo-bot)"
168.119.137.36 - - [02/Sep/2021:06:09:08 +0200] "GET /index.php?option=com_content&task=view&id=768 HTTP/1.1" 200 29534 "-" "Mozilla/5.0 (compatible; DataForSeoBot/1.0; +https://dataforseo.com/dataforseo-bot)"
185.191.171.44 - - [02/Sep/2021:06:10:36 +0200] "GET /index2.php?id=482&itemid=69&option=com_content&task=emailform HTTP/1.1" 200 2528 "-" "Mozilla/5.0 (compatible; SemrushBot/7~bl; +http://www.semrush.com/bot.html)"
185.191.171.20 - - [02/Sep/2021:06:11:02 +0200] "GET /index2.php?Itemid=69&id=357&option=com_content&page=0&pop=1&task=view HTTP/1.1" 200 4630 "-" "Mozilla/5.0 (compatible; SemrushBot/7~bl; +http://www.semrush.com/bot.html)"
54.36.148.1 - - [02/Sep/2021:06:12:00 +0200] "GET /index2.php?option=com_content&task=view&id=879&pop=1&page=0 HTTP/1.1" 200 3041 "-" "Mozilla/5.0 (compatible; AhrefsBot/7.0; +http://ahrefs.com/robot/)"
54.36.148.66 - - [02/Sep/2021:06:17:38 +0200] "GET /index.php?option=com_content&task=view&id=775&Itemid=66 HTTP/1.1" 200 29699 "-" "Mozilla/5.0 (compatible; AhrefsBot/7.0; +http://ahrefs.com/robot/)"
185.191.171.25 - - [02/Sep/2021:06:19:13 +0200] "GET /index2.php?Itemid=88&id=684&option=com_content&page=0&pop=1&task=view HTTP/1.1" 200 19398 "-" "Mozilla/5.0 (compatible; SemrushBot/7~bl; +http://www.semrush.com/bot.html)"
185.191.171.36 - - [02/Sep/2021:06:20:07 +0200] "GET /index2.php?Itemid=75&id=874&option=com_content&page=0&pop=1&task=view HTTP/1.1" 200 4532 "-" "Mozilla/5.0 (compatible; SemrushBot/7~bl; +http://www.semrush.com/bot.html)"
66.249.66.35 - - [02/Sep/2021:06:21:28 +0200] "GET /index.php?option=com_search&Itemid=99999999&searchword=akkredit%C3%A1lt&searchphrase=any&ordering=newest&limit=10&limitstart=10 HTTP/1.1" 200 38043 "-" "Mozilla/5.0 (compatible; Googlebot/2.1; +http://www.google.com/bot.html)"
185.191.171.22 - - [02/Sep/2021:06:24:27 +0200] "GET /index.php?id=120&option=com_content&task=view HTTP/1.1" 200 29577 "-" "Mozilla/5.0 (compatible; SemrushBot/7~bl; +http://www.semrush.com/bot.html)"
54.36.148.184 - - [02/Sep/2021:06:25:42 +0200] "GET /index.php?option=com_content&task=view&id=1031 HTTP/1.1" 200 35333 "-" "Mozilla/5.0 (compatible; AhrefsBot/7.0; +http://ahrefs.com/robot/)"
185.191.171.19 - - [02/Sep/2021:06:28:43 +0200] "GET /index2.php?id=610&option=com_content&page=0&pop=1&task=view HTTP/1.1" 200 4652 "-" "Mozilla/5.0 (compatible; SemrushBot/7~bl; +http://www.semrush.com/bot.html)"
148.251.120.201 - - [02/Sep/2021:06:29:38 +0200] "GET /robots.txt HTTP/1.1" 200 286 "-" "Mozilla/5.0 (compatible; MJ12bot/v1.4.8; http://mj12bot.com/)"
148.251.120.201 - - [02/Sep/2021:06:29:44 +0200] "GET /index2.php?option=com_content&task=emailform&id=720&itemid=79 HTTP/1.1" 200 2463 "-" "Mozilla/5.0 (compatible; MJ12bot/v1.4.8; http://mj12bot.com/)"
148.251.120.201 - - [02/Sep/2021:06:29:49 +0200] "GET /index2.php?option=com_content&task=emailform&id=722&itemid=78 HTTP/1.1" 200 2445 "-" "Mozilla/5.0 (compatible; MJ12bot/v1.4.8; http://mj12bot.com/)"
148.251.120.201 - - [02/Sep/2021:06:30:03 +0200] "GET /index2.php?option=com_content&task=emailform&id=722&itemid=99999999 HTTP/1.1" 200 2451 "-" "Mozilla/5.0 (compatible; MJ12bot/v1.4.8; http://mj12bot.com/)"
148.251.120.201 - - [02/Sep/2021:06:30:08 +0200] "GET /index2.php?option=com_content&task=emailform&id=723&itemid=1 HTTP/1.1" 200 2462 "-" "Mozilla/5.0 (compatible; MJ12bot/v1.4.8; http://mj12bot.com/)"
148.251.120.201 - - [02/Sep/2021:06:30:14 +0200] "GET /index2.php?option=com_content&task=emailform&id=723&itemid=75 HTTP/1.1" 200 2463 "-" "Mozilla/5.0 (compatible; MJ12bot/v1.4.8; http://mj12bot.com/)"
148.251.120.201 - - [02/Sep/2021:06:30:21 +0200] "GET /index2.php?option=com_content&task=emailform&id=723&itemid=78 HTTP/1.1" 200 2463 "-" "Mozilla/5.0 (compatible; MJ12bot/v1.4.8; http://mj12bot.com/)"
148.251.120.201 - - [02/Sep/2021:06:30:27 +0200] "GET /index2.php?option=com_content&task=emailform&id=723&itemid=99999999 HTTP/1.1" 200 2469 "-" "Mozilla/5.0 (compatible; MJ12bot/v1.4.8; http://mj12bot.com/)"
148.251.120.201 - - [02/Sep/2021:06:30:33 +0200] "GET /index2.php?option=com_content&task=emailform&id=724&itemid=1 HTTP/1.1" 200 2479 "-" "Mozilla/5.0 (compatible; MJ12bot/v1.4.8; http://mj12bot.com/)"
148.251.120.201 - - [02/Sep/2021:06:30:38 +0200] "GET /index2.php?option=com_content&task=emailform&id=724&itemid=75 HTTP/1.1" 200 2480 "-" "Mozilla/5.0 (compatible; MJ12bot/v1.4.8; http://mj12bot.com/)"
148.251.120.201 - - [02/Sep/2021:06:30:43 +0200] "GET /index2.php?option=com_content&task=emailform&id=724&itemid=78 HTTP/1.1" 200 2480 "-" "Mozilla/5.0 (compatible; MJ12bot/v1.4.8; http://mj12bot.com/)"
148.251.120.201 - - [02/Sep/2021:06:30:50 +0200] "GET /index2.php?option=com_content&task=emailform&id=724&itemid=79 HTTP/1.1" 200 2480 "-" "Mozilla/5.0 (compatible; MJ12bot/v1.4.8; http://mj12bot.com/)"
148.251.120.201 - - [02/Sep/2021:06:31:04 +0200] "GET /index2.php?option=com_content&task=emailform&id=724&itemid=99999999 HTTP/1.1" 200 2486 "-" "Mozilla/5.0 (compatible; MJ12bot/v1.4.8; http://mj12bot.com/)"
148.251.120.201 - - [02/Sep/2021:06:31:12 +0200] "GET /index2.php?option=com_content&task=emailform&id=725&itemid=67 HTTP/1.1" 200 2475 "-" "Mozilla/5.0 (compatible; MJ12bot/v1.4.8; http://mj12bot.com/)"
148.251.120.201 - - [02/Sep/2021:06:31:21 +0200] "GET /index2.php?option=com_content&task=emailform&id=728&itemid=75 HTTP/1.1" 200 2535 "-" "Mozilla/5.0 (compatible; MJ12bot/v1.4.8; http://mj12bot.com/)"
148.251.120.201 - - [02/Sep/2021:06:31:28 +0200] "GET /index2.php?option=com_content&task=emailform&id=731&itemid=1 HTTP/1.1" 200 2482 "-" "Mozilla/5.0 (compatible; MJ12bot/v1.4.8; http://mj12bot.com/)"
148.251.120.201 - - [02/Sep/2021:06:31:35 +0200] "GET /index2.php?option=com_content&task=emailform&id=731&itemid=78 HTTP/1.1" 200 2483 "-" "Mozilla/5.0 (compatible; MJ12bot/v1.4.8; http://mj12bot.com/)"
148.251.120.201 - - [02/Sep/2021:06:31:43 +0200] "GET /index2.php?option=com_content&task=emailform&id=731&itemid=99999999 HTTP/1.1" 200 2489 "-" "Mozilla/5.0 (compatible; MJ12bot/v1.4.8; http://mj12bot.com/)"
148.251.120.201 - - [02/Sep/2021:06:31:50 +0200] "GET /index2.php?option=com_content&task=emailform&id=738&itemid=79 HTTP/1.1" 200 2445 "-" "Mozilla/5.0 (compatible; MJ12bot/v1.4.8; http://mj12bot.com/)"
148.251.120.201 - - [02/Sep/2021:06:31:57 +0200] "GET /index2.php?option=com_content&task=emailform&id=74&itemid=65 HTTP/1.1" 200 2485 "-" "Mozilla/5.0 (compatible; MJ12bot/v1.4.8; http://mj12bot.com/)"
148.251.120.201 - - [02/Sep/2021:06:32:04 +0200] "GET /index2.php?option=com_content&task=emailform&id=742&itemid=79 HTTP/1.1" 200 2458 "-" "Mozilla/5.0 (compatible; MJ12bot/v1.4.8; http://mj12bot.com/)"
148.251.120.201 - - [02/Sep/2021:06:32:08 +0200] "GET /index2.php?option=com_content&task=emailform&id=743&itemid=79 HTTP/1.1" 200 2454 "-" "Mozilla/5.0 (compatible; MJ12bot/v1.4.8; http://mj12bot.com/)"
148.251.120.201 - - [02/Sep/2021:06:32:17 +0200] "GET /index2.php?option=com_content&task=emailform&id=744&itemid=79 HTTP/1.1" 200 2478 "-" "Mozilla/5.0 (compatible; MJ12bot/v1.4.8; http://mj12bot.com/)"
148.251.120.201 - - [02/Sep/2021:06:32:24 +0200] "GET /index2.php?option=com_content&task=emailform&id=745&itemid=99999999 HTTP/1.1" 200 2469 "-" "Mozilla/5.0 (compatible; MJ12bot/v1.4.8; http://mj12bot.com/)"
148.251.120.201 - - [02/Sep/2021:06:32:32 +0200] "GET /index2.php?option=com_content&task=emailform&id=746&itemid=75 HTTP/1.1" 200 2456 "-" "Mozilla/5.0 (compatible; MJ12bot/v1.4.8; http://mj12bot.com/)"
148.251.120.201 - - [02/Sep/2021:06:32:39 +0200] "GET /index2.php?option=com_content&task=emailform&id=746&itemid=78 HTTP/1.1" 200 2456 "-" "Mozilla/5.0 (compatible; MJ12bot/v1.4.8; http://mj12bot.com/)"
148.251.120.201 - - [02/Sep/2021:06:32:50 +0200] "GET /index2.php?option=com_content&task=emailform&id=746&itemid=89 HTTP/1.1" 200 2456 "-" "Mozilla/5.0 (compatible; MJ12bot/v1.4.8; http://mj12bot.com/)"
54.36.148.114 - - [02/Sep/2021:06:33:21 +0200] "GET /index2.php?option=com_content&task=emailform&id=912&itemid=99999999 HTTP/1.1" 200 2493 "-" "Mozilla/5.0 (compatible; AhrefsBot/7.0; +http://ahrefs.com/robot/)"
185.191.171.42 - - [02/Sep/2021:06:34:02 +0200] "GET /index2.php?id=189&option=com_content&page=0&pop=1&task=view HTTP/1.1" 200 2656 "-" "Mozilla/5.0 (compatible; SemrushBot/7~bl; +http://www.semrush.com/bot.html)"
185.191.171.38 - - [02/Sep/2021:06:35:51 +0200] "GET /index.php?id=252&option=com_content&task=view HTTP/1.1" 200 28738 "-" "Mozilla/5.0 (compatible; SemrushBot/7~bl; +http://www.semrush.com/bot.html)"
185.191.171.7 - - [02/Sep/2021:06:37:19 +0200] "GET /index2.php?id=837&itemid=78&option=com_content&task=emailform HTTP/1.1" 200 2465 "-" "Mozilla/5.0 (compatible; SemrushBot/7~bl; +http://www.semrush.com/bot.html)"
185.191.34.215 - - [02/Sep/2021:06:37:34 +0200] "GET /wp-aa.php?up2018info=1 HTTP/1.1" 404 1181 "-" "Mozilla/5.0 (Windows NT 10.0; Win64; x64) AppleWebKit/537.36 (KHTML, like Gecko) Chrome/74.0.3729.169 Safari/537.36"
185.191.171.38 - - [02/Sep/2021:06:38:40 +0200] "GET /index2.php?id=922&option=com_content&page=0&pop=1&task=view HTTP/1.1" 200 3662 "-" "Mozilla/5.0 (compatible; SemrushBot/7~bl; +http://www.semrush.com/bot.html)"
157.55.39.134 - - [02/Sep/2021:06:40:41 +0200] "GET /index.php?option=com_content&task=view&id=116&Itemid=66 HTTP/1.1" 200 33904 "-" "Mozilla/5.0 (compatible; bingbot/2.0; +http://www.bing.com/bingbot.htm)"
54.36.149.19 - - [02/Sep/2021:06:41:01 +0200] "GET /index2.php?option=com_content&task=view&id=781&pop=1&page=0 HTTP/1.1" 200 8808 "-" "Mozilla/5.0 (compatible; AhrefsBot/7.0; +http://ahrefs.com/robot/)"
216.244.66.239 - - [02/Sep/2021:06:43:27 +0200] "GET /robots.txt HTTP/1.1" 200 286 "-" "Mozilla/5.0 (compatible; DotBot/1.2; +https://opensiteexplorer.org/dotbot; help@moz.com)"
54.36.148.210 - - [02/Sep/2021:06:48:49 +0200] "GET /index.php?option=com_content&task=view&id=1012 HTTP/1.1" 200 29625 "-" "Mozilla/5.0 (compatible; AhrefsBot/7.0; +http://ahrefs.com/robot/)"
185.191.171.23 - - [02/Sep/2021:06:50:48 +0200] "GET /robots.txt HTTP/1.1" 200 286 "-" "Mozilla/5.0 (compatible; SemrushBot/7~bl; +http://www.semrush.com/bot.html)"
185.191.171.1 - - [02/Sep/2021:06:50:49 +0200] "GET /index.php?Itemid=66&id=149&option=com_content&task=view HTTP/1.1" 200 29712 "-" "Mozilla/5.0 (compatible; SemrushBot/7~bl; +http://www.semrush.com/bot.html)"
54.36.148.182 - - [02/Sep/2021:06:56:11 +0200] "GET /index2.php?option=com_content&task=view&id=912&pop=1&page=0 HTTP/1.1" 200 37962 "-" "Mozilla/5.0 (compatible; AhrefsBot/7.0; +http://ahrefs.com/robot/)"
185.191.171.43 - - [02/Sep/2021:06:56:53 +0200] "GET /index2.php?id=230&itemid=65&option=com_content&task=emailform HTTP/1.1" 200 2469 "-" "Mozilla/5.0 (compatible; SemrushBot/7~bl; +http://www.semrush.com/bot.html)"
66.249.66.35 - - [02/Sep/2021:06:57:28 +0200] "GET /index.php?option=com_content&task=view&id=126&Itemid=88 HTTP/1.1" 200 35772 "-" "Mozilla/5.0 (compatible; Googlebot/2.1; +http://www.google.com/bot.html)"
159.69.145.50 - - [02/Sep/2021:07:03:34 +0200] "HEAD / HTTP/1.1" 200 0 "-" "Alert_Alligator_webmonitoring_service_1.6.3_(alertalligator.com)"
185.191.171.36 - - [02/Sep/2021:07:03:35 +0200] "GET /index2.php?id=861&itemid=78&option=com_content&task=emailform HTTP/1.1" 200 2468 "-" "Mozilla/5.0 (compatible; SemrushBot/7~bl; +http://www.semrush.com/bot.html)"
54.36.148.153 - - [02/Sep/2021:07:04:01 +0200] "GET /index.php?option=com_content&task=view&id=152&Itemid=66 HTTP/1.1" 200 35272 "-" "Mozilla/5.0 (compatible; AhrefsBot/7.0; +http://ahrefs.com/robot/)"
185.191.171.40 - - [02/Sep/2021:07:04:41 +0200] "GET /index2.php?Itemid=75&id=731&option=com_content&page=0&pop=1&task=view HTTP/1.1" 200 4332 "-" "Mozilla/5.0 (compatible; SemrushBot/7~bl; +http://www.semrush.com/bot.html)"
185.191.171.35 - - [02/Sep/2021:07:04:52 +0200] "GET /index2.php?id=403&option=com_content&page=0&pop=1&task=view HTTP/1.1" 200 4469 "-" "Mozilla/5.0 (compatible; SemrushBot/7~bl; +http://www.semrush.com/bot.html)"
185.191.171.39 - - [02/Sep/2021:07:05:46 +0200] "GET /index2.php?Itemid=78&id=842&option=com_content&page=0&pop=1&task=view HTTP/1.1" 200 2298 "-" "Mozilla/5.0 (compatible; SemrushBot/7~bl; +http://www.semrush.com/bot.html)"
13.66.139.1 - - [02/Sep/2021:07:10:52 +0200] "GET /robots.txt HTTP/1.1" 200 286 "-" "Mozilla/5.0 (compatible; bingbot/2.0; +http://www.bing.com/bingbot.htm)"
54.36.148.211 - - [02/Sep/2021:07:11:24 +0200] "GET /index.php?option=com_content&task=view&id=1011 HTTP/1.1" 200 28851 "-" "Mozilla/5.0 (compatible; AhrefsBot/7.0; +http://ahrefs.com/robot/)"
185.191.171.18 - - [02/Sep/2021:07:15:04 +0200] "GET /index2.php?Itemid=75&id=759&option=com_content&page=0&pop=1&task=view HTTP/1.1" 200 2508 "-" "Mozilla/5.0 (compatible; SemrushBot/7~bl; +http://www.semrush.com/bot.html)"
54.36.148.251 - - [02/Sep/2021:07:18:51 +0200] "GET /index2.php?option=com_content&task=emailform&id=812&itemid=99999999 HTTP/1.1" 200 2473 "-" "Mozilla/5.0 (compatible; AhrefsBot/7.0; +http://ahrefs.com/robot/)"
185.191.171.1 - - [02/Sep/2021:07:18:55 +0200] "GET /index2.php?id=1113&itemid=1&option=com_content&task=emailform HTTP/1.1" 200 2457 "-" "Mozilla/5.0 (compatible; SemrushBot/7~bl; +http://www.semrush.com/bot.html)"
207.46.13.131 - - [02/Sep/2021:07:20:45 +0200] "GET /index.php?option=com_content&task=view&id=1030&Itemid=97 HTTP/1.1" 200 28303 "-" "Mozilla/5.0 (compatible; bingbot/2.0; +http://www.bing.com/bingbot.htm)"
66.249.66.35 - - [02/Sep/2021:07:21:27 +0200] "GET /index2.php?option=com_content&task=emailform&id=114&itemid=88 HTTP/1.1" 200 2490 "-" "Mozilla/5.0 (compatible; Googlebot/2.1; +http://www.google.com/bot.html)"
54.36.149.102 - - [02/Sep/2021:07:26:18 +0200] "GET /index.php?option=com_content&task=view&id=1022&Itemid=75 HTTP/1.1" 200 29535 "-" "Mozilla/5.0 (compatible; AhrefsBot/7.0; +http://ahrefs.com/robot/)"
216.244.66.239 - - [02/Sep/2021:07:28:47 +0200] "GET /robots.txt HTTP/1.1" 200 286 "-" "Mozilla/5.0 (compatible; DotBot/1.2; +https://opensiteexplorer.org/dotbot; help@moz.com)"
185.191.171.10 - - [02/Sep/2021:07:29:31 +0200] "GET /index2.php?id=848&itemid=99999999&option=com_content&task=emailform HTTP/1.1" 200 2471 "-" "Mozilla/5.0 (compatible; SemrushBot/7~bl; +http://www.semrush.com/bot.html)"
185.191.171.18 - - [02/Sep/2021:07:33:06 +0200] "GET /index2.php?id=848&option=com_content&page=0&pop=1&task=view HTTP/1.1" 200 2497 "-" "Mozilla/5.0 (compatible; SemrushBot/7~bl; +http://www.semrush.com/bot.html)"
54.36.148.24 - - [02/Sep/2021:07:33:58 +0200] "GET /index2.php?option=com_content&task=view&id=812&pop=1&page=0 HTTP/1.1" 200 13587 "-" "Mozilla/5.0 (compatible; AhrefsBot/7.0; +http://ahrefs.com/robot/)"
185.191.171.36 - - [02/Sep/2021:07:34:11 +0200] "GET /index2.php?id=102&itemid=66&option=com_content&task=emailform HTTP/1.1" 200 2496 "-" "Mozilla/5.0 (compatible; SemrushBot/7~bl; +http://www.semrush.com/bot.html)"
185.191.171.10 - - [02/Sep/2021:07:34:54 +0200] "GET /index.php?id=856&option=com_content&task=view HTTP/1.1" 200 28629 "-" "Mozilla/5.0 (compatible; SemrushBot/7~bl; +http://www.semrush.com/bot.html)"
185.191.171.36 - - [02/Sep/2021:07:35:10 +0200] "GET /index2.php?id=1201&itemid=1&option=com_content&task=emailform HTTP/1.1" 200 692 "-" "Mozilla/5.0 (compatible; SemrushBot/7~bl; +http://www.semrush.com/bot.html)"
185.191.171.15 - - [02/Sep/2021:07:37:46 +0200] "GET /index.php?id=301&option=com_content&task=view HTTP/1.1" 200 29824 "-" "Mozilla/5.0 (compatible; SemrushBot/7~bl; +http://www.semrush.com/bot.html)"
185.191.171.25 - - [02/Sep/2021:07:39:03 +0200] "GET /index2.php?Itemid=68&id=316&option=com_content&page=0&pop=1&task=view HTTP/1.1" 200 11684 "-" "Mozilla/5.0 (compatible; SemrushBot/7~bl; +http://www.semrush.com/bot.html)"
54.36.148.37 - - [02/Sep/2021:07:40:34 +0200] "GET /index.php?option=com_content&task=view&id=999 HTTP/1.1" 200 28411 "-" "Mozilla/5.0 (compatible; AhrefsBot/7.0; +http://ahrefs.com/robot/)"
185.191.171.8 - - [02/Sep/2021:07:40:49 +0200] "GET /index2.php?id=936&option=com_content&page=0&pop=1&task=view HTTP/1.1" 200 3359 "-" "Mozilla/5.0 (compatible; SemrushBot/7~bl; +http://www.semrush.com/bot.html)"
185.191.171.23 - - [02/Sep/2021:07:46:56 +0200] "GET /index2.php?Itemid=89&id=1185&option=com_content&page=0&pop=1&task=view HTTP/1.1" 200 2395 "-" "Mozilla/5.0 (compatible; SemrushBot/7~bl; +http://www.semrush.com/bot.html)"
54.36.148.12 - - [02/Sep/2021:07:47:38 +0200] "GET /index.php?option=com_content&task=view&id=825 HTTP/1.1" 200 28460 "-" "Mozilla/5.0 (compatible; AhrefsBot/7.0; +http://ahrefs.com/robot/)"
185.191.171.13 - - [02/Sep/2021:07:49:20 +0200] "GET /index.php?Itemid=1&id=915&option=com_content&task=view HTTP/1.1" 200 29425 "-" "Mozilla/5.0 (compatible; SemrushBot/7~bl; +http://www.semrush.com/bot.html)"
185.191.171.11 - - [02/Sep/2021:07:50:47 +0200] "GET /index2.php?Itemid=66&id=117&option=com_content&page=0&pop=1&task=view HTTP/1.1" 200 5377 "-" "Mozilla/5.0 (compatible; SemrushBot/7~bl; +http://www.semrush.com/bot.html)"
185.191.171.25 - - [02/Sep/2021:07:50:58 +0200] "GET /robots.txt HTTP/1.1" 200 286 "-" "Mozilla/5.0 (compatible; SemrushBot/7~bl; +http://www.semrush.com/bot.html)"
185.191.171.9 - - [02/Sep/2021:07:50:59 +0200] "GET /index2.php?id=193&itemid=65&option=com_content&task=emailform HTTP/1.1" 200 2483 "-" "Mozilla/5.0 (compatible; SemrushBot/7~bl; +http://www.semrush.com/bot.html)"
185.191.171.25 - - [02/Sep/2021:07:52:21 +0200] "GET /index.php?Itemid=84&catid=20&func=viewcategory&option=com_ponygallery HTTP/1.1" 200 51744 "-" "Mozilla/5.0 (compatible; SemrushBot/7~bl; +http://www.semrush.com/bot.html)"
185.191.171.9 - - [02/Sep/2021:07:55:12 +0200] "GET /index2.php?id=430&option=com_content&page=0&pop=1&task=view HTTP/1.1" 200 4454 "-" "Mozilla/5.0 (compatible; SemrushBot/7~bl; +http://www.semrush.com/bot.html)"
54.36.148.200 - - [02/Sep/2021:07:55:27 +0200] "GET /index.php?option=com_content&task=view&id=718&Itemid=75 HTTP/1.1" 200 41125 "-" "Mozilla/5.0 (compatible; AhrefsBot/7.0; +http://ahrefs.com/robot/)"
207.46.13.131 - - [02/Sep/2021:07:55:29 +0200] "GET /index2.php?option=com_content&task=emailform&id=452&itemid=69 HTTP/1.1" 200 2510 "-" "Mozilla/5.0 (compatible; bingbot/2.0; +http://www.bing.com/bingbot.htm)"
17.121.113.131 - - [02/Sep/2021:07:56:57 +0200] "GET /index.php?task=category§ionid=10&id=28&Itemid=78&option=com_content HTTP/1.1" 200 43058 "-" "Mozilla/5.0 (Macintosh; Intel Mac OS X 10_15_5) AppleWebKit/605.1.15 (KHTML, like Gecko) Version/13.1.1 Safari/605.1.15 (Applebot/0.1; +http://www.apple.com/go/applebot)"
185.191.171.26 - - [02/Sep/2021:07:57:02 +0200] "GET /index.php?Itemid=78&id=852&option=com_content&task=view HTTP/1.1" 200 28848 "-" "Mozilla/5.0 (compatible; SemrushBot/7~bl; +http://www.semrush.com/bot.html)"
185.191.171.34 - - [02/Sep/2021:07:57:37 +0200] "GET /index.php?id=602&option=com_content&task=view HTTP/1.1" 200 30425 "-" "Mozilla/5.0 (compatible; SemrushBot/7~bl; +http://www.semrush.com/bot.html)"
66.249.66.38 - - [02/Sep/2021:07:58:15 +0200] "GET /index.php?option=com_content&task=view&id=226&Itemid=65 HTTP/1.1" 200 29473 "-" "Mozilla/5.0 (Linux; Android 6.0.1; Nexus 5X Build/MMB29P) AppleWebKit/537.36 (KHTML, like Gecko) Chrome/92.0.4515.119 Mobile Safari/537.36 (compatible; Googlebot/2.1; +http://www.google.com/bot.html)"
185.191.171.7 - - [02/Sep/2021:07:59:03 +0200] "GET /index.php?Itemid=1&id=1015&option=com_content&task=view HTTP/1.1" 200 29433 "-" "Mozilla/5.0 (compatible; SemrushBot/7~bl; +http://www.semrush.com/bot.html)"
185.191.171.2 - - [02/Sep/2021:08:00:55 +0200] "GET /index.php?Itemid=69&id=460&option=com_content&task=view HTTP/1.1" 200 30558 "-" "Mozilla/5.0 (compatible; SemrushBot/7~bl; +http://www.semrush.com/bot.html)"
185.191.171.18 - - [02/Sep/2021:08:00:59 +0200] "GET /index2.php?Itemid=1&id=985&option=com_content&page=0&pop=1&task=view HTTP/1.1" 200 3792 "-" "Mozilla/5.0 (compatible; SemrushBot/7~bl; +http://www.semrush.com/bot.html)"
66.249.66.38 - - [02/Sep/2021:08:01:05 +0200] "GET /index.php?option=com_content&task=view&id=1074&Itemid=67 HTTP/1.1" 200 30158 "-" "Mozilla/5.0 (Linux; Android 6.0.1; Nexus 5X Build/MMB29P) AppleWebKit/537.36 (KHTML, like Gecko) Chrome/92.0.4515.119 Mobile Safari/537.36 (compatible; Googlebot/2.1; +http://www.google.com/bot.html)"
161.97.91.204 - - [02/Sep/2021:08:01:13 +0200] "GET /robots.txt HTTP/1.1" 200 286 "-" "Mozilla/5.0 (compatible; MJ12bot/v1.4.8; http://mj12bot.com/)"
157.55.39.167 - - [02/Sep/2021:08:01:15 +0200] "GET / HTTP/1.1" 200 33998 "-" "Mozilla/5.0 (compatible; bingbot/2.0; +http://www.bing.com/bingbot.htm)"
66.249.66.38 - - [02/Sep/2021:08:01:30 +0200] "GET /index.php?option=com_content&task=view&id=1074&Itemid=67 HTTP/1.1" 200 30158 "-" "Mozilla/5.0 (Linux; Android 6.0.1; Nexus 5X Build/MMB29P) AppleWebKit/537.36 (KHTML, like Gecko) Chrome/92.0.4515.119 Mobile Safari/537.36 (compatible; Googlebot/2.1; +http://www.google.com/bot.html)"
161.97.91.204 - - [02/Sep/2021:08:01:36 +0200] "GET / HTTP/1.1" 200 33998 "-" "Mozilla/5.0 (compatible; MJ12bot/v1.4.8; http://mj12bot.com/)"
159.69.145.50 - - [02/Sep/2021:08:02:38 +0200] "HEAD / HTTP/1.1" 200 0 "-" "Alert_Alligator_webmonitoring_service_1.6.3_(alertalligator.com)"
54.36.148.122 - - [02/Sep/2021:08:02:49 +0200] "GET /index2.php?option=com_content&task=emailform&id=782&itemid=99999999 HTTP/1.1" 200 2455 "-" "Mozilla/5.0 (compatible; AhrefsBot/7.0; +http://ahrefs.com/robot/)"
185.191.171.9 - - [02/Sep/2021:08:04:00 +0200] "GET /index.php?Itemid=66&id=776&option=com_content&task=view HTTP/1.1" 200 29601 "-" "Mozilla/5.0 (compatible; SemrushBot/7~bl; +http://www.semrush.com/bot.html)"
185.191.171.13 - - [02/Sep/2021:08:07:14 +0200] "GET /index2.php?id=747&itemid=75&option=com_content&task=emailform HTTP/1.1" 200 2485 "-" "Mozilla/5.0 (compatible; SemrushBot/7~bl; +http://www.semrush.com/bot.html)"
185.191.171.4 - - [02/Sep/2021:08:07:49 +0200] "GET /index2.php?id=717&itemid=78&option=com_content&task=emailform HTTP/1.1" 200 2479 "-" "Mozilla/5.0 (compatible; SemrushBot/7~bl; +http://www.semrush.com/bot.html)"
54.36.148.200 - - [02/Sep/2021:08:11:17 +0200] "GET /index.php?option=com_content&task=view&id=1112&Itemid=78 HTTP/1.1" 200 37404 "-" "Mozilla/5.0 (compatible; AhrefsBot/7.0; +http://ahrefs.com/robot/)"
185.191.34.215 - - [02/Sep/2021:08:14:33 +0200] "POST /connectors/resource/s_eval.php HTTP/1.1" 404 1181 "-" "Mozilla/5.0 (Macintosh; Intel Mac OS X 10.14; rv:68.0) Gecko/20100101 Firefox/68.0"
185.191.171.6 - - [02/Sep/2021:08:15:40 +0200] "GET /index2.php?Itemid=69&id=427&option=com_content&page=0&pop=1&task=view HTTP/1.1" 200 5412 "-" "Mozilla/5.0 (compatible; SemrushBot/7~bl; +http://www.semrush.com/bot.html)"
216.244.66.239 - - [02/Sep/2021:08:16:14 +0200] "GET /robots.txt HTTP/1.1" 200 286 "-" "Mozilla/5.0 (compatible; DotBot/1.2; +https://opensiteexplorer.org/dotbot; help@moz.com)"
185.191.171.6 - - [02/Sep/2021:08:19:42 +0200] "GET /index.php?Itemid=1&id=924&option=com_content&task=view HTTP/1.1" 200 54963 "-" "Mozilla/5.0 (compatible; SemrushBot/7~bl; +http://www.semrush.com/bot.html)"
185.191.171.1 - - [02/Sep/2021:08:20:00 +0200] "GET /index.php?id=229&option=com_content&task=view HTTP/1.1" 200 29585 "-" "Mozilla/5.0 (compatible; SemrushBot/7~bl; +http://www.semrush.com/bot.html)"
54.36.148.170 - - [02/Sep/2021:08:20:38 +0200] "GET /index2.php?option=com_content&task=emailform&id=893&itemid=99999999 HTTP/1.1" 200 2464 "-" "Mozilla/5.0 (compatible; AhrefsBot/7.0; +http://ahrefs.com/robot/)"
185.191.171.10 - - [02/Sep/2021:08:20:46 +0200] "GET /index.php?Itemid=78&id=757&option=com_content&task=view HTTP/1.1" 200 31708 "-" "Mozilla/5.0 (compatible; SemrushBot/7~bl; +http://www.semrush.com/bot.html)"
185.191.171.15 - - [02/Sep/2021:08:21:24 +0200] "GET /index.php?Itemid=75&id=723&option=com_content&task=view HTTP/1.1" 200 35861 "-" "Mozilla/5.0 (compatible; SemrushBot/7~bl; +http://www.semrush.com/bot.html)"
66.249.66.38 - - [02/Sep/2021:08:21:27 +0200] "GET /index.php?option=com_content&task=view&id=128&Itemid=88 HTTP/1.1" 200 29668 "-" "Mozilla/5.0 (compatible; Googlebot/2.1; +http://www.google.com/bot.html)"
185.191.171.16 - - [02/Sep/2021:08:24:49 +0200] "GET /index2.php?id=584&option=com_content&page=0&pop=1&task=view HTTP/1.1" 200 4610 "-" "Mozilla/5.0 (compatible; SemrushBot/7~bl; +http://www.semrush.com/bot.html)"
185.191.171.25 - - [02/Sep/2021:08:25:07 +0200] "GET /index.php?Itemid=88&id=125&option=com_content&task=view HTTP/1.1" 200 29785 "-" "Mozilla/5.0 (compatible; SemrushBot/7~bl; +http://www.semrush.com/bot.html)"
185.191.171.24 - - [02/Sep/2021:08:27:01 +0200] "GET /index2.php?Itemid=75&id=873&option=com_content&page=0&pop=1&task=view HTTP/1.1" 200 2401 "-" "Mozilla/5.0 (compatible; SemrushBot/7~bl; +http://www.semrush.com/bot.html)"
185.191.171.17 - - [02/Sep/2021:08:27:14 +0200] "GET /index2.php?id=372&itemid=69&option=com_content&task=emailform HTTP/1.1" 200 2481 "-" "Mozilla/5.0 (compatible; SemrushBot/7~bl; +http://www.semrush.com/bot.html)"
216.244.66.239 - - [02/Sep/2021:08:27:58 +0200] "GET /index.php?option=com_content&task=category§ionid=10&id=28&Itemid=78&limit=50&limitstart=300 HTTP/1.1" 200 32728 "-" "Mozilla/5.0 (compatible; DotBot/1.2; +https://opensiteexplorer.org/dotbot; help@moz.com)"
66.249.66.35 - - [02/Sep/2021:08:29:52 +0200] "GET /index2.php?option=com_content&task=emailform&id=128&itemid=88 HTTP/1.1" 200 2480 "-" "Mozilla/5.0 (compatible; Googlebot/2.1; +http://www.google.com/bot.html)"
54.36.148.81 - - [02/Sep/2021:08:30:15 +0200] "GET /index2.php?option=com_content&task=view&id=782&pop=1&page=0 HTTP/1.1" 200 4904 "-" "Mozilla/5.0 (compatible; AhrefsBot/7.0; +http://ahrefs.com/robot/)"
185.191.171.44 - - [02/Sep/2021:08:32:10 +0200] "GET /index2.php?Itemid=68&id=311&option=com_content&page=0&pop=1&task=view HTTP/1.1" 200 9042 "-" "Mozilla/5.0 (compatible; SemrushBot/7~bl; +http://www.semrush.com/bot.html)"
185.191.171.9 - - [02/Sep/2021:08:32:14 +0200] "GET /index2.php?id=894&itemid=78&option=com_content&task=emailform HTTP/1.1" 200 2457 "-" "Mozilla/5.0 (compatible; SemrushBot/7~bl; +http://www.semrush.com/bot.html)"
185.191.171.15 - - [02/Sep/2021:08:32:36 +0200] "GET /index.php?Itemid=1&id=1181&option=com_content&task=view HTTP/1.1" 200 32188 "-" "Mozilla/5.0 (compatible; SemrushBot/7~bl; +http://www.semrush.com/bot.html)"
185.191.171.15 - - [02/Sep/2021:08:32:58 +0200] "GET /index2.php?id=183&option=com_content&page=0&pop=1&task=view HTTP/1.1" 200 3659 "-" "Mozilla/5.0 (compatible; SemrushBot/7~bl; +http://www.semrush.com/bot.html)"
66.249.66.38 - - [02/Sep/2021:08:33:24 +0200] "GET /index.php?option=com_content&task=view&id=247&Itemid=65 HTTP/1.1" 200 29449 "-" "Mozilla/5.0 (Linux; Android 6.0.1; Nexus 5X Build/MMB29P) AppleWebKit/537.36 (KHTML, like Gecko) Chrome/92.0.4515.119 Mobile Safari/537.36 (compatible; Googlebot/2.1; +http://www.google.com/bot.html)"
66.249.66.35 - - [02/Sep/2021:08:34:53 +0200] "GET /index2.php?option=com_content&task=view&id=128&pop=1&page=0&Itemid=88 HTTP/1.1" 200 3636 "-" "Mozilla/5.0 (compatible; Googlebot/2.1; +http://www.google.com/bot.html)"
185.191.171.26 - - [02/Sep/2021:08:36:16 +0200] "GET /index2.php?Itemid=78&id=829&option=com_content&page=0&pop=1&task=view HTTP/1.1" 200 2558 "-" "Mozilla/5.0 (compatible; SemrushBot/7~bl; +http://www.semrush.com/bot.html)"
54.36.148.220 - - [02/Sep/2021:08:39:50 +0200] "GET /index2.php?option=com_content&task=emailform&id=905&itemid=99999999 HTTP/1.1" 200 2485 "-" "Mozilla/5.0 (compatible; AhrefsBot/7.0; +http://ahrefs.com/robot/)"
66.249.66.35 - - [02/Sep/2021:08:40:14 +0200] "GET /index.php?option=com_search&Itemid=99999999&searchword=szakk%C3%B6z%C3%A9piskola&searchphrase=any&ordering=newest&limit=5&limitstart=0 HTTP/1.1" 200 34887 "-" "Mozilla/5.0 (compatible; Googlebot/2.1; +http://www.google.com/bot.html)"
185.191.171.6 - - [02/Sep/2021:08:41:25 +0200] "GET /index.php?Itemid=69&id=526&option=com_content&task=view HTTP/1.1" 200 30576 "-" "Mozilla/5.0 (compatible; SemrushBot/7~bl; +http://www.semrush.com/bot.html)"
185.191.171.39 - - [02/Sep/2021:08:41:28 +0200] "GET /index.php?Itemid=67&id=1194&option=com_content&task=view HTTP/1.1" 200 29965 "-" "Mozilla/5.0 (compatible; SemrushBot/7~bl; +http://www.semrush.com/bot.html)"
185.191.171.8 - - [02/Sep/2021:08:41:29 +0200] "GET /index2.php?id=610&itemid=99999999&option=com_content&task=emailform HTTP/1.1" 200 2531 "-" "Mozilla/5.0 (compatible; SemrushBot/7~bl; +http://www.semrush.com/bot.html)"
66.249.66.41 - - [02/Sep/2021:08:41:32 +0200] "GET /index.php?option=com_search&Itemid=99999999&searchword=szakk%C3%B6z%C3%A9piskola&searchphrase=any&ordering=newest&limit=5&limitstart=5 HTTP/1.1" 200 35244 "-" "Mozilla/5.0 (compatible; Googlebot/2.1; +http://www.google.com/bot.html)"
185.191.171.10 - - [02/Sep/2021:08:43:42 +0200] "GET /index2.php?id=334&itemid=69&option=com_content&task=emailform HTTP/1.1" 200 2477 "-" "Mozilla/5.0 (compatible; SemrushBot/7~bl; +http://www.semrush.com/bot.html)"
66.249.66.35 - - [02/Sep/2021:08:44:26 +0200] "GET /index2.php?option=com_content&task=emailform&id=903&itemid=75 HTTP/1.1" 200 2469 "-" "Mozilla/5.0 (compatible; Googlebot/2.1; +http://www.google.com/bot.html)"
66.249.66.41 - - [02/Sep/2021:08:45:52 +0200] "GET /index2.php?option=com_content&task=emailform&id=72&itemid=99999999 HTTP/1.1" 200 2487 "-" "Mozilla/5.0 (compatible; Googlebot/2.1; +http://www.google.com/bot.html)"
66.249.66.35 - - [02/Sep/2021:08:47:09 +0200] "GET /index2.php?option=com_content&task=emailform&id=1089&itemid=99999999 HTTP/1.1" 200 2481 "-" "Mozilla/5.0 (Linux; Android 6.0.1; Nexus 5X Build/MMB29P) AppleWebKit/537.36 (KHTML, like Gecko) Chrome/92.0.4515.119 Mobile Safari/537.36 (compatible; Googlebot/2.1; +http://www.google.com/bot.html)"
66.249.66.38 - - [02/Sep/2021:08:47:19 +0200] "GET /index2.php?option=com_content&task=emailform&id=534&itemid=69 HTTP/1.1" 200 2479 "-" "Mozilla/5.0 (compatible; Googlebot/2.1; +http://www.google.com/bot.html)"
34.210.84.152 - - [02/Sep/2021:08:48:04 +0200] "GET / HTTP/1.1" 200 33998 "-" "Mozilla/5.0 (X11; Linux x86_64) AppleWebKit/537.36 (KHTML, like Gecko) Chrome/83.0.4103.97 Safari/537.36"
54.36.148.119 - - [02/Sep/2021:08:48:20 +0200] "GET / HTTP/1.1" 200 33998 "-" "Mozilla/5.0 (compatible; AhrefsBot/7.0; +http://ahrefs.com/robot/)"
