200.72.77.235 - - [26/Feb/2012:07:40:50 +0100] "GET /mailman/confirm/ropert/d7bccb26653dd99a7267544c14b9ba8057f48dee HTTP/1.0" 404 1181 "-" "Mozilla/4.0 (compatible; MSIE 4.01; Windows NT)"
200.72.77.235 - - [26/Feb/2012:09:02:25 +0100] "GET /mailman/confirm/piromania/7c6aae13d590d5ed93293c787bad0e1b3ce8f57e HTTP/1.0" 404 1181 "-" "Mozilla/4.0 (compatible; MSIE 4.01; Windows NT)"
81.182.58.10 - - [26/Feb/2012:09:47:41 +0100] "GET / HTTP/1.1" 302 295 "-" "Mozilla/4.0 (compatible; MSIE 7.0; Windows NT 5.1; .NET CLR 1.1.4322)"
81.182.58.10 - - [26/Feb/2012:09:47:43 +0100] "GET / HTTP/1.1" 302 295 "-" "Mozilla/4.0 (compatible; MSIE 7.0; Windows NT 5.1; .NET CLR 1.1.4322)"
95.108.248.30 - - [26/Feb/2012:15:43:52 +0100] "GET / HTTP/1.1" 302 295 "-" "Mozilla/5.0 (compatible; YandexBot/3.0; +http://yandex.com/bots)"
200.72.77.235 - - [26/Feb/2012:16:38:14 +0100] "GET /mailman/confirm/vidra-lista/3c7c016b39b04eede1acfa3aae7873da51ad19aa HTTP/1.0" 404 1181 "-" "Mozilla/4.0 (compatible; MSIE 4.01; Windows NT)"
200.72.77.235 - - [26/Feb/2012:18:11:54 +0100] "GET /mailman/confirm/etk-lista/4852b6c32f305ce5d34f16ac736d3641414d22fd HTTP/1.0" 404 1181 "-" "Mozilla/4.0 (compatible; MSIE 4.01; Windows NT)"
200.72.77.235 - - [26/Feb/2012:18:13:49 +0100] "GET /mailman/confirm/twitcher/c521ed1609687d7dea7ec429a2c79c942ffcf850 HTTP/1.0" 404 1181 "-" "Mozilla/4.0 (compatible; MSIE 4.01; Windows NT)"
200.72.77.235 - - [26/Feb/2012:18:18:47 +0100] "GET /mailman/confirm/etk-lista/782b62aa28fe8116b60b4580f6b4dca24fff9973 HTTP/1.0" 404 1181 "-" "Mozilla/4.0 (compatible; MSIE 4.01; Windows NT)"
200.72.77.235 - - [26/Feb/2012:18:18:49 +0100] "GET /mailman/confirm/twitcher/43cb72d300c43b3ef4e1d716e49cbd12299ab0e8 HTTP/1.0" 404 1181 "-" "Mozilla/4.0 (compatible; MSIE 4.01; Windows NT)"
200.72.77.235 - - [26/Feb/2012:19:58:39 +0100] "GET /mailman/confirm/e-misszio-levlist/8b8c0a5342979b4ff8832592fc3c50244210d2f3 HTTP/1.0" 404 1181 "-" "Mozilla/4.0 (compatible; MSIE 4.01; Windows NT)"
81.182.58.10 - - [26/Feb/2012:21:11:39 +0100] "GET / HTTP/1.1" 302 295 "-" "Mozilla/4.0 (compatible; MSIE 7.0; Windows NT 5.1; .NET CLR 1.1.4322)"
81.182.58.10 - - [26/Feb/2012:21:12:22 +0100] "GET / HTTP/1.1" 302 295 "-" "Mozilla/4.0 (compatible; MSIE 7.0; Windows NT 5.1; .NET CLR 1.1.4322)"
81.182.58.10 - - [26/Feb/2012:22:13:23 +0100] "GET / HTTP/1.1" 302 295 "-" "Mozilla/4.0 (compatible; MSIE 7.0; Windows NT 5.1; .NET CLR 1.1.4322)"
81.182.58.8 - - [27/Feb/2012:08:46:11 +0100] "GET / HTTP/1.1" 302 295 "-" "Mozilla/4.0 (compatible; MSIE 7.0; Windows NT 5.1; .NET CLR 1.1.4322)"
81.182.58.8 - - [27/Feb/2012:08:46:15 +0100] "GET / HTTP/1.1" 302 295 "-" "Mozilla/4.0 (compatible; MSIE 7.0; Windows NT 5.1; .NET CLR 1.1.4322)"
193.225.204.86 - - [27/Feb/2012:08:49:54 +0100] "GET / HTTP/1.1" 302 295 "-" "Mozilla/4.0 (compatible; MSIE 8.0; Windows NT 5.1; Trident/4.0; .NET CLR 2.0.50727; .NET CLR 3.0.4506.2152; .NET CLR 3.5.30729; AskTbORJ/5.14.1.20007)"
193.225.204.86 - - [27/Feb/2012:08:49:58 +0100] "GET / HTTP/1.1" 302 295 "-" "Mozilla/4.0 (compatible; MSIE 8.0; Windows NT 5.1; Trident/4.0; .NET CLR 2.0.50727; .NET CLR 3.0.4506.2152; .NET CLR 3.5.30729; AskTbORJ/5.14.1.20007)"
208.80.194.35 - - [27/Feb/2012:09:05:51 +0100] "GET / HTTP/1.0" 302 283 "-" "Mozilla/4.0 (compatible; MSIE 6.0; Windows NT 5.1; SV1; FunWebProducts; yplus 5.6.03b)"
91.120.127.114 - - [27/Feb/2012:09:35:48 +0100] "GET / HTTP/1.1" 302 295 "-" "Mozilla/5.0 (Windows NT 5.1; rv:10.0.2) Gecko/20100101 Firefox/10.0.2"
91.212.12.58 - - [27/Feb/2012:09:43:27 +0100] "GET /robots.txt HTTP/1.1" 404 1181 "-" "Comodo-Certificates-Spider"
91.212.12.58 - - [27/Feb/2012:09:43:27 +0100] "GET / HTTP/1.1" 302 295 "-" "Comodo-Certificates-Spider"
91.212.12.58 - - [27/Feb/2012:09:43:28 +0100] "GET / HTTP/1.1" 302 295 "-" "Comodo-Certificates-Spider"
81.182.58.8 - - [27/Feb/2012:10:15:05 +0100] "GET / HTTP/1.1" 302 295 "-" "Mozilla/4.0 (compatible; MSIE 7.0; Windows NT 5.1; .NET CLR 1.1.4322)"
81.182.58.43 - - [27/Feb/2012:13:13:26 +0100] "GET / HTTP/1.1" 302 295 "-" "Mozilla/4.0 (compatible; MSIE 7.0; Windows NT 5.1; .NET CLR 1.1.4322)"
81.182.58.43 - - [27/Feb/2012:13:13:29 +0100] "GET / HTTP/1.1" 302 295 "-" "Mozilla/4.0 (compatible; MSIE 7.0; Windows NT 5.1; .NET CLR 1.1.4322)"
174.122.254.42 - - [27/Feb/2012:13:52:32 +0100] "HEAD /mailman/listinfo/raptor HTTP/1.1" 404 0 "-" "Mozilla/5.0 (Windows; U; Windows NT 6.1; en-US) AppleWebKit/534.1 (KHTML, like Gecko) Chrome/6.0.428.0 Safari/534.1"
174.122.254.42 - - [27/Feb/2012:13:52:33 +0100] "GET /mailman/listinfo/raptor HTTP/1.1" 404 1181 "-" "Mozilla/5.0 (Windows; U; Windows NT 6.1; en-US) AppleWebKit/534.1 (KHTML, like Gecko) Chrome/6.0.428.0 Safari/534.1"
81.183.92.4 - - [27/Feb/2012:15:17:35 +0100] "GET / HTTP/1.1" 302 295 "-" "Mozilla/5.0 (Windows NT 5.1; rv:9.0.1) Gecko/20100101 Firefox/9.0.1"
89.133.131.168 - - [27/Feb/2012:18:15:13 +0100] "GET / HTTP/1.1" 302 295 "-" "Mozilla/4.0 (compatible; MSIE 8.0; Windows NT 5.1; Trident/4.0)"
89.133.131.168 - - [27/Feb/2012:18:15:17 +0100] "GET / HTTP/1.1" 302 295 "-" "Mozilla/4.0 (compatible; MSIE 8.0; Windows NT 5.1; Trident/4.0)"
84.236.48.9 - - [27/Feb/2012:18:53:16 +0100] "GET / HTTP/1.1" 302 295 "-" "Mozilla/5.0 (Windows NT 5.1; rv:10.0.2) Gecko/20100101 Firefox/10.0.2"
195.228.191.219 - - [27/Feb/2012:21:08:02 +0100] "GET / HTTP/1.1" 302 295 "-" "Mozilla/4.0 (compatible; MSIE 7.0; Windows NT 5.1; .NET CLR 1.1.4322)"
195.228.191.219 - - [27/Feb/2012:21:08:04 +0100] "GET / HTTP/1.1" 302 295 "-" "Mozilla/4.0 (compatible; MSIE 7.0; Windows NT 5.1; .NET CLR 1.1.4322)"
195.228.191.219 - - [27/Feb/2012:22:11:57 +0100] "GET / HTTP/1.1" 302 295 "-" "Mozilla/4.0 (compatible; MSIE 7.0; Windows NT 5.1; .NET CLR 1.1.4322)"
174.122.254.42 - - [28/Feb/2012:08:39:17 +0100] "HEAD /mailman/confirm/global/8d72dee18ddc5790d62fad98f55e6aa989176451 HTTP/1.1" 404 0 "-" "Mozilla/5.0 (Windows; U; Windows NT 6.1; en-US) AppleWebKit/534.1 (KHTML, like Gecko) Chrome/6.0.428.0 Safari/534.1"
174.122.254.42 - - [28/Feb/2012:08:39:17 +0100] "GET /mailman/confirm/global/8d72dee18ddc5790d62fad98f55e6aa989176451 HTTP/1.1" 404 1181 "-" "Mozilla/5.0 (Windows; U; Windows NT 6.1; en-US) AppleWebKit/534.1 (KHTML, like Gecko) Chrome/6.0.428.0 Safari/534.1"
81.182.58.173 - - [28/Feb/2012:10:07:50 +0100] "GET / HTTP/1.1" 302 295 "-" "Mozilla/4.0 (compatible; MSIE 7.0; Windows NT 5.1; .NET CLR 1.1.4322)"
81.182.58.173 - - [28/Feb/2012:10:07:52 +0100] "GET / HTTP/1.1" 302 295 "-" "Mozilla/4.0 (compatible; MSIE 7.0; Windows NT 5.1; .NET CLR 1.1.4322)"
81.182.58.173 - - [28/Feb/2012:11:50:55 +0100] "GET / HTTP/1.1" 302 295 "-" "Mozilla/4.0 (compatible; MSIE 7.0; Windows NT 5.1; .NET CLR 1.1.4322)"
91.120.127.114 - - [28/Feb/2012:15:15:37 +0100] "GET / HTTP/1.1" 302 295 "-" "Mozilla/5.0 (Windows NT 5.1; rv:10.0.2) Gecko/20100101 Firefox/10.0.2"
91.120.127.114 - - [28/Feb/2012:15:56:44 +0100] "GET / HTTP/1.1" 302 295 "-" "Mozilla/5.0 (Windows NT 5.1; rv:10.0.2) Gecko/20100101 Firefox/10.0.2"
86.101.231.129 - - [28/Feb/2012:20:01:50 +0100] "GET / HTTP/1.1" 302 295 "-" "Mozilla/4.0 (compatible; MSIE 8.0; Windows NT 5.1; Trident/4.0)"
86.101.231.129 - - [28/Feb/2012:20:01:54 +0100] "GET / HTTP/1.1" 302 295 "-" "Mozilla/4.0 (compatible; MSIE 8.0; Windows NT 5.1; Trident/4.0)"
81.182.58.196 - - [28/Feb/2012:22:27:00 +0100] "GET / HTTP/1.1" 302 295 "-" "Mozilla/4.0 (compatible; MSIE 7.0; Windows NT 5.1; .NET CLR 1.1.4322)"
81.182.58.196 - - [28/Feb/2012:22:27:03 +0100] "GET / HTTP/1.1" 302 295 "-" "Mozilla/4.0 (compatible; MSIE 7.0; Windows NT 5.1; .NET CLR 1.1.4322)"
174.122.254.42 - - [29/Feb/2012:08:15:37 +0100] "HEAD /mailman/confirm/genlist/2f0da9819734731f5ae13b8d4350d013b7fe5a32 HTTP/1.1" 404 0 "-" "Mozilla/5.0 (Windows; U; Windows NT 6.1; en-US) AppleWebKit/534.1 (KHTML, like Gecko) Chrome/6.0.428.0 Safari/534.1"
174.122.254.42 - - [29/Feb/2012:08:15:37 +0100] "GET /mailman/confirm/genlist/2f0da9819734731f5ae13b8d4350d013b7fe5a32 HTTP/1.1" 404 1181 "-" "Mozilla/5.0 (Windows; U; Windows NT 6.1; en-US) AppleWebKit/534.1 (KHTML, like Gecko) Chrome/6.0.428.0 Safari/534.1"
81.183.156.213 - - [29/Feb/2012:09:24:28 +0100] "GET / HTTP/1.1" 302 295 "-" "Mozilla/4.0 (compatible; MSIE 7.0; Windows NT 5.1; .NET CLR 1.1.4322)"
81.183.156.213 - - [29/Feb/2012:09:24:29 +0100] "GET / HTTP/1.1" 302 295 "-" "Mozilla/4.0 (compatible; MSIE 7.0; Windows NT 5.1; .NET CLR 1.1.4322)"
174.122.254.42 - - [29/Feb/2012:09:44:05 +0100] "HEAD /mailman/confirm/greenpeacehirek/4fd5b78d0fc19087eb770aa8292c06fa9e0248af HTTP/1.1" 404 0 "-" "Mozilla/5.0 (Windows; U; Windows NT 6.1; en-US) AppleWebKit/534.1 (KHTML, like Gecko) Chrome/6.0.428.0 Safari/534.1"
174.122.254.42 - - [29/Feb/2012:09:44:05 +0100] "GET /mailman/confirm/greenpeacehirek/4fd5b78d0fc19087eb770aa8292c06fa9e0248af HTTP/1.1" 404 1181 "-" "Mozilla/5.0 (Windows; U; Windows NT 6.1; en-US) AppleWebKit/534.1 (KHTML, like Gecko) Chrome/6.0.428.0 Safari/534.1"
174.122.254.42 - - [29/Feb/2012:09:44:05 +0100] "HEAD /mailman/options/greenpeacehirek/mkarolina17@aaa.com HTTP/1.1" 404 0 "-" "Mozilla/5.0 (Windows; U; Windows NT 6.1; en-US) AppleWebKit/534.1 (KHTML, like Gecko) Chrome/6.0.428.0 Safari/534.1"
174.122.254.42 - - [29/Feb/2012:09:44:06 +0100] "GET /mailman/options/greenpeacehirek/mkarolina17@aaa.com HTTP/1.1" 404 1181 "-" "Mozilla/5.0 (Windows; U; Windows NT 6.1; en-US) AppleWebKit/534.1 (KHTML, like Gecko) Chrome/6.0.428.0 Safari/534.1"
84.0.130.111 - - [29/Feb/2012:09:50:26 +0100] "GET / HTTP/1.1" 302 295 "-" "Mozilla/5.0 (Windows NT 6.1; rv:10.0.2) Gecko/20100101 Firefox/10.0.2"
81.183.156.213 - - [29/Feb/2012:11:09:05 +0100] "GET / HTTP/1.1" 302 295 "-" "Mozilla/4.0 (compatible; MSIE 7.0; Windows NT 5.1; .NET CLR 1.1.4322)"
81.183.156.213 - - [29/Feb/2012:11:09:07 +0100] "GET / HTTP/1.1" 302 295 "-" "Mozilla/4.0 (compatible; MSIE 7.0; Windows NT 5.1; .NET CLR 1.1.4322)"
195.56.236.177 - - [29/Feb/2012:11:39:19 +0100] "GET / HTTP/1.1" 302 295 "-" "Mozilla/5.0 (Windows NT 5.1; rv:10.0.2) Gecko/20100101 Firefox/10.0.2"
195.56.236.177 - - [29/Feb/2012:12:05:07 +0100] "GET / HTTP/1.1" 302 295 "-" "Mozilla/5.0 (Windows NT 5.1; rv:10.0.2) Gecko/20100101 Firefox/10.0.2"
195.56.236.177 - - [29/Feb/2012:12:17:52 +0100] "GET / HTTP/1.1" 302 295 "-" "Mozilla/5.0 (Windows NT 5.1; rv:10.0.2) Gecko/20100101 Firefox/10.0.2"
195.56.236.177 - - [29/Feb/2012:13:22:06 +0100] "GET / HTTP/1.1" 302 295 "-" "Mozilla/5.0 (Windows NT 5.1; rv:10.0.2) Gecko/20100101 Firefox/10.0.2"
195.56.236.177 - - [29/Feb/2012:14:07:15 +0100] "GET / HTTP/1.1" 302 295 "-" "Mozilla/5.0 (Windows NT 5.1; rv:10.0.2) Gecko/20100101 Firefox/10.0.2"
208.80.194.35 - - [29/Feb/2012:15:20:57 +0100] "GET / HTTP/1.0" 302 283 "-" "Mozilla/4.0 (compatible; MSIE 7.0; Windows NT 5.1; FunWebProducts; .NET CLR 2.0.50727; .NET CLR 1.1.4322; ZangoToolbar 4.8.3)"
92.249.133.105 - - [29/Feb/2012:18:29:51 +0100] "GET / HTTP/1.1" 302 295 "-" "Mozilla/5.0 (Windows NT 5.1; rv:10.0.2) Gecko/20100101 Firefox/10.0.2"
92.249.133.105 - - [29/Feb/2012:19:13:41 +0100] "GET / HTTP/1.1" 302 295 "-" "Mozilla/5.0 (Windows NT 5.1; rv:10.0.2) Gecko/20100101 Firefox/10.0.2"
86.101.231.141 - - [29/Feb/2012:19:46:57 +0100] "GET / HTTP/1.1" 302 295 "-" "Mozilla/4.0 (compatible; MSIE 8.0; Windows NT 5.1; Trident/4.0)"
86.101.231.141 - - [29/Feb/2012:19:47:05 +0100] "GET / HTTP/1.1" 302 295 "-" "Mozilla/4.0 (compatible; MSIE 8.0; Windows NT 5.1; Trident/4.0)"
86.101.231.129 - - [29/Feb/2012:20:00:38 +0100] "GET / HTTP/1.1" 302 295 "-" "Mozilla/4.0 (compatible; MSIE 8.0; Windows NT 5.1; Trident/4.0)"
86.101.231.129 - - [29/Feb/2012:20:00:44 +0100] "GET / HTTP/1.1" 302 295 "-" "Mozilla/4.0 (compatible; MSIE 8.0; Windows NT 5.1; Trident/4.0)"
81.182.58.244 - - [29/Feb/2012:22:03:45 +0100] "GET / HTTP/1.1" 302 295 "-" "Mozilla/4.0 (compatible; MSIE 7.0; Windows NT 5.1; .NET CLR 1.1.4322)"
81.182.58.244 - - [29/Feb/2012:22:03:47 +0100] "GET / HTTP/1.1" 302 295 "-" "Mozilla/4.0 (compatible; MSIE 7.0; Windows NT 5.1; .NET CLR 1.1.4322)"