174.122.254.42 - - [14/Feb/2012:09:11:38 +0100] "HEAD /mailman/confirm/norda/127c969f8bcf2f45f60fb2cae1899dd55c737168 HTTP/1.1" 404 0 "-" "Mozilla/5.0 (Windows; U; Windows NT 6.1; en-US) AppleWebKit/534.1 (KHTML, like Gecko) Chrome/6.0.428.0 Safari/534.1"
174.122.254.42 - - [14/Feb/2012:09:11:38 +0100] "GET /mailman/confirm/norda/127c969f8bcf2f45f60fb2cae1899dd55c737168 HTTP/1.1" 404 1181 "-" "Mozilla/5.0 (Windows; U; Windows NT 6.1; en-US) AppleWebKit/534.1 (KHTML, like Gecko) Chrome/6.0.428.0 Safari/534.1"
81.182.58.221 - - [14/Feb/2012:09:43:09 +0100] "GET / HTTP/1.1" 302 295 "-" "Mozilla/4.0 (compatible; MSIE 7.0; Windows NT 5.1; .NET CLR 1.1.4322)"
81.182.58.221 - - [14/Feb/2012:09:43:13 +0100] "GET / HTTP/1.1" 302 295 "-" "Mozilla/4.0 (compatible; MSIE 7.0; Windows NT 5.1; .NET CLR 1.1.4322)"
195.56.9.88 - - [14/Feb/2012:09:43:38 +0100] "GET / HTTP/1.1" 302 295 "-" "Mozilla/5.0 (Windows NT 5.1; rv:10.0.1) Gecko/20100101 Firefox/10.0.1"
81.182.58.221 - - [14/Feb/2012:10:34:52 +0100] "GET / HTTP/1.1" 302 295 "-" "Mozilla/4.0 (compatible; MSIE 7.0; Windows NT 5.1; .NET CLR 1.1.4322)"
195.56.9.88 - - [14/Feb/2012:13:43:10 +0100] "GET / HTTP/1.1" 302 295 "-" "Mozilla/5.0 (Windows NT 5.1; rv:10.0.1) Gecko/20100101 Firefox/10.0.1"
195.56.9.88 - - [14/Feb/2012:15:43:35 +0100] "GET / HTTP/1.1" 302 295 "-" "Mozilla/5.0 (Windows NT 5.1; rv:10.0.1) Gecko/20100101 Firefox/10.0.1"
81.183.87.53 - - [14/Feb/2012:17:01:20 +0100] "GET / HTTP/1.1" 302 295 "-" "Mozilla/5.0 (Windows NT 5.1) AppleWebKit/535.11 (KHTML, like Gecko) Chrome/17.0.963.46 Safari/535.11"
86.101.231.129 - - [14/Feb/2012:17:17:55 +0100] "GET / HTTP/1.1" 302 295 "-" "Mozilla/4.0 (compatible; MSIE 8.0; Windows NT 5.1; Trident/4.0)"
86.101.231.129 - - [14/Feb/2012:17:18:01 +0100] "GET / HTTP/1.1" 302 295 "-" "Mozilla/4.0 (compatible; MSIE 8.0; Windows NT 5.1; Trident/4.0)"
84.236.48.24 - - [14/Feb/2012:17:34:08 +0100] "GET / HTTP/1.1" 302 295 "-" "Mozilla/5.0 (Windows NT 5.1; rv:10.0.1) Gecko/20100101 Firefox/10.0.1"
188.36.198.23 - - [14/Feb/2012:21:35:37 +0100] "GET / HTTP/1.1" 302 295 "-" "Mozilla/4.0 (compatible; MSIE 7.0; Windows NT 5.1; .NET CLR 1.1.4322)"
188.36.198.23 - - [14/Feb/2012:21:35:39 +0100] "GET / HTTP/1.1" 302 295 "-" "Mozilla/4.0 (compatible; MSIE 7.0; Windows NT 5.1; .NET CLR 1.1.4322)"
38.127.197.123 - - [14/Feb/2012:21:58:46 +0100] "GET /mailman/listinfo/nimfeainfo HTTP/1.1" 404 1181 "-" "Mozilla/4.0 (compatible; MSIE 7.0; Windows NT 5.1)"
81.182.58.151 - - [15/Feb/2012:08:01:58 +0100] "GET / HTTP/1.1" 302 295 "-" "Mozilla/4.0 (compatible; MSIE 7.0; Windows NT 5.1; .NET CLR 1.1.4322)"
81.182.58.151 - - [15/Feb/2012:08:02:01 +0100] "GET / HTTP/1.1" 302 295 "-" "Mozilla/4.0 (compatible; MSIE 7.0; Windows NT 5.1; .NET CLR 1.1.4322)"
195.56.212.45 - - [15/Feb/2012:09:16:56 +0100] "GET / HTTP/1.1" 302 295 "-" "Mozilla/5.0 (Windows NT 5.1; rv:10.0.1) Gecko/20100101 Firefox/10.0.1"
193.225.204.107 - - [15/Feb/2012:09:26:44 +0100] "GET / HTTP/1.1" 302 295 "-" "Mozilla/4.0 (compatible; MSIE 8.0; Windows NT 5.1; Trident/4.0; .NET CLR 2.0.50727; .NET CLR 3.0.4506.2152; .NET CLR 3.5.30729; AskTbORJ/5.14.1.20007)"
193.225.204.107 - - [15/Feb/2012:09:26:51 +0100] "GET / HTTP/1.1" 302 295 "-" "Mozilla/4.0 (compatible; MSIE 8.0; Windows NT 5.1; Trident/4.0; .NET CLR 2.0.50727; .NET CLR 3.0.4506.2152; .NET CLR 3.5.30729; AskTbORJ/5.14.1.20007)"
81.182.58.151 - - [15/Feb/2012:10:13:38 +0100] "GET / HTTP/1.1" 302 295 "-" "Mozilla/4.0 (compatible; MSIE 7.0; Windows NT 5.1; .NET CLR 1.1.4322)"
195.56.212.45 - - [15/Feb/2012:12:37:17 +0100] "GET / HTTP/1.1" 302 295 "-" "Mozilla/5.0 (Windows NT 5.1; rv:10.0.1) Gecko/20100101 Firefox/10.0.1"
195.56.212.45 - - [15/Feb/2012:13:07:23 +0100] "GET / HTTP/1.1" 302 295 "-" "Mozilla/5.0 (Windows NT 5.1; rv:10.0.1) Gecko/20100101 Firefox/10.0.1"
81.182.58.151 - - [15/Feb/2012:13:55:03 +0100] "GET / HTTP/1.1" 302 295 "-" "Mozilla/4.0 (compatible; MSIE 7.0; Windows NT 5.1; .NET CLR 1.1.4322)"
95.108.248.30 - - [15/Feb/2012:16:04:29 +0100] "GET /robots.txt HTTP/1.1" 404 1181 "-" "Mozilla/5.0 (compatible; YandexBot/3.0; +http://yandex.com/bots)"
174.122.254.42 - - [15/Feb/2012:16:05:46 +0100] "HEAD /mailman/admindb/mtvszelnokseg HTTP/1.1" 404 0 "-" "Mozilla/5.0 (Windows; U; Windows NT 6.1; en-US) AppleWebKit/534.1 (KHTML, like Gecko) Chrome/6.0.428.0 Safari/534.1"
174.122.254.42 - - [15/Feb/2012:16:05:46 +0100] "GET /mailman/admindb/mtvszelnokseg HTTP/1.1" 404 1181 "-" "Mozilla/5.0 (Windows; U; Windows NT 6.1; en-US) AppleWebKit/534.1 (KHTML, like Gecko) Chrome/6.0.428.0 Safari/534.1"
174.122.254.42 - - [15/Feb/2012:16:05:47 +0100] "HEAD /mailman/confirm/mtvsziroda/19fb22db51495233d4db69ed539e760fffc6e327 HTTP/1.1" 404 0 "-" "Mozilla/5.0 (Windows; U; Windows NT 6.1; en-US) AppleWebKit/534.1 (KHTML, like Gecko) Chrome/6.0.428.0 Safari/534.1"
174.122.254.42 - - [15/Feb/2012:16:05:47 +0100] "GET /mailman/confirm/mtvsziroda/19fb22db51495233d4db69ed539e760fffc6e327 HTTP/1.1" 404 1181 "-" "Mozilla/5.0 (Windows; U; Windows NT 6.1; en-US) AppleWebKit/534.1 (KHTML, like Gecko) Chrome/6.0.428.0 Safari/534.1"
193.225.204.107 - - [15/Feb/2012:16:14:11 +0100] "GET / HTTP/1.1" 302 295 "-" "Mozilla/4.0 (compatible; MSIE 8.0; Windows NT 5.1; Trident/4.0; .NET CLR 2.0.50727; .NET CLR 3.0.4506.2152; .NET CLR 3.5.30729; AskTbORJ/5.14.1.20007)"
174.122.254.42 - - [15/Feb/2012:17:12:08 +0100] "HEAD /mailman/confirm/genlist/84156857f37737f287079d1dd1873639fc5ed470 HTTP/1.1" 404 0 "-" "Mozilla/5.0 (Windows; U; Windows NT 6.1; en-US) AppleWebKit/534.1 (KHTML, like Gecko) Chrome/6.0.428.0 Safari/534.1"
174.122.254.42 - - [15/Feb/2012:17:12:09 +0100] "GET /mailman/confirm/genlist/84156857f37737f287079d1dd1873639fc5ed470 HTTP/1.1" 404 1181 "-" "Mozilla/5.0 (Windows; U; Windows NT 6.1; en-US) AppleWebKit/534.1 (KHTML, like Gecko) Chrome/6.0.428.0 Safari/534.1"
91.212.12.58 - - [15/Feb/2012:17:24:17 +0100] "GET /robots.txt HTTP/1.1" 404 1181 "-" "Comodo-Certificates-Spider"
91.212.12.58 - - [15/Feb/2012:17:24:16 +0100] "GET / HTTP/1.1" 302 295 "-" "Comodo-Certificates-Spider"
91.212.12.58 - - [15/Feb/2012:17:24:17 +0100] "GET / HTTP/1.1" 302 295 "-" "Comodo-Certificates-Spider"
217.150.139.146 - - [15/Feb/2012:19:08:36 +0100] "GET / HTTP/1.1" 302 295 "-" "Mozilla/5.0 (Macintosh; Intel Mac OS X 10_7_3) AppleWebKit/535.11 (KHTML, like Gecko) Chrome/17.0.963.46 Safari/535.11"
195.228.191.225 - - [15/Feb/2012:21:34:38 +0100] "GET / HTTP/1.1" 302 295 "-" "Mozilla/4.0 (compatible; MSIE 7.0; Windows NT 5.1; .NET CLR 1.1.4322)"
195.228.191.225 - - [15/Feb/2012:21:34:40 +0100] "GET / HTTP/1.1" 302 295 "-" "Mozilla/4.0 (compatible; MSIE 7.0; Windows NT 5.1; .NET CLR 1.1.4322)"
95.108.248.30 - - [15/Feb/2012:21:59:44 +0100] "GET / HTTP/1.1" 302 295 "-" "Mozilla/5.0 (compatible; YandexBot/3.0; +http://yandex.com/bots)"
195.228.191.225 - - [15/Feb/2012:22:09:05 +0100] "GET / HTTP/1.1" 302 295 "-" "Mozilla/4.0 (compatible; MSIE 7.0; Windows NT 5.1; .NET CLR 1.1.4322)"
208.80.194.36 - - [16/Feb/2012:02:04:17 +0100] "GET / HTTP/1.0" 302 283 "-" "Mozilla/4.0 (compatible; MSIE 7.0; Windows NT 5.1; .NET CLR 2.0.50727; .NET CLR 1.1.4322; SpamBlockerUtility 4.8.4)"
195.228.206.213 - - [16/Feb/2012:08:09:44 +0100] "GET / HTTP/1.1" 302 295 "-" "Mozilla/4.0 (compatible; MSIE 7.0; Windows NT 5.1; .NET CLR 1.1.4322)"
195.228.206.213 - - [16/Feb/2012:08:09:46 +0100] "GET / HTTP/1.1" 302 295 "-" "Mozilla/4.0 (compatible; MSIE 7.0; Windows NT 5.1; .NET CLR 1.1.4322)"
195.228.206.213 - - [16/Feb/2012:08:29:13 +0100] "GET / HTTP/1.1" 302 295 "-" "Mozilla/4.0 (compatible; MSIE 7.0; Windows NT 5.1; .NET CLR 1.1.4322)"
195.228.206.213 - - [16/Feb/2012:08:29:15 +0100] "GET / HTTP/1.1" 302 295 "-" "Mozilla/4.0 (compatible; MSIE 7.0; Windows NT 5.1; .NET CLR 1.1.4322)"
195.228.206.213 - - [16/Feb/2012:09:23:18 +0100] "GET / HTTP/1.1" 302 295 "-" "Mozilla/4.0 (compatible; MSIE 7.0; Windows NT 5.1; .NET CLR 1.1.4322)"
195.228.206.213 - - [16/Feb/2012:09:24:34 +0100] "GET / HTTP/1.1" 302 295 "-" "Mozilla/4.0 (compatible; MSIE 7.0; Windows NT 5.1; .NET CLR 1.1.4322)"
195.228.206.213 - - [16/Feb/2012:10:34:10 +0100] "GET / HTTP/1.1" 302 295 "-" "Mozilla/4.0 (compatible; MSIE 7.0; Windows NT 5.1; .NET CLR 1.1.4322)"
195.228.206.213 - - [16/Feb/2012:10:34:12 +0100] "GET / HTTP/1.1" 302 295 "-" "Mozilla/4.0 (compatible; MSIE 7.0; Windows NT 5.1; .NET CLR 1.1.4322)"
174.122.254.42 - - [16/Feb/2012:13:27:42 +0100] "HEAD /mailman/admin/nyudu/bounce HTTP/1.1" 404 0 "-" "Mozilla/5.0 (Windows; U; Windows NT 6.1; en-US) AppleWebKit/534.1 (KHTML, like Gecko) Chrome/6.0.428.0 Safari/534.1"
174.122.254.42 - - [16/Feb/2012:13:27:43 +0100] "GET /mailman/admin/nyudu/bounce HTTP/1.1" 404 1181 "-" "Mozilla/5.0 (Windows; U; Windows NT 6.1; en-US) AppleWebKit/534.1 (KHTML, like Gecko) Chrome/6.0.428.0 Safari/534.1"
174.122.254.42 - - [16/Feb/2012:13:27:43 +0100] "HEAD /mailman/confirm/twitcher/d83107319378328b59fa856cfff06269940faa10 HTTP/1.1" 404 0 "-" "Mozilla/5.0 (Windows; U; Windows NT 6.1; en-US) AppleWebKit/534.1 (KHTML, like Gecko) Chrome/6.0.428.0 Safari/534.1"
174.122.254.42 - - [16/Feb/2012:13:27:43 +0100] "GET /mailman/confirm/twitcher/d83107319378328b59fa856cfff06269940faa10 HTTP/1.1" 404 1181 "-" "Mozilla/5.0 (Windows; U; Windows NT 6.1; en-US) AppleWebKit/534.1 (KHTML, like Gecko) Chrome/6.0.428.0 Safari/534.1"
174.122.254.42 - - [16/Feb/2012:14:06:42 +0100] "HEAD /mailman/confirm/twitcher/c6549247a6a6d870fbfcfa14cc0ba137ea200b63 HTTP/1.1" 404 0 "-" "Mozilla/5.0 (Windows; U; Windows NT 6.1; en-US) AppleWebKit/534.1 (KHTML, like Gecko) Chrome/6.0.428.0 Safari/534.1"
174.122.254.42 - - [16/Feb/2012:14:06:43 +0100] "GET /mailman/confirm/twitcher/c6549247a6a6d870fbfcfa14cc0ba137ea200b63 HTTP/1.1" 404 1181 "-" "Mozilla/5.0 (Windows; U; Windows NT 6.1; en-US) AppleWebKit/534.1 (KHTML, like Gecko) Chrome/6.0.428.0 Safari/534.1"
86.101.231.141 - - [16/Feb/2012:15:00:11 +0100] "GET / HTTP/1.1" 302 295 "-" "Mozilla/4.0 (compatible; MSIE 8.0; Windows NT 5.1; Trident/4.0)"
86.101.231.141 - - [16/Feb/2012:15:00:14 +0100] "GET / HTTP/1.1" 302 295 "-" "Mozilla/4.0 (compatible; MSIE 8.0; Windows NT 5.1; Trident/4.0)"
195.56.212.45 - - [16/Feb/2012:15:39:55 +0100] "GET / HTTP/1.1" 302 295 "-" "Mozilla/5.0 (Windows NT 5.1; rv:10.0.1) Gecko/20100101 Firefox/10.0.1"
95.108.248.30 - - [16/Feb/2012:15:41:44 +0100] "GET /robots.txt HTTP/1.1" 404 1181 "-" "Mozilla/5.0 (compatible; YandexBot/3.0; +http://yandex.com/bots)"
174.122.254.42 - - [16/Feb/2012:16:14:33 +0100] "HEAD /mailman/admindb/ff HTTP/1.1" 404 0 "-" "Mozilla/5.0 (Windows; U; Windows NT 6.1; en-US) AppleWebKit/534.1 (KHTML, like Gecko) Chrome/6.0.428.0 Safari/534.1"
174.122.254.42 - - [16/Feb/2012:16:14:34 +0100] "GET /mailman/admindb/ff HTTP/1.1" 404 1181 "-" "Mozilla/5.0 (Windows; U; Windows NT 6.1; en-US) AppleWebKit/534.1 (KHTML, like Gecko) Chrome/6.0.428.0 Safari/534.1"
174.122.254.42 - - [16/Feb/2012:16:14:34 +0100] "HEAD /mailman/confirm/raptor/dd4e4822c5a042ca70bd624c4a581dc94d75980a HTTP/1.1" 404 0 "-" "Mozilla/5.0 (Windows; U; Windows NT 6.1; en-US) AppleWebKit/534.1 (KHTML, like Gecko) Chrome/6.0.428.0 Safari/534.1"
174.122.254.42 - - [16/Feb/2012:16:14:34 +0100] "GET /mailman/confirm/raptor/dd4e4822c5a042ca70bd624c4a581dc94d75980a HTTP/1.1" 404 1181 "-" "Mozilla/5.0 (Windows; U; Windows NT 6.1; en-US) AppleWebKit/534.1 (KHTML, like Gecko) Chrome/6.0.428.0 Safari/534.1"
46.107.175.151 - - [16/Feb/2012:16:16:06 +0100] "GET / HTTP/1.1" 302 295 "-" "Mozilla/4.0 (compatible; MSIE 8.0; Windows NT 6.1; Trident/4.0; SLCC2; .NET CLR 2.0.50727; .NET CLR 3.5.30729; .NET CLR 3.0.30729; MAAU; .NET4.0C; BRI/2; MAAU)"
46.107.175.151 - - [16/Feb/2012:16:16:20 +0100] "GET / HTTP/1.1" 302 295 "-" "Mozilla/4.0 (compatible; MSIE 8.0; Windows NT 6.1; Trident/4.0; SLCC2; .NET CLR 2.0.50727; .NET CLR 3.5.30729; .NET CLR 3.0.30729; MAAU; .NET4.0C; BRI/2; MAAU)"
193.225.204.86 - - [16/Feb/2012:16:17:47 +0100] "GET / HTTP/1.1" 302 295 "-" "Mozilla/4.0 (compatible; MSIE 8.0; Windows NT 5.1; Trident/4.0; .NET CLR 2.0.50727; .NET CLR 3.0.4506.2152; .NET CLR 3.5.30729; AskTbORJ/5.14.1.20007)"
193.225.204.86 - - [16/Feb/2012:16:17:49 +0100] "GET / HTTP/1.1" 302 295 "-" "Mozilla/4.0 (compatible; MSIE 8.0; Windows NT 5.1; Trident/4.0; .NET CLR 2.0.50727; .NET CLR 3.0.4506.2152; .NET CLR 3.5.30729; AskTbORJ/5.14.1.20007)"
174.122.254.42 - - [16/Feb/2012:18:30:49 +0100] "HEAD /mailman/confirm/twitcher/e9022bd20a613ae744ba349e0fc1d61f4c3ca608 HTTP/1.1" 404 0 "-" "Mozilla/5.0 (Windows; U; Windows NT 6.1; en-US) AppleWebKit/534.1 (KHTML, like Gecko) Chrome/6.0.428.0 Safari/534.1"
174.122.254.42 - - [16/Feb/2012:18:30:50 +0100] "GET /mailman/confirm/twitcher/e9022bd20a613ae744ba349e0fc1d61f4c3ca608 HTTP/1.1" 404 1181 "-" "Mozilla/5.0 (Windows; U; Windows NT 6.1; en-US) AppleWebKit/534.1 (KHTML, like Gecko) Chrome/6.0.428.0 Safari/534.1"
94.21.106.72 - - [16/Feb/2012:19:24:13 +0100] "GET / HTTP/1.1" 302 295 "-" "Mozilla/5.0 (Windows NT 5.1; rv:10.0.1) Gecko/20100101 Firefox/10.0.1"
31.46.178.230 - - [16/Feb/2012:22:43:19 +0100] "GET / HTTP/1.1" 302 295 "-" "Mozilla/4.0 (compatible; MSIE 7.0; Windows NT 5.1; .NET CLR 1.1.4322)"
31.46.178.230 - - [16/Feb/2012:22:43:21 +0100] "GET / HTTP/1.1" 302 295 "-" "Mozilla/4.0 (compatible; MSIE 7.0; Windows NT 5.1; .NET CLR 1.1.4322)"
91.212.12.58 - - [17/Feb/2012:06:23:24 +0100] "GET /robots.txt HTTP/1.1" 404 1181 "-" "Comodo-Certificates-Spider"
91.212.12.58 - - [17/Feb/2012:06:23:24 +0100] "GET / HTTP/1.1" 302 295 "-" "Comodo-Certificates-Spider"
91.212.12.58 - - [17/Feb/2012:06:23:24 +0100] "GET / HTTP/1.1" 302 295 "-" "Comodo-Certificates-Spider"
81.182.58.46 - - [17/Feb/2012:07:43:19 +0100] "GET / HTTP/1.1" 302 295 "-" "Mozilla/4.0 (compatible; MSIE 7.0; Windows NT 5.1; .NET CLR 1.1.4322)"
81.182.58.46 - - [17/Feb/2012:07:43:21 +0100] "GET / HTTP/1.1" 302 295 "-" "Mozilla/4.0 (compatible; MSIE 7.0; Windows NT 5.1; .NET CLR 1.1.4322)"
81.182.58.46 - - [17/Feb/2012:07:45:20 +0100] "GET / HTTP/1.1" 302 295 "-" "Mozilla/4.0 (compatible; MSIE 7.0; Windows NT 5.1; .NET CLR 1.1.4322)"
174.122.254.42 - - [17/Feb/2012:08:26:35 +0100] "HEAD /mailman/admindb/kozepregio HTTP/1.1" 404 0 "-" "Mozilla/5.0 (Windows; U; Windows NT 6.1; en-US) AppleWebKit/534.1 (KHTML, like Gecko) Chrome/6.0.428.0 Safari/534.1"
174.122.254.42 - - [17/Feb/2012:08:26:36 +0100] "GET /mailman/admindb/kozepregio HTTP/1.1" 404 1181 "-" "Mozilla/5.0 (Windows; U; Windows NT 6.1; en-US) AppleWebKit/534.1 (KHTML, like Gecko) Chrome/6.0.428.0 Safari/534.1"
81.182.58.46 - - [17/Feb/2012:10:17:09 +0100] "GET / HTTP/1.1" 302 295 "-" "Mozilla/4.0 (compatible; MSIE 7.0; Windows NT 5.1; .NET CLR 1.1.4322)"
195.56.212.45 - - [17/Feb/2012:10:42:38 +0100] "GET / HTTP/1.1" 302 295 "-" "Mozilla/5.0 (Windows NT 5.1; rv:10.0.1) Gecko/20100101 Firefox/10.0.1"
81.182.58.46 - - [17/Feb/2012:10:45:37 +0100] "GET / HTTP/1.1" 302 295 "-" "Mozilla/4.0 (compatible; MSIE 7.0; Windows NT 5.1; .NET CLR 1.1.4322)"
81.182.58.46 - - [17/Feb/2012:10:45:39 +0100] "GET / HTTP/1.1" 302 295 "-" "Mozilla/4.0 (compatible; MSIE 7.0; Windows NT 5.1; .NET CLR 1.1.4322)"
81.182.58.46 - - [17/Feb/2012:11:00:42 +0100] "GET / HTTP/1.1" 302 295 "-" "Mozilla/4.0 (compatible; MSIE 7.0; Windows NT 5.1; .NET CLR 1.1.4322)"
174.122.254.42 - - [17/Feb/2012:12:06:11 +0100] "HEAD /mailman/admindb/mtvsziroda HTTP/1.1" 404 0 "-" "Mozilla/5.0 (Windows; U; Windows NT 6.1; en-US) AppleWebKit/534.1 (KHTML, like Gecko) Chrome/6.0.428.0 Safari/534.1"
174.122.254.42 - - [17/Feb/2012:12:06:11 +0100] "GET /mailman/admindb/mtvsziroda HTTP/1.1" 404 1181 "-" "Mozilla/5.0 (Windows; U; Windows NT 6.1; en-US) AppleWebKit/534.1 (KHTML, like Gecko) Chrome/6.0.428.0 Safari/534.1"
174.122.254.42 - - [17/Feb/2012:12:06:11 +0100] "HEAD /mailman/confirm/mozgalom/a1ab10680b298962491a73aa10416d433c296ae1 HTTP/1.1" 404 0 "-" "Mozilla/5.0 (Windows; U; Windows NT 6.1; en-US) AppleWebKit/534.1 (KHTML, like Gecko) Chrome/6.0.428.0 Safari/534.1"
174.122.254.42 - - [17/Feb/2012:12:06:12 +0100] "GET /mailman/confirm/mozgalom/a1ab10680b298962491a73aa10416d433c296ae1 HTTP/1.1" 404 1181 "-" "Mozilla/5.0 (Windows; U; Windows NT 6.1; en-US) AppleWebKit/534.1 (KHTML, like Gecko) Chrome/6.0.428.0 Safari/534.1"
81.182.58.46 - - [17/Feb/2012:12:11:23 +0100] "GET / HTTP/1.1" 302 295 "-" "Mozilla/4.0 (compatible; MSIE 7.0; Windows NT 5.1; .NET CLR 1.1.4322)"
81.182.58.46 - - [17/Feb/2012:12:11:26 +0100] "GET / HTTP/1.1" 302 295 "-" "Mozilla/4.0 (compatible; MSIE 7.0; Windows NT 5.1; .NET CLR 1.1.4322)"
174.122.254.42 - - [17/Feb/2012:12:14:54 +0100] "HEAD /mailman/admin/ff/bounce HTTP/1.1" 404 0 "-" "Mozilla/5.0 (Windows; U; Windows NT 6.1; en-US) AppleWebKit/534.1 (KHTML, like Gecko) Chrome/6.0.428.0 Safari/534.1"
174.122.254.42 - - [17/Feb/2012:12:14:55 +0100] "GET /mailman/admin/ff/bounce HTTP/1.1" 404 1181 "-" "Mozilla/5.0 (Windows; U; Windows NT 6.1; en-US) AppleWebKit/534.1 (KHTML, like Gecko) Chrome/6.0.428.0 Safari/534.1"
174.122.254.42 - - [17/Feb/2012:12:14:55 +0100] "HEAD /mailman/confirm/piromania/8cb38158193a1ca28b952e99dad8132e2b4ed40b HTTP/1.1" 404 0 "-" "Mozilla/5.0 (Windows; U; Windows NT 6.1; en-US) AppleWebKit/534.1 (KHTML, like Gecko) Chrome/6.0.428.0 Safari/534.1"
174.122.254.42 - - [17/Feb/2012:12:14:55 +0100] "GET /mailman/confirm/piromania/8cb38158193a1ca28b952e99dad8132e2b4ed40b HTTP/1.1" 404 1181 "-" "Mozilla/5.0 (Windows; U; Windows NT 6.1; en-US) AppleWebKit/534.1 (KHTML, like Gecko) Chrome/6.0.428.0 Safari/534.1"
174.122.254.42 - - [17/Feb/2012:12:15:12 +0100] "HEAD /mailman/confirm/mtvszelnokseg/e16e363b7aafead4ca5c3ae3e979ade19c11d2ba HTTP/1.1" 404 0 "-" "Mozilla/5.0 (Windows; U; Windows NT 6.1; en-US) AppleWebKit/534.1 (KHTML, like Gecko) Chrome/6.0.428.0 Safari/534.1"
174.122.254.42 - - [17/Feb/2012:12:15:12 +0100] "GET /mailman/confirm/mtvszelnokseg/e16e363b7aafead4ca5c3ae3e979ade19c11d2ba HTTP/1.1" 404 1181 "-" "Mozilla/5.0 (Windows; U; Windows NT 6.1; en-US) AppleWebKit/534.1 (KHTML, like Gecko) Chrome/6.0.428.0 Safari/534.1"
195.56.212.45 - - [17/Feb/2012:13:40:39 +0100] "GET / HTTP/1.1" 302 295 "-" "Mozilla/5.0 (Windows NT 5.1; rv:10.0.2) Gecko/20100101 Firefox/10.0.2"
174.122.254.42 - - [17/Feb/2012:13:48:26 +0100] "HEAD /mailman/confirm/ropert/f964306af5cd12770a441df1068c99c28eb9b9db HTTP/1.1" 404 0 "-" "Mozilla/5.0 (Windows; U; Windows NT 6.1; en-US) AppleWebKit/534.1 (KHTML, like Gecko) Chrome/6.0.428.0 Safari/534.1"
174.122.254.42 - - [17/Feb/2012:13:48:27 +0100] "GET /mailman/confirm/ropert/f964306af5cd12770a441df1068c99c28eb9b9db HTTP/1.1" 404 1181 "-" "Mozilla/5.0 (Windows; U; Windows NT 6.1; en-US) AppleWebKit/534.1 (KHTML, like Gecko) Chrome/6.0.428.0 Safari/534.1"
69.171.228.245 - - [17/Feb/2012:15:03:44 +0100] "GET /images/mailman/mailman.jpg HTTP/1.1" 404 1181 "-" "facebookexternalhit/1.0 (+http://www.facebook.com/externalhit_uatext.php)"
69.171.228.250 - - [17/Feb/2012:15:03:44 +0100] "GET /images/mailman/PythonPowered.png HTTP/1.1" 404 1181 "-" "facebookexternalhit/1.0 (+http://www.facebook.com/externalhit_uatext.php)"
69.171.224.245 - - [17/Feb/2012:15:03:44 +0100] "GET /images/mailman/gnu-head-tiny.jpg HTTP/1.1" 404 1181 "-" "facebookexternalhit/1.0 (+http://www.facebook.com/externalhit_uatext.php)"
89.133.131.168 - - [17/Feb/2012:15:37:50 +0100] "GET / HTTP/1.1" 302 295 "-" "Mozilla/4.0 (compatible; MSIE 8.0; Windows NT 5.1; Trident/4.0)"
89.133.131.168 - - [17/Feb/2012:15:37:54 +0100] "GET / HTTP/1.1" 302 295 "-" "Mozilla/4.0 (compatible; MSIE 8.0; Windows NT 5.1; Trident/4.0)"
174.122.254.42 - - [17/Feb/2012:19:13:50 +0100] "HEAD /mailman/confirm/lepke/e44b5f3d9d98a49c45301da19dee75eba7fc0655 HTTP/1.1" 404 0 "-" "Mozilla/5.0 (Windows; U; Windows NT 6.1; en-US) AppleWebKit/534.1 (KHTML, like Gecko) Chrome/6.0.428.0 Safari/534.1"
174.122.254.42 - - [17/Feb/2012:19:13:50 +0100] "GET /mailman/confirm/lepke/e44b5f3d9d98a49c45301da19dee75eba7fc0655 HTTP/1.1" 404 1181 "-" "Mozilla/5.0 (Windows; U; Windows NT 6.1; en-US) AppleWebKit/534.1 (KHTML, like Gecko) Chrome/6.0.428.0 Safari/534.1"
174.122.254.42 - - [17/Feb/2012:19:24:41 +0100] "HEAD /mailman/confirm/lmv-eszf/3036269198aa02ab6fc8a55eb0260156d8934c18 HTTP/1.1" 404 0 "-" "Mozilla/5.0 (Windows; U; Windows NT 6.1; en-US) AppleWebKit/534.1 (KHTML, like Gecko) Chrome/6.0.428.0 Safari/534.1"
174.122.254.42 - - [17/Feb/2012:19:24:42 +0100] "GET /mailman/confirm/lmv-eszf/3036269198aa02ab6fc8a55eb0260156d8934c18 HTTP/1.1" 404 1181 "-" "Mozilla/5.0 (Windows; U; Windows NT 6.1; en-US) AppleWebKit/534.1 (KHTML, like Gecko) Chrome/6.0.428.0 Safari/534.1"
86.101.231.141 - - [17/Feb/2012:19:49:26 +0100] "GET / HTTP/1.1" 302 295 "-" "Mozilla/4.0 (compatible; MSIE 8.0; Windows NT 5.1; Trident/4.0)"
86.101.231.141 - - [17/Feb/2012:19:49:30 +0100] "GET / HTTP/1.1" 302 295 "-" "Mozilla/4.0 (compatible; MSIE 8.0; Windows NT 5.1; Trident/4.0)"
188.36.198.57 - - [17/Feb/2012:21:37:09 +0100] "GET / HTTP/1.1" 302 295 "-" "Mozilla/4.0 (compatible; MSIE 7.0; Windows NT 5.1; .NET CLR 1.1.4322)"
188.36.198.57 - - [17/Feb/2012:21:37:13 +0100] "GET / HTTP/1.1" 302 295 "-" "Mozilla/4.0 (compatible; MSIE 7.0; Windows NT 5.1; .NET CLR 1.1.4322)"
188.36.198.57 - - [17/Feb/2012:23:06:54 +0100] "GET / HTTP/1.1" 302 295 "-" "Mozilla/4.0 (compatible; MSIE 7.0; Windows NT 5.1; .NET CLR 1.1.4322)"
188.36.198.57 - - [17/Feb/2012:23:06:55 +0100] "GET / HTTP/1.1" 302 295 "-" "Mozilla/4.0 (compatible; MSIE 7.0; Windows NT 5.1; .NET CLR 1.1.4322)"
174.122.254.42 - - [18/Feb/2012:01:27:24 +0100] "HEAD /mailman/admindb/mtvsziroda HTTP/1.1" 404 0 "-" "Mozilla/5.0 (Windows; U; Windows NT 6.1; en-US) AppleWebKit/534.1 (KHTML, like Gecko) Chrome/6.0.428.0 Safari/534.1"
174.122.254.42 - - [18/Feb/2012:01:27:24 +0100] "GET /mailman/admindb/mtvsziroda HTTP/1.1" 404 1181 "-" "Mozilla/5.0 (Windows; U; Windows NT 6.1; en-US) AppleWebKit/534.1 (KHTML, like Gecko) Chrome/6.0.428.0 Safari/534.1"
174.122.254.42 - - [18/Feb/2012:01:27:25 +0100] "HEAD /mailman/confirm/mtvszelnokseg/a9a2b7f78c43265320b1547975d15d6b7050e6f2 HTTP/1.1" 404 0 "-" "Mozilla/5.0 (Windows; U; Windows NT 6.1; en-US) AppleWebKit/534.1 (KHTML, like Gecko) Chrome/6.0.428.0 Safari/534.1"
174.122.254.42 - - [18/Feb/2012:01:27:25 +0100] "GET /mailman/confirm/mtvszelnokseg/a9a2b7f78c43265320b1547975d15d6b7050e6f2 HTTP/1.1" 404 1181 "-" "Mozilla/5.0 (Windows; U; Windows NT 6.1; en-US) AppleWebKit/534.1 (KHTML, like Gecko) Chrome/6.0.428.0 Safari/534.1"
208.80.194.35 - - [18/Feb/2012:06:19:55 +0100] "GET / HTTP/1.0" 302 283 "-" "Mozilla/4.0 (compatible; MSIE 7.0; Windows NT 5.1; .NET CLR 1.1.4322; .NET CLR 2.0.50727; InfoPath.1; IEMB3)"
174.122.254.42 - - [18/Feb/2012:08:38:14 +0100] "HEAD /mailman/admindb/kozepregio HTTP/1.1" 404 0 "-" "Mozilla/5.0 (Windows; U; Windows NT 6.1; en-US) AppleWebKit/534.1 (KHTML, like Gecko) Chrome/6.0.428.0 Safari/534.1"
174.122.254.42 - - [18/Feb/2012:08:38:14 +0100] "GET /mailman/admindb/kozepregio HTTP/1.1" 404 1181 "-" "Mozilla/5.0 (Windows; U; Windows NT 6.1; en-US) AppleWebKit/534.1 (KHTML, like Gecko) Chrome/6.0.428.0 Safari/534.1"
188.36.198.31 - - [18/Feb/2012:09:11:03 +0100] "GET / HTTP/1.1" 302 295 "-" "Mozilla/4.0 (compatible; MSIE 7.0; Windows NT 5.1; .NET CLR 1.1.4322)"
188.36.198.31 - - [18/Feb/2012:09:11:05 +0100] "GET / HTTP/1.1" 302 295 "-" "Mozilla/4.0 (compatible; MSIE 7.0; Windows NT 5.1; .NET CLR 1.1.4322)"
188.36.198.31 - - [18/Feb/2012:11:23:48 +0100] "GET / HTTP/1.1" 302 295 "-" "Mozilla/4.0 (compatible; MSIE 7.0; Windows NT 5.1; .NET CLR 1.1.4322)"
188.36.198.31 - - [18/Feb/2012:11:32:28 +0100] "GET / HTTP/1.1" 302 295 "-" "Mozilla/4.0 (compatible; MSIE 7.0; Windows NT 5.1; .NET CLR 1.1.4322)"
188.36.198.31 - - [18/Feb/2012:11:38:35 +0100] "GET / HTTP/1.1" 302 295 "-" "Mozilla/4.0 (compatible; MSIE 7.0; Windows NT 5.1; .NET CLR 1.1.4322)"
188.36.198.48 - - [18/Feb/2012:18:24:38 +0100] "GET / HTTP/1.1" 302 295 "-" "Mozilla/4.0 (compatible; MSIE 7.0; Windows NT 5.1; .NET CLR 1.1.4322)"
188.36.198.48 - - [18/Feb/2012:18:24:43 +0100] "GET / HTTP/1.1" 302 295 "-" "Mozilla/4.0 (compatible; MSIE 7.0; Windows NT 5.1; .NET CLR 1.1.4322)"
188.36.198.48 - - [18/Feb/2012:19:19:44 +0100] "GET / HTTP/1.1" 302 295 "-" "Mozilla/4.0 (compatible; MSIE 7.0; Windows NT 5.1; .NET CLR 1.1.4322)"
188.36.198.48 - - [18/Feb/2012:21:10:26 +0100] "GET / HTTP/1.1" 302 295 "-" "Mozilla/4.0 (compatible; MSIE 7.0; Windows NT 5.1; .NET CLR 1.1.4322)"
188.36.198.48 - - [18/Feb/2012:21:58:16 +0100] "GET / HTTP/1.1" 302 295 "-" "Mozilla/4.0 (compatible; MSIE 7.0; Windows NT 5.1; .NET CLR 1.1.4322)"
188.36.198.48 - - [18/Feb/2012:21:58:18 +0100] "GET / HTTP/1.1" 302 295 "-" "Mozilla/4.0 (compatible; MSIE 7.0; Windows NT 5.1; .NET CLR 1.1.4322)"
195.228.206.219 - - [19/Feb/2012:09:55:47 +0100] "GET / HTTP/1.1" 302 295 "-" "Mozilla/4.0 (compatible; MSIE 7.0; Windows NT 5.1; .NET CLR 1.1.4322)"
195.228.206.219 - - [19/Feb/2012:09:55:50 +0100] "GET / HTTP/1.1" 302 295 "-" "Mozilla/4.0 (compatible; MSIE 7.0; Windows NT 5.1; .NET CLR 1.1.4322)"
195.228.206.219 - - [19/Feb/2012:11:36:06 +0100] "GET / HTTP/1.1" 302 295 "-" "Mozilla/4.0 (compatible; MSIE 7.0; Windows NT 5.1; .NET CLR 1.1.4322)"
195.228.206.219 - - [19/Feb/2012:11:50:33 +0100] "GET / HTTP/1.1" 302 295 "-" "Mozilla/4.0 (compatible; MSIE 7.0; Windows NT 5.1; .NET CLR 1.1.4322)"
195.228.206.219 - - [19/Feb/2012:13:36:47 +0100] "GET / HTTP/1.1" 302 295 "-" "Mozilla/4.0 (compatible; MSIE 7.0; Windows NT 5.1; .NET CLR 1.1.4322)"
195.228.206.219 - - [19/Feb/2012:13:36:48 +0100] "GET / HTTP/1.1" 302 295 "-" "Mozilla/4.0 (compatible; MSIE 7.0; Windows NT 5.1; .NET CLR 1.1.4322)"
86.101.231.129 - - [19/Feb/2012:19:19:36 +0100] "GET / HTTP/1.1" 302 295 "-" "Mozilla/4.0 (compatible; MSIE 8.0; Windows NT 5.1; Trident/4.0)"
86.101.231.129 - - [19/Feb/2012:19:19:39 +0100] "GET / HTTP/1.1" 302 295 "-" "Mozilla/4.0 (compatible; MSIE 8.0; Windows NT 5.1; Trident/4.0)"
94.21.44.252 - - [19/Feb/2012:19:24:15 +0100] "GET / HTTP/1.1" 302 295 "-" "Mozilla/5.0 (Windows NT 5.1; rv:10.0.2) Gecko/20100101 Firefox/10.0.2"
81.183.63.170 - - [19/Feb/2012:20:45:23 +0100] "GET / HTTP/1.1" 302 295 "-" "Mozilla/4.0 (compatible; MSIE 7.0; Windows NT 5.1; .NET CLR 1.1.4322)"
81.183.63.170 - - [19/Feb/2012:20:45:26 +0100] "GET / HTTP/1.1" 302 295 "-" "Mozilla/4.0 (compatible; MSIE 7.0; Windows NT 5.1; .NET CLR 1.1.4322)"
81.183.63.170 - - [19/Feb/2012:21:07:31 +0100] "GET / HTTP/1.1" 302 295 "-" "Mozilla/4.0 (compatible; MSIE 7.0; Windows NT 5.1; .NET CLR 1.1.4322)"
81.183.63.170 - - [19/Feb/2012:21:07:33 +0100] "GET / HTTP/1.1" 302 295 "-" "Mozilla/4.0 (compatible; MSIE 7.0; Windows NT 5.1; .NET CLR 1.1.4322)"
190.204.111.208 - - [20/Feb/2012:01:34:20 +0100] "GET / HTTP/1.1" 302 295 "-" "Mozilla/5.0 (Windows NT 6.1; rv:10.0.2) Gecko/20100101 Firefox/10.0.2"
91.120.70.184 - - [20/Feb/2012:10:51:37 +0100] "GET / HTTP/1.1" 302 295 "-" "Mozilla/5.0 (Windows NT 5.1; rv:10.0.2) Gecko/20100101 Firefox/10.0.2"
91.120.70.184 - - [20/Feb/2012:11:49:05 +0100] "GET / HTTP/1.1" 302 295 "-" "Mozilla/5.0 (Windows NT 5.1; rv:10.0.2) Gecko/20100101 Firefox/10.0.2"
174.122.254.42 - - [20/Feb/2012:13:14:17 +0100] "HEAD /mailman/admindb/ropert HTTP/1.1" 404 0 "-" "Mozilla/5.0 (Windows; U; Windows NT 6.1; en-US) AppleWebKit/534.1 (KHTML, like Gecko) Chrome/6.0.428.0 Safari/534.1"
174.122.254.42 - - [20/Feb/2012:13:14:17 +0100] "GET /mailman/admindb/ropert HTTP/1.1" 404 1181 "-" "Mozilla/5.0 (Windows; U; Windows NT 6.1; en-US) AppleWebKit/534.1 (KHTML, like Gecko) Chrome/6.0.428.0 Safari/534.1"
174.122.254.42 - - [20/Feb/2012:13:14:17 +0100] "HEAD /mailman/confirm/gaiakuld/60edd6bfa3425cf67ffac507eea906d81d28d8bb HTTP/1.1" 404 0 "-" "Mozilla/5.0 (Windows; U; Windows NT 6.1; en-US) AppleWebKit/534.1 (KHTML, like Gecko) Chrome/6.0.428.0 Safari/534.1"
174.122.254.42 - - [20/Feb/2012:13:14:18 +0100] "GET /mailman/confirm/gaiakuld/60edd6bfa3425cf67ffac507eea906d81d28d8bb HTTP/1.1" 404 1181 "-" "Mozilla/5.0 (Windows; U; Windows NT 6.1; en-US) AppleWebKit/534.1 (KHTML, like Gecko) Chrome/6.0.428.0 Safari/534.1"
91.120.70.184 - - [20/Feb/2012:13:27:33 +0100] "GET / HTTP/1.1" 302 295 "-" "Mozilla/5.0 (Windows NT 5.1; rv:10.0.2) Gecko/20100101 Firefox/10.0.2"
31.46.178.248 - - [20/Feb/2012:14:30:22 +0100] "GET / HTTP/1.1" 302 295 "-" "Mozilla/4.0 (compatible; MSIE 7.0; Windows NT 5.1; .NET CLR 1.1.4322)"
31.46.178.248 - - [20/Feb/2012:14:30:25 +0100] "GET / HTTP/1.1" 302 295 "-" "Mozilla/4.0 (compatible; MSIE 7.0; Windows NT 5.1; .NET CLR 1.1.4322)"
208.80.194.32 - - [20/Feb/2012:14:45:01 +0100] "GET / HTTP/1.0" 302 283 "-" "Mozilla/4.0 (compatible; MSIE 7.0; Windows NT 5.1; Tablet PC 1.7; .NET CLR 1.0.3705; .NET CLR 1.1.4322; .NET CLR 2.0.50727; InfoPath.1)"
91.120.70.184 - - [20/Feb/2012:15:39:14 +0100] "GET / HTTP/1.1" 302 295 "-" "Mozilla/5.0 (Windows NT 5.1; rv:10.0.2) Gecko/20100101 Firefox/10.0.2"
84.206.9.181 - - [20/Feb/2012:16:09:00 +0100] "GET / HTTP/1.1" 302 295 "-" "Mozilla/5.0 (Windows NT 5.1; rv:9.0.1) Gecko/20100101 Firefox/9.0.1"
84.206.48.247 - - [20/Feb/2012:16:09:18 +0100] "GET / HTTP/1.1" 302 295 "-" "Mozilla/4.0 (compatible; MSIE 8.0; Windows NT 6.1; Trident/4.0; SLCC2; .NET CLR 2.0.50727; .NET CLR 3.5.30729; .NET CLR 3.0.30729; Media Center PC 6.0; InfoPath.2)"
84.206.48.247 - - [20/Feb/2012:16:09:24 +0100] "GET / HTTP/1.1" 302 295 "-" "Mozilla/4.0 (compatible; MSIE 8.0; Windows NT 6.1; Trident/4.0; SLCC2; .NET CLR 2.0.50727; .NET CLR 3.5.30729; .NET CLR 3.0.30729; Media Center PC 6.0; InfoPath.2)"
174.122.254.42 - - [20/Feb/2012:16:35:20 +0100] "HEAD /mailman/confirm/onkentes/648db8b9186d45a2caea46bc22c4415166d40f23 HTTP/1.1" 404 0 "-" "Mozilla/5.0 (Windows; U; Windows NT 6.1; en-US) AppleWebKit/534.1 (KHTML, like Gecko) Chrome/6.0.428.0 Safari/534.1"
174.122.254.42 - - [20/Feb/2012:16:35:20 +0100] "GET /mailman/confirm/onkentes/648db8b9186d45a2caea46bc22c4415166d40f23 HTTP/1.1" 404 1181 "-" "Mozilla/5.0 (Windows; U; Windows NT 6.1; en-US) AppleWebKit/534.1 (KHTML, like Gecko) Chrome/6.0.428.0 Safari/534.1"
89.133.131.168 - - [20/Feb/2012:18:25:57 +0100] "GET / HTTP/1.1" 302 295 "-" "Mozilla/4.0 (compatible; MSIE 8.0; Windows NT 5.1; Trident/4.0; InfoPath.2)"
89.133.131.168 - - [20/Feb/2012:18:26:01 +0100] "GET / HTTP/1.1" 302 295 "-" "Mozilla/4.0 (compatible; MSIE 8.0; Windows NT 5.1; Trident/4.0; InfoPath.2)"
89.133.131.168 - - [20/Feb/2012:18:39:43 +0100] "GET / HTTP/1.1" 302 295 "-" "Mozilla/4.0 (compatible; MSIE 8.0; Windows NT 5.1; Trident/4.0; InfoPath.2)"
89.133.131.168 - - [20/Feb/2012:18:39:45 +0100] "GET / HTTP/1.1" 302 295 "-" "Mozilla/4.0 (compatible; MSIE 8.0; Windows NT 5.1; Trident/4.0; InfoPath.2)"
195.228.191.231 - - [20/Feb/2012:21:30:35 +0100] "GET / HTTP/1.1" 302 295 "-" "Mozilla/4.0 (compatible; MSIE 7.0; Windows NT 5.1; .NET CLR 1.1.4322)"
195.228.191.231 - - [20/Feb/2012:21:30:39 +0100] "GET / HTTP/1.1" 302 295 "-" "Mozilla/4.0 (compatible; MSIE 7.0; Windows NT 5.1; .NET CLR 1.1.4322)"
195.228.191.231 - - [20/Feb/2012:23:07:08 +0100] "GET / HTTP/1.1" 302 295 "-" "Mozilla/4.0 (compatible; MSIE 7.0; Windows NT 5.1; .NET CLR 1.1.4322)"
174.122.254.42 - - [21/Feb/2012:06:16:30 +0100] "HEAD /mailman/admindb/dunaa HTTP/1.1" 404 0 "-" "Mozilla/5.0 (Windows; U; Windows NT 6.1; en-US) AppleWebKit/534.1 (KHTML, like Gecko) Chrome/6.0.428.0 Safari/534.1"
174.122.254.42 - - [21/Feb/2012:06:16:30 +0100] "GET /mailman/admindb/dunaa HTTP/1.1" 404 1181 "-" "Mozilla/5.0 (Windows; U; Windows NT 6.1; en-US) AppleWebKit/534.1 (KHTML, like Gecko) Chrome/6.0.428.0 Safari/534.1"
193.225.204.86 - - [21/Feb/2012:09:43:24 +0100] "GET / HTTP/1.1" 302 295 "-" "Mozilla/4.0 (compatible; MSIE 8.0; Windows NT 5.1; Trident/4.0; .NET CLR 2.0.50727; .NET CLR 3.0.4506.2152; .NET CLR 3.5.30729; AskTbORJ/5.14.1.20007)"
193.225.204.86 - - [21/Feb/2012:09:43:27 +0100] "GET / HTTP/1.1" 302 295 "-" "Mozilla/4.0 (compatible; MSIE 8.0; Windows NT 5.1; Trident/4.0; .NET CLR 2.0.50727; .NET CLR 3.0.4506.2152; .NET CLR 3.5.30729; AskTbORJ/5.14.1.20007)"
174.122.254.42 - - [21/Feb/2012:09:47:32 +0100] "HEAD /mailman/confirm/okofalu/202e1e7bfca59ae07f3cc3b4932961e62353bc39 HTTP/1.1" 404 0 "-" "Mozilla/5.0 (Windows; U; Windows NT 6.1; en-US) AppleWebKit/534.1 (KHTML, like Gecko) Chrome/6.0.428.0 Safari/534.1"
174.122.254.42 - - [21/Feb/2012:09:47:33 +0100] "GET /mailman/confirm/okofalu/202e1e7bfca59ae07f3cc3b4932961e62353bc39 HTTP/1.1" 404 1181 "-" "Mozilla/5.0 (Windows; U; Windows NT 6.1; en-US) AppleWebKit/534.1 (KHTML, like Gecko) Chrome/6.0.428.0 Safari/534.1"
81.182.58.251 - - [21/Feb/2012:11:10:59 +0100] "GET / HTTP/1.1" 302 295 "-" "Mozilla/5.0 (X11; U; Linux i686; hu-HU; rv:1.9.2.17) Gecko/20110422 Ubuntu/8.04 (hardy) Firefox/3.6.17"
91.120.70.184 - - [21/Feb/2012:11:16:40 +0100] "GET / HTTP/1.1" 302 295 "-" "Mozilla/5.0 (Windows NT 5.1; rv:10.0.2) Gecko/20100101 Firefox/10.0.2"
150.70.64.196 - - [21/Feb/2012:11:16:50 +0100] "GET /mailman/listinfo/treehugger-announce HTTP/1.0" 404 1181 "-" "Mozilla/4.0 (compatible; MSIE 6.0; Windows NT 5.1)"
150.70.64.196 - - [21/Feb/2012:11:16:50 +0100] "GET /mailman/private/treehugger-announce HTTP/1.0" 404 1181 "-" "Mozilla/4.0 (compatible; MSIE 6.0; Windows NT 5.1)"
91.120.70.184 - - [21/Feb/2012:12:00:42 +0100] "GET / HTTP/1.1" 302 295 "-" "Mozilla/5.0 (Windows NT 5.1; rv:10.0.2) Gecko/20100101 Firefox/10.0.2"
65.52.110.191 - - [21/Feb/2012:12:41:46 +0100] "GET /robots.txt HTTP/1.1" 404 1181 "-" "Mozilla/5.0 (compatible; bingbot/2.0; +http://www.bing.com/bingbot.htm)"
81.182.58.251 - - [21/Feb/2012:12:51:35 +0100] "GET / HTTP/1.1" 302 295 "-" "Mozilla/4.0 (compatible; MSIE 7.0; Windows NT 5.1; .NET CLR 1.1.4322)"
81.182.58.251 - - [21/Feb/2012:12:51:41 +0100] "GET / HTTP/1.1" 302 295 "-" "Mozilla/4.0 (compatible; MSIE 7.0; Windows NT 5.1; .NET CLR 1.1.4322)"
91.120.70.184 - - [21/Feb/2012:13:47:50 +0100] "GET / HTTP/1.1" 302 295 "-" "Mozilla/5.0 (Windows NT 5.1; rv:10.0.2) Gecko/20100101 Firefox/10.0.2"
91.120.70.184 - - [21/Feb/2012:14:22:32 +0100] "GET / HTTP/1.1" 302 295 "-" "Mozilla/5.0 (Windows NT 5.1; rv:10.0.2) Gecko/20100101 Firefox/10.0.2"
195.228.206.254 - - [21/Feb/2012:17:06:47 +0100] "GET / HTTP/1.1" 302 295 "-" "Mozilla/4.0 (compatible; MSIE 7.0; Windows NT 5.1; .NET CLR 1.1.4322)"
195.228.206.254 - - [21/Feb/2012:17:06:49 +0100] "GET / HTTP/1.1" 302 295 "-" "Mozilla/4.0 (compatible; MSIE 7.0; Windows NT 5.1; .NET CLR 1.1.4322)"
195.228.206.254 - - [21/Feb/2012:17:42:45 +0100] "GET / HTTP/1.1" 302 295 "-" "Mozilla/4.0 (compatible; MSIE 7.0; Windows NT 5.1; .NET CLR 1.1.4322)"
207.46.204.189 - - [21/Feb/2012:19:11:49 +0100] "GET /robots.txt HTTP/1.1" 404 1181 "-" "Mozilla/5.0 (compatible; bingbot/2.0; +http://www.bing.com/bingbot.htm)"
207.46.204.189 - - [21/Feb/2012:19:15:47 +0100] "GET / HTTP/1.1" 302 295 "-" "Mozilla/5.0 (compatible; bingbot/2.0; +http://www.bing.com/bingbot.htm)"
86.101.231.141 - - [21/Feb/2012:19:22:38 +0100] "GET / HTTP/1.1" 302 295 "-" "Mozilla/4.0 (compatible; MSIE 8.0; Windows NT 5.1; Trident/4.0)"
86.101.231.141 - - [21/Feb/2012:19:22:42 +0100] "GET / HTTP/1.1" 302 295 "-" "Mozilla/4.0 (compatible; MSIE 8.0; Windows NT 5.1; Trident/4.0)"
94.21.106.92 - - [21/Feb/2012:20:34:36 +0100] "GET / HTTP/1.1" 302 295 "-" "Mozilla/5.0 (Windows NT 5.1; rv:10.0.2) Gecko/20100101 Firefox/10.0.2"
94.21.106.92 - - [21/Feb/2012:21:05:02 +0100] "GET / HTTP/1.1" 302 295 "-" "Mozilla/5.0 (Windows NT 5.1; rv:10.0.2) Gecko/20100101 Firefox/10.0.2"
188.36.198.6 - - [21/Feb/2012:21:26:06 +0100] "GET / HTTP/1.1" 302 295 "-" "Mozilla/4.0 (compatible; MSIE 7.0; Windows NT 5.1; .NET CLR 1.1.4322)"
188.36.198.6 - - [21/Feb/2012:21:26:07 +0100] "GET / HTTP/1.1" 302 295 "-" "Mozilla/4.0 (compatible; MSIE 7.0; Windows NT 5.1; .NET CLR 1.1.4322)"
190.204.111.208 - - [21/Feb/2012:22:19:57 +0100] "GET / HTTP/1.1" 302 295 "-" "Mozilla/5.0 (Windows NT 6.1; rv:10.0.2) Gecko/20100101 Firefox/10.0.2"
188.36.198.6 - - [21/Feb/2012:23:44:22 +0100] "GET / HTTP/1.1" 302 295 "-" "Mozilla/4.0 (compatible; MSIE 7.0; Windows NT 5.1; .NET CLR 1.1.4322)"
188.36.198.6 - - [21/Feb/2012:23:44:30 +0100] "GET / HTTP/1.1" 302 295 "-" "Mozilla/4.0 (compatible; MSIE 7.0; Windows NT 5.1; .NET CLR 1.1.4322)"
188.36.198.6 - - [21/Feb/2012:23:44:31 +0100] "GET / HTTP/1.1" 302 295 "-" "Mozilla/4.0 (compatible; MSIE 7.0; Windows NT 5.1; .NET CLR 1.1.4322)"
208.69.38.136 - - [22/Feb/2012:04:45:29 +0100] "GET / HTTP/1.1" 302 295 "-" "DomainTaggingbot; +http://www.opendns.com/community/domaintagging"
95.108.248.30 - - [22/Feb/2012:06:20:57 +0100] "GET /robots.txt HTTP/1.1" 404 1181 "-" "Mozilla/5.0 (compatible; YandexBot/3.0; +http://yandex.com/bots)"
91.120.70.184 - - [22/Feb/2012:09:26:41 +0100] "GET / HTTP/1.1" 302 295 "-" "Mozilla/5.0 (Windows NT 5.1; rv:10.0.2) Gecko/20100101 Firefox/10.0.2"
91.120.70.184 - - [22/Feb/2012:09:42:40 +0100] "GET / HTTP/1.1" 302 295 "-" "Mozilla/5.0 (Windows NT 5.1; rv:10.0.2) Gecko/20100101 Firefox/10.0.2"
195.228.206.244 - - [22/Feb/2012:11:11:42 +0100] "GET / HTTP/1.1" 302 295 "-" "Mozilla/4.0 (compatible; MSIE 7.0; Windows NT 5.1; .NET CLR 1.1.4322)"
195.228.206.244 - - [22/Feb/2012:11:11:45 +0100] "GET / HTTP/1.1" 302 295 "-" "Mozilla/4.0 (compatible; MSIE 7.0; Windows NT 5.1; .NET CLR 1.1.4322)"
95.108.248.30 - - [22/Feb/2012:11:15:06 +0100] "GET / HTTP/1.1" 302 295 "-" "Mozilla/5.0 (compatible; YandexBot/3.0; +http://yandex.com/bots)"
91.120.70.184 - - [22/Feb/2012:11:48:33 +0100] "GET / HTTP/1.1" 302 295 "-" "Mozilla/5.0 (Windows NT 5.1; rv:10.0.2) Gecko/20100101 Firefox/10.0.2"
91.120.70.184 - - [22/Feb/2012:12:09:05 +0100] "GET / HTTP/1.1" 302 295 "-" "Mozilla/5.0 (Windows NT 5.1; rv:10.0.2) Gecko/20100101 Firefox/10.0.2"
91.120.70.184 - - [22/Feb/2012:12:50:24 +0100] "GET / HTTP/1.1" 302 295 "-" "Mozilla/5.0 (Windows NT 5.1; rv:10.0.2) Gecko/20100101 Firefox/10.0.2"
193.225.204.86 - - [22/Feb/2012:14:12:44 +0100] "GET / HTTP/1.1" 302 295 "-" "Mozilla/4.0 (compatible; MSIE 8.0; Windows NT 5.1; Trident/4.0; .NET CLR 2.0.50727; .NET CLR 3.0.4506.2152; .NET CLR 3.5.30729; AskTbORJ/5.14.1.20007)"
193.225.204.86 - - [22/Feb/2012:14:12:46 +0100] "GET / HTTP/1.1" 302 295 "-" "Mozilla/4.0 (compatible; MSIE 8.0; Windows NT 5.1; Trident/4.0; .NET CLR 2.0.50727; .NET CLR 3.0.4506.2152; .NET CLR 3.5.30729; AskTbORJ/5.14.1.20007)"
176.9.82.133 - - [22/Feb/2012:15:12:22 +0100] "GET / HTTP/1.1" 302 295 "" "Mozilla/5.0 (X11; Linux i686; rv:6.0.2 ) Gecko/20100101 Firefox/7.0"
91.120.70.184 - - [22/Feb/2012:15:27:50 +0100] "GET / HTTP/1.1" 302 295 "-" "Mozilla/5.0 (Windows NT 5.1; rv:10.0.2) Gecko/20100101 Firefox/10.0.2"
86.101.234.169 - - [22/Feb/2012:18:05:12 +0100] "GET / HTTP/1.1" 302 295 "-" "Mozilla/4.0 (compatible; MSIE 8.0; Windows NT 5.1; Trident/4.0)"
86.101.234.169 - - [22/Feb/2012:18:05:15 +0100] "GET / HTTP/1.1" 302 295 "-" "Mozilla/4.0 (compatible; MSIE 8.0; Windows NT 5.1; Trident/4.0)"
86.101.234.169 - - [22/Feb/2012:18:32:50 +0100] "GET / HTTP/1.1" 302 295 "-" "Mozilla/4.0 (compatible; MSIE 8.0; Windows NT 5.1; Trident/4.0)"
86.101.234.169 - - [22/Feb/2012:18:32:53 +0100] "GET / HTTP/1.1" 302 295 "-" "Mozilla/4.0 (compatible; MSIE 8.0; Windows NT 5.1; Trident/4.0)"
208.80.194.36 - - [22/Feb/2012:18:45:23 +0100] "GET / HTTP/1.0" 302 283 "-" "Mozilla/4.0 (compatible; MSIE 7.0; Windows NT 5.1; BT Openworld BB; .NET CLR 2.0.50727; .NET CLR 1.1.4322)"
188.143.79.168 - - [22/Feb/2012:21:40:35 +0100] "GET / HTTP/1.1" 302 295 "-" "Mozilla/5.0 (Windows NT 5.1; rv:10.0.2) Gecko/20100101 Firefox/10.0.2"
81.183.63.145 - - [22/Feb/2012:23:36:49 +0100] "GET / HTTP/1.1" 302 295 "-" "Mozilla/4.0 (compatible; MSIE 7.0; Windows NT 5.1; .NET CLR 1.1.4322)"
81.183.63.145 - - [22/Feb/2012:23:36:52 +0100] "GET / HTTP/1.1" 302 295 "-" "Mozilla/4.0 (compatible; MSIE 7.0; Windows NT 5.1; .NET CLR 1.1.4322)"
81.183.63.145 - - [22/Feb/2012:23:55:19 +0100] "GET / HTTP/1.1" 302 295 "-" "Mozilla/4.0 (compatible; MSIE 7.0; Windows NT 5.1; .NET CLR 1.1.4322)"
190.204.111.208 - - [23/Feb/2012:01:06:50 +0100] "GET / HTTP/1.1" 302 295 "-" "Mozilla/5.0 (Windows NT 6.1; rv:10.0.2) Gecko/20100101 Firefox/10.0.2"
150.70.97.41 - - [23/Feb/2012:01:55:06 +0100] "GET /mailman/listinfo/treehugger-announce HTTP/1.0" 404 1181 "-" "Mozilla/4.0 (compatible; MSIE 6.0; Windows NT 5.1)"
91.120.70.184 - - [23/Feb/2012:10:09:49 +0100] "GET / HTTP/1.1" 302 295 "-" "Mozilla/5.0 (Windows NT 5.1; rv:10.0.2) Gecko/20100101 Firefox/10.0.2"
188.36.198.29 - - [23/Feb/2012:11:16:19 +0100] "GET / HTTP/1.1" 302 295 "-" "Mozilla/4.0 (compatible; MSIE 7.0; Windows NT 5.1; .NET CLR 1.1.4322)"
188.36.198.29 - - [23/Feb/2012:11:16:22 +0100] "GET / HTTP/1.1" 302 295 "-" "Mozilla/4.0 (compatible; MSIE 7.0; Windows NT 5.1; .NET CLR 1.1.4322)"
195.56.8.156 - - [23/Feb/2012:12:57:14 +0100] "GET / HTTP/1.1" 302 295 "-" "Mozilla/5.0 (Windows NT 5.1; rv:10.0.2) Gecko/20100101 Firefox/10.0.2"
95.108.248.30 - - [23/Feb/2012:13:27:20 +0100] "GET /robots.txt HTTP/1.1" 404 1181 "-" "Mozilla/5.0 (compatible; YandexBot/3.0; +http://yandex.com/bots)"
195.56.8.156 - - [23/Feb/2012:14:01:28 +0100] "GET / HTTP/1.1" 302 295 "-" "Mozilla/5.0 (Windows NT 5.1; rv:10.0.2) Gecko/20100101 Firefox/10.0.2"
195.56.8.156 - - [23/Feb/2012:15:51:57 +0100] "GET / HTTP/1.1" 302 295 "-" "Mozilla/5.0 (Windows NT 5.1; rv:10.0.2) Gecko/20100101 Firefox/10.0.2"
95.108.248.30 - - [23/Feb/2012:22:01:03 +0100] "GET / HTTP/1.1" 302 295 "-" "Mozilla/5.0 (compatible; YandexBot/3.0; +http://yandex.com/bots)"
94.21.191.3 - - [23/Feb/2012:22:02:50 +0100] "GET / HTTP/1.1" 302 295 "-" "Mozilla/5.0 (Windows NT 5.1; rv:10.0.2) Gecko/20100101 Firefox/10.0.2"
81.182.58.144 - - [23/Feb/2012:23:21:29 +0100] "GET / HTTP/1.1" 302 295 "-" "Mozilla/4.0 (compatible; MSIE 7.0; Windows NT 5.1; .NET CLR 1.1.4322)"
81.182.58.144 - - [23/Feb/2012:23:21:33 +0100] "GET / HTTP/1.1" 302 295 "-" "Mozilla/4.0 (compatible; MSIE 7.0; Windows NT 5.1; .NET CLR 1.1.4322)"
213.186.127.13 - - [23/Feb/2012:23:31:34 +0100] "GET /robots.txt HTTP/1.1" 404 1181 "-" "Mozilla/5.0 (compatible; AhrefsBot/2.0; +http://ahrefs.com/robot/)"
66.249.66.73 - - [24/Feb/2012:09:48:47 +0100] "GET /robots.txt HTTP/1.1" 404 1181 "-" "Mozilla/5.0 (compatible; Googlebot/2.1; +http://www.google.com/bot.html)"
66.249.71.88 - - [24/Feb/2012:09:48:47 +0100] "GET / HTTP/1.1" 302 295 "-" "Mozilla/5.0 (compatible; Googlebot/2.1; +http://www.google.com/bot.html)"
195.228.191.197 - - [24/Feb/2012:10:34:49 +0100] "GET / HTTP/1.1" 302 295 "-" "Mozilla/4.0 (compatible; MSIE 7.0; Windows NT 5.1; .NET CLR 1.1.4322)"
195.228.191.197 - - [24/Feb/2012:10:34:52 +0100] "GET / HTTP/1.1" 302 295 "-" "Mozilla/4.0 (compatible; MSIE 7.0; Windows NT 5.1; .NET CLR 1.1.4322)"
195.228.191.197 - - [24/Feb/2012:11:27:13 +0100] "GET / HTTP/1.1" 302 295 "-" "Mozilla/5.0 (Windows; U; Windows NT 5.1; hu; rv:1.9.2.26) Gecko/20120128 Firefox/3.6.26"
195.228.191.197 - - [24/Feb/2012:11:33:56 +0100] "GET / HTTP/1.1" 302 295 "-" "Mozilla/4.0 (compatible; MSIE 7.0; Windows NT 5.1; .NET CLR 1.1.4322)"
195.228.191.197 - - [24/Feb/2012:11:33:58 +0100] "GET / HTTP/1.1" 302 295 "-" "Mozilla/4.0 (compatible; MSIE 7.0; Windows NT 5.1; .NET CLR 1.1.4322)"
193.225.204.86 - - [24/Feb/2012:12:12:19 +0100] "GET / HTTP/1.1" 302 295 "-" "Mozilla/4.0 (compatible; MSIE 8.0; Windows NT 5.1; Trident/4.0; .NET CLR 2.0.50727; .NET CLR 3.0.4506.2152; .NET CLR 3.5.30729; AskTbORJ/5.14.1.20007)"
193.225.204.86 - - [24/Feb/2012:12:12:22 +0100] "GET / HTTP/1.1" 302 295 "-" "Mozilla/4.0 (compatible; MSIE 8.0; Windows NT 5.1; Trident/4.0; .NET CLR 2.0.50727; .NET CLR 3.0.4506.2152; .NET CLR 3.5.30729; AskTbORJ/5.14.1.20007)"
174.122.254.42 - - [24/Feb/2012:13:01:07 +0100] "HEAD /mailman/listinfo/folyamat HTTP/1.1" 404 0 "-" "Mozilla/5.0 (Windows; U; Windows NT 6.1; en-US) AppleWebKit/534.1 (KHTML, like Gecko) Chrome/6.0.428.0 Safari/534.1"
174.122.254.42 - - [24/Feb/2012:13:01:08 +0100] "GET /mailman/listinfo/folyamat HTTP/1.1" 404 1181 "-" "Mozilla/5.0 (Windows; U; Windows NT 6.1; en-US) AppleWebKit/534.1 (KHTML, like Gecko) Chrome/6.0.428.0 Safari/534.1"
174.122.254.42 - - [24/Feb/2012:13:07:46 +0100] "HEAD /mailman/listinfo/global HTTP/1.1" 404 0 "-" "Mozilla/5.0 (Windows; U; Windows NT 6.1; en-US) AppleWebKit/534.1 (KHTML, like Gecko) Chrome/6.0.428.0 Safari/534.1"
174.122.254.42 - - [24/Feb/2012:13:07:46 +0100] "GET /mailman/listinfo/global HTTP/1.1" 404 1181 "-" "Mozilla/5.0 (Windows; U; Windows NT 6.1; en-US) AppleWebKit/534.1 (KHTML, like Gecko) Chrome/6.0.428.0 Safari/534.1"
86.101.231.129 - - [24/Feb/2012:19:53:51 +0100] "GET / HTTP/1.1" 302 295 "-" "Mozilla/4.0 (compatible; MSIE 8.0; Windows NT 5.1; Trident/4.0)"
86.101.231.129 - - [24/Feb/2012:19:53:55 +0100] "GET / HTTP/1.1" 302 295 "-" "Mozilla/4.0 (compatible; MSIE 8.0; Windows NT 5.1; Trident/4.0)"
95.108.248.30 - - [24/Feb/2012:21:08:07 +0100] "GET /robots.txt HTTP/1.1" 404 1181 "-" "Mozilla/5.0 (compatible; YandexBot/3.0; +http://yandex.com/bots)"
200.72.77.235 - - [24/Feb/2012:21:17:05 +0100] "GET /mailman/confirm/vidra-lista/af287f9c855ae8ed35edad3f0a20714e17bba36a HTTP/1.0" 404 1181 "-" "Mozilla/4.0 (compatible; MSIE 4.01; Windows NT)"
200.72.77.235 - - [24/Feb/2012:21:49:54 +0100] "GET /mailman/confirm/mozgalom/bfe284214073b8b53e59b46e1aeecf7b63955ec3 HTTP/1.0" 404 1181 "-" "Mozilla/4.0 (compatible; MSIE 4.01; Windows NT)"
208.80.194.36 - - [25/Feb/2012:00:05:29 +0100] "GET / HTTP/1.0" 302 283 "-" "Mozilla/4.0 (compatible; MSIE 6.0; America Online Browser 1.1; rev1.5; Windows NT 5.1; SV1; (R1 1.5); .NET CLR 2.0.50727; .NET CLR 1.1.4322)"
200.72.77.235 - - [25/Feb/2012:03:41:09 +0100] "GET /mailman/confirm/raptor/ef552b39e45a10b1eab011a91ccf74ca9201510d HTTP/1.0" 404 1181 "-" "Mozilla/4.0 (compatible; MSIE 4.01; Windows NT)"
95.108.248.30 - - [25/Feb/2012:05:11:36 +0100] "GET / HTTP/1.1" 302 295 "-" "Mozilla/5.0 (compatible; YandexBot/3.0; +http://yandex.com/bots)"
200.72.77.235 - - [25/Feb/2012:07:38:13 +0100] "GET /mailman/confirm/nimfeainfo/84280055c2fd6d64174a0abb917148eaab6fcbf6 HTTP/1.0" 404 1181 "-" "Mozilla/4.0 (compatible; MSIE 4.01; Windows NT)"
81.183.63.144 - - [25/Feb/2012:10:55:20 +0100] "GET / HTTP/1.1" 302 295 "-" "Mozilla/4.0 (compatible; MSIE 7.0; Windows NT 5.1; .NET CLR 1.1.4322)"
81.183.63.144 - - [25/Feb/2012:10:55:25 +0100] "GET / HTTP/1.1" 302 295 "-" "Mozilla/4.0 (compatible; MSIE 7.0; Windows NT 5.1; .NET CLR 1.1.4322)"
81.183.63.144 - - [25/Feb/2012:11:35:43 +0100] "GET / HTTP/1.1" 302 295 "-" "Mozilla/4.0 (compatible; MSIE 7.0; Windows NT 5.1; .NET CLR 1.1.4322)"
193.225.204.86 - - [25/Feb/2012:11:46:43 +0100] "GET / HTTP/1.1" 302 295 "-" "Mozilla/4.0 (compatible; MSIE 8.0; Windows NT 5.1; Trident/4.0; .NET CLR 2.0.50727; .NET CLR 3.0.4506.2152; .NET CLR 3.5.30729; AskTbORJ/5.14.1.20007)"
193.225.204.86 - - [25/Feb/2012:11:46:46 +0100] "GET / HTTP/1.1" 302 295 "-" "Mozilla/4.0 (compatible; MSIE 8.0; Windows NT 5.1; Trident/4.0; .NET CLR 2.0.50727; .NET CLR 3.0.4506.2152; .NET CLR 3.5.30729; AskTbORJ/5.14.1.20007)"
200.72.77.235 - - [25/Feb/2012:12:58:49 +0100] "GET /mailman/confirm/rugyecskek/aa6c671ae02b1a22042ac8b2ea762c352fc2a77a HTTP/1.0" 404 1181 "-" "Mozilla/4.0 (compatible; MSIE 4.01; Windows NT)"
81.183.63.144 - - [25/Feb/2012:13:09:13 +0100] "GET / HTTP/1.1" 302 295 "-" "Mozilla/4.0 (compatible; MSIE 7.0; Windows NT 5.1; .NET CLR 1.1.4322)"
200.72.77.235 - - [25/Feb/2012:16:55:33 +0100] "GET /mailman/confirm/madar/3a73039b99cef054e7e3c8ded0e9f381d6a13c1f HTTP/1.0" 404 1181 "-" "Mozilla/4.0 (compatible; MSIE 4.01; Windows NT)"
81.183.156.246 - - [25/Feb/2012:18:46:21 +0100] "GET / HTTP/1.1" 302 295 "-" "Mozilla/4.0 (compatible; MSIE 7.0; Windows NT 5.1; .NET CLR 1.1.4322)"
81.183.156.246 - - [25/Feb/2012:18:46:23 +0100] "GET / HTTP/1.1" 302 295 "-" "Mozilla/4.0 (compatible; MSIE 7.0; Windows NT 5.1; .NET CLR 1.1.4322)"
95.108.248.30 - - [25/Feb/2012:20:14:12 +0100] "GET /robots.txt HTTP/1.1" 404 1181 "-" "Mozilla/5.0 (compatible; YandexBot/3.0; +http://yandex.com/bots)"
81.183.156.246 - - [25/Feb/2012:21:36:57 +0100] "GET / HTTP/1.1" 302 295 "-" "Mozilla/4.0 (compatible; MSIE 7.0; Windows NT 5.1; .NET CLR 1.1.4322)"
81.183.156.246 - - [25/Feb/2012:21:37:01 +0100] "GET / HTTP/1.1" 302 295 "-" "Mozilla/4.0 (compatible; MSIE 7.0; Windows NT 5.1; .NET CLR 1.1.4322)"
81.183.156.246 - - [25/Feb/2012:23:30:49 +0100] "GET / HTTP/1.1" 302 295 "-" "Mozilla/4.0 (compatible; MSIE 7.0; Windows NT 5.1; .NET CLR 1.1.4322)"
81.183.156.246 - - [25/Feb/2012:23:30:51 +0100] "GET / HTTP/1.1" 302 295 "-" "Mozilla/4.0 (compatible; MSIE 7.0; Windows NT 5.1; .NET CLR 1.1.4322)"
81.183.156.246 - - [26/Feb/2012:00:16:42 +0100] "GET / HTTP/1.1" 302 295 "-" "Mozilla/4.0 (compatible; MSIE 7.0; Windows NT 5.1; .NET CLR 1.1.4322)"
81.183.156.246 - - [26/Feb/2012:00:16:43 +0100] "GET / HTTP/1.1" 302 295 "-" "Mozilla/4.0 (compatible; MSIE 7.0; Windows NT 5.1; .NET CLR 1.1.4322)"
81.183.156.246 - - [26/Feb/2012:00:18:55 +0100] "GET / HTTP/1.1" 302 295 "-" "Mozilla/4.0 (compatible; MSIE 7.0; Windows NT 5.1; .NET CLR 1.1.4322)"
81.183.156.246 - - [26/Feb/2012:00:18:56 +0100] "GET / HTTP/1.1" 302 295 "-" "Mozilla/4.0 (compatible; MSIE 7.0; Windows NT 5.1; .NET CLR 1.1.4322)"
95.108.248.30 - - [26/Feb/2012:00:20:26 +0100] "GET / HTTP/1.1" 302 295 "-" "Mozilla/5.0 (compatible; YandexBot/3.0; +http://yandex.com/bots)"
200.72.77.235 - - [26/Feb/2012:03:04:59 +0100] "GET /mailman/confirm/dunaa/886a828da5c3a8f852d48ab02f3c8404ea92e218 HTTP/1.0" 404 1181 "-" "Mozilla/4.0 (compatible; MSIE 4.01; Windows NT)"
200.72.77.235 - - [26/Feb/2012:03:06:45 +0100] "GET /mailman/confirm/e-misszio-levlist/2350cea9e729226135d8ce3ef08efa67852927eb HTTP/1.0" 404 1181 "-" "Mozilla/4.0 (compatible; MSIE 4.01; Windows NT)"
200.72.77.235 - - [26/Feb/2012:04:05:02 +0100] "GET /mailman/confirm/kurator/fbf0b2d8af9572e4fdfcb7d0d7729224cd808586 HTTP/1.0" 404 1181 "-" "Mozilla/4.0 (compatible; MSIE 4.01; Windows NT)"
200.72.77.235 - - [26/Feb/2012:05:44:30 +0100] "GET /mailman/confirm/fnblista/9a44e15ab79b0b22361fdc3e18ac2e14995d02af HTTP/1.0" 404 1181 "-" "Mozilla/4.0 (compatible; MSIE 4.01; Windows NT)"
200.72.77.235 - - [26/Feb/2012:06:00:31 +0100] "GET /mailman/confirm/otszerv/12d83948841f724e97436eaff1dcf1cbaf27a50e HTTP/1.0" 404 1181 "-" "Mozilla/4.0 (compatible; MSIE 4.01; Windows NT)"
