195.56.236.177 - - [01/Mar/2012:09:05:05 +0100] "GET / HTTP/1.1" 302 295 "-" "Mozilla/5.0 (Windows NT 5.1; rv:10.0.2) Gecko/20100101 Firefox/10.0.2"
195.228.191.241 - - [01/Mar/2012:10:35:08 +0100] "GET / HTTP/1.1" 302 295 "-" "Mozilla/4.0 (compatible; MSIE 7.0; Windows NT 5.1; .NET CLR 1.1.4322)"
195.228.191.241 - - [01/Mar/2012:10:35:10 +0100] "GET / HTTP/1.1" 302 295 "-" "Mozilla/4.0 (compatible; MSIE 7.0; Windows NT 5.1; .NET CLR 1.1.4322)"
193.225.204.86 - - [01/Mar/2012:11:51:47 +0100] "GET / HTTP/1.1" 302 295 "-" "Mozilla/4.0 (compatible; MSIE 8.0; Windows NT 5.1; Trident/4.0; .NET CLR 2.0.50727; .NET CLR 3.0.4506.2152; .NET CLR 3.5.30729; AskTbORJ/5.14.1.20007)"
193.225.204.86 - - [01/Mar/2012:11:51:51 +0100] "GET / HTTP/1.1" 302 295 "-" "Mozilla/4.0 (compatible; MSIE 8.0; Windows NT 5.1; Trident/4.0; .NET CLR 2.0.50727; .NET CLR 3.0.4506.2152; .NET CLR 3.5.30729; AskTbORJ/5.14.1.20007)"
86.101.230.165 - - [01/Mar/2012:17:01:23 +0100] "GET / HTTP/1.1" 302 295 "-" "Mozilla/4.0 (compatible; MSIE 8.0; Windows NT 5.1; Trident/4.0; .NET CLR 2.0.50727; .NET CLR 3.0.4506.2152; .NET CLR 3.5.30729)"
86.101.230.165 - - [01/Mar/2012:17:01:28 +0100] "GET / HTTP/1.1" 302 295 "-" "Mozilla/4.0 (compatible; MSIE 8.0; Windows NT 5.1; Trident/4.0; .NET CLR 2.0.50727; .NET CLR 3.0.4506.2152; .NET CLR 3.5.30729)"
86.101.230.165 - - [01/Mar/2012:17:07:39 +0100] "GET / HTTP/1.1" 302 295 "-" "Mozilla/4.0 (compatible; MSIE 8.0; Windows NT 5.1; Trident/4.0; .NET CLR 2.0.50727; .NET CLR 3.0.4506.2152; .NET CLR 3.5.30729)"
86.101.230.165 - - [01/Mar/2012:17:07:42 +0100] "GET / HTTP/1.1" 302 295 "-" "Mozilla/4.0 (compatible; MSIE 8.0; Windows NT 5.1; Trident/4.0; .NET CLR 2.0.50727; .NET CLR 3.0.4506.2152; .NET CLR 3.5.30729)"
86.101.231.141 - - [01/Mar/2012:19:12:40 +0100] "GET / HTTP/1.1" 302 295 "-" "Mozilla/4.0 (compatible; MSIE 8.0; Windows NT 5.1; Trident/4.0)"
86.101.231.141 - - [01/Mar/2012:19:12:44 +0100] "GET / HTTP/1.1" 302 295 "-" "Mozilla/4.0 (compatible; MSIE 8.0; Windows NT 5.1; Trident/4.0)"
94.21.191.171 - - [01/Mar/2012:20:31:06 +0100] "GET / HTTP/1.1" 302 295 "-" "Mozilla/5.0 (Windows NT 5.1; rv:10.0.2) Gecko/20100101 Firefox/10.0.2"
81.182.58.23 - - [01/Mar/2012:21:35:21 +0100] "GET / HTTP/1.1" 302 295 "-" "Mozilla/4.0 (compatible; MSIE 7.0; Windows NT 5.1; .NET CLR 1.1.4322)"
81.182.58.23 - - [01/Mar/2012:21:35:23 +0100] "GET / HTTP/1.1" 302 295 "-" "Mozilla/4.0 (compatible; MSIE 7.0; Windows NT 5.1; .NET CLR 1.1.4322)"
81.182.58.23 - - [01/Mar/2012:23:33:37 +0100] "GET / HTTP/1.1" 302 295 "-" "Mozilla/4.0 (compatible; MSIE 7.0; Windows NT 5.1; .NET CLR 1.1.4322)"
81.182.58.23 - - [01/Mar/2012:23:33:39 +0100] "GET / HTTP/1.1" 302 295 "-" "Mozilla/4.0 (compatible; MSIE 7.0; Windows NT 5.1; .NET CLR 1.1.4322)"
150.70.75.35 - - [02/Mar/2012:02:47:43 +0100] "GET /mailman/listinfo/ceeweb-list HTTP/1.0" 404 1181 "-" "Mozilla/4.0 (compatible; MSIE 6.0; Windows NT 5.1)"
150.70.75.35 - - [02/Mar/2012:02:47:44 +0100] "GET /mailman/private/ceeweb-list HTTP/1.0" 404 1181 "-" "Mozilla/4.0 (compatible; MSIE 6.0; Windows NT 5.1)"
81.182.58.13 - - [02/Mar/2012:08:10:42 +0100] "GET / HTTP/1.1" 302 295 "-" "Mozilla/4.0 (compatible; MSIE 7.0; Windows NT 5.1; .NET CLR 1.1.4322)"
81.182.58.13 - - [02/Mar/2012:08:10:46 +0100] "GET / HTTP/1.1" 302 295 "-" "Mozilla/4.0 (compatible; MSIE 7.0; Windows NT 5.1; .NET CLR 1.1.4322)"
195.56.236.177 - - [02/Mar/2012:08:56:35 +0100] "GET / HTTP/1.1" 302 295 "-" "Mozilla/5.0 (Windows NT 5.1; rv:10.0.2) Gecko/20100101 Firefox/10.0.2"
195.56.236.177 - - [02/Mar/2012:10:47:31 +0100] "GET / HTTP/1.1" 302 295 "-" "Mozilla/5.0 (Windows NT 5.1; rv:10.0.2) Gecko/20100101 Firefox/10.0.2"
195.56.236.177 - - [02/Mar/2012:13:16:54 +0100] "GET / HTTP/1.1" 302 295 "-" "Mozilla/5.0 (Windows NT 5.1; rv:10.0.2) Gecko/20100101 Firefox/10.0.2"
38.127.197.112 - - [02/Mar/2012:14:55:24 +0100] "GET /mailman/confirm/e-misszio-levlist/01e5a153efd018f257ec272077af27a7f5ff70f3 HTTP/1.1" 404 1181 "-" "Mozilla/4.0 (compatible; MSIE 7.0; Windows NT 5.1)"
89.133.131.168 - - [02/Mar/2012:17:48:55 +0100] "GET / HTTP/1.1" 302 295 "-" "Mozilla/4.0 (compatible; MSIE 8.0; Windows NT 5.1; Trident/4.0)"
89.133.131.168 - - [02/Mar/2012:17:48:59 +0100] "GET / HTTP/1.1" 302 295 "-" "Mozilla/4.0 (compatible; MSIE 8.0; Windows NT 5.1; Trident/4.0)"
92.249.170.10 - - [02/Mar/2012:21:27:14 +0100] "GET / HTTP/1.1" 302 295 "-" "Mozilla/5.0 (Windows NT 5.1; rv:10.0.2) Gecko/20100101 Firefox/10.0.2"
208.80.194.30 - - [02/Mar/2012:21:36:28 +0100] "GET / HTTP/1.0" 302 283 "-" "Mozilla/4.0 (compatible; MSIE 7.0; Windows NT 5.1; (R1 1.3); .NET CLR 1.0.3705; .NET CLR 1.1.4322)"
81.183.156.240 - - [02/Mar/2012:21:43:45 +0100] "GET / HTTP/1.1" 302 295 "-" "Mozilla/4.0 (compatible; MSIE 7.0; Windows NT 5.1; .NET CLR 1.1.4322)"
81.183.156.240 - - [02/Mar/2012:21:43:48 +0100] "GET / HTTP/1.1" 302 295 "-" "Mozilla/4.0 (compatible; MSIE 7.0; Windows NT 5.1; .NET CLR 1.1.4322)"
50.16.149.102 - - [03/Mar/2012:02:00:35 +0100] "GET /robots.txt HTTP/1.1" 404 1181 "" "-"
50.16.149.102 - - [03/Mar/2012:02:00:36 +0100] "GET / HTTP/1.1" 302 295 "" "-"
174.122.254.42 - - [03/Mar/2012:02:32:24 +0100] "HEAD /mailman/confirm/munka/47d097be71332dd33d194f80c84d27b3d8b2db55 HTTP/1.1" 404 0 "-" "Mozilla/5.0 (Windows; U; Windows NT 6.1; en-US) AppleWebKit/534.1 (KHTML, like Gecko) Chrome/6.0.428.0 Safari/534.1"
174.122.254.42 - - [03/Mar/2012:02:32:24 +0100] "GET /mailman/confirm/munka/47d097be71332dd33d194f80c84d27b3d8b2db55 HTTP/1.1" 404 1181 "-" "Mozilla/5.0 (Windows; U; Windows NT 6.1; en-US) AppleWebKit/534.1 (KHTML, like Gecko) Chrome/6.0.428.0 Safari/534.1"
208.69.38.136 - - [03/Mar/2012:04:48:33 +0100] "GET / HTTP/1.1" 302 295 "-" "DomainTaggingbot; +http://www.opendns.com/community/domaintagging"
195.228.206.238 - - [03/Mar/2012:11:34:04 +0100] "GET / HTTP/1.1" 302 295 "-" "Mozilla/5.0 (Windows; U; Windows NT 5.1; hu; rv:1.9.2.27) Gecko/20120216 Firefox/3.6.27"
195.228.206.238 - - [03/Mar/2012:12:56:39 +0100] "GET / HTTP/1.1" 302 295 "-" "Mozilla/4.0 (compatible; MSIE 7.0; Windows NT 5.1; .NET CLR 1.1.4322)"
195.228.206.238 - - [03/Mar/2012:12:56:40 +0100] "GET / HTTP/1.1" 302 295 "-" "Mozilla/4.0 (compatible; MSIE 7.0; Windows NT 5.1; .NET CLR 1.1.4322)"
95.108.248.30 - - [03/Mar/2012:18:28:31 +0100] "GET /robots.txt HTTP/1.1" 404 1181 "-" "Mozilla/5.0 (compatible; YandexBot/3.0; +http://yandex.com/bots)"
95.108.248.30 - - [03/Mar/2012:23:58:59 +0100] "GET / HTTP/1.1" 302 295 "-" "Mozilla/5.0 (compatible; YandexBot/3.0; +http://yandex.com/bots)"
91.212.12.58 - - [04/Mar/2012:06:17:03 +0100] "GET /robots.txt HTTP/1.1" 404 1181 "-" "Comodo-Certificates-Spider"
91.212.12.58 - - [04/Mar/2012:06:17:03 +0100] "GET / HTTP/1.1" 302 295 "-" "Comodo-Certificates-Spider"
91.212.12.58 - - [04/Mar/2012:06:17:04 +0100] "GET / HTTP/1.1" 302 295 "-" "Comodo-Certificates-Spider"
81.183.63.151 - - [04/Mar/2012:15:08:48 +0100] "GET / HTTP/1.1" 302 295 "-" "Mozilla/4.0 (compatible; MSIE 7.0; Windows NT 5.1; .NET CLR 1.1.4322)"
81.183.63.151 - - [04/Mar/2012:15:08:51 +0100] "GET / HTTP/1.1" 302 295 "-" "Mozilla/4.0 (compatible; MSIE 7.0; Windows NT 5.1; .NET CLR 1.1.4322)"
81.183.63.151 - - [04/Mar/2012:15:12:23 +0100] "GET / HTTP/1.1" 302 295 "-" "Mozilla/4.0 (compatible; MSIE 7.0; Windows NT 5.1; .NET CLR 1.1.4322)"
92.249.170.1 - - [04/Mar/2012:18:02:20 +0100] "GET / HTTP/1.1" 302 295 "-" "Mozilla/5.0 (Windows NT 5.1; rv:10.0.2) Gecko/20100101 Firefox/10.0.2"
92.249.170.1 - - [04/Mar/2012:18:14:26 +0100] "GET / HTTP/1.1" 302 295 "-" "Mozilla/5.0 (Windows NT 5.1; rv:10.0.2) Gecko/20100101 Firefox/10.0.2"
208.80.194.30 - - [05/Mar/2012:02:00:41 +0100] "GET / HTTP/1.0" 302 283 "-" "Mozilla/4.0 (compatible; MSIE 7.0; Windows NT 5.1; Ringo)"
66.249.66.73 - - [05/Mar/2012:03:32:21 +0100] "GET /robots.txt HTTP/1.1" 404 1181 "-" "Mozilla/5.0 (compatible; Googlebot/2.1; +http://www.google.com/bot.html)"
66.249.66.73 - - [05/Mar/2012:03:32:21 +0100] "GET / HTTP/1.1" 302 295 "-" "Mozilla/5.0 (compatible; Googlebot/2.1; +http://www.google.com/bot.html)"
81.183.63.151 - - [05/Mar/2012:08:19:35 +0100] "GET / HTTP/1.1" 302 295 "-" "Mozilla/4.0 (compatible; MSIE 7.0; Windows NT 5.1; .NET CLR 1.1.4322)"
81.183.63.151 - - [05/Mar/2012:08:19:37 +0100] "GET / HTTP/1.1" 302 295 "-" "Mozilla/4.0 (compatible; MSIE 7.0; Windows NT 5.1; .NET CLR 1.1.4322)"
91.120.89.10 - - [05/Mar/2012:09:51:38 +0100] "GET / HTTP/1.1" 302 295 "-" "Mozilla/5.0 (Windows NT 5.1; rv:10.0.2) Gecko/20100101 Firefox/10.0.2"
81.183.63.151 - - [05/Mar/2012:10:04:13 +0100] "GET / HTTP/1.1" 302 295 "-" "Mozilla/4.0 (compatible; MSIE 7.0; Windows NT 5.1; .NET CLR 1.1.4322)"
81.183.63.151 - - [05/Mar/2012:10:04:17 +0100] "GET / HTTP/1.1" 302 295 "-" "Mozilla/4.0 (compatible; MSIE 7.0; Windows NT 5.1; .NET CLR 1.1.4322)"
81.182.58.156 - - [05/Mar/2012:16:04:35 +0100] "GET / HTTP/1.1" 302 295 "-" "Mozilla/4.0 (compatible; MSIE 7.0; Windows NT 5.1; .NET CLR 1.1.4322)"
81.182.58.156 - - [05/Mar/2012:16:04:38 +0100] "GET / HTTP/1.1" 302 295 "-" "Mozilla/4.0 (compatible; MSIE 7.0; Windows NT 5.1; .NET CLR 1.1.4322)"
77.234.84.21 - - [05/Mar/2012:19:38:40 +0100] "GET / HTTP/1.1" 302 295 "-" "Mozilla/5.0 (Windows NT 5.1; rv:10.0.2) Gecko/20100101 Firefox/10.0.2"
81.183.63.182 - - [06/Mar/2012:08:10:58 +0100] "GET / HTTP/1.1" 302 295 "-" "Mozilla/4.0 (compatible; MSIE 7.0; Windows NT 5.1; .NET CLR 1.1.4322)"
81.183.63.182 - - [06/Mar/2012:08:11:01 +0100] "GET / HTTP/1.1" 302 295 "-" "Mozilla/4.0 (compatible; MSIE 7.0; Windows NT 5.1; .NET CLR 1.1.4322)"
91.120.89.10 - - [06/Mar/2012:10:32:41 +0100] "GET / HTTP/1.1" 302 295 "-" "Mozilla/5.0 (Windows NT 5.1; rv:10.0.2) Gecko/20100101 Firefox/10.0.2"
95.108.248.30 - - [06/Mar/2012:12:37:01 +0100] "GET /robots.txt HTTP/1.1" 404 1181 "-" "Mozilla/5.0 (compatible; YandexBot/3.0; +http://yandex.com/bots)"
89.133.131.168 - - [06/Mar/2012:17:29:03 +0100] "GET / HTTP/1.1" 302 295 "-" "Mozilla/4.0 (compatible; MSIE 8.0; Windows NT 5.1; Trident/4.0; InfoPath.2)"
89.133.131.168 - - [06/Mar/2012:17:29:07 +0100] "GET / HTTP/1.1" 302 295 "-" "Mozilla/4.0 (compatible; MSIE 8.0; Windows NT 5.1; Trident/4.0; InfoPath.2)"
86.101.231.129 - - [06/Mar/2012:17:33:59 +0100] "GET / HTTP/1.1" 302 295 "-" "Mozilla/4.0 (compatible; MSIE 8.0; Windows NT 5.1; Trident/4.0)"
86.101.231.129 - - [06/Mar/2012:17:34:03 +0100] "GET / HTTP/1.1" 302 295 "-" "Mozilla/4.0 (compatible; MSIE 8.0; Windows NT 5.1; Trident/4.0)"
188.143.79.255 - - [06/Mar/2012:17:43:03 +0100] "GET / HTTP/1.1" 302 295 "-" "Mozilla/5.0 (Windows NT 5.1; rv:10.0.2) Gecko/20100101 Firefox/10.0.2"
67.222.109.37 - - [06/Mar/2012:18:35:18 +0100] "GET / HTTP/1.1" 302 295 "" "EdisterBot (http://www.edister.com/bot.html)"
95.108.248.30 - - [06/Mar/2012:22:10:47 +0100] "GET / HTTP/1.1" 302 295 "-" "Mozilla/5.0 (compatible; YandexBot/3.0; +http://yandex.com/bots)"
81.182.58.50 - - [06/Mar/2012:22:19:59 +0100] "GET / HTTP/1.1" 302 295 "-" "Mozilla/5.0 (X11; U; Linux i686; hu-HU; rv:1.9.2.17) Gecko/20110422 Ubuntu/8.04 (hardy) Firefox/3.6.17"
208.80.194.34 - - [07/Mar/2012:06:32:16 +0100] "GET / HTTP/1.0" 302 283 "-" "Mozilla/4.0 (compatible; MSIE 6.0; Windows NT 5.1; SV1; (R1 1.5); Windows-Media-Player/10.00.00.3990)"
81.182.58.76 - - [07/Mar/2012:08:13:03 +0100] "GET / HTTP/1.1" 302 295 "-" "Mozilla/4.0 (compatible; MSIE 7.0; Windows NT 5.1; .NET CLR 1.1.4322)"
81.182.58.76 - - [07/Mar/2012:08:13:06 +0100] "GET / HTTP/1.1" 302 295 "-" "Mozilla/4.0 (compatible; MSIE 7.0; Windows NT 5.1; .NET CLR 1.1.4322)"
81.182.58.76 - - [07/Mar/2012:09:42:45 +0100] "GET / HTTP/1.1" 302 295 "-" "Mozilla/4.0 (compatible; MSIE 7.0; Windows NT 5.1; .NET CLR 1.1.4322)"
81.182.58.76 - - [07/Mar/2012:09:42:47 +0100] "GET / HTTP/1.1" 302 295 "-" "Mozilla/4.0 (compatible; MSIE 7.0; Windows NT 5.1; .NET CLR 1.1.4322)"
195.56.167.150 - - [07/Mar/2012:09:50:32 +0100] "GET / HTTP/1.1" 302 295 "-" "Mozilla/5.0 (Windows NT 5.1; rv:10.0.2) Gecko/20100101 Firefox/10.0.2"
81.182.58.76 - - [07/Mar/2012:10:10:13 +0100] "GET / HTTP/1.1" 302 295 "-" "Mozilla/4.0 (compatible; MSIE 7.0; Windows NT 5.1; .NET CLR 1.1.4322)"
81.182.58.76 - - [07/Mar/2012:10:10:16 +0100] "GET / HTTP/1.1" 302 295 "-" "Mozilla/4.0 (compatible; MSIE 7.0; Windows NT 5.1; .NET CLR 1.1.4322)"
91.120.97.131 - - [07/Mar/2012:13:10:05 +0100] "GET / HTTP/1.1" 302 295 "-" "Mozilla/5.0 (Windows NT 5.1; rv:10.0.2) Gecko/20100101 Firefox/10.0.2"
74.125.18.23 - - [07/Mar/2012:13:29:38 +0100] "GET /favicon.ico HTTP/1.1" 404 1181 "-" "-"
193.225.204.86 - - [07/Mar/2012:13:50:59 +0100] "GET / HTTP/1.1" 302 295 "-" "Mozilla/4.0 (compatible; MSIE 8.0; Windows NT 5.1; Trident/4.0; .NET CLR 2.0.50727; .NET CLR 3.0.4506.2152; .NET CLR 3.5.30729; AskTbORJ/5.14.1.20007)"
193.225.204.86 - - [07/Mar/2012:13:51:13 +0100] "GET / HTTP/1.1" 302 295 "-" "Mozilla/4.0 (compatible; MSIE 8.0; Windows NT 5.1; Trident/4.0; .NET CLR 2.0.50727; .NET CLR 3.0.4506.2152; .NET CLR 3.5.30729; AskTbORJ/5.14.1.20007)"
91.120.97.131 - - [07/Mar/2012:15:59:24 +0100] "GET / HTTP/1.1" 302 295 "-" "Mozilla/5.0 (Windows NT 5.1; rv:10.0.2) Gecko/20100101 Firefox/10.0.2"
86.101.231.129 - - [07/Mar/2012:16:17:54 +0100] "GET / HTTP/1.1" 302 295 "-" "Mozilla/4.0 (compatible; MSIE 8.0; Windows NT 5.1; Trident/4.0)"
86.101.231.129 - - [07/Mar/2012:16:17:58 +0100] "GET / HTTP/1.1" 302 295 "-" "Mozilla/4.0 (compatible; MSIE 8.0; Windows NT 5.1; Trident/4.0)"
86.101.231.129 - - [07/Mar/2012:16:22:02 +0100] "GET / HTTP/1.1" 302 295 "-" "Mozilla/4.0 (compatible; MSIE 8.0; Windows NT 5.1; Trident/4.0)"
86.101.231.129 - - [07/Mar/2012:16:22:04 +0100] "GET / HTTP/1.1" 302 295 "-" "Mozilla/4.0 (compatible; MSIE 8.0; Windows NT 5.1; Trident/4.0)"
95.108.248.30 - - [07/Mar/2012:20:06:24 +0100] "GET /robots.txt HTTP/1.1" 404 1181 "-" "Mozilla/5.0 (compatible; YandexBot/3.0; +http://yandex.com/bots)"
95.108.248.30 - - [07/Mar/2012:20:09:17 +0100] "GET / HTTP/1.1" 302 295 "-" "Mozilla/5.0 (compatible; YandexBot/3.0; +http://yandex.com/bots)"
195.228.206.229 - - [07/Mar/2012:21:10:56 +0100] "GET / HTTP/1.1" 302 295 "-" "Mozilla/4.0 (compatible; MSIE 7.0; Windows NT 5.1; .NET CLR 1.1.4322)"
195.228.206.229 - - [07/Mar/2012:21:10:59 +0100] "GET / HTTP/1.1" 302 295 "-" "Mozilla/4.0 (compatible; MSIE 7.0; Windows NT 5.1; .NET CLR 1.1.4322)"
195.228.206.229 - - [07/Mar/2012:21:42:10 +0100] "GET / HTTP/1.1" 302 295 "-" "Mozilla/4.0 (compatible; MSIE 7.0; Windows NT 5.1; .NET CLR 1.1.4322)"
81.183.156.218 - - [08/Mar/2012:09:36:48 +0100] "GET / HTTP/1.1" 302 295 "-" "Mozilla/4.0 (compatible; MSIE 7.0; Windows NT 5.1; .NET CLR 1.1.4322)"
81.183.156.218 - - [08/Mar/2012:09:36:50 +0100] "GET / HTTP/1.1" 302 295 "-" "Mozilla/4.0 (compatible; MSIE 7.0; Windows NT 5.1; .NET CLR 1.1.4322)"
81.183.156.218 - - [08/Mar/2012:11:07:50 +0100] "GET / HTTP/1.1" 302 295 "-" "Mozilla/4.0 (compatible; MSIE 7.0; Windows NT 5.1; .NET CLR 1.1.4322)"
81.183.156.218 - - [08/Mar/2012:11:22:56 +0100] "GET / HTTP/1.1" 302 295 "-" "Mozilla/4.0 (compatible; MSIE 7.0; Windows NT 5.1; .NET CLR 1.1.4322)"
81.183.156.218 - - [08/Mar/2012:11:22:58 +0100] "GET / HTTP/1.1" 302 295 "-" "Mozilla/4.0 (compatible; MSIE 7.0; Windows NT 5.1; .NET CLR 1.1.4322)"
91.120.97.131 - - [08/Mar/2012:12:44:54 +0100] "GET / HTTP/1.1" 302 295 "-" "Mozilla/5.0 (Windows NT 5.1; rv:10.0.2) Gecko/20100101 Firefox/10.0.2"
193.225.204.86 - - [08/Mar/2012:13:24:33 +0100] "GET / HTTP/1.1" 302 295 "-" "Mozilla/4.0 (compatible; MSIE 8.0; Windows NT 5.1; Trident/4.0; .NET CLR 2.0.50727; .NET CLR 3.0.4506.2152; .NET CLR 3.5.30729; AskTbORJ/5.14.1.20007)"
193.225.204.86 - - [08/Mar/2012:13:24:37 +0100] "GET / HTTP/1.1" 302 295 "-" "Mozilla/4.0 (compatible; MSIE 8.0; Windows NT 5.1; Trident/4.0; .NET CLR 2.0.50727; .NET CLR 3.0.4506.2152; .NET CLR 3.5.30729; AskTbORJ/5.14.1.20007)"
91.120.97.131 - - [08/Mar/2012:13:48:37 +0100] "GET / HTTP/1.1" 302 295 "-" "Mozilla/5.0 (Windows NT 5.1; rv:10.0.2) Gecko/20100101 Firefox/10.0.2"
77.234.84.17 - - [08/Mar/2012:16:57:51 +0100] "GET / HTTP/1.1" 302 295 "-" "Mozilla/5.0 (Windows NT 5.1; rv:10.0.2) Gecko/20100101 Firefox/10.0.2"
77.234.84.17 - - [08/Mar/2012:17:15:47 +0100] "GET / HTTP/1.1" 302 295 "-" "Mozilla/5.0 (Windows NT 5.1; rv:10.0.2) Gecko/20100101 Firefox/10.0.2"
174.122.254.42 - - [08/Mar/2012:18:25:40 +0100] "HEAD /mailman/confirm/film/4c582708011bc3234e51a22fa1fc9213502a38ca HTTP/1.1" 404 0 "-" "Mozilla/5.0 (Windows; U; Windows NT 6.1; en-US) AppleWebKit/534.1 (KHTML, like Gecko) Chrome/6.0.428.0 Safari/534.1"
174.122.254.42 - - [08/Mar/2012:18:25:41 +0100] "GET /mailman/confirm/film/4c582708011bc3234e51a22fa1fc9213502a38ca HTTP/1.1" 404 1181 "-" "Mozilla/5.0 (Windows; U; Windows NT 6.1; en-US) AppleWebKit/534.1 (KHTML, like Gecko) Chrome/6.0.428.0 Safari/534.1"
77.234.84.17 - - [08/Mar/2012:19:22:40 +0100] "GET / HTTP/1.1" 302 295 "-" "Mozilla/5.0 (Windows NT 5.1; rv:10.0.2) Gecko/20100101 Firefox/10.0.2"
77.234.84.17 - - [08/Mar/2012:19:43:24 +0100] "GET / HTTP/1.1" 302 295 "-" "Mozilla/5.0 (Windows NT 5.1; rv:10.0.2) Gecko/20100101 Firefox/10.0.2"
77.234.84.17 - - [08/Mar/2012:20:30:30 +0100] "GET / HTTP/1.1" 302 295 "-" "Mozilla/5.0 (Windows NT 5.1; rv:10.0.2) Gecko/20100101 Firefox/10.0.2"
81.182.58.193 - - [08/Mar/2012:21:26:11 +0100] "GET / HTTP/1.1" 302 295 "-" "Mozilla/4.0 (compatible; MSIE 7.0; Windows NT 5.1; .NET CLR 1.1.4322)"
81.182.58.193 - - [08/Mar/2012:21:26:13 +0100] "GET / HTTP/1.1" 302 295 "-" "Mozilla/4.0 (compatible; MSIE 7.0; Windows NT 5.1; .NET CLR 1.1.4322)"
81.182.58.193 - - [08/Mar/2012:21:42:53 +0100] "GET / HTTP/1.1" 302 295 "-" "Mozilla/4.0 (compatible; MSIE 7.0; Windows NT 5.1; .NET CLR 1.1.4322)"
95.108.248.30 - - [09/Mar/2012:08:18:05 +0100] "GET /robots.txt HTTP/1.1" 404 1181 "-" "Mozilla/5.0 (compatible; YandexBot/3.0; +http://yandex.com/bots)"
81.182.58.32 - - [09/Mar/2012:08:42:39 +0100] "GET / HTTP/1.1" 302 295 "-" "Mozilla/4.0 (compatible; MSIE 7.0; Windows NT 5.1; .NET CLR 1.1.4322)"
81.182.58.32 - - [09/Mar/2012:08:42:41 +0100] "GET / HTTP/1.1" 302 295 "-" "Mozilla/4.0 (compatible; MSIE 7.0; Windows NT 5.1; .NET CLR 1.1.4322)"
81.182.58.32 - - [09/Mar/2012:09:11:46 +0100] "GET / HTTP/1.1" 302 295 "-" "Mozilla/4.0 (compatible; MSIE 7.0; Windows NT 5.1; .NET CLR 1.1.4322)"
81.182.58.32 - - [09/Mar/2012:09:11:49 +0100] "GET / HTTP/1.1" 302 295 "-" "Mozilla/4.0 (compatible; MSIE 7.0; Windows NT 5.1; .NET CLR 1.1.4322)"
94.21.246.246 - - [09/Mar/2012:09:18:21 +0100] "GET / HTTP/1.1" 302 295 "-" "Mozilla/5.0 (Windows NT 5.1; rv:10.0.2) Gecko/20100101 Firefox/10.0.2"
81.182.58.32 - - [09/Mar/2012:09:49:39 +0100] "GET / HTTP/1.1" 302 295 "-" "Mozilla/4.0 (compatible; MSIE 7.0; Windows NT 5.1; .NET CLR 1.1.4322)"
81.182.58.32 - - [09/Mar/2012:10:22:39 +0100] "GET / HTTP/1.1" 302 295 "-" "Mozilla/4.0 (compatible; MSIE 7.0; Windows NT 5.1; .NET CLR 1.1.4322)"
95.108.248.30 - - [09/Mar/2012:10:44:30 +0100] "GET / HTTP/1.1" 302 295 "-" "Mozilla/5.0 (compatible; YandexBot/3.0; +http://yandex.com/bots)"
208.80.194.34 - - [09/Mar/2012:11:19:42 +0100] "GET / HTTP/1.0" 302 283 "-" "Mozilla/4.0 (compatible; MSIE 6.0; Windows NT 5.1; IE5.x/Winxx/EZN/xx; SV1)"
81.182.58.32 - - [09/Mar/2012:11:45:10 +0100] "GET / HTTP/1.1" 302 295 "-" "Mozilla/4.0 (compatible; MSIE 7.0; Windows NT 5.1; .NET CLR 1.1.4322)"
81.182.58.32 - - [09/Mar/2012:11:45:12 +0100] "GET / HTTP/1.1" 302 295 "-" "Mozilla/4.0 (compatible; MSIE 7.0; Windows NT 5.1; .NET CLR 1.1.4322)"
81.182.58.32 - - [09/Mar/2012:12:56:25 +0100] "GET / HTTP/1.1" 302 295 "-" "Mozilla/4.0 (compatible; MSIE 7.0; Windows NT 5.1; .NET CLR 1.1.4322)"
94.21.106.219 - - [09/Mar/2012:14:09:43 +0100] "GET / HTTP/1.1" 302 295 "-" "Mozilla/5.0 (Windows NT 5.1; rv:10.0.2) Gecko/20100101 Firefox/10.0.2"
86.101.231.129 - - [09/Mar/2012:15:24:35 +0100] "GET / HTTP/1.1" 302 295 "-" "Mozilla/4.0 (compatible; MSIE 8.0; Windows NT 5.1; Trident/4.0)"
86.101.231.129 - - [09/Mar/2012:15:24:42 +0100] "GET / HTTP/1.1" 302 295 "-" "Mozilla/4.0 (compatible; MSIE 8.0; Windows NT 5.1; Trident/4.0)"
65.52.110.17 - - [09/Mar/2012:18:20:31 +0100] "GET /robots.txt HTTP/1.1" 404 1181 "-" "Mozilla/5.0 (compatible; bingbot/2.0; +http://www.bing.com/bingbot.htm)"
81.183.63.142 - - [09/Mar/2012:22:45:39 +0100] "GET / HTTP/1.1" 302 295 "-" "Mozilla/4.0 (compatible; MSIE 7.0; Windows NT 5.1; .NET CLR 1.1.4322)"
81.183.63.142 - - [09/Mar/2012:22:45:42 +0100] "GET / HTTP/1.1" 302 295 "-" "Mozilla/4.0 (compatible; MSIE 7.0; Windows NT 5.1; .NET CLR 1.1.4322)"
65.52.110.17 - - [09/Mar/2012:22:51:43 +0100] "GET / HTTP/1.1" 302 295 "-" "Mozilla/5.0 (compatible; bingbot/2.0; +http://www.bing.com/bingbot.htm)"
213.186.127.13 - - [09/Mar/2012:23:36:58 +0100] "GET /robots.txt HTTP/1.1" 404 1181 "-" "Mozilla/5.0 (compatible; AhrefsBot/2.0; +http://ahrefs.com/robot/)"
95.108.248.30 - - [10/Mar/2012:06:13:24 +0100] "GET / HTTP/1.1" 302 295 "-" "Mozilla/5.0 (compatible; YandexBot/3.0; +http://yandex.com/bots)"
81.182.58.195 - - [10/Mar/2012:08:45:26 +0100] "GET / HTTP/1.1" 302 295 "-" "Mozilla/4.0 (compatible; MSIE 7.0; Windows NT 5.1; .NET CLR 1.1.4322)"
81.182.58.195 - - [10/Mar/2012:08:45:37 +0100] "GET / HTTP/1.1" 302 295 "-" "Mozilla/4.0 (compatible; MSIE 7.0; Windows NT 5.1; .NET CLR 1.1.4322)"
81.182.58.195 - - [10/Mar/2012:10:45:40 +0100] "GET / HTTP/1.1" 302 295 "-" "Mozilla/4.0 (compatible; MSIE 7.0; Windows NT 5.1; .NET CLR 1.1.4322)"
81.182.58.195 - - [10/Mar/2012:10:45:42 +0100] "GET / HTTP/1.1" 302 295 "-" "Mozilla/4.0 (compatible; MSIE 7.0; Windows NT 5.1; .NET CLR 1.1.4322)"
81.182.58.195 - - [10/Mar/2012:11:40:54 +0100] "GET / HTTP/1.1" 302 295 "-" "Mozilla/4.0 (compatible; MSIE 7.0; Windows NT 5.1; .NET CLR 1.1.4322)"
81.182.58.195 - - [10/Mar/2012:11:42:20 +0100] "GET / HTTP/1.1" 302 295 "-" "Mozilla/4.0 (compatible; MSIE 7.0; Windows NT 5.1; .NET CLR 1.1.4322)"
81.182.58.195 - - [10/Mar/2012:17:36:09 +0100] "GET / HTTP/1.1" 302 295 "-" "Mozilla/4.0 (compatible; MSIE 7.0; Windows NT 5.1; .NET CLR 1.1.4322)"
81.182.58.195 - - [10/Mar/2012:17:36:11 +0100] "GET / HTTP/1.1" 302 295 "-" "Mozilla/4.0 (compatible; MSIE 7.0; Windows NT 5.1; .NET CLR 1.1.4322)"
81.182.58.195 - - [10/Mar/2012:17:47:48 +0100] "GET / HTTP/1.1" 302 295 "-" "Mozilla/4.0 (compatible; MSIE 7.0; Windows NT 5.1; .NET CLR 1.1.4322)"
81.182.58.195 - - [10/Mar/2012:18:21:42 +0100] "GET / HTTP/1.1" 302 295 "-" "Mozilla/4.0 (compatible; MSIE 7.0; Windows NT 5.1; .NET CLR 1.1.4322)"
81.182.58.195 - - [10/Mar/2012:18:48:49 +0100] "GET / HTTP/1.1" 302 295 "-" "Mozilla/4.0 (compatible; MSIE 7.0; Windows NT 5.1; .NET CLR 1.1.4322)"
81.182.58.195 - - [10/Mar/2012:18:48:51 +0100] "GET / HTTP/1.1" 302 295 "-" "Mozilla/4.0 (compatible; MSIE 7.0; Windows NT 5.1; .NET CLR 1.1.4322)"
81.183.63.151 - - [11/Mar/2012:08:28:20 +0100] "GET / HTTP/1.1" 302 295 "-" "Mozilla/4.0 (compatible; MSIE 7.0; Windows NT 5.1; .NET CLR 1.1.4322)"
81.183.63.151 - - [11/Mar/2012:08:28:24 +0100] "GET / HTTP/1.1" 302 295 "-" "Mozilla/4.0 (compatible; MSIE 7.0; Windows NT 5.1; .NET CLR 1.1.4322)"
81.183.63.151 - - [11/Mar/2012:18:46:27 +0100] "GET / HTTP/1.1" 302 295 "-" "Mozilla/5.0 (Windows; U; Windows NT 5.1; hu; rv:1.9.2.27) Gecko/20120216 Firefox/3.6.27"
208.80.194.28 - - [11/Mar/2012:20:15:05 +0100] "GET / HTTP/1.0" 302 283 "-" "Mozilla/4.0 (compatible; MSIE 7.0; Windows NT 5.1; YPC 3.0.1; InfoPath.1; IEMB3; IEMB3)"
81.183.63.151 - - [11/Mar/2012:22:38:37 +0100] "GET / HTTP/1.1" 302 295 "-" "Mozilla/4.0 (compatible; MSIE 7.0; Windows NT 5.1; .NET CLR 1.1.4322)"
81.183.63.151 - - [11/Mar/2012:22:38:39 +0100] "GET / HTTP/1.1" 302 295 "-" "Mozilla/4.0 (compatible; MSIE 7.0; Windows NT 5.1; .NET CLR 1.1.4322)"
81.183.63.151 - - [11/Mar/2012:22:45:08 +0100] "GET / HTTP/1.1" 302 295 "-" "Mozilla/4.0 (compatible; MSIE 7.0; Windows NT 5.1; .NET CLR 1.1.4322)"
81.183.63.151 - - [11/Mar/2012:22:45:10 +0100] "GET / HTTP/1.1" 302 295 "-" "Mozilla/4.0 (compatible; MSIE 7.0; Windows NT 5.1; .NET CLR 1.1.4322)"
213.186.127.13 - - [12/Mar/2012:03:57:21 +0100] "GET /robots.txt HTTP/1.1" 404 1181 "-" "Mozilla/5.0 (compatible; AhrefsBot/2.0; +http://ahrefs.com/robot/)"
84.2.176.102 - - [12/Mar/2012:08:40:36 +0100] "GET / HTTP/1.1" 302 295 "-" "Mozilla/5.0 (X11; U; Linux i686; hu-HU; rv:1.9.2.17) Gecko/20110422 Ubuntu/8.04 (hardy) Firefox/3.6.17"
91.120.70.10 - - [12/Mar/2012:10:45:44 +0100] "GET / HTTP/1.1" 302 295 "-" "Mozilla/5.0 (Windows NT 5.1; rv:10.0.2) Gecko/20100101 Firefox/10.0.2"
95.108.248.30 - - [12/Mar/2012:11:06:15 +0100] "GET /robots.txt HTTP/1.1" 404 1181 "-" "Mozilla/5.0 (compatible; YandexBot/3.0; +http://yandex.com/bots)"
91.120.70.10 - - [12/Mar/2012:11:38:58 +0100] "GET / HTTP/1.1" 302 295 "-" "Mozilla/5.0 (Windows NT 5.1; rv:10.0.2) Gecko/20100101 Firefox/10.0.2"
86.101.230.161 - - [12/Mar/2012:12:19:11 +0100] "GET / HTTP/1.1" 302 295 "-" "Mozilla/4.0 (compatible; MSIE 8.0; Windows NT 5.1; Trident/4.0)"
86.101.230.161 - - [12/Mar/2012:12:19:15 +0100] "GET / HTTP/1.1" 302 295 "-" "Mozilla/4.0 (compatible; MSIE 8.0; Windows NT 5.1; Trident/4.0)"
193.225.204.86 - - [12/Mar/2012:12:34:22 +0100] "GET / HTTP/1.1" 302 295 "-" "Mozilla/4.0 (compatible; MSIE 8.0; Windows NT 5.1; Trident/4.0; .NET CLR 2.0.50727; .NET CLR 3.0.4506.2152; .NET CLR 3.5.30729; AskTbORJ/5.14.1.20007)"
193.225.204.86 - - [12/Mar/2012:12:34:25 +0100] "GET / HTTP/1.1" 302 295 "-" "Mozilla/4.0 (compatible; MSIE 8.0; Windows NT 5.1; Trident/4.0; .NET CLR 2.0.50727; .NET CLR 3.0.4506.2152; .NET CLR 3.5.30729; AskTbORJ/5.14.1.20007)"
81.182.58.27 - - [12/Mar/2012:14:18:30 +0100] "GET / HTTP/1.1" 302 295 "-" "Mozilla/4.0 (compatible; MSIE 7.0; Windows NT 5.1; .NET CLR 1.1.4322)"
81.182.58.27 - - [12/Mar/2012:14:18:33 +0100] "GET / HTTP/1.1" 302 295 "-" "Mozilla/4.0 (compatible; MSIE 7.0; Windows NT 5.1; .NET CLR 1.1.4322)"
91.120.70.10 - - [12/Mar/2012:16:02:47 +0100] "GET / HTTP/1.1" 302 295 "-" "Mozilla/5.0 (Windows NT 5.1; rv:10.0.2) Gecko/20100101 Firefox/10.0.2"
95.108.248.30 - - [12/Mar/2012:16:28:28 +0100] "GET / HTTP/1.1" 302 295 "-" "Mozilla/5.0 (compatible; YandexBot/3.0; +http://yandex.com/bots)"
199.21.99.116 - - [12/Mar/2012:16:28:31 +0100] "GET / HTTP/1.1" 302 295 "-" "Mozilla/5.0 (compatible; YandexBot/3.0; +http://yandex.com/bots)"
92.249.170.14 - - [12/Mar/2012:17:39:41 +0100] "GET / HTTP/1.1" 302 295 "-" "Mozilla/5.0 (Windows NT 5.1; rv:10.0.2) Gecko/20100101 Firefox/10.0.2"
94.21.191.104 - - [12/Mar/2012:21:30:14 +0100] "GET / HTTP/1.1" 302 295 "-" "Mozilla/5.0 (Windows NT 5.1; rv:10.0.2) Gecko/20100101 Firefox/10.0.2"
81.183.156.232 - - [12/Mar/2012:23:34:49 +0100] "GET / HTTP/1.1" 302 295 "-" "Mozilla/5.0 (X11; U; Linux i686; hu-HU; rv:1.9.2.17) Gecko/20110422 Ubuntu/8.04 (hardy) Firefox/3.6.17"
208.69.38.136 - - [13/Mar/2012:04:53:21 +0100] "GET / HTTP/1.1" 302 295 "-" "DomainTaggingbot; +http://www.opendns.com/community/domaintagging"
81.182.58.46 - - [13/Mar/2012:07:55:15 +0100] "GET / HTTP/1.1" 302 295 "-" "Mozilla/4.0 (compatible; MSIE 7.0; Windows NT 5.1; .NET CLR 1.1.4322)"
81.182.58.46 - - [13/Mar/2012:07:55:18 +0100] "GET / HTTP/1.1" 302 295 "-" "Mozilla/4.0 (compatible; MSIE 7.0; Windows NT 5.1; .NET CLR 1.1.4322)"
81.182.58.46 - - [13/Mar/2012:07:56:42 +0100] "GET / HTTP/1.1" 302 295 "-" "Mozilla/4.0 (compatible; MSIE 7.0; Windows NT 5.1; .NET CLR 1.1.4322)"
81.182.58.46 - - [13/Mar/2012:07:56:45 +0100] "GET / HTTP/1.1" 302 295 "-" "Mozilla/4.0 (compatible; MSIE 7.0; Windows NT 5.1; .NET CLR 1.1.4322)"
81.182.58.46 - - [13/Mar/2012:07:59:05 +0100] "GET / HTTP/1.1" 302 295 "-" "Mozilla/4.0 (compatible; MSIE 7.0; Windows NT 5.1; .NET CLR 1.1.4322)"
81.182.58.46 - - [13/Mar/2012:07:59:08 +0100] "GET / HTTP/1.1" 302 295 "-" "Mozilla/4.0 (compatible; MSIE 7.0; Windows NT 5.1; .NET CLR 1.1.4322)"
91.120.70.10 - - [13/Mar/2012:09:11:56 +0100] "GET / HTTP/1.1" 302 295 "-" "Mozilla/5.0 (Windows NT 5.1; rv:10.0.2) Gecko/20100101 Firefox/10.0.2"
91.120.70.10 - - [13/Mar/2012:10:40:00 +0100] "GET / HTTP/1.1" 302 295 "-" "Mozilla/5.0 (Windows NT 5.1; rv:10.0.2) Gecko/20100101 Firefox/10.0.2"
91.120.70.10 - - [13/Mar/2012:12:53:15 +0100] "GET / HTTP/1.1" 302 295 "-" "Mozilla/5.0 (Windows NT 5.1; rv:10.0.2) Gecko/20100101 Firefox/10.0.2"
91.120.70.10 - - [13/Mar/2012:14:04:15 +0100] "GET / HTTP/1.1" 302 295 "-" "Mozilla/5.0 (Windows NT 5.1; rv:10.0.2) Gecko/20100101 Firefox/10.0.2"
91.120.70.10 - - [13/Mar/2012:15:26:59 +0100] "GET / HTTP/1.1" 302 295 "-" "Mozilla/5.0 (Windows NT 5.1; rv:10.0.2) Gecko/20100101 Firefox/10.0.2"
91.120.70.10 - - [13/Mar/2012:15:55:39 +0100] "GET / HTTP/1.1" 302 295 "-" "Mozilla/5.0 (Windows NT 5.1; rv:10.0.2) Gecko/20100101 Firefox/10.0.2"
86.101.231.129 - - [13/Mar/2012:16:35:30 +0100] "GET / HTTP/1.1" 302 295 "-" "Mozilla/4.0 (compatible; MSIE 8.0; Windows NT 5.1; Trident/4.0)"
86.101.231.129 - - [13/Mar/2012:16:35:34 +0100] "GET / HTTP/1.1" 302 295 "-" "Mozilla/4.0 (compatible; MSIE 8.0; Windows NT 5.1; Trident/4.0)"
84.236.48.21 - - [13/Mar/2012:16:39:17 +0100] "GET / HTTP/1.1" 302 295 "-" "Mozilla/5.0 (Windows NT 5.1; rv:10.0.2) Gecko/20100101 Firefox/10.0.2"
213.186.127.13 - - [13/Mar/2012:17:42:05 +0100] "GET /robots.txt HTTP/1.1" 404 1181 "-" "Mozilla/5.0 (compatible; AhrefsBot/2.0; +http://ahrefs.com/robot/)"
208.80.194.36 - - [13/Mar/2012:19:25:09 +0100] "GET / HTTP/1.0" 302 283 "-" "Mozilla/4.0 (compatible; MSIE 7.0; AOL 9.0; Windows NT 5.1; YPC 3.0.1)"
174.122.254.42 - - [13/Mar/2012:20:08:37 +0100] "HEAD /mailman/confirm/genlist/587028b970fc6ed121272aefd1ce4e1ea1de2195 HTTP/1.1" 404 0 "-" "Mozilla/5.0 (Windows; U; Windows NT 6.1; en-US) AppleWebKit/534.1 (KHTML, like Gecko) Chrome/6.0.428.0 Safari/534.1"
174.122.254.42 - - [13/Mar/2012:20:08:37 +0100] "GET /mailman/confirm/genlist/587028b970fc6ed121272aefd1ce4e1ea1de2195 HTTP/1.1" 404 1181 "-" "Mozilla/5.0 (Windows; U; Windows NT 6.1; en-US) AppleWebKit/534.1 (KHTML, like Gecko) Chrome/6.0.428.0 Safari/534.1"
92.249.133.10 - - [13/Mar/2012:20:42:16 +0100] "GET / HTTP/1.1" 302 295 "-" "Mozilla/5.0 (Windows NT 5.1; rv:10.0.2) Gecko/20100101 Firefox/10.0.2"
31.46.178.228 - - [13/Mar/2012:22:55:46 +0100] "GET / HTTP/1.1" 302 295 "-" "Mozilla/4.0 (compatible; MSIE 7.0; Windows NT 5.1; .NET CLR 1.1.4322)"
31.46.178.228 - - [13/Mar/2012:22:55:48 +0100] "GET / HTTP/1.1" 302 295 "-" "Mozilla/4.0 (compatible; MSIE 7.0; Windows NT 5.1; .NET CLR 1.1.4322)"
88.131.106.22 - - [13/Mar/2012:23:49:20 +0100] "GET /robots.txt HTTP/1.0" 404 1181 "-" "Mozilla/5.0 (Windows; U; Windows NT 5.1; en-US) Speedy Spider (http://www.entireweb.com/about/search_tech/speedy_spider/)"
95.108.248.30 - - [14/Mar/2012:00:08:41 +0100] "GET /robots.txt HTTP/1.1" 404 1181 "-" "Mozilla/5.0 (compatible; YandexBot/3.0; +http://yandex.com/bots)"
190.204.14.25 - - [14/Mar/2012:02:23:57 +0100] "GET / HTTP/1.1" 302 295 "-" "Mozilla/5.0 (Windows NT 6.1; rv:10.0.2) Gecko/20100101 Firefox/10.0.2"
95.108.248.30 - - [14/Mar/2012:03:05:57 +0100] "GET / HTTP/1.1" 302 295 "-" "Mozilla/5.0 (compatible; YandexBot/3.0; +http://yandex.com/bots)"
188.36.198.42 - - [14/Mar/2012:06:47:54 +0100] "GET / HTTP/1.1" 302 295 "-" "Mozilla/4.0 (compatible; MSIE 7.0; Windows NT 5.1; .NET CLR 1.1.4322)"
188.36.198.42 - - [14/Mar/2012:06:47:56 +0100] "GET / HTTP/1.1" 302 295 "-" "Mozilla/4.0 (compatible; MSIE 7.0; Windows NT 5.1; .NET CLR 1.1.4322)"
188.36.198.42 - - [14/Mar/2012:08:40:25 +0100] "GET / HTTP/1.1" 302 295 "-" "Mozilla/4.0 (compatible; MSIE 7.0; Windows NT 5.1; .NET CLR 1.1.4322)"
91.120.94.154 - - [14/Mar/2012:08:43:34 +0100] "GET / HTTP/1.1" 302 295 "-" "Mozilla/5.0 (Windows NT 5.1; rv:10.0.2) Gecko/20100101 Firefox/10.0.2"
23.20.124.15 - - [14/Mar/2012:10:33:30 +0100] "GET /robots.txt HTTP/1.1" 404 1181 "" "EC2LinkFinder"
23.20.124.15 - - [14/Mar/2012:10:33:30 +0100] "GET / HTTP/1.1" 302 295 "" "EC2LinkFinder"
193.225.204.86 - - [14/Mar/2012:10:49:07 +0100] "GET / HTTP/1.1" 302 295 "-" "Mozilla/4.0 (compatible; MSIE 8.0; Windows NT 5.1; Trident/4.0; .NET CLR 2.0.50727; .NET CLR 3.0.4506.2152; .NET CLR 3.5.30729; AskTbORJ/5.14.1.20007)"
193.225.204.86 - - [14/Mar/2012:10:49:14 +0100] "GET / HTTP/1.1" 302 295 "-" "Mozilla/4.0 (compatible; MSIE 8.0; Windows NT 5.1; Trident/4.0; .NET CLR 2.0.50727; .NET CLR 3.0.4506.2152; .NET CLR 3.5.30729; AskTbORJ/5.14.1.20007)"
91.120.97.180 - - [14/Mar/2012:11:06:49 +0100] "GET / HTTP/1.1" 302 295 "-" "Mozilla/5.0 (Windows NT 5.1; rv:10.0.2) Gecko/20100101 Firefox/10.0.2"
91.120.97.180 - - [14/Mar/2012:12:05:38 +0100] "GET / HTTP/1.1" 302 295 "-" "Mozilla/5.0 (Windows NT 5.1; rv:10.0.2) Gecko/20100101 Firefox/10.0.2"
91.120.97.180 - - [14/Mar/2012:12:41:27 +0100] "GET / HTTP/1.1" 302 295 "-" "Mozilla/5.0 (Windows NT 5.1; rv:10.0.2) Gecko/20100101 Firefox/10.0.2"
86.101.230.161 - - [14/Mar/2012:13:22:28 +0100] "GET / HTTP/1.1" 302 295 "-" "Mozilla/4.0 (compatible; MSIE 8.0; Windows NT 5.1; Trident/4.0)"
86.101.230.161 - - [14/Mar/2012:13:22:33 +0100] "GET / HTTP/1.1" 302 295 "-" "Mozilla/4.0 (compatible; MSIE 8.0; Windows NT 5.1; Trident/4.0)"
91.120.97.180 - - [14/Mar/2012:13:50:27 +0100] "GET / HTTP/1.1" 302 295 "-" "Mozilla/5.0 (Windows NT 5.1; rv:10.0.2) Gecko/20100101 Firefox/10.0.2"
86.101.230.165 - - [14/Mar/2012:14:16:04 +0100] "GET / HTTP/1.1" 302 295 "-" "Mozilla/4.0 (compatible; MSIE 8.0; Windows NT 5.1; Trident/4.0; .NET CLR 2.0.50727; .NET CLR 3.0.04506.648; .NET CLR 3.5.21022; .NET CLR 3.0.4506.2152; .NET CLR 3.5.30729)"
86.101.230.165 - - [14/Mar/2012:14:16:22 +0100] "GET / HTTP/1.1" 302 295 "-" "Mozilla/4.0 (compatible; MSIE 8.0; Windows NT 5.1; Trident/4.0; .NET CLR 2.0.50727; .NET CLR 3.0.04506.648; .NET CLR 3.5.21022; .NET CLR 3.0.4506.2152; .NET CLR 3.5.30729)"
91.120.97.180 - - [14/Mar/2012:14:55:46 +0100] "GET / HTTP/1.1" 302 295 "-" "Mozilla/5.0 (Windows NT 5.1; rv:10.0.2) Gecko/20100101 Firefox/10.0.2"
94.21.191.205 - - [14/Mar/2012:21:11:30 +0100] "GET / HTTP/1.1" 302 295 "-" "Mozilla/5.0 (Windows NT 5.1; rv:10.0.2) Gecko/20100101 Firefox/10.0.2"
195.228.191.212 - - [14/Mar/2012:22:39:56 +0100] "GET / HTTP/1.1" 302 295 "-" "Mozilla/4.0 (compatible; MSIE 7.0; Windows NT 5.1; .NET CLR 1.1.4322)"
195.228.191.212 - - [14/Mar/2012:22:39:58 +0100] "GET / HTTP/1.1" 302 295 "-" "Mozilla/4.0 (compatible; MSIE 7.0; Windows NT 5.1; .NET CLR 1.1.4322)"
94.21.44.5 - - [14/Mar/2012:23:10:02 +0100] "GET / HTTP/1.1" 302 295 "-" "Mozilla/5.0 (Windows NT 5.1; rv:10.0.2) Gecko/20100101 Firefox/10.0.2"
66.249.72.184 - - [15/Mar/2012:07:46:53 +0100] "GET /robots.txt HTTP/1.1" 404 1181 "-" "Mozilla/5.0 (compatible; Googlebot/2.1; +http://www.google.com/bot.html)"
66.249.72.184 - - [15/Mar/2012:07:46:53 +0100] "GET / HTTP/1.1" 302 295 "-" "Mozilla/5.0 (compatible; Googlebot/2.1; +http://www.google.com/bot.html)"
195.228.206.194 - - [15/Mar/2012:10:22:49 +0100] "GET / HTTP/1.1" 302 295 "-" "Mozilla/4.0 (compatible; MSIE 7.0; Windows NT 5.1; .NET CLR 1.1.4322)"
195.228.206.194 - - [15/Mar/2012:10:22:52 +0100] "GET / HTTP/1.1" 302 295 "-" "Mozilla/4.0 (compatible; MSIE 7.0; Windows NT 5.1; .NET CLR 1.1.4322)"
195.228.206.194 - - [15/Mar/2012:10:41:45 +0100] "GET / HTTP/1.1" 302 295 "-" "Mozilla/4.0 (compatible; MSIE 7.0; Windows NT 5.1; .NET CLR 1.1.4322)"
195.228.206.194 - - [15/Mar/2012:11:34:51 +0100] "GET / HTTP/1.1" 302 295 "-" "Mozilla/4.0 (compatible; MSIE 7.0; Windows NT 5.1; .NET CLR 1.1.4322)"
195.228.206.194 - - [15/Mar/2012:11:34:52 +0100] "GET / HTTP/1.1" 302 295 "-" "Mozilla/4.0 (compatible; MSIE 7.0; Windows NT 5.1; .NET CLR 1.1.4322)"
195.228.206.194 - - [15/Mar/2012:12:29:12 +0100] "GET / HTTP/1.1" 302 295 "-" "Mozilla/4.0 (compatible; MSIE 7.0; Windows NT 5.1; .NET CLR 1.1.4322)"
195.228.206.194 - - [15/Mar/2012:12:29:14 +0100] "GET / HTTP/1.1" 302 295 "-" "Mozilla/4.0 (compatible; MSIE 7.0; Windows NT 5.1; .NET CLR 1.1.4322)"
195.228.206.194 - - [15/Mar/2012:12:46:52 +0100] "GET / HTTP/1.1" 302 295 "-" "Mozilla/4.0 (compatible; MSIE 7.0; Windows NT 5.1; .NET CLR 1.1.4322)"
195.228.206.194 - - [15/Mar/2012:13:22:52 +0100] "GET / HTTP/1.1" 302 295 "-" "Mozilla/4.0 (compatible; MSIE 7.0; Windows NT 5.1; .NET CLR 1.1.4322)"
195.228.206.194 - - [15/Mar/2012:13:26:02 +0100] "GET / HTTP/1.1" 302 295 "-" "Mozilla/4.0 (compatible; MSIE 7.0; Windows NT 5.1; .NET CLR 1.1.4322)"
213.186.127.13 - - [15/Mar/2012:14:09:49 +0100] "GET /robots.txt HTTP/1.1" 404 1181 "-" "Mozilla/5.0 (compatible; AhrefsBot/2.0; +http://ahrefs.com/robot/)"
208.80.194.32 - - [16/Mar/2012:00:26:41 +0100] "GET / HTTP/1.0" 302 283 "-" "Mozilla/4.0 (compatible; MSIE 6.0; Windows NT 5.1; SV1; CDSource=storecd_01_03; .NET CLR 1.1.4322)"
81.182.58.168 - - [16/Mar/2012:07:12:59 +0100] "GET / HTTP/1.1" 302 295 "-" "Mozilla/4.0 (compatible; MSIE 7.0; Windows NT 5.1; .NET CLR 1.1.4322)"
81.182.58.168 - - [16/Mar/2012:07:13:01 +0100] "GET / HTTP/1.1" 302 295 "-" "Mozilla/4.0 (compatible; MSIE 7.0; Windows NT 5.1; .NET CLR 1.1.4322)"
86.101.234.169 - - [16/Mar/2012:08:52:29 +0100] "GET / HTTP/1.1" 302 295 "-" "Mozilla/4.0 (compatible; MSIE 8.0; Windows NT 5.1; Trident/4.0)"
86.101.234.169 - - [16/Mar/2012:08:52:33 +0100] "GET / HTTP/1.1" 302 295 "-" "Mozilla/4.0 (compatible; MSIE 8.0; Windows NT 5.1; Trident/4.0)"
84.224.244.217 - - [16/Mar/2012:18:45:54 +0100] "GET / HTTP/1.1" 302 295 "-" "Mozilla/5.0 (Windows NT 6.1) AppleWebKit/535.19 (KHTML, like Gecko) Chrome/18.0.1025.100 Safari/535.19"
92.249.139.230 - - [16/Mar/2012:21:33:35 +0100] "GET / HTTP/1.1" 302 295 "-" "Mozilla/5.0 (Windows NT 5.1; rv:10.0.2) Gecko/20100101 Firefox/10.0.2"
82.145.209.98 - - [16/Mar/2012:23:19:33 +0100] "GET / HTTP/1.1" 302 295 "-" "Opera/9.80 (J2ME/MIDP; Opera Mini/4.2.14320/27.1350; U; en) Presto/2.8.119 Version/11.10"
213.186.127.13 - - [17/Mar/2012:07:35:47 +0100] "GET /robots.txt HTTP/1.1" 404 1181 "-" "Mozilla/5.0 (compatible; AhrefsBot/2.0; +http://ahrefs.com/robot/)"
91.212.12.58 - - [17/Mar/2012:08:24:42 +0100] "GET /robots.txt HTTP/1.1" 404 1181 "-" "Comodo-Certificates-Spider"
91.212.12.58 - - [17/Mar/2012:08:24:42 +0100] "GET / HTTP/1.1" 302 295 "-" "Comodo-Certificates-Spider"
91.212.12.58 - - [17/Mar/2012:08:24:42 +0100] "GET / HTTP/1.1" 302 295 "-" "Comodo-Certificates-Spider"
174.122.254.42 - - [17/Mar/2012:08:27:53 +0100] "HEAD /mailman/admindb/kozepregio HTTP/1.1" 404 0 "-" "Mozilla/5.0 (Windows; U; Windows NT 6.1; en-US) AppleWebKit/534.1 (KHTML, like Gecko) Chrome/6.0.428.0 Safari/534.1"
174.122.254.42 - - [17/Mar/2012:08:27:53 +0100] "GET /mailman/admindb/kozepregio HTTP/1.1" 404 1181 "-" "Mozilla/5.0 (Windows; U; Windows NT 6.1; en-US) AppleWebKit/534.1 (KHTML, like Gecko) Chrome/6.0.428.0 Safari/534.1"
84.224.98.226 - - [17/Mar/2012:11:45:46 +0100] "GET / HTTP/1.1" 302 295 "-" "Mozilla/5.0 (Windows NT 6.1) AppleWebKit/535.19 (KHTML, like Gecko) Chrome/18.0.1025.108 Safari/535.19"
84.224.98.226 - - [17/Mar/2012:14:41:12 +0100] "GET / HTTP/1.1" 302 295 "-" "Mozilla/5.0 (Windows NT 6.1) AppleWebKit/535.19 (KHTML, like Gecko) Chrome/18.0.1025.108 Safari/535.19"
94.21.191.144 - - [17/Mar/2012:21:55:49 +0100] "GET / HTTP/1.1" 302 295 "-" "Mozilla/5.0 (Windows NT 5.1; rv:10.0.2) Gecko/20100101 Firefox/10.0.2"
208.80.194.68 - - [18/Mar/2012:03:34:19 +0100] "GET / HTTP/1.0" 302 283 "-" "Mozilla/4.0 (compatible; MSIE 7.0; Windows NT 5.1; MEGAUPLOAD 1.0; InfoPath.2; .NET CLR 2.0.50727)"
178.164.147.223 - - [18/Mar/2012:19:51:04 +0100] "GET / HTTP/1.1" 302 295 "-" "Mozilla/5.0 (Windows NT 5.1; rv:11.0) Gecko/20100101 Firefox/11.0"
95.108.248.30 - - [18/Mar/2012:23:21:14 +0100] "GET /robots.txt HTTP/1.1" 404 1181 "-" "Mozilla/5.0 (compatible; YandexBot/3.0; +http://yandex.com/bots)"
95.108.248.30 - - [19/Mar/2012:08:24:50 +0100] "GET / HTTP/1.1" 302 295 "-" "Mozilla/5.0 (compatible; YandexBot/3.0; +http://yandex.com/bots)"
81.182.58.122 - - [19/Mar/2012:09:10:14 +0100] "GET / HTTP/1.1" 302 295 "-" "Mozilla/4.0 (compatible; MSIE 7.0; Windows NT 5.1; .NET CLR 1.1.4322)"
81.182.58.122 - - [19/Mar/2012:09:10:20 +0100] "GET / HTTP/1.1" 302 295 "-" "Mozilla/4.0 (compatible; MSIE 7.0; Windows NT 5.1; .NET CLR 1.1.4322)"
91.120.76.148 - - [19/Mar/2012:09:15:21 +0100] "GET / HTTP/1.1" 302 295 "-" "Mozilla/5.0 (Windows NT 5.1; rv:10.0.2) Gecko/20100101 Firefox/10.0.2"
193.225.204.86 - - [19/Mar/2012:09:29:00 +0100] "GET / HTTP/1.1" 302 295 "-" "Mozilla/4.0 (compatible; MSIE 8.0; Windows NT 5.1; Trident/4.0; .NET CLR 2.0.50727; .NET CLR 3.0.4506.2152; .NET CLR 3.5.30729; AskTbORJ/5.14.1.20007)"
193.225.204.86 - - [19/Mar/2012:09:29:03 +0100] "GET / HTTP/1.1" 302 295 "-" "Mozilla/4.0 (compatible; MSIE 8.0; Windows NT 5.1; Trident/4.0; .NET CLR 2.0.50727; .NET CLR 3.0.4506.2152; .NET CLR 3.5.30729; AskTbORJ/5.14.1.20007)"
81.182.58.122 - - [19/Mar/2012:10:41:52 +0100] "GET / HTTP/1.1" 302 295 "-" "Mozilla/4.0 (compatible; MSIE 7.0; Windows NT 5.1; .NET CLR 1.1.4322)"
81.182.58.122 - - [19/Mar/2012:10:41:54 +0100] "GET / HTTP/1.1" 302 295 "-" "Mozilla/4.0 (compatible; MSIE 7.0; Windows NT 5.1; .NET CLR 1.1.4322)"
81.182.58.122 - - [19/Mar/2012:10:49:06 +0100] "GET / HTTP/1.1" 302 295 "-" "Mozilla/4.0 (compatible; MSIE 7.0; Windows NT 5.1; .NET CLR 1.1.4322)"
81.182.58.122 - - [19/Mar/2012:11:40:45 +0100] "GET / HTTP/1.1" 302 295 "-" "Mozilla/4.0 (compatible; MSIE 7.0; Windows NT 5.1; .NET CLR 1.1.4322)"
81.182.58.122 - - [19/Mar/2012:11:40:46 +0100] "GET / HTTP/1.1" 302 295 "-" "Mozilla/4.0 (compatible; MSIE 7.0; Windows NT 5.1; .NET CLR 1.1.4322)"
91.120.87.113 - - [19/Mar/2012:13:13:49 +0100] "GET / HTTP/1.1" 302 295 "-" "Mozilla/5.0 (Windows NT 5.1; rv:10.0.2) Gecko/20100101 Firefox/10.0.2"
91.120.87.113 - - [19/Mar/2012:15:11:09 +0100] "GET / HTTP/1.1" 302 295 "-" "Mozilla/5.0 (Windows NT 5.1; rv:10.0.2) Gecko/20100101 Firefox/10.0.2"
86.101.231.129 - - [19/Mar/2012:16:54:29 +0100] "GET / HTTP/1.1" 302 295 "-" "Mozilla/4.0 (compatible; MSIE 8.0; Windows NT 5.1; Trident/4.0)"
86.101.231.129 - - [19/Mar/2012:16:54:33 +0100] "GET / HTTP/1.1" 302 295 "-" "Mozilla/4.0 (compatible; MSIE 8.0; Windows NT 5.1; Trident/4.0)"
86.101.231.129 - - [19/Mar/2012:17:00:48 +0100] "GET / HTTP/1.1" 302 295 "-" "Mozilla/4.0 (compatible; MSIE 8.0; Windows NT 5.1; Trident/4.0)"
208.80.194.30 - - [19/Mar/2012:18:58:15 +0100] "GET / HTTP/1.0" 302 283 "-" "Mozilla/4.0 (compatible; MSIE 6.0; Windows NT 5.1; SV1; FunWebProducts; .NET CLR 1.1.4322; .NET CLR 2.0.50727; Creative ZENcast v1.00.19)"
178.164.147.255 - - [19/Mar/2012:19:59:20 +0100] "GET / HTTP/1.1" 302 295 "-" "Mozilla/5.0 (Windows NT 5.1; rv:11.0) Gecko/20100101 Firefox/11.0"
178.164.147.255 - - [19/Mar/2012:20:18:36 +0100] "GET / HTTP/1.1" 302 295 "-" "Mozilla/5.0 (Windows NT 5.1; rv:11.0) Gecko/20100101 Firefox/11.0"
81.182.58.163 - - [19/Mar/2012:21:49:48 +0100] "GET / HTTP/1.1" 302 295 "-" "Mozilla/5.0 (X11; U; Linux i686; hu-HU; rv:1.9.2.17) Gecko/20110422 Ubuntu/8.04 (hardy) Firefox/3.6.17"
95.108.248.30 - - [20/Mar/2012:07:39:07 +0100] "GET /robots.txt HTTP/1.1" 404 1181 "-" "Mozilla/5.0 (compatible; YandexBot/3.0; +http://yandex.com/bots)"
91.120.87.113 - - [20/Mar/2012:08:24:21 +0100] "GET / HTTP/1.1" 302 295 "-" "Mozilla/5.0 (Windows NT 5.1; rv:10.0.2) Gecko/20100101 Firefox/10.0.2"
81.182.58.211 - - [20/Mar/2012:08:41:42 +0100] "GET / HTTP/1.1" 302 295 "-" "Mozilla/4.0 (compatible; MSIE 7.0; Windows NT 5.1; .NET CLR 1.1.4322)"
81.182.58.211 - - [20/Mar/2012:08:41:45 +0100] "GET / HTTP/1.1" 302 295 "-" "Mozilla/4.0 (compatible; MSIE 7.0; Windows NT 5.1; .NET CLR 1.1.4322)"
95.108.248.30 - - [20/Mar/2012:08:49:05 +0100] "GET / HTTP/1.1" 302 295 "-" "Mozilla/5.0 (compatible; YandexBot/3.0; +http://yandex.com/bots)"
81.182.58.211 - - [20/Mar/2012:09:15:45 +0100] "GET / HTTP/1.1" 302 295 "-" "Mozilla/4.0 (compatible; MSIE 7.0; Windows NT 5.1; .NET CLR 1.1.4322)"
81.182.58.211 - - [20/Mar/2012:09:15:48 +0100] "GET / HTTP/1.1" 302 295 "-" "Mozilla/4.0 (compatible; MSIE 7.0; Windows NT 5.1; .NET CLR 1.1.4322)"
81.182.58.211 - - [20/Mar/2012:09:18:35 +0100] "GET / HTTP/1.1" 302 295 "-" "Mozilla/4.0 (compatible; MSIE 7.0; Windows NT 5.1; .NET CLR 1.1.4322)"
81.182.58.211 - - [20/Mar/2012:09:18:37 +0100] "GET / HTTP/1.1" 302 295 "-" "Mozilla/4.0 (compatible; MSIE 7.0; Windows NT 5.1; .NET CLR 1.1.4322)"
81.182.58.211 - - [20/Mar/2012:09:21:28 +0100] "GET / HTTP/1.1" 302 295 "-" "Mozilla/5.0 (Windows; U; Windows NT 5.1; hu; rv:1.9.2.27) Gecko/20120216 Firefox/3.6.27"
81.182.58.211 - - [20/Mar/2012:09:23:12 +0100] "GET / HTTP/1.1" 302 295 "-" "Mozilla/4.0 (compatible; MSIE 7.0; Windows NT 5.1; .NET CLR 1.1.4322)"
81.182.58.211 - - [20/Mar/2012:09:23:14 +0100] "GET / HTTP/1.1" 302 295 "-" "Mozilla/4.0 (compatible; MSIE 7.0; Windows NT 5.1; .NET CLR 1.1.4322)"
81.182.58.211 - - [20/Mar/2012:09:34:49 +0100] "GET / HTTP/1.1" 302 295 "-" "Mozilla/4.0 (compatible; MSIE 7.0; Windows NT 5.1; .NET CLR 1.1.4322)"
81.182.58.211 - - [20/Mar/2012:09:34:51 +0100] "GET / HTTP/1.1" 302 295 "-" "Mozilla/4.0 (compatible; MSIE 7.0; Windows NT 5.1; .NET CLR 1.1.4322)"
91.120.87.113 - - [20/Mar/2012:09:37:46 +0100] "GET / HTTP/1.1" 302 295 "-" "Mozilla/5.0 (Windows NT 5.1; rv:10.0.2) Gecko/20100101 Firefox/10.0.2"
81.182.58.211 - - [20/Mar/2012:09:40:26 +0100] "GET / HTTP/1.1" 302 295 "-" "Mozilla/4.0 (compatible; MSIE 7.0; Windows NT 5.1; .NET CLR 1.1.4322)"
81.182.58.211 - - [20/Mar/2012:09:40:51 +0100] "GET / HTTP/1.1" 302 295 "-" "Mozilla/4.0 (compatible; MSIE 7.0; Windows NT 5.1; .NET CLR 1.1.4322)"
81.182.58.211 - - [20/Mar/2012:09:40:52 +0100] "GET / HTTP/1.1" 302 295 "-" "Mozilla/4.0 (compatible; MSIE 7.0; Windows NT 5.1; .NET CLR 1.1.4322)"
81.182.58.211 - - [20/Mar/2012:10:05:26 +0100] "GET / HTTP/1.1" 302 295 "-" "Mozilla/4.0 (compatible; MSIE 7.0; Windows NT 5.1; .NET CLR 1.1.4322)"
91.120.87.113 - - [20/Mar/2012:10:37:49 +0100] "GET / HTTP/1.1" 302 295 "-" "Mozilla/5.0 (Windows NT 5.1; rv:10.0.2) Gecko/20100101 Firefox/10.0.2"
81.182.58.211 - - [20/Mar/2012:10:49:37 +0100] "GET / HTTP/1.1" 302 295 "-" "Mozilla/4.0 (compatible; MSIE 7.0; Windows NT 5.1; .NET CLR 1.1.4322)"
81.182.58.211 - - [20/Mar/2012:10:49:39 +0100] "GET / HTTP/1.1" 302 295 "-" "Mozilla/4.0 (compatible; MSIE 7.0; Windows NT 5.1; .NET CLR 1.1.4322)"
81.182.58.211 - - [20/Mar/2012:10:55:26 +0100] "GET / HTTP/1.1" 302 295 "-" "Mozilla/4.0 (compatible; MSIE 7.0; Windows NT 5.1; .NET CLR 1.1.4322)"
81.182.58.211 - - [20/Mar/2012:10:55:28 +0100] "GET / HTTP/1.1" 302 295 "-" "Mozilla/4.0 (compatible; MSIE 7.0; Windows NT 5.1; .NET CLR 1.1.4322)"
195.228.191.216 - - [20/Mar/2012:11:55:32 +0100] "GET / HTTP/1.1" 302 295 "-" "Mozilla/4.0 (compatible; MSIE 7.0; Windows NT 5.1; .NET CLR 1.1.4322)"
195.228.191.216 - - [20/Mar/2012:11:55:35 +0100] "GET / HTTP/1.1" 302 295 "-" "Mozilla/4.0 (compatible; MSIE 7.0; Windows NT 5.1; .NET CLR 1.1.4322)"
195.228.191.216 - - [20/Mar/2012:13:50:13 +0100] "GET / HTTP/1.1" 302 295 "-" "Mozilla/4.0 (compatible; MSIE 7.0; Windows NT 5.1; .NET CLR 1.1.4322)"
150.70.172.203 - - [20/Mar/2012:15:36:11 +0100] "GET /mailman/listinfo/ceeweb-list HTTP/1.0" 404 1181 "-" "Mozilla/4.0 (compatible; MSIE 6.0; Windows NT 5.1)"
150.70.75.35 - - [20/Mar/2012:15:49:30 +0100] "GET /mailman/private/ceeweb-list HTTP/1.0" 404 1181 "-" "Mozilla/4.0 (compatible; MSIE 6.0; Windows NT 5.1)"
150.70.75.35 - - [20/Mar/2012:15:50:51 +0100] "GET /mailman/private/ceeweb-list HTTP/1.0" 404 1181 "-" "Mozilla/4.0 (compatible; MSIE 6.0; Windows NT 5.1)"
188.127.132.82 - - [20/Mar/2012:17:25:53 +0100] "GET / HTTP/1.1" 302 295 "-" "Mozilla/5.0 (Windows NT 5.1; rv:10.0.2) Gecko/20100101 Firefox/10.0.2"
86.101.231.141 - - [20/Mar/2012:17:38:01 +0100] "GET / HTTP/1.1" 302 295 "-" "Mozilla/4.0 (compatible; MSIE 8.0; Windows NT 5.1; Trident/4.0)"
86.101.231.141 - - [20/Mar/2012:17:38:05 +0100] "GET / HTTP/1.1" 302 295 "-" "Mozilla/4.0 (compatible; MSIE 8.0; Windows NT 5.1; Trident/4.0)"
188.143.79.251 - - [20/Mar/2012:19:15:40 +0100] "GET / HTTP/1.1" 302 295 "-" "Mozilla/5.0 (Windows NT 5.1; rv:11.0) Gecko/20100101 Firefox/11.0"
81.182.58.44 - - [20/Mar/2012:22:06:56 +0100] "GET / HTTP/1.1" 302 295 "-" "Mozilla/4.0 (compatible; MSIE 7.0; Windows NT 5.1; .NET CLR 1.1.4322)"
81.182.58.44 - - [20/Mar/2012:22:06:59 +0100] "GET / HTTP/1.1" 302 295 "-" "Mozilla/4.0 (compatible; MSIE 7.0; Windows NT 5.1; .NET CLR 1.1.4322)"
174.122.254.42 - - [21/Mar/2012:00:46:13 +0100] "HEAD /mailman/confirm/anthropolis/87f888b8fbeaf2dd3eea9fe942d91a25ba3a1c36 HTTP/1.1" 404 0 "-" "Mozilla/5.0 (Windows; U; Windows NT 6.1; en-US) AppleWebKit/534.1 (KHTML, like Gecko) Chrome/6.0.428.0 Safari/534.1"
174.122.254.42 - - [21/Mar/2012:00:46:13 +0100] "GET /mailman/confirm/anthropolis/87f888b8fbeaf2dd3eea9fe942d91a25ba3a1c36 HTTP/1.1" 404 1181 "-" "Mozilla/5.0 (Windows; U; Windows NT 6.1; en-US) AppleWebKit/534.1 (KHTML, like Gecko) Chrome/6.0.428.0 Safari/534.1"
95.108.248.30 - - [21/Mar/2012:07:44:57 +0100] "GET /robots.txt HTTP/1.1" 404 1181 "-" "Mozilla/5.0 (compatible; YandexBot/3.0; +http://yandex.com/bots)"
174.122.254.42 - - [21/Mar/2012:08:33:01 +0100] "HEAD /mailman/admindb/kozepregio HTTP/1.1" 404 0 "-" "Mozilla/5.0 (Windows; U; Windows NT 6.1; en-US) AppleWebKit/534.1 (KHTML, like Gecko) Chrome/6.0.428.0 Safari/534.1"
174.122.254.42 - - [21/Mar/2012:08:33:02 +0100] "GET /mailman/admindb/kozepregio HTTP/1.1" 404 1181 "-" "Mozilla/5.0 (Windows; U; Windows NT 6.1; en-US) AppleWebKit/534.1 (KHTML, like Gecko) Chrome/6.0.428.0 Safari/534.1"
81.182.58.96 - - [21/Mar/2012:09:00:40 +0100] "GET / HTTP/1.1" 302 295 "-" "Mozilla/4.0 (compatible; MSIE 7.0; Windows NT 5.1; .NET CLR 1.1.4322)"
81.182.58.96 - - [21/Mar/2012:09:00:42 +0100] "GET / HTTP/1.1" 302 295 "-" "Mozilla/4.0 (compatible; MSIE 7.0; Windows NT 5.1; .NET CLR 1.1.4322)"
91.120.97.133 - - [21/Mar/2012:09:30:45 +0100] "GET / HTTP/1.1" 302 295 "-" "Mozilla/5.0 (Windows NT 5.1; rv:10.0.2) Gecko/20100101 Firefox/10.0.2"
88.131.106.3 - - [21/Mar/2012:09:31:13 +0100] "GET /robots.txt HTTP/1.0" 404 1181 "-" "Mozilla/5.0 (Windows; U; Windows NT 5.1; en-US) Speedy Spider (http://www.entireweb.com/about/search_tech/speedy_spider/)"
81.182.58.96 - - [21/Mar/2012:09:35:12 +0100] "GET / HTTP/1.1" 302 295 "-" "Mozilla/4.0 (compatible; MSIE 7.0; Windows NT 5.1; .NET CLR 1.1.4322)"
95.108.248.30 - - [21/Mar/2012:11:30:27 +0100] "GET / HTTP/1.1" 302 295 "-" "Mozilla/5.0 (compatible; YandexBot/3.0; +http://yandex.com/bots)"
