81.182.58.183 - - [18/Apr/2012:11:15:21 +0200] "GET / HTTP/1.1" 302 295 "-" "Mozilla/4.0 (compatible; MSIE 7.0; Windows NT 5.1; .NET CLR 1.1.4322)"
81.182.58.183 - - [18/Apr/2012:11:15:23 +0200] "GET / HTTP/1.1" 302 295 "-" "Mozilla/4.0 (compatible; MSIE 7.0; Windows NT 5.1; .NET CLR 1.1.4322)"
91.120.75.30 - - [18/Apr/2012:13:14:45 +0200] "GET / HTTP/1.1" 302 295 "-" "Mozilla/5.0 (Windows NT 5.1; rv:11.0) Gecko/20100101 Firefox/11.0"
178.48.46.24 - - [18/Apr/2012:15:27:37 +0200] "GET / HTTP/1.1" 302 295 "-" "Mozilla/5.0 (Macintosh; Intel Mac OS X 10_7_3) AppleWebKit/534.55.3 (KHTML, like Gecko) Version/5.1.5 Safari/534.55.3"
91.120.75.30 - - [18/Apr/2012:15:35:28 +0200] "GET / HTTP/1.1" 302 295 "-" "Mozilla/5.0 (Windows NT 5.1; rv:11.0) Gecko/20100101 Firefox/11.0"
95.108.248.30 - - [18/Apr/2012:15:45:46 +0200] "GET /robots.txt HTTP/1.1" 404 1181 "-" "Mozilla/5.0 (compatible; YandexBot/3.0; +http://yandex.com/bots)"
92.249.133.138 - - [18/Apr/2012:18:00:51 +0200] "GET / HTTP/1.1" 302 295 "-" "Mozilla/5.0 (Windows NT 5.1; rv:11.0) Gecko/20100101 Firefox/11.0"
195.228.191.197 - - [18/Apr/2012:21:34:31 +0200] "GET / HTTP/1.1" 302 295 "-" "Mozilla/4.0 (compatible; MSIE 7.0; Windows NT 5.1; .NET CLR 1.1.4322)"
195.228.191.197 - - [18/Apr/2012:21:34:33 +0200] "GET / HTTP/1.1" 302 295 "-" "Mozilla/4.0 (compatible; MSIE 7.0; Windows NT 5.1; .NET CLR 1.1.4322)"
82.131.202.20 - - [18/Apr/2012:21:37:54 +0200] "GET / HTTP/1.1" 302 295 "-" "Mozilla/5.0 (Windows NT 6.1; WOW64) AppleWebKit/535.19 (KHTML, like Gecko) Chrome/18.0.1025.162 Safari/535.19"
195.228.191.197 - - [18/Apr/2012:21:46:37 +0200] "GET / HTTP/1.1" 302 295 "-" "Mozilla/4.0 (compatible; MSIE 7.0; Windows NT 5.1; .NET CLR 1.1.4322)"
195.228.191.197 - - [18/Apr/2012:21:54:02 +0200] "GET / HTTP/1.1" 302 295 "-" "Mozilla/4.0 (compatible; MSIE 7.0; Windows NT 5.1; .NET CLR 1.1.4322)"
188.138.113.146 - - [19/Apr/2012:01:21:32 +0200] "GET / HTTP/1.0" 302 283 "-" "Mozilla/5.0 (Windows; U; MSIE 9.0; Windows NT 9.0; en-US)"
81.183.63.168 - - [19/Apr/2012:08:27:12 +0200] "GET / HTTP/1.1" 302 295 "-" "Mozilla/4.0 (compatible; MSIE 7.0; Windows NT 5.1; .NET CLR 1.1.4322)"
81.183.63.168 - - [19/Apr/2012:08:27:14 +0200] "GET / HTTP/1.1" 302 295 "-" "Mozilla/4.0 (compatible; MSIE 7.0; Windows NT 5.1; .NET CLR 1.1.4322)"
81.183.63.168 - - [19/Apr/2012:09:20:07 +0200] "GET / HTTP/1.1" 302 295 "-" "Mozilla/4.0 (compatible; MSIE 7.0; Windows NT 5.1; .NET CLR 1.1.4322)"
178.48.46.24 - - [19/Apr/2012:09:24:45 +0200] "GET / HTTP/1.1" 302 295 "-" "Mozilla/5.0 (Macintosh; Intel Mac OS X 10_7_3) AppleWebKit/534.55.3 (KHTML, like Gecko) Version/5.1.5 Safari/534.55.3"
178.48.46.24 - - [19/Apr/2012:09:30:52 +0200] "GET / HTTP/1.1" 302 295 "-" "Mozilla/5.0 (Macintosh; Intel Mac OS X 10_7_3) AppleWebKit/534.55.3 (KHTML, like Gecko) Version/5.1.5 Safari/534.55.3"
81.183.63.168 - - [19/Apr/2012:11:11:59 +0200] "GET / HTTP/1.1" 302 295 "-" "Mozilla/4.0 (compatible; MSIE 7.0; Windows NT 5.1; .NET CLR 1.1.4322)"
81.183.63.168 - - [19/Apr/2012:11:12:01 +0200] "GET / HTTP/1.1" 302 295 "-" "Mozilla/4.0 (compatible; MSIE 7.0; Windows NT 5.1; .NET CLR 1.1.4322)"
91.120.171.254 - - [19/Apr/2012:11:29:11 +0200] "GET / HTTP/1.1" 302 295 "-" "Mozilla/5.0 (Windows NT 5.1; rv:11.0) Gecko/20100101 Firefox/11.0"
91.120.171.254 - - [19/Apr/2012:14:00:43 +0200] "GET / HTTP/1.1" 302 295 "-" "Mozilla/5.0 (Windows NT 5.1; rv:11.0) Gecko/20100101 Firefox/11.0"
91.120.171.254 - - [19/Apr/2012:14:17:45 +0200] "GET / HTTP/1.1" 302 295 "-" "Mozilla/5.0 (Windows NT 5.1; rv:11.0) Gecko/20100101 Firefox/11.0"
91.120.171.254 - - [19/Apr/2012:15:21:10 +0200] "GET / HTTP/1.1" 302 295 "-" "Mozilla/5.0 (Windows NT 5.1; rv:11.0) Gecko/20100101 Firefox/11.0"
95.108.248.30 - - [19/Apr/2012:17:00:59 +0200] "GET /robots.txt HTTP/1.1" 404 1181 "-" "Mozilla/5.0 (compatible; YandexBot/3.0; +http://yandex.com/bots)"
94.21.191.236 - - [19/Apr/2012:17:05:59 +0200] "GET / HTTP/1.1" 302 295 "-" "Mozilla/5.0 (Windows NT 5.1; rv:11.0) Gecko/20100101 Firefox/11.0"
86.101.230.165 - - [19/Apr/2012:18:20:18 +0200] "GET / HTTP/1.1" 302 295 "-" "Mozilla/4.0 (compatible; MSIE 8.0; Windows NT 5.1; Trident/4.0; .NET CLR 2.0.50727; .NET CLR 3.0.4506.2152; .NET CLR 3.5.30729)"
86.101.230.165 - - [19/Apr/2012:18:20:22 +0200] "GET / HTTP/1.1" 302 295 "-" "Mozilla/4.0 (compatible; MSIE 8.0; Windows NT 5.1; Trident/4.0; .NET CLR 2.0.50727; .NET CLR 3.0.4506.2152; .NET CLR 3.5.30729)"
86.101.230.165 - - [19/Apr/2012:18:40:02 +0200] "GET / HTTP/1.1" 302 295 "-" "Mozilla/4.0 (compatible; MSIE 8.0; Windows NT 5.1; Trident/4.0; .NET CLR 2.0.50727; .NET CLR 3.0.4506.2152; .NET CLR 3.5.30729)"
86.101.230.165 - - [19/Apr/2012:18:40:05 +0200] "GET / HTTP/1.1" 302 295 "-" "Mozilla/4.0 (compatible; MSIE 8.0; Windows NT 5.1; Trident/4.0; .NET CLR 2.0.50727; .NET CLR 3.0.4506.2152; .NET CLR 3.5.30729)"
94.21.191.236 - - [19/Apr/2012:18:52:18 +0200] "GET / HTTP/1.1" 302 295 "-" "Mozilla/5.0 (Windows NT 5.1; rv:11.0) Gecko/20100101 Firefox/11.0"
95.108.248.30 - - [19/Apr/2012:20:40:50 +0200] "GET / HTTP/1.1" 302 295 "-" "Mozilla/5.0 (compatible; YandexBot/3.0; +http://yandex.com/bots)"
31.46.178.206 - - [19/Apr/2012:21:16:08 +0200] "GET / HTTP/1.1" 302 295 "-" "Mozilla/4.0 (compatible; MSIE 7.0; Windows NT 5.1; .NET CLR 1.1.4322)"
31.46.178.206 - - [19/Apr/2012:21:16:10 +0200] "GET / HTTP/1.1" 302 295 "-" "Mozilla/4.0 (compatible; MSIE 7.0; Windows NT 5.1; .NET CLR 1.1.4322)"
174.122.254.42 - - [19/Apr/2012:21:41:20 +0200] "HEAD /mailman/confirm/foe-list/cacc637babb55358a2891e7c6b670f465ae6269a HTTP/1.1" 404 0 "-" "Mozilla/5.0 (Windows; U; Windows NT 6.1; en-US) AppleWebKit/534.1 (KHTML, like Gecko) Chrome/6.0.428.0 Safari/534.1"
174.122.254.42 - - [19/Apr/2012:21:41:20 +0200] "GET /mailman/confirm/foe-list/cacc637babb55358a2891e7c6b670f465ae6269a HTTP/1.1" 404 1181 "-" "Mozilla/5.0 (Windows; U; Windows NT 6.1; en-US) AppleWebKit/534.1 (KHTML, like Gecko) Chrome/6.0.428.0 Safari/534.1"
31.46.178.206 - - [19/Apr/2012:21:57:50 +0200] "GET / HTTP/1.1" 302 295 "-" "Mozilla/4.0 (compatible; MSIE 7.0; Windows NT 5.1; .NET CLR 1.1.4322)"
31.46.178.206 - - [19/Apr/2012:22:40:31 +0200] "GET / HTTP/1.1" 302 295 "-" "Mozilla/4.0 (compatible; MSIE 7.0; Windows NT 5.1; .NET CLR 1.1.4322)"
31.46.178.206 - - [19/Apr/2012:22:47:57 +0200] "GET / HTTP/1.1" 302 295 "-" "Mozilla/4.0 (compatible; MSIE 7.0; Windows NT 5.1; .NET CLR 1.1.4322)"
208.80.194.32 - - [19/Apr/2012:23:22:41 +0200] "GET / HTTP/1.0" 302 283 "-" "Mozilla/4.0 (compatible; MSIE 6.0; AOL 9.0; Windows NT 5.1; SV1; SpamBlockerUtility 4.8.0)"
174.122.254.42 - - [20/Apr/2012:04:59:14 +0200] "HEAD /mailman/confirm/bringa-delbuda/c9e6871f4e8337461c91312ff5052cd9d616548f HTTP/1.1" 404 0 "-" "Mozilla/5.0 (Windows; U; Windows NT 6.1; en-US) AppleWebKit/534.1 (KHTML, like Gecko) Chrome/6.0.428.0 Safari/534.1"
174.122.254.42 - - [20/Apr/2012:04:59:15 +0200] "GET /mailman/confirm/bringa-delbuda/c9e6871f4e8337461c91312ff5052cd9d616548f HTTP/1.1" 404 1181 "-" "Mozilla/5.0 (Windows; U; Windows NT 6.1; en-US) AppleWebKit/534.1 (KHTML, like Gecko) Chrome/6.0.428.0 Safari/534.1"
81.182.58.221 - - [20/Apr/2012:06:57:53 +0200] "GET / HTTP/1.1" 302 295 "-" "Mozilla/5.0 (X11; U; Linux i686; hu-HU; rv:1.9.2.17) Gecko/20110422 Ubuntu/8.04 (hardy) Firefox/3.6.17"
81.182.58.221 - - [20/Apr/2012:08:06:20 +0200] "GET / HTTP/1.1" 302 295 "-" "Mozilla/5.0 (X11; U; Linux i686; hu-HU; rv:1.9.2.17) Gecko/20110422 Ubuntu/8.04 (hardy) Firefox/3.6.17"
81.182.58.221 - - [20/Apr/2012:08:31:07 +0200] "GET / HTTP/1.1" 302 295 "-" "Mozilla/5.0 (X11; U; Linux i686; hu-HU; rv:1.9.2.17) Gecko/20110422 Ubuntu/8.04 (hardy) Firefox/3.6.17"
81.182.58.221 - - [20/Apr/2012:09:21:29 +0200] "GET / HTTP/1.1" 302 295 "-" "Mozilla/5.0 (X11; U; Linux i686; hu-HU; rv:1.9.2.17) Gecko/20110422 Ubuntu/8.04 (hardy) Firefox/3.6.17"
188.36.198.17 - - [20/Apr/2012:14:04:38 +0200] "GET / HTTP/1.1" 302 295 "-" "Mozilla/5.0 (Windows; U; Windows NT 5.1; hu; rv:1.9.2.28) Gecko/20120306 Firefox/3.6.28"
88.131.106.22 - - [20/Apr/2012:16:27:56 +0200] "GET /robots.txt HTTP/1.0" 404 1181 "-" "Mozilla/5.0 (Windows; U; Windows NT 5.1; en-US) Speedy Spider (http://www.entireweb.com/about/search_tech/speedy_spider/)"
174.122.254.42 - - [20/Apr/2012:20:20:49 +0200] "HEAD /mailman/admindb/dunaa HTTP/1.1" 404 0 "-" "Mozilla/5.0 (Windows; U; Windows NT 6.1; en-US) AppleWebKit/534.1 (KHTML, like Gecko) Chrome/6.0.428.0 Safari/534.1"
174.122.254.42 - - [20/Apr/2012:20:20:50 +0200] "GET /mailman/admindb/dunaa HTTP/1.1" 404 1181 "-" "Mozilla/5.0 (Windows; U; Windows NT 6.1; en-US) AppleWebKit/534.1 (KHTML, like Gecko) Chrome/6.0.428.0 Safari/534.1"
81.182.58.85 - - [20/Apr/2012:21:58:01 +0200] "GET / HTTP/1.1" 302 295 "-" "Mozilla/4.0 (compatible; MSIE 7.0; Windows NT 5.1; .NET CLR 1.1.4322)"
81.182.58.85 - - [20/Apr/2012:21:58:03 +0200] "GET / HTTP/1.1" 302 295 "-" "Mozilla/4.0 (compatible; MSIE 7.0; Windows NT 5.1; .NET CLR 1.1.4322)"
88.131.106.22 - - [21/Apr/2012:00:40:35 +0200] "GET /robots.txt HTTP/1.0" 404 1181 "-" "Mozilla/5.0 (Windows; U; Windows NT 5.1; en-US) Speedy Spider (http://www.entireweb.com/about/search_tech/speedy_spider/)"
174.122.254.42 - - [21/Apr/2012:01:21:19 +0200] "HEAD /mailman/listinfo/kothalo HTTP/1.1" 404 0 "-" "Mozilla/5.0 (Windows; U; Windows NT 6.1; en-US) AppleWebKit/534.1 (KHTML, like Gecko) Chrome/6.0.428.0 Safari/534.1"
174.122.254.42 - - [21/Apr/2012:01:21:19 +0200] "GET /mailman/listinfo/kothalo HTTP/1.1" 404 1181 "-" "Mozilla/5.0 (Windows; U; Windows NT 6.1; en-US) AppleWebKit/534.1 (KHTML, like Gecko) Chrome/6.0.428.0 Safari/534.1"
81.182.58.85 - - [21/Apr/2012:08:12:50 +0200] "GET / HTTP/1.1" 302 295 "-" "Mozilla/4.0 (compatible; MSIE 7.0; Windows NT 5.1; .NET CLR 1.1.4322)"
81.182.58.85 - - [21/Apr/2012:08:12:51 +0200] "GET / HTTP/1.1" 302 295 "-" "Mozilla/4.0 (compatible; MSIE 7.0; Windows NT 5.1; .NET CLR 1.1.4322)"
174.122.254.42 - - [21/Apr/2012:10:50:54 +0200] "HEAD /mailman/confirm/norda/e81f5b26ae32226bd362817a15c9052e2c93119c HTTP/1.1" 404 0 "-" "Mozilla/5.0 (Windows; U; Windows NT 6.1; en-US) AppleWebKit/534.1 (KHTML, like Gecko) Chrome/6.0.428.0 Safari/534.1"
174.122.254.42 - - [21/Apr/2012:10:50:54 +0200] "GET /mailman/confirm/norda/e81f5b26ae32226bd362817a15c9052e2c93119c HTTP/1.1" 404 1181 "-" "Mozilla/5.0 (Windows; U; Windows NT 6.1; en-US) AppleWebKit/534.1 (KHTML, like Gecko) Chrome/6.0.428.0 Safari/534.1"
81.182.58.85 - - [21/Apr/2012:12:24:04 +0200] "GET / HTTP/1.1" 302 295 "-" "Mozilla/4.0 (compatible; MSIE 7.0; Windows NT 5.1; .NET CLR 1.1.4322)"
81.182.58.85 - - [21/Apr/2012:12:24:06 +0200] "GET / HTTP/1.1" 302 295 "-" "Mozilla/4.0 (compatible; MSIE 7.0; Windows NT 5.1; .NET CLR 1.1.4322)"
81.182.58.85 - - [21/Apr/2012:12:27:04 +0200] "GET / HTTP/1.1" 302 295 "-" "Mozilla/4.0 (compatible; MSIE 7.0; Windows NT 5.1; .NET CLR 1.1.4322)"
174.122.254.42 - - [21/Apr/2012:17:55:43 +0200] "HEAD /mailman/confirm/bazzold/df707d26aa30f3c92fd02718c88ee8eb77537692 HTTP/1.1" 404 0 "-" "Mozilla/5.0 (Windows; U; Windows NT 6.1; en-US) AppleWebKit/534.1 (KHTML, like Gecko) Chrome/6.0.428.0 Safari/534.1"
174.122.254.42 - - [21/Apr/2012:17:55:43 +0200] "GET /mailman/confirm/bazzold/df707d26aa30f3c92fd02718c88ee8eb77537692 HTTP/1.1" 404 1181 "-" "Mozilla/5.0 (Windows; U; Windows NT 6.1; en-US) AppleWebKit/534.1 (KHTML, like Gecko) Chrome/6.0.428.0 Safari/534.1"
208.80.194.30 - - [21/Apr/2012:18:25:55 +0200] "GET / HTTP/1.0" 302 283 "-" "Mozilla/4.0 (compatible; MSIE 6.0; Windows NT 5.1; SV1; FunWebProducts; SIMBAR=0)"
174.122.254.42 - - [21/Apr/2012:18:47:59 +0200] "HEAD /mailman/listinfo/regio HTTP/1.1" 404 0 "-" "Mozilla/5.0 (Windows; U; Windows NT 6.1; en-US) AppleWebKit/534.1 (KHTML, like Gecko) Chrome/6.0.428.0 Safari/534.1"
174.122.254.42 - - [21/Apr/2012:18:48:00 +0200] "GET /mailman/listinfo/regio HTTP/1.1" 404 1181 "-" "Mozilla/5.0 (Windows; U; Windows NT 6.1; en-US) AppleWebKit/534.1 (KHTML, like Gecko) Chrome/6.0.428.0 Safari/534.1"
88.131.106.22 - - [21/Apr/2012:18:59:47 +0200] "GET /robots.txt HTTP/1.0" 404 1181 "-" "Mozilla/5.0 (Windows; U; Windows NT 5.1; en-US) Speedy Spider (http://www.entireweb.com/about/search_tech/speedy_spider/)"
174.122.254.42 - - [21/Apr/2012:19:07:02 +0200] "HEAD /mailman/admindb/mtvsziroda HTTP/1.1" 404 0 "-" "Mozilla/5.0 (Windows; U; Windows NT 6.1; en-US) AppleWebKit/534.1 (KHTML, like Gecko) Chrome/6.0.428.0 Safari/534.1"
174.122.254.42 - - [21/Apr/2012:19:07:02 +0200] "GET /mailman/admindb/mtvsziroda HTTP/1.1" 404 1181 "-" "Mozilla/5.0 (Windows; U; Windows NT 6.1; en-US) AppleWebKit/534.1 (KHTML, like Gecko) Chrome/6.0.428.0 Safari/534.1"
174.122.254.42 - - [21/Apr/2012:19:07:03 +0200] "HEAD /mailman/confirm/mtvszelnokseg/362eb7ca8611fcf7a26d6467947570796491a254 HTTP/1.1" 404 0 "-" "Mozilla/5.0 (Windows; U; Windows NT 6.1; en-US) AppleWebKit/534.1 (KHTML, like Gecko) Chrome/6.0.428.0 Safari/534.1"
174.122.254.42 - - [21/Apr/2012:19:07:03 +0200] "GET /mailman/confirm/mtvszelnokseg/362eb7ca8611fcf7a26d6467947570796491a254 HTTP/1.1" 404 1181 "-" "Mozilla/5.0 (Windows; U; Windows NT 6.1; en-US) AppleWebKit/534.1 (KHTML, like Gecko) Chrome/6.0.428.0 Safari/534.1"
86.101.231.129 - - [21/Apr/2012:19:27:43 +0200] "GET / HTTP/1.1" 302 295 "-" "Mozilla/4.0 (compatible; MSIE 8.0; Windows NT 5.1; Trident/4.0)"
86.101.231.129 - - [21/Apr/2012:19:27:47 +0200] "GET / HTTP/1.1" 302 295 "-" "Mozilla/4.0 (compatible; MSIE 8.0; Windows NT 5.1; Trident/4.0)"
86.101.231.129 - - [21/Apr/2012:19:29:14 +0200] "GET / HTTP/1.1" 302 295 "-" "Mozilla/4.0 (compatible; MSIE 8.0; Windows NT 5.1; Trident/4.0)"
174.122.254.42 - - [21/Apr/2012:21:41:19 +0200] "HEAD /mailman/confirm/mtvszelnokseg/6b9a8656f9240c27f0e4835bbd2f3fcae0eb6660 HTTP/1.1" 404 0 "-" "Mozilla/5.0 (Windows; U; Windows NT 6.1; en-US) AppleWebKit/534.1 (KHTML, like Gecko) Chrome/6.0.428.0 Safari/534.1"
174.122.254.42 - - [21/Apr/2012:21:41:19 +0200] "GET /mailman/confirm/mtvszelnokseg/6b9a8656f9240c27f0e4835bbd2f3fcae0eb6660 HTTP/1.1" 404 1181 "-" "Mozilla/5.0 (Windows; U; Windows NT 6.1; en-US) AppleWebKit/534.1 (KHTML, like Gecko) Chrome/6.0.428.0 Safari/534.1"
81.183.156.213 - - [21/Apr/2012:23:18:48 +0200] "GET / HTTP/1.1" 302 295 "-" "Mozilla/4.0 (compatible; MSIE 7.0; Windows NT 5.1; .NET CLR 1.1.4322)"
81.183.156.213 - - [21/Apr/2012:23:18:50 +0200] "GET / HTTP/1.1" 302 295 "-" "Mozilla/4.0 (compatible; MSIE 7.0; Windows NT 5.1; .NET CLR 1.1.4322)"
190.204.9.114 - - [22/Apr/2012:01:39:38 +0200] "GET / HTTP/1.1" 302 295 "-" "Mozilla/5.0 (Windows NT 6.1; rv:11.0) Gecko/20100101 Firefox/11.0"
31.46.178.247 - - [22/Apr/2012:09:48:37 +0200] "GET / HTTP/1.1" 302 295 "-" "Mozilla/4.0 (compatible; MSIE 7.0; Windows NT 5.1; .NET CLR 1.1.4322)"
31.46.178.247 - - [22/Apr/2012:09:48:39 +0200] "GET / HTTP/1.1" 302 295 "-" "Mozilla/4.0 (compatible; MSIE 7.0; Windows NT 5.1; .NET CLR 1.1.4322)"
31.46.178.247 - - [22/Apr/2012:09:51:12 +0200] "GET / HTTP/1.1" 302 295 "-" "Mozilla/4.0 (compatible; MSIE 7.0; Windows NT 5.1; .NET CLR 1.1.4322)"
95.108.248.30 - - [22/Apr/2012:14:17:27 +0200] "GET /robots.txt HTTP/1.1" 404 1181 "-" "Mozilla/5.0 (compatible; YandexBot/3.0; +http://yandex.com/bots)"
88.131.106.22 - - [22/Apr/2012:14:59:11 +0200] "GET /robots.txt HTTP/1.0" 404 1181 "-" "Mozilla/5.0 (Windows; U; Windows NT 5.1; en-US) Speedy Spider (http://www.entireweb.com/about/search_tech/speedy_spider/)"
174.122.254.42 - - [22/Apr/2012:16:26:38 +0200] "HEAD /mailman/confirm/vidra-lista/31b62e810d08a51e929b91ad088a658499341521 HTTP/1.1" 404 0 "-" "Mozilla/5.0 (Windows; U; Windows NT 6.1; en-US) AppleWebKit/534.1 (KHTML, like Gecko) Chrome/6.0.428.0 Safari/534.1"
174.122.254.42 - - [22/Apr/2012:16:26:38 +0200] "GET /mailman/confirm/vidra-lista/31b62e810d08a51e929b91ad088a658499341521 HTTP/1.1" 404 1181 "-" "Mozilla/5.0 (Windows; U; Windows NT 6.1; en-US) AppleWebKit/534.1 (KHTML, like Gecko) Chrome/6.0.428.0 Safari/534.1"
86.101.234.169 - - [22/Apr/2012:17:04:30 +0200] "GET / HTTP/1.1" 302 295 "-" "Mozilla/4.0 (compatible; MSIE 8.0; Windows NT 5.1; Trident/4.0)"
86.101.234.169 - - [22/Apr/2012:17:04:34 +0200] "GET / HTTP/1.1" 302 295 "-" "Mozilla/4.0 (compatible; MSIE 8.0; Windows NT 5.1; Trident/4.0)"
92.249.133.111 - - [22/Apr/2012:18:14:48 +0200] "GET / HTTP/1.1" 302 295 "-" "Mozilla/5.0 (Windows NT 5.1; rv:11.0) Gecko/20100101 Firefox/11.0"
81.182.58.242 - - [22/Apr/2012:20:23:02 +0200] "GET / HTTP/1.1" 302 295 "-" "Mozilla/4.0 (compatible; MSIE 7.0; Windows NT 5.1; .NET CLR 1.1.4322)"
81.182.58.242 - - [22/Apr/2012:20:23:05 +0200] "GET / HTTP/1.1" 302 295 "-" "Mozilla/4.0 (compatible; MSIE 7.0; Windows NT 5.1; .NET CLR 1.1.4322)"
81.182.58.242 - - [22/Apr/2012:20:34:23 +0200] "GET / HTTP/1.1" 302 295 "-" "Mozilla/4.0 (compatible; MSIE 7.0; Windows NT 5.1; .NET CLR 1.1.4322)"
81.182.58.242 - - [22/Apr/2012:20:34:25 +0200] "GET / HTTP/1.1" 302 295 "-" "Mozilla/4.0 (compatible; MSIE 7.0; Windows NT 5.1; .NET CLR 1.1.4322)"
174.122.254.42 - - [22/Apr/2012:20:53:09 +0200] "HEAD /mailman/confirm/antinuki/d3ba01a70f63e97a5919fd68308528f48b2c18a6 HTTP/1.1" 404 0 "-" "Mozilla/5.0 (Windows; U; Windows NT 6.1; en-US) AppleWebKit/534.1 (KHTML, like Gecko) Chrome/6.0.428.0 Safari/534.1"
174.122.254.42 - - [22/Apr/2012:20:53:10 +0200] "GET /mailman/confirm/antinuki/d3ba01a70f63e97a5919fd68308528f48b2c18a6 HTTP/1.1" 404 1181 "-" "Mozilla/5.0 (Windows; U; Windows NT 6.1; en-US) AppleWebKit/534.1 (KHTML, like Gecko) Chrome/6.0.428.0 Safari/534.1"
81.182.58.242 - - [22/Apr/2012:21:38:53 +0200] "GET / HTTP/1.1" 302 295 "-" "Mozilla/4.0 (compatible; MSIE 7.0; Windows NT 5.1; .NET CLR 1.1.4322)"
81.182.58.242 - - [22/Apr/2012:21:38:56 +0200] "GET / HTTP/1.1" 302 295 "-" "Mozilla/4.0 (compatible; MSIE 7.0; Windows NT 5.1; .NET CLR 1.1.4322)"
95.108.248.30 - - [22/Apr/2012:21:56:58 +0200] "GET / HTTP/1.1" 302 295 "-" "Mozilla/5.0 (compatible; YandexBot/3.0; +http://yandex.com/bots)"
174.122.254.42 - - [22/Apr/2012:22:12:59 +0200] "HEAD /mailman/confirm/anthropolis/df23af749e54229ad4d336947b32696b657d0cf5 HTTP/1.1" 404 0 "-" "Mozilla/5.0 (Windows; U; Windows NT 6.1; en-US) AppleWebKit/534.1 (KHTML, like Gecko) Chrome/6.0.428.0 Safari/534.1"
174.122.254.42 - - [22/Apr/2012:22:13:00 +0200] "GET /mailman/confirm/anthropolis/df23af749e54229ad4d336947b32696b657d0cf5 HTTP/1.1" 404 1181 "-" "Mozilla/5.0 (Windows; U; Windows NT 6.1; en-US) AppleWebKit/534.1 (KHTML, like Gecko) Chrome/6.0.428.0 Safari/534.1"
174.122.254.42 - - [22/Apr/2012:22:25:11 +0200] "HEAD /mailman/confirm/gaiakuld/c7dc711a687b8dbb621c459da089274640e41747 HTTP/1.1" 404 0 "-" "Mozilla/5.0 (Windows; U; Windows NT 6.1; en-US) AppleWebKit/534.1 (KHTML, like Gecko) Chrome/6.0.428.0 Safari/534.1"
174.122.254.42 - - [22/Apr/2012:22:25:12 +0200] "GET /mailman/confirm/gaiakuld/c7dc711a687b8dbb621c459da089274640e41747 HTTP/1.1" 404 1181 "-" "Mozilla/5.0 (Windows; U; Windows NT 6.1; en-US) AppleWebKit/534.1 (KHTML, like Gecko) Chrome/6.0.428.0 Safari/534.1"
174.122.254.42 - - [23/Apr/2012:00:33:05 +0200] "HEAD /mailman/admin/ropert/bounce HTTP/1.1" 404 0 "-" "Mozilla/5.0 (Windows; U; Windows NT 6.1; en-US) AppleWebKit/534.1 (KHTML, like Gecko) Chrome/6.0.428.0 Safari/534.1"
174.122.254.42 - - [23/Apr/2012:00:33:05 +0200] "GET /mailman/admin/ropert/bounce HTTP/1.1" 404 1181 "-" "Mozilla/5.0 (Windows; U; Windows NT 6.1; en-US) AppleWebKit/534.1 (KHTML, like Gecko) Chrome/6.0.428.0 Safari/534.1"
174.122.254.42 - - [23/Apr/2012:07:15:44 +0200] "HEAD /mailman/admindb/mtvsziroda HTTP/1.1" 404 0 "-" "Mozilla/5.0 (Windows; U; Windows NT 6.1; en-US) AppleWebKit/534.1 (KHTML, like Gecko) Chrome/6.0.428.0 Safari/534.1"
174.122.254.42 - - [23/Apr/2012:07:15:44 +0200] "GET /mailman/admindb/mtvsziroda HTTP/1.1" 404 1181 "-" "Mozilla/5.0 (Windows; U; Windows NT 6.1; en-US) AppleWebKit/534.1 (KHTML, like Gecko) Chrome/6.0.428.0 Safari/534.1"
174.122.254.42 - - [23/Apr/2012:07:15:44 +0200] "HEAD /mailman/confirm/mtvszelnokseg/5100ed215c9b41f658e7ff50db04c906f69aa7be HTTP/1.1" 404 0 "-" "Mozilla/5.0 (Windows; U; Windows NT 6.1; en-US) AppleWebKit/534.1 (KHTML, like Gecko) Chrome/6.0.428.0 Safari/534.1"
174.122.254.42 - - [23/Apr/2012:07:15:45 +0200] "GET /mailman/confirm/mtvszelnokseg/5100ed215c9b41f658e7ff50db04c906f69aa7be HTTP/1.1" 404 1181 "-" "Mozilla/5.0 (Windows; U; Windows NT 6.1; en-US) AppleWebKit/534.1 (KHTML, like Gecko) Chrome/6.0.428.0 Safari/534.1"
81.182.58.82 - - [23/Apr/2012:08:23:26 +0200] "GET / HTTP/1.1" 302 295 "-" "Mozilla/4.0 (compatible; MSIE 7.0; Windows NT 5.1; .NET CLR 1.1.4322)"
81.182.58.82 - - [23/Apr/2012:08:23:28 +0200] "GET / HTTP/1.1" 302 295 "-" "Mozilla/4.0 (compatible; MSIE 7.0; Windows NT 5.1; .NET CLR 1.1.4322)"
91.120.99.216 - - [23/Apr/2012:08:34:41 +0200] "GET / HTTP/1.1" 302 295 "-" "Mozilla/5.0 (Windows NT 5.1; rv:11.0) Gecko/20100101 Firefox/11.0"
174.122.254.42 - - [23/Apr/2012:08:43:39 +0200] "HEAD /mailman/confirm/peace/201cc2be8c850e4e097e4f938fb3d241a749c3ca HTTP/1.1" 404 0 "-" "Mozilla/5.0 (Windows; U; Windows NT 6.1; en-US) AppleWebKit/534.1 (KHTML, like Gecko) Chrome/6.0.428.0 Safari/534.1"
174.122.254.42 - - [23/Apr/2012:08:43:39 +0200] "GET /mailman/confirm/peace/201cc2be8c850e4e097e4f938fb3d241a749c3ca HTTP/1.1" 404 1181 "-" "Mozilla/5.0 (Windows; U; Windows NT 6.1; en-US) AppleWebKit/534.1 (KHTML, like Gecko) Chrome/6.0.428.0 Safari/534.1"
174.122.254.42 - - [23/Apr/2012:09:40:29 +0200] "HEAD /mailman/confirm/mtvszelnokseg/e4498a0ad2864c8ac1f50c4b91a04aa3fa2d48eb HTTP/1.1" 404 0 "-" "Mozilla/5.0 (Windows; U; Windows NT 6.1; en-US) AppleWebKit/534.1 (KHTML, like Gecko) Chrome/6.0.428.0 Safari/534.1"
174.122.254.42 - - [23/Apr/2012:09:40:29 +0200] "GET /mailman/confirm/mtvszelnokseg/e4498a0ad2864c8ac1f50c4b91a04aa3fa2d48eb HTTP/1.1" 404 1181 "-" "Mozilla/5.0 (Windows; U; Windows NT 6.1; en-US) AppleWebKit/534.1 (KHTML, like Gecko) Chrome/6.0.428.0 Safari/534.1"
81.182.58.82 - - [23/Apr/2012:09:42:36 +0200] "GET / HTTP/1.1" 302 295 "-" "Mozilla/4.0 (compatible; MSIE 7.0; Windows NT 5.1; .NET CLR 1.1.4322)"
81.182.58.82 - - [23/Apr/2012:09:42:38 +0200] "GET / HTTP/1.1" 302 295 "-" "Mozilla/4.0 (compatible; MSIE 7.0; Windows NT 5.1; .NET CLR 1.1.4322)"
174.122.254.42 - - [23/Apr/2012:09:57:58 +0200] "HEAD /mailman/confirm/ropert/1379b6952c9a3dee251c48c671891ff06ba4f10b HTTP/1.1" 404 0 "-" "Mozilla/5.0 (Windows; U; Windows NT 6.1; en-US) AppleWebKit/534.1 (KHTML, like Gecko) Chrome/6.0.428.0 Safari/534.1"
174.122.254.42 - - [23/Apr/2012:09:57:59 +0200] "GET /mailman/confirm/ropert/1379b6952c9a3dee251c48c671891ff06ba4f10b HTTP/1.1" 404 1181 "-" "Mozilla/5.0 (Windows; U; Windows NT 6.1; en-US) AppleWebKit/534.1 (KHTML, like Gecko) Chrome/6.0.428.0 Safari/534.1"
91.120.99.216 - - [23/Apr/2012:11:57:06 +0200] "GET / HTTP/1.1" 302 295 "-" "Mozilla/5.0 (Windows NT 5.1; rv:11.0) Gecko/20100101 Firefox/11.0"
208.80.194.37 - - [23/Apr/2012:11:57:40 +0200] "GET / HTTP/1.0" 302 283 "-" "Mozilla/4.0 (compatible; MSIE 6.0; Windows NT 5.1; sbcydsl 3.12; SV1; YPC 3.2.0; (R1 1.5; yplus 5.1.04b); .NET CLR 1.1.4322; ZangoToolbar 4.8.3)"
91.120.99.216 - - [23/Apr/2012:12:37:39 +0200] "GET / HTTP/1.1" 302 295 "-" "Mozilla/5.0 (Windows NT 5.1; rv:11.0) Gecko/20100101 Firefox/11.0"
89.134.52.3 - - [23/Apr/2012:14:48:08 +0200] "GET / HTTP/1.1" 302 295 "-" "Mozilla/5.0 (Windows NT 5.1; rv:7.0.1) Gecko/20100101 Firefox/7.0.1"
86.101.231.129 - - [23/Apr/2012:15:19:00 +0200] "GET / HTTP/1.1" 302 295 "-" "Mozilla/4.0 (compatible; MSIE 8.0; Windows NT 5.1; Trident/4.0)"
86.101.231.129 - - [23/Apr/2012:15:19:04 +0200] "GET / HTTP/1.1" 302 295 "-" "Mozilla/4.0 (compatible; MSIE 8.0; Windows NT 5.1; Trident/4.0)"
91.120.99.216 - - [23/Apr/2012:15:39:52 +0200] "GET / HTTP/1.1" 302 295 "-" "Mozilla/5.0 (Windows NT 5.1; rv:11.0) Gecko/20100101 Firefox/11.0"
89.134.52.3 - - [23/Apr/2012:16:44:04 +0200] "GET / HTTP/1.1" 302 295 "-" "Mozilla/5.0 (Windows NT 5.1; rv:7.0.1) Gecko/20100101 Firefox/7.0.1"
95.108.248.30 - - [23/Apr/2012:22:00:33 +0200] "GET /robots.txt HTTP/1.1" 404 1181 "-" "Mozilla/5.0 (compatible; YandexBot/3.0; +http://yandex.com/bots)"
84.236.64.32 - - [23/Apr/2012:22:19:50 +0200] "GET / HTTP/1.1" 302 295 "-" "Mozilla/5.0 (Windows NT 5.1; rv:11.0) Gecko/20100101 Firefox/11.0"
81.182.58.161 - - [23/Apr/2012:22:44:02 +0200] "GET / HTTP/1.1" 302 295 "-" "Mozilla/4.0 (compatible; MSIE 7.0; Windows NT 5.1; .NET CLR 1.1.4322)"
81.182.58.161 - - [23/Apr/2012:22:44:06 +0200] "GET / HTTP/1.1" 302 295 "-" "Mozilla/4.0 (compatible; MSIE 7.0; Windows NT 5.1; .NET CLR 1.1.4322)"
81.182.58.161 - - [23/Apr/2012:22:52:08 +0200] "GET / HTTP/1.1" 302 295 "-" "Mozilla/4.0 (compatible; MSIE 7.0; Windows NT 5.1; .NET CLR 1.1.4322)"
88.131.106.22 - - [24/Apr/2012:00:13:55 +0200] "GET /robots.txt HTTP/1.0" 404 1181 "-" "Mozilla/5.0 (Windows; U; Windows NT 5.1; en-US) Speedy Spider (http://www.entireweb.com/about/search_tech/speedy_spider/)"
95.108.248.30 - - [24/Apr/2012:09:24:18 +0200] "GET / HTTP/1.1" 302 295 "-" "Mozilla/5.0 (compatible; YandexBot/3.0; +http://yandex.com/bots)"
188.138.113.146 - - [24/Apr/2012:09:27:59 +0200] "HEAD / HTTP/1.0" 302 0 "-" "Mozilla/5.0 (Windows; U; MSIE 9.0; Windows NT 9.0; en-US)"
91.120.99.216 - - [24/Apr/2012:09:57:35 +0200] "GET / HTTP/1.1" 302 295 "-" "Mozilla/5.0 (Windows NT 5.1; rv:11.0) Gecko/20100101 Firefox/11.0"
81.182.58.199 - - [24/Apr/2012:11:42:00 +0200] "GET / HTTP/1.1" 302 295 "-" "Mozilla/4.0 (compatible; MSIE 7.0; Windows NT 5.1; .NET CLR 1.1.4322)"
81.182.58.199 - - [24/Apr/2012:11:42:02 +0200] "GET / HTTP/1.1" 302 295 "-" "Mozilla/4.0 (compatible; MSIE 7.0; Windows NT 5.1; .NET CLR 1.1.4322)"
178.48.46.24 - - [24/Apr/2012:11:53:08 +0200] "GET / HTTP/1.1" 302 295 "-" "Mozilla/5.0 (Macintosh; Intel Mac OS X 10_7_3) AppleWebKit/534.55.3 (KHTML, like Gecko) Version/5.1.5 Safari/534.55.3"
174.122.254.42 - - [24/Apr/2012:13:07:21 +0200] "HEAD /mailman/confirm/cipp/9f3a49778dddfa2a31d8b6886545c8de3d095898 HTTP/1.1" 404 0 "-" "Mozilla/5.0 (Windows; U; Windows NT 6.1; en-US) AppleWebKit/534.1 (KHTML, like Gecko) Chrome/6.0.428.0 Safari/534.1"
174.122.254.42 - - [24/Apr/2012:13:07:21 +0200] "GET /mailman/confirm/cipp/9f3a49778dddfa2a31d8b6886545c8de3d095898 HTTP/1.1" 404 1181 "-" "Mozilla/5.0 (Windows; U; Windows NT 6.1; en-US) AppleWebKit/534.1 (KHTML, like Gecko) Chrome/6.0.428.0 Safari/534.1"
81.182.58.199 - - [24/Apr/2012:13:28:58 +0200] "GET / HTTP/1.1" 302 295 "-" "Mozilla/4.0 (compatible; MSIE 7.0; Windows NT 5.1; .NET CLR 1.1.4322)"
81.182.58.199 - - [24/Apr/2012:13:29:00 +0200] "GET / HTTP/1.1" 302 295 "-" "Mozilla/4.0 (compatible; MSIE 7.0; Windows NT 5.1; .NET CLR 1.1.4322)"
91.120.99.216 - - [24/Apr/2012:13:55:04 +0200] "GET / HTTP/1.1" 302 295 "-" "Mozilla/5.0 (Windows NT 5.1; rv:11.0) Gecko/20100101 Firefox/11.0"
174.122.254.42 - - [24/Apr/2012:14:03:16 +0200] "HEAD /mailman/confirm/mtvszsajto/741ad5caf7d340a48a58de00787ef642f1f49ff2 HTTP/1.1" 404 0 "-" "Mozilla/5.0 (Windows; U; Windows NT 6.1; en-US) AppleWebKit/534.1 (KHTML, like Gecko) Chrome/6.0.428.0 Safari/534.1"
174.122.254.42 - - [24/Apr/2012:14:03:17 +0200] "GET /mailman/confirm/mtvszsajto/741ad5caf7d340a48a58de00787ef642f1f49ff2 HTTP/1.1" 404 1181 "-" "Mozilla/5.0 (Windows; U; Windows NT 6.1; en-US) AppleWebKit/534.1 (KHTML, like Gecko) Chrome/6.0.428.0 Safari/534.1"
91.120.99.216 - - [24/Apr/2012:15:19:16 +0200] "GET / HTTP/1.1" 302 295 "-" "Mozilla/5.0 (Windows NT 5.1; rv:11.0) Gecko/20100101 Firefox/11.0"
91.120.99.216 - - [24/Apr/2012:15:37:42 +0200] "GET / HTTP/1.1" 302 295 "-" "Mozilla/5.0 (Windows NT 5.1; rv:11.0) Gecko/20100101 Firefox/11.0"
91.120.99.216 - - [24/Apr/2012:15:58:51 +0200] "GET / HTTP/1.1" 302 295 "-" "Mozilla/5.0 (Windows NT 5.1; rv:11.0) Gecko/20100101 Firefox/11.0"
89.134.52.3 - - [24/Apr/2012:16:29:02 +0200] "GET / HTTP/1.1" 302 295 "-" "Mozilla/5.0 (Windows NT 5.1; rv:7.0.1) Gecko/20100101 Firefox/7.0.1"
86.101.231.129 - - [24/Apr/2012:16:43:29 +0200] "GET / HTTP/1.1" 302 295 "-" "Mozilla/4.0 (compatible; MSIE 8.0; Windows NT 5.1; Trident/4.0)"
86.101.231.129 - - [24/Apr/2012:16:43:33 +0200] "GET / HTTP/1.1" 302 295 "-" "Mozilla/4.0 (compatible; MSIE 8.0; Windows NT 5.1; Trident/4.0)"
174.122.254.42 - - [24/Apr/2012:16:59:00 +0200] "HEAD /mailman/confirm/goncolhaz/e13603d43830ef68f5713476f24db1604348c16a HTTP/1.1" 404 0 "-" "Mozilla/5.0 (Windows; U; Windows NT 6.1; en-US) AppleWebKit/534.1 (KHTML, like Gecko) Chrome/6.0.428.0 Safari/534.1"
174.122.254.42 - - [24/Apr/2012:16:59:00 +0200] "GET /mailman/confirm/goncolhaz/e13603d43830ef68f5713476f24db1604348c16a HTTP/1.1" 404 1181 "-" "Mozilla/5.0 (Windows; U; Windows NT 6.1; en-US) AppleWebKit/534.1 (KHTML, like Gecko) Chrome/6.0.428.0 Safari/534.1"
174.122.254.42 - - [24/Apr/2012:17:35:18 +0200] "HEAD /mailman/listinfo/global HTTP/1.1" 404 0 "-" "Mozilla/5.0 (Windows; U; Windows NT 6.1; en-US) AppleWebKit/534.1 (KHTML, like Gecko) Chrome/6.0.428.0 Safari/534.1"
174.122.254.42 - - [24/Apr/2012:17:35:18 +0200] "GET /mailman/listinfo/global HTTP/1.1" 404 1181 "-" "Mozilla/5.0 (Windows; U; Windows NT 6.1; en-US) AppleWebKit/534.1 (KHTML, like Gecko) Chrome/6.0.428.0 Safari/534.1"
66.249.66.49 - - [24/Apr/2012:18:02:53 +0200] "GET /robots.txt HTTP/1.1" 404 1181 "-" "Mozilla/5.0 (compatible; Googlebot/2.1; +http://www.google.com/bot.html)"
66.249.72.210 - - [24/Apr/2012:18:02:53 +0200] "GET / HTTP/1.1" 302 295 "-" "Mozilla/5.0 (compatible; Googlebot/2.1; +http://www.google.com/bot.html)"
213.186.122.3 - - [24/Apr/2012:18:54:02 +0200] "GET /robots.txt HTTP/1.1" 404 1181 "-" "Mozilla/5.0 (compatible; AhrefsBot/3.0; +http://ahrefs.com/robot/)"
81.182.58.65 - - [24/Apr/2012:21:47:25 +0200] "GET / HTTP/1.1" 302 295 "-" "Mozilla/4.0 (compatible; MSIE 7.0; Windows NT 5.1; .NET CLR 1.1.4322)"
81.182.58.65 - - [24/Apr/2012:21:47:28 +0200] "GET / HTTP/1.1" 302 295 "-" "Mozilla/4.0 (compatible; MSIE 7.0; Windows NT 5.1; .NET CLR 1.1.4322)"
81.182.58.65 - - [24/Apr/2012:22:50:53 +0200] "GET / HTTP/1.1" 302 295 "-" "Mozilla/4.0 (compatible; MSIE 7.0; Windows NT 5.1; .NET CLR 1.1.4322)"
81.182.58.65 - - [24/Apr/2012:22:51:12 +0200] "GET / HTTP/1.1" 302 295 "-" "Mozilla/4.0 (compatible; MSIE 7.0; Windows NT 5.1; .NET CLR 1.1.4322)"
95.108.248.30 - - [25/Apr/2012:05:09:43 +0200] "GET /robots.txt HTTP/1.1" 404 1181 "-" "Mozilla/5.0 (compatible; YandexBot/3.0; +http://yandex.com/bots)"
81.182.58.151 - - [25/Apr/2012:07:34:12 +0200] "GET / HTTP/1.1" 302 295 "-" "Mozilla/4.0 (compatible; MSIE 7.0; Windows NT 5.1; .NET CLR 1.1.4322)"
81.182.58.151 - - [25/Apr/2012:07:34:14 +0200] "GET / HTTP/1.1" 302 295 "-" "Mozilla/4.0 (compatible; MSIE 7.0; Windows NT 5.1; .NET CLR 1.1.4322)"
81.182.58.151 - - [25/Apr/2012:08:29:43 +0200] "GET / HTTP/1.1" 302 295 "-" "Mozilla/4.0 (compatible; MSIE 7.0; Windows NT 5.1; .NET CLR 1.1.4322)"
81.182.58.151 - - [25/Apr/2012:08:29:53 +0200] "GET / HTTP/1.1" 302 295 "-" "Mozilla/4.0 (compatible; MSIE 7.0; Windows NT 5.1; .NET CLR 1.1.4322)"
174.122.254.42 - - [25/Apr/2012:09:10:20 +0200] "HEAD /mailman/confirm/eghajlatvaltozas/00be51f9dbde3fce557fed350ec6d7c0d6fa4dda HTTP/1.1" 404 0 "-" "Mozilla/5.0 (Windows; U; Windows NT 6.1; en-US) AppleWebKit/534.1 (KHTML, like Gecko) Chrome/6.0.428.0 Safari/534.1"
174.122.254.42 - - [25/Apr/2012:09:10:20 +0200] "GET /mailman/confirm/eghajlatvaltozas/00be51f9dbde3fce557fed350ec6d7c0d6fa4dda HTTP/1.1" 404 1181 "-" "Mozilla/5.0 (Windows; U; Windows NT 6.1; en-US) AppleWebKit/534.1 (KHTML, like Gecko) Chrome/6.0.428.0 Safari/534.1"
174.122.254.42 - - [25/Apr/2012:09:21:00 +0200] "HEAD /mailman/confirm/antinuki/4efc3c8a38251ff64e6729ebe97ccc9bc7099138 HTTP/1.1" 404 0 "-" "Mozilla/5.0 (Windows; U; Windows NT 6.1; en-US) AppleWebKit/534.1 (KHTML, like Gecko) Chrome/6.0.428.0 Safari/534.1"
174.122.254.42 - - [25/Apr/2012:09:21:01 +0200] "GET /mailman/confirm/antinuki/4efc3c8a38251ff64e6729ebe97ccc9bc7099138 HTTP/1.1" 404 1181 "-" "Mozilla/5.0 (Windows; U; Windows NT 6.1; en-US) AppleWebKit/534.1 (KHTML, like Gecko) Chrome/6.0.428.0 Safari/534.1"
81.182.58.151 - - [25/Apr/2012:09:48:59 +0200] "GET / HTTP/1.1" 302 295 "-" "Mozilla/4.0 (compatible; MSIE 7.0; Windows NT 5.1; .NET CLR 1.1.4322)"
174.122.254.42 - - [25/Apr/2012:09:56:36 +0200] "HEAD /mailman/confirm/mtvsziroda/77f8860bd4302174752e3807f868d3f722d2b190 HTTP/1.1" 404 0 "-" "Mozilla/5.0 (Windows; U; Windows NT 6.1; en-US) AppleWebKit/534.1 (KHTML, like Gecko) Chrome/6.0.428.0 Safari/534.1"
174.122.254.42 - - [25/Apr/2012:09:56:36 +0200] "GET /mailman/confirm/mtvsziroda/77f8860bd4302174752e3807f868d3f722d2b190 HTTP/1.1" 404 1181 "-" "Mozilla/5.0 (Windows; U; Windows NT 6.1; en-US) AppleWebKit/534.1 (KHTML, like Gecko) Chrome/6.0.428.0 Safari/534.1"
91.120.99.216 - - [25/Apr/2012:10:05:00 +0200] "GET / HTTP/1.1" 302 295 "-" "Mozilla/5.0 (Windows NT 5.1; rv:11.0) Gecko/20100101 Firefox/11.0"
208.80.194.34 - - [25/Apr/2012:10:54:14 +0200] "GET / HTTP/1.0" 302 283 "-" "Mozilla/4.0 (compatible; MSIE 6.0; AOL 9.0; Windows NT 5.1; .NET CLR 1.1.4322; .NET CLR 2.0.50727)"
195.228.206.219 - - [25/Apr/2012:13:10:05 +0200] "GET / HTTP/1.1" 302 295 "-" "Mozilla/4.0 (compatible; MSIE 7.0; Windows NT 5.1; .NET CLR 1.1.4322)"
195.228.206.219 - - [25/Apr/2012:13:10:08 +0200] "GET / HTTP/1.1" 302 295 "-" "Mozilla/4.0 (compatible; MSIE 7.0; Windows NT 5.1; .NET CLR 1.1.4322)"
195.228.206.219 - - [25/Apr/2012:13:21:48 +0200] "GET / HTTP/1.1" 302 295 "-" "Mozilla/4.0 (compatible; MSIE 7.0; Windows NT 5.1; .NET CLR 1.1.4322)"
195.228.206.219 - - [25/Apr/2012:13:21:50 +0200] "GET / HTTP/1.1" 302 295 "-" "Mozilla/4.0 (compatible; MSIE 7.0; Windows NT 5.1; .NET CLR 1.1.4322)"
91.120.99.216 - - [25/Apr/2012:14:59:06 +0200] "GET / HTTP/1.1" 302 295 "-" "Mozilla/5.0 (Windows NT 5.1; rv:11.0) Gecko/20100101 Firefox/11.0"
95.108.248.30 - - [25/Apr/2012:16:40:57 +0200] "GET / HTTP/1.1" 302 295 "-" "Mozilla/5.0 (compatible; YandexBot/3.0; +http://yandex.com/bots)"
86.101.230.165 - - [25/Apr/2012:17:08:05 +0200] "GET / HTTP/1.1" 302 295 "-" "Mozilla/4.0 (compatible; MSIE 8.0; Windows NT 5.1; Trident/4.0; .NET CLR 2.0.50727; .NET CLR 3.0.04506.648; .NET CLR 3.5.21022; .NET CLR 3.0.4506.2152; .NET CLR 3.5.30729)"
86.101.230.165 - - [25/Apr/2012:17:09:13 +0200] "GET / HTTP/1.1" 302 295 "-" "Mozilla/4.0 (compatible; MSIE 8.0; Windows NT 5.1; Trident/4.0; .NET CLR 2.0.50727; .NET CLR 3.0.04506.648; .NET CLR 3.5.21022; .NET CLR 3.0.4506.2152; .NET CLR 3.5.30729)"
94.21.191.28 - - [25/Apr/2012:18:57:47 +0200] "GET / HTTP/1.1" 302 295 "-" "Mozilla/5.0 (Windows NT 5.1; rv:11.0) Gecko/20100101 Firefox/11.0"
94.21.191.28 - - [25/Apr/2012:20:57:41 +0200] "GET / HTTP/1.1" 302 295 "-" "Mozilla/5.0 (Windows NT 5.1; rv:12.0) Gecko/20100101 Firefox/12.0"
195.228.191.209 - - [25/Apr/2012:22:04:11 +0200] "GET / HTTP/1.1" 302 295 "-" "Mozilla/4.0 (compatible; MSIE 7.0; Windows NT 5.1; .NET CLR 1.1.4322)"
195.228.191.209 - - [25/Apr/2012:22:04:12 +0200] "GET / HTTP/1.1" 302 295 "-" "Mozilla/4.0 (compatible; MSIE 7.0; Windows NT 5.1; .NET CLR 1.1.4322)"
195.228.191.209 - - [25/Apr/2012:22:40:08 +0200] "GET / HTTP/1.1" 302 295 "-" "Mozilla/4.0 (compatible; MSIE 7.0; Windows NT 5.1; .NET CLR 1.1.4322)"
94.21.191.28 - - [25/Apr/2012:22:45:36 +0200] "GET / HTTP/1.1" 302 295 "-" "Mozilla/5.0 (Windows NT 5.1; rv:12.0) Gecko/20100101 Firefox/12.0"
81.182.58.76 - - [26/Apr/2012:09:16:34 +0200] "GET / HTTP/1.1" 302 295 "-" "Mozilla/4.0 (compatible; MSIE 7.0; Windows NT 5.1; .NET CLR 1.1.4322)"
81.182.58.76 - - [26/Apr/2012:09:16:37 +0200] "GET / HTTP/1.1" 302 295 "-" "Mozilla/4.0 (compatible; MSIE 7.0; Windows NT 5.1; .NET CLR 1.1.4322)"
91.120.99.216 - - [26/Apr/2012:09:56:39 +0200] "GET / HTTP/1.1" 302 295 "-" "Mozilla/5.0 (Windows NT 5.1; rv:11.0) Gecko/20100101 Firefox/11.0"
81.182.58.76 - - [26/Apr/2012:10:35:30 +0200] "GET / HTTP/1.1" 302 295 "-" "Mozilla/4.0 (compatible; MSIE 7.0; Windows NT 5.1; .NET CLR 1.1.4322)"
81.182.58.76 - - [26/Apr/2012:10:35:32 +0200] "GET / HTTP/1.1" 302 295 "-" "Mozilla/4.0 (compatible; MSIE 7.0; Windows NT 5.1; .NET CLR 1.1.4322)"
91.120.99.216 - - [26/Apr/2012:12:27:50 +0200] "GET / HTTP/1.1" 302 295 "-" "Mozilla/5.0 (Windows NT 5.1; rv:11.0) Gecko/20100101 Firefox/11.0"
91.120.88.220 - - [26/Apr/2012:15:49:43 +0200] "GET / HTTP/1.1" 302 295 "-" "Mozilla/5.0 (Windows NT 5.1; rv:11.0) Gecko/20100101 Firefox/11.0"
95.108.248.30 - - [26/Apr/2012:17:38:01 +0200] "GET /robots.txt HTTP/1.1" 404 1181 "-" "Mozilla/5.0 (compatible; YandexBot/3.0; +http://yandex.com/bots)"
95.108.248.30 - - [26/Apr/2012:17:38:04 +0200] "GET / HTTP/1.1" 302 295 "-" "Mozilla/5.0 (compatible; YandexBot/3.0; +http://yandex.com/bots)"
89.134.52.3 - - [26/Apr/2012:18:35:58 +0200] "GET / HTTP/1.1" 302 295 "-" "Mozilla/5.0 (Windows NT 5.1; rv:7.0.1) Gecko/20100101 Firefox/7.0.1"
81.182.58.126 - - [26/Apr/2012:21:21:46 +0200] "GET / HTTP/1.1" 302 295 "-" "Mozilla/4.0 (compatible; MSIE 7.0; Windows NT 5.1; .NET CLR 1.1.4322)"
81.182.58.126 - - [26/Apr/2012:21:21:49 +0200] "GET / HTTP/1.1" 302 295 "-" "Mozilla/4.0 (compatible; MSIE 7.0; Windows NT 5.1; .NET CLR 1.1.4322)"
81.182.58.126 - - [26/Apr/2012:21:25:47 +0200] "GET / HTTP/1.1" 302 295 "-" "Mozilla/4.0 (compatible; MSIE 7.0; Windows NT 5.1; .NET CLR 1.1.4322)"
81.182.58.126 - - [26/Apr/2012:21:36:48 +0200] "GET / HTTP/1.1" 302 295 "-" "Mozilla/4.0 (compatible; MSIE 7.0; Windows NT 5.1; .NET CLR 1.1.4322)"
81.182.58.126 - - [26/Apr/2012:21:36:51 +0200] "GET / HTTP/1.1" 302 295 "-" "Mozilla/4.0 (compatible; MSIE 7.0; Windows NT 5.1; .NET CLR 1.1.4322)"
81.182.58.126 - - [26/Apr/2012:22:03:33 +0200] "GET / HTTP/1.1" 302 295 "-" "Mozilla/4.0 (compatible; MSIE 7.0; Windows NT 5.1; .NET CLR 1.1.4322)"
81.182.58.126 - - [26/Apr/2012:22:03:35 +0200] "GET / HTTP/1.1" 302 295 "-" "Mozilla/4.0 (compatible; MSIE 7.0; Windows NT 5.1; .NET CLR 1.1.4322)"
81.182.58.126 - - [26/Apr/2012:22:34:10 +0200] "GET / HTTP/1.1" 302 295 "-" "Mozilla/4.0 (compatible; MSIE 7.0; Windows NT 5.1; .NET CLR 1.1.4322)"
81.183.156.246 - - [27/Apr/2012:06:17:56 +0200] "GET / HTTP/1.1" 302 295 "-" "Mozilla/4.0 (compatible; MSIE 7.0; Windows NT 5.1; .NET CLR 1.1.4322)"
81.183.156.246 - - [27/Apr/2012:06:18:02 +0200] "GET / HTTP/1.1" 302 295 "-" "Mozilla/4.0 (compatible; MSIE 7.0; Windows NT 5.1; .NET CLR 1.1.4322)"
88.131.106.7 - - [27/Apr/2012:06:45:31 +0200] "GET /robots.txt HTTP/1.0" 404 1181 "-" "Mozilla/5.0 (Windows; U; Windows NT 5.1; en-US) Speedy Spider (http://www.entireweb.com/about/search_tech/speedy_spider/)"
81.183.156.246 - - [27/Apr/2012:07:16:05 +0200] "GET / HTTP/1.1" 302 295 "-" "Mozilla/4.0 (compatible; MSIE 7.0; Windows NT 5.1; .NET CLR 1.1.4322)"
81.183.156.246 - - [27/Apr/2012:07:16:07 +0200] "GET / HTTP/1.1" 302 295 "-" "Mozilla/4.0 (compatible; MSIE 7.0; Windows NT 5.1; .NET CLR 1.1.4322)"
81.183.156.246 - - [27/Apr/2012:08:17:54 +0200] "GET / HTTP/1.1" 302 295 "-" "Mozilla/4.0 (compatible; MSIE 7.0; Windows NT 5.1; .NET CLR 1.1.4322)"
208.80.194.30 - - [27/Apr/2012:08:35:45 +0200] "GET / HTTP/1.0" 302 283 "-" "Mozilla/4.0 (compatible; MSIE 7.0; Windows NT 5.1; Creative; .NET CLR 1.1.4322; IEMB3; IEMB3)"
81.183.156.246 - - [27/Apr/2012:08:37:43 +0200] "GET / HTTP/1.1" 302 295 "-" "Mozilla/4.0 (compatible; MSIE 7.0; Windows NT 5.1; .NET CLR 1.1.4322)"
91.120.88.220 - - [27/Apr/2012:09:02:27 +0200] "GET / HTTP/1.1" 302 295 "-" "Mozilla/5.0 (Windows NT 5.1; rv:11.0) Gecko/20100101 Firefox/11.0"
81.183.156.246 - - [27/Apr/2012:10:21:27 +0200] "GET / HTTP/1.1" 302 295 "-" "Mozilla/4.0 (compatible; MSIE 7.0; Windows NT 5.1; .NET CLR 1.1.4322)"
91.120.88.220 - - [27/Apr/2012:10:21:55 +0200] "GET / HTTP/1.1" 302 295 "-" "Mozilla/5.0 (Windows NT 5.1; rv:11.0) Gecko/20100101 Firefox/11.0"
91.120.88.220 - - [27/Apr/2012:10:33:00 +0200] "GET / HTTP/1.1" 302 295 "-" "Mozilla/5.0 (Windows NT 5.1; rv:11.0) Gecko/20100101 Firefox/11.0"
91.120.88.220 - - [27/Apr/2012:11:04:44 +0200] "GET / HTTP/1.1" 302 295 "-" "Mozilla/5.0 (Windows NT 5.1; rv:11.0) Gecko/20100101 Firefox/11.0"
91.120.88.220 - - [27/Apr/2012:11:25:47 +0200] "GET / HTTP/1.1" 302 295 "-" "Mozilla/5.0 (Windows NT 5.1; rv:11.0) Gecko/20100101 Firefox/11.0"
81.183.156.246 - - [27/Apr/2012:13:38:08 +0200] "GET / HTTP/1.1" 302 295 "-" "Mozilla/4.0 (compatible; MSIE 7.0; Windows NT 5.1; .NET CLR 1.1.4322)"
81.183.156.246 - - [27/Apr/2012:13:38:10 +0200] "GET / HTTP/1.1" 302 295 "-" "Mozilla/4.0 (compatible; MSIE 7.0; Windows NT 5.1; .NET CLR 1.1.4322)"
81.183.156.246 - - [27/Apr/2012:13:59:56 +0200] "GET / HTTP/1.1" 302 295 "-" "Mozilla/4.0 (compatible; MSIE 7.0; Windows NT 5.1; .NET CLR 1.1.4322)"
81.183.156.246 - - [27/Apr/2012:13:59:57 +0200] "GET / HTTP/1.1" 302 295 "-" "Mozilla/4.0 (compatible; MSIE 7.0; Windows NT 5.1; .NET CLR 1.1.4322)"
69.171.234.3 - - [27/Apr/2012:14:07:25 +0200] "GET /images/mailman/gnu-head-tiny.jpg HTTP/1.1" 404 1181 "-" "facebookexternalhit/1.0 (+http://www.facebook.com/externalhit_uatext.php)"
69.171.228.249 - - [27/Apr/2012:14:07:25 +0200] "GET /images/mailman/mailman.jpg HTTP/1.1" 404 1181 "-" "facebookexternalhit/1.0 (+http://www.facebook.com/externalhit_uatext.php)"
69.171.234.3 - - [27/Apr/2012:14:07:28 +0200] "GET /images/mailman/PythonPowered.png HTTP/1.1" 404 1181 "-" "facebookexternalhit/1.0 (+http://www.facebook.com/externalhit_uatext.php)"
193.224.69.194 - - [27/Apr/2012:18:38:36 +0200] "GET / HTTP/1.1" 302 295 "-" "Mozilla/4.0 (compatible; MSIE 8.0; Windows NT 5.1; Trident/4.0; .NET CLR 1.1.4322; .NET CLR 2.0.50727; .NET CLR 3.0.4506.2152; .NET CLR 3.5.30729)"
193.224.69.194 - - [27/Apr/2012:18:38:39 +0200] "GET / HTTP/1.1" 302 295 "-" "Mozilla/4.0 (compatible; MSIE 8.0; Windows NT 5.1; Trident/4.0; .NET CLR 1.1.4322; .NET CLR 2.0.50727; .NET CLR 3.0.4506.2152; .NET CLR 3.5.30729)"
193.224.69.194 - - [27/Apr/2012:19:04:59 +0200] "GET / HTTP/1.1" 302 295 "-" "Mozilla/4.0 (compatible; MSIE 8.0; Windows NT 5.1; Trident/4.0; .NET CLR 1.1.4322; .NET CLR 2.0.50727; .NET CLR 3.0.4506.2152; .NET CLR 3.5.30729)"
94.21.191.166 - - [27/Apr/2012:22:10:02 +0200] "GET / HTTP/1.1" 302 295 "-" "Mozilla/5.0 (Windows NT 5.1; rv:12.0) Gecko/20100101 Firefox/12.0"
81.182.58.240 - - [27/Apr/2012:22:32:27 +0200] "GET / HTTP/1.1" 302 295 "-" "Mozilla/4.0 (compatible; MSIE 7.0; Windows NT 5.1; .NET CLR 1.1.4322)"
81.182.58.240 - - [27/Apr/2012:22:32:29 +0200] "GET / HTTP/1.1" 302 295 "-" "Mozilla/4.0 (compatible; MSIE 7.0; Windows NT 5.1; .NET CLR 1.1.4322)"
213.186.122.3 - - [28/Apr/2012:01:10:29 +0200] "GET /robots.txt HTTP/1.1" 404 1181 "-" "Mozilla/5.0 (compatible; AhrefsBot/3.0; +http://ahrefs.com/robot/)"
81.183.156.199 - - [28/Apr/2012:07:39:56 +0200] "GET / HTTP/1.1" 302 295 "-" "Mozilla/4.0 (compatible; MSIE 7.0; Windows NT 5.1; .NET CLR 1.1.4322)"
81.183.156.199 - - [28/Apr/2012:07:40:01 +0200] "GET / HTTP/1.1" 302 295 "-" "Mozilla/4.0 (compatible; MSIE 7.0; Windows NT 5.1; .NET CLR 1.1.4322)"
81.183.156.199 - - [28/Apr/2012:08:55:09 +0200] "GET / HTTP/1.1" 302 295 "-" "Mozilla/4.0 (compatible; MSIE 7.0; Windows NT 5.1; .NET CLR 1.1.4322)"
81.183.156.199 - - [28/Apr/2012:08:55:11 +0200] "GET / HTTP/1.1" 302 295 "-" "Mozilla/4.0 (compatible; MSIE 7.0; Windows NT 5.1; .NET CLR 1.1.4322)"
81.183.156.199 - - [28/Apr/2012:10:00:22 +0200] "GET / HTTP/1.1" 302 295 "-" "Mozilla/4.0 (compatible; MSIE 7.0; Windows NT 5.1; .NET CLR 1.1.4322)"
213.186.122.3 - - [28/Apr/2012:12:58:18 +0200] "GET /robots.txt HTTP/1.1" 404 1181 "-" "Mozilla/5.0 (compatible; AhrefsBot/3.0; +http://ahrefs.com/robot/)"
95.108.248.30 - - [28/Apr/2012:14:54:13 +0200] "GET /robots.txt HTTP/1.1" 404 1181 "-" "Mozilla/5.0 (compatible; YandexBot/3.0; +http://yandex.com/bots)"
81.182.58.4 - - [28/Apr/2012:15:10:43 +0200] "GET / HTTP/1.1" 302 295 "-" "Mozilla/4.0 (compatible; MSIE 7.0; Windows NT 5.1; .NET CLR 1.1.4322)"
81.182.58.4 - - [28/Apr/2012:15:10:45 +0200] "GET / HTTP/1.1" 302 295 "-" "Mozilla/4.0 (compatible; MSIE 7.0; Windows NT 5.1; .NET CLR 1.1.4322)"
94.21.106.22 - - [28/Apr/2012:15:59:54 +0200] "GET / HTTP/1.1" 302 295 "-" "Mozilla/5.0 (Windows NT 5.1; rv:12.0) Gecko/20100101 Firefox/12.0"
81.182.58.98 - - [28/Apr/2012:17:32:03 +0200] "GET / HTTP/1.1" 302 295 "-" "Mozilla/4.0 (compatible; MSIE 7.0; Windows NT 5.1; .NET CLR 1.1.4322)"
81.182.58.98 - - [28/Apr/2012:17:32:05 +0200] "GET / HTTP/1.1" 302 295 "-" "Mozilla/4.0 (compatible; MSIE 7.0; Windows NT 5.1; .NET CLR 1.1.4322)"
207.46.204.192 - - [28/Apr/2012:19:15:37 +0200] "GET /robots.txt HTTP/1.1" 404 1181 "-" "Mozilla/5.0 (compatible; bingbot/2.0; +http://www.bing.com/bingbot.htm)"
207.46.204.192 - - [28/Apr/2012:19:17:13 +0200] "GET / HTTP/1.1" 302 295 "-" "Mozilla/5.0 (compatible; bingbot/2.0; +http://www.bing.com/bingbot.htm)"
208.80.194.36 - - [28/Apr/2012:20:57:12 +0200] "GET / HTTP/1.0" 302 283 "-" "Mozilla/4.0 (compatible; MSIE 6.0; Windows NT 5.1; Sgrunt|V109|34|S608507405|dialno; snprtz|dialno)"
81.182.58.98 - - [28/Apr/2012:21:30:55 +0200] "GET / HTTP/1.1" 302 295 "-" "Mozilla/4.0 (compatible; MSIE 7.0; Windows NT 5.1; .NET CLR 1.1.4322)"
81.182.58.98 - - [28/Apr/2012:21:30:56 +0200] "GET / HTTP/1.1" 302 295 "-" "Mozilla/4.0 (compatible; MSIE 7.0; Windows NT 5.1; .NET CLR 1.1.4322)"
81.182.58.98 - - [28/Apr/2012:22:02:17 +0200] "GET / HTTP/1.1" 302 295 "-" "Mozilla/4.0 (compatible; MSIE 7.0; Windows NT 5.1; .NET CLR 1.1.4322)"
81.182.58.98 - - [28/Apr/2012:22:02:19 +0200] "GET / HTTP/1.1" 302 295 "-" "Mozilla/4.0 (compatible; MSIE 7.0; Windows NT 5.1; .NET CLR 1.1.4322)"
81.182.58.98 - - [28/Apr/2012:23:28:34 +0200] "GET / HTTP/1.1" 302 295 "-" "Mozilla/4.0 (compatible; MSIE 7.0; Windows NT 5.1; .NET CLR 1.1.4322)"
81.182.58.98 - - [28/Apr/2012:23:28:36 +0200] "GET / HTTP/1.1" 302 295 "-" "Mozilla/4.0 (compatible; MSIE 7.0; Windows NT 5.1; .NET CLR 1.1.4322)"
95.108.248.30 - - [28/Apr/2012:23:44:25 +0200] "GET / HTTP/1.1" 302 295 "-" "Mozilla/5.0 (compatible; YandexBot/3.0; +http://yandex.com/bots)"
91.212.12.58 - - [29/Apr/2012:09:58:55 +0200] "GET /robots.txt HTTP/1.1" 404 1181 "-" "Comodo-Certificates-Spider"
91.212.12.58 - - [29/Apr/2012:09:58:55 +0200] "GET / HTTP/1.1" 302 295 "-" "Comodo-Certificates-Spider"
91.212.12.58 - - [29/Apr/2012:09:58:56 +0200] "GET / HTTP/1.1" 302 295 "-" "Comodo-Certificates-Spider"
190.204.115.222 - - [30/Apr/2012:01:45:19 +0200] "GET / HTTP/1.1" 302 295 "-" "Mozilla/5.0 (Windows NT 6.1; rv:11.0) Gecko/20100101 Firefox/11.0"
174.122.254.42 - - [30/Apr/2012:08:41:29 +0200] "HEAD /mailman/confirm/mtvsz-list/960c60aef8e93781040ba22a3effa18b9bfa063c HTTP/1.1" 404 0 "-" "Mozilla/5.0 (Windows; U; Windows NT 6.1; en-US) AppleWebKit/534.1 (KHTML, like Gecko) Chrome/6.0.428.0 Safari/534.1"
174.122.254.42 - - [30/Apr/2012:08:41:29 +0200] "GET /mailman/confirm/mtvsz-list/960c60aef8e93781040ba22a3effa18b9bfa063c HTTP/1.1" 404 1181 "-" "Mozilla/5.0 (Windows; U; Windows NT 6.1; en-US) AppleWebKit/534.1 (KHTML, like Gecko) Chrome/6.0.428.0 Safari/534.1"
188.143.79.179 - - [30/Apr/2012:11:52:40 +0200] "GET / HTTP/1.1" 302 295 "-" "Mozilla/5.0 (Windows NT 5.1; rv:12.0) Gecko/20100101 Firefox/12.0"
188.143.79.179 - - [30/Apr/2012:14:02:22 +0200] "GET / HTTP/1.1" 302 295 "-" "Mozilla/5.0 (Windows NT 5.1; rv:12.0) Gecko/20100101 Firefox/12.0"
81.176.230.39 - - [30/Apr/2012:14:53:20 +0200] "GET / HTTP/1.1" 302 295 "-" "Mozilla/4.0 (compatible; MSIE 7.0; Windows NT 6.0)"
188.143.79.179 - - [30/Apr/2012:17:05:27 +0200] "GET / HTTP/1.1" 302 295 "-" "Mozilla/5.0 (Windows NT 5.1; rv:12.0) Gecko/20100101 Firefox/12.0"
208.80.194.30 - - [30/Apr/2012:18:18:24 +0200] "GET / HTTP/1.0" 302 283 "-" "Mozilla/4.0 (compatible; MSIE 6.0; Windows NT 5.1; YPC 3.2.0; SV1; .NET CLR 1.1.4322; yplus 5.1.03b)"