174.122.254.42 - - [18/May/2012:10:04:21 +0200] "GET /mailman/confirm/anthropolis/1c8212a499c86a75019fc5c4e452ed7ce4e7bfad HTTP/1.1" 404 1181 "-" "Mozilla/5.0 (Windows; U; Windows NT 6.1; en-US) AppleWebKit/534.1 (KHTML, like Gecko) Chrome/6.0.428.0 Safari/534.1"
174.122.254.42 - - [18/May/2012:10:04:21 +0200] "HEAD /mailman/options/anthropolis/kisabonyi@aaa.com HTTP/1.1" 404 0 "-" "Mozilla/5.0 (Windows; U; Windows NT 6.1; en-US) AppleWebKit/534.1 (KHTML, like Gecko) Chrome/6.0.428.0 Safari/534.1"
174.122.254.42 - - [18/May/2012:10:04:22 +0200] "GET /mailman/options/anthropolis/kisabonyi@aaa.com HTTP/1.1" 404 1181 "-" "Mozilla/5.0 (Windows; U; Windows NT 6.1; en-US) AppleWebKit/534.1 (KHTML, like Gecko) Chrome/6.0.428.0 Safari/534.1"
81.182.58.7 - - [18/May/2012:10:25:01 +0200] "GET / HTTP/1.1" 302 295 "-" "Mozilla/4.0 (compatible; MSIE 7.0; Windows NT 5.1; .NET CLR 1.1.4322)"
81.182.58.7 - - [18/May/2012:10:51:13 +0200] "GET / HTTP/1.1" 302 295 "-" "Mozilla/4.0 (compatible; MSIE 7.0; Windows NT 5.1; .NET CLR 1.1.4322)"
174.122.254.42 - - [18/May/2012:11:38:24 +0200] "HEAD /mailman/confirm/ropert/28d9f57c4a0d8658209cf2a88b9fef633f8f9c14 HTTP/1.1" 404 0 "-" "Mozilla/5.0 (Windows; U; Windows NT 6.1; en-US) AppleWebKit/534.1 (KHTML, like Gecko) Chrome/6.0.428.0 Safari/534.1"
174.122.254.42 - - [18/May/2012:11:38:24 +0200] "GET /mailman/confirm/ropert/28d9f57c4a0d8658209cf2a88b9fef633f8f9c14 HTTP/1.1" 404 1181 "-" "Mozilla/5.0 (Windows; U; Windows NT 6.1; en-US) AppleWebKit/534.1 (KHTML, like Gecko) Chrome/6.0.428.0 Safari/534.1"
193.225.204.86 - - [18/May/2012:16:03:08 +0200] "GET / HTTP/1.1" 302 295 "-" "Mozilla/4.0 (compatible; MSIE 8.0; Windows NT 5.1; Trident/4.0; .NET CLR 2.0.50727; .NET CLR 3.0.4506.2152; .NET CLR 3.5.30729; AskTbORJ/5.14.1.20007)"
193.225.204.86 - - [18/May/2012:16:03:10 +0200] "GET / HTTP/1.1" 302 295 "-" "Mozilla/4.0 (compatible; MSIE 8.0; Windows NT 5.1; Trident/4.0; .NET CLR 2.0.50727; .NET CLR 3.0.4506.2152; .NET CLR 3.5.30729; AskTbORJ/5.14.1.20007)"
91.83.62.212 - - [18/May/2012:21:31:19 +0200] "GET / HTTP/1.1" 302 295 "-" "Mozilla/5.0 (X11; U; Linux x86_64; en-GB; rv:1.8.1.6) Gecko/20070723 Iceweasel/2.0.0.6 (Debian-2.0.0.6-0etch1)"
38.127.197.122 - - [18/May/2012:22:07:11 +0200] "GET /mailman/confirm/lmv-eszf/4266baaafc6ea4e1fd442b87931d7cddbb36ceef HTTP/1.1" 404 1181 "-" "Mozilla/4.0 (compatible; MSIE 7.0; Windows NT 5.1)"
81.182.58.221 - - [18/May/2012:22:08:43 +0200] "GET / HTTP/1.1" 302 295 "-" "Mozilla/4.0 (compatible; MSIE 7.0; Windows NT 5.1; .NET CLR 1.1.4322)"
81.182.58.221 - - [18/May/2012:22:08:45 +0200] "GET / HTTP/1.1" 302 295 "-" "Mozilla/4.0 (compatible; MSIE 7.0; Windows NT 5.1; .NET CLR 1.1.4322)"
81.182.58.221 - - [18/May/2012:22:16:44 +0200] "GET / HTTP/1.1" 302 295 "-" "Mozilla/4.0 (compatible; MSIE 7.0; Windows NT 5.1; .NET CLR 1.1.4322)"
81.183.63.151 - - [19/May/2012:07:41:15 +0200] "GET / HTTP/1.1" 302 295 "-" "Mozilla/4.0 (compatible; MSIE 7.0; Windows NT 5.1; .NET CLR 1.1.4322)"
81.183.63.151 - - [19/May/2012:07:41:17 +0200] "GET / HTTP/1.1" 302 295 "-" "Mozilla/4.0 (compatible; MSIE 7.0; Windows NT 5.1; .NET CLR 1.1.4322)"
84.2.144.98 - - [19/May/2012:13:03:16 +0200] "GET / HTTP/1.1" 302 295 "-" "Mozilla/5.0 (Windows; U; Windows NT 6.1; hu; rv:1.9.2.28) Gecko/20120306 Firefox/3.6.28"
199.187.122.98 - - [19/May/2012:15:49:11 +0200] "GET /robots.txt HTTP/1.1" 404 1181 "-" "Mozilla/4.0 (compatible; MSIE 6.0; Windows NT 5.1; SV1; .NET CLR 2.0.50727)"
199.187.122.98 - - [19/May/2012:15:49:40 +0200] "GET /robots.txt HTTP/1.1" 404 1181 "-" "Mozilla/4.0 (compatible; MSIE 6.0; Windows NT 5.1; SV1; .NET CLR 2.0.50727)"
174.122.254.42 - - [19/May/2012:16:33:08 +0200] "HEAD /mailman/admindb/nca HTTP/1.1" 404 0 "-" "Mozilla/5.0 (Windows; U; Windows NT 6.1; en-US) AppleWebKit/534.1 (KHTML, like Gecko) Chrome/6.0.428.0 Safari/534.1"
174.122.254.42 - - [19/May/2012:16:33:08 +0200] "GET /mailman/admindb/nca HTTP/1.1" 404 1181 "-" "Mozilla/5.0 (Windows; U; Windows NT 6.1; en-US) AppleWebKit/534.1 (KHTML, like Gecko) Chrome/6.0.428.0 Safari/534.1"
86.101.231.141 - - [19/May/2012:18:53:51 +0200] "GET / HTTP/1.1" 302 295 "-" "Mozilla/4.0 (compatible; MSIE 8.0; Windows NT 5.1; Trident/4.0)"
86.101.231.141 - - [19/May/2012:18:53:55 +0200] "GET / HTTP/1.1" 302 295 "-" "Mozilla/4.0 (compatible; MSIE 8.0; Windows NT 5.1; Trident/4.0)"
195.228.191.216 - - [19/May/2012:23:10:50 +0200] "GET / HTTP/1.1" 302 295 "-" "Mozilla/4.0 (compatible; MSIE 7.0; Windows NT 5.1; .NET CLR 1.1.4322)"
195.228.191.216 - - [19/May/2012:23:10:53 +0200] "GET / HTTP/1.1" 302 295 "-" "Mozilla/4.0 (compatible; MSIE 7.0; Windows NT 5.1; .NET CLR 1.1.4322)"
195.228.191.216 - - [19/May/2012:23:15:05 +0200] "GET / HTTP/1.1" 302 295 "-" "Mozilla/4.0 (compatible; MSIE 7.0; Windows NT 5.1; .NET CLR 1.1.4322)"
195.228.191.216 - - [19/May/2012:23:45:25 +0200] "GET / HTTP/1.1" 302 295 "-" "Mozilla/4.0 (compatible; MSIE 7.0; Windows NT 5.1; .NET CLR 1.1.4322)"
195.228.191.216 - - [19/May/2012:23:45:28 +0200] "GET / HTTP/1.1" 302 295 "-" "Mozilla/4.0 (compatible; MSIE 7.0; Windows NT 5.1; .NET CLR 1.1.4322)"
174.122.254.42 - - [20/May/2012:01:45:16 +0200] "HEAD /mailman/confirm/goncolhaz/89c4efcf98e1f5fc3970cf7bd05c247d139f1ea9 HTTP/1.1" 404 0 "-" "Mozilla/5.0 (Windows; U; Windows NT 6.1; en-US) AppleWebKit/534.1 (KHTML, like Gecko) Chrome/6.0.428.0 Safari/534.1"
174.122.254.42 - - [20/May/2012:01:45:16 +0200] "GET /mailman/confirm/goncolhaz/89c4efcf98e1f5fc3970cf7bd05c247d139f1ea9 HTTP/1.1" 404 1181 "-" "Mozilla/5.0 (Windows; U; Windows NT 6.1; en-US) AppleWebKit/534.1 (KHTML, like Gecko) Chrome/6.0.428.0 Safari/534.1"
174.122.254.42 - - [20/May/2012:01:49:28 +0200] "HEAD /mailman/confirm/gaiakuld/e1c4b8384a01903733c95f353a5525183d8285e4 HTTP/1.1" 404 0 "-" "Mozilla/5.0 (Windows; U; Windows NT 6.1; en-US) AppleWebKit/534.1 (KHTML, like Gecko) Chrome/6.0.428.0 Safari/534.1"
174.122.254.42 - - [20/May/2012:01:49:29 +0200] "GET /mailman/confirm/gaiakuld/e1c4b8384a01903733c95f353a5525183d8285e4 HTTP/1.1" 404 1181 "-" "Mozilla/5.0 (Windows; U; Windows NT 6.1; en-US) AppleWebKit/534.1 (KHTML, like Gecko) Chrome/6.0.428.0 Safari/534.1"
38.107.179.243 - - [20/May/2012:02:42:10 +0200] "GET /robots.txt HTTP/1.1" 404 1181 "-" "CCBot/1.0 (+http://www.commoncrawl.org/bot.html)"
38.107.179.244 - - [20/May/2012:02:44:55 +0200] "GET / HTTP/1.1" 302 295 "-" "CCBot/1.0 (+http://www.commoncrawl.org/bot.html)"
92.249.133.200 - - [20/May/2012:08:03:41 +0200] "GET / HTTP/1.1" 302 295 "-" "Mozilla/5.0 (Windows NT 5.1; rv:12.0) Gecko/20100101 Firefox/12.0"
81.182.58.3 - - [20/May/2012:08:49:04 +0200] "GET / HTTP/1.1" 302 295 "-" "Mozilla/4.0 (compatible; MSIE 7.0; Windows NT 5.1; .NET CLR 1.1.4322)"
81.182.58.3 - - [20/May/2012:08:49:06 +0200] "GET / HTTP/1.1" 302 295 "-" "Mozilla/4.0 (compatible; MSIE 7.0; Windows NT 5.1; .NET CLR 1.1.4322)"
81.182.58.3 - - [20/May/2012:09:03:05 +0200] "GET / HTTP/1.1" 302 295 "-" "Mozilla/4.0 (compatible; MSIE 7.0; Windows NT 5.1; .NET CLR 1.1.4322)"
81.182.58.3 - - [20/May/2012:09:13:47 +0200] "GET / HTTP/1.1" 302 295 "-" "Mozilla/4.0 (compatible; MSIE 7.0; Windows NT 5.1; .NET CLR 1.1.4322)"
81.182.58.3 - - [20/May/2012:09:13:49 +0200] "GET / HTTP/1.1" 302 295 "-" "Mozilla/4.0 (compatible; MSIE 7.0; Windows NT 5.1; .NET CLR 1.1.4322)"
81.182.58.3 - - [20/May/2012:09:25:27 +0200] "GET / HTTP/1.1" 302 295 "-" "Mozilla/4.0 (compatible; MSIE 7.0; Windows NT 5.1; .NET CLR 1.1.4322)"
81.182.58.3 - - [20/May/2012:09:25:29 +0200] "GET / HTTP/1.1" 302 295 "-" "Mozilla/4.0 (compatible; MSIE 7.0; Windows NT 5.1; .NET CLR 1.1.4322)"
81.182.58.3 - - [20/May/2012:10:08:21 +0200] "GET / HTTP/1.1" 302 295 "-" "Mozilla/4.0 (compatible; MSIE 7.0; Windows NT 5.1; .NET CLR 1.1.4322)"
81.182.58.3 - - [20/May/2012:10:08:23 +0200] "GET / HTTP/1.1" 302 295 "-" "Mozilla/4.0 (compatible; MSIE 7.0; Windows NT 5.1; .NET CLR 1.1.4322)"
188.36.198.45 - - [20/May/2012:10:38:36 +0200] "GET / HTTP/1.1" 302 295 "-" "Mozilla/4.0 (compatible; MSIE 7.0; Windows NT 5.1; .NET CLR 1.1.4322)"
188.36.198.45 - - [20/May/2012:10:38:38 +0200] "GET / HTTP/1.1" 302 295 "-" "Mozilla/4.0 (compatible; MSIE 7.0; Windows NT 5.1; .NET CLR 1.1.4322)"
92.249.133.200 - - [20/May/2012:14:36:13 +0200] "GET / HTTP/1.1" 302 295 "-" "Mozilla/5.0 (Windows NT 5.1; rv:12.0) Gecko/20100101 Firefox/12.0"
92.249.133.200 - - [20/May/2012:15:25:07 +0200] "GET / HTTP/1.1" 302 295 "-" "Mozilla/5.0 (Windows NT 5.1; rv:12.0) Gecko/20100101 Firefox/12.0"
174.122.254.42 - - [20/May/2012:18:44:21 +0200] "HEAD /mailman/confirm/kot/9b0d1a1e4effed9cb438fa655a96181def6f9688 HTTP/1.1" 404 0 "-" "Mozilla/5.0 (Windows; U; Windows NT 6.1; en-US) AppleWebKit/534.1 (KHTML, like Gecko) Chrome/6.0.428.0 Safari/534.1"
174.122.254.42 - - [20/May/2012:18:44:21 +0200] "GET /mailman/confirm/kot/9b0d1a1e4effed9cb438fa655a96181def6f9688 HTTP/1.1" 404 1181 "-" "Mozilla/5.0 (Windows; U; Windows NT 6.1; en-US) AppleWebKit/534.1 (KHTML, like Gecko) Chrome/6.0.428.0 Safari/534.1"
92.249.133.200 - - [20/May/2012:18:53:02 +0200] "GET / HTTP/1.1" 302 295 "-" "Mozilla/5.0 (Windows NT 5.1; rv:12.0) Gecko/20100101 Firefox/12.0"
174.122.254.42 - - [20/May/2012:23:44:15 +0200] "HEAD /mailman/confirm/lepke/0ba60b0914fe003c73b4a9363eb52d7e1bde89d8 HTTP/1.1" 404 0 "-" "Mozilla/5.0 (Windows; U; Windows NT 6.1; en-US) AppleWebKit/534.1 (KHTML, like Gecko) Chrome/6.0.428.0 Safari/534.1"
174.122.254.42 - - [20/May/2012:23:44:16 +0200] "GET /mailman/confirm/lepke/0ba60b0914fe003c73b4a9363eb52d7e1bde89d8 HTTP/1.1" 404 1181 "-" "Mozilla/5.0 (Windows; U; Windows NT 6.1; en-US) AppleWebKit/534.1 (KHTML, like Gecko) Chrome/6.0.428.0 Safari/534.1"
193.225.204.86 - - [21/May/2012:09:58:30 +0200] "GET / HTTP/1.1" 302 295 "-" "Mozilla/4.0 (compatible; MSIE 8.0; Windows NT 5.1; Trident/4.0; .NET CLR 2.0.50727; .NET CLR 3.0.4506.2152; .NET CLR 3.5.30729; AskTbORJ/5.14.1.20007)"
193.225.204.86 - - [21/May/2012:09:58:33 +0200] "GET / HTTP/1.1" 302 295 "-" "Mozilla/4.0 (compatible; MSIE 8.0; Windows NT 5.1; Trident/4.0; .NET CLR 2.0.50727; .NET CLR 3.0.4506.2152; .NET CLR 3.5.30729; AskTbORJ/5.14.1.20007)"
91.120.67.127 - - [21/May/2012:09:59:09 +0200] "GET / HTTP/1.1" 302 295 "-" "Mozilla/5.0 (Windows NT 5.1; rv:12.0) Gecko/20100101 Firefox/12.0"
193.225.204.86 - - [21/May/2012:10:31:21 +0200] "GET / HTTP/1.1" 302 295 "-" "Mozilla/4.0 (compatible; MSIE 8.0; Windows NT 5.1; Trident/4.0; .NET CLR 2.0.50727; .NET CLR 3.0.4506.2152; .NET CLR 3.5.30729; AskTbORJ/5.14.1.20007)"
193.225.204.86 - - [21/May/2012:10:31:23 +0200] "GET / HTTP/1.1" 302 295 "-" "Mozilla/4.0 (compatible; MSIE 8.0; Windows NT 5.1; Trident/4.0; .NET CLR 2.0.50727; .NET CLR 3.0.4506.2152; .NET CLR 3.5.30729; AskTbORJ/5.14.1.20007)"
91.120.67.127 - - [21/May/2012:10:35:22 +0200] "GET / HTTP/1.1" 302 295 "-" "Mozilla/5.0 (Windows NT 5.1; rv:12.0) Gecko/20100101 Firefox/12.0"
91.120.67.127 - - [21/May/2012:10:35:36 +0200] "GET / HTTP/1.1" 302 295 "-" "Mozilla/5.0 (Windows NT 5.1; rv:12.0) Gecko/20100101 Firefox/12.0"
91.120.67.127 - - [21/May/2012:12:15:18 +0200] "GET / HTTP/1.1" 302 295 "-" "Mozilla/5.0 (Windows NT 5.1; rv:12.0) Gecko/20100101 Firefox/12.0"
91.120.67.127 - - [21/May/2012:12:59:30 +0200] "GET / HTTP/1.1" 302 295 "-" "Mozilla/5.0 (Windows NT 5.1; rv:12.0) Gecko/20100101 Firefox/12.0"
91.120.108.214 - - [21/May/2012:15:15:35 +0200] "GET / HTTP/1.1" 302 295 "-" "Mozilla/5.0 (Windows NT 5.1; rv:12.0) Gecko/20100101 Firefox/12.0"
174.122.254.42 - - [21/May/2012:16:43:11 +0200] "HEAD /mailman/confirm/mtvszsajto/90d8dde98b033465d2ff7757007da6607c62f99a HTTP/1.1" 404 0 "-" "Mozilla/5.0 (Windows; U; Windows NT 6.1; en-US) AppleWebKit/534.1 (KHTML, like Gecko) Chrome/6.0.428.0 Safari/534.1"
174.122.254.42 - - [21/May/2012:16:43:11 +0200] "GET /mailman/confirm/mtvszsajto/90d8dde98b033465d2ff7757007da6607c62f99a HTTP/1.1" 404 1181 "-" "Mozilla/5.0 (Windows; U; Windows NT 6.1; en-US) AppleWebKit/534.1 (KHTML, like Gecko) Chrome/6.0.428.0 Safari/534.1"
188.143.79.174 - - [21/May/2012:17:09:37 +0200] "GET / HTTP/1.1" 302 295 "-" "Mozilla/5.0 (Windows NT 5.1; rv:12.0) Gecko/20100101 Firefox/12.0"
174.122.254.42 - - [21/May/2012:18:26:07 +0200] "HEAD /mailman/confirm/munka/9af54d6549556510efee450c2ded929bb61b3995 HTTP/1.1" 404 0 "-" "Mozilla/5.0 (Windows; U; Windows NT 6.1; en-US) AppleWebKit/534.1 (KHTML, like Gecko) Chrome/6.0.428.0 Safari/534.1"
174.122.254.42 - - [21/May/2012:18:26:07 +0200] "GET /mailman/confirm/munka/9af54d6549556510efee450c2ded929bb61b3995 HTTP/1.1" 404 1181 "-" "Mozilla/5.0 (Windows; U; Windows NT 6.1; en-US) AppleWebKit/534.1 (KHTML, like Gecko) Chrome/6.0.428.0 Safari/534.1"
95.108.248.30 - - [21/May/2012:18:44:35 +0200] "GET /robots.txt HTTP/1.1" 404 1181 "-" "Mozilla/5.0 (compatible; YandexBot/3.0; +http://yandex.com/bots)"
174.122.254.42 - - [21/May/2012:19:46:49 +0200] "HEAD /mailman/listinfo/kozepregio HTTP/1.1" 404 0 "-" "Mozilla/5.0 (Windows; U; Windows NT 6.1; en-US) AppleWebKit/534.1 (KHTML, like Gecko) Chrome/6.0.428.0 Safari/534.1"
174.122.254.42 - - [21/May/2012:19:46:49 +0200] "GET /mailman/listinfo/kozepregio HTTP/1.1" 404 1181 "-" "Mozilla/5.0 (Windows; U; Windows NT 6.1; en-US) AppleWebKit/534.1 (KHTML, like Gecko) Chrome/6.0.428.0 Safari/534.1"
81.183.63.133 - - [21/May/2012:20:51:14 +0200] "GET / HTTP/1.1" 302 295 "-" "Mozilla/4.0 (compatible; MSIE 7.0; Windows NT 5.1; .NET CLR 1.1.4322)"
81.183.63.133 - - [21/May/2012:20:51:18 +0200] "GET / HTTP/1.1" 302 295 "-" "Mozilla/4.0 (compatible; MSIE 7.0; Windows NT 5.1; .NET CLR 1.1.4322)"
174.122.254.42 - - [21/May/2012:21:16:00 +0200] "HEAD /mailman/admin/ff/bounce HTTP/1.1" 404 0 "-" "Mozilla/5.0 (Windows; U; Windows NT 6.1; en-US) AppleWebKit/534.1 (KHTML, like Gecko) Chrome/6.0.428.0 Safari/534.1"
174.122.254.42 - - [21/May/2012:21:16:00 +0200] "GET /mailman/admin/ff/bounce HTTP/1.1" 404 1181 "-" "Mozilla/5.0 (Windows; U; Windows NT 6.1; en-US) AppleWebKit/534.1 (KHTML, like Gecko) Chrome/6.0.428.0 Safari/534.1"
174.122.254.42 - - [21/May/2012:21:16:00 +0200] "HEAD /mailman/confirm/ff/3c7074f749f3d1382d941f484b35e4b5a5710b65 HTTP/1.1" 404 0 "-" "Mozilla/5.0 (Windows; U; Windows NT 6.1; en-US) AppleWebKit/534.1 (KHTML, like Gecko) Chrome/6.0.428.0 Safari/534.1"
174.122.254.42 - - [21/May/2012:21:16:01 +0200] "GET /mailman/confirm/ff/3c7074f749f3d1382d941f484b35e4b5a5710b65 HTTP/1.1" 404 1181 "-" "Mozilla/5.0 (Windows; U; Windows NT 6.1; en-US) AppleWebKit/534.1 (KHTML, like Gecko) Chrome/6.0.428.0 Safari/534.1"
174.122.254.42 - - [21/May/2012:22:37:36 +0200] "HEAD /mailman/confirm/nca/c1255c89bfa0e5606f709be0f27389f72c7390e9 HTTP/1.1" 404 0 "-" "Mozilla/5.0 (Windows; U; Windows NT 6.1; en-US) AppleWebKit/534.1 (KHTML, like Gecko) Chrome/6.0.428.0 Safari/534.1"
174.122.254.42 - - [21/May/2012:22:37:36 +0200] "GET /mailman/confirm/nca/c1255c89bfa0e5606f709be0f27389f72c7390e9 HTTP/1.1" 404 1181 "-" "Mozilla/5.0 (Windows; U; Windows NT 6.1; en-US) AppleWebKit/534.1 (KHTML, like Gecko) Chrome/6.0.428.0 Safari/534.1"
95.108.248.30 - - [21/May/2012:23:42:49 +0200] "GET / HTTP/1.1" 302 295 "-" "Mozilla/5.0 (compatible; YandexBot/3.0; +http://yandex.com/bots)"
174.122.254.42 - - [22/May/2012:01:06:09 +0200] "HEAD /mailman/confirm/ff/90a6ad290262331da879bbb06fab6b07d9cdd7f0 HTTP/1.1" 404 0 "-" "Mozilla/5.0 (Windows; U; Windows NT 6.1; en-US) AppleWebKit/534.1 (KHTML, like Gecko) Chrome/6.0.428.0 Safari/534.1"
174.122.254.42 - - [22/May/2012:01:06:10 +0200] "GET /mailman/confirm/ff/90a6ad290262331da879bbb06fab6b07d9cdd7f0 HTTP/1.1" 404 1181 "-" "Mozilla/5.0 (Windows; U; Windows NT 6.1; en-US) AppleWebKit/534.1 (KHTML, like Gecko) Chrome/6.0.428.0 Safari/534.1"
174.122.254.42 - - [22/May/2012:01:34:04 +0200] "HEAD /mailman/confirm/ff/2ad24548361c0696c872ac87cf7b29bab50f71d5 HTTP/1.1" 404 0 "-" "Mozilla/5.0 (Windows; U; Windows NT 6.1; en-US) AppleWebKit/534.1 (KHTML, like Gecko) Chrome/6.0.428.0 Safari/534.1"
174.122.254.42 - - [22/May/2012:01:34:04 +0200] "GET /mailman/confirm/ff/2ad24548361c0696c872ac87cf7b29bab50f71d5 HTTP/1.1" 404 1181 "-" "Mozilla/5.0 (Windows; U; Windows NT 6.1; en-US) AppleWebKit/534.1 (KHTML, like Gecko) Chrome/6.0.428.0 Safari/534.1"
174.122.254.42 - - [22/May/2012:03:59:52 +0200] "HEAD /mailman/confirm/parlag/9af5910ab19d0a15b4ce89d71e33cc146ca274ec HTTP/1.1" 404 0 "-" "Mozilla/5.0 (Windows; U; Windows NT 6.1; en-US) AppleWebKit/534.1 (KHTML, like Gecko) Chrome/6.0.428.0 Safari/534.1"
174.122.254.42 - - [22/May/2012:03:59:52 +0200] "GET /mailman/confirm/parlag/9af5910ab19d0a15b4ce89d71e33cc146ca274ec HTTP/1.1" 404 1181 "-" "Mozilla/5.0 (Windows; U; Windows NT 6.1; en-US) AppleWebKit/534.1 (KHTML, like Gecko) Chrome/6.0.428.0 Safari/534.1"
174.122.254.42 - - [22/May/2012:06:06:46 +0200] "HEAD /mailman/confirm/knmcs/879c5023079ebeac1999f0d31e6dc07a7eab95cf HTTP/1.1" 404 0 "-" "Mozilla/5.0 (Windows; U; Windows NT 6.1; en-US) AppleWebKit/534.1 (KHTML, like Gecko) Chrome/6.0.428.0 Safari/534.1"
174.122.254.42 - - [22/May/2012:06:06:46 +0200] "GET /mailman/confirm/knmcs/879c5023079ebeac1999f0d31e6dc07a7eab95cf HTTP/1.1" 404 1181 "-" "Mozilla/5.0 (Windows; U; Windows NT 6.1; en-US) AppleWebKit/534.1 (KHTML, like Gecko) Chrome/6.0.428.0 Safari/534.1"
84.2.176.83 - - [22/May/2012:08:39:39 +0200] "GET / HTTP/1.1" 302 295 "-" "Mozilla/4.0 (compatible; MSIE 7.0; Windows NT 5.1; .NET CLR 1.1.4322)"
84.2.176.83 - - [22/May/2012:08:39:41 +0200] "GET / HTTP/1.1" 302 295 "-" "Mozilla/4.0 (compatible; MSIE 7.0; Windows NT 5.1; .NET CLR 1.1.4322)"
91.120.108.214 - - [22/May/2012:09:39:35 +0200] "GET / HTTP/1.1" 302 295 "-" "Mozilla/5.0 (Windows NT 5.1; rv:12.0) Gecko/20100101 Firefox/12.0"
84.2.176.83 - - [22/May/2012:10:55:16 +0200] "GET / HTTP/1.1" 302 295 "-" "Mozilla/4.0 (compatible; MSIE 7.0; Windows NT 5.1; .NET CLR 1.1.4322)"
91.120.108.214 - - [22/May/2012:12:15:39 +0200] "GET / HTTP/1.1" 302 295 "-" "Mozilla/5.0 (Windows NT 5.1; rv:12.0) Gecko/20100101 Firefox/12.0"
84.2.176.83 - - [22/May/2012:13:09:06 +0200] "GET / HTTP/1.1" 302 295 "-" "Mozilla/4.0 (compatible; MSIE 7.0; Windows NT 5.1; .NET CLR 1.1.4322)"
84.2.176.83 - - [22/May/2012:13:09:07 +0200] "GET / HTTP/1.1" 302 295 "-" "Mozilla/4.0 (compatible; MSIE 7.0; Windows NT 5.1; .NET CLR 1.1.4322)"
91.120.108.214 - - [22/May/2012:14:10:24 +0200] "GET / HTTP/1.1" 302 295 "-" "Mozilla/5.0 (Windows NT 5.1; rv:12.0) Gecko/20100101 Firefox/12.0"
91.120.108.214 - - [22/May/2012:14:53:36 +0200] "GET / HTTP/1.1" 302 295 "-" "Mozilla/5.0 (Windows NT 5.1; rv:12.0) Gecko/20100101 Firefox/12.0"
91.120.108.214 - - [22/May/2012:15:58:18 +0200] "GET / HTTP/1.1" 302 295 "-" "Mozilla/5.0 (Windows NT 5.1; rv:12.0) Gecko/20100101 Firefox/12.0"
213.186.120.196 - - [22/May/2012:17:22:23 +0200] "GET /robots.txt HTTP/1.1" 404 1181 "-" "Mozilla/5.0 (compatible; AhrefsBot/3.0; +http://ahrefs.com/robot/)"
94.21.191.197 - - [22/May/2012:18:56:23 +0200] "GET / HTTP/1.1" 302 295 "-" "Mozilla/5.0 (Windows NT 5.1; rv:12.0) Gecko/20100101 Firefox/12.0"
94.21.191.35 - - [22/May/2012:19:49:40 +0200] "GET / HTTP/1.1" 302 295 "-" "Mozilla/5.0 (Windows NT 5.1; rv:12.0) Gecko/20100101 Firefox/12.0"
86.101.231.141 - - [22/May/2012:19:57:43 +0200] "GET / HTTP/1.1" 302 295 "-" "Mozilla/4.0 (compatible; MSIE 8.0; Windows NT 5.1; Trident/4.0)"
86.101.231.141 - - [22/May/2012:19:57:47 +0200] "GET / HTTP/1.1" 302 295 "-" "Mozilla/4.0 (compatible; MSIE 8.0; Windows NT 5.1; Trident/4.0)"
81.182.58.234 - - [22/May/2012:22:42:58 +0200] "GET / HTTP/1.1" 302 295 "-" "Mozilla/4.0 (compatible; MSIE 7.0; Windows NT 5.1; .NET CLR 1.1.4322)"
81.182.58.234 - - [22/May/2012:22:43:01 +0200] "GET / HTTP/1.1" 302 295 "-" "Mozilla/4.0 (compatible; MSIE 7.0; Windows NT 5.1; .NET CLR 1.1.4322)"
174.122.254.42 - - [23/May/2012:01:51:21 +0200] "HEAD /mailman/confirm/raptor/dd8c673b6415db48a5d8ca00bae6852987801af6 HTTP/1.1" 404 0 "-" "Mozilla/5.0 (Windows; U; Windows NT 6.1; en-US) AppleWebKit/534.1 (KHTML, like Gecko) Chrome/6.0.428.0 Safari/534.1"
174.122.254.42 - - [23/May/2012:01:51:21 +0200] "GET /mailman/confirm/raptor/dd8c673b6415db48a5d8ca00bae6852987801af6 HTTP/1.1" 404 1181 "-" "Mozilla/5.0 (Windows; U; Windows NT 6.1; en-US) AppleWebKit/534.1 (KHTML, like Gecko) Chrome/6.0.428.0 Safari/534.1"
174.122.254.42 - - [23/May/2012:04:01:15 +0200] "HEAD /mailman/admin/ff/bounce HTTP/1.1" 404 0 "-" "Mozilla/5.0 (Windows; U; Windows NT 6.1; en-US) AppleWebKit/534.1 (KHTML, like Gecko) Chrome/6.0.428.0 Safari/534.1"
174.122.254.42 - - [23/May/2012:04:01:15 +0200] "GET /mailman/admin/ff/bounce HTTP/1.1" 404 1181 "-" "Mozilla/5.0 (Windows; U; Windows NT 6.1; en-US) AppleWebKit/534.1 (KHTML, like Gecko) Chrome/6.0.428.0 Safari/534.1"
174.122.254.42 - - [23/May/2012:04:01:16 +0200] "HEAD /mailman/confirm/ff/f68ef840edd5bb708dcfebda5291d4540e63f91b HTTP/1.1" 404 0 "-" "Mozilla/5.0 (Windows; U; Windows NT 6.1; en-US) AppleWebKit/534.1 (KHTML, like Gecko) Chrome/6.0.428.0 Safari/534.1"
174.122.254.42 - - [23/May/2012:04:01:16 +0200] "GET /mailman/confirm/ff/f68ef840edd5bb708dcfebda5291d4540e63f91b HTTP/1.1" 404 1181 "-" "Mozilla/5.0 (Windows; U; Windows NT 6.1; en-US) AppleWebKit/534.1 (KHTML, like Gecko) Chrome/6.0.428.0 Safari/534.1"
188.36.198.35 - - [23/May/2012:06:23:32 +0200] "GET / HTTP/1.1" 302 295 "-" "Mozilla/4.0 (compatible; MSIE 7.0; Windows NT 5.1; .NET CLR 1.1.4322)"
188.36.198.35 - - [23/May/2012:06:23:34 +0200] "GET / HTTP/1.1" 302 295 "-" "Mozilla/4.0 (compatible; MSIE 7.0; Windows NT 5.1; .NET CLR 1.1.4322)"
174.122.254.42 - - [23/May/2012:07:02:29 +0200] "HEAD /mailman/confirm/ff/819922c59870d091da22e001f69ff57be5e409fa HTTP/1.1" 404 0 "-" "Mozilla/5.0 (Windows; U; Windows NT 6.1; en-US) AppleWebKit/534.1 (KHTML, like Gecko) Chrome/6.0.428.0 Safari/534.1"
174.122.254.42 - - [23/May/2012:07:02:29 +0200] "GET /mailman/confirm/ff/819922c59870d091da22e001f69ff57be5e409fa HTTP/1.1" 404 1181 "-" "Mozilla/5.0 (Windows; U; Windows NT 6.1; en-US) AppleWebKit/534.1 (KHTML, like Gecko) Chrome/6.0.428.0 Safari/534.1"
188.36.198.35 - - [23/May/2012:09:05:28 +0200] "GET / HTTP/1.1" 302 295 "-" "Mozilla/4.0 (compatible; MSIE 7.0; Windows NT 5.1; .NET CLR 1.1.4322)"
188.36.198.35 - - [23/May/2012:09:05:32 +0200] "GET / HTTP/1.1" 302 295 "-" "Mozilla/4.0 (compatible; MSIE 7.0; Windows NT 5.1; .NET CLR 1.1.4322)"
188.36.198.35 - - [23/May/2012:10:02:26 +0200] "GET / HTTP/1.1" 302 295 "-" "Mozilla/4.0 (compatible; MSIE 7.0; Windows NT 5.1; .NET CLR 1.1.4322)"
188.36.198.35 - - [23/May/2012:10:02:28 +0200] "GET / HTTP/1.1" 302 295 "-" "Mozilla/4.0 (compatible; MSIE 7.0; Windows NT 5.1; .NET CLR 1.1.4322)"
91.120.108.214 - - [23/May/2012:10:55:35 +0200] "GET / HTTP/1.1" 302 295 "-" "Mozilla/5.0 (Windows NT 5.1; rv:12.0) Gecko/20100101 Firefox/12.0"
91.120.108.214 - - [23/May/2012:12:37:08 +0200] "GET / HTTP/1.1" 302 295 "-" "Mozilla/5.0 (Windows NT 5.1; rv:12.0) Gecko/20100101 Firefox/12.0"
188.36.198.35 - - [23/May/2012:12:37:52 +0200] "GET / HTTP/1.1" 302 295 "-" "Mozilla/4.0 (compatible; MSIE 7.0; Windows NT 5.1; .NET CLR 1.1.4322)"
188.36.198.35 - - [23/May/2012:12:37:54 +0200] "GET / HTTP/1.1" 302 295 "-" "Mozilla/4.0 (compatible; MSIE 7.0; Windows NT 5.1; .NET CLR 1.1.4322)"
174.122.254.42 - - [23/May/2012:21:06:00 +0200] "HEAD /mailman/listinfo/kozepregio HTTP/1.1" 404 0 "-" "Mozilla/5.0 (Windows; U; Windows NT 6.1; en-US) AppleWebKit/534.1 (KHTML, like Gecko) Chrome/6.0.428.0 Safari/534.1"
174.122.254.42 - - [23/May/2012:21:06:00 +0200] "GET /mailman/listinfo/kozepregio HTTP/1.1" 404 1181 "-" "Mozilla/5.0 (Windows; U; Windows NT 6.1; en-US) AppleWebKit/534.1 (KHTML, like Gecko) Chrome/6.0.428.0 Safari/534.1"
195.228.206.243 - - [23/May/2012:22:48:31 +0200] "GET / HTTP/1.1" 302 295 "-" "Mozilla/4.0 (compatible; MSIE 7.0; Windows NT 5.1; .NET CLR 1.1.4322)"
195.228.206.243 - - [23/May/2012:22:48:34 +0200] "GET / HTTP/1.1" 302 295 "-" "Mozilla/4.0 (compatible; MSIE 7.0; Windows NT 5.1; .NET CLR 1.1.4322)"
195.228.206.243 - - [23/May/2012:23:03:14 +0200] "GET / HTTP/1.1" 302 295 "-" "Mozilla/4.0 (compatible; MSIE 7.0; Windows NT 5.1; .NET CLR 1.1.4322)"
195.228.206.243 - - [23/May/2012:23:46:16 +0200] "GET / HTTP/1.1" 302 295 "-" "Mozilla/4.0 (compatible; MSIE 7.0; Windows NT 5.1; .NET CLR 1.1.4322)"
81.183.63.139 - - [24/May/2012:09:05:02 +0200] "GET / HTTP/1.1" 302 295 "-" "Mozilla/4.0 (compatible; MSIE 7.0; Windows NT 5.1; .NET CLR 1.1.4322)"
81.183.63.139 - - [24/May/2012:09:05:04 +0200] "GET / HTTP/1.1" 302 295 "-" "Mozilla/4.0 (compatible; MSIE 7.0; Windows NT 5.1; .NET CLR 1.1.4322)"
91.120.108.214 - - [24/May/2012:09:21:20 +0200] "GET / HTTP/1.1" 302 295 "-" "Mozilla/5.0 (Windows NT 5.1; rv:12.0) Gecko/20100101 Firefox/12.0"
81.183.63.139 - - [24/May/2012:09:46:18 +0200] "GET / HTTP/1.1" 302 295 "-" "Mozilla/4.0 (compatible; MSIE 7.0; Windows NT 5.1; .NET CLR 1.1.4322)"
81.183.63.139 - - [24/May/2012:10:46:33 +0200] "GET / HTTP/1.1" 302 295 "-" "Mozilla/4.0 (compatible; MSIE 7.0; Windows NT 5.1; .NET CLR 1.1.4322)"
81.183.63.139 - - [24/May/2012:10:46:37 +0200] "GET / HTTP/1.1" 302 295 "-" "Mozilla/4.0 (compatible; MSIE 7.0; Windows NT 5.1; .NET CLR 1.1.4322)"
91.120.108.214 - - [24/May/2012:15:29:18 +0200] "GET / HTTP/1.1" 302 295 "-" "Mozilla/5.0 (Windows NT 5.1; rv:12.0) Gecko/20100101 Firefox/12.0"
199.187.122.98 - - [24/May/2012:16:57:48 +0200] "GET /robots.txt HTTP/1.1" 404 1181 "-" "Mozilla/4.0 (compatible; MSIE 6.0; Windows NT 5.1; SV1; .NET CLR 2.0.50727)"
199.187.122.98 - - [24/May/2012:16:58:14 +0200] "GET /robots.txt HTTP/1.1" 404 1181 "-" "Mozilla/4.0 (compatible; MSIE 6.0; Windows NT 5.1; SV1; .NET CLR 2.0.50727)"
174.122.254.42 - - [24/May/2012:17:27:00 +0200] "HEAD /mailman/admindb/ff HTTP/1.1" 404 0 "-" "Mozilla/5.0 (Windows; U; Windows NT 6.1; en-US) AppleWebKit/534.1 (KHTML, like Gecko) Chrome/6.0.428.0 Safari/534.1"
174.122.254.42 - - [24/May/2012:17:27:01 +0200] "GET /mailman/admindb/ff HTTP/1.1" 404 1181 "-" "Mozilla/5.0 (Windows; U; Windows NT 6.1; en-US) AppleWebKit/534.1 (KHTML, like Gecko) Chrome/6.0.428.0 Safari/534.1"
174.122.254.42 - - [24/May/2012:17:27:01 +0200] "HEAD /mailman/confirm/bringa-delbuda/ecaac04b200e19a2b24f61b3ca9a1ec184686419 HTTP/1.1" 404 0 "-" "Mozilla/5.0 (Windows; U; Windows NT 6.1; en-US) AppleWebKit/534.1 (KHTML, like Gecko) Chrome/6.0.428.0 Safari/534.1"
174.122.254.42 - - [24/May/2012:17:27:01 +0200] "GET /mailman/confirm/bringa-delbuda/ecaac04b200e19a2b24f61b3ca9a1ec184686419 HTTP/1.1" 404 1181 "-" "Mozilla/5.0 (Windows; U; Windows NT 6.1; en-US) AppleWebKit/534.1 (KHTML, like Gecko) Chrome/6.0.428.0 Safari/534.1"
174.122.254.42 - - [24/May/2012:19:28:20 +0200] "HEAD /mailman/admin/ff/bounce HTTP/1.1" 404 0 "-" "Mozilla/5.0 (Windows; U; Windows NT 6.1; en-US) AppleWebKit/534.1 (KHTML, like Gecko) Chrome/6.0.428.0 Safari/534.1"
174.122.254.42 - - [24/May/2012:19:28:21 +0200] "GET /mailman/admin/ff/bounce HTTP/1.1" 404 1181 "-" "Mozilla/5.0 (Windows; U; Windows NT 6.1; en-US) AppleWebKit/534.1 (KHTML, like Gecko) Chrome/6.0.428.0 Safari/534.1"
174.122.254.42 - - [24/May/2012:19:28:21 +0200] "HEAD /mailman/confirm/ff/ec154c393b9e50a0e8ff0eb22c34585a99ba426e HTTP/1.1" 404 0 "-" "Mozilla/5.0 (Windows; U; Windows NT 6.1; en-US) AppleWebKit/534.1 (KHTML, like Gecko) Chrome/6.0.428.0 Safari/534.1"
174.122.254.42 - - [24/May/2012:19:28:21 +0200] "GET /mailman/confirm/ff/ec154c393b9e50a0e8ff0eb22c34585a99ba426e HTTP/1.1" 404 1181 "-" "Mozilla/5.0 (Windows; U; Windows NT 6.1; en-US) AppleWebKit/534.1 (KHTML, like Gecko) Chrome/6.0.428.0 Safari/534.1"
174.122.254.42 - - [24/May/2012:19:39:22 +0200] "HEAD /mailman/confirm/global/1d73b7ef2288fa9b0be88b33e81361d0b07aaf73 HTTP/1.1" 404 0 "-" "Mozilla/5.0 (Windows; U; Windows NT 6.1; en-US) AppleWebKit/534.1 (KHTML, like Gecko) Chrome/6.0.428.0 Safari/534.1"
174.122.254.42 - - [24/May/2012:19:39:23 +0200] "GET /mailman/confirm/global/1d73b7ef2288fa9b0be88b33e81361d0b07aaf73 HTTP/1.1" 404 1181 "-" "Mozilla/5.0 (Windows; U; Windows NT 6.1; en-US) AppleWebKit/534.1 (KHTML, like Gecko) Chrome/6.0.428.0 Safari/534.1"
86.101.231.141 - - [24/May/2012:20:02:48 +0200] "GET / HTTP/1.1" 302 295 "-" "Mozilla/4.0 (compatible; MSIE 8.0; Windows NT 5.1; Trident/4.0)"
86.101.231.141 - - [24/May/2012:20:02:52 +0200] "GET / HTTP/1.1" 302 295 "-" "Mozilla/4.0 (compatible; MSIE 8.0; Windows NT 5.1; Trident/4.0)"
95.108.248.30 - - [24/May/2012:20:48:31 +0200] "GET /robots.txt HTTP/1.1" 404 1181 "-" "Mozilla/5.0 (compatible; YandexBot/3.0; +http://yandex.com/bots)"
95.108.248.30 - - [25/May/2012:02:45:18 +0200] "GET / HTTP/1.1" 302 295 "-" "Mozilla/5.0 (compatible; YandexBot/3.0; +http://yandex.com/bots)"
81.183.156.244 - - [25/May/2012:08:08:47 +0200] "GET / HTTP/1.1" 302 295 "-" "Mozilla/4.0 (compatible; MSIE 7.0; Windows NT 5.1; .NET CLR 1.1.4322)"
81.183.156.244 - - [25/May/2012:08:08:51 +0200] "GET / HTTP/1.1" 302 295 "-" "Mozilla/4.0 (compatible; MSIE 7.0; Windows NT 5.1; .NET CLR 1.1.4322)"
81.183.156.244 - - [25/May/2012:08:36:36 +0200] "GET / HTTP/1.1" 302 295 "-" "Mozilla/4.0 (compatible; MSIE 7.0; Windows NT 5.1; .NET CLR 1.1.4322)"
174.122.254.42 - - [25/May/2012:08:58:44 +0200] "HEAD /mailman/admindb/mtvsziroda HTTP/1.1" 404 0 "-" "Mozilla/5.0 (Windows; U; Windows NT 6.1; en-US) AppleWebKit/534.1 (KHTML, like Gecko) Chrome/6.0.428.0 Safari/534.1"
174.122.254.42 - - [25/May/2012:08:58:44 +0200] "GET /mailman/admindb/mtvsziroda HTTP/1.1" 404 1181 "-" "Mozilla/5.0 (Windows; U; Windows NT 6.1; en-US) AppleWebKit/534.1 (KHTML, like Gecko) Chrome/6.0.428.0 Safari/534.1"
174.122.254.42 - - [25/May/2012:08:58:45 +0200] "HEAD /mailman/confirm/mtvszelnokseg/d33970b6bca54e54f6403346882bc206425c9055 HTTP/1.1" 404 0 "-" "Mozilla/5.0 (Windows; U; Windows NT 6.1; en-US) AppleWebKit/534.1 (KHTML, like Gecko) Chrome/6.0.428.0 Safari/534.1"
174.122.254.42 - - [25/May/2012:08:58:45 +0200] "GET /mailman/confirm/mtvszelnokseg/d33970b6bca54e54f6403346882bc206425c9055 HTTP/1.1" 404 1181 "-" "Mozilla/5.0 (Windows; U; Windows NT 6.1; en-US) AppleWebKit/534.1 (KHTML, like Gecko) Chrome/6.0.428.0 Safari/534.1"
81.183.156.244 - - [25/May/2012:09:02:24 +0200] "GET / HTTP/1.1" 302 295 "-" "Mozilla/4.0 (compatible; MSIE 7.0; Windows NT 5.1; .NET CLR 1.1.4322)"
81.183.156.244 - - [25/May/2012:09:02:26 +0200] "GET / HTTP/1.1" 302 295 "-" "Mozilla/4.0 (compatible; MSIE 7.0; Windows NT 5.1; .NET CLR 1.1.4322)"
193.225.204.86 - - [25/May/2012:09:06:14 +0200] "GET / HTTP/1.1" 302 295 "-" "Mozilla/4.0 (compatible; MSIE 8.0; Windows NT 5.1; Trident/4.0; .NET CLR 2.0.50727; .NET CLR 3.0.4506.2152; .NET CLR 3.5.30729; AskTbORJ/5.14.1.20007)"
193.225.204.86 - - [25/May/2012:09:06:17 +0200] "GET / HTTP/1.1" 302 295 "-" "Mozilla/4.0 (compatible; MSIE 8.0; Windows NT 5.1; Trident/4.0; .NET CLR 2.0.50727; .NET CLR 3.0.4506.2152; .NET CLR 3.5.30729; AskTbORJ/5.14.1.20007)"
174.122.254.42 - - [25/May/2012:09:15:19 +0200] "HEAD /mailman/confirm/anthropolis/1c8212a499c86a75019fc5c4e452ed7ce4e7bfad HTTP/1.1" 404 0 "-" "Mozilla/5.0 (Windows; U; Windows NT 6.1; en-US) AppleWebKit/534.1 (KHTML, like Gecko) Chrome/6.0.428.0 Safari/534.1"
174.122.254.42 - - [25/May/2012:09:15:19 +0200] "GET /mailman/confirm/anthropolis/1c8212a499c86a75019fc5c4e452ed7ce4e7bfad HTTP/1.1" 404 1181 "-" "Mozilla/5.0 (Windows; U; Windows NT 6.1; en-US) AppleWebKit/534.1 (KHTML, like Gecko) Chrome/6.0.428.0 Safari/534.1"
174.122.254.42 - - [25/May/2012:09:15:19 +0200] "HEAD /mailman/options/anthropolis/kisabonyi@aaa.com HTTP/1.1" 404 0 "-" "Mozilla/5.0 (Windows; U; Windows NT 6.1; en-US) AppleWebKit/534.1 (KHTML, like Gecko) Chrome/6.0.428.0 Safari/534.1"
174.122.254.42 - - [25/May/2012:09:15:20 +0200] "GET /mailman/options/anthropolis/kisabonyi@aaa.com HTTP/1.1" 404 1181 "-" "Mozilla/5.0 (Windows; U; Windows NT 6.1; en-US) AppleWebKit/534.1 (KHTML, like Gecko) Chrome/6.0.428.0 Safari/534.1"
174.122.254.42 - - [25/May/2012:09:26:55 +0200] "HEAD /mailman/confirm/kozepregio/5c5c9a7e2df52480096bf9629389429425693024 HTTP/1.1" 404 0 "-" "Mozilla/5.0 (Windows; U; Windows NT 6.1; en-US) AppleWebKit/534.1 (KHTML, like Gecko) Chrome/6.0.428.0 Safari/534.1"
174.122.254.42 - - [25/May/2012:09:26:56 +0200] "GET /mailman/confirm/kozepregio/5c5c9a7e2df52480096bf9629389429425693024 HTTP/1.1" 404 1181 "-" "Mozilla/5.0 (Windows; U; Windows NT 6.1; en-US) AppleWebKit/534.1 (KHTML, like Gecko) Chrome/6.0.428.0 Safari/534.1"
81.183.156.244 - - [25/May/2012:09:45:11 +0200] "GET / HTTP/1.1" 302 295 "-" "Mozilla/4.0 (compatible; MSIE 7.0; Windows NT 5.1; .NET CLR 1.1.4322)"
81.183.156.244 - - [25/May/2012:10:34:14 +0200] "GET / HTTP/1.1" 302 295 "-" "Mozilla/4.0 (compatible; MSIE 7.0; Windows NT 5.1; .NET CLR 1.1.4322)"
81.183.156.244 - - [25/May/2012:10:34:17 +0200] "GET / HTTP/1.1" 302 295 "-" "Mozilla/4.0 (compatible; MSIE 7.0; Windows NT 5.1; .NET CLR 1.1.4322)"
81.183.156.244 - - [25/May/2012:10:39:18 +0200] "GET / HTTP/1.1" 302 295 "-" "Mozilla/4.0 (compatible; MSIE 7.0; Windows NT 5.1; .NET CLR 1.1.4322)"
91.120.108.214 - - [25/May/2012:10:53:03 +0200] "GET / HTTP/1.1" 302 295 "-" "Mozilla/5.0 (Windows NT 5.1; rv:12.0) Gecko/20100101 Firefox/12.0"
81.183.156.244 - - [25/May/2012:11:00:50 +0200] "GET / HTTP/1.1" 302 295 "-" "Mozilla/4.0 (compatible; MSIE 7.0; Windows NT 5.1; .NET CLR 1.1.4322)"
91.120.108.214 - - [25/May/2012:12:35:47 +0200] "GET / HTTP/1.1" 302 295 "-" "Mozilla/5.0 (Windows NT 5.1; rv:12.0) Gecko/20100101 Firefox/12.0"
174.122.254.42 - - [25/May/2012:18:46:23 +0200] "HEAD /mailman/confirm/swpat/80737706f6336611280498fe10ce93ca1d305478 HTTP/1.1" 404 0 "-" "Mozilla/5.0 (Windows; U; Windows NT 6.1; en-US) AppleWebKit/534.1 (KHTML, like Gecko) Chrome/6.0.428.0 Safari/534.1"
174.122.254.42 - - [25/May/2012:18:46:23 +0200] "GET /mailman/confirm/swpat/80737706f6336611280498fe10ce93ca1d305478 HTTP/1.1" 404 1181 "-" "Mozilla/5.0 (Windows; U; Windows NT 6.1; en-US) AppleWebKit/534.1 (KHTML, like Gecko) Chrome/6.0.428.0 Safari/534.1"
174.122.254.42 - - [25/May/2012:19:29:37 +0200] "HEAD /mailman/listinfo/monbiz HTTP/1.1" 404 0 "-" "Mozilla/5.0 (Windows; U; Windows NT 6.1; en-US) AppleWebKit/534.1 (KHTML, like Gecko) Chrome/6.0.428.0 Safari/534.1"
174.122.254.42 - - [25/May/2012:19:29:38 +0200] "GET /mailman/listinfo/monbiz HTTP/1.1" 404 1181 "-" "Mozilla/5.0 (Windows; U; Windows NT 6.1; en-US) AppleWebKit/534.1 (KHTML, like Gecko) Chrome/6.0.428.0 Safari/534.1"
213.186.120.196 - - [25/May/2012:19:50:23 +0200] "GET /robots.txt HTTP/1.1" 404 1181 "-" "Mozilla/5.0 (compatible; AhrefsBot/3.0; +http://ahrefs.com/robot/)"
188.36.198.58 - - [25/May/2012:21:10:33 +0200] "GET / HTTP/1.1" 302 295 "-" "Mozilla/4.0 (compatible; MSIE 7.0; Windows NT 5.1; .NET CLR 1.1.4322)"
188.36.198.58 - - [25/May/2012:21:10:35 +0200] "GET / HTTP/1.1" 302 295 "-" "Mozilla/4.0 (compatible; MSIE 7.0; Windows NT 5.1; .NET CLR 1.1.4322)"
188.36.198.58 - - [25/May/2012:22:46:35 +0200] "GET / HTTP/1.1" 302 295 "-" "Mozilla/4.0 (compatible; MSIE 7.0; Windows NT 5.1; .NET CLR 1.1.4322)"
188.36.198.58 - - [25/May/2012:22:46:38 +0200] "GET / HTTP/1.1" 302 295 "-" "Mozilla/4.0 (compatible; MSIE 7.0; Windows NT 5.1; .NET CLR 1.1.4322)"
174.122.254.42 - - [26/May/2012:05:28:52 +0200] "HEAD /mailman/admindb/mtvszelnokseg HTTP/1.1" 404 0 "-" "Mozilla/5.0 (Windows; U; Windows NT 6.1; en-US) AppleWebKit/534.1 (KHTML, like Gecko) Chrome/6.0.428.0 Safari/534.1"
174.122.254.42 - - [26/May/2012:05:29:22 +0200] "HEAD /mailman/confirm/mtvsziroda/b71e9972eadbc10bb430ea59fe8566ffba916522 HTTP/1.1" 404 0 "-" "Mozilla/5.0 (Windows; U; Windows NT 6.1; en-US) AppleWebKit/534.1 (KHTML, like Gecko) Chrome/6.0.428.0 Safari/534.1"
66.249.72.239 - - [26/May/2012:09:12:06 +0200] "GET /robots.txt HTTP/1.1" 404 1181 "-" "Mozilla/5.0 (compatible; Googlebot/2.1; +http://www.google.com/bot.html)"
66.249.72.239 - - [26/May/2012:09:12:06 +0200] "GET / HTTP/1.1" 302 295 "-" "Mozilla/5.0 (compatible; Googlebot/2.1; +http://www.google.com/bot.html)"
188.36.198.58 - - [26/May/2012:10:04:33 +0200] "GET / HTTP/1.1" 302 295 "-" "Mozilla/4.0 (compatible; MSIE 7.0; Windows NT 5.1; .NET CLR 1.1.4322)"
188.36.198.58 - - [26/May/2012:10:04:35 +0200] "GET / HTTP/1.1" 302 295 "-" "Mozilla/4.0 (compatible; MSIE 7.0; Windows NT 5.1; .NET CLR 1.1.4322)"
174.122.254.42 - - [26/May/2012:13:39:58 +0200] "HEAD /mailman/admin/ff/bounce HTTP/1.1" 404 0 "-" "Mozilla/5.0 (Windows; U; Windows NT 6.1; en-US) AppleWebKit/534.1 (KHTML, like Gecko) Chrome/6.0.428.0 Safari/534.1"
174.122.254.42 - - [26/May/2012:13:39:58 +0200] "GET /mailman/admin/ff/bounce HTTP/1.1" 404 1181 "-" "Mozilla/5.0 (Windows; U; Windows NT 6.1; en-US) AppleWebKit/534.1 (KHTML, like Gecko) Chrome/6.0.428.0 Safari/534.1"
174.122.254.42 - - [26/May/2012:13:39:58 +0200] "HEAD /mailman/confirm/ff/026dfea5dc1716257c4b2c1eac5d37becc610ca6 HTTP/1.1" 404 0 "-" "Mozilla/5.0 (Windows; U; Windows NT 6.1; en-US) AppleWebKit/534.1 (KHTML, like Gecko) Chrome/6.0.428.0 Safari/534.1"
174.122.254.42 - - [26/May/2012:13:39:59 +0200] "GET /mailman/confirm/ff/026dfea5dc1716257c4b2c1eac5d37becc610ca6 HTTP/1.1" 404 1181 "-" "Mozilla/5.0 (Windows; U; Windows NT 6.1; en-US) AppleWebKit/534.1 (KHTML, like Gecko) Chrome/6.0.428.0 Safari/534.1"
174.122.254.42 - - [26/May/2012:17:17:08 +0200] "HEAD /mailman/confirm/mtvsziroda/087425a581aa33524eecfa5a99f770206cb56122 HTTP/1.1" 404 0 "-" "Mozilla/5.0 (Windows; U; Windows NT 6.1; en-US) AppleWebKit/534.1 (KHTML, like Gecko) Chrome/6.0.428.0 Safari/534.1"
174.122.254.42 - - [26/May/2012:17:17:08 +0200] "GET /mailman/confirm/mtvsziroda/087425a581aa33524eecfa5a99f770206cb56122 HTTP/1.1" 404 1181 "-" "Mozilla/5.0 (Windows; U; Windows NT 6.1; en-US) AppleWebKit/534.1 (KHTML, like Gecko) Chrome/6.0.428.0 Safari/534.1"
86.101.231.141 - - [26/May/2012:18:08:41 +0200] "GET / HTTP/1.1" 302 295 "-" "Mozilla/5.0 (Windows NT 5.1; rv:6.0.1) Gecko/20100101 Firefox/6.0.1"
86.101.231.141 - - [26/May/2012:18:23:42 +0200] "GET / HTTP/1.1" 302 295 "-" "Mozilla/4.0 (compatible; MSIE 8.0; Windows NT 5.1; Trident/4.0)"
86.101.231.141 - - [26/May/2012:18:23:47 +0200] "GET / HTTP/1.1" 302 295 "-" "Mozilla/4.0 (compatible; MSIE 8.0; Windows NT 5.1; Trident/4.0)"
95.108.248.30 - - [26/May/2012:18:44:22 +0200] "GET /robots.txt HTTP/1.1" 404 1181 "-" "Mozilla/5.0 (compatible; YandexBot/3.0; +http://yandex.com/bots)"
95.108.248.30 - - [26/May/2012:18:44:25 +0200] "GET / HTTP/1.1" 302 295 "-" "Mozilla/5.0 (compatible; YandexBot/3.0; +http://yandex.com/bots)"
174.122.254.42 - - [26/May/2012:19:16:46 +0200] "HEAD /mailman/listinfo/kozepregio HTTP/1.1" 404 0 "-" "Mozilla/5.0 (Windows; U; Windows NT 6.1; en-US) AppleWebKit/534.1 (KHTML, like Gecko) Chrome/6.0.428.0 Safari/534.1"
174.122.254.42 - - [26/May/2012:19:16:46 +0200] "GET /mailman/listinfo/kozepregio HTTP/1.1" 404 1181 "-" "Mozilla/5.0 (Windows; U; Windows NT 6.1; en-US) AppleWebKit/534.1 (KHTML, like Gecko) Chrome/6.0.428.0 Safari/534.1"
31.46.178.246 - - [26/May/2012:23:09:21 +0200] "GET / HTTP/1.1" 302 295 "-" "Mozilla/4.0 (compatible; MSIE 7.0; Windows NT 5.1; .NET CLR 1.1.4322)"
31.46.178.246 - - [26/May/2012:23:09:25 +0200] "GET / HTTP/1.1" 302 295 "-" "Mozilla/4.0 (compatible; MSIE 7.0; Windows NT 5.1; .NET CLR 1.1.4322)"
174.122.254.42 - - [26/May/2012:23:22:04 +0200] "HEAD /mailman/admin/ff/bounce HTTP/1.1" 404 0 "-" "Mozilla/5.0 (Windows; U; Windows NT 6.1; en-US) AppleWebKit/534.1 (KHTML, like Gecko) Chrome/6.0.428.0 Safari/534.1"
174.122.254.42 - - [26/May/2012:23:22:05 +0200] "GET /mailman/admin/ff/bounce HTTP/1.1" 404 1181 "-" "Mozilla/5.0 (Windows; U; Windows NT 6.1; en-US) AppleWebKit/534.1 (KHTML, like Gecko) Chrome/6.0.428.0 Safari/534.1"
174.122.254.42 - - [26/May/2012:23:22:05 +0200] "HEAD /mailman/confirm/ff/4382ed48b965c829e4de651a5ee7762911e742bc HTTP/1.1" 404 0 "-" "Mozilla/5.0 (Windows; U; Windows NT 6.1; en-US) AppleWebKit/534.1 (KHTML, like Gecko) Chrome/6.0.428.0 Safari/534.1"
174.122.254.42 - - [26/May/2012:23:22:05 +0200] "GET /mailman/confirm/ff/4382ed48b965c829e4de651a5ee7762911e742bc HTTP/1.1" 404 1181 "-" "Mozilla/5.0 (Windows; U; Windows NT 6.1; en-US) AppleWebKit/534.1 (KHTML, like Gecko) Chrome/6.0.428.0 Safari/534.1"
84.2.176.126 - - [27/May/2012:06:03:20 +0200] "GET / HTTP/1.1" 302 295 "-" "Mozilla/4.0 (compatible; MSIE 7.0; Windows NT 5.1; .NET CLR 1.1.4322)"
84.2.176.126 - - [27/May/2012:06:03:22 +0200] "GET / HTTP/1.1" 302 295 "-" "Mozilla/4.0 (compatible; MSIE 7.0; Windows NT 5.1; .NET CLR 1.1.4322)"
174.122.254.42 - - [27/May/2012:13:48:32 +0200] "HEAD /mailman/confirm/kozepregio/6221242adc18562b6763228665e0e7653b9a1207 HTTP/1.1" 404 0 "-" "Mozilla/5.0 (Windows; U; Windows NT 6.1; en-US) AppleWebKit/534.1 (KHTML, like Gecko) Chrome/6.0.428.0 Safari/534.1"
174.122.254.42 - - [27/May/2012:13:48:32 +0200] "GET /mailman/confirm/kozepregio/6221242adc18562b6763228665e0e7653b9a1207 HTTP/1.1" 404 1181 "-" "Mozilla/5.0 (Windows; U; Windows NT 6.1; en-US) AppleWebKit/534.1 (KHTML, like Gecko) Chrome/6.0.428.0 Safari/534.1"
81.182.58.62 - - [27/May/2012:20:50:56 +0200] "GET / HTTP/1.1" 302 295 "-" "Mozilla/4.0 (compatible; MSIE 7.0; Windows NT 5.1; .NET CLR 1.1.4322)"
81.182.58.62 - - [27/May/2012:20:51:01 +0200] "GET / HTTP/1.1" 302 295 "-" "Mozilla/4.0 (compatible; MSIE 7.0; Windows NT 5.1; .NET CLR 1.1.4322)"
81.182.58.62 - - [27/May/2012:21:47:10 +0200] "GET / HTTP/1.1" 302 295 "-" "Mozilla/4.0 (compatible; MSIE 7.0; Windows NT 5.1; .NET CLR 1.1.4322)"
81.183.156.203 - - [28/May/2012:08:05:01 +0200] "GET / HTTP/1.1" 302 295 "-" "Mozilla/4.0 (compatible; MSIE 7.0; Windows NT 5.1; .NET CLR 1.1.4322)"
81.183.156.203 - - [28/May/2012:08:05:04 +0200] "GET / HTTP/1.1" 302 295 "-" "Mozilla/4.0 (compatible; MSIE 7.0; Windows NT 5.1; .NET CLR 1.1.4322)"
174.122.254.42 - - [28/May/2012:08:22:32 +0200] "HEAD /mailman/admindb/kozepregio HTTP/1.1" 404 0 "-" "Mozilla/5.0 (Windows; U; Windows NT 6.1; en-US) AppleWebKit/534.1 (KHTML, like Gecko) Chrome/6.0.428.0 Safari/534.1"
174.122.254.42 - - [28/May/2012:08:22:34 +0200] "GET /mailman/admindb/kozepregio HTTP/1.1" 404 1181 "-" "Mozilla/5.0 (Windows; U; Windows NT 6.1; en-US) AppleWebKit/534.1 (KHTML, like Gecko) Chrome/6.0.428.0 Safari/534.1"
81.183.156.203 - - [28/May/2012:10:07:51 +0200] "GET / HTTP/1.1" 302 295 "-" "Mozilla/4.0 (compatible; MSIE 7.0; Windows NT 5.1; .NET CLR 1.1.4322)"
81.183.156.203 - - [28/May/2012:10:48:20 +0200] "GET / HTTP/1.1" 302 295 "-" "Mozilla/4.0 (compatible; MSIE 7.0; Windows NT 5.1; .NET CLR 1.1.4322)"
81.183.156.203 - - [28/May/2012:10:48:23 +0200] "GET / HTTP/1.1" 302 295 "-" "Mozilla/4.0 (compatible; MSIE 7.0; Windows NT 5.1; .NET CLR 1.1.4322)"
38.229.70.44 - - [28/May/2012:12:36:01 +0200] "GET / HTTP/1.0" 302 283 "-" "Mozilla/5.0 (Windows; U; Windows NT 6.0; en-US; rv:1.9.0.6) Gecko/2009011913 Firefox/3.0.6 (.NET CLR 3.5.30729)"
174.122.254.42 - - [28/May/2012:12:36:41 +0200] "HEAD /mailman/admin/nca/bounce HTTP/1.1" 404 0 "-" "Mozilla/5.0 (Windows; U; Windows NT 6.1; en-US) AppleWebKit/534.1 (KHTML, like Gecko) Chrome/6.0.428.0 Safari/534.1"
174.122.254.42 - - [28/May/2012:12:36:41 +0200] "GET /mailman/admin/nca/bounce HTTP/1.1" 404 1181 "-" "Mozilla/5.0 (Windows; U; Windows NT 6.1; en-US) AppleWebKit/534.1 (KHTML, like Gecko) Chrome/6.0.428.0 Safari/534.1"
91.120.166.65 - - [28/May/2012:12:43:59 +0200] "GET / HTTP/1.1" 302 295 "-" "Mozilla/5.0 (Windows NT 5.1; rv:12.0) Gecko/20100101 Firefox/12.0"
81.183.156.203 - - [28/May/2012:12:51:31 +0200] "GET / HTTP/1.1" 302 295 "-" "Mozilla/4.0 (compatible; MSIE 7.0; Windows NT 5.1; .NET CLR 1.1.4322)"
81.183.156.203 - - [28/May/2012:12:51:33 +0200] "GET / HTTP/1.1" 302 295 "-" "Mozilla/4.0 (compatible; MSIE 7.0; Windows NT 5.1; .NET CLR 1.1.4322)"
81.183.156.203 - - [28/May/2012:13:37:45 +0200] "GET / HTTP/1.1" 302 295 "-" "Mozilla/4.0 (compatible; MSIE 7.0; Windows NT 5.1; .NET CLR 1.1.4322)"
204.236.209.52 - - [28/May/2012:13:57:21 +0200] "GET /robots.txt HTTP/1.1" 404 1181 "" "GSLFbot"
204.236.209.52 - - [28/May/2012:13:57:22 +0200] "GET / HTTP/1.1" 302 295 "" "GSLFbot"
81.144.138.34 - - [28/May/2012:14:03:36 +0200] "GET /robots.txt HTTP/1.1" 404 1181 "-" "Wotbox/2.0 (bot@wotbox.com; http://www.wotbox.com)"
81.144.138.34 - - [28/May/2012:14:03:46 +0200] "GET / HTTP/1.1" 302 295 "-" "Wotbox/2.0 (bot@wotbox.com; http://www.wotbox.com)"
81.183.156.203 - - [28/May/2012:14:19:12 +0200] "GET / HTTP/1.1" 302 295 "-" "Mozilla/4.0 (compatible; MSIE 7.0; Windows NT 5.1; .NET CLR 1.1.4322)"
81.183.156.203 - - [28/May/2012:14:19:14 +0200] "GET / HTTP/1.1" 302 295 "-" "Mozilla/4.0 (compatible; MSIE 7.0; Windows NT 5.1; .NET CLR 1.1.4322)"
174.122.254.42 - - [28/May/2012:15:17:27 +0200] "HEAD /mailman/admindb/mtvszelnokseg HTTP/1.1" 404 0 "-" "Mozilla/5.0 (Windows; U; Windows NT 6.1; en-US) AppleWebKit/534.1 (KHTML, like Gecko) Chrome/6.0.428.0 Safari/534.1"
174.122.254.42 - - [28/May/2012:15:17:27 +0200] "GET /mailman/admindb/mtvszelnokseg HTTP/1.1" 404 1181 "-" "Mozilla/5.0 (Windows; U; Windows NT 6.1; en-US) AppleWebKit/534.1 (KHTML, like Gecko) Chrome/6.0.428.0 Safari/534.1"
81.183.156.203 - - [28/May/2012:16:50:39 +0200] "GET / HTTP/1.1" 302 295 "-" "Mozilla/4.0 (compatible; MSIE 7.0; Windows NT 5.1; .NET CLR 1.1.4322)"
81.183.156.203 - - [28/May/2012:16:50:41 +0200] "GET / HTTP/1.1" 302 295 "-" "Mozilla/4.0 (compatible; MSIE 7.0; Windows NT 5.1; .NET CLR 1.1.4322)"
174.122.254.42 - - [28/May/2012:18:15:19 +0200] "HEAD /mailman/admindb/mtvsziroda HTTP/1.1" 404 0 "-" "Mozilla/5.0 (Windows; U; Windows NT 6.1; en-US) AppleWebKit/534.1 (KHTML, like Gecko) Chrome/6.0.428.0 Safari/534.1"
174.122.254.42 - - [28/May/2012:18:15:19 +0200] "GET /mailman/admindb/mtvsziroda HTTP/1.1" 404 1181 "-" "Mozilla/5.0 (Windows; U; Windows NT 6.1; en-US) AppleWebKit/534.1 (KHTML, like Gecko) Chrome/6.0.428.0 Safari/534.1"
174.122.254.42 - - [28/May/2012:18:15:19 +0200] "HEAD /mailman/confirm/mtvszsajto/a0c2aa5f026e23ea91385ee678b5054759a4f994 HTTP/1.1" 404 0 "-" "Mozilla/5.0 (Windows; U; Windows NT 6.1; en-US) AppleWebKit/534.1 (KHTML, like Gecko) Chrome/6.0.428.0 Safari/534.1"
174.122.254.42 - - [28/May/2012:18:15:20 +0200] "GET /mailman/confirm/mtvszsajto/a0c2aa5f026e23ea91385ee678b5054759a4f994 HTTP/1.1" 404 1181 "-" "Mozilla/5.0 (Windows; U; Windows NT 6.1; en-US) AppleWebKit/534.1 (KHTML, like Gecko) Chrome/6.0.428.0 Safari/534.1"
81.183.156.203 - - [28/May/2012:18:31:48 +0200] "GET / HTTP/1.1" 302 295 "-" "Mozilla/4.0 (compatible; MSIE 7.0; Windows NT 5.1; .NET CLR 1.1.4322)"
81.183.156.203 - - [28/May/2012:18:31:50 +0200] "GET / HTTP/1.1" 302 295 "-" "Mozilla/4.0 (compatible; MSIE 7.0; Windows NT 5.1; .NET CLR 1.1.4322)"
188.143.79.191 - - [28/May/2012:18:59:30 +0200] "GET / HTTP/1.1" 302 295 "-" "Mozilla/5.0 (Windows NT 5.1; rv:12.0) Gecko/20100101 Firefox/12.0"
174.122.254.42 - - [28/May/2012:20:14:13 +0200] "HEAD /mailman/admindb/ropert HTTP/1.1" 404 0 "-" "Mozilla/5.0 (Windows; U; Windows NT 6.1; en-US) AppleWebKit/534.1 (KHTML, like Gecko) Chrome/6.0.428.0 Safari/534.1"
174.122.254.42 - - [28/May/2012:20:14:14 +0200] "GET /mailman/admindb/ropert HTTP/1.1" 404 1181 "-" "Mozilla/5.0 (Windows; U; Windows NT 6.1; en-US) AppleWebKit/534.1 (KHTML, like Gecko) Chrome/6.0.428.0 Safari/534.1"
174.122.254.42 - - [28/May/2012:20:14:14 +0200] "HEAD /mailman/confirm/rugyecskek/8af72f02b15ee5c2d0261498fdb98bdefa0ac633 HTTP/1.1" 404 0 "-" "Mozilla/5.0 (Windows; U; Windows NT 6.1; en-US) AppleWebKit/534.1 (KHTML, like Gecko) Chrome/6.0.428.0 Safari/534.1"
174.122.254.42 - - [28/May/2012:20:14:14 +0200] "GET /mailman/confirm/rugyecskek/8af72f02b15ee5c2d0261498fdb98bdefa0ac633 HTTP/1.1" 404 1181 "-" "Mozilla/5.0 (Windows; U; Windows NT 6.1; en-US) AppleWebKit/534.1 (KHTML, like Gecko) Chrome/6.0.428.0 Safari/534.1"
174.122.254.42 - - [28/May/2012:20:16:59 +0200] "HEAD /mailman/confirm/mtvszsajto/c433dd03bea9667edc6787150ce0e0bb3bbca015 HTTP/1.1" 404 0 "-" "Mozilla/5.0 (Windows; U; Windows NT 6.1; en-US) AppleWebKit/534.1 (KHTML, like Gecko) Chrome/6.0.428.0 Safari/534.1"
174.122.254.42 - - [28/May/2012:20:16:59 +0200] "GET /mailman/confirm/mtvszsajto/c433dd03bea9667edc6787150ce0e0bb3bbca015 HTTP/1.1" 404 1181 "-" "Mozilla/5.0 (Windows; U; Windows NT 6.1; en-US) AppleWebKit/534.1 (KHTML, like Gecko) Chrome/6.0.428.0 Safari/534.1"
95.108.248.30 - - [28/May/2012:23:18:33 +0200] "GET /robots.txt HTTP/1.1" 404 1181 "-" "Mozilla/5.0 (compatible; YandexBot/3.0; +http://yandex.com/bots)"
95.108.248.30 - - [29/May/2012:06:02:05 +0200] "GET / HTTP/1.1" 302 295 "-" "Mozilla/5.0 (compatible; YandexBot/3.0; +http://yandex.com/bots)"
195.228.191.224 - - [29/May/2012:09:27:58 +0200] "GET / HTTP/1.1" 302 295 "-" "Mozilla/4.0 (compatible; MSIE 7.0; Windows NT 5.1; .NET CLR 1.1.4322)"
195.228.191.224 - - [29/May/2012:09:28:00 +0200] "GET / HTTP/1.1" 302 295 "-" "Mozilla/4.0 (compatible; MSIE 7.0; Windows NT 5.1; .NET CLR 1.1.4322)"
195.228.191.224 - - [29/May/2012:09:41:18 +0200] "GET / HTTP/1.1" 302 295 "-" "Mozilla/4.0 (compatible; MSIE 7.0; Windows NT 5.1; .NET CLR 1.1.4322)"
195.228.191.224 - - [29/May/2012:09:41:20 +0200] "GET / HTTP/1.1" 302 295 "-" "Mozilla/4.0 (compatible; MSIE 7.0; Windows NT 5.1; .NET CLR 1.1.4322)"
195.228.191.224 - - [29/May/2012:12:07:43 +0200] "GET / HTTP/1.1" 302 295 "-" "Mozilla/4.0 (compatible; MSIE 7.0; Windows NT 5.1; .NET CLR 1.1.4322)"
195.228.191.224 - - [29/May/2012:12:07:47 +0200] "GET / HTTP/1.1" 302 295 "-" "Mozilla/4.0 (compatible; MSIE 7.0; Windows NT 5.1; .NET CLR 1.1.4322)"
174.122.254.42 - - [29/May/2012:12:11:49 +0200] "HEAD /mailman/listinfo/regio HTTP/1.1" 404 0 "-" "Mozilla/5.0 (Windows; U; Windows NT 6.1; en-US) AppleWebKit/534.1 (KHTML, like Gecko) Chrome/6.0.428.0 Safari/534.1"
174.122.254.42 - - [29/May/2012:12:11:49 +0200] "GET /mailman/listinfo/regio HTTP/1.1" 404 1181 "-" "Mozilla/5.0 (Windows; U; Windows NT 6.1; en-US) AppleWebKit/534.1 (KHTML, like Gecko) Chrome/6.0.428.0 Safari/534.1"
193.225.204.108 - - [29/May/2012:12:52:30 +0200] "GET / HTTP/1.1" 302 295 "-" "Mozilla/4.0 (compatible; MSIE 8.0; Windows NT 5.1; Trident/4.0; .NET CLR 2.0.50727; .NET CLR 3.0.4506.2152; .NET CLR 3.5.30729; AskTbORJ/5.14.1.20007)"
