174.122.254.42 - - [18/Jun/2012:23:39:20 +0200] "GET /mailman/private/vaciwaldorf HTTP/1.1" 404 1181 "-" "Mozilla/5.0 (Windows; U; Windows NT 6.1; en-US) AppleWebKit/534.1 (KHTML, like Gecko) Chrome/6.0.428.0 Safari/534.1"
81.183.63.165 - - [19/Jun/2012:00:10:01 +0200] "GET / HTTP/1.1" 302 295 "-" "Mozilla/4.0 (compatible; MSIE 7.0; Windows NT 5.1; .NET CLR 1.1.4322)"
81.183.63.165 - - [19/Jun/2012:00:10:04 +0200] "GET / HTTP/1.1" 302 295 "-" "Mozilla/4.0 (compatible; MSIE 7.0; Windows NT 5.1; .NET CLR 1.1.4322)"
81.182.58.58 - - [19/Jun/2012:08:25:58 +0200] "GET / HTTP/1.1" 302 295 "-" "Mozilla/4.0 (compatible; MSIE 7.0; Windows NT 5.1; .NET CLR 1.1.4322)"
81.182.58.58 - - [19/Jun/2012:08:25:59 +0200] "GET / HTTP/1.1" 302 295 "-" "Mozilla/4.0 (compatible; MSIE 7.0; Windows NT 5.1; .NET CLR 1.1.4322)"
109.74.61.168 - - [19/Jun/2012:09:30:02 +0200] "GET / HTTP/1.1" 302 295 "-" "Mozilla/5.0 (Windows NT 5.1; rv:7.0.1) Gecko/20100101 Firefox/7.0.1"
81.182.58.58 - - [19/Jun/2012:09:40:36 +0200] "GET / HTTP/1.1" 302 295 "-" "Mozilla/4.0 (compatible; MSIE 7.0; Windows NT 5.1; .NET CLR 1.1.4322)"
81.182.58.58 - - [19/Jun/2012:09:40:38 +0200] "GET / HTTP/1.1" 302 295 "-" "Mozilla/4.0 (compatible; MSIE 7.0; Windows NT 5.1; .NET CLR 1.1.4322)"
193.225.204.108 - - [19/Jun/2012:12:42:53 +0200] "GET / HTTP/1.1" 302 295 "-" "Mozilla/4.0 (compatible; MSIE 8.0; Windows NT 5.1; Trident/4.0; .NET CLR 2.0.50727; .NET CLR 3.0.4506.2152; .NET CLR 3.5.30729; AskTbORJ/5.14.1.20007)"
193.225.204.108 - - [19/Jun/2012:12:42:57 +0200] "GET / HTTP/1.1" 302 295 "-" "Mozilla/4.0 (compatible; MSIE 8.0; Windows NT 5.1; Trident/4.0; .NET CLR 2.0.50727; .NET CLR 3.0.4506.2152; .NET CLR 3.5.30729; AskTbORJ/5.14.1.20007)"
86.101.230.161 - - [19/Jun/2012:16:39:12 +0200] "GET / HTTP/1.1" 302 295 "-" "Mozilla/4.0 (compatible; MSIE 8.0; Windows NT 5.1; Trident/4.0; .NET CLR 2.0.50727; .NET CLR 3.0.4506.2152; .NET CLR 3.5.30729)"
86.101.230.161 - - [19/Jun/2012:16:39:15 +0200] "GET / HTTP/1.1" 302 295 "-" "Mozilla/4.0 (compatible; MSIE 8.0; Windows NT 5.1; Trident/4.0; .NET CLR 2.0.50727; .NET CLR 3.0.4506.2152; .NET CLR 3.5.30729)"
81.183.63.136 - - [19/Jun/2012:23:27:13 +0200] "GET / HTTP/1.1" 302 295 "-" "Mozilla/4.0 (compatible; MSIE 7.0; Windows NT 5.1; .NET CLR 1.1.4322; InfoPath.3)"
81.183.63.136 - - [19/Jun/2012:23:27:15 +0200] "GET / HTTP/1.1" 302 295 "-" "Mozilla/4.0 (compatible; MSIE 7.0; Windows NT 5.1; .NET CLR 1.1.4322; InfoPath.3)"
109.74.61.168 - - [20/Jun/2012:08:55:26 +0200] "GET / HTTP/1.1" 302 295 "-" "Mozilla/5.0 (Windows NT 5.1; rv:7.0.1) Gecko/20100101 Firefox/7.0.1"
84.2.176.110 - - [20/Jun/2012:09:43:58 +0200] "GET / HTTP/1.1" 302 295 "-" "Mozilla/4.0 (compatible; MSIE 7.0; Windows NT 5.1; .NET CLR 1.1.4322; InfoPath.3)"
84.2.176.110 - - [20/Jun/2012:09:44:25 +0200] "GET / HTTP/1.1" 302 295 "-" "Mozilla/4.0 (compatible; MSIE 7.0; Windows NT 5.1; .NET CLR 1.1.4322; InfoPath.3)"
84.2.176.110 - - [20/Jun/2012:09:44:27 +0200] "GET / HTTP/1.1" 302 295 "-" "Mozilla/4.0 (compatible; MSIE 7.0; Windows NT 5.1; .NET CLR 1.1.4322; InfoPath.3)"
193.225.204.108 - - [20/Jun/2012:11:41:56 +0200] "GET / HTTP/1.1" 302 295 "-" "Mozilla/4.0 (compatible; MSIE 8.0; Windows NT 5.1; Trident/4.0; .NET CLR 2.0.50727; .NET CLR 3.0.4506.2152; .NET CLR 3.5.30729; AskTbORJ/5.14.1.20007)"
193.225.204.108 - - [20/Jun/2012:12:58:52 +0200] "GET / HTTP/1.1" 302 295 "-" "Mozilla/4.0 (compatible; MSIE 8.0; Windows NT 5.1; Trident/4.0; .NET CLR 2.0.50727; .NET CLR 3.0.4506.2152; .NET CLR 3.5.30729; AskTbORJ/5.14.1.20007)"
78.46.41.215 - - [20/Jun/2012:13:07:47 +0200] "GET /robots.txt HTTP/1.1" 404 1181 "-" "Mozilla/5.0 (compatible; NerdByNature.Bot; http://www.nerdbynature.net/bot)"
78.46.41.215 - - [20/Jun/2012:13:07:47 +0200] "GET / HTTP/1.1" 302 295 "-" "Mozilla/5.0 (compatible; NerdByNature.Bot; http://www.nerdbynature.net/bot)"
86.101.231.141 - - [20/Jun/2012:13:08:12 +0200] "GET / HTTP/1.1" 302 295 "-" "Mozilla/4.0 (compatible; MSIE 8.0; Windows NT 5.1; Trident/4.0)"
86.101.231.141 - - [20/Jun/2012:13:08:18 +0200] "GET / HTTP/1.1" 302 295 "-" "Mozilla/4.0 (compatible; MSIE 8.0; Windows NT 5.1; Trident/4.0)"
91.120.73.205 - - [20/Jun/2012:15:26:44 +0200] "GET / HTTP/1.1" 302 295 "-" "Mozilla/5.0 (Windows NT 5.1; rv:13.0) Gecko/20100101 Firefox/13.0.1"
91.120.73.205 - - [20/Jun/2012:15:27:16 +0200] "GET / HTTP/1.1" 302 295 "-" "Mozilla/5.0 (Windows NT 5.1; rv:13.0) Gecko/20100101 Firefox/13.0.1"
81.182.58.244 - - [20/Jun/2012:23:17:35 +0200] "GET / HTTP/1.1" 302 295 "-" "Mozilla/4.0 (compatible; MSIE 7.0; Windows NT 5.1; .NET CLR 1.1.4322; InfoPath.3)"
81.182.58.244 - - [20/Jun/2012:23:17:37 +0200] "GET / HTTP/1.1" 302 295 "-" "Mozilla/4.0 (compatible; MSIE 7.0; Windows NT 5.1; .NET CLR 1.1.4322; InfoPath.3)"
81.182.58.9 - - [21/Jun/2012:06:39:58 +0200] "GET / HTTP/1.1" 302 295 "-" "Mozilla/4.0 (compatible; MSIE 7.0; Windows NT 5.1; .NET CLR 1.1.4322; InfoPath.3)"
81.182.58.9 - - [21/Jun/2012:06:40:00 +0200] "GET / HTTP/1.1" 302 295 "-" "Mozilla/4.0 (compatible; MSIE 7.0; Windows NT 5.1; .NET CLR 1.1.4322; InfoPath.3)"
81.182.58.9 - - [21/Jun/2012:06:53:03 +0200] "GET / HTTP/1.1" 302 295 "-" "Mozilla/4.0 (compatible; MSIE 7.0; Windows NT 5.1; .NET CLR 1.1.4322; InfoPath.3)"
91.120.73.205 - - [21/Jun/2012:09:35:21 +0200] "GET / HTTP/1.1" 302 295 "-" "Mozilla/5.0 (Windows NT 5.1; rv:13.0) Gecko/20100101 Firefox/13.0.1"
178.154.210.252 - - [21/Jun/2012:11:53:21 +0200] "GET /robots.txt HTTP/1.1" 404 1181 "-" "Mozilla/5.0 (compatible; YandexBot/3.0; +http://yandex.com/bots)"
178.154.210.252 - - [21/Jun/2012:12:28:27 +0200] "GET / HTTP/1.1" 302 295 "-" "Mozilla/5.0 (compatible; YandexBot/3.0; +http://yandex.com/bots)"
91.120.73.205 - - [21/Jun/2012:15:24:35 +0200] "GET / HTTP/1.1" 302 295 "-" "Mozilla/5.0 (Windows NT 5.1; rv:13.0) Gecko/20100101 Firefox/13.0.1"
94.21.246.193 - - [21/Jun/2012:18:52:55 +0200] "GET / HTTP/1.1" 302 295 "-" "Mozilla/5.0 (Windows NT 5.1; rv:13.0) Gecko/20100101 Firefox/13.0.1"
94.21.246.193 - - [21/Jun/2012:20:48:35 +0200] "GET / HTTP/1.1" 302 295 "-" "Mozilla/5.0 (Windows NT 5.1; rv:13.0) Gecko/20100101 Firefox/13.0.1"
195.228.206.205 - - [21/Jun/2012:21:42:51 +0200] "GET / HTTP/1.1" 302 295 "-" "Mozilla/4.0 (compatible; MSIE 7.0; Windows NT 5.1; .NET CLR 1.1.4322; InfoPath.3)"
195.228.206.205 - - [21/Jun/2012:21:42:55 +0200] "GET / HTTP/1.1" 302 295 "-" "Mozilla/4.0 (compatible; MSIE 7.0; Windows NT 5.1; .NET CLR 1.1.4322; InfoPath.3)"
195.228.206.205 - - [21/Jun/2012:21:45:20 +0200] "GET / HTTP/1.1" 302 295 "-" "Mozilla/4.0 (compatible; MSIE 7.0; Windows NT 5.1; .NET CLR 1.1.4322; InfoPath.3)"
81.182.58.226 - - [22/Jun/2012:06:58:39 +0200] "GET / HTTP/1.1" 302 295 "-" "Mozilla/4.0 (compatible; MSIE 7.0; Windows NT 5.1; .NET CLR 1.1.4322; InfoPath.3)"
81.182.58.226 - - [22/Jun/2012:06:58:41 +0200] "GET / HTTP/1.1" 302 295 "-" "Mozilla/4.0 (compatible; MSIE 7.0; Windows NT 5.1; .NET CLR 1.1.4322; InfoPath.3)"
81.182.58.226 - - [22/Jun/2012:07:24:53 +0200] "GET / HTTP/1.1" 302 295 "-" "Mozilla/4.0 (compatible; MSIE 7.0; Windows NT 5.1; .NET CLR 1.1.4322; InfoPath.3)"
81.182.58.226 - - [22/Jun/2012:07:24:57 +0200] "GET / HTTP/1.1" 302 295 "-" "Mozilla/4.0 (compatible; MSIE 7.0; Windows NT 5.1; .NET CLR 1.1.4322; InfoPath.3)"
81.182.58.226 - - [22/Jun/2012:08:13:46 +0200] "GET / HTTP/1.1" 302 295 "-" "Mozilla/4.0 (compatible; MSIE 7.0; Windows NT 5.1; .NET CLR 1.1.4322; InfoPath.3)"
81.182.58.226 - - [22/Jun/2012:08:13:49 +0200] "GET / HTTP/1.1" 302 295 "-" "Mozilla/4.0 (compatible; MSIE 7.0; Windows NT 5.1; .NET CLR 1.1.4322; InfoPath.3)"
81.182.58.226 - - [22/Jun/2012:08:38:54 +0200] "GET / HTTP/1.1" 302 295 "-" "Mozilla/4.0 (compatible; MSIE 7.0; Windows NT 5.1; .NET CLR 1.1.4322; InfoPath.3)"
81.182.58.226 - - [22/Jun/2012:08:38:56 +0200] "GET / HTTP/1.1" 302 295 "-" "Mozilla/4.0 (compatible; MSIE 7.0; Windows NT 5.1; .NET CLR 1.1.4322; InfoPath.3)"
91.120.98.178 - - [22/Jun/2012:10:34:02 +0200] "GET / HTTP/1.1" 302 295 "-" "Mozilla/5.0 (Windows NT 5.1; rv:13.0) Gecko/20100101 Firefox/13.0.1"
178.154.210.252 - - [22/Jun/2012:11:38:46 +0200] "GET /robots.txt HTTP/1.1" 404 1181 "-" "Mozilla/5.0 (compatible; YandexBot/3.0; +http://yandex.com/bots)"
81.182.58.226 - - [22/Jun/2012:11:41:22 +0200] "GET / HTTP/1.1" 302 295 "-" "Mozilla/4.0 (compatible; MSIE 7.0; Windows NT 5.1; .NET CLR 1.1.4322; InfoPath.3)"
81.182.58.226 - - [22/Jun/2012:11:41:24 +0200] "GET / HTTP/1.1" 302 295 "-" "Mozilla/4.0 (compatible; MSIE 7.0; Windows NT 5.1; .NET CLR 1.1.4322; InfoPath.3)"
91.120.98.178 - - [22/Jun/2012:11:50:32 +0200] "GET / HTTP/1.1" 302 295 "-" "Mozilla/5.0 (Windows NT 5.1; rv:13.0) Gecko/20100101 Firefox/13.0.1"
178.154.210.252 - - [22/Jun/2012:15:33:45 +0200] "GET / HTTP/1.1" 302 295 "-" "Mozilla/5.0 (compatible; YandexBot/3.0; +http://yandex.com/bots)"
199.87.253.125 - - [22/Jun/2012:15:40:20 +0200] "GET /robots.txt HTTP/1.1" 404 1181 "-" "Mozilla/5.0 (compatible; Blekkobot; ScoutJet; +http://blekko.com/about/blekkobot)"
188.36.198.33 - - [22/Jun/2012:21:58:18 +0200] "GET / HTTP/1.1" 302 295 "-" "Mozilla/5.0 (Windows NT 5.1; rv:12.0) Gecko/20100101 Firefox/12.0"
178.154.210.252 - - [22/Jun/2012:22:20:03 +0200] "GET / HTTP/1.1" 302 295 "-" "Mozilla/5.0 (compatible; YandexBot/3.0; +http://yandex.com/bots)"
188.36.198.33 - - [22/Jun/2012:23:12:38 +0200] "GET / HTTP/1.1" 302 295 "-" "Mozilla/4.0 (compatible; MSIE 7.0; Windows NT 5.1; .NET CLR 1.1.4322; InfoPath.3)"
188.36.198.33 - - [22/Jun/2012:23:12:41 +0200] "GET / HTTP/1.1" 302 295 "-" "Mozilla/4.0 (compatible; MSIE 7.0; Windows NT 5.1; .NET CLR 1.1.4322; InfoPath.3)"
109.74.61.168 - - [23/Jun/2012:01:03:18 +0200] "GET / HTTP/1.1" 302 295 "-" "Mozilla/5.0 (Windows NT 5.1; rv:7.0.1) Gecko/20100101 Firefox/7.0.1"
157.55.16.86 - - [23/Jun/2012:01:14:36 +0200] "GET /robots.txt HTTP/1.1" 404 1181 "-" "Mozilla/5.0 (compatible; bingbot/2.0; +http://www.bing.com/bingbot.htm)"
157.55.16.86 - - [23/Jun/2012:01:20:20 +0200] "GET / HTTP/1.1" 302 295 "-" "Mozilla/5.0 (compatible; bingbot/2.0; +http://www.bing.com/bingbot.htm)"
31.46.178.226 - - [23/Jun/2012:06:51:58 +0200] "GET / HTTP/1.1" 302 295 "-" "Mozilla/4.0 (compatible; MSIE 7.0; Windows NT 5.1; .NET CLR 1.1.4322; InfoPath.3)"
31.46.178.226 - - [23/Jun/2012:06:52:01 +0200] "GET / HTTP/1.1" 302 295 "-" "Mozilla/4.0 (compatible; MSIE 7.0; Windows NT 5.1; .NET CLR 1.1.4322; InfoPath.3)"
31.46.178.226 - - [23/Jun/2012:06:54:24 +0200] "GET / HTTP/1.1" 302 295 "-" "Mozilla/4.0 (compatible; MSIE 7.0; Windows NT 5.1; .NET CLR 1.1.4322; InfoPath.3)"
174.122.254.42 - - [23/Jun/2012:09:27:50 +0200] "HEAD /mailman/admindb/kozepregio HTTP/1.1" 404 0 "-" "Mozilla/5.0 (Windows; U; Windows NT 6.1; en-US) AppleWebKit/534.1 (KHTML, like Gecko) Chrome/6.0.428.0 Safari/534.1"
174.122.254.42 - - [23/Jun/2012:09:27:50 +0200] "GET /mailman/admindb/kozepregio HTTP/1.1" 404 1181 "-" "Mozilla/5.0 (Windows; U; Windows NT 6.1; en-US) AppleWebKit/534.1 (KHTML, like Gecko) Chrome/6.0.428.0 Safari/534.1"
178.154.210.252 - - [23/Jun/2012:12:51:35 +0200] "GET /robots.txt HTTP/1.1" 404 1181 "-" "Mozilla/5.0 (compatible; YandexBot/3.0; +http://yandex.com/bots)"
178.154.210.252 - - [23/Jun/2012:20:44:17 +0200] "GET / HTTP/1.1" 302 295 "-" "Mozilla/5.0 (compatible; YandexBot/3.0; +http://yandex.com/bots)"
174.122.254.42 - - [24/Jun/2012:11:11:10 +0200] "HEAD /mailman/listinfo/vaciwaldorf HTTP/1.1" 404 0 "-" "Mozilla/5.0 (Windows; U; Windows NT 6.1; en-US) AppleWebKit/534.1 (KHTML, like Gecko) Chrome/6.0.428.0 Safari/534.1"
174.122.254.42 - - [24/Jun/2012:11:11:11 +0200] "GET /mailman/listinfo/vaciwaldorf HTTP/1.1" 404 1181 "-" "Mozilla/5.0 (Windows; U; Windows NT 6.1; en-US) AppleWebKit/534.1 (KHTML, like Gecko) Chrome/6.0.428.0 Safari/534.1"
174.122.254.42 - - [24/Jun/2012:11:11:11 +0200] "HEAD /mailman/private/vaciwaldorf HTTP/1.1" 404 0 "-" "Mozilla/5.0 (Windows; U; Windows NT 6.1; en-US) AppleWebKit/534.1 (KHTML, like Gecko) Chrome/6.0.428.0 Safari/534.1"
174.122.254.42 - - [24/Jun/2012:11:11:11 +0200] "GET /mailman/private/vaciwaldorf HTTP/1.1" 404 1181 "-" "Mozilla/5.0 (Windows; U; Windows NT 6.1; en-US) AppleWebKit/534.1 (KHTML, like Gecko) Chrome/6.0.428.0 Safari/534.1"
178.154.210.252 - - [24/Jun/2012:13:27:04 +0200] "GET /robots.txt HTTP/1.1" 404 1181 "-" "Mozilla/5.0 (compatible; YandexBot/3.0; +http://yandex.com/bots)"
178.154.210.252 - - [24/Jun/2012:15:39:23 +0200] "GET / HTTP/1.1" 302 295 "-" "Mozilla/5.0 (compatible; YandexBot/3.0; +http://yandex.com/bots)"
109.74.61.168 - - [24/Jun/2012:17:25:40 +0200] "GET / HTTP/1.1" 302 295 "-" "Mozilla/5.0 (Windows NT 5.1; rv:7.0.1) Gecko/20100101 Firefox/7.0.1"
109.74.61.168 - - [25/Jun/2012:00:00:25 +0200] "GET / HTTP/1.1" 302 295 "-" "Mozilla/5.0 (Windows NT 5.1; rv:7.0.1) Gecko/20100101 Firefox/7.0.1"
109.74.61.168 - - [25/Jun/2012:06:53:08 +0200] "GET / HTTP/1.1" 302 295 "-" "Mozilla/5.0 (Windows NT 5.1; rv:7.0.1) Gecko/20100101 Firefox/7.0.1"
109.74.61.168 - - [25/Jun/2012:07:25:49 +0200] "GET / HTTP/1.1" 302 295 "-" "Mozilla/5.0 (Windows NT 5.1; rv:7.0.1) Gecko/20100101 Firefox/7.0.1"
91.120.109.39 - - [25/Jun/2012:09:55:18 +0200] "GET / HTTP/1.1" 302 295 "-" "Mozilla/5.0 (Windows NT 5.1; rv:13.0) Gecko/20100101 Firefox/13.0.1"
66.249.72.239 - - [25/Jun/2012:10:22:22 +0200] "GET /robots.txt HTTP/1.1" 404 1181 "-" "Mozilla/5.0 (compatible; Googlebot/2.1; +http://www.google.com/bot.html)"
66.249.72.239 - - [25/Jun/2012:10:22:22 +0200] "GET / HTTP/1.1" 302 295 "-" "Mozilla/5.0 (compatible; Googlebot/2.1; +http://www.google.com/bot.html)"
178.154.210.252 - - [25/Jun/2012:14:04:54 +0200] "GET /robots.txt HTTP/1.1" 404 1181 "-" "Mozilla/5.0 (compatible; YandexBot/3.0; +http://yandex.com/bots)"
91.120.109.39 - - [25/Jun/2012:15:22:09 +0200] "GET / HTTP/1.1" 302 295 "-" "Mozilla/5.0 (Windows NT 5.1; rv:13.0) Gecko/20100101 Firefox/13.0.1"
178.154.210.252 - - [25/Jun/2012:16:43:50 +0200] "GET / HTTP/1.1" 302 295 "-" "Mozilla/5.0 (compatible; YandexBot/3.0; +http://yandex.com/bots)"
84.236.48.106 - - [25/Jun/2012:17:25:47 +0200] "GET / HTTP/1.1" 302 295 "-" "Mozilla/5.0 (Windows NT 5.1; rv:13.0) Gecko/20100101 Firefox/13.0.1"
109.74.61.168 - - [25/Jun/2012:17:40:41 +0200] "GET / HTTP/1.1" 302 295 "-" "Mozilla/5.0 (Windows NT 5.1; rv:7.0.1) Gecko/20100101 Firefox/7.0.1"
81.183.156.224 - - [25/Jun/2012:17:46:10 +0200] "GET / HTTP/1.1" 302 295 "-" "Mozilla/4.0 (compatible; MSIE 7.0; Windows NT 5.1; .NET CLR 1.1.4322; InfoPath.3)"
81.183.156.224 - - [25/Jun/2012:17:46:15 +0200] "GET / HTTP/1.1" 302 295 "-" "Mozilla/4.0 (compatible; MSIE 7.0; Windows NT 5.1; .NET CLR 1.1.4322; InfoPath.3)"
109.74.61.168 - - [25/Jun/2012:17:58:16 +0200] "GET / HTTP/1.1" 302 295 "-" "Mozilla/5.0 (Windows NT 5.1; rv:7.0.1) Gecko/20100101 Firefox/7.0.1"
174.122.254.42 - - [25/Jun/2012:18:10:53 +0200] "HEAD /mailman/confirm/ipar/9ba84f08f0eb2c651ec394c5336a0ac601cf555a HTTP/1.1" 404 0 "-" "Mozilla/5.0 (Windows; U; Windows NT 6.1; en-US) AppleWebKit/534.1 (KHTML, like Gecko) Chrome/6.0.428.0 Safari/534.1"
174.122.254.42 - - [25/Jun/2012:18:10:53 +0200] "GET /mailman/confirm/ipar/9ba84f08f0eb2c651ec394c5336a0ac601cf555a HTTP/1.1" 404 1181 "-" "Mozilla/5.0 (Windows; U; Windows NT 6.1; en-US) AppleWebKit/534.1 (KHTML, like Gecko) Chrome/6.0.428.0 Safari/534.1"
81.183.156.224 - - [25/Jun/2012:19:32:23 +0200] "GET / HTTP/1.1" 302 295 "-" "Mozilla/4.0 (compatible; MSIE 7.0; Windows NT 5.1; .NET CLR 1.1.4322; InfoPath.3)"
81.183.156.224 - - [25/Jun/2012:19:32:26 +0200] "GET / HTTP/1.1" 302 295 "-" "Mozilla/4.0 (compatible; MSIE 7.0; Windows NT 5.1; .NET CLR 1.1.4322; InfoPath.3)"
86.101.231.141 - - [25/Jun/2012:20:18:00 +0200] "GET / HTTP/1.1" 302 295 "-" "Mozilla/4.0 (compatible; MSIE 8.0; Windows NT 5.1; Trident/4.0)"
86.101.231.141 - - [25/Jun/2012:20:18:04 +0200] "GET / HTTP/1.1" 302 295 "-" "Mozilla/4.0 (compatible; MSIE 8.0; Windows NT 5.1; Trident/4.0)"
84.236.48.106 - - [25/Jun/2012:20:59:21 +0200] "GET / HTTP/1.1" 302 295 "-" "Mozilla/5.0 (Windows NT 5.1; rv:13.0) Gecko/20100101 Firefox/13.0.1"
81.183.156.224 - - [25/Jun/2012:21:53:28 +0200] "GET / HTTP/1.1" 302 295 "-" "Mozilla/5.0 (Windows NT 5.1; rv:12.0) Gecko/20100101 Firefox/12.0"
109.74.61.168 - - [25/Jun/2012:23:18:34 +0200] "GET / HTTP/1.1" 302 295 "-" "Mozilla/5.0 (Windows NT 5.1; rv:7.0.1) Gecko/20100101 Firefox/7.0.1"
109.74.61.168 - - [25/Jun/2012:23:47:27 +0200] "GET / HTTP/1.1" 302 295 "-" "Mozilla/5.0 (Windows NT 5.1; rv:7.0.1) Gecko/20100101 Firefox/7.0.1"
81.182.58.93 - - [26/Jun/2012:06:27:15 +0200] "GET / HTTP/1.1" 302 295 "-" "Mozilla/4.0 (compatible; MSIE 7.0; Windows NT 5.1; .NET CLR 1.1.4322; InfoPath.3)"
81.182.58.93 - - [26/Jun/2012:06:27:17 +0200] "GET / HTTP/1.1" 302 295 "-" "Mozilla/4.0 (compatible; MSIE 7.0; Windows NT 5.1; .NET CLR 1.1.4322; InfoPath.3)"
109.74.61.168 - - [26/Jun/2012:09:49:54 +0200] "GET / HTTP/1.1" 302 295 "-" "Mozilla/5.0 (Windows NT 5.1; rv:7.0.1) Gecko/20100101 Firefox/7.0.1"
178.154.210.252 - - [26/Jun/2012:10:22:06 +0200] "GET / HTTP/1.1" 302 295 "-" "Mozilla/5.0 (compatible; YandexBot/3.0; +http://yandex.com/bots)"
81.182.58.93 - - [26/Jun/2012:11:28:04 +0200] "GET / HTTP/1.1" 302 295 "-" "Mozilla/4.0 (compatible; MSIE 7.0; Windows NT 5.1; .NET CLR 1.1.4322; InfoPath.3)"
81.182.58.93 - - [26/Jun/2012:11:28:07 +0200] "GET / HTTP/1.1" 302 295 "-" "Mozilla/4.0 (compatible; MSIE 7.0; Windows NT 5.1; .NET CLR 1.1.4322; InfoPath.3)"
81.182.58.93 - - [26/Jun/2012:11:33:34 +0200] "GET / HTTP/1.1" 302 295 "-" "Mozilla/4.0 (compatible; MSIE 7.0; Windows NT 5.1; .NET CLR 1.1.4322; InfoPath.3)"
81.182.58.93 - - [26/Jun/2012:11:33:36 +0200] "GET / HTTP/1.1" 302 295 "-" "Mozilla/4.0 (compatible; MSIE 7.0; Windows NT 5.1; .NET CLR 1.1.4322; InfoPath.3)"
91.120.109.39 - - [26/Jun/2012:11:56:07 +0200] "GET / HTTP/1.1" 302 295 "-" "Mozilla/5.0 (Windows NT 5.1; rv:13.0) Gecko/20100101 Firefox/13.0.1"
109.74.61.168 - - [26/Jun/2012:14:17:10 +0200] "GET / HTTP/1.1" 302 295 "-" "Mozilla/5.0 (Windows NT 5.1; rv:7.0.1) Gecko/20100101 Firefox/7.0.1"
91.120.109.39 - - [26/Jun/2012:14:40:19 +0200] "GET / HTTP/1.1" 302 295 "-" "Mozilla/5.0 (Windows NT 5.1; rv:13.0) Gecko/20100101 Firefox/13.0.1"
178.154.210.252 - - [26/Jun/2012:15:02:11 +0200] "GET /robots.txt HTTP/1.1" 404 1181 "-" "Mozilla/5.0 (compatible; YandexBot/3.0; +http://yandex.com/bots)"
86.101.231.141 - - [26/Jun/2012:16:02:46 +0200] "GET / HTTP/1.1" 302 295 "-" "Mozilla/4.0 (compatible; MSIE 8.0; Windows NT 5.1; Trident/4.0)"
86.101.231.141 - - [26/Jun/2012:16:02:50 +0200] "GET / HTTP/1.1" 302 295 "-" "Mozilla/4.0 (compatible; MSIE 8.0; Windows NT 5.1; Trident/4.0)"
91.120.109.39 - - [26/Jun/2012:16:03:50 +0200] "GET / HTTP/1.1" 302 295 "-" "Mozilla/5.0 (Windows NT 5.1; rv:13.0) Gecko/20100101 Firefox/13.0.1"
109.74.61.168 - - [26/Jun/2012:16:54:26 +0200] "GET / HTTP/1.1" 302 295 "-" "Mozilla/5.0 (Windows NT 5.1; rv:7.0.1) Gecko/20100101 Firefox/7.0.1"
50.112.227.3 - - [26/Jun/2012:21:39:36 +0200] "GET /mailman/private/vaciwaldorf HTTP/1.1" 404 1181 "-" "Mozilla/5.0 (X11; U; Linux i686; en-GB; rv:1.9b5) Gecko/2008041514 Firefox/3.0b5"
50.112.56.216 - - [26/Jun/2012:22:14:26 +0200] "GET /mailman/listinfo/vaciwaldorf HTTP/1.1" 404 1181 "-" "Mozilla/5.0 (X11; U; Linux i686; en-GB; rv:1.9b5) Gecko/2008041514 Firefox/3.0b5"
81.182.58.127 - - [26/Jun/2012:23:29:02 +0200] "GET / HTTP/1.1" 302 295 "-" "Mozilla/5.0 (Windows NT 5.1; rv:12.0) Gecko/20100101 Firefox/12.0"
178.154.210.252 - - [27/Jun/2012:02:28:08 +0200] "GET / HTTP/1.1" 302 295 "-" "Mozilla/5.0 (compatible; YandexBot/3.0; +http://yandex.com/bots)"
50.112.57.104 - - [27/Jun/2012:06:30:04 +0200] "GET /mailman/admindb/kozepregio HTTP/1.1" 404 1181 "-" "Mozilla/4.79 [en] (compatible; MSIE 7.0; Windows NT 5.0; .NET CLR 2.0.50727; InfoPath.2; .NET CLR 1.1.4322; .NET CLR 3.0.04506.30; .NET CLR 3.0.04506.648)"
50.112.227.3 - - [27/Jun/2012:07:54:19 +0200] "GET /mailman/listinfo/kothalo HTTP/1.1" 404 1181 "-" "Mozilla/4.0 (compatible; MSIE 7.0b; Windows NT 5.1; .NET CLR 1.0.3705; Media Center PC 3.1; Alexa Toolbar; .NET CLR 1.1.4322; .NET CLR 2.0.50727)"
145.236.188.123 - - [27/Jun/2012:08:24:24 +0200] "GET / HTTP/1.1" 302 295 "-" "Mozilla/4.0 (compatible; MSIE 7.0; Windows NT 5.1; .NET CLR 1.1.4322; InfoPath.3)"
145.236.188.123 - - [27/Jun/2012:08:24:26 +0200] "GET / HTTP/1.1" 302 295 "-" "Mozilla/4.0 (compatible; MSIE 7.0; Windows NT 5.1; .NET CLR 1.1.4322; InfoPath.3)"
50.112.33.93 - - [27/Jun/2012:09:07:14 +0200] "GET /mailman/private/vaciwaldorf HTTP/1.1" 404 1181 "-" "Mozilla/5.0 (X11; U; Linux i686; en-GB; rv:1.9b5) Gecko/2008041514 Firefox/3.0b5"
50.112.199.7 - - [27/Jun/2012:09:08:11 +0200] "GET /mailman/listinfo/vaciwaldorf HTTP/1.1" 404 1181 "-" "Mozilla/5.0 (compatible; MSIE 7.0; Windows NT 5.2; WOW64; .NET CLR 2.0.50727)"
91.120.167.16 - - [27/Jun/2012:10:23:18 +0200] "GET / HTTP/1.1" 302 295 "-" "Mozilla/5.0 (Windows NT 5.1; rv:13.0) Gecko/20100101 Firefox/13.0.1"
91.120.167.16 - - [27/Jun/2012:10:28:53 +0200] "GET / HTTP/1.1" 302 295 "-" "Mozilla/5.0 (Windows NT 5.1; rv:13.0) Gecko/20100101 Firefox/13.0.1"
50.112.24.126 - - [27/Jun/2012:11:06:52 +0200] "GET /mailman/admindb/kozepregio HTTP/1.1" 404 1181 "-" "Mozilla/5.0 (Windows; U; Windows NT 5.1; nl; rv:1.9b4) Gecko/2008030714 Firefox/3.0b4"
145.236.188.123 - - [27/Jun/2012:11:51:06 +0200] "GET / HTTP/1.1" 302 295 "-" "Mozilla/4.0 (compatible; MSIE 7.0; Windows NT 5.1; .NET CLR 1.1.4322; InfoPath.3)"
109.74.61.168 - - [27/Jun/2012:12:05:27 +0200] "GET / HTTP/1.1" 302 295 "-" "Mozilla/5.0 (Windows NT 5.1; rv:7.0.1) Gecko/20100101 Firefox/7.0.1"
109.74.61.168 - - [27/Jun/2012:13:05:21 +0200] "GET / HTTP/1.1" 302 295 "-" "Mozilla/5.0 (Windows NT 5.1; rv:7.0.1) Gecko/20100101 Firefox/7.0.1"
109.74.61.168 - - [27/Jun/2012:13:42:33 +0200] "GET / HTTP/1.1" 302 295 "-" "Mozilla/5.0 (Windows NT 5.1; rv:7.0.1) Gecko/20100101 Firefox/7.0.1"
91.120.167.16 - - [27/Jun/2012:14:29:31 +0200] "GET / HTTP/1.1" 302 295 "-" "Mozilla/5.0 (Windows NT 5.1; rv:13.0) Gecko/20100101 Firefox/13.0.1"
50.112.210.204 - - [27/Jun/2012:15:03:38 +0200] "GET /mailman/listinfo/kothalo HTTP/1.1" 404 1181 "-" "Mozilla/5.0 (X11; U; Linux i686; en-US; rv:1.9b4) Gecko/2008031317 Firefox/3.0b4"
50.112.59.2 - - [27/Jun/2012:15:04:05 +0200] "GET /mailman/private/kothalo HTTP/1.1" 404 1181 "-" "Mozilla/5.0 (Windows; U; Windows NT 5.1; lt; rv:1.9b4) Gecko/2008030714 Firefox/3.0b4"
178.154.210.252 - - [27/Jun/2012:15:16:39 +0200] "GET /robots.txt HTTP/1.1" 404 1181 "-" "Mozilla/5.0 (compatible; YandexBot/3.0; +http://yandex.com/bots)"
91.120.167.16 - - [27/Jun/2012:15:41:52 +0200] "GET / HTTP/1.1" 302 295 "-" "Mozilla/5.0 (Windows NT 5.1; rv:13.0) Gecko/20100101 Firefox/13.0.1"
193.224.69.194 - - [27/Jun/2012:16:04:09 +0200] "GET / HTTP/1.1" 302 295 "-" "Mozilla/4.0 (compatible; MSIE 8.0; Windows NT 5.1; Trident/4.0; .NET CLR 1.1.4322; .NET CLR 2.0.50727; .NET CLR 3.0.4506.2152; .NET CLR 3.5.30729)"
193.224.69.194 - - [27/Jun/2012:16:04:12 +0200] "GET / HTTP/1.1" 302 295 "-" "Mozilla/4.0 (compatible; MSIE 8.0; Windows NT 5.1; Trident/4.0; .NET CLR 1.1.4322; .NET CLR 2.0.50727; .NET CLR 3.0.4506.2152; .NET CLR 3.5.30729)"
109.74.61.168 - - [27/Jun/2012:18:03:11 +0200] "GET / HTTP/1.1" 302 295 "-" "Mozilla/5.0 (Windows NT 5.1; rv:7.0.1) Gecko/20100101 Firefox/7.0.1"
178.154.210.252 - - [27/Jun/2012:18:13:07 +0200] "GET / HTTP/1.1" 302 295 "-" "Mozilla/5.0 (compatible; YandexBot/3.0; +http://yandex.com/bots)"
178.154.210.252 - - [27/Jun/2012:21:47:05 +0200] "GET / HTTP/1.1" 302 295 "-" "Mozilla/5.0 (compatible; YandexBot/3.0; +http://yandex.com/bots)"
50.112.70.119 - - [27/Jun/2012:22:21:18 +0200] "GET /mailman/confirm/etk-lista/fd0926c761d2ace3cc19bed412f1222aa1004f86 HTTP/1.1" 404 1181 "-" "Mozilla/5.0 (MSIE 7.0; Macintosh; U; SunOS; X11; gu; SV1; InfoPath.2; .NET CLR 3.0.04506.30; .NET CLR 3.0.04506.648)"
50.112.217.248 - - [28/Jun/2012:00:16:02 +0200] "GET /mailman/confirm/knmcs/b15f1baa184f58d602a6e60614212bb54c9a0e86 HTTP/1.1" 404 1181 "-" "Mozilla/5.0 (Windows; U; Windows NT 5.2; fr; rv:1.9b5) Gecko/2008032620 Firefox/3.0b5"
50.112.48.104 - - [28/Jun/2012:02:16:11 +0200] "GET /mailman/confirm/knmcs/b15f1baa184f58d602a6e60614212bb54c9a0e86 HTTP/1.1" 404 1181 "-" "Mozilla/5.0 (X11; U; Linux i686; en-US; rv:1.9.0.2) Gecko/2008092313 Ubuntu/8.04 (hardy) Firefox/3.1"
109.74.61.168 - - [28/Jun/2012:08:18:40 +0200] "GET / HTTP/1.1" 302 295 "-" "Mozilla/5.0 (Windows NT 5.1; rv:7.0.1) Gecko/20100101 Firefox/7.0.1"
84.0.118.141 - - [28/Jun/2012:09:09:21 +0200] "GET / HTTP/1.1" 302 295 "-" "Mozilla/4.0 (compatible; MSIE 7.0; Windows NT 5.1; .NET CLR 1.1.4322; InfoPath.3)"
84.0.118.141 - - [28/Jun/2012:09:09:23 +0200] "GET / HTTP/1.1" 302 295 "-" "Mozilla/4.0 (compatible; MSIE 7.0; Windows NT 5.1; .NET CLR 1.1.4322; InfoPath.3)"
193.225.204.108 - - [28/Jun/2012:11:02:20 +0200] "GET / HTTP/1.1" 302 295 "-" "Mozilla/4.0 (compatible; MSIE 8.0; Windows NT 5.1; Trident/4.0; .NET CLR 2.0.50727; .NET CLR 3.0.4506.2152; .NET CLR 3.5.30729; AskTbORJ/5.14.1.20007)"
193.225.204.108 - - [28/Jun/2012:11:02:23 +0200] "GET / HTTP/1.1" 302 295 "-" "Mozilla/4.0 (compatible; MSIE 8.0; Windows NT 5.1; Trident/4.0; .NET CLR 2.0.50727; .NET CLR 3.0.4506.2152; .NET CLR 3.5.30729; AskTbORJ/5.14.1.20007)"
84.0.118.141 - - [28/Jun/2012:12:30:57 +0200] "GET / HTTP/1.1" 302 295 "-" "Mozilla/4.0 (compatible; MSIE 7.0; Windows NT 5.1; .NET CLR 1.1.4322; InfoPath.3)"
84.0.118.141 - - [28/Jun/2012:12:31:00 +0200] "GET / HTTP/1.1" 302 295 "-" "Mozilla/4.0 (compatible; MSIE 7.0; Windows NT 5.1; .NET CLR 1.1.4322; InfoPath.3)"
178.154.210.252 - - [28/Jun/2012:15:37:47 +0200] "GET /robots.txt HTTP/1.1" 404 1181 "-" "Mozilla/5.0 (compatible; YandexBot/3.0; +http://yandex.com/bots)"
178.154.210.252 - - [28/Jun/2012:15:47:07 +0200] "GET / HTTP/1.1" 302 295 "-" "Mozilla/5.0 (compatible; YandexBot/3.0; +http://yandex.com/bots)"
193.224.69.194 - - [28/Jun/2012:16:43:06 +0200] "GET / HTTP/1.1" 302 295 "-" "Mozilla/4.0 (compatible; MSIE 8.0; Windows NT 5.1; Trident/4.0; .NET CLR 1.1.4322; .NET CLR 2.0.50727; .NET CLR 3.0.4506.2152; .NET CLR 3.5.30729)"
193.224.69.194 - - [28/Jun/2012:16:43:08 +0200] "GET / HTTP/1.1" 302 295 "-" "Mozilla/4.0 (compatible; MSIE 8.0; Windows NT 5.1; Trident/4.0; .NET CLR 1.1.4322; .NET CLR 2.0.50727; .NET CLR 3.0.4506.2152; .NET CLR 3.5.30729)"
188.143.79.135 - - [28/Jun/2012:18:38:02 +0200] "GET / HTTP/1.1" 302 295 "-" "Mozilla/5.0 (Windows NT 5.1; rv:13.0) Gecko/20100101 Firefox/13.0.1"
86.101.231.129 - - [28/Jun/2012:18:43:59 +0200] "GET / HTTP/1.1" 302 295 "-" "Mozilla/4.0 (compatible; MSIE 8.0; Windows NT 5.1; Trident/4.0)"
86.101.231.129 - - [28/Jun/2012:18:44:03 +0200] "GET / HTTP/1.1" 302 295 "-" "Mozilla/4.0 (compatible; MSIE 8.0; Windows NT 5.1; Trident/4.0)"
86.101.231.129 - - [28/Jun/2012:18:56:45 +0200] "GET / HTTP/1.1" 302 295 "-" "Mozilla/4.0 (compatible; MSIE 8.0; Windows NT 5.1; Trident/4.0)"
86.101.231.129 - - [28/Jun/2012:18:56:47 +0200] "GET / HTTP/1.1" 302 295 "-" "Mozilla/4.0 (compatible; MSIE 8.0; Windows NT 5.1; Trident/4.0)"
86.101.231.129 - - [28/Jun/2012:18:58:37 +0200] "GET / HTTP/1.1" 302 295 "-" "Mozilla/4.0 (compatible; MSIE 8.0; Windows NT 5.1; Trident/4.0)"
86.101.231.129 - - [28/Jun/2012:18:58:39 +0200] "GET / HTTP/1.1" 302 295 "-" "Mozilla/4.0 (compatible; MSIE 8.0; Windows NT 5.1; Trident/4.0)"
178.154.210.252 - - [28/Jun/2012:19:34:24 +0200] "GET / HTTP/1.1" 302 295 "-" "Mozilla/5.0 (compatible; YandexBot/3.0; +http://yandex.com/bots)"
109.74.61.168 - - [28/Jun/2012:21:32:39 +0200] "GET / HTTP/1.1" 302 295 "-" "Mozilla/5.0 (Windows NT 5.1; rv:7.0.1) Gecko/20100101 Firefox/7.0.1"
145.236.3.119 - - [28/Jun/2012:22:57:11 +0200] "GET / HTTP/1.1" 302 295 "-" "Mozilla/4.0 (compatible; MSIE 7.0; Windows NT 5.1; .NET CLR 1.1.4322; InfoPath.3)"
145.236.3.119 - - [28/Jun/2012:22:57:13 +0200] "GET / HTTP/1.1" 302 295 "-" "Mozilla/4.0 (compatible; MSIE 7.0; Windows NT 5.1; .NET CLR 1.1.4322; InfoPath.3)"
178.154.210.252 - - [28/Jun/2012:23:21:11 +0200] "GET / HTTP/1.1" 302 295 "-" "Mozilla/5.0 (compatible; YandexBot/3.0; +http://yandex.com/bots)"
213.186.120.196 - - [28/Jun/2012:23:24:14 +0200] "GET /robots.txt HTTP/1.1" 404 1181 "-" "Mozilla/5.0 (compatible; AhrefsBot/3.1; +http://ahrefs.com/robot/)"
174.122.254.42 - - [29/Jun/2012:02:05:41 +0200] "HEAD /mailman/confirm/gaiakuld/020e05d8e0072ff50fc2dbda3ca6dacbbc44b0fa HTTP/1.1" 404 0 "-" "Mozilla/5.0 (Windows; U; Windows NT 6.1; en-US) AppleWebKit/534.1 (KHTML, like Gecko) Chrome/6.0.428.0 Safari/534.1"
174.122.254.42 - - [29/Jun/2012:02:05:41 +0200] "GET /mailman/confirm/gaiakuld/020e05d8e0072ff50fc2dbda3ca6dacbbc44b0fa HTTP/1.1" 404 1181 "-" "Mozilla/5.0 (Windows; U; Windows NT 6.1; en-US) AppleWebKit/534.1 (KHTML, like Gecko) Chrome/6.0.428.0 Safari/534.1"
109.74.61.168 - - [29/Jun/2012:08:11:24 +0200] "GET / HTTP/1.1" 302 295 "-" "Mozilla/5.0 (Windows NT 5.1; rv:7.0.1) Gecko/20100101 Firefox/7.0.1"
81.183.98.45 - - [29/Jun/2012:08:52:28 +0200] "GET / HTTP/1.1" 302 295 "-" "Mozilla/5.0 (X11; U; Linux i686; hu-HU; rv:1.9.2.17) Gecko/20110422 Ubuntu/8.04 (hardy) Firefox/3.6.17"
91.120.167.16 - - [29/Jun/2012:09:36:18 +0200] "GET / HTTP/1.1" 302 295 "-" "Mozilla/5.0 (Windows NT 5.1; rv:13.0) Gecko/20100101 Firefox/13.0.1"
109.74.61.168 - - [29/Jun/2012:14:32:04 +0200] "GET / HTTP/1.1" 302 295 "-" "Mozilla/5.0 (Windows NT 5.1; rv:7.0.1) Gecko/20100101 Firefox/7.0.1"
178.154.210.252 - - [29/Jun/2012:15:53:43 +0200] "GET /robots.txt HTTP/1.1" 404 1181 "-" "Mozilla/5.0 (compatible; YandexBot/3.0; +http://yandex.com/bots)"
109.74.61.168 - - [29/Jun/2012:18:04:35 +0200] "GET / HTTP/1.1" 302 295 "-" "Mozilla/5.0 (Windows NT 5.1; rv:7.0.1) Gecko/20100101 Firefox/7.0.1"
174.122.254.42 - - [29/Jun/2012:18:20:56 +0200] "HEAD /mailman/listinfo/kothalo HTTP/1.1" 404 0 "-" "Mozilla/5.0 (Windows; U; Windows NT 6.1; en-US) AppleWebKit/534.1 (KHTML, like Gecko) Chrome/6.0.428.0 Safari/534.1"
174.122.254.42 - - [29/Jun/2012:18:20:59 +0200] "GET /mailman/listinfo/kothalo HTTP/1.1" 404 1181 "-" "Mozilla/5.0 (Windows; U; Windows NT 6.1; en-US) AppleWebKit/534.1 (KHTML, like Gecko) Chrome/6.0.428.0 Safari/534.1"
86.101.231.141 - - [29/Jun/2012:19:23:10 +0200] "GET / HTTP/1.1" 302 295 "-" "Mozilla/4.0 (compatible; MSIE 8.0; Windows NT 5.1; Trident/4.0; .NET CLR 2.0.50727; .NET CLR 3.0.4506.2152; .NET CLR 3.5.30729)"
86.101.231.141 - - [29/Jun/2012:19:23:13 +0200] "GET / HTTP/1.1" 302 295 "-" "Mozilla/4.0 (compatible; MSIE 8.0; Windows NT 5.1; Trident/4.0; .NET CLR 2.0.50727; .NET CLR 3.0.4506.2152; .NET CLR 3.5.30729)"
178.154.210.252 - - [29/Jun/2012:19:53:15 +0200] "GET / HTTP/1.1" 302 295 "-" "Mozilla/5.0 (compatible; YandexBot/3.0; +http://yandex.com/bots)"
84.0.87.146 - - [29/Jun/2012:23:00:57 +0200] "GET / HTTP/1.1" 302 295 "-" "Mozilla/4.0 (compatible; MSIE 7.0; Windows NT 5.1; .NET CLR 1.1.4322; InfoPath.3)"
84.0.87.146 - - [29/Jun/2012:23:01:01 +0200] "GET / HTTP/1.1" 302 295 "-" "Mozilla/4.0 (compatible; MSIE 7.0; Windows NT 5.1; .NET CLR 1.1.4322; InfoPath.3)"
50.112.195.150 - - [30/Jun/2012:03:50:18 +0200] "GET /mailman/listinfo/kothalo HTTP/1.1" 404 1181 "-" "Mozilla/5.0 (X11; U; Linux x86_64; en-US; rv:1.9b4) Gecko/2008031318 Firefox/3.0b4"
50.112.56.212 - - [30/Jun/2012:04:03:28 +0200] "GET /mailman/listinfo/kothalo HTTP/1.1" 404 1181 "-" "Mozilla/4.0 (compatible; MSIE 6.0; America Online Browser 1.1; rev1.5; Windows NT 5.1; SV1; .NET CLR 1.1.4322; InfoPath.1)"
50.112.222.7 - - [30/Jun/2012:04:20:38 +0200] "GET /mailman/listinfo/kothalo HTTP/1.1" 404 1181 "-" "Mozilla/4.0 (compatible; MSIE 6.0; America Online Browser 1.1; Windows NT 5.1; SV1; .NET CLR 1.0.3705; .NET CLR 1.1.4322)"
50.112.56.150 - - [30/Jun/2012:04:35:37 +0200] "GET /mailman/confirm/gaiakuld/020e05d8e0072ff50fc2dbda3ca6dacbbc44b0fa HTTP/1.1" 404 1181 "-" "Mozilla/4.0 (compatible; MSIE 7.0; America Online Browser 1.1; rev1.2; Windows NT 5.1; SV1; .NET CLR 1.1.4322)"
50.112.57.120 - - [30/Jun/2012:04:45:36 +0200] "GET /mailman/listinfo/kothalo HTTP/1.1" 404 1181 "-" "Mozilla/4.0 (Windows; MSIE 7.0; Windows NT 5.1; SV1; .NET CLR 2.0.50727)"
50.112.38.44 - - [30/Jun/2012:05:18:53 +0200] "GET /mailman/listinfo/kothalo HTTP/1.1" 404 1181 "-" "Mozilla/4.0 (compatible; MSIE 6.0; America Online Browser 1.1; Windows NT 5.1; FunWebProducts; (R1 1.5); HbTools 4.7.7)"
174.122.254.42 - - [30/Jun/2012:07:15:05 +0200] "HEAD /mailman/confirm/mkmr-emas/d18bab2d04d97d409fe6fc992c011d08b6d8130b HTTP/1.1" 404 0 "-" "Mozilla/5.0 (Windows; U; Windows NT 6.1; en-US) AppleWebKit/534.1 (KHTML, like Gecko) Chrome/6.0.428.0 Safari/534.1"
174.122.254.42 - - [30/Jun/2012:07:15:06 +0200] "GET /mailman/confirm/mkmr-emas/d18bab2d04d97d409fe6fc992c011d08b6d8130b HTTP/1.1" 404 1181 "-" "Mozilla/5.0 (Windows; U; Windows NT 6.1; en-US) AppleWebKit/534.1 (KHTML, like Gecko) Chrome/6.0.428.0 Safari/534.1"
174.122.254.42 - - [30/Jun/2012:07:18:36 +0200] "HEAD /mailman/confirm/munka/9a608681a48a0196f99405b3ce90d2a87c6c7425 HTTP/1.1" 404 0 "-" "Mozilla/5.0 (Windows; U; Windows NT 6.1; en-US) AppleWebKit/534.1 (KHTML, like Gecko) Chrome/6.0.428.0 Safari/534.1"
174.122.254.42 - - [30/Jun/2012:07:18:36 +0200] "GET /mailman/confirm/munka/9a608681a48a0196f99405b3ce90d2a87c6c7425 HTTP/1.1" 404 1181 "-" "Mozilla/5.0 (Windows; U; Windows NT 6.1; en-US) AppleWebKit/534.1 (KHTML, like Gecko) Chrome/6.0.428.0 Safari/534.1"
174.122.254.42 - - [30/Jun/2012:07:29:41 +0200] "HEAD /mailman/confirm/talentum/7564fd2ffffd1a4560966cd9e05b79d39f23a321 HTTP/1.1" 404 0 "-" "Mozilla/5.0 (Windows; U; Windows NT 6.1; en-US) AppleWebKit/534.1 (KHTML, like Gecko) Chrome/6.0.428.0 Safari/534.1"
174.122.254.42 - - [30/Jun/2012:07:29:41 +0200] "GET /mailman/confirm/talentum/7564fd2ffffd1a4560966cd9e05b79d39f23a321 HTTP/1.1" 404 1181 "-" "Mozilla/5.0 (Windows; U; Windows NT 6.1; en-US) AppleWebKit/534.1 (KHTML, like Gecko) Chrome/6.0.428.0 Safari/534.1"
178.154.210.252 - - [30/Jun/2012:09:36:34 +0200] "GET / HTTP/1.1" 302 295 "-" "Mozilla/5.0 (compatible; YandexBot/3.0; +http://yandex.com/bots)"
84.0.87.149 - - [30/Jun/2012:09:52:17 +0200] "GET / HTTP/1.1" 302 295 "-" "Mozilla/4.0 (compatible; MSIE 7.0; Windows NT 5.1; .NET CLR 1.1.4322; InfoPath.3)"
84.0.87.149 - - [30/Jun/2012:09:52:20 +0200] "GET / HTTP/1.1" 302 295 "-" "Mozilla/4.0 (compatible; MSIE 7.0; Windows NT 5.1; .NET CLR 1.1.4322; InfoPath.3)"
50.112.48.65 - - [30/Jun/2012:10:46:29 +0200] "GET /mailman/confirm/munka/9a608681a48a0196f99405b3ce90d2a87c6c7425 HTTP/1.1" 404 1181 "-" "Mozilla/4.0 (compatible; MSIE 7.0b; Windows NT 5.1; .NET CLR 1.1.4322; .NET CLR 2.0.40607)"
50.112.57.121 - - [30/Jun/2012:10:46:31 +0200] "GET /mailman/confirm/mkmr-emas/d18bab2d04d97d409fe6fc992c011d08b6d8130b HTTP/1.1" 404 1181 "-" "Mozilla/4.0 (compatible; MSIE 7.0; Windows NT 6.0;)"
50.112.56.150 - - [30/Jun/2012:10:46:32 +0200] "GET /mailman/confirm/talentum/7564fd2ffffd1a4560966cd9e05b79d39f23a321 HTTP/1.1" 404 1181 "-" "Mozilla/5.0 (X11; U; Linux i686; en-US; rv:1.9.0.2) Gecko/2008092313 Ubuntu/8.04 (hardy) Firefox/3.1"
50.112.13.31 - - [30/Jun/2012:11:22:51 +0200] "GET /mailman/confirm/munka/9a608681a48a0196f99405b3ce90d2a87c6c7425 HTTP/1.1" 404 1181 "-" "Mozilla/4.0 (compatible; MSIE 8.0; Windows NT 5.1; Trident/4.0; .NET CLR 1.1.4322; .NET CLR 2.0.50727; .NET CLR 3.0.04506.30; .NET CLR 3.0.4506.2152; .NET CLR 3.5.30729)"
50.112.192.150 - - [30/Jun/2012:11:22:53 +0200] "GET /mailman/confirm/mkmr-emas/d18bab2d04d97d409fe6fc992c011d08b6d8130b HTTP/1.1" 404 1181 "-" "Mozilla/5.0 (X11; U; Linux x86_64; en-US; rv:1.9b4) Gecko/2008040813 Firefox/3.0b4"
50.112.57.121 - - [30/Jun/2012:11:22:54 +0200] "GET /mailman/confirm/talentum/7564fd2ffffd1a4560966cd9e05b79d39f23a321 HTTP/1.1" 404 1181 "-" "Mozilla/5.0 (X11; U; Linux i686; en-GB; rv:1.9b5) Gecko/2008041514 Firefox/3.0b5"
50.112.56.212 - - [30/Jun/2012:12:02:44 +0200] "GET /mailman/confirm/munka/9a608681a48a0196f99405b3ce90d2a87c6c7425 HTTP/1.1" 404 1181 "-" "Mozilla/4.0 (compatible; MSIE 7.0; Windows NT 6.0; WOW64; SLCC1; .NET CLR 2.0.50727; .NET CLR 3.0.04506; Media Center PC 5.0; .NET CLR 3.5.21022; InfoPath.2)"
50.112.56.150 - - [30/Jun/2012:12:02:44 +0200] "GET /mailman/confirm/mkmr-emas/d18bab2d04d97d409fe6fc992c011d08b6d8130b HTTP/1.1" 404 1181 "-" "Mozilla/4.0 (compatible; MSIE 6.0; America Online Browser 1.1; Windows NT 5.1; SV1; .NET CLR 1.0.3705; .NET CLR 1.1.4322)"
50.112.57.121 - - [30/Jun/2012:12:43:39 +0200] "GET /mailman/confirm/munka/9a608681a48a0196f99405b3ce90d2a87c6c7425 HTTP/1.1" 404 1181 "-" "Mozilla/4.0 (compatible; MSIE 7.0; America Online Browser 1.1; rev1.2; Windows NT 5.1; SV1; .NET CLR 1.1.4322)"
178.255.87.241 - - [30/Jun/2012:12:52:56 +0200] "GET /robots.txt HTTP/1.1" 404 1181 "-" "Comodo-Certificates-Spider"
178.255.87.241 - - [30/Jun/2012:12:52:56 +0200] "GET / HTTP/1.1" 302 295 "-" "Comodo-Certificates-Spider"
178.255.87.241 - - [30/Jun/2012:12:52:57 +0200] "GET / HTTP/1.1" 302 295 "-" "Comodo-Certificates-Spider"
50.112.213.8 - - [30/Jun/2012:13:28:02 +0200] "GET /mailman/confirm/munka/9a608681a48a0196f99405b3ce90d2a87c6c7425 HTTP/1.1" 404 1181 "-" "Mozilla/5.0 (X11; U; Linux i686; en-US; rv:1.9b4pre) Gecko/2008021714 Firefox/3.0b4pre (Swiftfox)"
50.112.56.212 - - [30/Jun/2012:14:11:38 +0200] "GET /mailman/confirm/munka/9a608681a48a0196f99405b3ce90d2a87c6c7425 HTTP/1.1" 404 1181 "-" "Mozilla/5.0 (X11; U; Linux i686; ru; rv:1.9b5) Gecko/2008032600 SUSE/2.9.95-25.1 Firefox/3.0b5"
50.112.48.65 - - [30/Jun/2012:14:55:58 +0200] "GET /mailman/confirm/munka/9a608681a48a0196f99405b3ce90d2a87c6c7425 HTTP/1.1" 404 1181 "-" "Mozilla/4.0 (compatible; MSIE 7.0; Windows NT 6.0; WOW64; SLCC1; .NET CLR 2.0.50727; .NET CLR 3.0.04506; Media Center PC 5.0; .NET CLR 3.5.21022; MEGAUPLOAD 2.0)"
50.112.13.31 - - [30/Jun/2012:15:42:21 +0200] "GET /mailman/confirm/munka/9a608681a48a0196f99405b3ce90d2a87c6c7425 HTTP/1.1" 404 1181 "-" "Mozilla/5.0 (Windows; U; Windows NT 6.0; pl; rv:1.9b4) Gecko/2008030714 Firefox/3.0b4"
50.112.217.248 - - [30/Jun/2012:16:16:42 +0200] "GET /mailman/confirm/munka/9a608681a48a0196f99405b3ce90d2a87c6c7425 HTTP/1.1" 404 1181 "-" "Mozilla/5.0 (X11; U; Linux x86_64; en-US; rv:1.9pre) Gecko/2008042312 Firefox/3.0b5"
50.112.57.19 - - [30/Jun/2012:20:46:05 +0200] "GET /mailman/admindb/nca HTTP/1.1" 404 1181 "-" "Mozilla/5.0 (X11; U; Linux i686; de; rv:1.9b5) Gecko/2008050509 Firefox/3.0b5"
174.122.254.42 - - [30/Jun/2012:21:02:08 +0200] "HEAD /mailman/admindb/nca HTTP/1.1" 404 0 "-" "Mozilla/5.0 (Windows; U; Windows NT 6.1; en-US) AppleWebKit/534.1 (KHTML, like Gecko) Chrome/6.0.428.0 Safari/534.1"
174.122.254.42 - - [30/Jun/2012:21:02:09 +0200] "GET /mailman/admindb/nca HTTP/1.1" 404 1181 "-" "Mozilla/5.0 (Windows; U; Windows NT 6.1; en-US) AppleWebKit/534.1 (KHTML, like Gecko) Chrome/6.0.428.0 Safari/534.1"
178.154.210.252 - - [30/Jun/2012:22:18:43 +0200] "GET /robots.txt HTTP/1.1" 404 1181 "-" "Mozilla/5.0 (compatible; YandexBot/3.0; +http://yandex.com/bots)"
188.6.56.236 - - [30/Jun/2012:22:19:28 +0200] "GET / HTTP/1.1" 302 295 "-" "Mozilla/4.0 (compatible; MSIE 7.0; Windows NT 5.1; .NET CLR 1.1.4322; InfoPath.3)"
188.6.56.236 - - [30/Jun/2012:22:19:31 +0200] "GET / HTTP/1.1" 302 295 "-" "Mozilla/4.0 (compatible; MSIE 7.0; Windows NT 5.1; .NET CLR 1.1.4322; InfoPath.3)"