178.154.210.252 - - [01/Jul/2012:06:01:04 +0200] "GET / HTTP/1.1" 302 295 "-" "Mozilla/5.0 (compatible; YandexBot/3.0; +http://yandex.com/bots)"
50.112.25.171 - - [01/Jul/2012:10:27:46 +0200] "GET /mailman/admindb/nca HTTP/1.1" 404 1181 "-" "Mozilla/4.0 (compatible; MSIE 6.0; America Online Browser 1.1; Windows NT 5.1; SV1; HbTools 4.7.0)"
50.112.57.104 - - [01/Jul/2012:10:40:41 +0200] "GET /mailman/listinfo/kothalo HTTP/1.1" 404 1181 "-" "Mozilla/4.0 (compatible; MSIE 8.0; Windows NT 5.1; Trident/4.0; .NET CLR 1.1.4322; .NET CLR 2.0.50727; .NET CLR 3.0.04506.30)"
50.112.206.150 - - [01/Jul/2012:10:48:23 +0200] "GET /mailman/confirm/munka/9a608681a48a0196f99405b3ce90d2a87c6c7425 HTTP/1.1" 404 1181 "-" "Mozilla/5.0 (X11; U; Linux i686; en-US; rv:1.9b4) Gecko/2008031317 Firefox/3.0b4"
50.112.228.194 - - [01/Jul/2012:10:48:26 +0200] "GET /mailman/confirm/mkmr-emas/d18bab2d04d97d409fe6fc992c011d08b6d8130b HTTP/1.1" 404 1181 "-" "Mozilla/5.0 (Windows; U; Windows NT 6.0; fr; rv:1.9.1b1) Gecko/20081007 Firefox/3.1b1"
50.112.33.93 - - [01/Jul/2012:10:48:28 +0200] "GET /mailman/confirm/talentum/7564fd2ffffd1a4560966cd9e05b79d39f23a321 HTTP/1.1" 404 1181 "-" "Mozilla/5.0 (Windows; U; Windows NT 5.1; nl; rv:1.9b4) Gecko/2008030714 Firefox/3.0b4"
50.112.57.119 - - [01/Jul/2012:10:57:54 +0200] "GET /mailman/confirm/gaiakuld/020e05d8e0072ff50fc2dbda3ca6dacbbc44b0fa HTTP/1.1" 404 1181 "-" "Mozilla/5.0 (X11; U; Linux x86_64; en-US; rv:1.9b4) Gecko/2008031318 Firefox/3.0b4"
50.112.38.44 - - [01/Jul/2012:12:32:10 +0200] "GET /mailman/admindb/nca HTTP/1.1" 404 1181 "-" "Mozilla/4.0 (compatible; MSIE 7.0b; Windows NT 5.1; .NET CLR 1.1.4322; InfoPath.1)"
50.112.24.126 - - [01/Jul/2012:12:44:42 +0200] "GET /mailman/listinfo/kothalo HTTP/1.1" 404 1181 "-" "Mozilla/4.0 (Mozilla/4.0; MSIE 7.0; Windows NT 5.1; FDM; SV1; .NET CLR 3.0.04506.30)"
50.112.204.115 - - [01/Jul/2012:12:53:09 +0200] "GET /mailman/confirm/munka/9a608681a48a0196f99405b3ce90d2a87c6c7425 HTTP/1.1" 404 1181 "-" "Mozilla/5.0 (X11; U; Linux i686; en-US; rv:1.9b4) Gecko/2008031317 Firefox/3.0b4"
109.74.61.168 - - [01/Jul/2012:12:53:12 +0200] "GET / HTTP/1.1" 302 295 "-" "Mozilla/5.0 (Windows NT 5.1; rv:7.0.1) Gecko/20100101 Firefox/7.0.1"
50.112.56.180 - - [01/Jul/2012:12:53:14 +0200] "GET /mailman/confirm/talentum/7564fd2ffffd1a4560966cd9e05b79d39f23a321 HTTP/1.1" 404 1181 "-" "Mozilla/4.0 (compatible; MSIE 6.0; America Online Browser 1.1; Windows NT 5.1; SV1; .NET CLR 1.0.3705; .NET CLR 1.1.4322)"
50.112.57.120 - - [01/Jul/2012:13:03:12 +0200] "GET /mailman/confirm/gaiakuld/020e05d8e0072ff50fc2dbda3ca6dacbbc44b0fa HTTP/1.1" 404 1181 "-" "Mozilla/5.0 (Windows; U; Windows NT 6.0; de; rv:1.9b5) Gecko/2008032620 Firefox/3.0b5"
174.122.254.42 - - [01/Jul/2012:13:07:04 +0200] "HEAD /mailman/admindb/nca HTTP/1.1" 404 0 "-" "Mozilla/5.0 (Windows; U; Windows NT 6.1; en-US) AppleWebKit/534.1 (KHTML, like Gecko) Chrome/6.0.428.0 Safari/534.1"
174.122.254.42 - - [01/Jul/2012:13:07:04 +0200] "GET /mailman/admindb/nca HTTP/1.1" 404 1181 "-" "Mozilla/5.0 (Windows; U; Windows NT 6.1; en-US) AppleWebKit/534.1 (KHTML, like Gecko) Chrome/6.0.428.0 Safari/534.1"
174.122.254.42 - - [01/Jul/2012:15:20:16 +0200] "HEAD /mailman/confirm/munka/cc7c4aad8f623003bea12ad309749f62525bb2d9 HTTP/1.1" 404 0 "-" "Mozilla/5.0 (Windows; U; Windows NT 6.1; en-US) AppleWebKit/534.1 (KHTML, like Gecko) Chrome/6.0.428.0 Safari/534.1"
174.122.254.42 - - [01/Jul/2012:15:20:16 +0200] "GET /mailman/confirm/munka/cc7c4aad8f623003bea12ad309749f62525bb2d9 HTTP/1.1" 404 1181 "-" "Mozilla/5.0 (Windows; U; Windows NT 6.1; en-US) AppleWebKit/534.1 (KHTML, like Gecko) Chrome/6.0.428.0 Safari/534.1"
145.236.129.87 - - [01/Jul/2012:15:23:31 +0200] "GET / HTTP/1.1" 302 295 "-" "Mozilla/4.0 (compatible; MSIE 7.0; Windows NT 5.1; .NET CLR 1.1.4322; InfoPath.3)"
145.236.129.87 - - [01/Jul/2012:15:23:33 +0200] "GET / HTTP/1.1" 302 295 "-" "Mozilla/4.0 (compatible; MSIE 7.0; Windows NT 5.1; .NET CLR 1.1.4322; InfoPath.3)"
50.112.18.193 - - [01/Jul/2012:16:17:39 +0200] "GET /mailman/admin/ff/bounce HTTP/1.1" 404 1181 "-" "Mozilla/4.0 (compatible; MSIE 6.0; America Online Browser 1.1; rev1.5; Windows NT 5.1; SV1; .NET CLR 1.1.4322; .NET CLR 2.0.50727)"
50.112.13.31 - - [01/Jul/2012:16:41:45 +0200] "GET /mailman/listinfo/kothalo HTTP/1.1" 404 1181 "-" "Mozilla/5.0 (Windows; U; Windows NT 5.1; zh-CN; rv:1.9b4) Gecko/2008030714 Firefox/3.0b4"
50.112.204.115 - - [01/Jul/2012:16:48:07 +0200] "GET /mailman/confirm/talentum/7564fd2ffffd1a4560966cd9e05b79d39f23a321 HTTP/1.1" 404 1181 "-" "Mozilla/5.0 (MSIE 7.0; Macintosh; U; SunOS; X11; gu; SV1; InfoPath.2; .NET CLR 3.0.04506.30; .NET CLR 3.0.04506.648)"
174.122.254.42 - - [01/Jul/2012:16:52:24 +0200] "HEAD /mailman/listinfo/ringing HTTP/1.1" 404 0 "-" "Mozilla/5.0 (Windows; U; Windows NT 6.1; en-US) AppleWebKit/534.1 (KHTML, like Gecko) Chrome/6.0.428.0 Safari/534.1"
174.122.254.42 - - [01/Jul/2012:16:52:24 +0200] "GET /mailman/listinfo/ringing HTTP/1.1" 404 1181 "-" "Mozilla/5.0 (Windows; U; Windows NT 6.1; en-US) AppleWebKit/534.1 (KHTML, like Gecko) Chrome/6.0.428.0 Safari/534.1"
50.112.24.39 - - [01/Jul/2012:16:55:09 +0200] "GET /mailman/confirm/gaiakuld/020e05d8e0072ff50fc2dbda3ca6dacbbc44b0fa HTTP/1.1" 404 1181 "-" "Mozilla/4.0 (compatible; MSIE 6.0; America Online Browser 1.1; rev1.5; Windows NT 5.1; SV1; .NET CLR 1.1.4322; .NET CLR 2.0.50727)"
174.122.254.42 - - [01/Jul/2012:18:35:40 +0200] "HEAD /mailman/admindb/mtvszelnokseg HTTP/1.1" 404 0 "-" "Mozilla/5.0 (Windows; U; Windows NT 6.1; en-US) AppleWebKit/534.1 (KHTML, like Gecko) Chrome/6.0.428.0 Safari/534.1"
174.122.254.42 - - [01/Jul/2012:18:35:41 +0200] "GET /mailman/admindb/mtvszelnokseg HTTP/1.1" 404 1181 "-" "Mozilla/5.0 (Windows; U; Windows NT 6.1; en-US) AppleWebKit/534.1 (KHTML, like Gecko) Chrome/6.0.428.0 Safari/534.1"
50.112.24.153 - - [01/Jul/2012:18:46:46 +0200] "GET /mailman/confirm/munka/cc7c4aad8f623003bea12ad309749f62525bb2d9 HTTP/1.1" 404 1181 "-" "Mozilla/4.0 (compatible; MSIE 6.0; America Online Browser 1.1; Windows NT 5.1; SV1; .NET CLR 1.0.3705; .NET CLR 1.1.4322; Media Center PC 3.1)"
86.101.234.169 - - [01/Jul/2012:19:10:30 +0200] "GET / HTTP/1.1" 302 295 "-" "Mozilla/4.0 (compatible; MSIE 8.0; Windows NT 5.1; Trident/4.0)"
86.101.234.169 - - [01/Jul/2012:19:10:34 +0200] "GET / HTTP/1.1" 302 295 "-" "Mozilla/4.0 (compatible; MSIE 8.0; Windows NT 5.1; Trident/4.0)"
50.112.24.126 - - [01/Jul/2012:20:38:40 +0200] "GET /mailman/listinfo/kothalo HTTP/1.1" 404 1181 "-" "Mozilla/4.0 (Mozilla/4.0; MSIE 7.0; Windows NT 5.1; FDM; SV1; .NET CLR 3.0.04506.30)"
50.112.24.126 - - [01/Jul/2012:20:43:25 +0200] "GET /mailman/confirm/talentum/7564fd2ffffd1a4560966cd9e05b79d39f23a321 HTTP/1.1" 404 1181 "-" "Mozilla/5.0 (X11; U; Linux x86_64; en-US; rv:1.9pre) Gecko/2008042312 Firefox/3.0b5"
50.112.57.154 - - [01/Jul/2012:20:48:35 +0200] "GET /mailman/confirm/gaiakuld/020e05d8e0072ff50fc2dbda3ca6dacbbc44b0fa HTTP/1.1" 404 1181 "-" "Mozilla/4.0 (compatible; MSIE 8.0; Windows NT 5.1; Trident/4.0; .NET CLR 1.1.4322; .NET CLR 2.0.50727; .NET CLR 3.0.04506.30; .NET CLR 3.0.4506.2152; .NET CLR 3.5.30729)"
50.112.204.115 - - [01/Jul/2012:21:58:27 +0200] "GET /mailman/confirm/munka/cc7c4aad8f623003bea12ad309749f62525bb2d9 HTTP/1.1" 404 1181 "-" "Mozilla/4.0 (compatible; MSIE 7.0; Windows NT 6.0; WOW64; SLCC1; .NET CLR 2.0.50727; .NET CLR 3.0.04506; Media Center PC 5.0; .NET CLR 3.5.21022; MEGAUPLOAD 2.0)"
178.154.210.252 - - [01/Jul/2012:22:13:17 +0200] "GET /robots.txt HTTP/1.1" 404 1181 "-" "Mozilla/5.0 (compatible; YandexBot/3.0; +http://yandex.com/bots)"
178.154.210.252 - - [01/Jul/2012:22:13:20 +0200] "GET / HTTP/1.1" 302 295 "-" "Mozilla/5.0 (compatible; YandexBot/3.0; +http://yandex.com/bots)"
174.122.254.42 - - [01/Jul/2012:22:31:41 +0200] "HEAD /mailman/admin/ff/bounce HTTP/1.1" 404 0 "-" "Mozilla/5.0 (Windows; U; Windows NT 6.1; en-US) AppleWebKit/534.1 (KHTML, like Gecko) Chrome/6.0.428.0 Safari/534.1"
174.122.254.42 - - [01/Jul/2012:22:31:41 +0200] "GET /mailman/admin/ff/bounce HTTP/1.1" 404 1181 "-" "Mozilla/5.0 (Windows; U; Windows NT 6.1; en-US) AppleWebKit/534.1 (KHTML, like Gecko) Chrome/6.0.428.0 Safari/534.1"
174.122.254.42 - - [01/Jul/2012:22:49:51 +0200] "HEAD /mailman/listinfo/dunaa HTTP/1.1" 404 0 "-" "Mozilla/5.0 (Windows; U; Windows NT 6.1; en-US) AppleWebKit/534.1 (KHTML, like Gecko) Chrome/6.0.428.0 Safari/534.1"
174.122.254.42 - - [01/Jul/2012:22:49:51 +0200] "GET /mailman/listinfo/dunaa HTTP/1.1" 404 1181 "-" "Mozilla/5.0 (Windows; U; Windows NT 6.1; en-US) AppleWebKit/534.1 (KHTML, like Gecko) Chrome/6.0.428.0 Safari/534.1"
50.112.32.152 - - [01/Jul/2012:23:00:04 +0200] "GET /mailman/listinfo/ringing HTTP/1.1" 404 1181 "-" "Mozilla/4.0 (compatible; MSIE 8.0; Windows NT 5.1; Trident/4.0; .NET CLR 1.1.4322; .NET CLR 2.0.50727; .NET CLR 3.0.04506.30; .NET CLR 3.0.4506.2152; .NET CLR 3.5.30729)"
50.112.57.157 - - [01/Jul/2012:23:27:22 +0200] "GET /mailman/admindb/mtvszelnokseg HTTP/1.1" 404 1181 "-" "Mozilla/5.0 (X11; U; Linux i686; tr-TR; rv:1.9b5) Gecko/2008032600 SUSE/2.9.95-25.1 Firefox/3.0b5"
50.112.57.154 - - [01/Jul/2012:23:56:09 +0200] "GET /mailman/listinfo/kothalo HTTP/1.1" 404 1181 "-" "Mozilla/5.0 (X11; U; Linux x86_64; en-US; rv:1.9.0.2) Gecko/2008092313 Ubuntu/8.04 (hardy) Firefox/3.1"
50.112.200.97 - - [01/Jul/2012:23:59:50 +0200] "GET /mailman/confirm/talentum/7564fd2ffffd1a4560966cd9e05b79d39f23a321 HTTP/1.1" 404 1181 "-" "Mozilla/5.0 (X11; U; Linux x86_64; en-US; rv:1.9pre) Gecko/2008042312 Firefox/3.0b5"
50.112.24.126 - - [02/Jul/2012:00:03:56 +0200] "GET /mailman/confirm/gaiakuld/020e05d8e0072ff50fc2dbda3ca6dacbbc44b0fa HTTP/1.1" 404 1181 "-" "Mozilla/5.0 (X11; U; Linux x86_64; en-US; rv:1.9pre) Gecko/2008042312 Firefox/3.0b5"
50.112.57.7 - - [02/Jul/2012:01:23:18 +0200] "GET /mailman/listinfo/ringing HTTP/1.1" 404 1181 "-" "Mozilla/4.0 (compatible; MSIE 6.0; America Online Browser 1.1; Windows NT 5.1; SV1; .NET CLR 1.1.4322; HbTools 4.7.1)"
50.112.24.39 - - [02/Jul/2012:01:33:45 +0200] "GET /mailman/admindb/mtvszelnokseg HTTP/1.1" 404 1181 "-" "Mozilla/4.0 (compatible; MSIE 6.0; America Online Browser 1.1; Windows 98)"
50.112.33.93 - - [02/Jul/2012:01:53:57 +0200] "GET /mailman/listinfo/dunaa HTTP/1.1" 404 1181 "-" "Mozilla/5.0 (X11; U; Linux i686; en-US; rv:1.9b5) Gecko/2008050509 Firefox/3.0b5"
81.183.100.157 - - [02/Jul/2012:09:02:04 +0200] "GET / HTTP/1.1" 302 295 "-" "Mozilla/4.0 (compatible; MSIE 7.0; Windows NT 5.1; .NET CLR 1.1.4322; InfoPath.3)"
81.183.100.157 - - [02/Jul/2012:09:02:06 +0200] "GET / HTTP/1.1" 302 295 "-" "Mozilla/4.0 (compatible; MSIE 7.0; Windows NT 5.1; .NET CLR 1.1.4322; InfoPath.3)"
81.183.100.157 - - [02/Jul/2012:09:19:01 +0200] "GET / HTTP/1.1" 302 295 "-" "Mozilla/4.0 (compatible; MSIE 7.0; Windows NT 5.1; .NET CLR 1.1.4322; InfoPath.3)"
81.183.100.157 - - [02/Jul/2012:09:19:05 +0200] "GET / HTTP/1.1" 302 295 "-" "Mozilla/4.0 (compatible; MSIE 7.0; Windows NT 5.1; .NET CLR 1.1.4322; InfoPath.3)"
188.6.135.250 - - [02/Jul/2012:12:09:59 +0200] "GET / HTTP/1.1" 302 295 "-" "Mozilla/4.0 (compatible; MSIE 7.0; Windows NT 5.1; .NET CLR 1.1.4322; InfoPath.3)"
188.6.135.250 - - [02/Jul/2012:12:10:02 +0200] "GET / HTTP/1.1" 302 295 "-" "Mozilla/4.0 (compatible; MSIE 7.0; Windows NT 5.1; .NET CLR 1.1.4322; InfoPath.3)"
46.107.69.212 - - [02/Jul/2012:12:49:26 +0200] "GET / HTTP/1.1" 302 295 "-" "Mozilla/4.0 (compatible; MSIE 7.0; Windows NT 5.1; .NET CLR 1.1.4322; InfoPath.3)"
46.107.69.212 - - [02/Jul/2012:12:49:30 +0200] "GET / HTTP/1.1" 302 295 "-" "Mozilla/4.0 (compatible; MSIE 7.0; Windows NT 5.1; .NET CLR 1.1.4322; InfoPath.3)"
178.164.147.198 - - [02/Jul/2012:13:33:08 +0200] "GET / HTTP/1.1" 302 295 "-" "Mozilla/5.0 (Windows NT 5.1; rv:13.0) Gecko/20100101 Firefox/13.0.1"
174.122.254.42 - - [02/Jul/2012:17:38:14 +0200] "HEAD /mailman/listinfo/ringing HTTP/1.1" 404 0 "-" "Mozilla/5.0 (Windows; U; Windows NT 6.1; en-US) AppleWebKit/534.1 (KHTML, like Gecko) Chrome/6.0.428.0 Safari/534.1"
174.122.254.42 - - [02/Jul/2012:17:38:15 +0200] "GET /mailman/listinfo/ringing HTTP/1.1" 404 1181 "-" "Mozilla/5.0 (Windows; U; Windows NT 6.1; en-US) AppleWebKit/534.1 (KHTML, like Gecko) Chrome/6.0.428.0 Safari/534.1"
174.122.254.42 - - [02/Jul/2012:17:38:15 +0200] "HEAD /mailman/private/ringing HTTP/1.1" 404 0 "-" "Mozilla/5.0 (Windows; U; Windows NT 6.1; en-US) AppleWebKit/534.1 (KHTML, like Gecko) Chrome/6.0.428.0 Safari/534.1"
174.122.254.42 - - [02/Jul/2012:17:38:16 +0200] "GET /mailman/private/ringing HTTP/1.1" 404 1181 "-" "Mozilla/5.0 (Windows; U; Windows NT 6.1; en-US) AppleWebKit/534.1 (KHTML, like Gecko) Chrome/6.0.428.0 Safari/534.1"
50.112.204.115 - - [02/Jul/2012:19:02:34 +0200] "GET /mailman/listinfo/kothalo HTTP/1.1" 404 1181 "-" "Mozilla/4.0 (compatible; MSIE 7.0; Windows NT 6.0; WOW64; SLCC1; .NET CLR 2.0.50727; InfoPath.2; .NET CLR 3.5.21022; .NET CLR 1.1.4322; .NET CLR 3.5.30729; .NET CLR 3.0.30618)"
50.112.13.31 - - [02/Jul/2012:19:05:49 +0200] "GET /mailman/confirm/talentum/7564fd2ffffd1a4560966cd9e05b79d39f23a321 HTTP/1.1" 404 1181 "-" "Mozilla/5.0 (X11; U; Linux i686; tr-TR; rv:1.9b5) Gecko/2008032600 SUSE/2.9.95-25.1 Firefox/3.0b5"
188.138.123.19 - - [02/Jul/2012:19:32:38 +0200] "GET /webcalendar/install/index.php HTTP/1.1" 404 1181 "-" "Mozilla/4.0 (compatible; MSIE 6.0; MSIE 5.5; Windows NT 5.1) Opera 7.01 [en]"
188.138.123.19 - - [02/Jul/2012:19:36:20 +0200] "GET /calendar/install/index.php HTTP/1.1" 404 1181 "-" "Mozilla/4.0 (compatible; MSIE 6.0; MSIE 5.5; Windows NT 5.1) Opera 7.01 [en]"
188.138.123.19 - - [02/Jul/2012:19:40:02 +0200] "GET /web//install/index.php HTTP/1.1" 404 1181 "-" "Mozilla/4.0 (compatible; MSIE 6.0; MSIE 5.5; Windows NT 5.1) Opera 7.01 [en]"
188.138.123.19 - - [02/Jul/2012:19:43:43 +0200] "GET /calendair/install/index.php HTTP/1.1" 404 1181 "-" "Mozilla/4.0 (compatible; MSIE 6.0; MSIE 5.5; Windows NT 5.1) Opera 7.01 [en]"
50.112.56.133 - - [02/Jul/2012:20:11:00 +0200] "GET /mailman/listinfo/ringing HTTP/1.1" 404 1181 "-" "Mozilla/5.0 (Windows; U; Windows NT 5.1; ja; rv:1.9b5) Gecko/2008032620 Firefox/3.0b5"
50.112.57.154 - - [02/Jul/2012:20:17:23 +0200] "GET /mailman/admindb/mtvszelnokseg HTTP/1.1" 404 1181 "-" "Mozilla/5.0 (Macintosh; U; Intel Mac OS X 10.5; it; rv:1.9b4) Gecko/2008030317 Firefox/3.0b4"
50.112.24.126 - - [02/Jul/2012:20:28:38 +0200] "GET /mailman/listinfo/dunaa HTTP/1.1" 404 1181 "-" "Mozilla/5.0 (X11; U; Linux i686; en-US; rv:1.9b4pre) Gecko/2008021714 Firefox/3.0b4pre (Swiftfox)"
178.154.210.252 - - [02/Jul/2012:21:03:33 +0200] "GET / HTTP/1.1" 302 295 "-" "Mozilla/5.0 (compatible; YandexBot/3.0; +http://yandex.com/bots)"
31.46.217.55 - - [02/Jul/2012:21:27:36 +0200] "GET / HTTP/1.1" 302 295 "-" "Mozilla/5.0 (X11; U; Linux i686; hu-HU; rv:1.9.2.17) Gecko/20110422 Ubuntu/8.04 (hardy) Firefox/3.6.17"
178.164.147.182 - - [02/Jul/2012:21:58:53 +0200] "GET / HTTP/1.1" 302 295 "-" "Mozilla/5.0 (Windows NT 5.1; rv:13.0) Gecko/20100101 Firefox/13.0.1"
50.112.18.193 - - [02/Jul/2012:22:03:42 +0200] "GET /mailman/private/ringing HTTP/1.1" 404 1181 "-" "Mozilla/5.0 (Windows; U; Windows NT 6.0; fr; rv:1.9b5) Gecko/2008032620 Firefox/3.0b5"
50.112.21.204 - - [02/Jul/2012:22:04:13 +0200] "GET /mailman/listinfo/ringing HTTP/1.1" 404 1181 "-" "Mozilla/4.0 (compatible; MSIE 6.0; America Online Browser 1.1; Windows NT 5.1; SV1; HbTools 4.7.0)"
50.112.215.142 - - [02/Jul/2012:22:21:25 +0200] "GET /mailman/listinfo/kothalo HTTP/1.1" 404 1181 "-" "Mozilla/5.0 (Windows; U; Windows NT 5.1; lt; rv:1.9b4) Gecko/2008030714 Firefox/3.0b4"
50.112.24.126 - - [02/Jul/2012:22:23:54 +0200] "GET /mailman/confirm/talentum/7564fd2ffffd1a4560966cd9e05b79d39f23a321 HTTP/1.1" 404 1181 "-" "Mozilla/5.0 (X11; U; SunOS sun4u; en-US; rv:1.9b5) Gecko/2008032620 Firefox/3.0b5"
31.46.217.55 - - [02/Jul/2012:22:35:03 +0200] "GET / HTTP/1.1" 302 295 "-" "Mozilla/5.0 (X11; U; Linux i686; hu-HU; rv:1.9.2.17) Gecko/20110422 Ubuntu/8.04 (hardy) Firefox/3.6.17"
50.112.32.152 - - [02/Jul/2012:23:17:08 +0200] "GET /mailman/admindb/mtvszelnokseg HTTP/1.1" 404 1181 "-" "Mozilla/4.0 (compatible; MSIE 6.0; America Online Browser 1.1; Windows NT 5.1; SV1; .NET CLR 1.0.3705; .NET CLR 1.1.4322; Media Center PC 3.1)"
50.112.56.150 - - [02/Jul/2012:23:24:48 +0200] "GET /mailman/listinfo/dunaa HTTP/1.1" 404 1181 "-" "Mozilla/5.0 (Windows; U; Windows NT 5.1; it; rv:1.9.1b2) Gecko/20081201 Firefox/3.1b2"
50.112.13.31 - - [02/Jul/2012:23:59:31 +0200] "GET /mailman/private/ringing HTTP/1.1" 404 1181 "-" "Mozilla/4.0 (compatible; MSIE 7.0b; Windows NT 5.1; .NET CLR 1.1.4322; .NET CLR 2.0.50727)"
50.112.24.39 - - [02/Jul/2012:23:59:57 +0200] "GET /mailman/listinfo/ringing HTTP/1.1" 404 1181 "-" "Mozilla/5.0 (X11; U; Linux i686; pl-PL; rv:1.9b5) Gecko/2008050509 Firefox/3.0b5"
50.112.57.154 - - [03/Jul/2012:05:42:15 +0200] "GET /mailman/listinfo/kothalo HTTP/1.1" 404 1181 "-" "Mozilla/5.0 (Macintosh; U; Intel Mac OS X 10.5; it; rv:1.9b4) Gecko/2008030317 Firefox/3.0b4"
50.112.24.39 - - [03/Jul/2012:05:44:14 +0200] "GET /mailman/confirm/talentum/7564fd2ffffd1a4560966cd9e05b79d39f23a321 HTTP/1.1" 404 1181 "-" "Mozilla/4.0 (compatible; MSIE 7.0; Windows NT 6.0; WOW64; SLCC1; .NET CLR 3.0.04506)"
50.112.57.154 - - [03/Jul/2012:06:23:25 +0200] "GET /mailman/admindb/mtvszelnokseg HTTP/1.1" 404 1181 "-" "Mozilla/4.0 (compatible; MSIE 6.0; America Online Browser 1.1; Windows NT 5.1; SV1; .NET CLR 1.0.3705; .NET CLR 1.1.4322)"
50.112.57.120 - - [03/Jul/2012:06:48:55 +0200] "GET /mailman/private/ringing HTTP/1.1" 404 1181 "-" "Mozilla/4.0 (compatible; MSIE 7.0b; Windows NT 5.1; .NET CLR 1.1.4322; .NET CLR 2.0.50727)"
50.112.57.154 - - [03/Jul/2012:06:49:10 +0200] "GET /mailman/listinfo/ringing HTTP/1.1" 404 1181 "-" "Mozilla/5.0 (X11; U; Windows NT 5.0; en-US; rv:1.9b4) Gecko/2008030318 Firefox/3.0b4"
50.112.24.39 - - [03/Jul/2012:07:21:19 +0200] "GET /mailman/confirm/talentum/7564fd2ffffd1a4560966cd9e05b79d39f23a321 HTTP/1.1" 404 1181 "-" "Mozilla/5.0 (X11; U; Linux i686; es-AR; rv:1.9b5) Gecko/2008041514 Firefox/3.0b5"
50.112.21.204 - - [03/Jul/2012:07:51:13 +0200] "GET /mailman/admindb/mtvszelnokseg HTTP/1.1" 404 1181 "-" "Mozilla/4.0 (compatible; MSIE 7.0b; Windows NT 5.1; .NET CLR 1.1.4322; InfoPath.1; .NET CLR 2.0.50727)"
50.112.33.93 - - [03/Jul/2012:09:01:28 +0200] "GET /mailman/confirm/talentum/7564fd2ffffd1a4560966cd9e05b79d39f23a321 HTTP/1.1" 404 1181 "-" "Mozilla/4.0 (Mozilla/4.0; MSIE 7.0; Windows NT 5.1; FDM; SV1; .NET CLR 3.0.04506.30)"
145.236.129.27 - - [03/Jul/2012:09:10:08 +0200] "GET / HTTP/1.1" 302 295 "-" "Mozilla/4.0 (compatible; MSIE 7.0; Windows NT 5.1; .NET CLR 1.1.4322; InfoPath.3)"
145.236.129.27 - - [03/Jul/2012:09:10:10 +0200] "GET / HTTP/1.1" 302 295 "-" "Mozilla/4.0 (compatible; MSIE 7.0; Windows NT 5.1; .NET CLR 1.1.4322; InfoPath.3)"
50.112.57.120 - - [03/Jul/2012:09:43:13 +0200] "GET /mailman/admindb/mtvszelnokseg HTTP/1.1" 404 1181 "-" "Mozilla/4.79 [en] (compatible; MSIE 7.0; Windows NT 5.0; .NET CLR 2.0.50727; InfoPath.2; .NET CLR 1.1.4322; .NET CLR 3.0.04506.30; .NET CLR 3.0.04506.648)"
50.112.57.157 - - [03/Jul/2012:10:11:20 +0200] "GET /mailman/private/ringing HTTP/1.1" 404 1181 "-" "Mozilla/5.0 (X11; U; Linux i686; pl-PL; rv:1.9b4) Gecko/2008030800 SUSE/2.9.94-4.2 Firefox/3.0b4"
50.112.57.157 - - [03/Jul/2012:10:11:45 +0200] "GET /mailman/listinfo/ringing HTTP/1.1" 404 1181 "-" "Mozilla/4.0 (compatible; MSIE 6.0; America Online Browser 1.1; rev1.5; Windows NT 5.1; SV1; .NET CLR 1.1.4322; InfoPath.1)"
50.112.32.152 - - [03/Jul/2012:11:12:27 +0200] "GET /mailman/confirm/talentum/7564fd2ffffd1a4560966cd9e05b79d39f23a321 HTTP/1.1" 404 1181 "-" "Mozilla/5.0 (MSIE 7.0; Macintosh; U; SunOS; X11; gu; SV1; InfoPath.2; .NET CLR 3.0.04506.30; .NET CLR 3.0.04506.648)"
50.112.57.154 - - [03/Jul/2012:11:40:07 +0200] "GET /mailman/private/ringing HTTP/1.1" 404 1181 "-" "Mozilla/5.0 (X11; U; Linux i686; en-US; rv:1.9.0.2) Gecko/2008092313 Ubuntu/8.04 (hardy) Firefox/3.1"
50.112.200.97 - - [03/Jul/2012:11:40:19 +0200] "GET /mailman/listinfo/ringing HTTP/1.1" 404 1181 "-" "Mozilla/4.0 (compatible; MSIE 7.0; Windows NT 6.0; WOW64; SLCC1; .NET CLR 2.0.50727; .NET CLR 3.0.04506; Media Center PC 5.0; .NET CLR 3.5.21022; InfoPath.2)"
91.120.100.213 - - [03/Jul/2012:12:12:45 +0200] "GET / HTTP/1.1" 302 295 "-" "Mozilla/5.0 (Windows NT 5.1; rv:13.0) Gecko/20100101 Firefox/13.0.1"
188.6.57.60 - - [03/Jul/2012:16:32:26 +0200] "GET / HTTP/1.1" 302 295 "-" "Mozilla/4.0 (compatible; MSIE 7.0; Windows NT 5.1; .NET CLR 1.1.4322; InfoPath.3)"
188.6.57.60 - - [03/Jul/2012:16:32:38 +0200] "GET / HTTP/1.1" 302 295 "-" "Mozilla/4.0 (compatible; MSIE 7.0; Windows NT 5.1; .NET CLR 1.1.4322; InfoPath.3)"
188.127.148.51 - - [03/Jul/2012:17:07:42 +0200] "GET / HTTP/1.1" 302 295 "-" "Mozilla/5.0 (Macintosh; Intel Mac OS X 10_5_8) AppleWebKit/534.50.2 (KHTML, like Gecko) Version/5.0.6 Safari/533.22.3"
178.154.210.252 - - [03/Jul/2012:17:59:23 +0200] "GET /robots.txt HTTP/1.1" 404 1181 "-" "Mozilla/5.0 (compatible; YandexBot/3.0; +http://yandex.com/bots)"
94.21.106.73 - - [03/Jul/2012:19:22:16 +0200] "GET / HTTP/1.1" 302 295 "-" "Mozilla/5.0 (Windows NT 5.1; rv:13.0) Gecko/20100101 Firefox/13.0.1"
86.101.231.141 - - [03/Jul/2012:19:38:30 +0200] "GET / HTTP/1.1" 302 295 "-" "Mozilla/4.0 (compatible; MSIE 8.0; Windows NT 5.1; Trident/4.0; .NET CLR 2.0.50727; .NET CLR 3.0.4506.2152; .NET CLR 3.5.30729)"
86.101.231.141 - - [03/Jul/2012:19:38:33 +0200] "GET / HTTP/1.1" 302 295 "-" "Mozilla/4.0 (compatible; MSIE 8.0; Windows NT 5.1; Trident/4.0; .NET CLR 2.0.50727; .NET CLR 3.0.4506.2152; .NET CLR 3.5.30729)"
31.46.175.167 - - [03/Jul/2012:20:38:02 +0200] "GET / HTTP/1.1" 302 295 "-" "Mozilla/4.0 (compatible; MSIE 7.0; Windows NT 5.1; .NET CLR 1.1.4322; InfoPath.3)"
31.46.175.167 - - [03/Jul/2012:20:38:04 +0200] "GET / HTTP/1.1" 302 295 "-" "Mozilla/4.0 (compatible; MSIE 7.0; Windows NT 5.1; .NET CLR 1.1.4322; InfoPath.3)"
50.112.56.180 - - [03/Jul/2012:22:32:14 +0200] "GET /mailman/admindb/ff HTTP/1.1" 404 1181 "-" "Mozilla/5.0 (X11; U; Linux x86_64; pt-BR; rv:1.9b5) Gecko/2008041515 Firefox/3.0b5"
174.122.254.42 - - [03/Jul/2012:23:21:57 +0200] "HEAD /mailman/admindb/ff HTTP/1.1" 404 0 "-" "Mozilla/5.0 (Windows; U; Windows NT 6.1; en-US) AppleWebKit/534.1 (KHTML, like Gecko) Chrome/6.0.428.0 Safari/534.1"
174.122.254.42 - - [03/Jul/2012:23:21:57 +0200] "GET /mailman/admindb/ff HTTP/1.1" 404 1181 "-" "Mozilla/5.0 (Windows; U; Windows NT 6.1; en-US) AppleWebKit/534.1 (KHTML, like Gecko) Chrome/6.0.428.0 Safari/534.1"
178.154.210.252 - - [04/Jul/2012:00:45:48 +0200] "GET / HTTP/1.1" 302 295 "-" "Mozilla/5.0 (compatible; YandexBot/3.0; +http://yandex.com/bots)"
174.122.254.42 - - [04/Jul/2012:01:47:13 +0200] "HEAD /mailman/admin/nca/bounce HTTP/1.1" 404 0 "-" "Mozilla/5.0 (Windows; U; Windows NT 6.1; en-US) AppleWebKit/534.1 (KHTML, like Gecko) Chrome/6.0.428.0 Safari/534.1"
174.122.254.42 - - [04/Jul/2012:01:47:13 +0200] "GET /mailman/admin/nca/bounce HTTP/1.1" 404 1181 "-" "Mozilla/5.0 (Windows; U; Windows NT 6.1; en-US) AppleWebKit/534.1 (KHTML, like Gecko) Chrome/6.0.428.0 Safari/534.1"
174.122.254.42 - - [04/Jul/2012:01:54:48 +0200] "HEAD /mailman/admindb/nca HTTP/1.1" 404 0 "-" "Mozilla/5.0 (Windows; U; Windows NT 6.1; en-US) AppleWebKit/534.1 (KHTML, like Gecko) Chrome/6.0.428.0 Safari/534.1"
174.122.254.42 - - [04/Jul/2012:01:54:49 +0200] "GET /mailman/admindb/nca HTTP/1.1" 404 1181 "-" "Mozilla/5.0 (Windows; U; Windows NT 6.1; en-US) AppleWebKit/534.1 (KHTML, like Gecko) Chrome/6.0.428.0 Safari/534.1"
50.112.209.58 - - [04/Jul/2012:02:16:33 +0200] "GET /mailman/admin/nca/bounce HTTP/1.1" 404 1181 "-" "Mozilla/5.0 (Windows; U; Windows NT 6.0; fr; rv:1.9b5) Gecko/2008032620 Firefox/3.0b5"
174.122.254.42 - - [04/Jul/2012:06:30:23 +0200] "HEAD /mailman/admin/ff/bounce HTTP/1.1" 404 0 "-" "Mozilla/5.0 (Windows; U; Windows NT 6.1; en-US) AppleWebKit/534.1 (KHTML, like Gecko) Chrome/6.0.428.0 Safari/534.1"
174.122.254.42 - - [04/Jul/2012:06:30:24 +0200] "GET /mailman/admin/ff/bounce HTTP/1.1" 404 1181 "-" "Mozilla/5.0 (Windows; U; Windows NT 6.1; en-US) AppleWebKit/534.1 (KHTML, like Gecko) Chrome/6.0.428.0 Safari/534.1"
84.0.251.10 - - [04/Jul/2012:07:58:35 +0200] "GET / HTTP/1.1" 302 295 "-" "Mozilla/4.0 (compatible; MSIE 7.0; Windows NT 5.1; .NET CLR 1.1.4322; InfoPath.3)"
84.0.251.10 - - [04/Jul/2012:07:58:37 +0200] "GET / HTTP/1.1" 302 295 "-" "Mozilla/4.0 (compatible; MSIE 7.0; Windows NT 5.1; .NET CLR 1.1.4322; InfoPath.3)"
50.112.57.7 - - [04/Jul/2012:08:49:54 +0200] "GET /mailman/admindb/z8 HTTP/1.1" 404 1181 "-" "Mozilla/5.0 (Windows; U; Windows NT 5.1; it; rv:1.9.1b2) Gecko/20081201 Firefox/3.1b2"
91.120.81.199 - - [04/Jul/2012:09:48:52 +0200] "GET / HTTP/1.1" 302 295 "-" "Mozilla/5.0 (Windows NT 5.1; rv:13.0) Gecko/20100101 Firefox/13.0.1"
174.122.254.42 - - [04/Jul/2012:09:57:20 +0200] "HEAD /mailman/admindb/z8 HTTP/1.1" 404 0 "-" "Mozilla/5.0 (Windows; U; Windows NT 6.1; en-US) AppleWebKit/534.1 (KHTML, like Gecko) Chrome/6.0.428.0 Safari/534.1"
174.122.254.42 - - [04/Jul/2012:09:57:20 +0200] "GET /mailman/admindb/z8 HTTP/1.1" 404 1181 "-" "Mozilla/5.0 (Windows; U; Windows NT 6.1; en-US) AppleWebKit/534.1 (KHTML, like Gecko) Chrome/6.0.428.0 Safari/534.1"
31.172.30.1 - - [04/Jul/2012:10:16:01 +0200] "GET /mailman/admindb/z8 HTTP/1.1" 404 1181 "-" "Mozilla/4.0 (compatible; MSIE 6.0; Windows NT 5.1; SV1)"
31.172.30.1 - - [04/Jul/2012:10:16:01 +0200] "GET /mailman/admindb/z8 HTTP/1.1" 404 1181 "-" "Mozilla/4.0 (compatible; MSIE 6.0; Windows NT 5.1; SV1)"
91.120.81.199 - - [04/Jul/2012:10:36:43 +0200] "GET / HTTP/1.1" 302 295 "-" "Mozilla/5.0 (Windows NT 5.1; rv:13.0) Gecko/20100101 Firefox/13.0.1"
91.120.81.199 - - [04/Jul/2012:11:39:28 +0200] "GET / HTTP/1.1" 302 295 "-" "Mozilla/5.0 (Windows NT 5.1; rv:13.0) Gecko/20100101 Firefox/13.0.1"
84.0.251.10 - - [04/Jul/2012:12:49:38 +0200] "GET / HTTP/1.1" 302 295 "-" "Mozilla/4.0 (compatible; MSIE 7.0; Windows NT 5.1; .NET CLR 1.1.4322; InfoPath.3)"
84.0.251.10 - - [04/Jul/2012:12:49:40 +0200] "GET / HTTP/1.1" 302 295 "-" "Mozilla/4.0 (compatible; MSIE 7.0; Windows NT 5.1; .NET CLR 1.1.4322; InfoPath.3)"
67.221.59.45 - - [04/Jul/2012:14:32:32 +0200] "GET / HTTP/1.1" 302 295 "-" "Mozilla/5.0 (X11; U; Linux; en-US) AppleWebKit/532.4 (KHTML, like Gecko) Qt/4.6.3 Safari/532.4"
91.120.81.199 - - [04/Jul/2012:15:51:27 +0200] "GET / HTTP/1.1" 302 295 "-" "Mozilla/5.0 (Windows NT 5.1; rv:13.0) Gecko/20100101 Firefox/13.0.1"
86.101.231.141 - - [04/Jul/2012:16:48:37 +0200] "GET / HTTP/1.1" 302 295 "-" "Mozilla/4.0 (compatible; MSIE 8.0; Windows NT 5.1; Trident/4.0; .NET CLR 2.0.50727; .NET CLR 3.0.4506.2152; .NET CLR 3.5.30729)"
86.101.231.141 - - [04/Jul/2012:16:48:41 +0200] "GET / HTTP/1.1" 302 295 "-" "Mozilla/4.0 (compatible; MSIE 8.0; Windows NT 5.1; Trident/4.0; .NET CLR 2.0.50727; .NET CLR 3.0.4506.2152; .NET CLR 3.5.30729)"
94.21.44.59 - - [04/Jul/2012:17:19:17 +0200] "GET / HTTP/1.1" 302 295 "-" "Mozilla/5.0 (Windows NT 5.1; rv:13.0) Gecko/20100101 Firefox/13.0.1"
178.154.210.252 - - [04/Jul/2012:18:18:04 +0200] "GET /robots.txt HTTP/1.1" 404 1181 "-" "Mozilla/5.0 (compatible; YandexBot/3.0; +http://yandex.com/bots)"
174.122.254.42 - - [04/Jul/2012:18:33:55 +0200] "HEAD /mailman/listinfo/happybike HTTP/1.1" 404 0 "-" "Mozilla/5.0 (Windows; U; Windows NT 6.1; en-US) AppleWebKit/534.1 (KHTML, like Gecko) Chrome/6.0.428.0 Safari/534.1"
174.122.254.42 - - [04/Jul/2012:18:33:55 +0200] "GET /mailman/listinfo/happybike HTTP/1.1" 404 1181 "-" "Mozilla/5.0 (Windows; U; Windows NT 6.1; en-US) AppleWebKit/534.1 (KHTML, like Gecko) Chrome/6.0.428.0 Safari/534.1"
174.122.254.42 - - [04/Jul/2012:18:33:55 +0200] "HEAD /mailman/private/happybike HTTP/1.1" 404 0 "-" "Mozilla/5.0 (Windows; U; Windows NT 6.1; en-US) AppleWebKit/534.1 (KHTML, like Gecko) Chrome/6.0.428.0 Safari/534.1"
174.122.254.42 - - [04/Jul/2012:18:33:56 +0200] "GET /mailman/private/happybike HTTP/1.1" 404 1181 "-" "Mozilla/5.0 (Windows; U; Windows NT 6.1; en-US) AppleWebKit/534.1 (KHTML, like Gecko) Chrome/6.0.428.0 Safari/534.1"
178.154.210.252 - - [04/Jul/2012:19:19:54 +0200] "GET / HTTP/1.1" 302 295 "-" "Mozilla/5.0 (compatible; YandexBot/3.0; +http://yandex.com/bots)"
94.21.44.59 - - [04/Jul/2012:20:39:31 +0200] "GET / HTTP/1.1" 302 295 "-" "Mozilla/5.0 (Windows NT 5.1; rv:13.0) Gecko/20100101 Firefox/13.0.1"
81.176.230.39 - - [04/Jul/2012:20:43:20 +0200] "GET / HTTP/1.1" 302 295 "-" "Mozilla/4.0 (compatible; MSIE 7.0; Windows NT 6.0)"
94.21.44.59 - - [04/Jul/2012:21:55:53 +0200] "GET / HTTP/1.1" 302 295 "-" "Mozilla/5.0 (Windows NT 5.1; rv:13.0) Gecko/20100101 Firefox/13.0.1"
81.182.15.187 - - [04/Jul/2012:22:27:17 +0200] "GET / HTTP/1.1" 302 295 "-" "Mozilla/4.0 (compatible; MSIE 7.0; Windows NT 5.1; .NET CLR 1.1.4322; InfoPath.3)"
81.182.15.187 - - [04/Jul/2012:22:27:19 +0200] "GET / HTTP/1.1" 302 295 "-" "Mozilla/4.0 (compatible; MSIE 7.0; Windows NT 5.1; .NET CLR 1.1.4322; InfoPath.3)"
66.249.66.89 - - [05/Jul/2012:03:54:13 +0200] "GET /robots.txt HTTP/1.1" 404 1181 "-" "Mozilla/5.0 (compatible; Googlebot/2.1; +http://www.google.com/bot.html)"
66.249.72.239 - - [05/Jul/2012:03:54:13 +0200] "GET / HTTP/1.1" 302 295 "-" "Mozilla/5.0 (compatible; Googlebot/2.1; +http://www.google.com/bot.html)"
145.236.3.53 - - [05/Jul/2012:07:58:52 +0200] "GET / HTTP/1.1" 302 295 "-" "Mozilla/4.0 (compatible; MSIE 7.0; Windows NT 5.1; .NET CLR 1.1.4322; InfoPath.3)"
145.236.3.53 - - [05/Jul/2012:07:58:54 +0200] "GET / HTTP/1.1" 302 295 "-" "Mozilla/4.0 (compatible; MSIE 7.0; Windows NT 5.1; .NET CLR 1.1.4322; InfoPath.3)"
174.122.254.42 - - [05/Jul/2012:09:42:10 +0200] "HEAD /mailman/admindb/nca HTTP/1.1" 404 0 "-" "Mozilla/5.0 (Windows; U; Windows NT 6.1; en-US) AppleWebKit/534.1 (KHTML, like Gecko) Chrome/6.0.428.0 Safari/534.1"
174.122.254.42 - - [05/Jul/2012:09:42:11 +0200] "GET /mailman/admindb/nca HTTP/1.1" 404 1181 "-" "Mozilla/5.0 (Windows; U; Windows NT 6.1; en-US) AppleWebKit/534.1 (KHTML, like Gecko) Chrome/6.0.428.0 Safari/534.1"
145.236.3.53 - - [05/Jul/2012:10:07:40 +0200] "GET / HTTP/1.1" 302 295 "-" "Mozilla/5.0 (Windows NT 5.1; rv:12.0) Gecko/20100101 Firefox/12.0"
174.122.254.42 - - [05/Jul/2012:10:33:04 +0200] "HEAD /mailman/admindb/dunaa HTTP/1.1" 404 0 "-" "Mozilla/5.0 (Windows; U; Windows NT 6.1; en-US) AppleWebKit/534.1 (KHTML, like Gecko) Chrome/6.0.428.0 Safari/534.1"
174.122.254.42 - - [05/Jul/2012:10:33:04 +0200] "GET /mailman/admindb/dunaa HTTP/1.1" 404 1181 "-" "Mozilla/5.0 (Windows; U; Windows NT 6.1; en-US) AppleWebKit/534.1 (KHTML, like Gecko) Chrome/6.0.428.0 Safari/534.1"
174.122.254.42 - - [05/Jul/2012:12:41:56 +0200] "HEAD /mailman/admindb/lepke HTTP/1.1" 404 0 "-" "Mozilla/5.0 (Windows; U; Windows NT 6.1; en-US) AppleWebKit/534.1 (KHTML, like Gecko) Chrome/6.0.428.0 Safari/534.1"
174.122.254.42 - - [05/Jul/2012:12:41:56 +0200] "GET /mailman/admindb/lepke HTTP/1.1" 404 1181 "-" "Mozilla/5.0 (Windows; U; Windows NT 6.1; en-US) AppleWebKit/534.1 (KHTML, like Gecko) Chrome/6.0.428.0 Safari/534.1"
145.236.5.187 - - [05/Jul/2012:13:18:32 +0200] "GET / HTTP/1.1" 302 295 "-" "Mozilla/4.0 (compatible; MSIE 7.0; Windows NT 5.1; .NET CLR 1.1.4322; InfoPath.3)"
145.236.5.187 - - [05/Jul/2012:13:18:34 +0200] "GET / HTTP/1.1" 302 295 "-" "Mozilla/4.0 (compatible; MSIE 7.0; Windows NT 5.1; .NET CLR 1.1.4322; InfoPath.3)"
86.101.231.141 - - [05/Jul/2012:17:09:23 +0200] "GET / HTTP/1.1" 302 295 "-" "Mozilla/4.0 (compatible; MSIE 8.0; Windows NT 5.1; Trident/4.0; .NET CLR 2.0.50727; .NET CLR 3.0.4506.2152; .NET CLR 3.5.30729)"
86.101.231.141 - - [05/Jul/2012:17:09:26 +0200] "GET / HTTP/1.1" 302 295 "-" "Mozilla/4.0 (compatible; MSIE 8.0; Windows NT 5.1; Trident/4.0; .NET CLR 2.0.50727; .NET CLR 3.0.4506.2152; .NET CLR 3.5.30729)"
195.199.183.86 - - [05/Jul/2012:17:12:21 +0200] "GET / HTTP/1.1" 302 295 "-" "Mozilla/5.0 (Windows NT 6.1; rv:13.0) Gecko/20100101 Firefox/13.0.1"
174.122.254.42 - - [05/Jul/2012:19:33:52 +0200] "HEAD /mailman/confirm/kontinuum/0d2aeb13a37e06426ed124d1d6590d586f69b811 HTTP/1.1" 404 0 "-" "Mozilla/5.0 (Windows; U; Windows NT 6.1; en-US) AppleWebKit/534.1 (KHTML, like Gecko) Chrome/6.0.428.0 Safari/534.1"
174.122.254.42 - - [05/Jul/2012:19:33:53 +0200] "GET /mailman/confirm/kontinuum/0d2aeb13a37e06426ed124d1d6590d586f69b811 HTTP/1.1" 404 1181 "-" "Mozilla/5.0 (Windows; U; Windows NT 6.1; en-US) AppleWebKit/534.1 (KHTML, like Gecko) Chrome/6.0.428.0 Safari/534.1"
50.112.57.104 - - [05/Jul/2012:19:53:15 +0200] "GET /mailman/listinfo/happybike HTTP/1.1" 404 1181 "-" "Mozilla/5.0 (X11; U; Linux i686; de; rv:1.9b5) Gecko/2008050509 Firefox/3.0b5"
50.112.57.104 - - [05/Jul/2012:19:55:08 +0200] "GET /mailman/private/happybike HTTP/1.1" 404 1181 "-" "Mozilla/4.0 (compatible; MSIE 6.0; America Online Browser 1.1; Windows NT 5.1; FunWebProducts; (R1 1.5); HbTools 4.7.7)"
86.101.231.141 - - [05/Jul/2012:20:17:59 +0200] "GET / HTTP/1.1" 302 295 "-" "Mozilla/4.0 (compatible; MSIE 8.0; Windows NT 5.1; Trident/4.0; .NET CLR 2.0.50727; .NET CLR 3.0.4506.2152; .NET CLR 3.5.30729)"
86.101.231.141 - - [05/Jul/2012:20:18:04 +0200] "GET / HTTP/1.1" 302 295 "-" "Mozilla/4.0 (compatible; MSIE 8.0; Windows NT 5.1; Trident/4.0; .NET CLR 2.0.50727; .NET CLR 3.0.4506.2152; .NET CLR 3.5.30729)"
38.127.167.2 - - [05/Jul/2012:20:41:16 +0200] "GET / HTTP/1.0" 302 283 "-" "Mozilla/5.0 (Windows; U; Windows NT 5.1; en-US; rv:1.9.1.9) Gecko/20100315 Firefox/3.5.9 (.NET CLR 3.5.30729)"
38.127.167.2 - - [05/Jul/2012:20:41:20 +0200] "GET /favicon.ico HTTP/1.0" 404 1181 "-" "Mozilla/5.0 (Windows; U; Windows NT 5.1; en-US; rv:1.9.1.9) Gecko/20100315 Firefox/3.5.9 (.NET CLR 3.5.30729)"
38.127.167.2 - - [05/Jul/2012:20:41:25 +0200] "HEAD / HTTP/1.0" 302 0 "-" "Lynx/2.8.8dev.9 libwww-FM/2.14 SSL-MM/1.4.1 GNUTLS/2.10.5"
38.127.167.2 - - [05/Jul/2012:20:41:28 +0200] "HEAD / HTTP/1.0" 302 0 "-" "Lynx/2.8.8dev.9 libwww-FM/2.14 SSL-MM/1.4.1 GNUTLS/2.10.5"
50.112.71.104 - - [05/Jul/2012:21:54:42 +0200] "GET /mailman/admindb/dunaa HTTP/1.1" 404 1181 "-" "Mozilla/4.0 (compatible; MSIE 7.0b; Windows NT 5.2; .NET CLR 1.1.4322; .NET CLR 2.0.50727; InfoPath.2; .NET CLR 3.0.04506.30)"
50.112.221.26 - - [05/Jul/2012:21:54:56 +0200] "GET /mailman/admindb/lepke HTTP/1.1" 404 1181 "-" "Mozilla/5.0 (Windows; U; Windows NT 5.1; zh-TW; rv:1.9b4) Gecko/2008030714 Firefox/3.0b4"
50.112.43.166 - - [05/Jul/2012:23:02:03 +0200] "GET /mailman/admindb/dunaa HTTP/1.1" 404 1181 "-" "Mozilla/4.0 (compatible; MSIE 6.0; America Online Browser 1.1; Windows NT 5.1)"
50.112.57.119 - - [05/Jul/2012:23:02:03 +0200] "GET /mailman/admindb/lepke HTTP/1.1" 404 1181 "-" "Mozilla/4.0 (Mozilla/4.0; MSIE 7.0; Windows NT 5.1; FDM; SV1; .NET CLR 3.0.04506.30)"
50.112.222.68 - - [05/Jul/2012:23:45:22 +0200] "GET /mailman/confirm/kontinuum/0d2aeb13a37e06426ed124d1d6590d586f69b811 HTTP/1.1" 404 1181 "-" "Mozilla/5.0 (X11; U; Linux i686; tr-TR; rv:1.9b5) Gecko/2008032600 SUSE/2.9.95-25.1 Firefox/3.0b5"
50.112.55.193 - - [06/Jul/2012:00:34:46 +0200] "GET /mailman/confirm/kontinuum/0d2aeb13a37e06426ed124d1d6590d586f69b811 HTTP/1.1" 404 1181 "-" "Mozilla/4.0 (compatible; MSIE 8.0; Windows NT 5.1; Trident/4.0; MathPlayer 2.10d; FDM; .NET CLR 2.0.50727; .NET CLR 3.0.04506.648; .NET CLR 3.5.21022; .NET CLR 1.1.4322)"
50.112.57.104 - - [06/Jul/2012:07:26:24 +0200] "GET /mailman/confirm/kontinuum/0d2aeb13a37e06426ed124d1d6590d586f69b811 HTTP/1.1" 404 1181 "-" "Mozilla/5.0 (Windows; U; Windows NT 5.1; ja; rv:1.9b5) Gecko/2008032620 Firefox/3.0b5"
50.112.24.196 - - [06/Jul/2012:08:41:23 +0200] "GET /mailman/confirm/kontinuum/0d2aeb13a37e06426ed124d1d6590d586f69b811 HTTP/1.1" 404 1181 "-" "Mozilla/4.0 (compatible; MSIE 7.0b; Windows NT 5.1; .NET CLR 1.1.4322; .NET CLR 2.0.40607)"
84.2.129.204 - - [06/Jul/2012:11:12:45 +0200] "GET / HTTP/1.1" 302 295 "-" "Mozilla/4.0 (compatible; MSIE 7.0; Windows NT 5.1; .NET CLR 1.1.4322; InfoPath.3)"
84.2.129.204 - - [06/Jul/2012:11:12:48 +0200] "GET / HTTP/1.1" 302 295 "-" "Mozilla/4.0 (compatible; MSIE 7.0; Windows NT 5.1; .NET CLR 1.1.4322; InfoPath.3)"
81.183.97.200 - - [06/Jul/2012:16:38:27 +0200] "GET / HTTP/1.1" 302 295 "-" "Mozilla/4.0 (compatible; MSIE 7.0; Windows NT 5.1; .NET CLR 1.1.4322; InfoPath.3)"
81.183.97.200 - - [06/Jul/2012:16:38:29 +0200] "GET / HTTP/1.1" 302 295 "-" "Mozilla/4.0 (compatible; MSIE 7.0; Windows NT 5.1; .NET CLR 1.1.4322; InfoPath.3)"
81.183.97.200 - - [06/Jul/2012:17:36:09 +0200] "GET / HTTP/1.1" 302 295 "-" "Mozilla/4.0 (compatible; MSIE 7.0; Windows NT 5.1; .NET CLR 1.1.4322; InfoPath.3)"
81.183.97.200 - - [06/Jul/2012:17:36:11 +0200] "GET / HTTP/1.1" 302 295 "-" "Mozilla/4.0 (compatible; MSIE 7.0; Windows NT 5.1; .NET CLR 1.1.4322; InfoPath.3)"
107.22.29.62 - - [06/Jul/2012:21:10:28 +0200] "GET / HTTP/1.0" 302 283 "-" "Mozilla/5.0 (compatible; NetcraftSurveyAgent/1.0; +info@netcraft.com)"
84.0.251.188 - - [07/Jul/2012:08:39:22 +0200] "GET / HTTP/1.1" 302 295 "-" "Mozilla/4.0 (compatible; MSIE 7.0; Windows NT 5.1; .NET CLR 1.1.4322; InfoPath.3)"
84.0.251.188 - - [07/Jul/2012:08:39:24 +0200] "GET / HTTP/1.1" 302 295 "-" "Mozilla/4.0 (compatible; MSIE 7.0; Windows NT 5.1; .NET CLR 1.1.4322; InfoPath.3)"
193.225.204.180 - - [07/Jul/2012:15:12:55 +0200] "GET / HTTP/1.1" 302 295 "-" "Mozilla/5.0 (Windows NT 5.1; rv:12.0) Gecko/20100101 Firefox/12.0"
86.101.231.141 - - [07/Jul/2012:15:38:59 +0200] "GET / HTTP/1.1" 302 295 "-" "Mozilla/4.0 (compatible; MSIE 8.0; Windows NT 5.1; Trident/4.0; .NET CLR 2.0.50727; .NET CLR 3.0.4506.2152; .NET CLR 3.5.30729)"
86.101.231.141 - - [07/Jul/2012:15:39:04 +0200] "GET / HTTP/1.1" 302 295 "-" "Mozilla/4.0 (compatible; MSIE 8.0; Windows NT 5.1; Trident/4.0; .NET CLR 2.0.50727; .NET CLR 3.0.4506.2152; .NET CLR 3.5.30729)"
78.108.18.235 - - [07/Jul/2012:19:22:31 +0200] "GET / HTTP/1.1" 302 295 "-" "Mozilla/5.0 (Windows NT 5.1; rv:7.0.1) Gecko/20100101 Firefox/7.0.1"
86.101.234.169 - - [07/Jul/2012:20:28:28 +0200] "GET / HTTP/1.1" 302 295 "-" "Mozilla/4.0 (compatible; MSIE 8.0; Windows NT 5.1; Trident/4.0)"
86.101.234.169 - - [07/Jul/2012:20:29:05 +0200] "GET / HTTP/1.1" 302 295 "-" "Mozilla/4.0 (compatible; MSIE 8.0; Windows NT 5.1; Trident/4.0)"
188.6.207.6 - - [07/Jul/2012:22:38:20 +0200] "GET / HTTP/1.1" 302 295 "-" "Mozilla/4.0 (compatible; MSIE 7.0; Windows NT 5.1; .NET CLR 1.1.4322; InfoPath.3)"
188.6.207.6 - - [07/Jul/2012:22:38:23 +0200] "GET / HTTP/1.1" 302 295 "-" "Mozilla/4.0 (compatible; MSIE 7.0; Windows NT 5.1; .NET CLR 1.1.4322; InfoPath.3)"
188.6.207.6 - - [07/Jul/2012:23:37:46 +0200] "GET / HTTP/1.1" 302 295 "-" "Mozilla/4.0 (compatible; MSIE 7.0; Windows NT 5.1; .NET CLR 1.1.4322; InfoPath.3)"
188.6.207.6 - - [07/Jul/2012:23:37:49 +0200] "GET / HTTP/1.1" 302 295 "-" "Mozilla/4.0 (compatible; MSIE 7.0; Windows NT 5.1; .NET CLR 1.1.4322; InfoPath.3)"
178.154.210.252 - - [08/Jul/2012:04:00:24 +0200] "GET /robots.txt HTTP/1.1" 404 1181 "-" "Mozilla/5.0 (compatible; YandexBot/3.0; +http://yandex.com/bots)"
174.122.254.42 - - [08/Jul/2012:09:34:19 +0200] "HEAD /mailman/listinfo/parlag HTTP/1.1" 404 0 "-" "Mozilla/5.0 (Windows; U; Windows NT 6.1; en-US) AppleWebKit/534.1 (KHTML, like Gecko) Chrome/6.0.428.0 Safari/534.1"
174.122.254.42 - - [08/Jul/2012:09:34:20 +0200] "GET /mailman/listinfo/parlag HTTP/1.1" 404 1181 "-" "Mozilla/5.0 (Windows; U; Windows NT 6.1; en-US) AppleWebKit/534.1 (KHTML, like Gecko) Chrome/6.0.428.0 Safari/534.1"
174.122.254.42 - - [08/Jul/2012:09:34:20 +0200] "HEAD /mailman/private/parlag HTTP/1.1" 404 0 "-" "Mozilla/5.0 (Windows; U; Windows NT 6.1; en-US) AppleWebKit/534.1 (KHTML, like Gecko) Chrome/6.0.428.0 Safari/534.1"
174.122.254.42 - - [08/Jul/2012:09:34:20 +0200] "GET /mailman/private/parlag HTTP/1.1" 404 1181 "-" "Mozilla/5.0 (Windows; U; Windows NT 6.1; en-US) AppleWebKit/534.1 (KHTML, like Gecko) Chrome/6.0.428.0 Safari/534.1"
78.108.18.235 - - [08/Jul/2012:11:27:44 +0200] "GET / HTTP/1.1" 302 295 "-" "Mozilla/5.0 (Windows NT 5.1; rv:7.0.1) Gecko/20100101 Firefox/7.0.1"
178.154.210.252 - - [08/Jul/2012:12:54:41 +0200] "GET / HTTP/1.1" 302 295 "-" "Mozilla/5.0 (compatible; YandexBot/3.0; +http://yandex.com/bots)"
94.21.246.231 - - [08/Jul/2012:13:11:06 +0200] "GET / HTTP/1.1" 302 295 "-" "Mozilla/5.0 (Windows NT 5.1; rv:13.0) Gecko/20100101 Firefox/13.0.1"
86.101.231.141 - - [08/Jul/2012:13:16:48 +0200] "GET / HTTP/1.1" 302 295 "-" "Mozilla/4.0 (compatible; MSIE 8.0; Windows NT 5.1; Trident/4.0; .NET CLR 2.0.50727; .NET CLR 3.0.4506.2152; .NET CLR 3.5.30729)"
86.101.231.141 - - [08/Jul/2012:13:16:52 +0200] "GET / HTTP/1.1" 302 295 "-" "Mozilla/4.0 (compatible; MSIE 8.0; Windows NT 5.1; Trident/4.0; .NET CLR 2.0.50727; .NET CLR 3.0.4506.2152; .NET CLR 3.5.30729)"
50.112.56.212 - - [08/Jul/2012:16:59:38 +0200] "GET /mailman/listinfo/parlag HTTP/1.1" 404 1181 "-" "Mozilla/5.0 (Windows; U; Windows NT 6.0; pl; rv:1.9b4) Gecko/2008030714 Firefox/3.0b4"
50.112.225.119 - - [08/Jul/2012:17:00:05 +0200] "GET /mailman/private/parlag HTTP/1.1" 404 1181 "-" "Mozilla/5.0 (Windows; U; Windows NT 5.1; en-US; rv:1.9b5pre) Gecko/2008030706 Firefox/3.0b5pre"
78.108.18.235 - - [08/Jul/2012:17:39:02 +0200] "GET / HTTP/1.1" 302 295 "-" "Mozilla/5.0 (Windows NT 5.1; rv:7.0.1) Gecko/20100101 Firefox/7.0.1"
81.183.143.183 - - [08/Jul/2012:23:07:28 +0200] "GET / HTTP/1.1" 302 295 "-" "Mozilla/4.0 (compatible; MSIE 7.0; Windows NT 5.1; .NET CLR 1.1.4322; InfoPath.3)"
81.183.143.183 - - [08/Jul/2012:23:07:32 +0200] "GET / HTTP/1.1" 302 295 "-" "Mozilla/4.0 (compatible; MSIE 7.0; Windows NT 5.1; .NET CLR 1.1.4322; InfoPath.3)"
78.108.18.235 - - [09/Jul/2012:09:22:08 +0200] "GET / HTTP/1.1" 302 295 "-" "Mozilla/5.0 (Windows NT 5.1; rv:7.0.1) Gecko/20100101 Firefox/7.0.1"
91.120.166.83 - - [09/Jul/2012:09:34:04 +0200] "GET / HTTP/1.1" 302 295 "-" "Mozilla/5.0 (Windows NT 5.1; rv:13.0) Gecko/20100101 Firefox/13.0.1"
78.108.18.235 - - [09/Jul/2012:10:05:41 +0200] "GET / HTTP/1.1" 302 295 "-" "Mozilla/5.0 (Windows NT 5.1; rv:7.0.1) Gecko/20100101 Firefox/7.0.1"
91.120.166.83 - - [09/Jul/2012:11:32:01 +0200] "GET / HTTP/1.1" 302 295 "-" "Mozilla/5.0 (Windows NT 5.1; rv:13.0) Gecko/20100101 Firefox/13.0.1"
78.108.18.235 - - [09/Jul/2012:12:53:27 +0200] "GET / HTTP/1.1" 302 295 "-" "Mozilla/5.0 (Windows NT 5.1; rv:7.0.1) Gecko/20100101 Firefox/7.0.1"
78.108.18.235 - - [09/Jul/2012:13:56:08 +0200] "GET / HTTP/1.1" 302 295 "-" "Mozilla/5.0 (Windows NT 5.1; rv:7.0.1) Gecko/20100101 Firefox/7.0.1"
78.92.13.47 - - [09/Jul/2012:13:57:56 +0200] "GET / HTTP/1.1" 302 295 "-" "Mozilla/4.0 (compatible; MSIE 7.0; Windows NT 5.1; .NET CLR 1.1.4322; InfoPath.3)"
78.92.13.47 - - [09/Jul/2012:13:58:03 +0200] "GET / HTTP/1.1" 302 295 "-" "Mozilla/4.0 (compatible; MSIE 7.0; Windows NT 5.1; .NET CLR 1.1.4322; InfoPath.3)"
91.120.166.83 - - [09/Jul/2012:14:14:17 +0200] "GET / HTTP/1.1" 302 295 "-" "Mozilla/5.0 (Windows NT 5.1; rv:13.0) Gecko/20100101 Firefox/13.0.1"
91.120.166.83 - - [09/Jul/2012:15:38:56 +0200] "GET / HTTP/1.1" 302 295 "-" "Mozilla/5.0 (Windows NT 5.1; rv:13.0) Gecko/20100101 Firefox/13.0.1"
78.108.18.235 - - [09/Jul/2012:16:13:42 +0200] "GET / HTTP/1.1" 302 295 "-" "Mozilla/5.0 (Windows NT 5.1; rv:7.0.1) Gecko/20100101 Firefox/7.0.1"
199.187.122.90 - - [09/Jul/2012:16:45:06 +0200] "GET /robots.txt HTTP/1.1" 404 1181 "-" "Mozilla/4.0 (compatible; MSIE 6.0; Windows NT 5.1; SV1; .NET CLR 2.0.50727)"
199.187.122.90 - - [09/Jul/2012:16:46:08 +0200] "GET /mailman/listinfo/gyumolcsesz HTTP/1.1" 404 1181 "-" "Mozilla/4.0 (compatible; MSIE 6.0; Windows NT 5.1; SV1; .NET CLR 2.0.50727)"
199.187.122.90 - - [09/Jul/2012:16:46:08 +0200] "GET / HTTP/1.1" 302 295 "-" "Mozilla/4.0 (compatible; MSIE 6.0; Windows NT 5.1; SV1; .NET CLR 2.0.50727)"
199.187.122.90 - - [09/Jul/2012:16:46:09 +0200] "GET / HTTP/1.1" 302 295 "-" "Mozilla/4.0 (compatible; MSIE 6.0; Windows NT 5.1; SV1; .NET CLR 2.0.50727)"
199.187.122.90 - - [09/Jul/2012:16:46:10 +0200] "GET /webmail/src/login.php HTTP/1.1" 404 1181 "-" "Mozilla/4.0 (compatible; MSIE 6.0; Windows NT 5.1; SV1; .NET CLR 2.0.50727)"
86.101.230.165 - - [09/Jul/2012:20:16:12 +0200] "GET / HTTP/1.1" 302 295 "-" "Mozilla/4.0 (compatible; MSIE 8.0; Windows NT 5.1; Trident/4.0; .NET CLR 2.0.50727; .NET CLR 3.0.4506.2152; .NET CLR 3.5.30729)"
86.101.230.165 - - [09/Jul/2012:20:16:16 +0200] "GET / HTTP/1.1" 302 295 "-" "Mozilla/4.0 (compatible; MSIE 8.0; Windows NT 5.1; Trident/4.0; .NET CLR 2.0.50727; .NET CLR 3.0.4506.2152; .NET CLR 3.5.30729)"
174.122.254.42 - - [09/Jul/2012:21:15:58 +0200] "HEAD /mailman/confirm/rugyecskek/cf83c596719508459ffd6886ad49eb4839530853 HTTP/1.1" 404 0 "-" "Mozilla/5.0 (Windows; U; Windows NT 6.1; en-US) AppleWebKit/534.1 (KHTML, like Gecko) Chrome/6.0.428.0 Safari/534.1"
174.122.254.42 - - [09/Jul/2012:21:15:58 +0200] "GET /mailman/confirm/rugyecskek/cf83c596719508459ffd6886ad49eb4839530853 HTTP/1.1" 404 1181 "-" "Mozilla/5.0 (Windows; U; Windows NT 6.1; en-US) AppleWebKit/534.1 (KHTML, like Gecko) Chrome/6.0.428.0 Safari/534.1"
50.112.193.25 - - [09/Jul/2012:21:35:20 +0200] "GET /mailman/confirm/rugyecskek/cf83c596719508459ffd6886ad49eb4839530853 HTTP/1.1" 404 1181 "-" "Mozilla/4.0 (compatible; MSIE 7.0; Windows NT 6.0;)"
78.108.18.235 - - [09/Jul/2012:21:59:19 +0200] "GET / HTTP/1.1" 302 295 "-" "Mozilla/5.0 (Windows NT 5.1; rv:7.0.1) Gecko/20100101 Firefox/7.0.1"
174.122.254.42 - - [10/Jul/2012:09:04:12 +0200] "HEAD /mailman/admindb/kozepregio HTTP/1.1" 404 0 "-" "Mozilla/5.0 (Windows; U; Windows NT 6.1; en-US) AppleWebKit/534.1 (KHTML, like Gecko) Chrome/6.0.428.0 Safari/534.1"
174.122.254.42 - - [10/Jul/2012:09:04:13 +0200] "GET /mailman/admindb/kozepregio HTTP/1.1" 404 1181 "-" "Mozilla/5.0 (Windows; U; Windows NT 6.1; en-US) AppleWebKit/534.1 (KHTML, like Gecko) Chrome/6.0.428.0 Safari/534.1"
84.0.175.193 - - [10/Jul/2012:09:48:27 +0200] "GET / HTTP/1.1" 302 295 "-" "Mozilla/4.0 (compatible; MSIE 7.0; Windows NT 5.1; .NET CLR 1.1.4322; InfoPath.3)"
84.0.175.193 - - [10/Jul/2012:09:48:30 +0200] "GET / HTTP/1.1" 302 295 "-" "Mozilla/4.0 (compatible; MSIE 7.0; Windows NT 5.1; .NET CLR 1.1.4322; InfoPath.3)"
91.120.106.196 - - [10/Jul/2012:10:02:31 +0200] "GET / HTTP/1.1" 302 295 "-" "Mozilla/5.0 (Windows NT 5.1; rv:13.0) Gecko/20100101 Firefox/13.0.1"
78.108.18.235 - - [10/Jul/2012:11:02:53 +0200] "GET / HTTP/1.1" 302 295 "-" "Mozilla/5.0 (Windows NT 5.1; rv:7.0.1) Gecko/20100101 Firefox/7.0.1"
91.120.106.196 - - [10/Jul/2012:12:04:55 +0200] "GET / HTTP/1.1" 302 295 "-" "Mozilla/5.0 (Windows NT 5.1; rv:13.0) Gecko/20100101 Firefox/13.0.1"
91.120.106.196 - - [10/Jul/2012:15:51:05 +0200] "GET / HTTP/1.1" 302 295 "-" "Mozilla/5.0 (Windows NT 5.1; rv:13.0) Gecko/20100101 Firefox/13.0.1"
178.154.210.252 - - [10/Jul/2012:17:53:38 +0200] "GET /robots.txt HTTP/1.1" 404 1181 "-" "Mozilla/5.0 (compatible; YandexBot/3.0; +http://yandex.com/bots)"
174.122.254.42 - - [10/Jul/2012:17:58:10 +0200] "HEAD /mailman/admin/ff/bounce HTTP/1.1" 404 0 "-" "Mozilla/5.0 (Windows; U; Windows NT 6.1; en-US) AppleWebKit/534.1 (KHTML, like Gecko) Chrome/6.0.428.0 Safari/534.1"
174.122.254.42 - - [10/Jul/2012:17:58:11 +0200] "GET /mailman/admin/ff/bounce HTTP/1.1" 404 1181 "-" "Mozilla/5.0 (Windows; U; Windows NT 6.1; en-US) AppleWebKit/534.1 (KHTML, like Gecko) Chrome/6.0.428.0 Safari/534.1"
174.122.254.42 - - [10/Jul/2012:17:58:11 +0200] "HEAD /mailman/confirm/swpat/46552b71cbcf0d648a25daf50b021215d0decba0 HTTP/1.1" 404 0 "-" "Mozilla/5.0 (Windows; U; Windows NT 6.1; en-US) AppleWebKit/534.1 (KHTML, like Gecko) Chrome/6.0.428.0 Safari/534.1"
174.122.254.42 - - [10/Jul/2012:17:58:11 +0200] "GET /mailman/confirm/swpat/46552b71cbcf0d648a25daf50b021215d0decba0 HTTP/1.1" 404 1181 "-" "Mozilla/5.0 (Windows; U; Windows NT 6.1; en-US) AppleWebKit/534.1 (KHTML, like Gecko) Chrome/6.0.428.0 Safari/534.1"
178.154.210.252 - - [10/Jul/2012:20:28:30 +0200] "GET / HTTP/1.1" 302 295 "-" "Mozilla/5.0 (compatible; YandexBot/3.0; +http://yandex.com/bots)"
174.122.254.42 - - [10/Jul/2012:21:59:25 +0200] "HEAD /mailman/listinfo/kozepregio HTTP/1.1" 404 0 "-" "Mozilla/5.0 (Windows; U; Windows NT 6.1; en-US) AppleWebKit/534.1 (KHTML, like Gecko) Chrome/6.0.428.0 Safari/534.1"
174.122.254.42 - - [10/Jul/2012:21:59:26 +0200] "GET /mailman/listinfo/kozepregio HTTP/1.1" 404 1181 "-" "Mozilla/5.0 (Windows; U; Windows NT 6.1; en-US) AppleWebKit/534.1 (KHTML, like Gecko) Chrome/6.0.428.0 Safari/534.1"
195.228.185.226 - - [10/Jul/2012:22:15:50 +0200] "GET / HTTP/1.1" 302 295 "-" "Mozilla/4.0 (compatible; MSIE 7.0; Windows NT 5.1; .NET CLR 1.1.4322; InfoPath.3)"
195.228.185.226 - - [10/Jul/2012:22:15:52 +0200] "GET / HTTP/1.1" 302 295 "-" "Mozilla/4.0 (compatible; MSIE 7.0; Windows NT 5.1; .NET CLR 1.1.4322; InfoPath.3)"
50.112.212.135 - - [11/Jul/2012:00:12:57 +0200] "GET /mailman/admindb/kozepregio HTTP/1.1" 404 1181 "-" "Mozilla/4.0 (compatible; MSIE 7.0; Windows NT 6.0; WOW64; SLCC1; .NET CLR 2.0.50727; .NET CLR 3.0.04506; Media Center PC 5.0; .NET CLR 1.1.4322; .NET CLR 3.5.21022)"
174.122.254.42 - - [11/Jul/2012:02:04:16 +0200] "HEAD /mailman/listinfo/regio HTTP/1.1" 404 0 "-" "Mozilla/5.0 (Windows; U; Windows NT 6.1; en-US) AppleWebKit/534.1 (KHTML, like Gecko) Chrome/6.0.428.0 Safari/534.1"
174.122.254.42 - - [11/Jul/2012:02:04:16 +0200] "GET /mailman/listinfo/regio HTTP/1.1" 404 1181 "-" "Mozilla/5.0 (Windows; U; Windows NT 6.1; en-US) AppleWebKit/534.1 (KHTML, like Gecko) Chrome/6.0.428.0 Safari/534.1"
174.122.254.42 - - [11/Jul/2012:06:16:57 +0200] "HEAD /mailman/admin/nca/bounce HTTP/1.1" 404 0 "-" "Mozilla/5.0 (Windows; U; Windows NT 6.1; en-US) AppleWebKit/534.1 (KHTML, like Gecko) Chrome/6.0.428.0 Safari/534.1"
174.122.254.42 - - [11/Jul/2012:06:16:58 +0200] "GET /mailman/admin/nca/bounce HTTP/1.1" 404 1181 "-" "Mozilla/5.0 (Windows; U; Windows NT 6.1; en-US) AppleWebKit/534.1 (KHTML, like Gecko) Chrome/6.0.428.0 Safari/534.1"
174.122.254.42 - - [11/Jul/2012:06:16:58 +0200] "HEAD /mailman/confirm/bringa-delbuda/8ca2440ed18b6add5c1c41e1a0c00e40cc2c4e0b HTTP/1.1" 404 0 "-" "Mozilla/5.0 (Windows; U; Windows NT 6.1; en-US) AppleWebKit/534.1 (KHTML, like Gecko) Chrome/6.0.428.0 Safari/534.1"
