174.122.254.42 - - [01/Aug/2012:08:30:23 +0200] "HEAD /mailman/confirm/global/015ec5ecf962e9be680cf0924d7e20358a7bd193 HTTP/1.1" 404 0 "-" "Mozilla/5.0 (Windows; U; Windows NT 6.1; en-US) AppleWebKit/534.1 (KHTML, like Gecko) Chrome/6.0.428.0 Safari/534.1"
174.122.254.42 - - [01/Aug/2012:08:30:23 +0200] "GET /mailman/confirm/global/015ec5ecf962e9be680cf0924d7e20358a7bd193 HTTP/1.1" 404 1181 "-" "Mozilla/5.0 (Windows; U; Windows NT 6.1; en-US) AppleWebKit/534.1 (KHTML, like Gecko) Chrome/6.0.428.0 Safari/534.1"
92.249.133.199 - - [01/Aug/2012:09:33:19 +0200] "GET / HTTP/1.1" 302 295 "-" "Mozilla/5.0 (Windows NT 5.1; rv:14.0) Gecko/20100101 Firefox/14.0.1"
87.229.29.213 - - [01/Aug/2012:11:28:39 +0200] "GET / HTTP/1.1" 302 295 "-" "Mozilla/5.0 (Windows NT 5.1; rv:14.0) Gecko/20100101 Firefox/14.0.1"
178.164.147.246 - - [01/Aug/2012:16:56:10 +0200] "GET / HTTP/1.1" 302 295 "-" "Mozilla/5.0 (Windows NT 5.1; rv:14.0) Gecko/20100101 Firefox/14.0.1"
87.229.29.213 - - [01/Aug/2012:17:49:24 +0200] "GET / HTTP/1.1" 302 295 "-" "Mozilla/5.0 (Windows NT 5.1; rv:14.0) Gecko/20100101 Firefox/14.0.1"
50.112.193.25 - - [01/Aug/2012:19:01:30 +0200] "GET /mailman/confirm/global/015ec5ecf962e9be680cf0924d7e20358a7bd193 HTTP/1.1" 404 1181 "-" "Mozilla/5.0 (X11; U; Linux i686; es-AR; rv:1.9b5) Gecko/2008041514 Firefox/3.0b5"
87.229.29.213 - - [01/Aug/2012:19:39:59 +0200] "GET / HTTP/1.1" 302 295 "-" "Mozilla/5.0 (Windows NT 5.1; rv:14.0) Gecko/20100101 Firefox/14.0.1"
178.154.210.252 - - [01/Aug/2012:22:21:39 +0200] "GET /robots.txt HTTP/1.1" 404 1181 "-" "Mozilla/5.0 (compatible; YandexBot/3.0; +http://yandex.com/bots)"
178.154.210.252 - - [01/Aug/2012:22:32:08 +0200] "GET / HTTP/1.1" 302 295 "-" "Mozilla/5.0 (compatible; YandexBot/3.0; +http://yandex.com/bots)"
87.229.29.213 - - [02/Aug/2012:11:44:47 +0200] "GET / HTTP/1.1" 302 295 "-" "Mozilla/5.0 (Windows NT 5.1; rv:14.0) Gecko/20100101 Firefox/14.0.1"
62.201.106.113 - - [02/Aug/2012:15:10:11 +0200] "GET / HTTP/1.1" 302 295 "-" "Mozilla/5.0 (X11; Linux i686; rv:12.0) Gecko/20100101 Firefox/12.0"
87.229.29.213 - - [02/Aug/2012:16:12:48 +0200] "GET / HTTP/1.1" 302 295 "-" "Mozilla/5.0 (Windows NT 5.1; rv:14.0) Gecko/20100101 Firefox/14.0.1"
87.229.29.213 - - [02/Aug/2012:17:44:27 +0200] "GET / HTTP/1.1" 302 295 "-" "Mozilla/5.0 (Windows NT 5.1; rv:14.0) Gecko/20100101 Firefox/14.0.1"
174.122.254.42 - - [02/Aug/2012:22:22:58 +0200] "HEAD /mailman/confirm/vaciwaldorf/a669e0154a28011eb3045ba317ded9a5a1d68900 HTTP/1.1" 404 0 "-" "Mozilla/5.0 (Windows; U; Windows NT 6.1; en-US) AppleWebKit/534.1 (KHTML, like Gecko) Chrome/6.0.428.0 Safari/534.1"
174.122.254.42 - - [02/Aug/2012:22:22:58 +0200] "GET /mailman/confirm/vaciwaldorf/a669e0154a28011eb3045ba317ded9a5a1d68900 HTTP/1.1" 404 1181 "-" "Mozilla/5.0 (Windows; U; Windows NT 6.1; en-US) AppleWebKit/534.1 (KHTML, like Gecko) Chrome/6.0.428.0 Safari/534.1"
174.122.254.42 - - [02/Aug/2012:22:22:59 +0200] "HEAD /mailman/options/vaciwaldorf/xwuc@freemail.hu HTTP/1.1" 404 0 "-" "Mozilla/5.0 (Windows; U; Windows NT 6.1; en-US) AppleWebKit/534.1 (KHTML, like Gecko) Chrome/6.0.428.0 Safari/534.1"
174.122.254.42 - - [02/Aug/2012:22:22:59 +0200] "GET /mailman/options/vaciwaldorf/xwuc@freemail.hu HTTP/1.1" 404 1181 "-" "Mozilla/5.0 (Windows; U; Windows NT 6.1; en-US) AppleWebKit/534.1 (KHTML, like Gecko) Chrome/6.0.428.0 Safari/534.1"
92.249.133.142 - - [02/Aug/2012:23:01:27 +0200] "GET / HTTP/1.1" 302 295 "-" "Mozilla/5.0 (Windows NT 5.1; rv:14.0) Gecko/20100101 Firefox/14.0.1"
31.46.136.91 - - [03/Aug/2012:10:13:14 +0200] "GET / HTTP/1.1" 302 295 "-" "Mozilla/5.0 (Windows NT 5.1; rv:14.0) Gecko/20100101 Firefox/14.0.1"
87.229.29.213 - - [03/Aug/2012:11:33:17 +0200] "GET / HTTP/1.1" 302 295 "-" "Mozilla/5.0 (Windows NT 5.1; rv:14.0) Gecko/20100101 Firefox/14.0.1"
92.249.133.13 - - [03/Aug/2012:15:41:47 +0200] "GET / HTTP/1.1" 302 295 "-" "Mozilla/5.0 (Windows NT 5.1; rv:14.0) Gecko/20100101 Firefox/14.0.1"
87.229.29.213 - - [03/Aug/2012:16:03:49 +0200] "GET / HTTP/1.1" 302 295 "-" "Mozilla/5.0 (Windows NT 5.1; rv:14.0) Gecko/20100101 Firefox/14.0.1"
150.70.75.35 - - [03/Aug/2012:17:23:46 +0200] "GET / HTTP/1.0" 302 283 "-" "Mozilla/4.0 (compatible; MSIE 6.0; Windows NT 5.1)"
5.9.40.194 - - [03/Aug/2012:21:24:04 +0200] "GET /robots.txt HTTP/1.1" 404 1181 "-" "Mozilla/5.0 (compatible; MSIE 9.0; Windows NT 6.1; Win64; x64; Trident/5.0; MALC)"
5.9.40.194 - - [03/Aug/2012:21:24:04 +0200] "GET /index.php HTTP/1.1" 404 1181 "-" "Mozilla/5.0 (compatible; MSIE 9.0; Windows NT 6.1; Win64; x64; Trident/5.0; MALC)"
66.249.72.233 - - [04/Aug/2012:10:23:52 +0200] "GET /robots.txt HTTP/1.1" 404 1181 "-" "Mozilla/5.0 (compatible; Googlebot/2.1; +http://www.google.com/bot.html)"
66.249.72.233 - - [04/Aug/2012:10:23:52 +0200] "GET / HTTP/1.1" 302 295 "-" "Mozilla/5.0 (compatible; Googlebot/2.1; +http://www.google.com/bot.html)"
87.229.29.213 - - [04/Aug/2012:10:52:19 +0200] "GET / HTTP/1.1" 302 295 "-" "Mozilla/5.0 (Windows NT 5.1; rv:14.0) Gecko/20100101 Firefox/14.0.1"
87.229.29.213 - - [04/Aug/2012:14:35:26 +0200] "GET / HTTP/1.1" 302 295 "-" "Mozilla/5.0 (Windows NT 5.1; rv:14.0) Gecko/20100101 Firefox/14.0.1"
87.229.29.213 - - [05/Aug/2012:08:23:40 +0200] "GET / HTTP/1.1" 302 295 "-" "Mozilla/5.0 (Windows NT 5.1; rv:14.0) Gecko/20100101 Firefox/14.0.1"
91.120.170.41 - - [05/Aug/2012:09:34:00 +0200] "GET / HTTP/1.1" 302 295 "-" "Mozilla/5.0 (Windows NT 5.1; rv:14.0) Gecko/20100101 Firefox/14.0.1"
94.21.191.82 - - [05/Aug/2012:12:39:35 +0200] "GET / HTTP/1.1" 302 295 "-" "Mozilla/5.0 (Windows NT 5.1; rv:14.0) Gecko/20100101 Firefox/14.0.1"
87.229.29.213 - - [05/Aug/2012:17:34:12 +0200] "GET / HTTP/1.1" 302 295 "-" "Mozilla/5.0 (Windows NT 5.1; rv:14.0) Gecko/20100101 Firefox/14.0.1"
87.229.29.213 - - [06/Aug/2012:08:28:23 +0200] "GET / HTTP/1.1" 302 295 "-" "Mozilla/5.0 (Windows NT 5.1; rv:14.0) Gecko/20100101 Firefox/14.0.1"
62.201.106.113 - - [06/Aug/2012:11:42:19 +0200] "GET / HTTP/1.1" 302 295 "-" "Mozilla/5.0 (X11; Linux i686; rv:12.0) Gecko/20100101 Firefox/12.0"
87.229.29.213 - - [06/Aug/2012:13:22:42 +0200] "GET / HTTP/1.1" 302 295 "-" "Mozilla/5.0 (Windows NT 5.1; rv:14.0) Gecko/20100101 Firefox/14.0.1"
174.122.254.42 - - [06/Aug/2012:15:12:06 +0200] "HEAD /mailman/confirm/global/9c6f44324da49dacea040b3c3fba8b4f34d8aee3 HTTP/1.1" 404 0 "-" "Mozilla/5.0 (Windows; U; Windows NT 6.1; en-US) AppleWebKit/534.1 (KHTML, like Gecko) Chrome/6.0.428.0 Safari/534.1"
174.122.254.42 - - [06/Aug/2012:15:12:06 +0200] "GET /mailman/confirm/global/9c6f44324da49dacea040b3c3fba8b4f34d8aee3 HTTP/1.1" 404 1181 "-" "Mozilla/5.0 (Windows; U; Windows NT 6.1; en-US) AppleWebKit/534.1 (KHTML, like Gecko) Chrome/6.0.428.0 Safari/534.1"
38.127.197.124 - - [06/Aug/2012:15:51:06 +0200] "GET /mailman/confirm/mozgalom/d158ec2a0597e28ea2c0caffec21e1795ba1b284 HTTP/1.1" 404 1181 "-" "Mozilla/4.0 (compatible; MSIE 7.0; Windows NT 5.1)"
193.225.204.108 - - [06/Aug/2012:16:42:57 +0200] "GET / HTTP/1.1" 302 295 "-" "Mozilla/4.0 (compatible; MSIE 8.0; Windows NT 5.1; Trident/4.0; .NET CLR 2.0.50727; .NET CLR 3.0.4506.2152; .NET CLR 3.5.30729; AskTbORJ/5.14.1.20007)"
193.225.204.108 - - [06/Aug/2012:16:43:01 +0200] "GET / HTTP/1.1" 302 295 "-" "Mozilla/4.0 (compatible; MSIE 8.0; Windows NT 5.1; Trident/4.0; .NET CLR 2.0.50727; .NET CLR 3.0.4506.2152; .NET CLR 3.5.30729; AskTbORJ/5.14.1.20007)"
67.202.31.96 - - [06/Aug/2012:16:49:07 +0200] "GET / HTTP/1.0" 302 283 "-" "Mozilla/5.0 (compatible; NetcraftSurveyAgent/1.0; +info@netcraft.com)"
50.112.193.25 - - [06/Aug/2012:16:55:04 +0200] "GET /mailman/confirm/global/9c6f44324da49dacea040b3c3fba8b4f34d8aee3 HTTP/1.1" 404 1181 "-" "Mozilla/4.0 (compatible; MSIE 6.0; America Online Browser 1.1; Windows NT 5.1; SV1; FunWebProducts; .NET CLR 1.1.4322; InfoPath.1; HbTools 4.8.0)"
94.21.191.6 - - [06/Aug/2012:22:47:57 +0200] "GET / HTTP/1.1" 302 295 "-" "Mozilla/5.0 (Windows NT 5.1; rv:14.0) Gecko/20100101 Firefox/14.0.1"
81.144.138.34 - - [07/Aug/2012:01:56:23 +0200] "GET /robots.txt HTTP/1.1" 404 1181 "-" "Wotbox/2.01 (+http://www.wotbox.com/bot/)"
81.144.138.34 - - [07/Aug/2012:01:56:34 +0200] "GET / HTTP/1.1" 302 295 "-" "Wotbox/2.01 (+http://www.wotbox.com/bot/)"
213.186.120.196 - - [07/Aug/2012:18:48:58 +0200] "GET /robots.txt HTTP/1.1" 404 1181 "-" "Mozilla/5.0 (compatible; AhrefsBot/3.1; +http://ahrefs.com/robot/)"
195.228.185.177 - - [08/Aug/2012:00:22:02 +0200] "GET / HTTP/1.1" 302 295 "-" "Mozilla/5.0 (Windows NT 5.1; rv:12.0) Gecko/20100101 Firefox/12.0"
213.186.120.196 - - [08/Aug/2012:04:55:56 +0200] "GET /robots.txt HTTP/1.1" 404 1181 "-" "Mozilla/5.0 (compatible; AhrefsBot/3.1; +http://ahrefs.com/robot/)"
87.229.29.213 - - [08/Aug/2012:08:28:24 +0200] "GET / HTTP/1.1" 302 295 "-" "Mozilla/5.0 (Windows NT 5.1; rv:14.0) Gecko/20100101 Firefox/14.0.1"
31.46.191.101 - - [08/Aug/2012:09:25:33 +0200] "GET / HTTP/1.1" 302 295 "-" "Mozilla/5.0 (Windows NT 5.1; rv:12.0) Gecko/20100101 Firefox/12.0"
87.229.29.213 - - [08/Aug/2012:10:05:31 +0200] "GET / HTTP/1.1" 302 295 "-" "Mozilla/5.0 (Windows NT 5.1; rv:14.0) Gecko/20100101 Firefox/14.0.1"
174.122.254.42 - - [08/Aug/2012:14:49:47 +0200] "HEAD /mailman/confirm/mhtelista/f8224a5f6eed8061e0ed7f5cc62509765d95a6f9 HTTP/1.1" 404 0 "-" "Mozilla/5.0 (Windows; U; Windows NT 6.1; en-US) AppleWebKit/534.1 (KHTML, like Gecko) Chrome/6.0.428.0 Safari/534.1"
174.122.254.42 - - [08/Aug/2012:14:49:47 +0200] "GET /mailman/confirm/mhtelista/f8224a5f6eed8061e0ed7f5cc62509765d95a6f9 HTTP/1.1" 404 1181 "-" "Mozilla/5.0 (Windows; U; Windows NT 6.1; en-US) AppleWebKit/534.1 (KHTML, like Gecko) Chrome/6.0.428.0 Safari/534.1"
174.122.254.42 - - [08/Aug/2012:15:07:07 +0200] "HEAD /mailman/confirm/mhtelista/404291f6ba1d9dfa7037d5a4347976d9b6bebb91 HTTP/1.1" 404 0 "-" "Mozilla/5.0 (Windows; U; Windows NT 6.1; en-US) AppleWebKit/534.1 (KHTML, like Gecko) Chrome/6.0.428.0 Safari/534.1"
174.122.254.42 - - [08/Aug/2012:15:07:07 +0200] "GET /mailman/confirm/mhtelista/404291f6ba1d9dfa7037d5a4347976d9b6bebb91 HTTP/1.1" 404 1181 "-" "Mozilla/5.0 (Windows; U; Windows NT 6.1; en-US) AppleWebKit/534.1 (KHTML, like Gecko) Chrome/6.0.428.0 Safari/534.1"
86.101.231.141 - - [08/Aug/2012:16:42:22 +0200] "GET / HTTP/1.1" 302 295 "-" "Mozilla/4.0 (compatible; MSIE 8.0; Windows NT 5.1; Trident/4.0; .NET CLR 2.0.50727; .NET CLR 3.0.4506.2152; .NET CLR 3.5.30729)"
86.101.231.141 - - [08/Aug/2012:16:42:26 +0200] "GET / HTTP/1.1" 302 295 "-" "Mozilla/4.0 (compatible; MSIE 8.0; Windows NT 5.1; Trident/4.0; .NET CLR 2.0.50727; .NET CLR 3.0.4506.2152; .NET CLR 3.5.30729)"
178.255.87.241 - - [08/Aug/2012:17:03:43 +0200] "GET /robots.txt HTTP/1.1" 404 1181 "-" "Comodo-Certificates-Spider"
178.255.87.241 - - [08/Aug/2012:17:03:43 +0200] "GET / HTTP/1.1" 302 295 "-" "Comodo-Certificates-Spider"
178.255.87.241 - - [08/Aug/2012:17:03:44 +0200] "GET / HTTP/1.1" 302 295 "-" "Comodo-Certificates-Spider"
46.107.193.13 - - [08/Aug/2012:21:41:52 +0200] "GET /webmail HTTP/1.1" 404 1181 "-" "Mozilla/5.0 (X11; Ubuntu; Linux i686; rv:14.0) Gecko/20100101 Firefox/14.0.1"
46.107.193.13 - - [08/Aug/2012:21:41:53 +0200] "GET /favicon.ico HTTP/1.1" 404 1181 "-" "Mozilla/5.0 (X11; Ubuntu; Linux i686; rv:14.0) Gecko/20100101 Firefox/14.0.1"
46.107.193.13 - - [08/Aug/2012:21:41:53 +0200] "GET /favicon.ico HTTP/1.1" 404 1181 "-" "Mozilla/5.0 (X11; Ubuntu; Linux i686; rv:14.0) Gecko/20100101 Firefox/14.0.1"
84.2.129.93 - - [09/Aug/2012:00:23:39 +0200] "GET / HTTP/1.1" 302 295 "-" "Mozilla/5.0 (Windows NT 5.1; rv:12.0) Gecko/20100101 Firefox/12.0"
87.229.29.213 - - [09/Aug/2012:08:15:56 +0200] "GET / HTTP/1.1" 302 295 "-" "Mozilla/5.0 (Windows NT 5.1; rv:14.0) Gecko/20100101 Firefox/14.0.1"
50.112.63.107 - - [09/Aug/2012:09:48:09 +0200] "GET /mailman/confirm/mhtelista/f8224a5f6eed8061e0ed7f5cc62509765d95a6f9 HTTP/1.1" 404 1181 "-" "Mozilla/5.0 (Windows; U; Windows NT 6.0; de; rv:1.9b5) Gecko/2008032620 Firefox/3.0b5"
50.112.31.147 - - [09/Aug/2012:09:48:38 +0200] "GET /mailman/confirm/mhtelista/404291f6ba1d9dfa7037d5a4347976d9b6bebb91 HTTP/1.1" 404 1181 "-" "Mozilla/5.0 (X11; U; Linux x86_64; en-US; rv:1.9.0.2) Gecko/2008092313 Ubuntu/8.04 (hardy) Firefox/3.1"
188.36.196.216 - - [09/Aug/2012:10:00:22 +0200] "GET / HTTP/1.1" 302 295 "-" "Mozilla/4.0 (compatible; MSIE 7.0; Windows NT 5.1; .NET CLR 1.1.4322; InfoPath.3)"
188.36.196.216 - - [09/Aug/2012:10:00:25 +0200] "GET / HTTP/1.1" 302 295 "-" "Mozilla/4.0 (compatible; MSIE 7.0; Windows NT 5.1; .NET CLR 1.1.4322; InfoPath.3)"
178.154.210.252 - - [09/Aug/2012:10:17:22 +0200] "GET /robots.txt HTTP/1.1" 404 1181 "-" "Mozilla/5.0 (compatible; YandexBot/3.0; +http://yandex.com/bots)"
87.229.29.213 - - [09/Aug/2012:12:08:37 +0200] "GET / HTTP/1.1" 302 295 "-" "Mozilla/5.0 (Windows NT 5.1; rv:14.0) Gecko/20100101 Firefox/14.0.1"
178.154.210.252 - - [09/Aug/2012:15:52:19 +0200] "GET / HTTP/1.1" 302 295 "-" "Mozilla/5.0 (compatible; YandexBot/3.0; +http://yandex.com/bots)"
188.36.196.216 - - [09/Aug/2012:15:56:52 +0200] "GET / HTTP/1.1" 302 295 "-" "Mozilla/5.0 (Windows NT 5.1; rv:12.0) Gecko/20100101 Firefox/12.0"
188.36.196.216 - - [09/Aug/2012:16:28:48 +0200] "GET / HTTP/1.1" 302 295 "-" "Mozilla/5.0 (Windows NT 5.1; rv:12.0) Gecko/20100101 Firefox/12.0"
86.101.231.129 - - [09/Aug/2012:19:24:51 +0200] "GET / HTTP/1.1" 302 295 "-" "Mozilla/4.0 (compatible; MSIE 8.0; Windows NT 5.1; Trident/4.0)"
86.101.231.129 - - [09/Aug/2012:19:24:55 +0200] "GET / HTTP/1.1" 302 295 "-" "Mozilla/4.0 (compatible; MSIE 8.0; Windows NT 5.1; Trident/4.0)"
193.225.204.108 - - [10/Aug/2012:09:20:59 +0200] "GET / HTTP/1.1" 302 295 "-" "Mozilla/4.0 (compatible; MSIE 8.0; Windows NT 5.1; Trident/4.0; .NET CLR 2.0.50727; .NET CLR 3.0.4506.2152; .NET CLR 3.5.30729; AskTbORJ/5.14.1.20007)"
193.225.204.108 - - [10/Aug/2012:09:21:34 +0200] "GET / HTTP/1.1" 302 295 "-" "Mozilla/4.0 (compatible; MSIE 8.0; Windows NT 5.1; Trident/4.0; .NET CLR 2.0.50727; .NET CLR 3.0.4506.2152; .NET CLR 3.5.30729; AskTbORJ/5.14.1.20007)"
84.2.128.30 - - [10/Aug/2012:10:08:16 +0200] "GET / HTTP/1.1" 302 295 "-" "Mozilla/4.0 (compatible; MSIE 7.0; Windows NT 5.1; .NET CLR 1.1.4322; InfoPath.3)"
84.2.128.30 - - [10/Aug/2012:10:08:18 +0200] "GET / HTTP/1.1" 302 295 "-" "Mozilla/4.0 (compatible; MSIE 7.0; Windows NT 5.1; .NET CLR 1.1.4322; InfoPath.3)"
84.2.128.30 - - [10/Aug/2012:10:22:15 +0200] "GET / HTTP/1.1" 302 295 "-" "Mozilla/4.0 (compatible; MSIE 7.0; Windows NT 5.1; .NET CLR 1.1.4322; InfoPath.3)"
84.2.128.30 - - [10/Aug/2012:10:53:39 +0200] "GET / HTTP/1.1" 302 295 "-" "Mozilla/4.0 (compatible; MSIE 7.0; Windows NT 5.1; .NET CLR 1.1.4322; InfoPath.3)"
84.2.128.30 - - [10/Aug/2012:10:53:41 +0200] "GET / HTTP/1.1" 302 295 "-" "Mozilla/4.0 (compatible; MSIE 7.0; Windows NT 5.1; .NET CLR 1.1.4322; InfoPath.3)"
188.36.100.219 - - [10/Aug/2012:11:22:07 +0200] "GET / HTTP/1.1" 302 295 "-" "Mozilla/5.0 (Windows NT 5.1; rv:11.0) Gecko/20100101 Firefox/11.0"
87.229.29.213 - - [10/Aug/2012:11:59:07 +0200] "GET / HTTP/1.1" 302 295 "-" "Mozilla/5.0 (Windows NT 5.1; rv:14.0) Gecko/20100101 Firefox/14.0.1"
84.2.128.30 - - [10/Aug/2012:13:56:37 +0200] "GET / HTTP/1.1" 302 295 "-" "Mozilla/5.0 (Windows NT 5.1; rv:12.0) Gecko/20100101 Firefox/12.0"
86.101.231.129 - - [10/Aug/2012:17:26:30 +0200] "GET / HTTP/1.1" 302 295 "-" "Mozilla/4.0 (compatible; MSIE 8.0; Windows NT 5.1; Trident/4.0)"
86.101.231.129 - - [10/Aug/2012:17:26:33 +0200] "GET / HTTP/1.1" 302 295 "-" "Mozilla/4.0 (compatible; MSIE 8.0; Windows NT 5.1; Trident/4.0)"
94.21.191.95 - - [10/Aug/2012:21:22:15 +0200] "GET / HTTP/1.1" 302 295 "-" "Mozilla/5.0 (Windows NT 5.1; rv:14.0) Gecko/20100101 Firefox/14.0.1"
178.164.140.160 - - [10/Aug/2012:21:46:58 +0200] "GET / HTTP/1.1" 302 295 "-" "Mozilla/5.0 (Windows NT 6.1; WOW64; rv:14.0) Gecko/20100101 Firefox/14.0.1"
178.154.210.252 - - [10/Aug/2012:23:38:38 +0200] "GET /robots.txt HTTP/1.1" 404 1181 "-" "Mozilla/5.0 (compatible; YandexBot/3.0; +http://yandex.com/bots)"
188.36.203.8 - - [11/Aug/2012:00:01:47 +0200] "GET / HTTP/1.1" 302 295 "-" "Mozilla/5.0 (Windows NT 5.1; rv:12.0) Gecko/20100101 Firefox/12.0"
178.154.210.252 - - [11/Aug/2012:09:24:51 +0200] "GET / HTTP/1.1" 302 295 "-" "Mozilla/5.0 (compatible; YandexBot/3.0; +http://yandex.com/bots)"
87.229.29.213 - - [11/Aug/2012:09:32:41 +0200] "GET / HTTP/1.1" 302 295 "-" "Mozilla/5.0 (Windows NT 5.1; rv:14.0) Gecko/20100101 Firefox/14.0.1"
145.236.129.5 - - [11/Aug/2012:11:30:46 +0200] "GET / HTTP/1.1" 302 295 "-" "Mozilla/4.0 (compatible; MSIE 7.0; Windows NT 5.1; .NET CLR 1.1.4322; InfoPath.3)"
145.236.129.5 - - [11/Aug/2012:11:30:49 +0200] "GET / HTTP/1.1" 302 295 "-" "Mozilla/4.0 (compatible; MSIE 7.0; Windows NT 5.1; .NET CLR 1.1.4322; InfoPath.3)"
145.236.129.5 - - [11/Aug/2012:12:02:08 +0200] "GET / HTTP/1.1" 302 295 "-" "Mozilla/4.0 (compatible; MSIE 7.0; Windows NT 5.1; .NET CLR 1.1.4322; InfoPath.3)"
174.122.254.42 - - [11/Aug/2012:12:37:23 +0200] "HEAD /mailman/admin/ff/bounce HTTP/1.1" 404 0 "-" "Mozilla/5.0 (Windows; U; Windows NT 6.1; en-US) AppleWebKit/534.1 (KHTML, like Gecko) Chrome/6.0.428.0 Safari/534.1"
174.122.254.42 - - [11/Aug/2012:12:37:23 +0200] "GET /mailman/admin/ff/bounce HTTP/1.1" 404 1181 "-" "Mozilla/5.0 (Windows; U; Windows NT 6.1; en-US) AppleWebKit/534.1 (KHTML, like Gecko) Chrome/6.0.428.0 Safari/534.1"
174.122.254.42 - - [11/Aug/2012:12:37:23 +0200] "HEAD /mailman/confirm/dunaa/8653a9a99b2157885c13e5e0139943ffc414839a HTTP/1.1" 404 0 "-" "Mozilla/5.0 (Windows; U; Windows NT 6.1; en-US) AppleWebKit/534.1 (KHTML, like Gecko) Chrome/6.0.428.0 Safari/534.1"
174.122.254.42 - - [11/Aug/2012:12:37:24 +0200] "GET /mailman/confirm/dunaa/8653a9a99b2157885c13e5e0139943ffc414839a HTTP/1.1" 404 1181 "-" "Mozilla/5.0 (Windows; U; Windows NT 6.1; en-US) AppleWebKit/534.1 (KHTML, like Gecko) Chrome/6.0.428.0 Safari/534.1"
87.229.29.213 - - [11/Aug/2012:13:33:24 +0200] "GET / HTTP/1.1" 302 295 "-" "Mozilla/5.0 (Windows NT 5.1; rv:14.0) Gecko/20100101 Firefox/14.0.1"
86.101.231.141 - - [11/Aug/2012:20:41:35 +0200] "GET / HTTP/1.1" 302 295 "-" "Mozilla/4.0 (compatible; MSIE 8.0; Windows NT 5.1; Trident/4.0; .NET CLR 2.0.50727; .NET CLR 3.0.4506.2152; .NET CLR 3.5.30729)"
86.101.231.141 - - [11/Aug/2012:20:41:40 +0200] "GET / HTTP/1.1" 302 295 "-" "Mozilla/4.0 (compatible; MSIE 8.0; Windows NT 5.1; Trident/4.0; .NET CLR 2.0.50727; .NET CLR 3.0.4506.2152; .NET CLR 3.5.30729)"
178.154.210.252 - - [11/Aug/2012:23:41:47 +0200] "GET /robots.txt HTTP/1.1" 404 1181 "-" "Mozilla/5.0 (compatible; YandexBot/3.0; +http://yandex.com/bots)"
178.154.210.252 - - [12/Aug/2012:08:31:41 +0200] "GET / HTTP/1.1" 302 295 "-" "Mozilla/5.0 (compatible; YandexBot/3.0; +http://yandex.com/bots)"
195.228.197.91 - - [12/Aug/2012:10:02:03 +0200] "GET / HTTP/1.1" 302 295 "-" "Mozilla/4.0 (compatible; MSIE 7.0; Windows NT 5.1; .NET CLR 1.1.4322; InfoPath.3)"
195.228.197.91 - - [12/Aug/2012:10:02:07 +0200] "GET / HTTP/1.1" 302 295 "-" "Mozilla/4.0 (compatible; MSIE 7.0; Windows NT 5.1; .NET CLR 1.1.4322; InfoPath.3)"
195.228.197.91 - - [12/Aug/2012:12:55:32 +0200] "GET / HTTP/1.1" 302 295 "-" "Mozilla/4.0 (compatible; MSIE 7.0; Windows NT 5.1; .NET CLR 1.1.4322; InfoPath.3)"
195.228.197.91 - - [12/Aug/2012:12:55:36 +0200] "GET / HTTP/1.1" 302 295 "-" "Mozilla/4.0 (compatible; MSIE 7.0; Windows NT 5.1; .NET CLR 1.1.4322; InfoPath.3)"
87.229.29.213 - - [12/Aug/2012:13:52:41 +0200] "GET / HTTP/1.1" 302 295 "-" "Mozilla/5.0 (Windows NT 5.1; rv:14.0) Gecko/20100101 Firefox/14.0.1"
81.182.25.52 - - [12/Aug/2012:20:11:19 +0200] "GET / HTTP/1.1" 302 295 "-" "Mozilla/5.0 (X11; U; Linux i686; hu-HU; rv:1.9.2.17) Gecko/20110422 Ubuntu/8.04 (hardy) Firefox/3.6.17"
174.122.254.42 - - [13/Aug/2012:00:04:33 +0200] "HEAD /mailman/confirm/parlag/c7da5ef012b4009eb06ee096fdf940226357608f HTTP/1.1" 404 0 "-" "Mozilla/5.0 (Windows; U; Windows NT 6.1; en-US) AppleWebKit/534.1 (KHTML, like Gecko) Chrome/6.0.428.0 Safari/534.1"
174.122.254.42 - - [13/Aug/2012:00:04:33 +0200] "GET /mailman/confirm/parlag/c7da5ef012b4009eb06ee096fdf940226357608f HTTP/1.1" 404 1181 "-" "Mozilla/5.0 (Windows; U; Windows NT 6.1; en-US) AppleWebKit/534.1 (KHTML, like Gecko) Chrome/6.0.428.0 Safari/534.1"
178.154.210.252 - - [13/Aug/2012:07:19:51 +0200] "GET /robots.txt HTTP/1.1" 404 1181 "-" "Mozilla/5.0 (compatible; YandexBot/3.0; +http://yandex.com/bots)"
178.154.210.252 - - [13/Aug/2012:09:13:22 +0200] "GET / HTTP/1.1" 302 295 "-" "Mozilla/5.0 (compatible; YandexBot/3.0; +http://yandex.com/bots)"
87.229.29.213 - - [13/Aug/2012:10:48:53 +0200] "GET / HTTP/1.1" 302 295 "-" "Mozilla/5.0 (Windows NT 5.1; rv:14.0) Gecko/20100101 Firefox/14.0.1"
81.182.103.227 - - [13/Aug/2012:11:19:41 +0200] "GET / HTTP/1.1" 302 295 "-" "Mozilla/4.0 (compatible; MSIE 7.0; Windows NT 5.1; .NET CLR 1.1.4322; InfoPath.3)"
81.182.103.227 - - [13/Aug/2012:11:19:45 +0200] "GET / HTTP/1.1" 302 295 "-" "Mozilla/4.0 (compatible; MSIE 7.0; Windows NT 5.1; .NET CLR 1.1.4322; InfoPath.3)"
31.46.136.91 - - [13/Aug/2012:12:24:40 +0200] "GET / HTTP/1.1" 302 295 "-" "Mozilla/5.0 (Windows NT 5.1; rv:14.0) Gecko/20100101 Firefox/14.0.1"
87.229.29.213 - - [13/Aug/2012:13:24:08 +0200] "GET / HTTP/1.1" 302 295 "-" "Mozilla/5.0 (Windows NT 5.1; rv:14.0) Gecko/20100101 Firefox/14.0.1"
145.236.124.175 - - [13/Aug/2012:14:58:45 +0200] "GET / HTTP/1.1" 302 295 "-" "Mozilla/4.0 (compatible; MSIE 8.0; Windows NT 5.1; Trident/4.0; .NET CLR 1.1.4322)"
145.236.124.175 - - [13/Aug/2012:14:58:52 +0200] "GET / HTTP/1.1" 302 295 "-" "Mozilla/4.0 (compatible; MSIE 8.0; Windows NT 5.1; Trident/4.0; .NET CLR 1.1.4322)"
54.245.19.168 - - [13/Aug/2012:15:40:22 +0200] "GET /mailman/confirm/dunaa/8653a9a99b2157885c13e5e0139943ffc414839a HTTP/1.1" 404 1181 "-" "Mozilla/4.0 (compatible; MSIE 6.0; America Online Browser 1.1; Windows NT 5.1; SV1; .NET CLR 1.1.4322; HbTools 4.7.1)"
50.112.223.8 - - [13/Aug/2012:16:30:04 +0200] "GET /mailman/confirm/parlag/c7da5ef012b4009eb06ee096fdf940226357608f HTTP/1.1" 404 1181 "-" "Mozilla/5.0 (X11; U; Windows NT 5.0; en-US; rv:1.9b4) Gecko/2008030318 Firefox/3.0b4"
188.127.132.82 - - [13/Aug/2012:20:36:51 +0200] "GET / HTTP/1.1" 302 295 "-" "Mozilla/5.0 (Windows NT 5.1; rv:14.0) Gecko/20100101 Firefox/14.0.1"
94.21.191.149 - - [13/Aug/2012:22:10:43 +0200] "GET / HTTP/1.1" 302 295 "-" "Mozilla/5.0 (Windows NT 5.1; rv:14.0) Gecko/20100101 Firefox/14.0.1"
84.1.161.88 - - [14/Aug/2012:00:05:12 +0200] "GET / HTTP/1.1" 302 295 "-" "Mozilla/4.0 (compatible; MSIE 7.0; Windows NT 5.1; .NET CLR 1.1.4322; InfoPath.3)"
84.1.161.88 - - [14/Aug/2012:00:05:15 +0200] "GET / HTTP/1.1" 302 295 "-" "Mozilla/4.0 (compatible; MSIE 7.0; Windows NT 5.1; .NET CLR 1.1.4322; InfoPath.3)"
178.154.210.252 - - [14/Aug/2012:00:37:09 +0200] "GET / HTTP/1.1" 302 295 "-" "Mozilla/5.0 (compatible; YandexBot/3.0; +http://yandex.com/bots)"
199.187.122.90 - - [14/Aug/2012:01:11:58 +0200] "GET /robots.txt HTTP/1.1" 404 1181 "-" "Mozilla/4.0 (compatible; MSIE 6.0; Windows NT 5.1; SV1; .NET CLR 2.0.50727)"
66.249.66.49 - - [14/Aug/2012:06:08:22 +0200] "GET /robots.txt HTTP/1.1" 404 1181 "-" "Mozilla/5.0 (compatible; Googlebot/2.1; +http://www.google.com/bot.html)"
66.249.66.49 - - [14/Aug/2012:06:08:23 +0200] "GET / HTTP/1.1" 302 295 "-" "Mozilla/5.0 (compatible; Googlebot/2.1; +http://www.google.com/bot.html)"
178.154.210.252 - - [14/Aug/2012:08:13:32 +0200] "GET /robots.txt HTTP/1.1" 404 1181 "-" "Mozilla/5.0 (compatible; YandexBot/3.0; +http://yandex.com/bots)"
188.6.56.147 - - [14/Aug/2012:10:13:14 +0200] "GET / HTTP/1.1" 302 295 "-" "Mozilla/4.0 (compatible; MSIE 7.0; Windows NT 5.1; .NET CLR 1.1.4322; InfoPath.3)"
188.6.56.147 - - [14/Aug/2012:10:13:17 +0200] "GET / HTTP/1.1" 302 295 "-" "Mozilla/4.0 (compatible; MSIE 7.0; Windows NT 5.1; .NET CLR 1.1.4322; InfoPath.3)"
87.229.29.213 - - [14/Aug/2012:11:39:38 +0200] "GET / HTTP/1.1" 302 295 "-" "Mozilla/5.0 (Windows NT 5.1; rv:14.0) Gecko/20100101 Firefox/14.0.1"
193.225.204.108 - - [14/Aug/2012:14:01:27 +0200] "GET / HTTP/1.1" 302 295 "-" "Mozilla/4.0 (compatible; MSIE 8.0; Windows NT 5.1; Trident/4.0; .NET CLR 2.0.50727; .NET CLR 3.0.4506.2152; .NET CLR 3.5.30729; AskTbORJ/5.14.1.20007)"
193.225.204.108 - - [14/Aug/2012:14:01:30 +0200] "GET / HTTP/1.1" 302 295 "-" "Mozilla/4.0 (compatible; MSIE 8.0; Windows NT 5.1; Trident/4.0; .NET CLR 2.0.50727; .NET CLR 3.0.4506.2152; .NET CLR 3.5.30729; AskTbORJ/5.14.1.20007)"
89.133.129.33 - - [14/Aug/2012:15:25:43 +0200] "GET / HTTP/1.1" 302 295 "-" "Mozilla/5.0 (Windows NT 5.1; rv:14.0) Gecko/20100101 Firefox/14.0.1"
178.255.87.241 - - [14/Aug/2012:15:27:22 +0200] "GET /robots.txt HTTP/1.1" 404 1181 "-" "Comodo-Certificates-Spider"
178.255.87.241 - - [14/Aug/2012:15:27:22 +0200] "GET / HTTP/1.1" 302 295 "-" "Comodo-Certificates-Spider"
178.255.87.241 - - [14/Aug/2012:15:27:22 +0200] "GET / HTTP/1.1" 302 295 "-" "Comodo-Certificates-Spider"
178.154.210.252 - - [14/Aug/2012:16:01:05 +0200] "GET / HTTP/1.1" 302 295 "-" "Mozilla/5.0 (compatible; YandexBot/3.0; +http://yandex.com/bots)"
81.183.87.121 - - [14/Aug/2012:18:06:18 +0200] "GET / HTTP/1.1" 302 295 "-" "Mozilla/4.0 (compatible; MSIE 7.0; Windows NT 5.1; .NET CLR 1.1.4322; InfoPath.3)"
81.183.87.121 - - [14/Aug/2012:18:06:20 +0200] "GET / HTTP/1.1" 302 295 "-" "Mozilla/4.0 (compatible; MSIE 7.0; Windows NT 5.1; .NET CLR 1.1.4322; InfoPath.3)"
178.164.147.232 - - [14/Aug/2012:19:57:19 +0200] "GET / HTTP/1.1" 302 295 "-" "Mozilla/5.0 (Windows NT 5.1; rv:14.0) Gecko/20100101 Firefox/14.0.1"
87.229.29.213 - - [14/Aug/2012:21:13:52 +0200] "GET / HTTP/1.1" 302 295 "-" "Mozilla/5.0 (Windows NT 5.1; rv:14.0) Gecko/20100101 Firefox/14.0.1"
66.249.66.49 - - [14/Aug/2012:21:18:01 +0200] "GET /robots.txt HTTP/1.1" 404 1181 "-" "Mozilla/5.0 (compatible; Googlebot/2.1; +http://www.google.com/bot.html)"
81.183.87.121 - - [14/Aug/2012:23:03:19 +0200] "GET / HTTP/1.1" 302 295 "-" "Mozilla/4.0 (compatible; MSIE 7.0; Windows NT 5.1; .NET CLR 1.1.4322; InfoPath.3)"
81.183.87.121 - - [14/Aug/2012:23:03:21 +0200] "GET / HTTP/1.1" 302 295 "-" "Mozilla/4.0 (compatible; MSIE 7.0; Windows NT 5.1; .NET CLR 1.1.4322; InfoPath.3)"
81.183.87.121 - - [14/Aug/2012:23:07:22 +0200] "GET / HTTP/1.1" 302 295 "-" "Mozilla/4.0 (compatible; MSIE 7.0; Windows NT 5.1; .NET CLR 1.1.4322; InfoPath.3)"
100.43.83.140 - - [15/Aug/2012:01:17:34 +0200] "GET / HTTP/1.1" 302 295 "-" "Mozilla/5.0 (compatible; YandexBot/3.0; +http://yandex.com/bots)"
92.249.200.159 - - [15/Aug/2012:07:58:40 +0200] "GET / HTTP/1.1" 302 295 "-" "Mozilla/5.0 (Windows NT 6.1; WOW64; rv:14.0) Gecko/20100101 Firefox/14.0.1"
87.229.29.213 - - [15/Aug/2012:09:24:23 +0200] "GET / HTTP/1.1" 302 295 "-" "Mozilla/5.0 (Windows NT 5.1; rv:14.0) Gecko/20100101 Firefox/14.0.1"
81.183.103.4 - - [15/Aug/2012:11:17:23 +0200] "GET / HTTP/1.1" 302 295 "-" "Mozilla/5.0 (Windows NT 5.1; rv:12.0) Gecko/20100101 Firefox/12.0"
87.229.29.213 - - [15/Aug/2012:11:41:56 +0200] "GET / HTTP/1.1" 302 295 "-" "Mozilla/5.0 (Windows NT 5.1; rv:14.0) Gecko/20100101 Firefox/14.0.1"
86.101.231.141 - - [15/Aug/2012:20:12:41 +0200] "GET / HTTP/1.1" 302 295 "-" "Mozilla/4.0 (compatible; MSIE 8.0; Windows NT 5.1; Trident/4.0; .NET CLR 2.0.50727; .NET CLR 3.0.4506.2152; .NET CLR 3.5.30729)"
86.101.231.141 - - [15/Aug/2012:20:12:56 +0200] "GET / HTTP/1.1" 302 295 "-" "Mozilla/4.0 (compatible; MSIE 8.0; Windows NT 5.1; Trident/4.0; .NET CLR 2.0.50727; .NET CLR 3.0.4506.2152; .NET CLR 3.5.30729)"
157.55.17.192 - - [15/Aug/2012:22:03:01 +0200] "GET /robots.txt HTTP/1.1" 404 1181 "-" "Mozilla/5.0 (compatible; bingbot/2.0; +http://www.bing.com/bingbot.htm)"
157.55.17.192 - - [15/Aug/2012:22:03:48 +0200] "GET / HTTP/1.1" 302 295 "-" "Mozilla/5.0 (compatible; bingbot/2.0; +http://www.bing.com/bingbot.htm)"
81.182.37.144 - - [15/Aug/2012:22:18:57 +0200] "GET / HTTP/1.1" 302 295 "-" "Mozilla/4.0 (compatible; MSIE 7.0; Windows NT 5.1; .NET CLR 1.1.4322; InfoPath.3)"
81.182.37.144 - - [15/Aug/2012:22:19:01 +0200] "GET / HTTP/1.1" 302 295 "-" "Mozilla/4.0 (compatible; MSIE 7.0; Windows NT 5.1; .NET CLR 1.1.4322; InfoPath.3)"
81.182.37.144 - - [15/Aug/2012:23:50:34 +0200] "GET / HTTP/1.1" 302 295 "-" "Mozilla/4.0 (compatible; MSIE 7.0; Windows NT 5.1; .NET CLR 1.1.4322; InfoPath.3)"
81.182.37.144 - - [15/Aug/2012:23:50:37 +0200] "GET / HTTP/1.1" 302 295 "-" "Mozilla/4.0 (compatible; MSIE 7.0; Windows NT 5.1; .NET CLR 1.1.4322; InfoPath.3)"
81.182.37.144 - - [16/Aug/2012:00:34:21 +0200] "GET / HTTP/1.1" 302 295 "-" "Mozilla/4.0 (compatible; MSIE 7.0; Windows NT 5.1; .NET CLR 1.1.4322; InfoPath.3)"
81.182.37.144 - - [16/Aug/2012:00:34:23 +0200] "GET / HTTP/1.1" 302 295 "-" "Mozilla/4.0 (compatible; MSIE 7.0; Windows NT 5.1; .NET CLR 1.1.4322; InfoPath.3)"
87.229.29.213 - - [16/Aug/2012:09:15:56 +0200] "GET / HTTP/1.1" 302 295 "-" "Mozilla/5.0 (Windows NT 5.1; rv:14.0) Gecko/20100101 Firefox/14.0.1"
87.229.29.213 - - [16/Aug/2012:11:55:40 +0200] "GET / HTTP/1.1" 302 295 "-" "Mozilla/5.0 (Windows NT 5.1; rv:14.0) Gecko/20100101 Firefox/14.0.1"
78.92.14.158 - - [16/Aug/2012:12:33:34 +0200] "GET / HTTP/1.1" 302 295 "-" "Mozilla/5.0 (Windows NT 5.1; rv:12.0) Gecko/20100101 Firefox/12.0"
78.92.14.158 - - [16/Aug/2012:12:58:02 +0200] "GET / HTTP/1.1" 302 295 "-" "Mozilla/5.0 (Windows NT 5.1; rv:12.0) Gecko/20100101 Firefox/12.0"
87.229.29.213 - - [16/Aug/2012:14:10:10 +0200] "GET / HTTP/1.1" 302 295 "-" "Mozilla/5.0 (Windows NT 5.1; rv:14.0) Gecko/20100101 Firefox/14.0.1"
78.92.14.158 - - [16/Aug/2012:15:06:22 +0200] "GET / HTTP/1.1" 302 295 "-" "Mozilla/5.0 (Windows NT 5.1; rv:12.0) Gecko/20100101 Firefox/12.0"
78.92.14.158 - - [16/Aug/2012:16:22:26 +0200] "GET / HTTP/1.1" 302 295 "-" "Mozilla/4.0 (compatible; MSIE 7.0; Windows NT 5.1; .NET CLR 1.1.4322; InfoPath.3)"
78.92.14.158 - - [16/Aug/2012:16:22:28 +0200] "GET / HTTP/1.1" 302 295 "-" "Mozilla/4.0 (compatible; MSIE 7.0; Windows NT 5.1; .NET CLR 1.1.4322; InfoPath.3)"
178.154.210.252 - - [16/Aug/2012:22:07:45 +0200] "GET /robots.txt HTTP/1.1" 404 1181 "-" "Mozilla/5.0 (compatible; YandexBot/3.0; +http://yandex.com/bots)"
31.46.87.53 - - [16/Aug/2012:23:45:38 +0200] "GET / HTTP/1.1" 302 295 "-" "Mozilla/5.0 (Windows NT 5.1; rv:12.0) Gecko/20100101 Firefox/12.0"
31.46.87.53 - - [17/Aug/2012:01:03:42 +0200] "GET / HTTP/1.1" 302 295 "-" "Mozilla/5.0 (Windows NT 5.1; rv:12.0) Gecko/20100101 Firefox/12.0"
178.154.210.252 - - [17/Aug/2012:01:36:16 +0200] "GET / HTTP/1.1" 302 295 "-" "Mozilla/5.0 (compatible; YandexBot/3.0; +http://yandex.com/bots)"
87.229.29.213 - - [17/Aug/2012:08:32:32 +0200] "GET / HTTP/1.1" 302 295 "-" "Mozilla/5.0 (Windows NT 5.1; rv:14.0) Gecko/20100101 Firefox/14.0.1"
31.46.191.95 - - [17/Aug/2012:09:10:58 +0200] "GET / HTTP/1.1" 302 295 "-" "Mozilla/4.0 (compatible; MSIE 7.0; Windows NT 5.1; .NET CLR 1.1.4322; InfoPath.3)"
31.46.191.95 - - [17/Aug/2012:09:11:03 +0200] "GET / HTTP/1.1" 302 295 "-" "Mozilla/4.0 (compatible; MSIE 7.0; Windows NT 5.1; .NET CLR 1.1.4322; InfoPath.3)"
31.46.191.95 - - [17/Aug/2012:10:12:03 +0200] "GET / HTTP/1.1" 302 295 "-" "Mozilla/4.0 (compatible; MSIE 7.0; Windows NT 5.1; .NET CLR 1.1.4322; InfoPath.3)"
92.249.188.153 - - [17/Aug/2012:10:16:35 +0200] "GET / HTTP/1.1" 302 295 "-" "Mozilla/5.0 (Windows NT 6.1; WOW64; rv:14.0) Gecko/20100101 Firefox/14.0.1"
31.46.191.95 - - [17/Aug/2012:10:19:04 +0200] "GET / HTTP/1.1" 302 295 "-" "Mozilla/4.0 (compatible; MSIE 7.0; Windows NT 5.1; .NET CLR 1.1.4322; InfoPath.3)"
87.229.29.213 - - [17/Aug/2012:12:07:42 +0200] "GET / HTTP/1.1" 302 295 "-" "Mozilla/5.0 (Windows NT 5.1; rv:14.0) Gecko/20100101 Firefox/14.0.1"
31.46.191.95 - - [17/Aug/2012:12:44:14 +0200] "GET / HTTP/1.1" 302 295 "-" "Mozilla/5.0 (Windows NT 5.1; rv:12.0) Gecko/20100101 Firefox/12.0"
178.154.210.252 - - [17/Aug/2012:17:42:50 +0200] "GET / HTTP/1.1" 302 295 "-" "Mozilla/5.0 (compatible; YandexBot/3.0; +http://yandex.com/bots)"
87.229.29.213 - - [17/Aug/2012:17:48:42 +0200] "GET / HTTP/1.1" 302 295 "-" "Mozilla/5.0 (Windows NT 5.1; rv:14.0) Gecko/20100101 Firefox/14.0.1"
178.154.210.252 - - [17/Aug/2012:23:00:03 +0200] "GET /robots.txt HTTP/1.1" 404 1181 "-" "Mozilla/5.0 (compatible; YandexBot/3.0; +http://yandex.com/bots)"
199.187.122.91 - - [18/Aug/2012:01:12:48 +0200] "GET /robots.txt HTTP/1.1" 404 1181 "-" "Mozilla/4.0 (compatible; MSIE 6.0; Windows NT 5.1; SV1; .NET CLR 2.0.50727)"
178.154.210.252 - - [18/Aug/2012:19:17:41 +0200] "GET / HTTP/1.1" 302 295 "-" "Mozilla/5.0 (compatible; YandexBot/3.0; +http://yandex.com/bots)"
87.229.29.213 - - [19/Aug/2012:11:55:28 +0200] "GET / HTTP/1.1" 302 295 "-" "Mozilla/5.0 (Windows NT 5.1; rv:14.0) Gecko/20100101 Firefox/14.0.1"
178.154.210.252 - - [19/Aug/2012:15:54:47 +0200] "GET /robots.txt HTTP/1.1" 404 1181 "-" "Mozilla/5.0 (compatible; YandexBot/3.0; +http://yandex.com/bots)"
178.154.210.252 - - [19/Aug/2012:23:00:48 +0200] "GET / HTTP/1.1" 302 295 "-" "Mozilla/5.0 (compatible; YandexBot/3.0; +http://yandex.com/bots)"
174.122.254.42 - - [20/Aug/2012:09:07:21 +0200] "HEAD /mailman/admindb/kozepregio HTTP/1.1" 404 0 "-" "Mozilla/5.0 (Windows; U; Windows NT 6.1; en-US) AppleWebKit/534.1 (KHTML, like Gecko) Chrome/6.0.428.0 Safari/534.1"
174.122.254.42 - - [20/Aug/2012:09:07:21 +0200] "GET /mailman/admindb/kozepregio HTTP/1.1" 404 1181 "-" "Mozilla/5.0 (Windows; U; Windows NT 6.1; en-US) AppleWebKit/534.1 (KHTML, like Gecko) Chrome/6.0.428.0 Safari/534.1"
94.75.245.17 - - [20/Aug/2012:14:33:24 +0200] "GET /administrator/ HTTP/1.1" 404 1181 "-" "Mozilla/5.0 (Windows; U; Windows NT 6.1; en-US; rv:1.9.2.3) Gecko/20100401 Firefox/3.6.3"
178.154.210.252 - - [20/Aug/2012:17:06:53 +0200] "GET /robots.txt HTTP/1.1" 404 1181 "-" "Mozilla/5.0 (compatible; YandexBot/3.0; +http://yandex.com/bots)"
94.21.191.125 - - [20/Aug/2012:20:14:40 +0200] "GET / HTTP/1.1" 302 295 "-" "Mozilla/5.0 (Windows NT 5.1; rv:14.0) Gecko/20100101 Firefox/14.0.1"
174.122.254.42 - - [20/Aug/2012:21:27:26 +0200] "HEAD /mailman/confirm/parlag/c3b0712bcc6c2a274186f4cd69436b43157d40e2 HTTP/1.1" 404 0 "-" "Mozilla/5.0 (Windows; U; Windows NT 6.1; en-US) AppleWebKit/534.1 (KHTML, like Gecko) Chrome/6.0.428.0 Safari/534.1"
174.122.254.42 - - [20/Aug/2012:21:27:26 +0200] "GET /mailman/confirm/parlag/c3b0712bcc6c2a274186f4cd69436b43157d40e2 HTTP/1.1" 404 1181 "-" "Mozilla/5.0 (Windows; U; Windows NT 6.1; en-US) AppleWebKit/534.1 (KHTML, like Gecko) Chrome/6.0.428.0 Safari/534.1"
81.183.101.86 - - [20/Aug/2012:23:40:02 +0200] "GET / HTTP/1.1" 302 295 "-" "Mozilla/5.0 (X11; U; Linux i686; hu-HU; rv:1.9.2.17) Gecko/20110422 Ubuntu/8.04 (hardy) Firefox/3.6.17"
178.154.210.252 - - [21/Aug/2012:01:45:05 +0200] "GET / HTTP/1.1" 302 295 "-" "Mozilla/5.0 (compatible; YandexBot/3.0; +http://yandex.com/bots)"
81.183.99.189 - - [21/Aug/2012:10:04:14 +0200] "GET / HTTP/1.1" 302 295 "-" "Mozilla/5.0 (Windows NT 5.1; rv:12.0) Gecko/20100101 Firefox/12.0"
50.112.237.222 - - [21/Aug/2012:11:13:19 +0200] "GET /mailman/confirm/parlag/c3b0712bcc6c2a274186f4cd69436b43157d40e2 HTTP/1.1" 404 1181 "-" "Mozilla/4.0 (compatible; MSIE 7.0; Windows NT 6.0; WOW64; SLCC1; .NET CLR 2.0.50727; InfoPath.2; .NET CLR 3.5.21022; .NET CLR 1.1.4322; .NET CLR 3.5.30729; .NET CLR 3.0.30618)"
178.164.147.241 - - [21/Aug/2012:11:51:00 +0200] "GET / HTTP/1.1" 302 295 "-" "Mozilla/5.0 (Windows NT 5.1; rv:14.0) Gecko/20100101 Firefox/14.0.1"
178.154.210.252 - - [21/Aug/2012:12:49:44 +0200] "GET / HTTP/1.1" 302 295 "-" "Mozilla/5.0 (compatible; YandexBot/3.0; +http://yandex.com/bots)"
81.183.99.189 - - [21/Aug/2012:14:25:20 +0200] "GET / HTTP/1.1" 302 295 "-" "Mozilla/5.0 (Windows NT 5.1; rv:12.0) Gecko/20100101 Firefox/12.0"
178.154.210.252 - - [21/Aug/2012:20:30:04 +0200] "GET /robots.txt HTTP/1.1" 404 1181 "-" "Mozilla/5.0 (compatible; YandexBot/3.0; +http://yandex.com/bots)"
178.154.210.252 - - [21/Aug/2012:22:06:25 +0200] "GET / HTTP/1.1" 302 295 "-" "Mozilla/5.0 (compatible; YandexBot/3.0; +http://yandex.com/bots)"
81.183.103.37 - - [21/Aug/2012:22:35:14 +0200] "GET / HTTP/1.1" 302 295 "-" "Mozilla/4.0 (compatible; MSIE 7.0; Windows NT 5.1; .NET CLR 1.1.4322; InfoPath.3)"
81.183.103.37 - - [21/Aug/2012:22:35:16 +0200] "GET / HTTP/1.1" 302 295 "-" "Mozilla/4.0 (compatible; MSIE 7.0; Windows NT 5.1; .NET CLR 1.1.4322; InfoPath.3)"
31.46.191.41 - - [22/Aug/2012:08:35:09 +0200] "GET / HTTP/1.1" 302 295 "-" "Mozilla/5.0 (X11; U; Linux i686; hu-HU; rv:1.9.2.17) Gecko/20110422 Ubuntu/8.04 (hardy) Firefox/3.6.17"
174.122.254.42 - - [22/Aug/2012:09:07:52 +0200] "HEAD /mailman/confirm/global/f181c78e9c45db088b70adf1e551d4e94e18edce HTTP/1.1" 404 0 "-" "Mozilla/5.0 (Windows; U; Windows NT 6.1; en-US) AppleWebKit/534.1 (KHTML, like Gecko) Chrome/6.0.428.0 Safari/534.1"
174.122.254.42 - - [22/Aug/2012:09:07:52 +0200] "GET /mailman/confirm/global/f181c78e9c45db088b70adf1e551d4e94e18edce HTTP/1.1" 404 1181 "-" "Mozilla/5.0 (Windows; U; Windows NT 6.1; en-US) AppleWebKit/534.1 (KHTML, like Gecko) Chrome/6.0.428.0 Safari/534.1"
54.245.15.238 - - [22/Aug/2012:10:29:49 +0200] "GET /mailman/confirm/global/f181c78e9c45db088b70adf1e551d4e94e18edce HTTP/1.1" 404 1181 "-" "Mozilla/5.0 (X11; U; Linux x86_64; en-US; rv:1.9b5) Gecko/2008041816 Fedora/3.0-0.55.beta5.fc9 Firefox/3.0b5"
31.46.191.41 - - [22/Aug/2012:11:15:26 +0200] "GET / HTTP/1.1" 302 295 "-" "Mozilla/5.0 (Windows NT 5.1; rv:12.0) Gecko/20100101 Firefox/12.0"
174.122.254.42 - - [22/Aug/2012:12:54:30 +0200] "HEAD /mailman/listinfo/raptor HTTP/1.1" 404 0 "-" "Mozilla/5.0 (Windows; U; Windows NT 6.1; en-US) AppleWebKit/534.1 (KHTML, like Gecko) Chrome/6.0.428.0 Safari/534.1"
174.122.254.42 - - [22/Aug/2012:12:54:30 +0200] "GET /mailman/listinfo/raptor HTTP/1.1" 404 1181 "-" "Mozilla/5.0 (Windows; U; Windows NT 6.1; en-US) AppleWebKit/534.1 (KHTML, like Gecko) Chrome/6.0.428.0 Safari/534.1"
174.122.254.42 - - [22/Aug/2012:12:54:31 +0200] "HEAD /mailman/private/raptor HTTP/1.1" 404 0 "-" "Mozilla/5.0 (Windows; U; Windows NT 6.1; en-US) AppleWebKit/534.1 (KHTML, like Gecko) Chrome/6.0.428.0 Safari/534.1"
174.122.254.42 - - [22/Aug/2012:12:54:31 +0200] "GET /mailman/private/raptor HTTP/1.1" 404 1181 "-" "Mozilla/5.0 (Windows; U; Windows NT 6.1; en-US) AppleWebKit/534.1 (KHTML, like Gecko) Chrome/6.0.428.0 Safari/534.1"
54.245.15.238 - - [22/Aug/2012:14:06:14 +0200] "GET /mailman/private/raptor HTTP/1.1" 404 1181 "-" "Mozilla/5.0 (Windows; U; Windows NT 5.1; it; rv:1.9.1b2) Gecko/20081201 Firefox/3.1b2"
50.112.59.2 - - [22/Aug/2012:14:06:18 +0200] "GET /mailman/listinfo/raptor HTTP/1.1" 404 1181 "-" "Mozilla/5.0 (Windows; U; Windows NT 5.1; it; rv:1.9.1b2) Gecko/20081201 Firefox/3.1b2"
178.154.210.252 - - [22/Aug/2012:19:14:24 +0200] "GET /robots.txt HTTP/1.1" 404 1181 "-" "Mozilla/5.0 (compatible; YandexBot/3.0; +http://yandex.com/bots)"
178.164.147.180 - - [22/Aug/2012:19:25:51 +0200] "GET / HTTP/1.1" 302 295 "-" "Mozilla/5.0 (Windows NT 5.1; rv:14.0) Gecko/20100101 Firefox/14.0.1"
86.101.231.141 - - [22/Aug/2012:19:36:11 +0200] "GET / HTTP/1.1" 302 295 "-" "Mozilla/4.0 (compatible; MSIE 8.0; Windows NT 5.1; Trident/4.0; .NET CLR 2.0.50727; .NET CLR 3.0.4506.2152; .NET CLR 3.5.30729)"
86.101.231.141 - - [22/Aug/2012:19:36:19 +0200] "GET / HTTP/1.1" 302 295 "-" "Mozilla/4.0 (compatible; MSIE 8.0; Windows NT 5.1; Trident/4.0; .NET CLR 2.0.50727; .NET CLR 3.0.4506.2152; .NET CLR 3.5.30729)"
178.154.210.252 - - [22/Aug/2012:19:43:51 +0200] "GET / HTTP/1.1" 302 295 "-" "Mozilla/5.0 (compatible; YandexBot/3.0; +http://yandex.com/bots)"
86.101.231.141 - - [22/Aug/2012:19:51:55 +0200] "GET / HTTP/1.1" 302 295 "-" "Mozilla/4.0 (compatible; MSIE 8.0; Windows NT 5.1; Trident/4.0; .NET CLR 2.0.50727; .NET CLR 3.0.4506.2152; .NET CLR 3.5.30729)"
86.101.231.141 - - [22/Aug/2012:19:52:01 +0200] "GET / HTTP/1.1" 302 295 "-" "Mozilla/4.0 (compatible; MSIE 8.0; Windows NT 5.1; Trident/4.0; .NET CLR 2.0.50727; .NET CLR 3.0.4506.2152; .NET CLR 3.5.30729)"
174.122.254.42 - - [22/Aug/2012:21:30:52 +0200] "HEAD /mailman/listinfo/kothalo HTTP/1.1" 404 0 "-" "Mozilla/5.0 (Windows; U; Windows NT 6.1; en-US) AppleWebKit/534.1 (KHTML, like Gecko) Chrome/6.0.428.0 Safari/534.1"
174.122.254.42 - - [22/Aug/2012:21:30:52 +0200] "GET /mailman/listinfo/kothalo HTTP/1.1" 404 1181 "-" "Mozilla/5.0 (Windows; U; Windows NT 6.1; en-US) AppleWebKit/534.1 (KHTML, like Gecko) Chrome/6.0.428.0 Safari/534.1"
81.183.105.96 - - [22/Aug/2012:21:38:49 +0200] "GET / HTTP/1.1" 302 295 "-" "Mozilla/4.0 (compatible; MSIE 7.0; Windows NT 5.1; .NET CLR 1.1.4322; InfoPath.3)"
81.183.105.96 - - [22/Aug/2012:21:38:51 +0200] "GET / HTTP/1.1" 302 295 "-" "Mozilla/4.0 (compatible; MSIE 7.0; Windows NT 5.1; .NET CLR 1.1.4322; InfoPath.3)"
81.183.105.96 - - [22/Aug/2012:22:13:27 +0200] "GET / HTTP/1.1" 302 295 "-" "Mozilla/4.0 (compatible; MSIE 7.0; Windows NT 5.1; .NET CLR 1.1.4322; InfoPath.3)"
81.183.105.96 - - [22/Aug/2012:22:34:25 +0200] "GET / HTTP/1.1" 302 295 "-" "Mozilla/4.0 (compatible; MSIE 7.0; Windows NT 5.1; .NET CLR 1.1.4322; InfoPath.3)"
81.183.105.96 - - [22/Aug/2012:22:34:29 +0200] "GET / HTTP/1.1" 302 295 "-" "Mozilla/4.0 (compatible; MSIE 7.0; Windows NT 5.1; .NET CLR 1.1.4322; InfoPath.3)"
195.228.197.167 - - [23/Aug/2012:08:43:36 +0200] "GET / HTTP/1.1" 302 295 "-" "Mozilla/5.0 (Windows NT 5.1; rv:12.0) Gecko/20100101 Firefox/12.0"
94.21.30.173 - - [23/Aug/2012:09:11:57 +0200] "GET / HTTP/1.1" 302 295 "-" "Mozilla/5.0 (Windows NT 6.1; WOW64; rv:14.0) Gecko/20100101 Firefox/14.0.1"
188.6.134.172 - - [23/Aug/2012:12:48:56 +0200] "GET / HTTP/1.1" 302 295 "-" "Mozilla/4.0 (compatible; MSIE 7.0; Windows NT 5.1; .NET CLR 1.1.4322; InfoPath.3)"
188.6.134.172 - - [23/Aug/2012:12:48:59 +0200] "GET / HTTP/1.1" 302 295 "-" "Mozilla/4.0 (compatible; MSIE 7.0; Windows NT 5.1; .NET CLR 1.1.4322; InfoPath.3)"
84.206.9.181 - - [23/Aug/2012:16:22:06 +0200] "GET / HTTP/1.1" 302 295 "-" "Mozilla/5.0 (Windows NT 5.1; rv:14.0) Gecko/20100101 Firefox/14.0.1"
86.101.231.141 - - [23/Aug/2012:19:37:16 +0200] "GET / HTTP/1.1" 302 295 "-" "Mozilla/4.0 (compatible; MSIE 8.0; Windows NT 5.1; Trident/4.0; .NET CLR 2.0.50727; .NET CLR 3.0.4506.2152; .NET CLR 3.5.30729)"
86.101.231.141 - - [23/Aug/2012:19:37:21 +0200] "GET / HTTP/1.1" 302 295 "-" "Mozilla/4.0 (compatible; MSIE 8.0; Windows NT 5.1; Trident/4.0; .NET CLR 2.0.50727; .NET CLR 3.0.4506.2152; .NET CLR 3.5.30729)"
174.122.254.42 - - [24/Aug/2012:03:23:39 +0200] "HEAD /mailman/listinfo/dunaa HTTP/1.1" 404 0 "-" "Mozilla/5.0 (Windows; U; Windows NT 6.1; en-US) AppleWebKit/534.1 (KHTML, like Gecko) Chrome/6.0.428.0 Safari/534.1"
174.122.254.42 - - [24/Aug/2012:03:24:09 +0200] "HEAD /mailman/listinfo/dunaa HTTP/1.1" 404 0 "-" "Mozilla/5.0 (Windows; U; Windows NT 6.1; en-US) AppleWebKit/534.1 (KHTML, like Gecko) Chrome/6.0.428.0 Safari/534.1"
174.122.254.42 - - [24/Aug/2012:03:24:09 +0200] "GET /mailman/listinfo/dunaa HTTP/1.1" 404 1181 "-" "Mozilla/5.0 (Windows; U; Windows NT 6.1; en-US) AppleWebKit/534.1 (KHTML, like Gecko) Chrome/6.0.428.0 Safari/534.1"
174.122.254.42 - - [24/Aug/2012:07:47:11 +0200] "HEAD /mailman/confirm/global/897f5752441c15487dfc5d5fa935f2b592d9c12f HTTP/1.1" 404 0 "-" "Mozilla/5.0 (Windows; U; Windows NT 6.1; en-US) AppleWebKit/534.1 (KHTML, like Gecko) Chrome/6.0.428.0 Safari/534.1"
177.103.197.158 - - [24/Aug/2012:07:47:18 +0200] "HEAD /mailman/confirm/global/897f5752441c15487dfc5d5fa935f2b592d9c12f HTTP/1.0" 404 0 "-" "Mozilla/5.0 (Windows; U; Windows NT 6.1; en-US) AppleWebKit/534.1 (KHTML, like Gecko) Chrome/6.0.428.0 Safari/534.1"
174.122.254.42 - - [24/Aug/2012:07:47:18 +0200] "HEAD /mailman/confirm/global/897f5752441c15487dfc5d5fa935f2b592d9c12f HTTP/1.1" 404 0 "-" "Mozilla/5.0 (Windows; U; Windows NT 6.1; en-US) AppleWebKit/534.1 (KHTML, like Gecko) Chrome/6.0.428.0 Safari/534.1"
174.122.254.42 - - [24/Aug/2012:07:47:19 +0200] "GET /mailman/confirm/global/897f5752441c15487dfc5d5fa935f2b592d9c12f HTTP/1.1" 404 1181 "-" "Mozilla/5.0 (Windows; U; Windows NT 6.1; en-US) AppleWebKit/534.1 (KHTML, like Gecko) Chrome/6.0.428.0 Safari/534.1"
66.249.66.49 - - [24/Aug/2012:08:39:18 +0200] "GET /robots.txt HTTP/1.1" 404 1181 "-" "Mozilla/5.0 (compatible; Googlebot/2.1; +http://www.google.com/bot.html)"
66.249.66.49 - - [24/Aug/2012:08:39:18 +0200] "GET / HTTP/1.1" 302 295 "-" "Mozilla/5.0 (compatible; Googlebot/2.1; +http://www.google.com/bot.html)"
54.245.19.168 - - [24/Aug/2012:09:00:04 +0200] "GET /mailman/confirm/global/897f5752441c15487dfc5d5fa935f2b592d9c12f HTTP/1.1" 404 1181 "-" "Mozilla/5.0 (Windows; U; Windows NT 6.0; fr; rv:1.9b5) Gecko/2008032620 Firefox/3.0b5"
195.228.185.7 - - [24/Aug/2012:10:25:17 +0200] "GET / HTTP/1.1" 302 295 "-" "Mozilla/5.0 (Windows NT 5.1; rv:12.0) Gecko/20100101 Firefox/12.0"
195.228.185.7 - - [24/Aug/2012:11:59:15 +0200] "GET / HTTP/1.1" 302 295 "-" "Mozilla/5.0 (Windows NT 5.1; rv:12.0) Gecko/20100101 Firefox/12.0"
92.249.133.147 - - [24/Aug/2012:13:24:08 +0200] "GET / HTTP/1.1" 302 295 "-" "Mozilla/5.0 (compatible; MSIE 9.0; Windows NT 6.1; Trident/5.0)"
92.249.133.147 - - [24/Aug/2012:13:24:21 +0200] "GET / HTTP/1.1" 302 295 "-" "Mozilla/5.0 (compatible; MSIE 9.0; Windows NT 6.1; Trident/5.0)"
195.228.185.7 - - [24/Aug/2012:13:46:10 +0200] "GET / HTTP/1.1" 302 295 "-" "Mozilla/5.0 (Windows NT 5.1; rv:12.0) Gecko/20100101 Firefox/12.0"
178.154.210.252 - - [24/Aug/2012:14:28:07 +0200] "GET /robots.txt HTTP/1.1" 404 1181 "-" "Mozilla/5.0 (compatible; YandexBot/3.0; +http://yandex.com/bots)"
178.164.147.175 - - [24/Aug/2012:14:59:43 +0200] "GET / HTTP/1.1" 302 295 "-" "Mozilla/5.0 (compatible; MSIE 9.0; Windows NT 6.1; Trident/5.0)"
178.164.147.175 - - [24/Aug/2012:14:59:53 +0200] "GET / HTTP/1.1" 302 295 "-" "Mozilla/5.0 (compatible; MSIE 9.0; Windows NT 6.1; Trident/5.0)"
87.229.29.213 - - [24/Aug/2012:15:17:35 +0200] "GET / HTTP/1.1" 302 295 "-" "Mozilla/5.0 (Windows NT 5.1; rv:7.0.1) Gecko/20100101 Firefox/7.0.1"
86.101.231.141 - - [24/Aug/2012:20:03:13 +0200] "GET / HTTP/1.1" 302 295 "-" "Mozilla/4.0 (compatible; MSIE 8.0; Windows NT 5.1; Trident/4.0; .NET CLR 2.0.50727; .NET CLR 3.0.4506.2152; .NET CLR 3.5.30729)"
86.101.231.141 - - [24/Aug/2012:20:03:17 +0200] "GET / HTTP/1.1" 302 295 "-" "Mozilla/4.0 (compatible; MSIE 8.0; Windows NT 5.1; Trident/4.0; .NET CLR 2.0.50727; .NET CLR 3.0.4506.2152; .NET CLR 3.5.30729)"
87.229.29.213 - - [24/Aug/2012:21:06:40 +0200] "GET / HTTP/1.1" 302 295 "-" "Mozilla/5.0 (Windows NT 5.1; rv:7.0.1) Gecko/20100101 Firefox/7.0.1"
178.154.210.252 - - [24/Aug/2012:21:44:41 +0200] "GET / HTTP/1.1" 302 295 "-" "Mozilla/5.0 (compatible; YandexBot/3.0; +http://yandex.com/bots)"
84.0.60.109 - - [25/Aug/2012:09:02:12 +0200] "GET / HTTP/1.1" 302 295 "-" "Mozilla/5.0 (Windows NT 5.1) AppleWebKit/537.1 (KHTML, like Gecko) Chrome/21.0.1180.83 Safari/537.1"
94.21.106.84 - - [25/Aug/2012:12:04:46 +0200] "GET / HTTP/1.1" 302 295 "-" "Mozilla/5.0 (compatible; MSIE 9.0; Windows NT 6.1; Trident/5.0)"
94.21.106.84 - - [25/Aug/2012:12:04:57 +0200] "GET / HTTP/1.1" 302 295 "-" "Mozilla/5.0 (compatible; MSIE 9.0; Windows NT 6.1; Trident/5.0)"
188.36.211.26 - - [25/Aug/2012:13:06:08 +0200] "GET / HTTP/1.1" 302 295 "-" "Mozilla/5.0 (Windows NT 5.1; rv:12.0) Gecko/20100101 Firefox/12.0"
84.0.74.64 - - [25/Aug/2012:17:40:23 +0200] "GET / HTTP/1.1" 302 295 "-" "Mozilla/5.0 (X11; U; Linux i686; hu-HU; rv:1.9.2.17) Gecko/20110422 Ubuntu/8.04 (hardy) Firefox/3.6.17"
84.0.74.64 - - [25/Aug/2012:18:50:32 +0200] "GET / HTTP/1.1" 302 295 "-" "Mozilla/5.0 (X11; U; Linux i686; hu-HU; rv:1.9.2.17) Gecko/20110422 Ubuntu/8.04 (hardy) Firefox/3.6.17"
89.186.117.100 - - [25/Aug/2012:20:35:35 +0200] "GET / HTTP/1.1" 302 295 "-" "Mozilla/4.0 (compatible; MSIE 8.0; Windows NT 5.1; Trident/4.0; BTRS124146; CA130D0D-BE84-2945-6A23-712BD9561349; Mozilla/4.0 (compatible; MSIE 6.0; Windows NT 5.1; SV1) ; .NET CLR 2.0.50727; InfoPath.2; .NET CLR 3.0.4506.2152; .NET CLR 3.5.30729; AskTbPTV/5.14.0.19709; .NET4.0C)"
84.0.74.64 - - [25/Aug/2012:21:12:26 +0200] "GET / HTTP/1.1" 302 295 "-" "Mozilla/5.0 (Windows NT 5.1; rv:12.0) Gecko/20100101 Firefox/12.0"
84.0.74.64 - - [25/Aug/2012:21:23:09 +0200] "GET / HTTP/1.1" 302 295 "-" "Mozilla/4.0 (compatible; MSIE 7.0; Windows NT 5.1; .NET CLR 1.1.4322; InfoPath.3)"
178.154.210.252 - - [25/Aug/2012:21:25:35 +0200] "GET /robots.txt HTTP/1.1" 404 1181 "-" "Mozilla/5.0 (compatible; YandexBot/3.0; +http://yandex.com/bots)"
178.154.210.252 - - [25/Aug/2012:21:29:52 +0200] "GET / HTTP/1.1" 302 295 "-" "Mozilla/5.0 (compatible; YandexBot/3.0; +http://yandex.com/bots)"
199.187.122.91 - - [26/Aug/2012:01:18:31 +0200] "GET /robots.txt HTTP/1.1" 404 1181 "-" "Mozilla/4.0 (compatible; MSIE 6.0; Windows NT 5.1; SV1; .NET CLR 2.0.50727)"
91.83.62.212 - - [26/Aug/2012:01:38:03 +0200] "GET / HTTP/1.1" 302 295 "-" "Mozilla/5.0 (X11; U; Linux x86_64; en-GB; rv:1.8.1.6) Gecko/20070723 Iceweasel/2.0.0.6 (Debian-2.0.0.6-0etch1)"
91.83.62.212 - - [26/Aug/2012:01:38:03 +0200] "GET / HTTP/1.1" 302 295 "-" "Mozilla/5.0 (X11; U; Linux x86_64; en-GB; rv:1.8.1.6) Gecko/20070723 Iceweasel/2.0.0.6 (Debian-2.0.0.6-0etch1)"
78.92.12.144 - - [26/Aug/2012:08:15:44 +0200] "GET / HTTP/1.1" 302 295 "-" "Mozilla/4.0 (compatible; MSIE 7.0; Windows NT 5.1; .NET CLR 1.1.4322; InfoPath.3)"
78.92.12.144 - - [26/Aug/2012:08:15:46 +0200] "GET / HTTP/1.1" 302 295 "-" "Mozilla/4.0 (compatible; MSIE 7.0; Windows NT 5.1; .NET CLR 1.1.4322; InfoPath.3)"
78.92.12.144 - - [26/Aug/2012:08:19:02 +0200] "GET / HTTP/1.1" 302 295 "-" "Mozilla/4.0 (compatible; MSIE 7.0; Windows NT 5.1; .NET CLR 1.1.4322; InfoPath.3)"
78.92.12.144 - - [26/Aug/2012:08:19:03 +0200] "GET / HTTP/1.1" 302 295 "-" "Mozilla/4.0 (compatible; MSIE 7.0; Windows NT 5.1; .NET CLR 1.1.4322; InfoPath.3)"
109.61.28.2 - - [26/Aug/2012:10:29:46 +0200] "GET / HTTP/1.1" 302 295 "-" "Mozilla/5.0 (Windows NT 5.1; rv:14.0) Gecko/20100101 Firefox/14.0.1"
145.236.83.5 - - [26/Aug/2012:13:13:07 +0200] "GET / HTTP/1.1" 302 295 "-" "Mozilla/5.0 (Windows NT 5.1; rv:12.0) Gecko/20100101 Firefox/12.0"
109.61.28.2 - - [26/Aug/2012:19:10:36 +0200] "GET / HTTP/1.1" 302 295 "-" "Mozilla/5.0 (Windows NT 6.1; rv:12.0) Gecko/20100101 Firefox/12.0"
