178.255.87.241 - - [02/Dec/2012:12:55:31 +0100] "GET /robots.txt HTTP/1.1" 404 1181 "-" "Comodo-Certificates-Spider"
178.255.87.241 - - [02/Dec/2012:12:55:31 +0100] "GET / HTTP/1.1" 302 295 "-" "Comodo-Certificates-Spider"
178.255.87.241 - - [02/Dec/2012:12:55:32 +0100] "GET / HTTP/1.1" 302 295 "-" "Comodo-Certificates-Spider"
84.2.255.54 - - [02/Dec/2012:13:49:30 +0100] "GET / HTTP/1.1" 302 295 "-" "Mozilla/4.0 (compatible; MSIE 7.0; Windows NT 5.1; .NET CLR 1.1.4322; InfoPath.3)"
84.2.255.54 - - [02/Dec/2012:13:49:33 +0100] "GET / HTTP/1.1" 302 295 "-" "Mozilla/4.0 (compatible; MSIE 7.0; Windows NT 5.1; .NET CLR 1.1.4322; InfoPath.3)"
84.2.255.54 - - [02/Dec/2012:14:17:10 +0100] "GET / HTTP/1.1" 302 295 "-" "Mozilla/4.0 (compatible; MSIE 7.0; Windows NT 5.1; .NET CLR 1.1.4322; InfoPath.3)"
84.2.255.54 - - [02/Dec/2012:14:17:12 +0100] "GET / HTTP/1.1" 302 295 "-" "Mozilla/4.0 (compatible; MSIE 7.0; Windows NT 5.1; .NET CLR 1.1.4322; InfoPath.3)"
86.101.231.125 - - [02/Dec/2012:19:12:49 +0100] "GET / HTTP/1.1" 302 295 "-" "Mozilla/4.0 (compatible; MSIE 8.0; Windows NT 5.1; Trident/4.0; .NET CLR 2.0.50727; .NET CLR 3.0.4506.2152; .NET CLR 3.5.30729)"
86.101.231.125 - - [02/Dec/2012:19:12:54 +0100] "GET / HTTP/1.1" 302 295 "-" "Mozilla/4.0 (compatible; MSIE 8.0; Windows NT 5.1; Trident/4.0; .NET CLR 2.0.50727; .NET CLR 3.0.4506.2152; .NET CLR 3.5.30729)"
174.122.254.42 - - [03/Dec/2012:08:06:11 +0100] "GET /mailman/confirm/munka/ba9696cb8d9cc8103bf7c88fdfc6bb8c93616c32 HTTP/1.1" 404 1181 "-" "Mozilla/5.0 (Windows; U; Windows NT 6.1; en-US) AppleWebKit/534.1 (KHTML, like Gecko) Chrome/6.0.428.0 Safari/534.1"
186.215.231.211 - - [03/Dec/2012:08:06:13 +0100] "GET /mailman/confirm/munka/ba9696cb8d9cc8103bf7c88fdfc6bb8c93616c32 HTTP/1.1" 404 1181 "-" "Mozilla/5.0 (Windows; U; Windows NT 6.1; en-US) AppleWebKit/534.1 (KHTML, like Gecko) Chrome/6.0.428.0 Safari/534.1"
189.104.233.144 - - [03/Dec/2012:08:06:23 +0100] "GET /mailman/confirm/munka/ba9696cb8d9cc8103bf7c88fdfc6bb8c93616c32 HTTP/1.1" 404 1181 "-" "Mozilla/5.0 (Windows; U; Windows NT 6.1; en-US) AppleWebKit/534.1 (KHTML, like Gecko) Chrome/6.0.428.0 Safari/534.1"
186.207.142.50 - - [03/Dec/2012:08:06:36 +0100] "GET /mailman/confirm/munka/ba9696cb8d9cc8103bf7c88fdfc6bb8c93616c32 HTTP/1.0" 404 1181 "-" "Mozilla/5.0 (Windows; U; Windows NT 6.1; en-US) AppleWebKit/534.1 (KHTML, like Gecko) Chrome/6.0.428.0 Safari/534.1"
203.173.41.251 - - [03/Dec/2012:08:15:04 +0100] "GET /mailman/confirm/munka/ba9696cb8d9cc8103bf7c88fdfc6bb8c93616c32 HTTP/1.1" 404 1181 "-" "Mozilla/4.0 (compatible; MSIE 6.0; Windows NT 5.1; SV1)"
203.173.41.251 - - [03/Dec/2012:08:15:04 +0100] "GET /mailman/confirm/munka/ba9696cb8d9cc8103bf7c88fdfc6bb8c93616c32 HTTP/1.1" 404 1181 "-" "Mozilla/4.0 (compatible; MSIE 6.0; Windows NT 5.1; SV1)"
203.173.41.251 - - [03/Dec/2012:08:15:06 +0100] "GET /mailman/confirm/munka/ba9696cb8d9cc8103bf7c88fdfc6bb8c93616c32 HTTP/1.1" 404 1181 "-" "Mozilla/4.0 (compatible; MSIE 6.0; Windows NT 5.1; SV1)"
81.182.233.16 - - [03/Dec/2012:13:25:55 +0100] "GET / HTTP/1.1" 302 295 "-" "Mozilla/4.0 (compatible; MSIE 7.0; Windows NT 5.1; .NET CLR 1.1.4322; InfoPath.3)"
81.182.233.16 - - [03/Dec/2012:13:25:57 +0100] "GET / HTTP/1.1" 302 295 "-" "Mozilla/4.0 (compatible; MSIE 7.0; Windows NT 5.1; .NET CLR 1.1.4322; InfoPath.3)"
193.225.204.113 - - [03/Dec/2012:16:30:20 +0100] "GET / HTTP/1.1" 302 295 "-" "Mozilla/4.0 (compatible; MSIE 8.0; Windows NT 5.1; Trident/4.0; .NET CLR 2.0.50727; .NET CLR 3.0.4506.2152; .NET CLR 3.5.30729; AskTbORJ/5.14.1.20007)"
193.225.204.113 - - [03/Dec/2012:16:30:24 +0100] "GET / HTTP/1.1" 302 295 "-" "Mozilla/4.0 (compatible; MSIE 8.0; Windows NT 5.1; Trident/4.0; .NET CLR 2.0.50727; .NET CLR 3.0.4506.2152; .NET CLR 3.5.30729; AskTbORJ/5.14.1.20007)"
86.101.231.125 - - [03/Dec/2012:18:56:00 +0100] "GET / HTTP/1.1" 302 295 "-" "Mozilla/4.0 (compatible; MSIE 8.0; Windows NT 5.1; Trident/4.0; .NET CLR 2.0.50727; .NET CLR 3.0.4506.2152; .NET CLR 3.5.30729)"
86.101.231.125 - - [03/Dec/2012:18:56:20 +0100] "GET / HTTP/1.1" 302 295 "-" "Mozilla/4.0 (compatible; MSIE 8.0; Windows NT 5.1; Trident/4.0; .NET CLR 2.0.50727; .NET CLR 3.0.4506.2152; .NET CLR 3.5.30729)"
86.101.231.125 - - [03/Dec/2012:19:18:33 +0100] "GET / HTTP/1.1" 302 295 "-" "Mozilla/5.0 (Windows NT 5.1; rv:12.0) Gecko/20100101 Firefox/12.0"
86.101.231.125 - - [03/Dec/2012:19:26:08 +0100] "GET / HTTP/1.1" 302 295 "-" "Mozilla/5.0 (Windows NT 5.1; rv:12.0) Gecko/20100101 Firefox/12.0"
86.59.137.11 - - [03/Dec/2012:22:16:30 +0100] "GET / HTTP/1.1" 302 295 "-" "Mozilla/4.0 (compatible; MSIE 7.0; Windows NT 5.1; .NET CLR 1.1.4322; InfoPath.3)"
86.59.137.11 - - [03/Dec/2012:22:16:33 +0100] "GET / HTTP/1.1" 302 295 "-" "Mozilla/4.0 (compatible; MSIE 7.0; Windows NT 5.1; .NET CLR 1.1.4322; InfoPath.3)"
157.55.33.78 - - [03/Dec/2012:23:11:19 +0100] "GET /robots.txt HTTP/1.1" 404 1181 "-" "Mozilla/5.0 (compatible; bingbot/2.0; +http://www.bing.com/bingbot.htm)"
157.55.33.78 - - [03/Dec/2012:23:13:25 +0100] "GET / HTTP/1.1" 302 295 "-" "Mozilla/5.0 (compatible; bingbot/2.0; +http://www.bing.com/bingbot.htm)"
145.236.215.107 - - [04/Dec/2012:10:00:20 +0100] "GET / HTTP/1.1" 302 295 "-" "Mozilla/5.0 (X11; U; Linux i686; hu-HU; rv:1.9.2.17) Gecko/20110422 Ubuntu/8.04 (hardy) Firefox/3.6.17"
86.101.231.129 - - [04/Dec/2012:16:27:56 +0100] "GET / HTTP/1.1" 302 295 "-" "Mozilla/5.0 (Windows NT 5.1; rv:12.0) Gecko/20100101 Firefox/12.0"
157.55.33.78 - - [04/Dec/2012:23:27:16 +0100] "GET /robots.txt HTTP/1.1" 404 1181 "-" "Mozilla/5.0 (compatible; bingbot/2.0; +http://www.bing.com/bingbot.htm)"
157.55.33.78 - - [04/Dec/2012:23:29:49 +0100] "GET / HTTP/1.1" 302 295 "-" "Mozilla/5.0 (compatible; bingbot/2.0; +http://www.bing.com/bingbot.htm)"
31.46.224.51 - - [04/Dec/2012:23:39:44 +0100] "GET / HTTP/1.1" 302 295 "-" "Mozilla/4.0 (compatible; MSIE 7.0; Windows NT 5.1; .NET CLR 1.1.4322; InfoPath.3)"
31.46.224.51 - - [04/Dec/2012:23:39:46 +0100] "GET / HTTP/1.1" 302 295 "-" "Mozilla/4.0 (compatible; MSIE 7.0; Windows NT 5.1; .NET CLR 1.1.4322; InfoPath.3)"
84.2.123.254 - - [05/Dec/2012:09:09:28 +0100] "GET / HTTP/1.1" 302 295 "-" "Mozilla/4.0 (compatible; MSIE 7.0; Windows NT 5.1; .NET CLR 1.1.4322; InfoPath.3)"
84.2.123.254 - - [05/Dec/2012:09:09:30 +0100] "GET / HTTP/1.1" 302 295 "-" "Mozilla/4.0 (compatible; MSIE 7.0; Windows NT 5.1; .NET CLR 1.1.4322; InfoPath.3)"
84.2.123.254 - - [05/Dec/2012:09:12:07 +0100] "GET / HTTP/1.1" 302 295 "-" "Mozilla/4.0 (compatible; MSIE 7.0; Windows NT 5.1; .NET CLR 1.1.4322; InfoPath.3)"
84.2.123.254 - - [05/Dec/2012:09:12:23 +0100] "GET / HTTP/1.1" 302 295 "-" "Mozilla/4.0 (compatible; MSIE 7.0; Windows NT 5.1; .NET CLR 1.1.4322; InfoPath.3)"
84.2.123.254 - - [05/Dec/2012:11:09:43 +0100] "GET / HTTP/1.1" 302 295 "-" "Mozilla/4.0 (compatible; MSIE 7.0; Windows NT 5.1; .NET CLR 1.1.4322; InfoPath.3)"
84.2.123.254 - - [05/Dec/2012:11:09:46 +0100] "GET / HTTP/1.1" 302 295 "-" "Mozilla/4.0 (compatible; MSIE 7.0; Windows NT 5.1; .NET CLR 1.1.4322; InfoPath.3)"
84.2.123.254 - - [05/Dec/2012:11:11:16 +0100] "GET / HTTP/1.1" 302 295 "-" "Mozilla/4.0 (compatible; MSIE 7.0; Windows NT 5.1; .NET CLR 1.1.4322; InfoPath.3)"
84.2.123.254 - - [05/Dec/2012:11:11:30 +0100] "GET / HTTP/1.1" 302 295 "-" "Mozilla/4.0 (compatible; MSIE 7.0; Windows NT 5.1; .NET CLR 1.1.4322; InfoPath.3)"
193.225.204.113 - - [05/Dec/2012:16:41:14 +0100] "GET / HTTP/1.1" 302 295 "-" "Mozilla/4.0 (compatible; MSIE 8.0; Windows NT 5.1; Trident/4.0; .NET CLR 2.0.50727; .NET CLR 3.0.4506.2152; .NET CLR 3.5.30729; AskTbORJ/5.14.1.20007)"
193.225.204.113 - - [05/Dec/2012:16:41:21 +0100] "GET / HTTP/1.1" 302 295 "-" "Mozilla/4.0 (compatible; MSIE 8.0; Windows NT 5.1; Trident/4.0; .NET CLR 2.0.50727; .NET CLR 3.0.4506.2152; .NET CLR 3.5.30729; AskTbORJ/5.14.1.20007)"
192.31.21.179 - - [05/Dec/2012:21:45:56 +0100] "GET /robots.txt HTTP/1.1" 404 1181 "-" "www.integromedb.org/Crawler"
192.31.21.179 - - [05/Dec/2012:21:45:56 +0100] "GET /webmail/src/login.php HTTP/1.1" 404 1181 "-" "www.integromedb.org/Crawler"
184.73.91.43 - - [06/Dec/2012:04:48:53 +0100] "GET / HTTP/1.0" 302 283 "-" "Mozilla/5.0 (compatible; NetcraftSurveyAgent/1.0; +info@netcraft.com)"
81.183.134.202 - - [06/Dec/2012:08:36:53 +0100] "GET / HTTP/1.1" 302 295 "-" "Mozilla/5.0 (X11; U; Linux i686; hu-HU; rv:1.9.2.17) Gecko/20110422 Ubuntu/8.04 (hardy) Firefox/3.6.17"
157.55.33.112 - - [06/Dec/2012:11:21:19 +0100] "GET /robots.txt HTTP/1.1" 404 1181 "-" "Mozilla/5.0 (compatible; bingbot/2.0; +http://www.bing.com/bingbot.htm)"
157.55.33.112 - - [06/Dec/2012:12:03:29 +0100] "GET / HTTP/1.1" 302 295 "-" "Mozilla/5.0 (compatible; bingbot/2.0; +http://www.bing.com/bingbot.htm)"
86.59.192.144 - - [07/Dec/2012:00:09:14 +0100] "GET / HTTP/1.1" 302 295 "-" "Mozilla/4.0 (compatible; MSIE 7.0; Windows NT 5.1; .NET CLR 1.1.4322; InfoPath.3)"
86.59.192.144 - - [07/Dec/2012:00:09:16 +0100] "GET / HTTP/1.1" 302 295 "-" "Mozilla/4.0 (compatible; MSIE 7.0; Windows NT 5.1; .NET CLR 1.1.4322; InfoPath.3)"
157.55.33.112 - - [07/Dec/2012:11:37:30 +0100] "GET /robots.txt HTTP/1.1" 404 1181 "-" "Mozilla/5.0 (compatible; bingbot/2.0; +http://www.bing.com/bingbot.htm)"
157.55.33.112 - - [07/Dec/2012:11:40:30 +0100] "GET / HTTP/1.1" 302 295 "-" "Mozilla/5.0 (compatible; bingbot/2.0; +http://www.bing.com/bingbot.htm)"
31.46.219.254 - - [07/Dec/2012:12:10:01 +0100] "GET / HTTP/1.1" 302 295 "-" "Mozilla/5.0 (Windows NT 5.1; rv:17.0) Gecko/20100101 Firefox/17.0"
174.122.254.42 - - [07/Dec/2012:15:46:24 +0100] "GET /mailman/listinfo/kothalo HTTP/1.1" 404 1181 "-" "Mozilla/5.0 (Windows; U; Windows NT 6.1; en-US) AppleWebKit/534.1 (KHTML, like Gecko) Chrome/6.0.428.0 Safari/534.1"
177.87.240.230 - - [07/Dec/2012:15:46:30 +0100] "GET /mailman/listinfo/kothalo HTTP/1.1" 404 1181 "-" "Mozilla/5.0 (Windows; U; Windows NT 6.1; en-US) AppleWebKit/534.1 (KHTML, like Gecko) Chrome/6.0.428.0 Safari/534.1"
177.194.134.173 - - [07/Dec/2012:15:46:40 +0100] "GET /mailman/listinfo/kothalo HTTP/1.1" 404 1181 "-" "Mozilla/5.0 (Windows; U; Windows NT 6.1; en-US) AppleWebKit/534.1 (KHTML, like Gecko) Chrome/6.0.428.0 Safari/534.1"
86.101.231.141 - - [07/Dec/2012:18:56:21 +0100] "GET / HTTP/1.1" 302 295 "-" "Mozilla/4.0 (compatible; MSIE 8.0; Windows NT 5.1; Trident/4.0; .NET CLR 2.0.50727; .NET CLR 3.0.4506.2152; .NET CLR 3.5.30729)"
86.101.231.141 - - [07/Dec/2012:18:56:30 +0100] "GET / HTTP/1.1" 302 295 "-" "Mozilla/4.0 (compatible; MSIE 8.0; Windows NT 5.1; Trident/4.0; .NET CLR 2.0.50727; .NET CLR 3.0.4506.2152; .NET CLR 3.5.30729)"
86.101.231.141 - - [07/Dec/2012:19:39:22 +0100] "GET / HTTP/1.1" 302 295 "-" "Mozilla/5.0 (Windows NT 5.1; rv:12.0) Gecko/20100101 Firefox/12.0"
66.249.76.158 - - [08/Dec/2012:06:45:32 +0100] "GET /robots.txt HTTP/1.1" 404 1181 "-" "Mozilla/5.0 (compatible; Googlebot/2.1; +http://www.google.com/bot.html)"
66.249.76.158 - - [08/Dec/2012:06:45:32 +0100] "GET / HTTP/1.1" 302 295 "-" "Mozilla/5.0 (compatible; Googlebot/2.1; +http://www.google.com/bot.html)"
31.46.223.4 - - [08/Dec/2012:10:09:54 +0100] "GET / HTTP/1.1" 302 295 "-" "Mozilla/4.0 (compatible; MSIE 7.0; Windows NT 5.1; .NET CLR 1.1.4322; InfoPath.3)"
31.46.223.4 - - [08/Dec/2012:10:09:56 +0100] "GET / HTTP/1.1" 302 295 "-" "Mozilla/4.0 (compatible; MSIE 7.0; Windows NT 5.1; .NET CLR 1.1.4322; InfoPath.3)"
157.55.33.112 - - [08/Dec/2012:12:32:25 +0100] "GET /robots.txt HTTP/1.1" 404 1181 "-" "Mozilla/5.0 (compatible; bingbot/2.0; +http://www.bing.com/bingbot.htm)"
157.55.33.112 - - [08/Dec/2012:12:34:44 +0100] "GET / HTTP/1.1" 302 295 "-" "Mozilla/5.0 (compatible; bingbot/2.0; +http://www.bing.com/bingbot.htm)"
188.6.90.43 - - [09/Dec/2012:08:51:38 +0100] "GET / HTTP/1.1" 302 295 "-" "Mozilla/4.0 (compatible; MSIE 7.0; Windows NT 5.1; .NET CLR 1.1.4322; InfoPath.3)"
188.6.90.43 - - [09/Dec/2012:08:51:40 +0100] "GET / HTTP/1.1" 302 295 "-" "Mozilla/4.0 (compatible; MSIE 7.0; Windows NT 5.1; .NET CLR 1.1.4322; InfoPath.3)"
157.55.33.112 - - [09/Dec/2012:12:08:52 +0100] "GET /robots.txt HTTP/1.1" 404 1181 "-" "Mozilla/5.0 (compatible; bingbot/2.0; +http://www.bing.com/bingbot.htm)"
157.55.33.112 - - [09/Dec/2012:12:10:48 +0100] "GET / HTTP/1.1" 302 295 "-" "Mozilla/5.0 (compatible; bingbot/2.0; +http://www.bing.com/bingbot.htm)"
178.255.87.241 - - [10/Dec/2012:10:56:20 +0100] "GET /robots.txt HTTP/1.1" 404 1181 "-" "Comodo-Certificates-Spider"
178.255.87.241 - - [10/Dec/2012:10:56:21 +0100] "GET / HTTP/1.1" 302 295 "-" "Comodo-Certificates-Spider"
178.255.87.241 - - [10/Dec/2012:10:56:21 +0100] "GET / HTTP/1.1" 302 295 "-" "Comodo-Certificates-Spider"
157.55.33.112 - - [10/Dec/2012:11:48:37 +0100] "GET /robots.txt HTTP/1.1" 404 1181 "-" "Mozilla/5.0 (compatible; bingbot/2.0; +http://www.bing.com/bingbot.htm)"
157.55.33.112 - - [10/Dec/2012:11:50:24 +0100] "GET / HTTP/1.1" 302 295 "-" "Mozilla/5.0 (compatible; bingbot/2.0; +http://www.bing.com/bingbot.htm)"
193.225.204.113 - - [10/Dec/2012:14:55:03 +0100] "GET / HTTP/1.1" 302 295 "-" "Mozilla/4.0 (compatible; MSIE 8.0; Windows NT 5.1; Trident/4.0; .NET CLR 2.0.50727; .NET CLR 3.0.4506.2152; .NET CLR 3.5.30729; AskTbORJ/5.14.1.20007)"
193.225.204.113 - - [10/Dec/2012:14:55:45 +0100] "GET / HTTP/1.1" 302 295 "-" "Mozilla/4.0 (compatible; MSIE 8.0; Windows NT 5.1; Trident/4.0; .NET CLR 2.0.50727; .NET CLR 3.0.4506.2152; .NET CLR 3.5.30729; AskTbORJ/5.14.1.20007)"
78.92.229.26 - - [10/Dec/2012:20:22:39 +0100] "GET / HTTP/1.1" 302 295 "-" "Mozilla/5.0 (X11; U; Linux i686; hu-HU; rv:1.9.2.17) Gecko/20110422 Ubuntu/8.04 (hardy) Firefox/3.6.17"
194.153.113.35 - - [10/Dec/2012:23:11:33 +0100] "GET / HTTP/1.1" 302 295 "-" "Mozilla/5.0 (compatible; oBot/2.3.1; +http://filterdb.iss.net/crawler/)"
78.92.229.26 - - [10/Dec/2012:23:22:00 +0100] "GET / HTTP/1.1" 302 295 "-" "Mozilla/5.0 (X11; U; Linux i686; hu-HU; rv:1.9.2.17) Gecko/20110422 Ubuntu/8.04 (hardy) Firefox/3.6.17"
174.122.254.42 - - [11/Dec/2012:10:31:22 +0100] "GET /mailman/confirm/eghajlatvaltozas/cdf3e68eb8cb0bef7c724a580d645539ed007c2b HTTP/1.1" 404 1181 "-" "Mozilla/5.0 (Windows; U; Windows NT 6.1; en-US) AppleWebKit/534.1 (KHTML, like Gecko) Chrome/6.0.428.0 Safari/534.1"
201.64.247.3 - - [11/Dec/2012:10:31:27 +0100] "GET /mailman/confirm/eghajlatvaltozas/cdf3e68eb8cb0bef7c724a580d645539ed007c2b HTTP/1.1" 404 1181 "-" "Mozilla/5.0 (Windows; U; Windows NT 6.1; en-US) AppleWebKit/534.1 (KHTML, like Gecko) Chrome/6.0.428.0 Safari/534.1"
189.35.159.151 - - [11/Dec/2012:10:31:40 +0100] "GET /mailman/confirm/eghajlatvaltozas/cdf3e68eb8cb0bef7c724a580d645539ed007c2b HTTP/1.0" 404 1181 "-" "Mozilla/5.0 (Windows; U; Windows NT 6.1; en-US) AppleWebKit/534.1 (KHTML, like Gecko) Chrome/6.0.428.0 Safari/534.1"
177.135.208.106 - - [11/Dec/2012:10:31:42 +0100] "GET /mailman/confirm/eghajlatvaltozas/cdf3e68eb8cb0bef7c724a580d645539ed007c2b HTTP/1.1" 404 1181 "-" "Mozilla/5.0 (Windows; U; Windows NT 6.1; en-US) AppleWebKit/534.1 (KHTML, like Gecko) Chrome/6.0.428.0 Safari/534.1"
157.55.33.112 - - [11/Dec/2012:12:02:03 +0100] "GET /robots.txt HTTP/1.1" 404 1181 "-" "Mozilla/5.0 (compatible; bingbot/2.0; +http://www.bing.com/bingbot.htm)"
157.55.33.112 - - [11/Dec/2012:12:03:51 +0100] "GET / HTTP/1.1" 302 295 "-" "Mozilla/5.0 (compatible; bingbot/2.0; +http://www.bing.com/bingbot.htm)"
86.101.26.10 - - [11/Dec/2012:16:28:37 +0100] "GET / HTTP/1.1" 302 295 "-" "Mozilla/5.0 (Windows NT 5.1; rv:7.0.1) Gecko/20100101 Firefox/7.0.1"
174.122.254.42 - - [12/Dec/2012:06:05:41 +0100] "GET /mailman/confirm/parlag/81e81cfa6fbe24fc2f68d915102997d9d63664e5 HTTP/1.1" 404 1181 "-" "Mozilla/5.0 (Windows; U; Windows NT 6.1; en-US) AppleWebKit/534.1 (KHTML, like Gecko) Chrome/6.0.428.0 Safari/534.1"
201.64.247.3 - - [12/Dec/2012:06:05:47 +0100] "GET /mailman/confirm/parlag/81e81cfa6fbe24fc2f68d915102997d9d63664e5 HTTP/1.1" 404 1181 "-" "Mozilla/5.0 (Windows; U; Windows NT 6.1; en-US) AppleWebKit/534.1 (KHTML, like Gecko) Chrome/6.0.428.0 Safari/534.1"
189.35.159.151 - - [12/Dec/2012:06:06:13 +0100] "GET /mailman/confirm/parlag/81e81cfa6fbe24fc2f68d915102997d9d63664e5 HTTP/1.0" 404 1181 "-" "Mozilla/5.0 (Windows; U; Windows NT 6.1; en-US) AppleWebKit/534.1 (KHTML, like Gecko) Chrome/6.0.428.0 Safari/534.1"
189.29.118.245 - - [12/Dec/2012:06:06:14 +0100] "GET /mailman/confirm/parlag/81e81cfa6fbe24fc2f68d915102997d9d63664e5 HTTP/1.1" 404 1181 "-" "Mozilla/5.0 (Windows; U; Windows NT 6.1; en-US) AppleWebKit/534.1 (KHTML, like Gecko) Chrome/6.0.428.0 Safari/534.1"
174.122.254.42 - - [12/Dec/2012:06:06:27 +0100] "GET /mailman/confirm/madar/ea9c09ebfaebcd4751f26387d2151a47f0084bdc HTTP/1.1" 404 1181 "-" "Mozilla/5.0 (Windows; U; Windows NT 6.1; en-US) AppleWebKit/534.1 (KHTML, like Gecko) Chrome/6.0.428.0 Safari/534.1"
201.64.247.3 - - [12/Dec/2012:06:06:32 +0100] "GET /mailman/confirm/madar/ea9c09ebfaebcd4751f26387d2151a47f0084bdc HTTP/1.1" 404 1181 "-" "Mozilla/5.0 (Windows; U; Windows NT 6.1; en-US) AppleWebKit/534.1 (KHTML, like Gecko) Chrome/6.0.428.0 Safari/534.1"
189.35.159.151 - - [12/Dec/2012:06:06:52 +0100] "GET /mailman/confirm/madar/ea9c09ebfaebcd4751f26387d2151a47f0084bdc HTTP/1.0" 404 1181 "-" "Mozilla/5.0 (Windows; U; Windows NT 6.1; en-US) AppleWebKit/534.1 (KHTML, like Gecko) Chrome/6.0.428.0 Safari/534.1"
189.29.118.245 - - [12/Dec/2012:06:07:00 +0100] "GET /mailman/confirm/madar/ea9c09ebfaebcd4751f26387d2151a47f0084bdc HTTP/1.1" 404 1181 "-" "Mozilla/5.0 (Windows; U; Windows NT 6.1; en-US) AppleWebKit/534.1 (KHTML, like Gecko) Chrome/6.0.428.0 Safari/534.1"
78.92.246.153 - - [12/Dec/2012:09:15:14 +0100] "GET / HTTP/1.1" 302 295 "-" "Mozilla/4.0 (compatible; MSIE 7.0; Windows NT 5.1; .NET CLR 1.1.4322; InfoPath.3)"
78.92.246.153 - - [12/Dec/2012:09:15:22 +0100] "GET / HTTP/1.1" 302 295 "-" "Mozilla/4.0 (compatible; MSIE 7.0; Windows NT 5.1; .NET CLR 1.1.4322; InfoPath.3)"
78.92.246.153 - - [12/Dec/2012:09:54:17 +0100] "GET / HTTP/1.1" 302 295 "-" "Mozilla/5.0 (Windows NT 5.1; rv:17.0) Gecko/20100101 Firefox/17.0"
78.92.246.153 - - [12/Dec/2012:13:39:34 +0100] "GET / HTTP/1.1" 302 295 "-" "Mozilla/5.0 (X11; U; Linux i686; hu-HU; rv:1.9.2.17) Gecko/20110422 Ubuntu/8.04 (hardy) Firefox/3.6.17"
157.55.33.112 - - [12/Dec/2012:15:18:46 +0100] "GET /robots.txt HTTP/1.1" 404 1181 "-" "Mozilla/5.0 (compatible; bingbot/2.0; +http://www.bing.com/bingbot.htm)"
157.55.33.112 - - [12/Dec/2012:15:21:23 +0100] "GET / HTTP/1.1" 302 295 "-" "Mozilla/5.0 (compatible; bingbot/2.0; +http://www.bing.com/bingbot.htm)"
86.101.26.10 - - [12/Dec/2012:18:11:43 +0100] "GET / HTTP/1.1" 302 295 "-" "Mozilla/5.0 (Windows NT 5.1; rv:7.0.1) Gecko/20100101 Firefox/7.0.1"
86.101.231.141 - - [12/Dec/2012:18:50:41 +0100] "GET / HTTP/1.1" 302 295 "-" "Mozilla/5.0 (Windows NT 5.1; rv:12.0) Gecko/20100101 Firefox/12.0"
86.101.231.125 - - [12/Dec/2012:19:32:37 +0100] "GET / HTTP/1.1" 302 295 "-" "Mozilla/4.0 (compatible; MSIE 8.0; Windows NT 5.1; Trident/4.0; .NET CLR 2.0.50727; .NET CLR 3.0.4506.2152; .NET CLR 3.5.30729)"
86.101.231.125 - - [12/Dec/2012:19:32:41 +0100] "GET / HTTP/1.1" 302 295 "-" "Mozilla/4.0 (compatible; MSIE 8.0; Windows NT 5.1; Trident/4.0; .NET CLR 2.0.50727; .NET CLR 3.0.4506.2152; .NET CLR 3.5.30729)"
89.132.218.147 - - [12/Dec/2012:20:32:42 +0100] "GET / HTTP/1.1" 302 295 "-" "Opera/9.80 (Windows NT 5.1; U; hu) Presto/2.10.289 Version/12.02"
31.46.225.213 - - [13/Dec/2012:11:12:49 +0100] "GET / HTTP/1.1" 302 295 "-" "Mozilla/5.0 (X11; U; Linux i686; hu-HU; rv:1.9.2.17) Gecko/20110422 Ubuntu/8.04 (hardy) Firefox/3.6.17"
157.55.33.112 - - [13/Dec/2012:15:06:29 +0100] "GET /robots.txt HTTP/1.1" 404 1181 "-" "Mozilla/5.0 (compatible; bingbot/2.0; +http://www.bing.com/bingbot.htm)"
38.127.167.2 - - [13/Dec/2012:17:32:48 +0100] "GET / HTTP/1.0" 302 283 "-" "Mozilla/5.0 (Windows; U; Windows NT 5.1; en-US; rv:1.9.1.9) Gecko/20100315 Firefox/3.5.9 (.NET CLR 3.5.30729)"
38.127.167.2 - - [13/Dec/2012:17:32:52 +0100] "GET /favicon.ico HTTP/1.0" 404 1181 "-" "Mozilla/5.0 (Windows; U; Windows NT 5.1; en-US; rv:1.9.1.9) Gecko/20100315 Firefox/3.5.9 (.NET CLR 3.5.30729)"
38.127.167.2 - - [13/Dec/2012:17:32:56 +0100] "HEAD / HTTP/1.0" 302 0 "-" "Lynx/2.8.8dev.9 libwww-FM/2.14 SSL-MM/1.4.1 GNUTLS/2.12.14"
38.127.167.2 - - [13/Dec/2012:17:32:59 +0100] "HEAD / HTTP/1.0" 302 0 "-" "Lynx/2.8.8dev.9 libwww-FM/2.14 SSL-MM/1.4.1 GNUTLS/2.12.14"
86.101.231.141 - - [13/Dec/2012:19:55:27 +0100] "GET / HTTP/1.1" 302 295 "-" "Mozilla/5.0 (Windows NT 5.1; rv:6.0.1) Gecko/20100101 Firefox/6.0.1"
176.9.142.237 - - [14/Dec/2012:12:09:44 +0100] "GET /robots.txt HTTP/1.1" 404 1181 "-" "Mozilla/5.0 (compatible; MSIE 9.0; Windows NT 6.1; Win64; x64; Trident/5.0; MALC)"
176.9.142.237 - - [14/Dec/2012:12:09:45 +0100] "GET / HTTP/1.1" 302 295 "-" "Mozilla/5.0 (compatible; MSIE 9.0; Windows NT 6.1; Win64; x64; Trident/5.0; MALC)"
176.9.142.237 - - [14/Dec/2012:12:09:50 +0100] "GET /webmail HTTP/1.1" 404 1181 "-" "Mozilla/5.0 (compatible; MSIE 9.0; Windows NT 6.1; Win64; x64; Trident/5.0; MALC)"
193.225.204.113 - - [14/Dec/2012:15:40:19 +0100] "GET / HTTP/1.1" 302 295 "-" "Mozilla/4.0 (compatible; MSIE 8.0; Windows NT 5.1; Trident/4.0; .NET CLR 2.0.50727; .NET CLR 3.0.4506.2152; .NET CLR 3.5.30729; AskTbORJ/5.14.1.20007)"
193.225.204.113 - - [14/Dec/2012:15:40:23 +0100] "GET / HTTP/1.1" 302 295 "-" "Mozilla/4.0 (compatible; MSIE 8.0; Windows NT 5.1; Trident/4.0; .NET CLR 2.0.50727; .NET CLR 3.0.4506.2152; .NET CLR 3.5.30729; AskTbORJ/5.14.1.20007)"
157.55.36.49 - - [14/Dec/2012:16:52:05 +0100] "GET /robots.txt HTTP/1.1" 404 1181 "-" "Mozilla/5.0 (compatible; bingbot/2.0; +http://www.bing.com/bingbot.htm)"
157.55.36.49 - - [14/Dec/2012:16:55:48 +0100] "GET / HTTP/1.1" 302 295 "-" "Mozilla/5.0 (compatible; bingbot/2.0; +http://www.bing.com/bingbot.htm)"
193.224.69.194 - - [14/Dec/2012:19:16:34 +0100] "GET / HTTP/1.1" 302 295 "-" "Mozilla/4.0 (compatible; MSIE 8.0; Windows NT 5.1; Trident/4.0; .NET CLR 1.1.4322; .NET CLR 2.0.50727; .NET CLR 3.0.4506.2152; .NET CLR 3.5.30729)"
193.224.69.194 - - [14/Dec/2012:19:16:41 +0100] "GET / HTTP/1.1" 302 295 "-" "Mozilla/4.0 (compatible; MSIE 8.0; Windows NT 5.1; Trident/4.0; .NET CLR 1.1.4322; .NET CLR 2.0.50727; .NET CLR 3.0.4506.2152; .NET CLR 3.5.30729)"
46.214.108.150 - - [14/Dec/2012:19:31:11 +0100] "GET / HTTP/1.1" 302 295 "-" "Mozilla/4.0 (compatible; MSIE 8.0; Windows NT 5.1; Trident/4.0; GTB7.4; .NET CLR 1.1.4322; .NET CLR 2.0.50727; .NET CLR 3.0.4506.2152; .NET CLR 3.5.30729; AskTbORJ/5.15.4.23821)"
46.214.108.150 - - [14/Dec/2012:19:31:14 +0100] "GET / HTTP/1.1" 302 295 "-" "Mozilla/4.0 (compatible; MSIE 8.0; Windows NT 5.1; Trident/4.0; GTB7.4; .NET CLR 1.1.4322; .NET CLR 2.0.50727; .NET CLR 3.0.4506.2152; .NET CLR 3.5.30729; AskTbORJ/5.15.4.23821)"
192.31.21.179 - - [15/Dec/2012:03:14:16 +0100] "GET /robots.txt HTTP/1.1" 404 1181 "-" "www.integromedb.org/Crawler"
192.31.21.179 - - [15/Dec/2012:03:14:16 +0100] "GET /webmail/src/compose.php?send_to=nagy.tamas%40humusz.hu HTTP/1.1" 404 1181 "-" "www.integromedb.org/Crawler"
192.31.21.179 - - [15/Dec/2012:03:14:17 +0100] "GET /webmail/src/compose.php?send_to=fesztivalonkentes%40gmail.com HTTP/1.1" 404 1181 "-" "www.integromedb.org/Crawler"
84.236.48.60 - - [15/Dec/2012:09:32:58 +0100] "GET / HTTP/1.1" 302 295 "-" "Mozilla/5.0 (Windows NT 5.1; rv:17.0) Gecko/20100101 Firefox/17.0"
157.55.36.49 - - [15/Dec/2012:17:43:20 +0100] "GET /robots.txt HTTP/1.1" 404 1181 "-" "Mozilla/5.0 (compatible; bingbot/2.0; +http://www.bing.com/bingbot.htm)"
157.55.36.49 - - [15/Dec/2012:17:45:22 +0100] "GET / HTTP/1.1" 302 295 "-" "Mozilla/5.0 (compatible; bingbot/2.0; +http://www.bing.com/bingbot.htm)"
192.31.21.179 - - [16/Dec/2012:03:28:53 +0100] "GET /robots.txt HTTP/1.1" 404 1181 "-" "www.integromedb.org/Crawler"
192.31.21.179 - - [16/Dec/2012:03:28:54 +0100] "GET /webmail/src/compose.php?send_to=nagy.tamas%40humusz.hu HTTP/1.1" 404 1181 "-" "www.integromedb.org/Crawler"
192.31.21.179 - - [16/Dec/2012:03:28:55 +0100] "GET /webmail/src/compose.php?send_to=fesztivalonkentes%40gmail.com HTTP/1.1" 404 1181 "-" "www.integromedb.org/Crawler"
188.6.57.65 - - [16/Dec/2012:09:38:09 +0100] "GET / HTTP/1.1" 302 295 "-" "Mozilla/4.0 (compatible; MSIE 7.0; Windows NT 5.1; .NET CLR 1.1.4322; InfoPath.3)"
188.6.57.65 - - [16/Dec/2012:09:38:12 +0100] "GET / HTTP/1.1" 302 295 "-" "Mozilla/4.0 (compatible; MSIE 7.0; Windows NT 5.1; .NET CLR 1.1.4322; InfoPath.3)"
84.0.213.225 - - [16/Dec/2012:13:45:35 +0100] "GET / HTTP/1.1" 302 295 "-" "Mozilla/5.0 (X11; U; Linux i686; hu-HU; rv:1.9.2.17) Gecko/20110422 Ubuntu/8.04 (hardy) Firefox/3.6.17"
84.0.213.225 - - [16/Dec/2012:13:59:32 +0100] "GET / HTTP/1.1" 302 295 "-" "Mozilla/5.0 (X11; U; Linux i686; hu-HU; rv:1.9.2.17) Gecko/20110422 Ubuntu/8.04 (hardy) Firefox/3.6.17"
86.101.234.169 - - [16/Dec/2012:16:24:56 +0100] "GET / HTTP/1.1" 302 295 "-" "Mozilla/4.0 (compatible; MSIE 8.0; Windows NT 5.1; Trident/4.0; .NET CLR 2.0.50727; .NET CLR 3.0.4506.2152; .NET CLR 3.5.30729)"
86.101.234.169 - - [16/Dec/2012:16:25:00 +0100] "GET / HTTP/1.1" 302 295 "-" "Mozilla/4.0 (compatible; MSIE 8.0; Windows NT 5.1; Trident/4.0; .NET CLR 2.0.50727; .NET CLR 3.0.4506.2152; .NET CLR 3.5.30729)"
66.249.76.158 - - [16/Dec/2012:16:43:46 +0100] "GET /robots.txt HTTP/1.1" 404 1181 "-" "Mozilla/5.0 (compatible; Googlebot/2.1; +http://www.google.com/bot.html)"
66.249.76.158 - - [16/Dec/2012:16:43:46 +0100] "GET / HTTP/1.1" 302 295 "-" "Mozilla/5.0 (compatible; Googlebot/2.1; +http://www.google.com/bot.html)"
157.55.36.49 - - [16/Dec/2012:16:55:05 +0100] "GET /robots.txt HTTP/1.1" 404 1181 "-" "Mozilla/5.0 (compatible; bingbot/2.0; +http://www.bing.com/bingbot.htm)"
157.55.36.49 - - [16/Dec/2012:16:56:51 +0100] "GET / HTTP/1.1" 302 295 "-" "Mozilla/5.0 (compatible; bingbot/2.0; +http://www.bing.com/bingbot.htm)"
86.101.231.125 - - [16/Dec/2012:17:25:57 +0100] "GET / HTTP/1.1" 302 295 "-" "Mozilla/4.0 (compatible; MSIE 8.0; Windows NT 5.1; Trident/4.0; .NET CLR 2.0.50727; .NET CLR 3.0.4506.2152; .NET CLR 3.5.30729)"
86.101.231.125 - - [16/Dec/2012:17:26:00 +0100] "GET / HTTP/1.1" 302 295 "-" "Mozilla/4.0 (compatible; MSIE 8.0; Windows NT 5.1; Trident/4.0; .NET CLR 2.0.50727; .NET CLR 3.0.4506.2152; .NET CLR 3.5.30729)"
193.225.204.113 - - [17/Dec/2012:08:58:27 +0100] "GET / HTTP/1.1" 302 295 "-" "Mozilla/4.0 (compatible; MSIE 8.0; Windows NT 5.1; Trident/4.0; .NET CLR 2.0.50727; .NET CLR 3.0.4506.2152; .NET CLR 3.5.30729; AskTbORJ/5.14.1.20007)"
193.225.204.113 - - [17/Dec/2012:08:58:33 +0100] "GET / HTTP/1.1" 302 295 "-" "Mozilla/4.0 (compatible; MSIE 8.0; Windows NT 5.1; Trident/4.0; .NET CLR 2.0.50727; .NET CLR 3.0.4506.2152; .NET CLR 3.5.30729; AskTbORJ/5.14.1.20007)"
188.6.135.187 - - [17/Dec/2012:11:09:49 +0100] "GET / HTTP/1.1" 302 295 "-" "Mozilla/4.0 (compatible; MSIE 7.0; Windows NT 5.1; .NET CLR 1.1.4322; InfoPath.3)"
188.6.135.187 - - [17/Dec/2012:11:09:51 +0100] "GET / HTTP/1.1" 302 295 "-" "Mozilla/4.0 (compatible; MSIE 7.0; Windows NT 5.1; .NET CLR 1.1.4322; InfoPath.3)"
178.154.210.252 - - [17/Dec/2012:13:02:37 +0100] "GET /robots.txt HTTP/1.1" 404 1181 "-" "Mozilla/5.0 (compatible; YandexBot/3.0; +http://yandex.com/bots)"
199.21.99.106 - - [17/Dec/2012:13:02:40 +0100] "GET / HTTP/1.1" 302 295 "-" "Mozilla/5.0 (compatible; YandexBot/3.0; +http://yandex.com/bots)"
86.101.26.10 - - [17/Dec/2012:16:52:02 +0100] "GET / HTTP/1.1" 302 295 "-" "Mozilla/5.0 (Windows NT 5.1; rv:9.0.1) Gecko/20100101 Firefox/9.0.1"
157.55.36.49 - - [17/Dec/2012:17:50:45 +0100] "GET /robots.txt HTTP/1.1" 404 1181 "-" "Mozilla/5.0 (compatible; bingbot/2.0; +http://www.bing.com/bingbot.htm)"
157.55.36.49 - - [17/Dec/2012:17:52:24 +0100] "GET / HTTP/1.1" 302 295 "-" "Mozilla/5.0 (compatible; bingbot/2.0; +http://www.bing.com/bingbot.htm)"
66.249.73.225 - - [17/Dec/2012:21:08:31 +0100] "GET /robots.txt HTTP/1.1" 404 1181 "-" "Mozilla/5.0 (compatible; Googlebot/2.1; +http://www.google.com/bot.html)"
66.249.73.225 - - [17/Dec/2012:21:08:31 +0100] "GET / HTTP/1.1" 302 295 "-" "Mozilla/5.0 (compatible; Googlebot/2.1; +http://www.google.com/bot.html)"
193.224.69.194 - - [18/Dec/2012:15:18:31 +0100] "GET / HTTP/1.1" 302 295 "-" "Mozilla/4.0 (compatible; MSIE 8.0; Windows NT 5.1; Trident/4.0; .NET CLR 2.0.50727; .NET CLR 3.0.4506.2152; .NET CLR 3.5.30729)"
193.224.69.194 - - [18/Dec/2012:15:18:34 +0100] "GET / HTTP/1.1" 302 295 "-" "Mozilla/4.0 (compatible; MSIE 8.0; Windows NT 5.1; Trident/4.0; .NET CLR 2.0.50727; .NET CLR 3.0.4506.2152; .NET CLR 3.5.30729)"
157.55.36.49 - - [18/Dec/2012:17:08:25 +0100] "GET /robots.txt HTTP/1.1" 404 1181 "-" "Mozilla/5.0 (compatible; bingbot/2.0; +http://www.bing.com/bingbot.htm)"
157.55.36.49 - - [18/Dec/2012:17:09:50 +0100] "GET / HTTP/1.1" 302 295 "-" "Mozilla/5.0 (compatible; bingbot/2.0; +http://www.bing.com/bingbot.htm)"
174.122.254.42 - - [19/Dec/2012:05:22:19 +0100] "GET /mailman/confirm/rugyecskek/818c4ccfa67466af1b038949bf43199a62ba8d0e HTTP/1.1" 404 1181 "-" "Mozilla/5.0 (Windows; U; Windows NT 6.1; en-US) AppleWebKit/534.1 (KHTML, like Gecko) Chrome/6.0.428.0 Safari/534.1"
199.187.122.91 - - [19/Dec/2012:06:26:13 +0100] "GET /robots.txt HTTP/1.1" 404 1181 "-" "Mozilla/4.0 (compatible; MSIE 6.0; Windows NT 5.1; SV1; .NET CLR 2.0.50727)"
199.187.122.91 - - [19/Dec/2012:06:33:59 +0100] "GET /mailman/listinfo/gyumolcsesz HTTP/1.1" 404 1181 "-" "Mozilla/4.0 (compatible; MSIE 6.0; Windows NT 5.1; SV1; .NET CLR 2.0.50727)"
193.225.204.113 - - [19/Dec/2012:09:18:57 +0100] "GET / HTTP/1.1" 302 295 "-" "Mozilla/4.0 (compatible; MSIE 8.0; Windows NT 5.1; Trident/4.0; .NET CLR 2.0.50727; .NET CLR 3.0.4506.2152; .NET CLR 3.5.30729; AskTbORJ/5.14.1.20007)"
193.225.204.113 - - [19/Dec/2012:09:19:04 +0100] "GET / HTTP/1.1" 302 295 "-" "Mozilla/4.0 (compatible; MSIE 8.0; Windows NT 5.1; Trident/4.0; .NET CLR 2.0.50727; .NET CLR 3.0.4506.2152; .NET CLR 3.5.30729; AskTbORJ/5.14.1.20007)"
84.2.126.50 - - [19/Dec/2012:10:15:09 +0100] "GET / HTTP/1.1" 302 295 "-" "Mozilla/5.0 (Windows NT 5.1; rv:17.0) Gecko/20100101 Firefox/17.0"
178.210.252.91 - - [19/Dec/2012:16:19:48 +0100] "GET /mailman/admin/madar HTTP/1.1" 404 1181 "-" "Mozilla/5.0 (Windows NT 5.1) AppleWebKit/537.11 (KHTML, like Gecko) Chrome/23.0.1271.97 Safari/537.11"
178.210.252.91 - - [19/Dec/2012:16:19:52 +0100] "GET /favicon.ico HTTP/1.1" 404 1181 "-" "Mozilla/5.0 (Windows NT 5.1) AppleWebKit/537.11 (KHTML, like Gecko) Chrome/23.0.1271.97 Safari/537.11"
178.210.252.91 - - [19/Dec/2012:16:20:18 +0100] "GET /mailman/admin/madar HTTP/1.1" 404 1181 "-" "Mozilla/5.0 (Windows NT 5.1) AppleWebKit/537.11 (KHTML, like Gecko) Chrome/23.0.1271.97 Safari/537.11"
178.210.252.91 - - [19/Dec/2012:16:20:18 +0100] "GET /favicon.ico HTTP/1.1" 404 1181 "-" "Mozilla/5.0 (Windows NT 5.1) AppleWebKit/537.11 (KHTML, like Gecko) Chrome/23.0.1271.97 Safari/537.11"
178.210.252.91 - - [19/Dec/2012:16:20:39 +0100] "GET /mailman/admin/madar HTTP/1.1" 404 1181 "-" "Mozilla/5.0 (Windows NT 5.1) AppleWebKit/537.11 (KHTML, like Gecko) Chrome/23.0.1271.97 Safari/537.11"
178.210.252.91 - - [19/Dec/2012:16:20:39 +0100] "GET /favicon.ico HTTP/1.1" 404 1181 "-" "Mozilla/5.0 (Windows NT 5.1) AppleWebKit/537.11 (KHTML, like Gecko) Chrome/23.0.1271.97 Safari/537.11"
178.210.252.91 - - [19/Dec/2012:16:21:16 +0100] "GET /mailman/admin/madar HTTP/1.1" 404 1181 "-" "Mozilla/5.0 (Windows NT 5.1) AppleWebKit/537.11 (KHTML, like Gecko) Chrome/23.0.1271.97 Safari/537.11"
178.210.252.91 - - [19/Dec/2012:16:21:16 +0100] "GET /favicon.ico HTTP/1.1" 404 1181 "-" "Mozilla/5.0 (Windows NT 5.1) AppleWebKit/537.11 (KHTML, like Gecko) Chrome/23.0.1271.97 Safari/537.11"
178.210.252.91 - - [19/Dec/2012:16:21:34 +0100] "GET /favicon.ico HTTP/1.1" 404 1181 "-" "Mozilla/5.0 (Windows NT 5.1) AppleWebKit/537.11 (KHTML, like Gecko) Chrome/23.0.1271.97 Safari/537.11"
178.210.252.91 - - [19/Dec/2012:16:21:35 +0100] "GET /favicon.ico HTTP/1.1" 404 1181 "-" "Mozilla/5.0 (Windows NT 5.1) AppleWebKit/537.11 (KHTML, like Gecko) Chrome/23.0.1271.97 Safari/537.11"
178.210.252.91 - - [19/Dec/2012:16:22:06 +0100] "GET / HTTP/1.1" 302 295 "-" "Mozilla/5.0 (Windows NT 5.1) AppleWebKit/537.11 (KHTML, like Gecko) Chrome/23.0.1271.97 Safari/537.11"
157.55.36.49 - - [19/Dec/2012:17:16:08 +0100] "GET /robots.txt HTTP/1.1" 404 1181 "-" "Mozilla/5.0 (compatible; bingbot/2.0; +http://www.bing.com/bingbot.htm)"
157.55.36.49 - - [19/Dec/2012:17:17:52 +0100] "GET / HTTP/1.1" 302 295 "-" "Mozilla/5.0 (compatible; bingbot/2.0; +http://www.bing.com/bingbot.htm)"
78.92.13.139 - - [19/Dec/2012:21:50:16 +0100] "GET / HTTP/1.1" 302 295 "-" "Mozilla/5.0 (X11; U; Linux i686; hu-HU; rv:1.9.2.17) Gecko/20110422 Ubuntu/8.04 (hardy) Firefox/3.6.17"
78.92.13.139 - - [19/Dec/2012:23:18:44 +0100] "GET / HTTP/1.1" 302 295 "-" "Mozilla/5.0 (X11; U; Linux i686; hu-HU; rv:1.9.2.17) Gecko/20110422 Ubuntu/8.04 (hardy) Firefox/3.6.17"
78.92.13.139 - - [19/Dec/2012:23:26:41 +0100] "GET / HTTP/1.1" 302 295 "-" "Mozilla/5.0 (X11; U; Linux i686; hu-HU; rv:1.9.2.17) Gecko/20110422 Ubuntu/8.04 (hardy) Firefox/3.6.17"
31.46.136.91 - - [20/Dec/2012:08:54:36 +0100] "GET / HTTP/1.1" 302 295 "-" "Mozilla/5.0 (Windows NT 5.1; rv:17.0) Gecko/20100101 Firefox/17.0"
157.55.36.49 - - [20/Dec/2012:17:33:17 +0100] "GET /robots.txt HTTP/1.1" 404 1181 "-" "Mozilla/5.0 (compatible; bingbot/2.0; +http://www.bing.com/bingbot.htm)"
157.55.36.49 - - [20/Dec/2012:17:35:14 +0100] "GET / HTTP/1.1" 302 295 "-" "Mozilla/5.0 (compatible; bingbot/2.0; +http://www.bing.com/bingbot.htm)"
190.204.67.233 - - [21/Dec/2012:00:49:35 +0100] "GET / HTTP/1.1" 302 295 "-" "Mozilla/5.0 (Windows NT 6.1; WOW64; rv:17.0) Gecko/20100101 Firefox/17.0"
86.101.231.141 - - [21/Dec/2012:13:19:08 +0100] "GET / HTTP/1.1" 302 295 "-" "Mozilla/5.0 (Windows NT 5.1; rv:12.0) Gecko/20100101 Firefox/12.0"
86.101.26.10 - - [21/Dec/2012:13:54:22 +0100] "GET / HTTP/1.1" 302 295 "-" "Mozilla/5.0 (Windows NT 5.1; rv:7.0.1) Gecko/20100101 Firefox/7.0.1"
86.101.231.129 - - [21/Dec/2012:15:29:08 +0100] "GET / HTTP/1.1" 302 295 "-" "Mozilla/4.0 (compatible; MSIE 8.0; Windows NT 5.1; Trident/4.0)"
86.101.231.129 - - [21/Dec/2012:15:29:11 +0100] "GET / HTTP/1.1" 302 295 "-" "Mozilla/4.0 (compatible; MSIE 8.0; Windows NT 5.1; Trident/4.0)"
38.100.21.121 - - [21/Dec/2012:15:42:02 +0100] "GET /mailman/listinfo/genlist HTTP/1.1" 404 1181 "-" "Mozilla/4.0 (compatible; MSIE 7.0; Windows NT 5.1)"
157.55.36.49 - - [21/Dec/2012:16:59:12 +0100] "GET /robots.txt HTTP/1.1" 404 1181 "-" "Mozilla/5.0 (compatible; bingbot/2.0; +http://www.bing.com/bingbot.htm)"
157.55.36.49 - - [21/Dec/2012:17:00:52 +0100] "GET / HTTP/1.1" 302 295 "-" "Mozilla/5.0 (compatible; bingbot/2.0; +http://www.bing.com/bingbot.htm)"
157.55.36.49 - - [21/Dec/2012:17:46:12 +0100] "GET /robots.txt HTTP/1.1" 404 1181 "-" "Mozilla/5.0 (compatible; bingbot/2.0; +http://www.bing.com/bingbot.htm)"
157.55.36.49 - - [21/Dec/2012:17:47:52 +0100] "GET / HTTP/1.1" 302 295 "-" "Mozilla/5.0 (compatible; bingbot/2.0; +http://www.bing.com/bingbot.htm)"
86.101.231.141 - - [21/Dec/2012:18:25:29 +0100] "GET / HTTP/1.1" 302 295 "-" "Mozilla/4.0 (compatible; MSIE 8.0; Windows NT 5.1; Trident/4.0; .NET CLR 2.0.50727; .NET CLR 3.0.4506.2152; .NET CLR 3.5.30729)"
86.101.231.141 - - [21/Dec/2012:18:25:34 +0100] "GET / HTTP/1.1" 302 295 "-" "Mozilla/4.0 (compatible; MSIE 8.0; Windows NT 5.1; Trident/4.0; .NET CLR 2.0.50727; .NET CLR 3.0.4506.2152; .NET CLR 3.5.30729)"
78.92.229.185 - - [21/Dec/2012:21:20:09 +0100] "GET / HTTP/1.1" 302 295 "-" "Mozilla/4.0 (compatible; MSIE 7.0; Windows NT 5.1; .NET CLR 1.1.4322; InfoPath.3)"
78.92.229.185 - - [21/Dec/2012:21:20:11 +0100] "GET / HTTP/1.1" 302 295 "-" "Mozilla/4.0 (compatible; MSIE 7.0; Windows NT 5.1; .NET CLR 1.1.4322; InfoPath.3)"
190.204.99.100 - - [22/Dec/2012:13:01:39 +0100] "GET / HTTP/1.1" 302 295 "-" "Mozilla/5.0 (Windows NT 6.1; WOW64; rv:17.0) Gecko/20100101 Firefox/17.0"
193.225.246.2 - - [22/Dec/2012:13:19:47 +0100] "GET / HTTP/1.0" 302 283 "-" "Mozilla/5.0 (Windows NT 5.1; rv:16.0) Gecko/20100101 Firefox/16.0"
193.225.246.2 - - [22/Dec/2012:14:10:54 +0100] "GET / HTTP/1.0" 302 283 "-" "Mozilla/5.0 (Windows NT 5.1; rv:16.0) Gecko/20100101 Firefox/16.0"
86.101.231.141 - - [22/Dec/2012:15:59:51 +0100] "GET / HTTP/1.1" 302 295 "-" "Mozilla/5.0 (Windows NT 5.1; rv:12.0) Gecko/20100101 Firefox/12.0"
87.97.112.236 - - [22/Dec/2012:17:04:32 +0100] "GET / HTTP/1.1" 200 1213 "-" "Mozilla/5.0 (Windows NT 6.1; rv:16.0) Gecko/20100101 Firefox/16.0"
87.97.112.236 - - [22/Dec/2012:17:04:33 +0100] "GET /favicon.ico HTTP/1.1" 404 1181 "-" "Mozilla/5.0 (Windows NT 6.1; rv:16.0) Gecko/20100101 Firefox/16.0"
86.101.231.125 - - [22/Dec/2012:17:49:21 +0100] "GET / HTTP/1.1" 302 295 "-" "Mozilla/5.0 (Windows NT 5.1; rv:12.0) Gecko/20100101 Firefox/12.0"
81.182.124.160 - - [23/Dec/2012:08:58:25 +0100] "GET / HTTP/1.1" 302 295 "-" "Mozilla/5.0 (Windows NT 5.1; rv:17.0) Gecko/20100101 Firefox/17.0"
81.182.124.160 - - [23/Dec/2012:11:41:20 +0100] "GET / HTTP/1.1" 302 295 "-" "Mozilla/5.0 (Windows NT 5.1; rv:17.0) Gecko/20100101 Firefox/17.0"
94.21.106.33 - - [23/Dec/2012:11:57:36 +0100] "GET / HTTP/1.1" 302 295 "-" "Mozilla/5.0 (Windows NT 5.1; rv:17.0) Gecko/20100101 Firefox/17.0"
86.101.231.141 - - [23/Dec/2012:17:16:16 +0100] "GET / HTTP/1.1" 302 295 "-" "Mozilla/5.0 (Windows NT 5.1; rv:12.0) Gecko/20100101 Firefox/12.0"
84.2.114.103 - - [23/Dec/2012:20:19:00 +0100] "GET / HTTP/1.1" 302 295 "-" "Mozilla/5.0 (Windows NT 5.1; rv:17.0) Gecko/20100101 Firefox/17.0"
84.2.114.103 - - [23/Dec/2012:22:22:03 +0100] "GET / HTTP/1.1" 302 295 "-" "Mozilla/4.0 (compatible; MSIE 7.0; Windows NT 5.1; .NET CLR 1.1.4322; InfoPath.3)"
84.2.114.103 - - [23/Dec/2012:22:22:04 +0100] "GET / HTTP/1.1" 302 295 "-" "Mozilla/4.0 (compatible; MSIE 7.0; Windows NT 5.1; .NET CLR 1.1.4322; InfoPath.3)"
66.249.76.158 - - [24/Dec/2012:08:44:12 +0100] "GET /robots.txt HTTP/1.1" 404 1181 "-" "Mozilla/5.0 (compatible; Googlebot/2.1; +http://www.google.com/bot.html)"
66.249.76.158 - - [24/Dec/2012:08:44:12 +0100] "GET / HTTP/1.1" 302 295 "-" "Mozilla/5.0 (compatible; Googlebot/2.1; +http://www.google.com/bot.html)"
188.6.88.177 - - [24/Dec/2012:12:02:47 +0100] "GET / HTTP/1.1" 302 295 "-" "Mozilla/4.0 (compatible; MSIE 7.0; Windows NT 5.1; .NET CLR 1.1.4322; InfoPath.3)"
188.6.88.177 - - [24/Dec/2012:12:02:50 +0100] "GET / HTTP/1.1" 302 295 "-" "Mozilla/4.0 (compatible; MSIE 7.0; Windows NT 5.1; .NET CLR 1.1.4322; InfoPath.3)"
91.137.131.45 - - [24/Dec/2012:12:09:54 +0100] "GET / HTTP/1.1" 302 295 "-" "Mozilla/5.0 (Windows NT 6.1; rv:17.0) Gecko/20100101 Firefox/17.0"
157.55.36.49 - - [24/Dec/2012:15:06:27 +0100] "GET /robots.txt HTTP/1.1" 404 1181 "-" "Mozilla/5.0 (compatible; bingbot/2.0; +http://www.bing.com/bingbot.htm)"
157.55.36.49 - - [24/Dec/2012:15:08:20 +0100] "GET / HTTP/1.1" 302 295 "-" "Mozilla/5.0 (compatible; bingbot/2.0; +http://www.bing.com/bingbot.htm)"
194.153.113.35 - - [24/Dec/2012:22:25:08 +0100] "GET / HTTP/1.1" 302 295 "-" "Mozilla/5.0 (compatible; oBot/2.3.1; +http://filterdb.iss.net/crawler/)"
188.6.218.224 - - [25/Dec/2012:15:53:01 +0100] "GET / HTTP/1.1" 302 295 "-" "Mozilla/4.0 (compatible; MSIE 7.0; Windows NT 5.1; .NET CLR 1.1.4322; InfoPath.3)"
188.6.218.224 - - [25/Dec/2012:15:53:03 +0100] "GET / HTTP/1.1" 302 295 "-" "Mozilla/4.0 (compatible; MSIE 7.0; Windows NT 5.1; .NET CLR 1.1.4322; InfoPath.3)"
188.6.218.224 - - [25/Dec/2012:19:49:56 +0100] "GET / HTTP/1.1" 302 295 "-" "Mozilla/5.0 (X11; U; Linux i686; hu-HU; rv:1.9.2.17) Gecko/20110422 Ubuntu/8.04 (hardy) Firefox/3.6.17"
188.6.218.224 - - [25/Dec/2012:22:16:48 +0100] "GET / HTTP/1.1" 302 295 "-" "Mozilla/5.0 (X11; U; Linux i686; hu-HU; rv:1.9.2.17) Gecko/20110422 Ubuntu/8.04 (hardy) Firefox/3.6.17"
157.55.36.49 - - [27/Dec/2012:01:28:44 +0100] "GET /robots.txt HTTP/1.1" 404 1181 "-" "Mozilla/5.0 (compatible; bingbot/2.0; +http://www.bing.com/bingbot.htm)"
157.55.36.49 - - [27/Dec/2012:01:30:20 +0100] "GET / HTTP/1.1" 302 295 "-" "Mozilla/5.0 (compatible; bingbot/2.0; +http://www.bing.com/bingbot.htm)"
157.55.36.49 - - [27/Dec/2012:02:59:01 +0100] "GET /robots.txt HTTP/1.1" 404 1181 "-" "Mozilla/5.0 (compatible; bingbot/2.0; +http://www.bing.com/bingbot.htm)"
157.55.36.49 - - [27/Dec/2012:03:01:01 +0100] "GET / HTTP/1.1" 302 295 "-" "Mozilla/5.0 (compatible; bingbot/2.0; +http://www.bing.com/bingbot.htm)"
174.122.254.42 - - [27/Dec/2012:06:12:04 +0100] "GET /mailman/confirm/knmcs/a1fd418e9983f2589670af0b10d308258c96137b HTTP/1.1" 404 1181 "-" "Mozilla/5.0 (Windows; U; Windows NT 6.1; en-US) AppleWebKit/534.1 (KHTML, like Gecko) Chrome/6.0.428.0 Safari/534.1"
201.8.230.149 - - [27/Dec/2012:06:12:08 +0100] "GET /mailman/confirm/knmcs/a1fd418e9983f2589670af0b10d308258c96137b HTTP/1.1" 404 1181 "-" "Mozilla/5.0 (Windows; U; Windows NT 6.1; en-US) AppleWebKit/534.1 (KHTML, like Gecko) Chrome/6.0.428.0 Safari/534.1"
187.66.80.150 - - [27/Dec/2012:06:12:30 +0100] "GET /mailman/confirm/knmcs/a1fd418e9983f2589670af0b10d308258c96137b HTTP/1.1" 404 1181 "-" "Mozilla/5.0 (Windows; U; Windows NT 6.1; en-US) AppleWebKit/534.1 (KHTML, like Gecko) Chrome/6.0.428.0 Safari/534.1"
187.11.253.30 - - [27/Dec/2012:06:12:32 +0100] "GET /mailman/confirm/knmcs/a1fd418e9983f2589670af0b10d308258c96137b HTTP/1.0" 404 1181 "-" "Mozilla/5.0 (Windows; U; Windows NT 6.1; en-US) AppleWebKit/534.1 (KHTML, like Gecko) Chrome/6.0.428.0 Safari/534.1"
1.179.147.2 - - [27/Dec/2012:06:12:34 +0100] "GET /mailman/confirm/knmcs/a1fd418e9983f2589670af0b10d308258c96137b HTTP/1.1" 404 1181 "-" "Mozilla/5.0 (Windows; U; Windows NT 6.1; en-US) AppleWebKit/534.1 (KHTML, like Gecko) Chrome/6.0.428.0 Safari/534.1"
78.92.15.42 - - [27/Dec/2012:10:59:00 +0100] "GET / HTTP/1.1" 302 295 "-" "Mozilla/5.0 (Windows NT 5.1; rv:17.0) Gecko/20100101 Firefox/17.0"
193.225.246.2 - - [27/Dec/2012:14:29:57 +0100] "GET / HTTP/1.0" 302 283 "-" "Mozilla/5.0 (Windows NT 5.1; rv:16.0) Gecko/20100101 Firefox/16.0"
78.92.15.42 - - [27/Dec/2012:14:50:28 +0100] "GET / HTTP/1.1" 302 295 "-" "Mozilla/4.0 (compatible; MSIE 7.0; Windows NT 5.1; .NET CLR 1.1.4322; InfoPath.3)"
78.92.15.42 - - [27/Dec/2012:14:50:34 +0100] "GET / HTTP/1.1" 302 295 "-" "Mozilla/4.0 (compatible; MSIE 7.0; Windows NT 5.1; .NET CLR 1.1.4322; InfoPath.3)"
193.225.246.2 - - [27/Dec/2012:16:19:38 +0100] "GET / HTTP/1.0" 302 283 "-" "Mozilla/5.0 (Windows NT 5.1; rv:16.0) Gecko/20100101 Firefox/16.0"
86.101.231.129 - - [27/Dec/2012:17:11:55 +0100] "GET / HTTP/1.1" 302 295 "-" "Mozilla/4.0 (compatible; MSIE 8.0; Windows NT 5.1; Trident/4.0)"
86.101.231.129 - - [27/Dec/2012:17:11:58 +0100] "GET / HTTP/1.1" 302 295 "-" "Mozilla/4.0 (compatible; MSIE 8.0; Windows NT 5.1; Trident/4.0)"
86.101.231.141 - - [27/Dec/2012:18:53:23 +0100] "GET / HTTP/1.1" 302 295 "-" "Mozilla/5.0 (Windows NT 5.1; rv:12.0) Gecko/20100101 Firefox/12.0"
86.101.231.125 - - [27/Dec/2012:19:28:17 +0100] "GET / HTTP/1.1" 302 295 "-" "Mozilla/4.0 (compatible; MSIE 8.0; Windows NT 5.1; Trident/4.0; .NET CLR 2.0.50727; .NET CLR 3.0.4506.2152; .NET CLR 3.5.30729)"
86.101.231.125 - - [27/Dec/2012:19:28:21 +0100] "GET / HTTP/1.1" 302 295 "-" "Mozilla/4.0 (compatible; MSIE 8.0; Windows NT 5.1; Trident/4.0; .NET CLR 2.0.50727; .NET CLR 3.0.4506.2152; .NET CLR 3.5.30729)"
84.0.87.226 - - [27/Dec/2012:23:13:44 +0100] "GET / HTTP/1.1" 302 295 "-" "Mozilla/4.0 (compatible; MSIE 7.0; Windows NT 5.1; .NET CLR 1.1.4322; InfoPath.3)"
84.0.87.226 - - [27/Dec/2012:23:13:46 +0100] "GET / HTTP/1.1" 302 295 "-" "Mozilla/4.0 (compatible; MSIE 7.0; Windows NT 5.1; .NET CLR 1.1.4322; InfoPath.3)"
84.0.87.226 - - [27/Dec/2012:23:14:51 +0100] "GET / HTTP/1.1" 302 295 "-" "Mozilla/4.0 (compatible; MSIE 7.0; Windows NT 5.1; .NET CLR 1.1.4322; InfoPath.3)"
86.101.231.141 - - [28/Dec/2012:18:07:18 +0100] "GET / HTTP/1.1" 302 295 "-" "Mozilla/4.0 (compatible; MSIE 8.0; Windows NT 5.1; Trident/4.0; .NET CLR 2.0.50727; .NET CLR 3.0.4506.2152; .NET CLR 3.5.30729)"
86.101.231.141 - - [28/Dec/2012:18:07:22 +0100] "GET / HTTP/1.1" 302 295 "-" "Mozilla/4.0 (compatible; MSIE 8.0; Windows NT 5.1; Trident/4.0; .NET CLR 2.0.50727; .NET CLR 3.0.4506.2152; .NET CLR 3.5.30729)"
157.55.36.49 - - [29/Dec/2012:07:40:25 +0100] "GET /robots.txt HTTP/1.1" 404 1181 "-" "Mozilla/5.0 (compatible; bingbot/2.0; +http://www.bing.com/bingbot.htm)"
157.55.36.49 - - [29/Dec/2012:07:41:56 +0100] "GET / HTTP/1.1" 302 295 "-" "Mozilla/5.0 (compatible; bingbot/2.0; +http://www.bing.com/bingbot.htm)"
86.101.234.169 - - [29/Dec/2012:16:18:40 +0100] "GET / HTTP/1.1" 302 295 "-" "Mozilla/4.0 (compatible; MSIE 8.0; Windows NT 5.1; Trident/4.0; .NET CLR 2.0.50727; .NET CLR 3.0.4506.2152; .NET CLR 3.5.30729)"
86.101.234.169 - - [29/Dec/2012:16:18:44 +0100] "GET / HTTP/1.1" 302 295 "-" "Mozilla/4.0 (compatible; MSIE 8.0; Windows NT 5.1; Trident/4.0; .NET CLR 2.0.50727; .NET CLR 3.0.4506.2152; .NET CLR 3.5.30729)"
190.204.34.75 - - [29/Dec/2012:22:59:55 +0100] "GET / HTTP/1.1" 302 295 "-" "Mozilla/5.0 (Windows NT 6.1; WOW64; rv:17.0) Gecko/20100101 Firefox/17.0"
157.55.36.49 - - [30/Dec/2012:07:11:17 +0100] "GET /robots.txt HTTP/1.1" 404 1181 "-" "Mozilla/5.0 (compatible; bingbot/2.0; +http://www.bing.com/bingbot.htm)"
157.55.36.49 - - [30/Dec/2012:07:13:30 +0100] "GET / HTTP/1.1" 302 295 "-" "Mozilla/5.0 (compatible; bingbot/2.0; +http://www.bing.com/bingbot.htm)"
81.183.139.41 - - [30/Dec/2012:14:19:49 +0100] "GET / HTTP/1.1" 302 295 "-" "Mozilla/4.0 (compatible; MSIE 7.0; Windows NT 5.1; .NET CLR 1.1.4322; InfoPath.3)"
81.183.139.41 - - [30/Dec/2012:14:19:58 +0100] "GET / HTTP/1.1" 302 295 "-" "Mozilla/4.0 (compatible; MSIE 7.0; Windows NT 5.1; .NET CLR 1.1.4322; InfoPath.3)"
157.55.36.49 - - [31/Dec/2012:07:20:26 +0100] "GET /robots.txt HTTP/1.1" 404 1181 "-" "Mozilla/5.0 (compatible; bingbot/2.0; +http://www.bing.com/bingbot.htm)"
157.55.36.49 - - [31/Dec/2012:07:22:28 +0100] "GET / HTTP/1.1" 302 295 "-" "Mozilla/5.0 (compatible; bingbot/2.0; +http://www.bing.com/bingbot.htm)"
66.249.78.164 - - [31/Dec/2012:09:45:57 +0100] "GET /robots.txt HTTP/1.1" 404 1181 "-" "Mozilla/5.0 (compatible; Googlebot/2.1; +http://www.google.com/bot.html)"
66.249.78.164 - - [31/Dec/2012:09:45:57 +0100] "GET / HTTP/1.1" 302 295 "-" "Mozilla/5.0 (compatible; Googlebot/2.1; +http://www.google.com/bot.html)"
46.107.84.229 - - [31/Dec/2012:12:57:36 +0100] "GET / HTTP/1.1" 302 295 "-" "Mozilla/5.0 (Windows NT 5.1; rv:17.0) Gecko/20100101 Firefox/17.0"
190.204.98.103 - - [31/Dec/2012:14:39:27 +0100] "GET / HTTP/1.1" 302 295 "-" "Mozilla/5.0 (Windows NT 6.1; WOW64; rv:17.0) Gecko/20100101 Firefox/17.0"
188.6.135.56 - - [31/Dec/2012:23:18:28 +0100] "GET / HTTP/1.1" 302 295 "-" "Mozilla/5.0 (X11; U; Linux i686; hu-HU; rv:1.9.2.17) Gecko/20110422 Ubuntu/8.04 (hardy) Firefox/3.6.17"