84.0.138.233 - - [01/Jul/2013:09:09:50 +0200] "GET / HTTP/1.1" 302 295 "-" "Mozilla/5.0 (X11; U; Linux i686; hu-HU; rv:1.9.2.17) Gecko/20110422 Ubuntu/8.04 (hardy) Firefox/3.6.17"
84.0.138.233 - - [01/Jul/2013:11:10:47 +0200] "GET / HTTP/1.1" 302 295 "-" "Mozilla/5.0 (X11; U; Linux i686; hu-HU; rv:1.9.2.17) Gecko/20110422 Ubuntu/8.04 (hardy) Firefox/3.6.17"
157.55.32.114 - - [01/Jul/2013:11:28:29 +0200] "GET /robots.txt HTTP/1.1" 404 1181 "-" "Mozilla/5.0 (compatible; bingbot/2.0; +http://www.bing.com/bingbot.htm)"
157.55.32.114 - - [01/Jul/2013:11:29:44 +0200] "GET / HTTP/1.1" 302 295 "-" "Mozilla/5.0 (compatible; bingbot/2.0; +http://www.bing.com/bingbot.htm)"
188.36.174.20 - - [01/Jul/2013:12:13:45 +0200] "GET / HTTP/1.1" 302 295 "-" "Mozilla/5.0 (X11; U; Linux i686; hu-HU; rv:1.9.2.17) Gecko/20110422 Ubuntu/8.04 (hardy) Firefox/3.6.17"
84.2.196.251 - - [01/Jul/2013:16:23:53 +0200] "GET / HTTP/1.1" 302 295 "-" "Mozilla/5.0 (Windows NT 5.1; rv:21.0) Gecko/20100101 Firefox/21.0"
86.101.231.125 - - [01/Jul/2013:16:46:32 +0200] "GET / HTTP/1.1" 302 295 "-" "Mozilla/5.0 (Windows NT 6.1; rv:20.0) Gecko/20100101 Firefox/20.0"
86.101.231.125 - - [01/Jul/2013:16:49:16 +0200] "GET / HTTP/1.1" 302 295 "-" "Mozilla/5.0 (compatible; MSIE 9.0; Windows NT 6.1; Trident/5.0)"
86.101.231.125 - - [01/Jul/2013:16:49:20 +0200] "GET / HTTP/1.1" 302 295 "-" "Mozilla/5.0 (compatible; MSIE 9.0; Windows NT 6.1; Trident/5.0)"
178.255.87.241 - - [01/Jul/2013:18:36:18 +0200] "GET /robots.txt HTTP/1.1" 404 1181 "-" "Comodo-Certificates-Spider"
178.255.87.241 - - [01/Jul/2013:18:36:18 +0200] "GET / HTTP/1.1" 302 295 "-" "Comodo-Certificates-Spider"
178.255.87.241 - - [01/Jul/2013:18:36:19 +0200] "GET / HTTP/1.1" 302 295 "-" "Comodo-Certificates-Spider"
157.55.32.114 - - [01/Jul/2013:23:10:33 +0200] "GET /robots.txt HTTP/1.1" 404 1181 "-" "Mozilla/5.0 (compatible; bingbot/2.0; +http://www.bing.com/bingbot.htm)"
157.55.32.114 - - [01/Jul/2013:23:11:19 +0200] "GET / HTTP/1.1" 302 295 "-" "Mozilla/5.0 (compatible; bingbot/2.0; +http://www.bing.com/bingbot.htm)"
66.249.78.158 - - [01/Jul/2013:23:32:56 +0200] "GET /robots.txt HTTP/1.1" 404 1181 "-" "Mozilla/5.0 (compatible; Googlebot/2.1; +http://www.google.com/bot.html)"
66.249.78.158 - - [01/Jul/2013:23:32:56 +0200] "GET / HTTP/1.1" 302 295 "-" "Mozilla/5.0 (compatible; Googlebot/2.1; +http://www.google.com/bot.html)"
46.229.164.97 - - [02/Jul/2013:05:46:03 +0200] "GET /robots.txt HTTP/1.1" 404 1181 "-" "Mozilla/5.0 (compatible; SemrushBot/0.96.3; +http://www.semrush.com/bot.html)"
65.55.24.233 - - [02/Jul/2013:08:26:57 +0200] "GET /robots.txt HTTP/1.1" 404 1181 "-" "Mozilla/5.0 (compatible; bingbot/2.0; +http://www.bing.com/bingbot.htm)"
65.55.24.233 - - [02/Jul/2013:08:59:44 +0200] "GET / HTTP/1.1" 302 295 "-" "Mozilla/5.0 (compatible; bingbot/2.0; +http://www.bing.com/bingbot.htm)"
46.229.164.97 - - [02/Jul/2013:09:20:27 +0200] "GET /robots.txt HTTP/1.1" 404 1181 "-" "Mozilla/5.0 (compatible; SemrushBot/0.96.3; +http://www.semrush.com/bot.html)"
199.187.122.91 - - [02/Jul/2013:11:56:05 +0200] "GET /robots.txt HTTP/1.1" 404 1181 "-" "Mozilla/4.0 (compatible; MSIE 6.0; Windows NT 5.1; SV1; .NET CLR 2.0.50727)"
199.187.122.91 - - [02/Jul/2013:12:01:07 +0200] "GET /webmail/src/compose.php?send_to=fesztivalonkentes%40gmail.com HTTP/1.1" 404 1181 "-" "Mozilla/4.0 (compatible; MSIE 6.0; Windows NT 5.1; SV1; .NET CLR 2.0.50727)"
199.187.122.91 - - [02/Jul/2013:12:01:09 +0200] "GET / HTTP/1.1" 302 295 "-" "Mozilla/4.0 (compatible; MSIE 6.0; Windows NT 5.1; SV1; .NET CLR 2.0.50727)"
199.187.122.91 - - [02/Jul/2013:12:01:11 +0200] "GET /webmail/src/compose.php?send_to=nagy.tamas%40humusz.hu HTTP/1.1" 404 1181 "-" "Mozilla/4.0 (compatible; MSIE 6.0; Windows NT 5.1; SV1; .NET CLR 2.0.50727)"
199.187.122.91 - - [02/Jul/2013:12:01:12 +0200] "GET / HTTP/1.1" 302 295 "-" "Mozilla/4.0 (compatible; MSIE 6.0; Windows NT 5.1; SV1; .NET CLR 2.0.50727)"
199.187.122.91 - - [02/Jul/2013:12:01:12 +0200] "GET /webmail HTTP/1.1" 404 1181 "-" "Mozilla/4.0 (compatible; MSIE 6.0; Windows NT 5.1; SV1; .NET CLR 2.0.50727)"
199.187.122.91 - - [02/Jul/2013:12:01:14 +0200] "GET /webmail/src/login.php HTTP/1.1" 404 1181 "-" "Mozilla/4.0 (compatible; MSIE 6.0; Windows NT 5.1; SV1; .NET CLR 2.0.50727)"
89.135.56.162 - - [02/Jul/2013:16:48:10 +0200] "GET / HTTP/1.1" 302 295 "-" "Mozilla/4.0 (compatible; MSIE 8.0; Windows NT 5.1; Trident/4.0; .NET CLR 1.1.4322; .NET CLR 2.0.50727; .NET CLR 3.0.4506.2152; .NET CLR 3.5.30729; .NET4.0C; .NET4.0E)"
89.135.56.162 - - [02/Jul/2013:16:48:13 +0200] "GET / HTTP/1.1" 302 295 "-" "Mozilla/4.0 (compatible; MSIE 8.0; Windows NT 5.1; Trident/4.0; .NET CLR 1.1.4322; .NET CLR 2.0.50727; .NET CLR 3.0.4506.2152; .NET CLR 3.5.30729; .NET4.0C; .NET4.0E)"
217.69.133.69 - - [03/Jul/2013:13:48:15 +0200] "GET /robots.txt HTTP/1.0" 404 1181 "-" "Mozilla/5.0 (compatible; Linux x86_64; Mail.RU_Bot/2.0; +http://go.mail.ru/help/robots)"
86.101.234.173 - - [03/Jul/2013:14:32:53 +0200] "GET / HTTP/1.1" 302 295 "-" "Mozilla/5.0 (compatible; MSIE 10.0; Windows NT 6.1; Trident/6.0)"
86.101.234.173 - - [03/Jul/2013:14:32:57 +0200] "GET / HTTP/1.1" 302 295 "-" "Mozilla/5.0 (compatible; MSIE 10.0; Windows NT 6.1; Trident/6.0)"
86.101.234.173 - - [03/Jul/2013:15:33:55 +0200] "GET / HTTP/1.1" 302 295 "-" "Mozilla/5.0 (Windows NT 6.1) AppleWebKit/537.36 (KHTML, like Gecko) Chrome/27.0.1453.116 Safari/537.36"
178.48.24.105 - - [03/Jul/2013:20:00:23 +0200] "GET / HTTP/1.1" 302 295 "-" "Mozilla/5.0 (Windows NT 5.1; rv:14.0) Gecko/20100101 Firefox/14.0.1"
178.48.24.105 - - [03/Jul/2013:20:18:21 +0200] "GET / HTTP/1.1" 302 295 "-" "Mozilla/5.0 (Windows NT 5.1; rv:14.0) Gecko/20100101 Firefox/14.0.1"
65.55.24.233 - - [04/Jul/2013:04:04:21 +0200] "GET /robots.txt HTTP/1.1" 404 1181 "-" "Mozilla/5.0 (compatible; bingbot/2.0; +http://www.bing.com/bingbot.htm)"
65.55.24.233 - - [04/Jul/2013:04:50:33 +0200] "GET / HTTP/1.1" 302 295 "-" "Mozilla/5.0 (compatible; bingbot/2.0; +http://www.bing.com/bingbot.htm)"
217.69.133.69 - - [04/Jul/2013:08:13:24 +0200] "GET /robots.txt HTTP/1.0" 404 1181 "-" "Mozilla/5.0 (compatible; Linux x86_64; Mail.RU_Bot/2.0; +http://go.mail.ru/help/robots)"
84.1.51.57 - - [04/Jul/2013:13:42:16 +0200] "GET / HTTP/1.1" 302 295 "-" "Mozilla/4.0 (compatible; MSIE 7.0; Windows NT 5.1; .NET CLR 1.1.4322; InfoPath.3)"
84.1.51.57 - - [04/Jul/2013:13:42:18 +0200] "GET / HTTP/1.1" 302 295 "-" "Mozilla/4.0 (compatible; MSIE 7.0; Windows NT 5.1; .NET CLR 1.1.4322; InfoPath.3)"
84.1.51.57 - - [04/Jul/2013:13:46:54 +0200] "GET / HTTP/1.1" 302 295 "-" "Mozilla/4.0 (compatible; MSIE 7.0; Windows NT 5.1; .NET CLR 1.1.4322; InfoPath.3)"
65.55.24.233 - - [04/Jul/2013:16:07:58 +0200] "GET /robots.txt HTTP/1.1" 404 1181 "-" "Mozilla/5.0 (compatible; bingbot/2.0; +http://www.bing.com/bingbot.htm)"
65.55.24.233 - - [04/Jul/2013:16:26:29 +0200] "GET / HTTP/1.1" 302 295 "-" "Mozilla/5.0 (compatible; bingbot/2.0; +http://www.bing.com/bingbot.htm)"
85.67.157.108 - - [04/Jul/2013:17:58:22 +0200] "GET / HTTP/1.1" 302 295 "-" "Mozilla/5.0 (Windows NT 6.1) AppleWebKit/537.36 (KHTML, like Gecko) Chrome/27.0.1453.116 Safari/537.36"
86.101.231.129 - - [04/Jul/2013:19:15:37 +0200] "GET / HTTP/1.1" 302 295 "-" "Mozilla/5.0 (Windows NT 5.1; rv:22.0) Gecko/20100101 Firefox/22.0"
65.55.24.233 - - [05/Jul/2013:06:42:47 +0200] "GET /robots.txt HTTP/1.1" 404 1181 "-" "Mozilla/5.0 (compatible; bingbot/2.0; +http://www.bing.com/bingbot.htm)"
65.55.24.233 - - [05/Jul/2013:16:29:48 +0200] "GET /robots.txt HTTP/1.1" 404 1181 "-" "Mozilla/5.0 (compatible; bingbot/2.0; +http://www.bing.com/bingbot.htm)"
65.55.24.233 - - [05/Jul/2013:17:29:03 +0200] "GET / HTTP/1.1" 302 295 "-" "Mozilla/5.0 (compatible; bingbot/2.0; +http://www.bing.com/bingbot.htm)"
46.229.164.97 - - [06/Jul/2013:03:15:13 +0200] "GET /robots.txt HTTP/1.1" 404 1181 "-" "Mozilla/5.0 (compatible; SemrushBot/0.96.3; +http://www.semrush.com/bot.html)"
157.56.93.148 - - [06/Jul/2013:05:30:42 +0200] "GET /robots.txt HTTP/1.1" 404 1181 "-" "Mozilla/5.0 (compatible; bingbot/2.0; +http://www.bing.com/bingbot.htm)"
157.56.93.148 - - [06/Jul/2013:06:09:31 +0200] "GET / HTTP/1.1" 302 295 "-" "Mozilla/5.0 (compatible; bingbot/2.0; +http://www.bing.com/bingbot.htm)"
66.249.78.158 - - [06/Jul/2013:14:12:27 +0200] "GET /robots.txt HTTP/1.1" 404 1181 "-" "Mozilla/5.0 (compatible; Googlebot/2.1; +http://www.google.com/bot.html)"
66.249.74.45 - - [06/Jul/2013:14:12:27 +0200] "GET /hnevxuqk.html HTTP/1.1" 404 1181 "-" "Mozilla/5.0 (compatible; Googlebot/2.1; +http://www.google.com/bot.html)"
157.56.93.148 - - [06/Jul/2013:15:30:35 +0200] "GET /robots.txt HTTP/1.1" 404 1181 "-" "Mozilla/5.0 (compatible; bingbot/2.0; +http://www.bing.com/bingbot.htm)"
157.56.93.148 - - [06/Jul/2013:15:35:58 +0200] "GET / HTTP/1.1" 302 295 "-" "Mozilla/5.0 (compatible; bingbot/2.0; +http://www.bing.com/bingbot.htm)"
66.249.78.158 - - [07/Jul/2013:00:01:25 +0200] "GET / HTTP/1.1" 302 295 "-" "Mozilla/5.0 (compatible; Googlebot/2.1; +http://www.google.com/bot.html)"
85.67.157.108 - - [07/Jul/2013:01:07:16 +0200] "GET / HTTP/1.1" 302 295 "-" "Mozilla/5.0 (Windows NT 6.1) AppleWebKit/537.36 (KHTML, like Gecko) Chrome/27.0.1453.116 Safari/537.36"
157.56.93.148 - - [07/Jul/2013:15:34:33 +0200] "GET /robots.txt HTTP/1.1" 404 1181 "-" "Mozilla/5.0 (compatible; bingbot/2.0; +http://www.bing.com/bingbot.htm)"
157.56.93.148 - - [07/Jul/2013:16:14:40 +0200] "GET / HTTP/1.1" 302 295 "-" "Mozilla/5.0 (compatible; bingbot/2.0; +http://www.bing.com/bingbot.htm)"
46.229.164.97 - - [07/Jul/2013:21:20:09 +0200] "GET /robots.txt HTTP/1.1" 404 1181 "-" "Mozilla/5.0 (compatible; SemrushBot/0.96.3; +http://www.semrush.com/bot.html)"
157.56.93.148 - - [07/Jul/2013:23:37:56 +0200] "GET /robots.txt HTTP/1.1" 404 1181 "-" "Mozilla/5.0 (compatible; bingbot/2.0; +http://www.bing.com/bingbot.htm)"
157.56.93.148 - - [07/Jul/2013:23:51:53 +0200] "GET / HTTP/1.1" 302 295 "-" "Mozilla/5.0 (compatible; bingbot/2.0; +http://www.bing.com/bingbot.htm)"
84.2.192.184 - - [08/Jul/2013:10:02:04 +0200] "GET / HTTP/1.1" 302 295 "-" "Mozilla/5.0 (Windows NT 5.1; rv:22.0) Gecko/20100101 Firefox/22.0"
157.56.93.148 - - [08/Jul/2013:11:31:21 +0200] "GET /robots.txt HTTP/1.1" 404 1181 "-" "Mozilla/5.0 (compatible; bingbot/2.0; +http://www.bing.com/bingbot.htm)"
157.56.93.148 - - [08/Jul/2013:11:34:26 +0200] "GET / HTTP/1.1" 302 295 "-" "Mozilla/5.0 (compatible; bingbot/2.0; +http://www.bing.com/bingbot.htm)"
193.225.204.78 - - [08/Jul/2013:15:28:51 +0200] "GET / HTTP/1.1" 302 295 "-" "Mozilla/4.0 (compatible; MSIE 8.0; Windows NT 5.1; Trident/4.0; .NET CLR 2.0.50727; .NET CLR 3.0.4506.2152; .NET CLR 3.5.30729; AskTbORJ/5.14.1.20007)"
193.225.204.78 - - [08/Jul/2013:15:29:08 +0200] "GET / HTTP/1.1" 302 295 "-" "Mozilla/4.0 (compatible; MSIE 8.0; Windows NT 5.1; Trident/4.0; .NET CLR 2.0.50727; .NET CLR 3.0.4506.2152; .NET CLR 3.5.30729; AskTbORJ/5.14.1.20007)"
178.255.87.241 - - [08/Jul/2013:17:05:22 +0200] "GET /robots.txt HTTP/1.1" 404 1181 "-" "Comodo-Certificates-Spider"
178.255.87.241 - - [08/Jul/2013:17:05:22 +0200] "GET / HTTP/1.1" 302 295 "-" "Comodo-Certificates-Spider"
178.255.87.241 - - [08/Jul/2013:17:05:22 +0200] "GET / HTTP/1.1" 302 295 "-" "Comodo-Certificates-Spider"
178.255.87.241 - - [08/Jul/2013:17:05:35 +0200] "GET /robots.txt HTTP/1.1" 404 1181 "-" "Comodo-Certificates-Spider"
178.255.87.241 - - [08/Jul/2013:17:05:35 +0200] "GET / HTTP/1.1" 302 295 "-" "Comodo-Certificates-Spider"
178.255.87.241 - - [08/Jul/2013:17:05:36 +0200] "GET / HTTP/1.1" 302 295 "-" "Comodo-Certificates-Spider"
65.55.24.214 - - [09/Jul/2013:02:19:37 +0200] "GET /robots.txt HTTP/1.1" 404 1181 "-" "Mozilla/5.0 (compatible; bingbot/2.0; +http://www.bing.com/bingbot.htm)"
65.55.24.214 - - [09/Jul/2013:02:20:12 +0200] "GET / HTTP/1.1" 302 295 "-" "Mozilla/5.0 (compatible; bingbot/2.0; +http://www.bing.com/bingbot.htm)"
178.255.87.241 - - [09/Jul/2013:07:18:36 +0200] "GET /robots.txt HTTP/1.1" 404 1181 "-" "Comodo-Certificates-Spider"
178.255.87.241 - - [09/Jul/2013:07:18:37 +0200] "GET / HTTP/1.1" 302 295 "-" "Comodo-Certificates-Spider"
178.255.87.241 - - [09/Jul/2013:07:18:37 +0200] "GET / HTTP/1.1" 302 295 "-" "Comodo-Certificates-Spider"
81.160.159.222 - - [09/Jul/2013:10:13:26 +0200] "GET / HTTP/1.1" 302 295 "-" "Mozilla/5.0 (Windows NT 5.1; rv:22.0) Gecko/20100101 Firefox/22.0"
84.2.192.184 - - [09/Jul/2013:11:14:18 +0200] "GET / HTTP/1.1" 302 295 "-" "Mozilla/5.0 (Windows NT 6.1; WOW64) AppleWebKit/537.36 (KHTML, like Gecko) Chrome/27.0.1453.116 Safari/537.36"
188.127.140.51 - - [09/Jul/2013:18:23:30 +0200] "GET / HTTP/1.1" 302 295 "-" "Mozilla/5.0 (Windows NT 5.1; rv:22.0) Gecko/20100101 Firefox/22.0"
85.67.157.108 - - [09/Jul/2013:19:04:51 +0200] "GET / HTTP/1.1" 302 295 "-" "Mozilla/5.0 (Windows NT 6.1) AppleWebKit/537.36 (KHTML, like Gecko) Chrome/27.0.1453.116 Safari/537.36"
157.55.33.86 - - [10/Jul/2013:04:50:25 +0200] "GET /robots.txt HTTP/1.1" 404 1181 "-" "Mozilla/5.0 (compatible; bingbot/2.0; +http://www.bing.com/bingbot.htm)"
157.55.33.86 - - [10/Jul/2013:05:23:45 +0200] "GET / HTTP/1.1" 302 295 "-" "Mozilla/5.0 (compatible; bingbot/2.0; +http://www.bing.com/bingbot.htm)"
145.236.82.254 - - [10/Jul/2013:12:25:00 +0200] "GET / HTTP/1.1" 302 295 "-" "Mozilla/4.0 (compatible; MSIE 7.0; Windows NT 5.1; .NET CLR 1.1.4322; InfoPath.3)"
145.236.82.254 - - [10/Jul/2013:12:25:04 +0200] "GET / HTTP/1.1" 302 295 "-" "Mozilla/4.0 (compatible; MSIE 7.0; Windows NT 5.1; .NET CLR 1.1.4322; InfoPath.3)"
178.48.24.105 - - [10/Jul/2013:16:08:16 +0200] "GET / HTTP/1.1" 302 295 "-" "Mozilla/5.0 (Windows NT 5.1; rv:14.0) Gecko/20100101 Firefox/14.0.1"
46.229.164.97 - - [10/Jul/2013:21:44:51 +0200] "GET /robots.txt HTTP/1.1" 404 1181 "-" "Mozilla/5.0 (compatible; SemrushBot/0.96.3; +http://www.semrush.com/bot.html)"
217.69.133.69 - - [11/Jul/2013:02:26:44 +0200] "GET /robots.txt HTTP/1.0" 404 1181 "-" "Mozilla/5.0 (compatible; Linux x86_64; Mail.RU_Bot/2.0; +http://go.mail.ru/help/robots)"
86.59.136.195 - - [11/Jul/2013:08:11:55 +0200] "GET / HTTP/1.1" 302 295 "-" "Mozilla/5.0 (compatible; MSIE 10.0; Windows NT 6.1; Trident/6.0)"
86.59.136.195 - - [11/Jul/2013:08:11:59 +0200] "GET / HTTP/1.1" 302 295 "-" "Mozilla/5.0 (compatible; MSIE 10.0; Windows NT 6.1; Trident/6.0)"
178.255.87.241 - - [11/Jul/2013:09:10:04 +0200] "GET /robots.txt HTTP/1.1" 404 1181 "-" "Comodo-Certificates-Spider"
178.255.87.241 - - [11/Jul/2013:09:10:04 +0200] "GET / HTTP/1.1" 302 295 "-" "Comodo-Certificates-Spider"
178.255.87.241 - - [11/Jul/2013:09:10:04 +0200] "GET / HTTP/1.1" 302 295 "-" "Comodo-Certificates-Spider"
145.236.82.102 - - [11/Jul/2013:13:23:39 +0200] "GET / HTTP/1.1" 302 295 "-" "Mozilla/5.0 (Windows NT 5.1; rv:22.0) Gecko/20100101 Firefox/22.0"
86.101.231.129 - - [12/Jul/2013:17:20:23 +0200] "GET / HTTP/1.1" 302 295 "-" "Mozilla/5.0 (Windows NT 5.1; rv:22.0) Gecko/20100101 Firefox/22.0"
46.229.164.97 - - [12/Jul/2013:20:24:53 +0200] "GET /robots.txt HTTP/1.1" 404 1181 "-" "Mozilla/5.0 (compatible; SemrushBot/0.96.3; +http://www.semrush.com/bot.html)"
84.2.130.218 - - [12/Jul/2013:23:54:56 +0200] "GET / HTTP/1.1" 302 295 "-" "Mozilla/5.0 (X11; U; Linux i686; hu-HU; rv:1.9.2.17) Gecko/20110422 Ubuntu/8.04 (hardy) Firefox/3.6.17"
190.203.145.95 - - [13/Jul/2013:01:11:48 +0200] "GET / HTTP/1.1" 302 295 "-" "Mozilla/5.0 (Windows NT 6.1; WOW64) AppleWebKit/537.36 (KHTML, like Gecko) Chrome/28.0.1500.71 Safari/537.36"
85.67.157.108 - - [13/Jul/2013:03:43:52 +0200] "GET / HTTP/1.1" 302 295 "-" "Mozilla/5.0 (Windows NT 6.1) AppleWebKit/537.36 (KHTML, like Gecko) Chrome/28.0.1500.71 Safari/537.36"
66.249.78.158 - - [13/Jul/2013:10:20:28 +0200] "GET /robots.txt HTTP/1.1" 404 1181 "-" "Mozilla/5.0 (compatible; Googlebot/2.1; +http://www.google.com/bot.html)"
66.249.78.158 - - [13/Jul/2013:10:20:28 +0200] "GET / HTTP/1.1" 302 295 "-" "Mozilla/5.0 (compatible; Googlebot/2.1; +http://www.google.com/bot.html)"
86.101.234.169 - - [13/Jul/2013:11:13:01 +0200] "GET / HTTP/1.1" 302 295 "-" "Mozilla/4.0 (compatible; MSIE 8.0; Windows NT 5.1; Trident/4.0; .NET CLR 2.0.50727; .NET CLR 3.0.4506.2152; .NET CLR 3.5.30729; .NET4.0C; .NET4.0E)"
86.101.234.169 - - [13/Jul/2013:11:13:05 +0200] "GET / HTTP/1.1" 302 295 "-" "Mozilla/4.0 (compatible; MSIE 8.0; Windows NT 5.1; Trident/4.0; .NET CLR 2.0.50727; .NET CLR 3.0.4506.2152; .NET CLR 3.5.30729; .NET4.0C; .NET4.0E)"
190.203.145.95 - - [13/Jul/2013:17:23:39 +0200] "GET / HTTP/1.1" 302 295 "-" "Mozilla/5.0 (Windows NT 6.1; WOW64) AppleWebKit/537.36 (KHTML, like Gecko) Chrome/28.0.1500.72 Safari/537.36"
217.69.133.228 - - [14/Jul/2013:05:19:58 +0200] "GET /robots.txt HTTP/1.0" 404 1181 "-" "Mozilla/5.0 (compatible; Linux x86_64; Mail.RU_Bot/2.0; +http://go.mail.ru/help/robots)"
157.55.34.93 - - [14/Jul/2013:15:01:36 +0200] "GET /robots.txt HTTP/1.1" 404 1181 "-" "Mozilla/5.0 (compatible; bingbot/2.0; +http://www.bing.com/bingbot.htm)"
157.55.34.93 - - [14/Jul/2013:15:49:41 +0200] "GET / HTTP/1.1" 302 295 "-" "Mozilla/5.0 (compatible; bingbot/2.0; +http://www.bing.com/bingbot.htm)"
84.2.107.39 - - [14/Jul/2013:15:59:13 +0200] "GET / HTTP/1.1" 302 295 "-" "Mozilla/4.0 (compatible; MSIE 7.0; Windows NT 5.1; .NET CLR 1.1.4322; InfoPath.3)"
84.2.107.39 - - [14/Jul/2013:15:59:20 +0200] "GET / HTTP/1.1" 302 295 "-" "Mozilla/4.0 (compatible; MSIE 7.0; Windows NT 5.1; .NET CLR 1.1.4322; InfoPath.3)"
157.55.34.93 - - [14/Jul/2013:16:29:58 +0200] "GET /robots.txt HTTP/1.1" 404 1181 "-" "Mozilla/5.0 (compatible; bingbot/2.0; +http://www.bing.com/bingbot.htm)"
157.55.34.93 - - [14/Jul/2013:16:31:53 +0200] "GET / HTTP/1.1" 302 295 "-" "Mozilla/5.0 (compatible; bingbot/2.0; +http://www.bing.com/bingbot.htm)"
46.229.164.97 - - [14/Jul/2013:20:36:26 +0200] "GET /robots.txt HTTP/1.1" 404 1181 "-" "Mozilla/5.0 (compatible; SemrushBot/0.96.3; +http://www.semrush.com/bot.html)"
157.55.34.93 - - [15/Jul/2013:00:22:53 +0200] "GET /robots.txt HTTP/1.1" 404 1181 "-" "Mozilla/5.0 (compatible; bingbot/2.0; +http://www.bing.com/bingbot.htm)"
157.55.34.93 - - [15/Jul/2013:00:28:51 +0200] "GET / HTTP/1.1" 302 295 "-" "Mozilla/5.0 (compatible; bingbot/2.0; +http://www.bing.com/bingbot.htm)"
46.229.164.97 - - [15/Jul/2013:00:54:21 +0200] "GET /robots.txt HTTP/1.1" 404 1181 "-" "Mozilla/5.0 (compatible; SemrushBot/0.96.3; +http://www.semrush.com/bot.html)"
157.55.34.93 - - [15/Jul/2013:01:08:14 +0200] "GET / HTTP/1.1" 302 295 "-" "Mozilla/5.0 (compatible; bingbot/2.0; +http://www.bing.com/bingbot.htm)"
178.255.87.241 - - [15/Jul/2013:10:25:07 +0200] "GET /robots.txt HTTP/1.1" 404 1181 "-" "Comodo-Certificates-Spider"
178.255.87.241 - - [15/Jul/2013:10:25:07 +0200] "GET / HTTP/1.1" 302 295 "-" "Comodo-Certificates-Spider"
178.255.87.241 - - [15/Jul/2013:10:25:08 +0200] "GET / HTTP/1.1" 302 295 "-" "Comodo-Certificates-Spider"
178.48.24.105 - - [15/Jul/2013:19:14:58 +0200] "GET / HTTP/1.1" 302 295 "-" "Mozilla/5.0 (Windows NT 5.1; rv:14.0) Gecko/20100101 Firefox/14.0.1"
157.55.35.53 - - [15/Jul/2013:22:20:43 +0200] "GET /robots.txt HTTP/1.1" 404 1181 "-" "Mozilla/5.0 (compatible; bingbot/2.0; +http://www.bing.com/bingbot.htm)"
157.55.35.53 - - [15/Jul/2013:22:21:13 +0200] "GET / HTTP/1.1" 302 295 "-" "Mozilla/5.0 (compatible; bingbot/2.0; +http://www.bing.com/bingbot.htm)"
85.67.157.108 - - [16/Jul/2013:00:01:06 +0200] "GET / HTTP/1.1" 302 295 "-" "Mozilla/5.0 (Windows NT 6.1) AppleWebKit/537.36 (KHTML, like Gecko) Chrome/28.0.1500.72 Safari/537.36"
86.59.136.195 - - [16/Jul/2013:08:54:00 +0200] "GET / HTTP/1.1" 302 295 "-" "Mozilla/5.0 (compatible; MSIE 10.0; Windows NT 6.1; Trident/6.0)"
86.59.136.195 - - [16/Jul/2013:08:54:03 +0200] "GET / HTTP/1.1" 302 295 "-" "Mozilla/5.0 (compatible; MSIE 10.0; Windows NT 6.1; Trident/6.0)"
157.55.33.19 - - [16/Jul/2013:11:05:53 +0200] "GET /robots.txt HTTP/1.1" 404 1181 "-" "Mozilla/5.0 (compatible; bingbot/2.0; +http://www.bing.com/bingbot.htm)"
157.55.33.19 - - [16/Jul/2013:11:19:20 +0200] "GET / HTTP/1.1" 302 295 "-" "Mozilla/5.0 (compatible; bingbot/2.0; +http://www.bing.com/bingbot.htm)"
86.101.231.141 - - [16/Jul/2013:16:17:43 +0200] "GET / HTTP/1.1" 302 295 "-" "Mozilla/4.0 (compatible; MSIE 8.0; Windows NT 5.1; Trident/4.0; .NET CLR 2.0.50727; .NET CLR 3.0.4506.2152; .NET CLR 3.5.30729; .NET4.0C; .NET4.0E)"
86.101.231.141 - - [16/Jul/2013:16:18:01 +0200] "GET / HTTP/1.1" 302 295 "-" "Mozilla/4.0 (compatible; MSIE 8.0; Windows NT 5.1; Trident/4.0; .NET CLR 2.0.50727; .NET CLR 3.0.4506.2152; .NET CLR 3.5.30729; .NET4.0C; .NET4.0E)"
86.59.136.195 - - [16/Jul/2013:16:50:19 +0200] "GET / HTTP/1.1" 302 295 "-" "Mozilla/5.0 (compatible; MSIE 10.0; Windows NT 6.1; Trident/6.0)"
86.59.136.195 - - [16/Jul/2013:16:50:22 +0200] "GET / HTTP/1.1" 302 295 "-" "Mozilla/5.0 (compatible; MSIE 10.0; Windows NT 6.1; Trident/6.0)"
46.229.164.97 - - [16/Jul/2013:17:30:19 +0200] "GET /robots.txt HTTP/1.1" 404 1181 "-" "Mozilla/5.0 (compatible; SemrushBot/0.96.3; +http://www.semrush.com/bot.html)"
180.76.5.151 - - [16/Jul/2013:19:21:22 +0200] "GET /robots.txt HTTP/1.1" 404 1181 "-" "Mozilla/5.0 (Windows NT 5.1; rv:6.0.2) Gecko/20100101 Firefox/6.0.2"
157.56.93.154 - - [17/Jul/2013:02:09:46 +0200] "GET /robots.txt HTTP/1.1" 404 1181 "-" "Mozilla/5.0 (compatible; bingbot/2.0; +http://www.bing.com/bingbot.htm)"
46.229.164.97 - - [17/Jul/2013:02:22:39 +0200] "GET /robots.txt HTTP/1.1" 404 1181 "-" "Mozilla/5.0 (compatible; SemrushBot/0.96.3; +http://www.semrush.com/bot.html)"
85.67.157.108 - - [17/Jul/2013:03:40:39 +0200] "GET / HTTP/1.1" 302 295 "-" "Mozilla/5.0 (Windows NT 6.1) AppleWebKit/537.36 (KHTML, like Gecko) Chrome/28.0.1500.72 Safari/537.36"
81.182.8.150 - - [17/Jul/2013:11:08:34 +0200] "GET / HTTP/1.1" 302 295 "-" "Mozilla/4.0 (compatible; MSIE 7.0; Windows NT 5.1; .NET CLR 1.1.4322; InfoPath.3)"
81.182.8.150 - - [17/Jul/2013:11:08:37 +0200] "GET / HTTP/1.1" 302 295 "-" "Mozilla/4.0 (compatible; MSIE 7.0; Windows NT 5.1; .NET CLR 1.1.4322; InfoPath.3)"
157.56.93.154 - - [17/Jul/2013:11:11:40 +0200] "GET /robots.txt HTTP/1.1" 404 1181 "-" "Mozilla/5.0 (compatible; bingbot/2.0; +http://www.bing.com/bingbot.htm)"
157.56.93.154 - - [17/Jul/2013:11:24:45 +0200] "GET / HTTP/1.1" 302 295 "-" "Mozilla/5.0 (compatible; bingbot/2.0; +http://www.bing.com/bingbot.htm)"
86.101.26.10 - - [17/Jul/2013:14:52:16 +0200] "GET / HTTP/1.1" 302 295 "-" "Mozilla/5.0 (Windows NT 5.1; rv:9.0.1) Gecko/20100101 Firefox/9.0.1"
194.153.113.35 - - [17/Jul/2013:17:56:49 +0200] "GET / HTTP/1.1" 302 295 "-" "Mozilla/5.0 (compatible; oBot/2.3.1; +http://filterdb.iss.net/crawler/)"
188.36.135.91 - - [18/Jul/2013:09:27:08 +0200] "GET / HTTP/1.1" 302 295 "-" "Mozilla/5.0 (Windows NT 5.1; rv:22.0) Gecko/20100101 Firefox/22.0"
157.55.36.38 - - [18/Jul/2013:13:12:01 +0200] "GET /robots.txt HTTP/1.1" 404 1181 "-" "Mozilla/5.0 (compatible; bingbot/2.0; +http://www.bing.com/bingbot.htm)"
157.55.36.38 - - [18/Jul/2013:13:38:02 +0200] "GET / HTTP/1.1" 302 295 "-" "Mozilla/5.0 (compatible; bingbot/2.0; +http://www.bing.com/bingbot.htm)"
180.76.5.158 - - [18/Jul/2013:18:29:17 +0200] "GET /webmail/src/login.php HTTP/1.1" 404 1181 "-" "Mozilla/5.0 (compatible; Baiduspider/2.0; +http://www.baidu.com/search/spider.html)"
180.76.5.140 - - [18/Jul/2013:18:59:17 +0200] "GET /mailman/listinfo/mhtelista HTTP/1.1" 404 1181 "-" "Mozilla/5.0 (compatible; Baiduspider/2.0; +http://www.baidu.com/search/spider.html)"
157.55.35.35 - - [18/Jul/2013:21:48:00 +0200] "GET /robots.txt HTTP/1.1" 404 1181 "-" "Mozilla/5.0 (compatible; bingbot/2.0; +http://www.bing.com/bingbot.htm)"
157.55.35.35 - - [18/Jul/2013:21:49:51 +0200] "GET / HTTP/1.1" 302 295 "-" "Mozilla/5.0 (compatible; bingbot/2.0; +http://www.bing.com/bingbot.htm)"
85.25.134.59 - - [18/Jul/2013:22:32:55 +0200] "GET /robots.txt HTTP/1.1" 404 1181 "http://netcomber.com" "NCBot (http://netcomber.com : tool for finding true domain owners) Queries/complaints: bot@netcomber.com"
85.25.134.59 - - [18/Jul/2013:22:32:56 +0200] "GET / HTTP/1.1" 200 1213 "http://netcomber.com" "NCBot (http://netcomber.com : tool for finding true domain owners) Queries/complaints: bot@netcomber.com"
66.249.72.89 - - [19/Jul/2013:05:44:04 +0200] "GET /robots.txt HTTP/1.1" 404 1181 "-" "Mozilla/5.0 (compatible; Googlebot/2.1; +http://www.google.com/bot.html)"
66.249.72.89 - - [19/Jul/2013:05:44:04 +0200] "GET / HTTP/1.1" 302 295 "-" "Mozilla/5.0 (compatible; Googlebot/2.1; +http://www.google.com/bot.html)"
79.120.196.202 - - [19/Jul/2013:09:46:56 +0200] "GET / HTTP/1.1" 302 295 "-" "Mozilla/5.0 (Windows NT 6.1; WOW64; rv:22.0) Gecko/20100101 Firefox/22.0"
157.55.33.25 - - [19/Jul/2013:10:45:43 +0200] "GET /robots.txt HTTP/1.1" 404 1181 "-" "Mozilla/5.0 (compatible; bingbot/2.0; +http://www.bing.com/bingbot.htm)"
157.55.33.25 - - [19/Jul/2013:10:46:44 +0200] "GET / HTTP/1.1" 302 295 "-" "Mozilla/5.0 (compatible; bingbot/2.0; +http://www.bing.com/bingbot.htm)"
217.69.133.232 - - [19/Jul/2013:21:03:56 +0200] "GET /sitemap.xml HTTP/1.0" 404 1181 "-" "Mozilla/5.0 (compatible; Linux x86_64; Mail.RU_Bot/2.0; +http://go.mail.ru/help/robots)"
157.55.33.17 - - [19/Jul/2013:21:10:17 +0200] "GET /robots.txt HTTP/1.1" 404 1181 "-" "Mozilla/5.0 (compatible; bingbot/2.0; +http://www.bing.com/bingbot.htm)"
157.55.33.17 - - [19/Jul/2013:21:11:52 +0200] "GET / HTTP/1.1" 302 295 "-" "Mozilla/5.0 (compatible; bingbot/2.0; +http://www.bing.com/bingbot.htm)"
157.55.33.17 - - [19/Jul/2013:21:30:21 +0200] "GET / HTTP/1.1" 302 295 "-" "Mozilla/5.0 (compatible; bingbot/2.0; +http://www.bing.com/bingbot.htm)"
217.69.133.229 - - [19/Jul/2013:23:21:21 +0200] "GET /robots.txt HTTP/1.0" 404 1181 "-" "Mozilla/5.0 (compatible; Linux x86_64; Mail.RU_Bot/2.0; +http://go.mail.ru/help/robots)"
84.2.7.238 - - [20/Jul/2013:00:49:04 +0200] "GET / HTTP/1.1" 302 295 "-" "Mozilla/5.0 (Windows NT 5.1; rv:22.0) Gecko/20100101 Firefox/22.0"
157.55.33.17 - - [20/Jul/2013:14:03:30 +0200] "GET /robots.txt HTTP/1.1" 404 1181 "-" "Mozilla/5.0 (compatible; bingbot/2.0; +http://www.bing.com/bingbot.htm)"
157.55.33.17 - - [20/Jul/2013:14:04:10 +0200] "GET / HTTP/1.1" 302 295 "-" "Mozilla/5.0 (compatible; bingbot/2.0; +http://www.bing.com/bingbot.htm)"
84.1.48.55 - - [20/Jul/2013:23:24:55 +0200] "GET / HTTP/1.1" 302 295 "-" "Mozilla/5.0 (Windows NT 5.1; rv:22.0) Gecko/20100101 Firefox/22.0"
157.55.33.17 - - [21/Jul/2013:01:49:59 +0200] "GET /robots.txt HTTP/1.1" 404 1181 "-" "Mozilla/5.0 (compatible; bingbot/2.0; +http://www.bing.com/bingbot.htm)"
157.55.33.17 - - [21/Jul/2013:01:50:49 +0200] "GET / HTTP/1.1" 302 295 "-" "Mozilla/5.0 (compatible; bingbot/2.0; +http://www.bing.com/bingbot.htm)"
81.182.165.229 - - [21/Jul/2013:10:38:36 +0200] "GET / HTTP/1.1" 302 295 "-" "Mozilla/4.0 (compatible; MSIE 7.0; Windows NT 5.1; .NET CLR 1.1.4322; InfoPath.3)"
81.182.165.229 - - [21/Jul/2013:10:38:43 +0200] "GET / HTTP/1.1" 302 295 "-" "Mozilla/4.0 (compatible; MSIE 7.0; Windows NT 5.1; .NET CLR 1.1.4322; InfoPath.3)"
217.69.133.231 - - [21/Jul/2013:10:55:24 +0200] "GET / HTTP/1.0" 302 283 "-" "Mozilla/5.0 (compatible; Linux x86_64; Mail.RU_Bot/2.0; +http://go.mail.ru/help/robots)"
157.56.93.154 - - [21/Jul/2013:12:12:55 +0200] "GET /robots.txt HTTP/1.1" 404 1181 "-" "Mozilla/5.0 (compatible; bingbot/2.0; +http://www.bing.com/bingbot.htm)"
157.56.93.154 - - [21/Jul/2013:12:13:50 +0200] "GET / HTTP/1.1" 302 295 "-" "Mozilla/5.0 (compatible; bingbot/2.0; +http://www.bing.com/bingbot.htm)"
145.236.135.63 - - [21/Jul/2013:17:11:17 +0200] "GET / HTTP/1.1" 302 295 "-" "Mozilla/4.0 (compatible; MSIE 7.0; Windows NT 5.1; .NET CLR 1.1.4322; InfoPath.3)"
145.236.135.63 - - [21/Jul/2013:17:11:22 +0200] "GET / HTTP/1.1" 302 295 "-" "Mozilla/4.0 (compatible; MSIE 7.0; Windows NT 5.1; .NET CLR 1.1.4322; InfoPath.3)"
174.122.254.42 - - [21/Jul/2013:19:00:56 +0200] "GET /mailman/confirm/turizmus/2906b87b8abfbf150591ff4ad80c74a18b7dbc10 HTTP/1.1" 404 1181 "-" "Mozilla/5.0 (Windows; U; Windows NT 6.1; en-US) AppleWebKit/534.1 (KHTML, like Gecko) Chrome/6.0.428.0 Safari/534.1"
186.204.98.6 - - [21/Jul/2013:19:01:16 +0200] "GET /mailman/confirm/turizmus/2906b87b8abfbf150591ff4ad80c74a18b7dbc10 HTTP/1.0" 404 1181 "-" "Mozilla/5.0 (Windows; U; Windows NT 6.1; en-US) AppleWebKit/534.1 (KHTML, like Gecko) Chrome/6.0.428.0 Safari/534.1"
189.1.14.78 - - [21/Jul/2013:19:01:21 +0200] "GET /mailman/confirm/turizmus/2906b87b8abfbf150591ff4ad80c74a18b7dbc10 HTTP/1.1" 404 1181 "-" "Mozilla/5.0 (Windows; U; Windows NT 6.1; en-US) AppleWebKit/534.1 (KHTML, like Gecko) Chrome/6.0.428.0 Safari/534.1"
184.173.241.45 - - [21/Jul/2013:19:04:59 +0200] "GET /mailman/confirm/turizmus/2906b87b8abfbf150591ff4ad80c74a18b7dbc10 HTTP/1.1" 404 1181 "-" "Mozilla/4.0 (compatible; MSIE 5.5; Windows 98)"
184.173.241.58 - - [21/Jul/2013:19:05:55 +0200] "GET /mailman/confirm/turizmus/2906b87b8abfbf150591ff4ad80c74a18b7dbc10 HTTP/1.1" 404 1181 "-" "Mozilla/4.0 (compatible; MSIE 6.0; Windows NT 5.0)"
84.2.101.220 - - [22/Jul/2013:00:10:25 +0200] "GET / HTTP/1.1" 302 295 "-" "Mozilla/4.0 (compatible; MSIE 7.0; Windows NT 5.1; .NET CLR 1.1.4322; InfoPath.3)"
84.2.101.220 - - [22/Jul/2013:00:10:29 +0200] "GET / HTTP/1.1" 302 295 "-" "Mozilla/4.0 (compatible; MSIE 7.0; Windows NT 5.1; .NET CLR 1.1.4322; InfoPath.3)"
157.56.93.154 - - [22/Jul/2013:11:50:12 +0200] "GET /robots.txt HTTP/1.1" 404 1181 "-" "Mozilla/5.0 (compatible; bingbot/2.0; +http://www.bing.com/bingbot.htm)"
157.56.93.154 - - [22/Jul/2013:11:51:23 +0200] "GET / HTTP/1.1" 302 295 "-" "Mozilla/5.0 (compatible; bingbot/2.0; +http://www.bing.com/bingbot.htm)"
86.101.234.169 - - [22/Jul/2013:12:11:11 +0200] "GET / HTTP/1.1" 302 295 "-" "Mozilla/4.0 (compatible; MSIE 8.0; Windows NT 5.1; Trident/4.0; .NET CLR 2.0.50727; .NET CLR 3.0.4506.2152; .NET CLR 3.5.30729; .NET4.0C; .NET4.0E)"
86.101.234.169 - - [22/Jul/2013:12:11:14 +0200] "GET / HTTP/1.1" 302 295 "-" "Mozilla/4.0 (compatible; MSIE 8.0; Windows NT 5.1; Trident/4.0; .NET CLR 2.0.50727; .NET CLR 3.0.4506.2152; .NET CLR 3.5.30729; .NET4.0C; .NET4.0E)"
86.101.234.169 - - [22/Jul/2013:12:14:24 +0200] "GET / HTTP/1.1" 302 295 "-" "Mozilla/5.0 (Windows NT 5.1; rv:21.0) Gecko/20100101 Firefox/21.0"
86.101.231.129 - - [22/Jul/2013:18:51:34 +0200] "GET / HTTP/1.1" 302 295 "-" "Mozilla/4.0 (compatible; MSIE 8.0; Windows NT 5.1; Trident/4.0; .NET CLR 2.0.50727; .NET CLR 3.0.4506.2152; .NET CLR 3.5.30729; .NET4.0C; .NET4.0E)"
86.101.231.129 - - [22/Jul/2013:18:51:37 +0200] "GET / HTTP/1.1" 302 295 "-" "Mozilla/4.0 (compatible; MSIE 8.0; Windows NT 5.1; Trident/4.0; .NET CLR 2.0.50727; .NET CLR 3.0.4506.2152; .NET CLR 3.5.30729; .NET4.0C; .NET4.0E)"
157.56.93.154 - - [22/Jul/2013:22:34:34 +0200] "GET /robots.txt HTTP/1.1" 404 1181 "-" "Mozilla/5.0 (compatible; bingbot/2.0; +http://www.bing.com/bingbot.htm)"
157.56.93.154 - - [22/Jul/2013:22:36:21 +0200] "GET / HTTP/1.1" 302 295 "-" "Mozilla/5.0 (compatible; bingbot/2.0; +http://www.bing.com/bingbot.htm)"
157.56.93.154 - - [23/Jul/2013:10:29:44 +0200] "GET /robots.txt HTTP/1.1" 404 1181 "-" "Mozilla/5.0 (compatible; bingbot/2.0; +http://www.bing.com/bingbot.htm)"
157.56.93.154 - - [23/Jul/2013:10:36:23 +0200] "GET / HTTP/1.1" 302 295 "-" "Mozilla/5.0 (compatible; bingbot/2.0; +http://www.bing.com/bingbot.htm)"
180.76.6.233 - - [23/Jul/2013:15:14:57 +0200] "GET /robots.txt HTTP/1.1" 404 1181 "-" "Mozilla/5.0 (Windows NT 5.1; rv:6.0.2) Gecko/20100101 Firefox/6.0.2"
85.67.157.108 - - [23/Jul/2013:19:11:30 +0200] "GET / HTTP/1.1" 302 295 "-" "Mozilla/5.0 (Windows NT 6.1) AppleWebKit/537.36 (KHTML, like Gecko) Chrome/28.0.1500.72 Safari/537.36"
157.56.93.154 - - [23/Jul/2013:21:42:39 +0200] "GET /robots.txt HTTP/1.1" 404 1181 "-" "Mozilla/5.0 (compatible; bingbot/2.0; +http://www.bing.com/bingbot.htm)"
157.56.93.154 - - [23/Jul/2013:21:44:55 +0200] "GET / HTTP/1.1" 302 295 "-" "Mozilla/5.0 (compatible; bingbot/2.0; +http://www.bing.com/bingbot.htm)"
157.56.93.154 - - [24/Jul/2013:09:13:49 +0200] "GET /robots.txt HTTP/1.1" 404 1181 "-" "Mozilla/5.0 (compatible; bingbot/2.0; +http://www.bing.com/bingbot.htm)"
193.225.204.78 - - [24/Jul/2013:09:18:51 +0200] "GET / HTTP/1.1" 302 295 "-" "Mozilla/4.0 (compatible; MSIE 8.0; Windows NT 5.1; Trident/4.0; .NET CLR 2.0.50727; .NET CLR 3.0.4506.2152; .NET CLR 3.5.30729; AskTbORJ/5.14.1.20007)"
193.225.204.78 - - [24/Jul/2013:09:18:52 +0200] "GET / HTTP/1.1" 302 295 "-" "Mozilla/4.0 (compatible; MSIE 8.0; Windows NT 5.1; Trident/4.0; .NET CLR 2.0.50727; .NET CLR 3.0.4506.2152; .NET CLR 3.5.30729; AskTbORJ/5.14.1.20007)"
157.56.93.154 - - [24/Jul/2013:09:23:52 +0200] "GET / HTTP/1.1" 302 295 "-" "Mozilla/5.0 (compatible; bingbot/2.0; +http://www.bing.com/bingbot.htm)"
157.56.93.154 - - [24/Jul/2013:19:39:29 +0200] "GET /robots.txt HTTP/1.1" 404 1181 "-" "Mozilla/5.0 (compatible; bingbot/2.0; +http://www.bing.com/bingbot.htm)"
157.56.93.154 - - [24/Jul/2013:19:42:46 +0200] "GET / HTTP/1.1" 302 295 "-" "Mozilla/5.0 (compatible; bingbot/2.0; +http://www.bing.com/bingbot.htm)"
66.249.78.158 - - [24/Jul/2013:23:07:07 +0200] "GET /robots.txt HTTP/1.1" 404 1181 "-" "Mozilla/5.0 (compatible; Googlebot/2.1; +http://www.google.com/bot.html)"
66.249.78.158 - - [24/Jul/2013:23:07:07 +0200] "GET / HTTP/1.1" 302 295 "-" "Mozilla/5.0 (compatible; Googlebot/2.1; +http://www.google.com/bot.html)"
157.56.93.154 - - [25/Jul/2013:06:57:11 +0200] "GET /robots.txt HTTP/1.1" 404 1181 "-" "Mozilla/5.0 (compatible; bingbot/2.0; +http://www.bing.com/bingbot.htm)"
157.56.93.154 - - [25/Jul/2013:07:03:47 +0200] "GET / HTTP/1.1" 302 295 "-" "Mozilla/5.0 (compatible; bingbot/2.0; +http://www.bing.com/bingbot.htm)"
157.56.93.154 - - [25/Jul/2013:18:13:34 +0200] "GET /robots.txt HTTP/1.1" 404 1181 "-" "Mozilla/5.0 (compatible; bingbot/2.0; +http://www.bing.com/bingbot.htm)"
157.56.93.154 - - [25/Jul/2013:18:14:14 +0200] "GET / HTTP/1.1" 302 295 "-" "Mozilla/5.0 (compatible; bingbot/2.0; +http://www.bing.com/bingbot.htm)"
86.59.200.174 - - [25/Jul/2013:20:09:51 +0200] "GET / HTTP/1.1" 302 295 "-" "Mozilla/5.0 (compatible; MSIE 10.0; Windows NT 6.1; Trident/6.0)"
86.59.200.174 - - [25/Jul/2013:20:09:54 +0200] "GET / HTTP/1.1" 302 295 "-" "Mozilla/5.0 (compatible; MSIE 10.0; Windows NT 6.1; Trident/6.0)"
157.56.93.154 - - [26/Jul/2013:05:28:48 +0200] "GET /robots.txt HTTP/1.1" 404 1181 "-" "Mozilla/5.0 (compatible; bingbot/2.0; +http://www.bing.com/bingbot.htm)"
157.56.93.154 - - [26/Jul/2013:05:32:52 +0200] "GET / HTTP/1.1" 302 295 "-" "Mozilla/5.0 (compatible; bingbot/2.0; +http://www.bing.com/bingbot.htm)"
84.3.101.74 - - [26/Jul/2013:15:09:23 +0200] "GET / HTTP/1.1" 302 295 "-" "Mozilla/5.0 (X11; Linux i686; rv:8.0) Gecko/20100101 Firefox/8.0"
85.25.137.24 - - [26/Jul/2013:16:08:00 +0200] "GET /robots.txt HTTP/1.1" 404 1181 "http://netcomber.com/mail.zoldpok.hu?st=br" "NCBot (http://netcomber.com?st=ba : tool for finding true domain owners) Queries/complaints: bot@netcomber.com"
85.25.137.24 - - [26/Jul/2013:16:08:00 +0200] "GET / HTTP/1.1" 200 1213 "http://netcomber.com/mail.zoldpok.hu?st=br" "NCBot (http://netcomber.com?st=ba : tool for finding true domain owners) Queries/complaints: bot@netcomber.com"
157.56.93.154 - - [26/Jul/2013:17:09:40 +0200] "GET /robots.txt HTTP/1.1" 404 1181 "-" "Mozilla/5.0 (compatible; bingbot/2.0; +http://www.bing.com/bingbot.htm)"
157.56.93.154 - - [26/Jul/2013:17:11:19 +0200] "GET / HTTP/1.1" 302 295 "-" "Mozilla/5.0 (compatible; bingbot/2.0; +http://www.bing.com/bingbot.htm)"
85.67.157.108 - - [26/Jul/2013:23:48:44 +0200] "GET / HTTP/1.1" 302 295 "-" "Mozilla/5.0 (Windows NT 6.1) AppleWebKit/537.36 (KHTML, like Gecko) Chrome/28.0.1500.72 Safari/537.36"
157.56.93.154 - - [27/Jul/2013:05:00:18 +0200] "GET /robots.txt HTTP/1.1" 404 1181 "-" "Mozilla/5.0 (compatible; bingbot/2.0; +http://www.bing.com/bingbot.htm)"
157.56.93.154 - - [27/Jul/2013:05:01:11 +0200] "GET / HTTP/1.1" 302 295 "-" "Mozilla/5.0 (compatible; bingbot/2.0; +http://www.bing.com/bingbot.htm)"
157.56.93.154 - - [27/Jul/2013:05:01:13 +0200] "GET / HTTP/1.1" 302 295 "-" "Mozilla/5.0 (compatible; bingbot/2.0; +http://www.bing.com/bingbot.htm)"
157.56.93.154 - - [27/Jul/2013:05:10:41 +0200] "GET / HTTP/1.1" 302 295 "-" "Mozilla/5.0 (compatible; bingbot/2.0; +http://www.bing.com/bingbot.htm)"
157.56.93.154 - - [27/Jul/2013:07:08:55 +0200] "GET /robots.txt HTTP/1.1" 404 1181 "-" "Mozilla/5.0 (compatible; bingbot/2.0; +http://www.bing.com/bingbot.htm)"
157.56.93.154 - - [27/Jul/2013:07:09:40 +0200] "GET / HTTP/1.1" 302 295 "-" "Mozilla/5.0 (compatible; bingbot/2.0; +http://www.bing.com/bingbot.htm)"
157.56.93.154 - - [27/Jul/2013:23:39:28 +0200] "GET /robots.txt HTTP/1.1" 404 1181 "-" "Mozilla/5.0 (compatible; bingbot/2.0; +http://www.bing.com/bingbot.htm)"
157.56.93.154 - - [27/Jul/2013:23:40:41 +0200] "GET / HTTP/1.1" 302 295 "-" "Mozilla/5.0 (compatible; bingbot/2.0; +http://www.bing.com/bingbot.htm)"
46.229.164.97 - - [28/Jul/2013:01:04:06 +0200] "GET /robots.txt HTTP/1.1" 404 1181 "-" "Mozilla/5.0 (compatible; SemrushBot/0.96.3; +http://www.semrush.com/bot.html)"
186.94.208.61 - - [28/Jul/2013:02:28:44 +0200] "GET / HTTP/1.1" 302 295 "-" "Mozilla/5.0 (Windows NT 6.1; WOW64; rv:22.0) Gecko/20100101 Firefox/22.0"
186.94.208.61 - - [28/Jul/2013:03:13:06 +0200] "GET / HTTP/1.1" 302 295 "-" "Mozilla/5.0 (Windows NT 6.1; WOW64; rv:22.0) Gecko/20100101 Firefox/22.0"
46.229.164.97 - - [28/Jul/2013:05:55:46 +0200] "GET /robots.txt HTTP/1.1" 404 1181 "-" "Mozilla/5.0 (compatible; SemrushBot/0.96.3; +http://www.semrush.com/bot.html)"
157.56.93.154 - - [28/Jul/2013:11:21:36 +0200] "GET /robots.txt HTTP/1.1" 404 1181 "-" "Mozilla/5.0 (compatible; bingbot/2.0; +http://www.bing.com/bingbot.htm)"
157.56.93.154 - - [28/Jul/2013:11:23:52 +0200] "GET / HTTP/1.1" 302 295 "-" "Mozilla/5.0 (compatible; bingbot/2.0; +http://www.bing.com/bingbot.htm)"
157.56.93.154 - - [28/Jul/2013:11:47:46 +0200] "GET / HTTP/1.1" 302 295 "-" "Mozilla/5.0 (compatible; bingbot/2.0; +http://www.bing.com/bingbot.htm)"
174.122.254.42 - - [28/Jul/2013:11:49:06 +0200] "GET /mailman/confirm/etk-lista/96d9b4f7cc7e89f27b528c4add9db784f27ae5fd HTTP/1.1" 404 1181 "-" "Mozilla/5.0 (Windows; U; Windows NT 6.1; en-US) AppleWebKit/534.1 (KHTML, like Gecko) Chrome/6.0.428.0 Safari/534.1"
189.39.124.54 - - [28/Jul/2013:11:49:07 +0200] "GET /mailman/confirm/etk-lista/96d9b4f7cc7e89f27b528c4add9db784f27ae5fd HTTP/1.0" 404 1181 "-" "Mozilla/5.0 (Windows; U; Windows NT 6.1; en-US) AppleWebKit/534.1 (KHTML, like Gecko) Chrome/6.0.428.0 Safari/534.1"
189.125.102.126 - - [28/Jul/2013:11:49:13 +0200] "GET /mailman/confirm/etk-lista/96d9b4f7cc7e89f27b528c4add9db784f27ae5fd HTTP/1.1" 404 1181 "-" "Mozilla/5.0 (Windows; U; Windows NT 6.1; en-US) AppleWebKit/534.1 (KHTML, like Gecko) Chrome/6.0.428.0 Safari/534.1"
184.173.241.56 - - [28/Jul/2013:11:57:13 +0200] "GET /mailman/confirm/etk-lista/96d9b4f7cc7e89f27b528c4add9db784f27ae5fd HTTP/1.1" 404 1181 "-" "Mozilla/4.0 (compatible; MSIE 7.0b; Windows NT 6.0)"
184.173.241.56 - - [28/Jul/2013:11:57:41 +0200] "GET /mailman/confirm/etk-lista/96d9b4f7cc7e89f27b528c4add9db784f27ae5fd HTTP/1.1" 404 1181 "-" "Mozilla/4.0 (compatible; MSIE 9.0; Windows NT 6.1; Trident/4.0; MSIECrawler)"
190.203.237.140 - - [28/Jul/2013:14:25:13 +0200] "GET / HTTP/1.1" 302 295 "-" "Mozilla/5.0 (Windows NT 6.1; WOW64) AppleWebKit/537.36 (KHTML, like Gecko) Chrome/28.0.1500.72 Safari/537.36"
178.164.147.158 - - [28/Jul/2013:15:47:24 +0200] "GET / HTTP/1.1" 302 295 "-" "Mozilla/5.0 (Windows NT 5.1; rv:22.0) Gecko/20100101 Firefox/22.0"
178.164.147.158 - - [28/Jul/2013:17:14:27 +0200] "GET / HTTP/1.1" 302 295 "-" "Mozilla/5.0 (Windows NT 5.1; rv:22.0) Gecko/20100101 Firefox/22.0"
84.3.101.74 - - [28/Jul/2013:20:02:31 +0200] "GET / HTTP/1.1" 302 295 "-" "Mozilla/5.0 (X11; Linux i686) AppleWebKit/536.11 (KHTML, like Gecko) Chrome/20.0.1132.57 Safari/536.11"
157.56.93.154 - - [28/Jul/2013:22:33:54 +0200] "GET /robots.txt HTTP/1.1" 404 1181 "-" "Mozilla/5.0 (compatible; bingbot/2.0; +http://www.bing.com/bingbot.htm)"
157.56.93.154 - - [28/Jul/2013:22:35:20 +0200] "GET / HTTP/1.1" 302 295 "-" "Mozilla/5.0 (compatible; bingbot/2.0; +http://www.bing.com/bingbot.htm)"
157.56.93.154 - - [29/Jul/2013:10:15:16 +0200] "GET /robots.txt HTTP/1.1" 404 1181 "-" "Mozilla/5.0 (compatible; bingbot/2.0; +http://www.bing.com/bingbot.htm)"
157.56.93.154 - - [29/Jul/2013:10:17:15 +0200] "GET / HTTP/1.1" 302 295 "-" "Mozilla/5.0 (compatible; bingbot/2.0; +http://www.bing.com/bingbot.htm)"
178.164.147.158 - - [29/Jul/2013:17:33:41 +0200] "GET / HTTP/1.1" 302 295 "-" "Mozilla/5.0 (Windows NT 5.1; rv:22.0) Gecko/20100101 Firefox/22.0"
178.164.147.158 - - [29/Jul/2013:18:04:09 +0200] "GET / HTTP/1.1" 302 295 "-" "Mozilla/5.0 (Windows NT 5.1; rv:22.0) Gecko/20100101 Firefox/22.0"
178.164.147.158 - - [29/Jul/2013:19:05:42 +0200] "GET / HTTP/1.1" 302 295 "-" "Mozilla/5.0 (Windows NT 5.1; rv:15.0) Gecko/20100101 Firefox/15.0.1"
157.56.93.154 - - [30/Jul/2013:09:16:38 +0200] "GET /robots.txt HTTP/1.1" 404 1181 "-" "Mozilla/5.0 (compatible; bingbot/2.0; +http://www.bing.com/bingbot.htm)"
157.56.93.154 - - [30/Jul/2013:09:21:26 +0200] "GET / HTTP/1.1" 302 295 "-" "Mozilla/5.0 (compatible; bingbot/2.0; +http://www.bing.com/bingbot.htm)"
87.197.146.25 - - [30/Jul/2013:14:27:04 +0200] "GET / HTTP/1.1" 302 295 "-" "Mozilla/4.0 (compatible; MSIE 8.0; Windows NT 5.1; Trident/4.0; .NET CLR 3.0.04506.30; .NET CLR 1.1.4322; .NET4.0E; .NET CLR 3.0.4506.2152; .NET CLR 3.5.30729; .NET4.0C; .NET CLR 2.0.50727; OfficeLiveConnector.1.3; OfficeLivePatch.0.0)"
87.197.146.25 - - [30/Jul/2013:14:27:21 +0200] "GET / HTTP/1.1" 302 295 "-" "Mozilla/4.0 (compatible; MSIE 8.0; Windows NT 5.1; Trident/4.0; .NET CLR 3.0.04506.30; .NET CLR 1.1.4322; .NET4.0E; .NET CLR 3.0.4506.2152; .NET CLR 3.5.30729; .NET4.0C; .NET CLR 2.0.50727; OfficeLiveConnector.1.3; OfficeLivePatch.0.0)"
157.56.93.154 - - [30/Jul/2013:21:00:06 +0200] "GET /robots.txt HTTP/1.1" 404 1181 "-" "Mozilla/5.0 (compatible; bingbot/2.0; +http://www.bing.com/bingbot.htm)"
157.56.93.154 - - [30/Jul/2013:21:01:21 +0200] "GET / HTTP/1.1" 302 295 "-" "Mozilla/5.0 (compatible; bingbot/2.0; +http://www.bing.com/bingbot.htm)"
180.76.5.138 - - [30/Jul/2013:22:48:48 +0200] "GET /robots.txt HTTP/1.1" 404 1181 "-" "Mozilla/5.0 (Windows NT 5.1; rv:6.0.2) Gecko/20100101 Firefox/6.0.2"
217.69.133.230 - - [31/Jul/2013:04:17:09 +0200] "GET /robots.txt HTTP/1.0" 404 1181 "-" "Mozilla/5.0 (compatible; Linux x86_64; Mail.RU_Bot/2.0; +http://go.mail.ru/help/robots)"
217.69.133.233 - - [31/Jul/2013:06:31:42 +0200] "GET /sitemap.xml HTTP/1.0" 404 1181 "-" "Mozilla/5.0 (compatible; Linux x86_64; Mail.RU_Bot/2.0; +http://go.mail.ru/help/robots)"
157.56.93.154 - - [31/Jul/2013:07:46:24 +0200] "GET /robots.txt HTTP/1.1" 404 1181 "-" "Mozilla/5.0 (compatible; bingbot/2.0; +http://www.bing.com/bingbot.htm)"
157.56.93.154 - - [31/Jul/2013:07:47:13 +0200] "GET / HTTP/1.1" 302 295 "-" "Mozilla/5.0 (compatible; bingbot/2.0; +http://www.bing.com/bingbot.htm)"
217.69.133.69 - - [31/Jul/2013:10:46:30 +0200] "GET / HTTP/1.0" 302 283 "-" "Mozilla/5.0 (compatible; Linux x86_64; Mail.RU_Bot/2.0; +http://go.mail.ru/help/robots)"
84.3.101.74 - - [31/Jul/2013:17:31:16 +0200] "GET / HTTP/1.1" 302 295 "-" "Mozilla/5.0 (X11; Linux i686) AppleWebKit/536.11 (KHTML, like Gecko) Chrome/20.0.1132.57 Safari/536.11"
157.56.93.154 - - [31/Jul/2013:18:49:23 +0200] "GET /robots.txt HTTP/1.1" 404 1181 "-" "Mozilla/5.0 (compatible; bingbot/2.0; +http://www.bing.com/bingbot.htm)"
157.56.93.154 - - [31/Jul/2013:18:57:42 +0200] "GET / HTTP/1.1" 302 295 "-" "Mozilla/5.0 (compatible; bingbot/2.0; +http://www.bing.com/bingbot.htm)"