111.11.194.39 - - [18/Sep/2013:16:17:52 +0200] "GET / HTTP/1.1" 302 295 "-" "Mozilla/5.0 (iPad; CPU OS 5_1 like Mac OS X) AppleWebKit/534.46 (KHTML, like Gecko ) Version/5.1 Mobile/9B176 Safari/7534.48.3"
111.11.194.39 - - [18/Sep/2013:16:17:55 +0200] "GET / HTTP/1.1" 302 295 "-" "Mozilla/5.0 (iPad; CPU OS 5_1 like Mac OS X) AppleWebKit/534.46 (KHTML, like Gecko ) Version/5.1 Mobile/9B176 Safari/7534.48.3"
87.139.144.18 - - [18/Sep/2013:16:18:42 +0200] "GET / HTTP/1.1" 302 295 "-" "Mozilla/5.0 (Windows; U; Windows NT 6.1; en-US) AppleWebKit/534.10 (KHTML, like Gecko) Chrome/8.0.552.215 Safari/534.10"
62.165.233.222 - - [18/Sep/2013:17:01:52 +0200] "GET / HTTP/1.1" 302 295 "-" "Mozilla/5.0 (Windows NT 6.1; WOW64; rv:23.0) Gecko/20100101 Firefox/23.0"
194.95.254.98 - - [18/Sep/2013:17:46:50 +0200] "GET / HTTP/1.0" 302 283 "-" "Mozilla/4.0 (compatible; MSIE 7.0; Windows NT 5.1; Trident/4.0; .NET CLR 2.0.50727; .NET CLR 3.0.4506.2152; .NET CLR 3.5.30729; SiteKiosk 6.6 Build 213)"
194.95.254.98 - - [18/Sep/2013:17:46:50 +0200] "GET /favicon.ico HTTP/1.0" 404 1181 "-" "Mozilla/4.0 (compatible; MSIE 7.0; Windows NT 5.1; Trident/4.0; .NET CLR 2.0.50727; .NET CLR 3.0.4506.2152; .NET CLR 3.5.30729; SiteKiosk 6.6 Build 213)"
62.165.233.222 - - [18/Sep/2013:19:12:26 +0200] "GET / HTTP/1.1" 302 295 "-" "Mozilla/5.0 (Windows NT 6.1; WOW64; rv:23.0) Gecko/20100101 Firefox/23.0"
157.55.32.61 - - [18/Sep/2013:19:13:03 +0200] "GET /robots.txt HTTP/1.1" 404 1181 "-" "Mozilla/5.0 (compatible; bingbot/2.0; +http://www.bing.com/bingbot.htm)"
157.55.32.61 - - [18/Sep/2013:19:13:34 +0200] "GET / HTTP/1.1" 302 295 "-" "Mozilla/5.0 (compatible; bingbot/2.0; +http://www.bing.com/bingbot.htm)"
157.55.32.61 - - [19/Sep/2013:06:24:08 +0200] "GET /robots.txt HTTP/1.1" 404 1181 "-" "Mozilla/5.0 (compatible; bingbot/2.0; +http://www.bing.com/bingbot.htm)"
157.55.32.61 - - [19/Sep/2013:06:24:57 +0200] "GET / HTTP/1.1" 302 295 "-" "Mozilla/5.0 (compatible; bingbot/2.0; +http://www.bing.com/bingbot.htm)"
62.165.233.222 - - [19/Sep/2013:08:29:31 +0200] "GET / HTTP/1.1" 302 295 "-" "Mozilla/5.0 (Windows NT 6.1; WOW64; rv:23.0) Gecko/20100101 Firefox/23.0"
86.101.36.62 - - [19/Sep/2013:12:19:55 +0200] "GET / HTTP/1.1" 302 295 "-" "Mozilla/5.0 (Windows NT 6.1; WOW64) AppleWebKit/537.36 (KHTML, like Gecko) Chrome/29.0.1547.66 Safari/537.36"
86.101.36.62 - - [19/Sep/2013:13:06:09 +0200] "GET / HTTP/1.1" 302 295 "-" "Mozilla/5.0 (Windows NT 6.1; WOW64) AppleWebKit/537.36 (KHTML, like Gecko) Chrome/29.0.1547.66 Safari/537.36"
86.101.36.62 - - [19/Sep/2013:13:06:42 +0200] "GET /webmail/ HTTP/1.1" 404 1181 "-" "Mozilla/5.0 (Windows NT 6.1; WOW64) AppleWebKit/537.36 (KHTML, like Gecko) Chrome/29.0.1547.66 Safari/537.36"
86.101.36.62 - - [19/Sep/2013:13:06:42 +0200] "GET /favicon.ico HTTP/1.1" 404 1181 "-" "Mozilla/5.0 (Windows NT 6.1; WOW64) AppleWebKit/537.36 (KHTML, like Gecko) Chrome/29.0.1547.66 Safari/537.36"
86.101.36.62 - - [19/Sep/2013:13:06:49 +0200] "GET /webmail/ HTTP/1.1" 404 1181 "-" "Mozilla/5.0 (Windows NT 6.1; WOW64) AppleWebKit/537.36 (KHTML, like Gecko) Chrome/29.0.1547.66 Safari/537.36"
86.101.36.62 - - [19/Sep/2013:13:06:49 +0200] "GET /favicon.ico HTTP/1.1" 404 1181 "-" "Mozilla/5.0 (Windows NT 6.1; WOW64) AppleWebKit/537.36 (KHTML, like Gecko) Chrome/29.0.1547.66 Safari/537.36"
86.101.36.62 - - [19/Sep/2013:13:06:55 +0200] "GET / HTTP/1.1" 302 295 "-" "Mozilla/5.0 (Windows NT 6.1; WOW64) AppleWebKit/537.36 (KHTML, like Gecko) Chrome/29.0.1547.66 Safari/537.36"
86.101.36.62 - - [19/Sep/2013:13:07:01 +0200] "GET / HTTP/1.1" 302 295 "-" "Mozilla/5.0 (Windows NT 6.1; WOW64) AppleWebKit/537.36 (KHTML, like Gecko) Chrome/29.0.1547.66 Safari/537.36"
86.101.36.62 - - [19/Sep/2013:13:07:47 +0200] "GET / HTTP/1.1" 302 295 "-" "Mozilla/5.0 (Windows NT 6.1) AppleWebKit/537.36 (KHTML, like Gecko) Chrome/29.0.1547.66 Safari/537.36"
200.109.44.73 - - [19/Sep/2013:14:03:08 +0200] "GET / HTTP/1.1" 302 295 "-" "Mozilla/5.0 (Windows NT 6.1; rv:23.0) Gecko/20100101 Firefox/23.0"
87.139.226.2 - - [19/Sep/2013:14:03:27 +0200] "GET / HTTP/1.1" 302 295 "-" "Mozilla/5.0 (Windows NT 6.2; WOW64; rv:21.0) Gecko/20100101 Firefox/21.0"
157.56.229.245 - - [19/Sep/2013:18:19:19 +0200] "GET /robots.txt HTTP/1.1" 404 1181 "-" "Mozilla/5.0 (compatible; bingbot/2.0; +http://www.bing.com/bingbot.htm)"
157.56.229.245 - - [19/Sep/2013:18:22:26 +0200] "GET / HTTP/1.1" 302 295 "-" "Mozilla/5.0 (compatible; bingbot/2.0; +http://www.bing.com/bingbot.htm)"
123.151.148.158 - - [19/Sep/2013:20:06:19 +0200] "GET /robots.txt HTTP/1.1" 404 1181 "http://mail.zoldpok.hu/" "Mozilla/5.0 (compatible; MSIE 8.0; Windows NT 6.1)"
62.165.233.222 - - [19/Sep/2013:20:23:59 +0200] "GET / HTTP/1.1" 302 295 "-" "Mozilla/5.0 (Windows NT 6.1; WOW64; rv:23.0) Gecko/20100101 Firefox/23.0"
62.165.233.222 - - [19/Sep/2013:20:42:24 +0200] "GET / HTTP/1.1" 302 295 "-" "Mozilla/5.0 (Windows NT 6.1; WOW64; rv:23.0) Gecko/20100101 Firefox/23.0"
85.67.157.108 - - [19/Sep/2013:21:03:49 +0200] "GET / HTTP/1.1" 302 295 "-" "Mozilla/5.0 (Windows NT 6.1) AppleWebKit/537.36 (KHTML, like Gecko) Chrome/29.0.1547.66 Safari/537.36"
85.67.157.108 - - [19/Sep/2013:21:03:50 +0200] "GET / HTTP/1.1" 302 295 "-" "Mozilla/5.0 (Windows NT 6.1) AppleWebKit/537.36 (KHTML, like Gecko) Chrome/29.0.1547.66 Safari/537.36"
174.122.254.42 - - [19/Sep/2013:22:19:39 +0200] "GET /mailman/confirm/gaiakuld/475c74bca30b7002753989c9490aea9b4470f0d1 HTTP/1.1" 404 1181 "-" "Mozilla/5.0 (Windows; U; Windows NT 6.1; en-US) AppleWebKit/534.1 (KHTML, like Gecko) Chrome/6.0.428.0 Safari/534.1"
187.120.208.211 - - [19/Sep/2013:22:19:55 +0200] "GET /mailman/confirm/gaiakuld/475c74bca30b7002753989c9490aea9b4470f0d1 HTTP/1.1" 404 1181 "-" "Mozilla/5.0 (Windows; U; Windows NT 6.1; en-US) AppleWebKit/534.1 (KHTML, like Gecko) Chrome/6.0.428.0 Safari/534.1"
201.62.48.202 - - [19/Sep/2013:22:19:58 +0200] "GET /mailman/confirm/gaiakuld/475c74bca30b7002753989c9490aea9b4470f0d1 HTTP/1.1" 404 1181 "-" "Mozilla/5.0 (Windows; U; Windows NT 6.1; en-US) AppleWebKit/534.1 (KHTML, like Gecko) Chrome/6.0.428.0 Safari/534.1"
54.245.28.78 - - [19/Sep/2013:22:21:49 +0200] "GET /mailman/confirm/gaiakuld/475c74bca30b7002753989c9490aea9b4470f0d1 HTTP/1.1" 404 1181 "-" "Mozilla/5.0 (Windows; U; Windows NT 6.0; de; rv:1.9b5) Gecko/2008032620 Firefox/3.0b5"
62.165.233.222 - - [19/Sep/2013:23:01:45 +0200] "GET / HTTP/1.1" 302 295 "-" "Mozilla/5.0 (Windows NT 6.1; WOW64; rv:23.0) Gecko/20100101 Firefox/23.0"
85.67.157.108 - - [20/Sep/2013:02:37:05 +0200] "GET / HTTP/1.1" 302 295 "-" "Mozilla/5.0 (Windows NT 6.1) AppleWebKit/537.36 (KHTML, like Gecko) Chrome/29.0.1547.66 Safari/537.36"
85.67.157.108 - - [20/Sep/2013:02:37:05 +0200] "GET / HTTP/1.1" 302 295 "-" "Mozilla/5.0 (Windows NT 6.1) AppleWebKit/537.36 (KHTML, like Gecko) Chrome/29.0.1547.66 Safari/537.36"
174.122.254.42 - - [20/Sep/2013:04:23:50 +0200] "GET /mailman/listinfo/madar HTTP/1.1" 404 1181 "-" "Mozilla/5.0 (Windows; U; Windows NT 6.1; en-US) AppleWebKit/534.1 (KHTML, like Gecko) Chrome/6.0.428.0 Safari/534.1"
184.173.241.46 - - [20/Sep/2013:04:23:51 +0200] "GET /mailman/listinfo/madar HTTP/1.1" 404 1181 "-" "Mozilla/4.0 (compatible; MSIE 6.0; Windows NT 5.1)"
201.62.48.202 - - [20/Sep/2013:04:23:51 +0200] "GET /mailman/listinfo/madar HTTP/1.1" 404 1181 "-" "Mozilla/5.0 (Windows; U; Windows NT 6.1; en-US) AppleWebKit/534.1 (KHTML, like Gecko) Chrome/6.0.428.0 Safari/534.1"
189.85.18.3 - - [20/Sep/2013:04:23:53 +0200] "GET /mailman/listinfo/madar HTTP/1.1" 404 1181 "-" "Mozilla/5.0 (Windows; U; Windows NT 6.1; en-US) AppleWebKit/534.1 (KHTML, like Gecko) Chrome/6.0.428.0 Safari/534.1"
50.112.80.17 - - [20/Sep/2013:04:25:02 +0200] "GET /mailman/listinfo/madar HTTP/1.1" 404 1181 "-" "Mozilla/4.0 (Mozilla/4.0; MSIE 7.0; Windows NT 5.1; FDM; SV1; .NET CLR 3.0.04506.30)"
157.55.33.83 - - [20/Sep/2013:06:08:16 +0200] "GET /robots.txt HTTP/1.1" 404 1181 "-" "Mozilla/5.0 (compatible; bingbot/2.0; +http://www.bing.com/bingbot.htm)"
157.55.33.83 - - [20/Sep/2013:06:08:54 +0200] "GET / HTTP/1.1" 302 295 "-" "Mozilla/5.0 (compatible; bingbot/2.0; +http://www.bing.com/bingbot.htm)"
86.59.208.236 - - [20/Sep/2013:08:21:58 +0200] "GET / HTTP/1.1" 302 295 "-" "Mozilla/5.0 (compatible; MSIE 10.0; Windows NT 6.1; Trident/6.0)"
86.59.208.236 - - [20/Sep/2013:08:22:02 +0200] "GET / HTTP/1.1" 302 295 "-" "Mozilla/5.0 (compatible; MSIE 10.0; Windows NT 6.1; Trident/6.0)"
85.67.157.108 - - [20/Sep/2013:09:36:25 +0200] "GET / HTTP/1.1" 302 295 "-" "Mozilla/5.0 (Windows NT 6.1) AppleWebKit/537.36 (KHTML, like Gecko) Chrome/29.0.1547.66 Safari/537.36"
85.67.157.108 - - [20/Sep/2013:09:36:25 +0200] "GET / HTTP/1.1" 302 295 "-" "Mozilla/5.0 (Windows NT 6.1) AppleWebKit/537.36 (KHTML, like Gecko) Chrome/29.0.1547.66 Safari/537.36"
193.224.81.202 - - [20/Sep/2013:11:11:10 +0200] "GET / HTTP/1.1" 302 295 "-" "Mozilla/5.0 (X11; Ubuntu; Linux i686; rv:23.0) Gecko/20100101 Firefox/23.0"
218.6.219.40 - - [20/Sep/2013:11:21:46 +0200] "GET / HTTP/1.0" 302 283 "-" "Mozilla/4.0 (compatible; MSIE 6.0; Windows NT 5.1; SV1)"
87.139.226.2 - - [20/Sep/2013:11:29:03 +0200] "GET / HTTP/1.1" 302 295 "-" "Mozilla/5.0 (Windows NT 6.2; WOW64; rv:21.0) Gecko/20100101 Firefox/21.0"
218.6.219.40 - - [20/Sep/2013:12:02:09 +0200] "GET / HTTP/1.0" 302 283 "-" "Mozilla/4.0 (compatible; MSIE 6.0; Windows NT 5.1; SV1)"
195.56.164.82 - - [20/Sep/2013:12:19:30 +0200] "GET /favicon.ico HTTP/1.1" 404 1181 "-" "Mozilla/5.0 (Windows NT 6.1; rv:23.0; WUID=1b73d34eb3097df0789801b11db185f9; WTB=6721) Gecko/20100101 Firefox/23.0"
218.6.219.40 - - [20/Sep/2013:16:12:33 +0200] "GET / HTTP/1.0" 302 283 "-" "Mozilla/4.0 (compatible; MSIE 6.0; Windows NT 5.1; SV1)"
199.187.122.91 - - [20/Sep/2013:18:38:47 +0200] "GET /robots.txt HTTP/1.1" 404 1181 "-" "Mozilla/4.0 (compatible; MSIE 6.0; Windows NT 5.1; SV1; .NET CLR 2.0.50727)"
199.187.122.91 - - [20/Sep/2013:18:44:46 +0200] "GET /mailman/listinfo/gyumolcsesz HTTP/1.1" 404 1181 "-" "Mozilla/4.0 (compatible; MSIE 6.0; Windows NT 5.1; SV1; .NET CLR 2.0.50727)"
218.6.219.40 - - [20/Sep/2013:18:47:18 +0200] "GET / HTTP/1.0" 302 283 "-" "Mozilla/4.0 (compatible; MSIE 6.0; Windows NT 5.1; SV1)"
157.55.32.26 - - [20/Sep/2013:19:51:08 +0200] "GET /robots.txt HTTP/1.1" 404 1181 "-" "Mozilla/5.0 (compatible; bingbot/2.0; +http://www.bing.com/bingbot.htm)"
157.55.32.26 - - [20/Sep/2013:19:51:37 +0200] "GET / HTTP/1.1" 302 295 "-" "Mozilla/5.0 (compatible; bingbot/2.0; +http://www.bing.com/bingbot.htm)"
85.67.157.108 - - [20/Sep/2013:21:09:07 +0200] "GET / HTTP/1.1" 302 295 "-" "Mozilla/5.0 (Windows NT 6.1) AppleWebKit/537.36 (KHTML, like Gecko) Chrome/29.0.1547.76 Safari/537.36"
62.165.233.222 - - [20/Sep/2013:22:20:54 +0200] "GET / HTTP/1.1" 302 295 "-" "Mozilla/5.0 (Windows NT 6.1; WOW64; rv:23.0) Gecko/20100101 Firefox/23.0"
217.69.133.233 - - [20/Sep/2013:22:34:48 +0200] "GET / HTTP/1.0" 302 283 "-" "Mozilla/5.0 (compatible; Linux x86_64; Mail.RU_Bot/2.0; +http://go.mail.ru/help/robots)"
62.165.233.222 - - [21/Sep/2013:11:23:07 +0200] "GET / HTTP/1.1" 302 295 "-" "Mozilla/5.0 (Windows NT 6.1; WOW64; rv:23.0) Gecko/20100101 Firefox/23.0"
62.165.233.222 - - [21/Sep/2013:15:09:55 +0200] "GET / HTTP/1.1" 302 295 "-" "Mozilla/5.0 (Windows NT 6.1; WOW64; rv:23.0) Gecko/20100101 Firefox/23.0"
218.6.219.40 - - [21/Sep/2013:16:04:46 +0200] "GET / HTTP/1.0" 302 283 "-" "Mozilla/4.0 (compatible; MSIE 6.0; Windows NT 5.1; SV1)"
123.151.148.158 - - [21/Sep/2013:22:07:52 +0200] "GET /robots.txt HTTP/1.1" 404 1181 "http://mail.zoldpok.hu/" "Mozilla/5.0 (compatible; MSIE 8.0; Windows NT 6.1)"
66.249.78.158 - - [22/Sep/2013:00:36:35 +0200] "GET /robots.txt HTTP/1.1" 404 1181 "-" "Mozilla/5.0 (compatible; Googlebot/2.1; +http://www.google.com/bot.html)"
66.249.78.158 - - [22/Sep/2013:00:36:35 +0200] "GET / HTTP/1.1" 302 295 "-" "Mozilla/5.0 (compatible; Googlebot/2.1; +http://www.google.com/bot.html)"
85.67.157.108 - - [22/Sep/2013:01:02:21 +0200] "GET / HTTP/1.1" 302 295 "-" "Mozilla/5.0 (Windows NT 6.1) AppleWebKit/537.36 (KHTML, like Gecko) Chrome/29.0.1547.76 Safari/537.36"
85.67.157.108 - - [22/Sep/2013:01:02:21 +0200] "GET / HTTP/1.1" 302 295 "-" "Mozilla/5.0 (Windows NT 6.1) AppleWebKit/537.36 (KHTML, like Gecko) Chrome/29.0.1547.76 Safari/537.36"
66.249.78.158 - - [22/Sep/2013:06:45:19 +0200] "GET /robots.txt HTTP/1.1" 404 1181 "-" "Mozilla/5.0 (compatible; Googlebot/2.1; +http://www.google.com/bot.html)"
62.165.233.222 - - [22/Sep/2013:08:31:10 +0200] "GET / HTTP/1.1" 302 295 "-" "Mozilla/5.0 (Windows NT 6.1; WOW64; rv:23.0) Gecko/20100101 Firefox/23.0"
62.165.233.222 - - [22/Sep/2013:12:10:33 +0200] "GET / HTTP/1.1" 302 295 "-" "Mozilla/5.0 (Windows NT 6.1; WOW64; rv:23.0) Gecko/20100101 Firefox/23.0"
188.6.137.214 - - [22/Sep/2013:12:58:39 +0200] "GET / HTTP/1.1" 302 295 "-" "Mozilla/5.0 (X11; U; Linux i686; hu-HU; rv:1.9.2.17) Gecko/20110422 Ubuntu/8.04 (hardy) Firefox/3.6.17"
188.6.137.214 - - [22/Sep/2013:13:32:49 +0200] "GET / HTTP/1.1" 302 295 "-" "Mozilla/5.0 (Windows NT 5.1) AppleWebKit/537.36 (KHTML, like Gecko) Chrome/29.0.1547.76 Safari/537.36"
188.6.137.214 - - [22/Sep/2013:13:32:50 +0200] "GET / HTTP/1.1" 302 295 "-" "Mozilla/5.0 (Windows NT 5.1) AppleWebKit/537.36 (KHTML, like Gecko) Chrome/29.0.1547.76 Safari/537.36"
218.6.219.40 - - [22/Sep/2013:14:34:11 +0200] "GET / HTTP/1.0" 302 283 "-" "Mozilla/4.0 (compatible; MSIE 6.0; Windows NT 5.1; SV1)"
46.229.164.98 - - [22/Sep/2013:15:14:17 +0200] "GET /robots.txt HTTP/1.1" 404 1181 "-" "Mozilla/5.0 (compatible; SemrushBot/0.97; +http://www.semrush.com/bot.html)"
218.6.219.40 - - [22/Sep/2013:15:53:20 +0200] "GET / HTTP/1.0" 302 283 "-" "Mozilla/4.0 (compatible; MSIE 6.0; Windows NT 5.1; SV1)"
188.6.137.214 - - [22/Sep/2013:16:17:26 +0200] "GET / HTTP/1.1" 302 295 "-" "Mozilla/5.0 (Windows NT 5.1; rv:23.0) Gecko/20100101 Firefox/23.0"
218.6.219.40 - - [22/Sep/2013:18:39:13 +0200] "GET / HTTP/1.0" 302 283 "-" "Mozilla/4.0 (compatible; MSIE 6.0; Windows NT 5.1; SV1)"
188.6.137.214 - - [22/Sep/2013:20:56:26 +0200] "GET / HTTP/1.1" 302 295 "-" "Mozilla/5.0 (Windows NT 5.1; rv:23.0) Gecko/20100101 Firefox/23.0"
157.55.34.177 - - [22/Sep/2013:21:22:21 +0200] "GET /robots.txt HTTP/1.1" 404 1181 "-" "Mozilla/5.0 (compatible; bingbot/2.0; +http://www.bing.com/bingbot.htm)"
157.55.34.177 - - [22/Sep/2013:21:22:56 +0200] "GET / HTTP/1.1" 302 295 "-" "Mozilla/5.0 (compatible; bingbot/2.0; +http://www.bing.com/bingbot.htm)"
62.165.233.222 - - [22/Sep/2013:23:01:03 +0200] "GET / HTTP/1.1" 302 295 "-" "Mozilla/5.0 (Windows NT 6.1; WOW64; rv:23.0) Gecko/20100101 Firefox/23.0"
85.67.157.108 - - [22/Sep/2013:23:49:23 +0200] "GET / HTTP/1.1" 302 295 "-" "Mozilla/5.0 (Windows NT 6.1) AppleWebKit/537.36 (KHTML, like Gecko) Chrome/29.0.1547.76 Safari/537.36"
85.67.157.108 - - [22/Sep/2013:23:49:23 +0200] "GET / HTTP/1.1" 302 295 "-" "Mozilla/5.0 (Windows NT 6.1) AppleWebKit/537.36 (KHTML, like Gecko) Chrome/29.0.1547.76 Safari/537.36"
200.84.35.38 - - [23/Sep/2013:01:15:51 +0200] "GET / HTTP/1.1" 302 295 "-" "Mozilla/5.0 (Windows NT 6.1; WOW64) AppleWebKit/537.36 (KHTML, like Gecko) Chrome/29.0.1547.76 Safari/537.36"
84.2.65.46 - - [23/Sep/2013:10:24:40 +0200] "GET / HTTP/1.1" 302 295 "-" "Mozilla/5.0 (Windows NT 5.1; rv:23.0) Gecko/20100101 Firefox/23.0"
84.2.65.46 - - [23/Sep/2013:11:08:17 +0200] "GET / HTTP/1.1" 302 295 "-" "Mozilla/5.0 (Windows NT 5.1; rv:23.0) Gecko/20100101 Firefox/23.0"
193.225.204.78 - - [23/Sep/2013:12:05:02 +0200] "GET / HTTP/1.1" 302 295 "-" "Mozilla/4.0 (compatible; MSIE 8.0; Windows NT 5.1; Trident/4.0; .NET CLR 2.0.50727; .NET CLR 3.0.4506.2152; .NET CLR 3.5.30729; AskTbORJ/5.14.1.20007)"
193.225.204.78 - - [23/Sep/2013:12:05:07 +0200] "GET / HTTP/1.1" 302 295 "-" "Mozilla/4.0 (compatible; MSIE 8.0; Windows NT 5.1; Trident/4.0; .NET CLR 2.0.50727; .NET CLR 3.0.4506.2152; .NET CLR 3.5.30729; AskTbORJ/5.14.1.20007)"
86.101.26.10 - - [23/Sep/2013:15:05:18 +0200] "GET / HTTP/1.1" 302 295 "-" "Mozilla/5.0 (Windows NT 5.1; rv:9.0.1) Gecko/20100101 Firefox/9.0.1"
85.67.157.108 - - [23/Sep/2013:15:48:25 +0200] "GET / HTTP/1.1" 302 295 "-" "Mozilla/5.0 (Windows NT 6.1) AppleWebKit/537.36 (KHTML, like Gecko) Chrome/29.0.1547.76 Safari/537.36"
85.67.157.108 - - [23/Sep/2013:15:48:26 +0200] "GET / HTTP/1.1" 302 295 "-" "Mozilla/5.0 (Windows NT 6.1) AppleWebKit/537.36 (KHTML, like Gecko) Chrome/29.0.1547.76 Safari/537.36"
145.236.189.213 - - [23/Sep/2013:16:15:11 +0200] "GET / HTTP/1.1" 302 295 "-" "Mozilla/5.0 (Windows NT 5.1; rv:23.0) Gecko/20100101 Firefox/23.0"
62.165.233.222 - - [23/Sep/2013:19:13:04 +0200] "GET / HTTP/1.1" 302 295 "-" "Mozilla/5.0 (Windows NT 6.1; WOW64; rv:23.0) Gecko/20100101 Firefox/23.0"
123.151.148.158 - - [23/Sep/2013:20:32:46 +0200] "GET /robots.txt HTTP/1.1" 404 1181 "http://mail.zoldpok.hu/" "Mozilla/5.0 (compatible; MSIE 8.0; Windows NT 6.1)"
145.236.189.213 - - [23/Sep/2013:20:36:03 +0200] "GET / HTTP/1.1" 302 295 "-" "Mozilla/5.0 (Windows NT 5.1; rv:23.0) Gecko/20100101 Firefox/23.0"
145.236.189.213 - - [23/Sep/2013:21:14:46 +0200] "GET / HTTP/1.1" 302 295 "-" "Mozilla/5.0 (Windows NT 5.1; rv:23.0) Gecko/20100101 Firefox/23.0"
145.236.189.213 - - [23/Sep/2013:21:38:58 +0200] "GET / HTTP/1.1" 302 295 "-" "Mozilla/5.0 (Windows NT 5.1; rv:23.0) Gecko/20100101 Firefox/23.0"
84.225.173.94 - - [23/Sep/2013:22:03:31 +0200] "GET / HTTP/1.1" 302 295 "-" "Mozilla/5.0 (Windows NT 6.1; WOW64; rv:23.0) Gecko/20100101 Firefox/23.0"
157.55.32.185 - - [23/Sep/2013:22:52:13 +0200] "GET /robots.txt HTTP/1.1" 404 1181 "-" "Mozilla/5.0 (compatible; bingbot/2.0; +http://www.bing.com/bingbot.htm)"
157.55.32.185 - - [23/Sep/2013:22:57:39 +0200] "GET / HTTP/1.1" 302 295 "-" "Mozilla/5.0 (compatible; bingbot/2.0; +http://www.bing.com/bingbot.htm)"
86.59.221.5 - - [24/Sep/2013:08:40:06 +0200] "GET / HTTP/1.1" 302 295 "-" "Mozilla/5.0 (Windows NT 6.1) AppleWebKit/537.36 (KHTML, like Gecko) Chrome/29.0.1547.76 Safari/537.36"
86.59.221.5 - - [24/Sep/2013:08:41:01 +0200] "GET / HTTP/1.1" 302 295 "-" "Mozilla/5.0 (compatible; MSIE 10.0; Windows NT 6.1; Trident/6.0)"
86.59.221.5 - - [24/Sep/2013:08:41:05 +0200] "GET / HTTP/1.1" 302 295 "-" "Mozilla/5.0 (compatible; MSIE 10.0; Windows NT 6.1; Trident/6.0)"
84.1.48.207 - - [24/Sep/2013:08:49:50 +0200] "GET / HTTP/1.1" 302 295 "-" "Mozilla/5.0 (Windows NT 5.1; rv:23.0) Gecko/20100101 Firefox/23.0"
157.55.35.88 - - [24/Sep/2013:10:26:50 +0200] "GET /robots.txt HTTP/1.1" 404 1181 "-" "Mozilla/5.0 (compatible; bingbot/2.0; +http://www.bing.com/bingbot.htm)"
157.55.35.88 - - [24/Sep/2013:10:28:11 +0200] "GET / HTTP/1.1" 302 295 "-" "Mozilla/5.0 (compatible; bingbot/2.0; +http://www.bing.com/bingbot.htm)"
217.212.230.81 - - [24/Sep/2013:10:34:42 +0200] "GET / HTTP/1.1" 302 295 "-" "Opera/9.80 (Windows NT 6.1; WOW64) Presto/2.12.388 Version/12.16"
217.212.230.81 - - [24/Sep/2013:10:34:54 +0200] "GET / HTTP/1.1" 302 295 "-" "Opera/9.80 (Windows NT 6.1; WOW64) Presto/2.12.388 Version/12.16"
86.101.231.129 - - [24/Sep/2013:12:38:33 +0200] "GET / HTTP/1.1" 302 295 "-" "Mozilla/4.0 (compatible; MSIE 8.0; Windows NT 5.1; Trident/4.0; .NET CLR 2.0.50727; .NET CLR 3.0.4506.2152; .NET CLR 3.5.30729; .NET4.0C; .NET4.0E)"
86.101.231.129 - - [24/Sep/2013:12:38:41 +0200] "GET / HTTP/1.1" 302 295 "-" "Mozilla/4.0 (compatible; MSIE 8.0; Windows NT 5.1; Trident/4.0; .NET CLR 2.0.50727; .NET CLR 3.0.4506.2152; .NET CLR 3.5.30729; .NET4.0C; .NET4.0E)"
84.2.113.190 - - [24/Sep/2013:15:05:19 +0200] "GET / HTTP/1.1" 302 295 "-" "Mozilla/5.0 (Windows NT 5.1; rv:23.0) Gecko/20100101 Firefox/23.0"
84.2.113.190 - - [24/Sep/2013:15:09:16 +0200] "GET / HTTP/1.1" 302 295 "-" "Mozilla/5.0 (Windows NT 5.1; rv:23.0) Gecko/20100101 Firefox/23.0"
84.2.113.190 - - [24/Sep/2013:15:56:46 +0200] "GET / HTTP/1.1" 302 295 "-" "Mozilla/5.0 (Windows NT 5.1; rv:23.0) Gecko/20100101 Firefox/23.0"
157.55.32.100 - - [24/Sep/2013:18:45:11 +0200] "GET /robots.txt HTTP/1.1" 404 1181 "-" "Mozilla/5.0 (compatible; bingbot/2.0; +http://www.bing.com/bingbot.htm)"
157.55.32.100 - - [24/Sep/2013:18:48:36 +0200] "GET / HTTP/1.1" 302 295 "-" "Mozilla/5.0 (compatible; bingbot/2.0; +http://www.bing.com/bingbot.htm)"
84.2.113.190 - - [24/Sep/2013:19:18:07 +0200] "GET / HTTP/1.1" 302 295 "-" "Mozilla/5.0 (Windows NT 5.1; rv:23.0) Gecko/20100101 Firefox/23.0"
84.2.113.190 - - [24/Sep/2013:19:31:15 +0200] "GET / HTTP/1.1" 302 295 "-" "Mozilla/5.0 (Windows NT 5.1; rv:23.0) Gecko/20100101 Firefox/23.0"
84.2.113.190 - - [24/Sep/2013:19:33:20 +0200] "GET / HTTP/1.1" 302 295 "-" "Mozilla/5.0 (Windows NT 5.1; rv:23.0) Gecko/20100101 Firefox/23.0"
84.2.113.190 - - [24/Sep/2013:20:14:14 +0200] "GET / HTTP/1.1" 302 295 "-" "Mozilla/5.0 (Windows NT 5.1; rv:23.0) Gecko/20100101 Firefox/23.0"
84.2.113.190 - - [24/Sep/2013:20:34:43 +0200] "GET / HTTP/1.1" 302 295 "-" "Mozilla/5.0 (Windows NT 5.1; rv:23.0) Gecko/20100101 Firefox/23.0"
62.165.233.222 - - [24/Sep/2013:20:43:33 +0200] "GET / HTTP/1.1" 302 295 "-" "Mozilla/5.0 (Windows NT 6.1; WOW64; rv:23.0) Gecko/20100101 Firefox/23.0"
84.2.113.190 - - [24/Sep/2013:21:42:52 +0200] "GET / HTTP/1.1" 302 295 "-" "Mozilla/5.0 (Windows NT 5.1; rv:23.0) Gecko/20100101 Firefox/23.0"
84.2.113.190 - - [24/Sep/2013:22:24:58 +0200] "GET / HTTP/1.1" 302 295 "-" "Mozilla/5.0 (Windows NT 5.1; rv:23.0) Gecko/20100101 Firefox/23.0"
62.165.233.222 - - [24/Sep/2013:23:32:06 +0200] "GET / HTTP/1.1" 302 295 "-" "Mozilla/5.0 (Windows NT 6.1; WOW64; rv:23.0) Gecko/20100101 Firefox/23.0"
85.67.157.108 - - [25/Sep/2013:01:45:01 +0200] "GET / HTTP/1.1" 302 295 "-" "Mozilla/5.0 (Windows NT 6.1) AppleWebKit/537.36 (KHTML, like Gecko) Chrome/29.0.1547.76 Safari/537.36"
85.67.157.108 - - [25/Sep/2013:01:45:01 +0200] "GET / HTTP/1.1" 302 295 "-" "Mozilla/5.0 (Windows NT 6.1) AppleWebKit/537.36 (KHTML, like Gecko) Chrome/29.0.1547.76 Safari/537.36"
217.73.208.69 - - [25/Sep/2013:02:00:37 +0200] "GET /robots.txt HTTP/1.1" 404 1181 "-" "Mozilla/5.0 (compatible; IstellaBot/1.10.2 +http://www.tiscali.it/)"
185.3.40.132 - - [25/Sep/2013:02:26:03 +0200] "HEAD / HTTP/1.1" 200 0 "-" "Mozilla/5.0 (Macintosh; Intel Mac OS X 10_7_5) AppleWebKit/537.4 (KHTML, like Gecko) Chrome/22.0.1229.94 Safari/537.4"
78.92.35.77 - - [25/Sep/2013:07:19:27 +0200] "GET / HTTP/1.1" 302 295 "-" "Mozilla/5.0 (Windows NT 5.1; rv:23.0) Gecko/20100101 Firefox/23.0"
78.92.35.77 - - [25/Sep/2013:08:19:17 +0200] "GET / HTTP/1.1" 302 295 "-" "Mozilla/5.0 (Windows NT 5.1; rv:23.0) Gecko/20100101 Firefox/23.0"
193.225.204.78 - - [25/Sep/2013:10:40:58 +0200] "GET / HTTP/1.1" 302 295 "-" "Mozilla/4.0 (compatible; MSIE 8.0; Windows NT 5.1; Trident/4.0; .NET CLR 2.0.50727; .NET CLR 3.0.4506.2152; .NET CLR 3.5.30729; AskTbORJ/5.14.1.20007)"
193.225.204.78 - - [25/Sep/2013:10:41:13 +0200] "GET / HTTP/1.1" 302 295 "-" "Mozilla/4.0 (compatible; MSIE 8.0; Windows NT 5.1; Trident/4.0; .NET CLR 2.0.50727; .NET CLR 3.0.4506.2152; .NET CLR 3.5.30729; AskTbORJ/5.14.1.20007)"
78.92.35.77 - - [25/Sep/2013:10:50:05 +0200] "GET / HTTP/1.1" 302 295 "-" "Mozilla/5.0 (Windows NT 5.1; rv:23.0) Gecko/20100101 Firefox/23.0"
78.92.35.77 - - [25/Sep/2013:10:58:10 +0200] "GET / HTTP/1.1" 302 295 "-" "Mozilla/5.0 (Windows NT 5.1; rv:23.0) Gecko/20100101 Firefox/23.0"
157.55.35.82 - - [25/Sep/2013:16:55:00 +0200] "GET /robots.txt HTTP/1.1" 404 1181 "-" "Mozilla/5.0 (compatible; bingbot/2.0; +http://www.bing.com/bingbot.htm)"
157.55.35.82 - - [25/Sep/2013:16:57:41 +0200] "GET / HTTP/1.1" 302 295 "-" "Mozilla/5.0 (compatible; bingbot/2.0; +http://www.bing.com/bingbot.htm)"
86.59.221.5 - - [25/Sep/2013:18:32:12 +0200] "GET / HTTP/1.1" 302 295 "-" "Mozilla/5.0 (Windows NT 6.1) AppleWebKit/537.36 (KHTML, like Gecko) Chrome/29.0.1547.76 Safari/537.36"
92.249.133.140 - - [25/Sep/2013:19:41:44 +0200] "GET / HTTP/1.1" 302 295 "-" "Mozilla/5.0 (Windows NT 6.1; WOW64; rv:23.0) Gecko/20100101 Firefox/23.0"
92.249.133.140 - - [25/Sep/2013:20:38:50 +0200] "GET / HTTP/1.1" 302 295 "-" "Mozilla/5.0 (Windows NT 6.1; WOW64; rv:23.0) Gecko/20100101 Firefox/23.0"
84.2.5.142 - - [25/Sep/2013:21:51:47 +0200] "GET / HTTP/1.1" 302 295 "-" "Mozilla/5.0 (Windows NT 5.1; rv:23.0) Gecko/20100101 Firefox/23.0"
123.151.148.158 - - [25/Sep/2013:22:16:23 +0200] "GET /robots.txt HTTP/1.1" 404 1181 "http://mail.zoldpok.hu/" "Mozilla/5.0 (compatible; MSIE 8.0; Windows NT 6.1)"
157.56.93.103 - - [26/Sep/2013:05:32:10 +0200] "GET /robots.txt HTTP/1.1" 404 1181 "-" "Mozilla/5.0 (compatible; bingbot/2.0; +http://www.bing.com/bingbot.htm)"
157.56.93.103 - - [26/Sep/2013:05:43:35 +0200] "GET / HTTP/1.1" 302 295 "-" "Mozilla/5.0 (compatible; bingbot/2.0; +http://www.bing.com/bingbot.htm)"
86.101.36.62 - - [26/Sep/2013:12:02:59 +0200] "GET / HTTP/1.1" 302 295 "-" "Mozilla/5.0 (Windows NT 6.1) AppleWebKit/537.36 (KHTML, like Gecko) Chrome/29.0.1547.76 Safari/537.36"
81.182.9.81 - - [26/Sep/2013:12:43:46 +0200] "GET / HTTP/1.1" 302 295 "-" "Mozilla/5.0 (Windows NT 5.1; rv:23.0) Gecko/20100101 Firefox/23.0"
81.182.9.81 - - [26/Sep/2013:12:55:09 +0200] "GET / HTTP/1.1" 302 295 "-" "Mozilla/5.0 (Windows NT 5.1; rv:23.0) Gecko/20100101 Firefox/23.0"
65.55.24.214 - - [26/Sep/2013:17:34:28 +0200] "GET /robots.txt HTTP/1.1" 404 1181 "-" "Mozilla/5.0 (compatible; bingbot/2.0; +http://www.bing.com/bingbot.htm)"
65.55.24.214 - - [26/Sep/2013:17:40:37 +0200] "GET / HTTP/1.1" 302 295 "-" "Mozilla/5.0 (compatible; bingbot/2.0; +http://www.bing.com/bingbot.htm)"
84.2.64.198 - - [26/Sep/2013:21:43:06 +0200] "GET / HTTP/1.1" 302 295 "-" "Mozilla/5.0 (Windows NT 5.1; rv:23.0) Gecko/20100101 Firefox/23.0"
84.2.64.198 - - [26/Sep/2013:22:35:22 +0200] "GET / HTTP/1.1" 302 295 "-" "Mozilla/5.0 (Windows NT 5.1; rv:23.0) Gecko/20100101 Firefox/23.0"
84.2.64.198 - - [26/Sep/2013:22:47:37 +0200] "GET / HTTP/1.1" 302 295 "-" "Mozilla/5.0 (Windows NT 5.1; rv:23.0) Gecko/20100101 Firefox/23.0"
84.2.64.198 - - [26/Sep/2013:23:01:09 +0200] "GET / HTTP/1.1" 302 295 "-" "Mozilla/5.0 (Windows NT 5.1; rv:23.0) Gecko/20100101 Firefox/23.0"
85.67.157.108 - - [27/Sep/2013:00:54:29 +0200] "GET / HTTP/1.1" 302 295 "-" "Mozilla/5.0 (Windows NT 6.1) AppleWebKit/537.36 (KHTML, like Gecko) Chrome/29.0.1547.76 Safari/537.36"
85.67.157.108 - - [27/Sep/2013:00:54:32 +0200] "GET / HTTP/1.1" 302 295 "-" "Mozilla/5.0 (Windows NT 6.1) AppleWebKit/537.36 (KHTML, like Gecko) Chrome/29.0.1547.76 Safari/537.36"
65.55.24.214 - - [27/Sep/2013:04:14:39 +0200] "GET /robots.txt HTTP/1.1" 404 1181 "-" "Mozilla/5.0 (compatible; bingbot/2.0; +http://www.bing.com/bingbot.htm)"
65.55.24.214 - - [27/Sep/2013:04:15:47 +0200] "GET / HTTP/1.1" 302 295 "-" "Mozilla/5.0 (compatible; bingbot/2.0; +http://www.bing.com/bingbot.htm)"
193.225.204.78 - - [27/Sep/2013:08:37:57 +0200] "GET / HTTP/1.1" 302 295 "-" "Mozilla/4.0 (compatible; MSIE 8.0; Windows NT 5.1; Trident/4.0; .NET CLR 2.0.50727; .NET CLR 3.0.4506.2152; .NET CLR 3.5.30729; AskTbORJ/5.14.1.20007)"
193.225.204.78 - - [27/Sep/2013:08:38:00 +0200] "GET / HTTP/1.1" 302 295 "-" "Mozilla/4.0 (compatible; MSIE 8.0; Windows NT 5.1; Trident/4.0; .NET CLR 2.0.50727; .NET CLR 3.0.4506.2152; .NET CLR 3.5.30729; AskTbORJ/5.14.1.20007)"
84.1.48.114 - - [27/Sep/2013:10:18:22 +0200] "GET / HTTP/1.1" 302 295 "-" "Mozilla/5.0 (Windows NT 5.1; rv:23.0) Gecko/20100101 Firefox/23.0"
84.1.48.114 - - [27/Sep/2013:10:29:13 +0200] "GET / HTTP/1.1" 302 295 "-" "Mozilla/5.0 (Windows NT 5.1; rv:23.0) Gecko/20100101 Firefox/23.0"
193.224.81.202 - - [27/Sep/2013:10:50:16 +0200] "GET / HTTP/1.1" 302 295 "-" "Mozilla/5.0 (X11; Ubuntu; Linux i686; rv:23.0) Gecko/20100101 Firefox/23.0"
193.224.81.202 - - [27/Sep/2013:10:57:15 +0200] "GET / HTTP/1.1" 302 295 "-" "Mozilla/5.0 (X11; Ubuntu; Linux i686; rv:23.0) Gecko/20100101 Firefox/23.0"
85.67.157.108 - - [27/Sep/2013:11:03:48 +0200] "GET / HTTP/1.1" 302 295 "-" "Mozilla/5.0 (Windows NT 6.1) AppleWebKit/537.36 (KHTML, like Gecko) Chrome/29.0.1547.76 Safari/537.36"
193.224.81.202 - - [27/Sep/2013:11:08:17 +0200] "GET / HTTP/1.1" 302 295 "-" "Mozilla/5.0 (X11; Ubuntu; Linux i686; rv:23.0) Gecko/20100101 Firefox/23.0"
37.220.203.140 - - [27/Sep/2013:11:11:34 +0200] "GET / HTTP/1.1" 302 295 "-" "Mozilla/5.0 (compatible; MSIE 10.0; Windows NT 6.1; Trident/6.0)"
37.220.203.140 - - [27/Sep/2013:11:11:59 +0200] "GET / HTTP/1.1" 302 295 "-" "Mozilla/5.0 (compatible; MSIE 10.0; Windows NT 6.1; Trident/6.0)"
37.220.203.140 - - [27/Sep/2013:11:12:21 +0200] "GET / HTTP/1.1" 302 295 "-" "Mozilla/5.0 (compatible; MSIE 10.0; Windows NT 6.1; Trident/6.0)"
193.224.81.202 - - [27/Sep/2013:11:45:00 +0200] "GET / HTTP/1.1" 302 295 "-" "Mozilla/5.0 (X11; Ubuntu; Linux i686; rv:23.0) Gecko/20100101 Firefox/23.0"
84.1.48.114 - - [27/Sep/2013:12:12:44 +0200] "GET / HTTP/1.1" 302 295 "-" "Mozilla/5.0 (Windows NT 5.1; rv:23.0) Gecko/20100101 Firefox/23.0"
84.1.48.114 - - [27/Sep/2013:12:15:34 +0200] "GET / HTTP/1.1" 302 295 "-" "Mozilla/5.0 (Windows NT 5.1; rv:23.0) Gecko/20100101 Firefox/23.0"
193.224.81.233 - - [27/Sep/2013:12:36:21 +0200] "GET / HTTP/1.1" 302 295 "-" "Mozilla/5.0 (compatible; MSIE 10.0; Windows NT 6.1; WOW64; Trident/6.0)"
193.224.81.233 - - [27/Sep/2013:12:36:49 +0200] "GET / HTTP/1.1" 302 295 "-" "Mozilla/5.0 (compatible; MSIE 10.0; Windows NT 6.1; WOW64; Trident/6.0)"
193.224.81.233 - - [27/Sep/2013:12:42:53 +0200] "GET / HTTP/1.1" 302 295 "-" "Mozilla/5.0 (compatible; MSIE 10.0; Windows NT 6.1; WOW64; Trident/6.0)"
193.224.81.233 - - [27/Sep/2013:12:42:56 +0200] "GET / HTTP/1.1" 302 295 "-" "Mozilla/5.0 (compatible; MSIE 10.0; Windows NT 6.1; WOW64; Trident/6.0)"
94.44.246.148 - - [27/Sep/2013:13:21:34 +0200] "GET / HTTP/1.1" 302 295 "-" "Mozilla/5.0 (iPad; CPU OS 6_1_3 like Mac OS X) AppleWebKit/536.26 (KHTML, like Gecko) Version/6.0 Mobile/10B329 Safari/8536.25"
84.1.48.114 - - [27/Sep/2013:13:21:56 +0200] "GET / HTTP/1.1" 302 295 "-" "Mozilla/5.0 (Windows NT 5.1; rv:23.0) Gecko/20100101 Firefox/23.0"
193.225.204.145 - - [27/Sep/2013:13:22:17 +0200] "GET / HTTP/1.1" 302 295 "-" "Mozilla/5.0 (Windows NT 5.1; rv:23.0) Gecko/20100101 Firefox/23.0"
193.225.204.145 - - [27/Sep/2013:13:22:44 +0200] "GET / HTTP/1.1" 302 295 "-" "Mozilla/5.0 (Windows NT 5.1; rv:23.0) Gecko/20100101 Firefox/23.0"
84.1.48.114 - - [27/Sep/2013:14:51:03 +0200] "GET / HTTP/1.1" 302 295 "-" "Mozilla/5.0 (Windows NT 5.1; rv:23.0) Gecko/20100101 Firefox/23.0"
84.1.48.114 - - [27/Sep/2013:15:13:11 +0200] "GET / HTTP/1.1" 302 295 "-" "Mozilla/5.0 (Windows NT 5.1; rv:23.0) Gecko/20100101 Firefox/23.0"
178.48.24.105 - - [27/Sep/2013:16:46:53 +0200] "GET / HTTP/1.1" 302 295 "-" "Mozilla/5.0 (Windows NT 5.1; rv:21.0) Gecko/20100101 Firefox/21.0"
66.249.66.89 - - [27/Sep/2013:17:56:04 +0200] "GET /robots.txt HTTP/1.1" 404 1181 "-" "Mozilla/5.0 (compatible; Googlebot/2.1; +http://www.google.com/bot.html)"
66.249.66.89 - - [27/Sep/2013:17:56:04 +0200] "GET / HTTP/1.1" 302 295 "-" "Mozilla/5.0 (compatible; Googlebot/2.1; +http://www.google.com/bot.html)"
65.55.24.214 - - [27/Sep/2013:19:30:07 +0200] "GET /robots.txt HTTP/1.1" 404 1181 "-" "Mozilla/5.0 (compatible; bingbot/2.0; +http://www.bing.com/bingbot.htm)"
65.55.24.214 - - [27/Sep/2013:19:31:29 +0200] "GET / HTTP/1.1" 302 295 "-" "Mozilla/5.0 (compatible; bingbot/2.0; +http://www.bing.com/bingbot.htm)"
123.151.148.158 - - [27/Sep/2013:20:51:19 +0200] "GET /robots.txt HTTP/1.1" 404 1181 "http://mail.zoldpok.hu/" "Mozilla/5.0 (compatible; MSIE 8.0; Windows NT 6.1)"
84.2.203.34 - - [27/Sep/2013:21:37:34 +0200] "GET / HTTP/1.1" 302 295 "-" "Mozilla/5.0 (Windows NT 5.1; rv:23.0) Gecko/20100101 Firefox/23.0"
84.2.203.34 - - [27/Sep/2013:22:15:33 +0200] "GET / HTTP/1.1" 302 295 "-" "Mozilla/5.0 (Windows NT 5.1; rv:23.0) Gecko/20100101 Firefox/23.0"
84.2.203.34 - - [27/Sep/2013:22:35:57 +0200] "GET / HTTP/1.1" 302 295 "-" "Mozilla/5.0 (Windows NT 5.1; rv:23.0) Gecko/20100101 Firefox/23.0"
85.67.157.108 - - [27/Sep/2013:23:56:11 +0200] "GET / HTTP/1.1" 302 295 "-" "Mozilla/5.0 (Windows NT 6.1) AppleWebKit/537.36 (KHTML, like Gecko) Chrome/29.0.1547.76 Safari/537.36"
46.229.164.99 - - [28/Sep/2013:02:39:58 +0200] "GET /robots.txt HTTP/1.1" 404 1181 "-" "Mozilla/5.0 (compatible; SemrushBot/0.97; +http://www.semrush.com/bot.html)"
65.55.52.89 - - [28/Sep/2013:07:07:20 +0200] "GET /robots.txt HTTP/1.1" 404 1181 "-" "Mozilla/5.0 (compatible; bingbot/2.0; +http://www.bing.com/bingbot.htm)"
65.55.52.89 - - [28/Sep/2013:07:10:11 +0200] "GET / HTTP/1.1" 302 295 "-" "Mozilla/5.0 (compatible; bingbot/2.0; +http://www.bing.com/bingbot.htm)"
66.249.66.89 - - [28/Sep/2013:07:19:59 +0200] "GET /robots.txt HTTP/1.1" 404 1181 "-" "Mozilla/5.0 (compatible; Googlebot/2.1; +http://www.google.com/bot.html)"
81.182.164.45 - - [28/Sep/2013:07:52:24 +0200] "GET / HTTP/1.1" 302 295 "-" "Mozilla/5.0 (Windows NT 5.1; rv:23.0) Gecko/20100101 Firefox/23.0"
81.182.164.45 - - [28/Sep/2013:08:16:21 +0200] "GET / HTTP/1.1" 302 295 "-" "Mozilla/5.0 (Windows NT 5.1; rv:23.0) Gecko/20100101 Firefox/23.0"
85.25.134.59 - - [28/Sep/2013:18:46:57 +0200] "GET /robots.txt HTTP/1.1" 404 1181 "http://mail.zoldp.macinroy.com/mail.zoldpok.hu" "MacInroy Privacy Auditors. See mail.zoldpok.hu's privacy violation report: http://mail.zoldpok.hu.macinroy.com/mail.zoldpok.hu"
85.25.134.59 - - [28/Sep/2013:18:46:57 +0200] "GET / HTTP/1.1" 200 1213 "http://mail.zoldp.macinroy.com/mail.zoldpok.hu" "MacInroy Privacy Auditors. See mail.zoldpok.hu's privacy violation report: http://mail.zoldpok.hu.macinroy.com/mail.zoldpok.hu"
157.55.35.91 - - [28/Sep/2013:18:51:22 +0200] "GET /robots.txt HTTP/1.1" 404 1181 "-" "Mozilla/5.0 (compatible; bingbot/2.0; +http://www.bing.com/bingbot.htm)"
157.55.35.91 - - [28/Sep/2013:18:52:22 +0200] "GET / HTTP/1.1" 302 295 "-" "Mozilla/5.0 (compatible; bingbot/2.0; +http://www.bing.com/bingbot.htm)"
145.236.28.6 - - [28/Sep/2013:20:33:13 +0200] "GET / HTTP/1.1" 302 295 "-" "Mozilla/5.0 (Windows NT 5.1; rv:23.0) Gecko/20100101 Firefox/23.0"
145.236.28.6 - - [28/Sep/2013:21:31:05 +0200] "GET / HTTP/1.1" 302 295 "-" "Mozilla/5.0 (Windows NT 5.1; rv:23.0) Gecko/20100101 Firefox/23.0"
85.67.157.108 - - [29/Sep/2013:04:29:48 +0200] "GET / HTTP/1.1" 302 295 "-" "Mozilla/5.0 (Windows NT 6.1) AppleWebKit/537.36 (KHTML, like Gecko) Chrome/29.0.1547.76 Safari/537.36"
85.67.157.108 - - [29/Sep/2013:04:29:51 +0200] "GET / HTTP/1.1" 302 295 "-" "Mozilla/5.0 (Windows NT 6.1) AppleWebKit/537.36 (KHTML, like Gecko) Chrome/29.0.1547.76 Safari/537.36"
157.56.93.74 - - [29/Sep/2013:06:47:57 +0200] "GET /robots.txt HTTP/1.1" 404 1181 "-" "Mozilla/5.0 (compatible; bingbot/2.0; +http://www.bing.com/bingbot.htm)"
157.56.93.74 - - [29/Sep/2013:07:22:29 +0200] "GET / HTTP/1.1" 302 295 "-" "Mozilla/5.0 (compatible; bingbot/2.0; +http://www.bing.com/bingbot.htm)"
81.182.64.217 - - [29/Sep/2013:08:32:12 +0200] "GET / HTTP/1.1" 302 295 "-" "Mozilla/5.0 (Windows NT 5.1; rv:23.0) Gecko/20100101 Firefox/23.0"
81.182.64.217 - - [29/Sep/2013:08:48:37 +0200] "GET / HTTP/1.1" 302 295 "-" "Mozilla/5.0 (Windows NT 5.1; rv:23.0) Gecko/20100101 Firefox/23.0"
81.182.64.217 - - [29/Sep/2013:09:32:00 +0200] "GET / HTTP/1.1" 302 295 "-" "Mozilla/5.0 (Windows NT 5.1; rv:23.0) Gecko/20100101 Firefox/23.0"
81.182.64.217 - - [29/Sep/2013:11:08:00 +0200] "GET / HTTP/1.1" 302 295 "-" "Mozilla/5.0 (Windows NT 5.1; rv:23.0) Gecko/20100101 Firefox/23.0"
81.182.64.217 - - [29/Sep/2013:11:53:19 +0200] "GET / HTTP/1.1" 302 295 "-" "Mozilla/5.0 (Windows NT 5.1; rv:23.0) Gecko/20100101 Firefox/23.0"
81.182.64.217 - - [29/Sep/2013:11:56:28 +0200] "GET / HTTP/1.1" 302 295 "-" "Mozilla/5.0 (Windows NT 5.1; rv:23.0) Gecko/20100101 Firefox/23.0"
81.182.64.217 - - [29/Sep/2013:11:56:58 +0200] "GET / HTTP/1.1" 302 295 "-" "Mozilla/5.0 (Windows NT 5.1; rv:23.0) Gecko/20100101 Firefox/23.0"
81.182.64.217 - - [29/Sep/2013:12:38:13 +0200] "GET / HTTP/1.1" 302 295 "-" "Mozilla/5.0 (Windows NT 5.1; rv:23.0) Gecko/20100101 Firefox/23.0"
81.182.64.217 - - [29/Sep/2013:15:18:47 +0200] "GET / HTTP/1.1" 302 295 "-" "Mozilla/5.0 (Windows NT 5.1; rv:23.0) Gecko/20100101 Firefox/23.0"
81.182.64.217 - - [29/Sep/2013:15:49:13 +0200] "GET / HTTP/1.1" 302 295 "-" "Mozilla/5.0 (Windows NT 5.1; rv:23.0) Gecko/20100101 Firefox/23.0"
92.249.133.140 - - [29/Sep/2013:16:56:38 +0200] "GET / HTTP/1.1" 302 295 "-" "Mozilla/5.0 (Windows NT 6.1; WOW64; rv:23.0) Gecko/20100101 Firefox/23.0"
85.67.157.108 - - [29/Sep/2013:17:24:59 +0200] "GET / HTTP/1.1" 302 295 "-" "Mozilla/5.0 (Windows NT 6.1) AppleWebKit/537.36 (KHTML, like Gecko) Chrome/29.0.1547.76 Safari/537.36"
86.101.234.169 - - [29/Sep/2013:17:46:37 +0200] "GET / HTTP/1.1" 302 295 "-" "Mozilla/5.0 (Windows NT 5.1; rv:22.0) Gecko/20100101 Firefox/22.0"
65.55.52.117 - - [29/Sep/2013:17:55:42 +0200] "GET /robots.txt HTTP/1.1" 404 1181 "-" "Mozilla/5.0 (compatible; bingbot/2.0; +http://www.bing.com/bingbot.htm)"
65.55.52.117 - - [29/Sep/2013:17:57:52 +0200] "GET / HTTP/1.1" 302 295 "-" "Mozilla/5.0 (compatible; bingbot/2.0; +http://www.bing.com/bingbot.htm)"
85.67.157.108 - - [29/Sep/2013:19:07:43 +0200] "GET / HTTP/1.1" 302 295 "-" "Mozilla/5.0 (Windows NT 6.1) AppleWebKit/537.36 (KHTML, like Gecko) Chrome/29.0.1547.76 Safari/537.36"
92.249.133.140 - - [29/Sep/2013:19:42:57 +0200] "GET / HTTP/1.1" 302 295 "-" "Mozilla/5.0 (Windows NT 6.1; WOW64; rv:23.0) Gecko/20100101 Firefox/23.0"
81.182.64.217 - - [29/Sep/2013:20:12:23 +0200] "GET / HTTP/1.1" 302 295 "-" "Mozilla/5.0 (Windows NT 5.1; rv:23.0) Gecko/20100101 Firefox/23.0"
81.182.64.217 - - [29/Sep/2013:20:30:00 +0200] "GET / HTTP/1.1" 302 295 "-" "Mozilla/5.0 (Windows NT 5.1; rv:23.0) Gecko/20100101 Firefox/23.0"
81.182.64.217 - - [29/Sep/2013:22:38:34 +0200] "GET / HTTP/1.1" 302 295 "-" "Mozilla/5.0 (Windows NT 5.1; rv:23.0) Gecko/20100101 Firefox/23.0"
92.249.133.140 - - [29/Sep/2013:23:00:51 +0200] "GET / HTTP/1.1" 302 295 "-" "Mozilla/5.0 (Windows NT 6.1; WOW64; rv:23.0) Gecko/20100101 Firefox/23.0"
190.79.206.109 - - [30/Sep/2013:02:31:38 +0200] "GET / HTTP/1.1" 302 295 "-" "Mozilla/5.0 (Windows NT 6.1; WOW64) AppleWebKit/537.36 (KHTML, like Gecko) Chrome/29.0.1547.76 Safari/537.36"
65.55.52.94 - - [30/Sep/2013:05:49:50 +0200] "GET /robots.txt HTTP/1.1" 404 1181 "-" "Mozilla/5.0 (compatible; bingbot/2.0; +http://www.bing.com/bingbot.htm)"
65.55.52.94 - - [30/Sep/2013:05:56:20 +0200] "GET / HTTP/1.1" 302 295 "-" "Mozilla/5.0 (compatible; bingbot/2.0; +http://www.bing.com/bingbot.htm)"
193.225.204.145 - - [30/Sep/2013:16:13:41 +0200] "GET / HTTP/1.1" 302 295 "-" "Mozilla/5.0 (Windows NT 5.1; rv:23.0) Gecko/20100101 Firefox/23.0"
92.249.133.140 - - [30/Sep/2013:17:13:30 +0200] "GET / HTTP/1.1" 302 295 "-" "Mozilla/5.0 (Windows NT 6.1; WOW64; rv:23.0) Gecko/20100101 Firefox/23.0"
123.151.148.158 - - [30/Sep/2013:17:17:30 +0200] "GET /robots.txt HTTP/1.1" 404 1181 "http://mail.zoldpok.hu/" "Mozilla/5.0 (compatible; MSIE 8.0; Windows NT 6.1)"
157.55.32.81 - - [30/Sep/2013:17:21:39 +0200] "GET /robots.txt HTTP/1.1" 404 1181 "-" "Mozilla/5.0 (compatible; bingbot/2.0; +http://www.bing.com/bingbot.htm)"
157.55.32.81 - - [30/Sep/2013:17:22:08 +0200] "GET / HTTP/1.1" 302 295 "-" "Mozilla/5.0 (compatible; bingbot/2.0; +http://www.bing.com/bingbot.htm)"
178.48.24.105 - - [30/Sep/2013:18:48:38 +0200] "GET / HTTP/1.1" 302 295 "-" "Mozilla/5.0 (Windows NT 5.1; rv:21.0) Gecko/20100101 Firefox/21.0"
174.122.254.42 - - [30/Sep/2013:19:28:25 +0200] "GET /mailman/confirm/tnaptar/824508982517873e6ffd4de92ac28fb1e2d5039a HTTP/1.1" 404 1181 "-" "Mozilla/5.0 (Windows; U; Windows NT 6.1; en-US) AppleWebKit/534.1 (KHTML, like Gecko) Chrome/6.0.428.0 Safari/534.1"
187.73.75.149 - - [30/Sep/2013:19:28:29 +0200] "GET /mailman/confirm/tnaptar/824508982517873e6ffd4de92ac28fb1e2d5039a HTTP/1.1" 404 1181 "-" "Mozilla/5.0 (Windows; U; Windows NT 6.1; en-US) AppleWebKit/534.1 (KHTML, like Gecko) Chrome/6.0.428.0 Safari/534.1"
177.19.188.106 - - [30/Sep/2013:19:28:32 +0200] "GET /mailman/confirm/tnaptar/824508982517873e6ffd4de92ac28fb1e2d5039a HTTP/1.1" 404 1181 "-" "Mozilla/5.0 (Windows; U; Windows NT 6.1; en-US) AppleWebKit/534.1 (KHTML, like Gecko) Chrome/6.0.428.0 Safari/534.1"
92.249.133.140 - - [30/Sep/2013:21:33:06 +0200] "GET / HTTP/1.1" 302 295 "-" "Mozilla/5.0 (Windows NT 6.1; WOW64; rv:23.0) Gecko/20100101 Firefox/23.0"
188.36.207.230 - - [30/Sep/2013:22:39:04 +0200] "GET / HTTP/1.1" 302 295 "-" "Mozilla/5.0 (Windows NT 5.1; rv:23.0) Gecko/20100101 Firefox/23.0"