157.55.39.47 - - [01/Sep/2018:05:10:34 +0200] "GET /robots.txt HTTP/1.1" 404 1181 "-" "Mozilla/5.0 (compatible; bingbot/2.0; +http://www.bing.com/bingbot.htm)"
40.77.167.145 - - [01/Sep/2018:05:10:36 +0200] "GET / HTTP/1.1" 302 295 "-" "Mozilla/5.0 (compatible; bingbot/2.0; +http://www.bing.com/bingbot.htm)"
178.154.171.90 - - [01/Sep/2018:06:35:10 +0200] "GET /robots.txt HTTP/1.1" 404 1181 "-" "Mozilla/5.0 (compatible; YandexBot/3.0; +http://yandex.com/bots)"
178.154.171.90 - - [01/Sep/2018:06:35:13 +0200] "GET / HTTP/1.1" 302 295 "-" "Mozilla/5.0 (compatible; YandexBot/3.0; +http://yandex.com/bots)"
87.97.114.181 - - [01/Sep/2018:10:38:15 +0200] "GET / HTTP/1.1" 302 295 "-" "Mozilla/5.0 (Windows NT 6.1; Win64; x64; rv:61.0) Gecko/20100101 Firefox/61.0"
31.46.246.58 - - [01/Sep/2018:10:52:13 +0200] "GET / HTTP/1.1" 302 295 "-" "Mozilla/5.0 (Windows NT 6.1; Win64; x64; rv:61.0) Gecko/20100101 Firefox/61.0"
141.8.183.17 - - [01/Sep/2018:13:01:50 +0200] "GET /robots.txt HTTP/1.1" 404 1181 "-" "Mozilla/5.0 (compatible; YandexBot/3.0; +http://yandex.com/bots)"
141.8.183.17 - - [01/Sep/2018:13:01:54 +0200] "GET / HTTP/1.1" 302 295 "-" "Mozilla/5.0 (compatible; YandexBot/3.0; +http://yandex.com/bots)"
207.46.13.51 - - [01/Sep/2018:13:24:39 +0200] "GET /robots.txt HTTP/1.1" 404 1181 "-" "Mozilla/5.0 (compatible; bingbot/2.0; +http://www.bing.com/bingbot.htm)"
86.101.33.104 - - [01/Sep/2018:18:12:41 +0200] "GET / HTTP/1.1" 302 295 "-" "Mozilla/5.0 (Windows NT 10.0; Win64; x64; rv:61.0) Gecko/20100101 Firefox/61.0"
40.77.167.145 - - [01/Sep/2018:20:22:43 +0200] "GET / HTTP/1.1" 302 295 "-" "Mozilla/5.0 (compatible; bingbot/2.0; +http://www.bing.com/bingbot.htm)"
141.8.183.17 - - [01/Sep/2018:21:25:03 +0200] "GET /robots.txt HTTP/1.1" 404 1181 "-" "Mozilla/5.0 (compatible; YandexBot/3.0; +http://yandex.com/bots)"
5.255.253.13 - - [01/Sep/2018:21:25:07 +0200] "GET / HTTP/1.1" 200 1213 "-" "Mozilla/5.0 (compatible; YandexBot/3.0; +http://yandex.com/bots)"
178.154.171.90 - - [01/Sep/2018:23:48:40 +0200] "GET /robots.txt HTTP/1.1" 404 1181 "-" "Mozilla/5.0 (compatible; YandexBot/3.0; +http://yandex.com/bots)"
178.154.171.90 - - [01/Sep/2018:23:48:43 +0200] "GET / HTTP/1.1" 302 295 "-" "Mozilla/5.0 (compatible; YandexBot/3.0; +http://yandex.com/bots)"
141.8.183.17 - - [02/Sep/2018:04:28:17 +0200] "GET /robots.txt HTTP/1.1" 404 1181 "-" "Mozilla/5.0 (compatible; YandexBot/3.0; +http://yandex.com/bots)"
141.8.183.17 - - [02/Sep/2018:04:28:21 +0200] "GET / HTTP/1.1" 302 295 "-" "Mozilla/5.0 (compatible; YandexBot/3.0; +http://yandex.com/bots)"
157.55.39.47 - - [02/Sep/2018:08:11:46 +0200] "GET /robots.txt HTTP/1.1" 404 1181 "-" "Mozilla/5.0 (compatible; bingbot/2.0; +http://www.bing.com/bingbot.htm)"
207.46.13.14 - - [02/Sep/2018:08:13:32 +0200] "GET / HTTP/1.1" 302 295 "-" "Mozilla/5.0 (compatible; bingbot/2.0; +http://www.bing.com/bingbot.htm)"
141.8.183.17 - - [02/Sep/2018:18:16:54 +0200] "GET /robots.txt HTTP/1.1" 404 1181 "-" "Mozilla/5.0 (compatible; YandexBot/3.0; +http://yandex.com/bots)"
141.8.183.17 - - [02/Sep/2018:18:16:58 +0200] "GET / HTTP/1.1" 200 1213 "-" "Mozilla/5.0 (compatible; YandexBot/3.0; +http://yandex.com/bots)"
178.154.171.90 - - [02/Sep/2018:19:24:56 +0200] "GET /robots.txt HTTP/1.1" 404 1181 "-" "Mozilla/5.0 (compatible; YandexBot/3.0; +http://yandex.com/bots)"
178.154.171.90 - - [02/Sep/2018:19:25:00 +0200] "GET / HTTP/1.1" 302 295 "-" "Mozilla/5.0 (compatible; YandexBot/3.0; +http://yandex.com/bots)"
188.40.106.108 - - [02/Sep/2018:19:46:23 +0200] "GET /robots.txt HTTP/1.1" 404 1181 "-" "Mozilla/5.0 (compatible; BLEXBot/1.0; +http://webmeup-crawler.com/)"
188.40.106.108 - - [02/Sep/2018:19:46:23 +0200] "GET /robots.txt HTTP/1.1" 404 1181 "-" "Mozilla/5.0 (compatible; BLEXBot/1.0; +http://webmeup-crawler.com/)"
188.40.106.108 - - [02/Sep/2018:19:46:25 +0200] "GET /sitemap.xml HTTP/1.1" 404 1181 "-" "Mozilla/5.0 (compatible; BLEXBot/1.0; +http://webmeup-crawler.com/)"
188.40.106.108 - - [02/Sep/2018:19:46:32 +0200] "GET /sitemap.xml HTTP/1.1" 404 1181 "-" "Mozilla/5.0 (compatible; BLEXBot/1.0; +http://webmeup-crawler.com/)"
138.197.111.234 - - [02/Sep/2018:20:17:48 +0200] "GET / HTTP/1.0" 200 1213 "-" "Mozilla/5.0 (compatible; NetcraftSurveyAgent/1.0; +info@netcraft.com)"
207.46.13.55 - - [02/Sep/2018:23:12:12 +0200] "GET / HTTP/1.1" 302 295 "-" "Mozilla/5.0 (compatible; bingbot/2.0; +http://www.bing.com/bingbot.htm)"
178.154.171.90 - - [02/Sep/2018:23:14:24 +0200] "GET /robots.txt HTTP/1.1" 404 1181 "-" "Mozilla/5.0 (compatible; YandexBot/3.0; +http://yandex.com/bots)"
178.154.171.90 - - [02/Sep/2018:23:14:28 +0200] "GET / HTTP/1.1" 302 295 "-" "Mozilla/5.0 (compatible; YandexBot/3.0; +http://yandex.com/bots)"
141.8.183.17 - - [03/Sep/2018:03:53:38 +0200] "GET /robots.txt HTTP/1.1" 404 1181 "-" "Mozilla/5.0 (compatible; YandexBot/3.0; +http://yandex.com/bots)"
141.8.183.17 - - [03/Sep/2018:03:53:42 +0200] "GET / HTTP/1.1" 302 295 "-" "Mozilla/5.0 (compatible; YandexBot/3.0; +http://yandex.com/bots)"
216.244.66.249 - - [03/Sep/2018:05:46:34 +0200] "GET /robots.txt HTTP/1.1" 404 1181 "-" "Mozilla/5.0 (compatible; DotBot/1.1; http://www.opensiteexplorer.org/dotbot, help@moz.com)"
85.25.210.41 - - [03/Sep/2018:12:10:47 +0200] "GET /robots.txt HTTP/1.1" 404 1181 "-" "Mozilla/5.0 (compatible; adscanner/)"
85.25.210.41 - - [03/Sep/2018:12:10:47 +0200] "GET /webmail/images/sm_logo.png HTTP/1.1" 404 1181 "-" "Mozilla/5.0 (compatible; adscanner/)"
87.97.33.234 - - [03/Sep/2018:12:26:21 +0200] "GET / HTTP/1.1" 302 295 "-" "Mozilla/5.0 (Windows NT 6.1; Win64; x64; rv:61.0) Gecko/20100101 Firefox/61.0"
157.55.39.122 - - [03/Sep/2018:13:29:56 +0200] "GET / HTTP/1.1" 302 295 "-" "Mozilla/5.0 (compatible; bingbot/2.0; +http://www.bing.com/bingbot.htm)"
157.55.39.141 - - [03/Sep/2018:13:40:33 +0200] "GET /robots.txt HTTP/1.1" 404 1181 "-" "Mozilla/5.0 (compatible; bingbot/2.0; +http://www.bing.com/bingbot.htm)"
141.8.183.17 - - [03/Sep/2018:15:49:07 +0200] "GET /robots.txt HTTP/1.1" 404 1181 "-" "Mozilla/5.0 (compatible; YandexBot/3.0; +http://yandex.com/bots)"
178.154.171.90 - - [03/Sep/2018:15:49:11 +0200] "GET / HTTP/1.1" 200 1213 "-" "Mozilla/5.0 (compatible; YandexBot/3.0; +http://yandex.com/bots)"
141.8.132.36 - - [03/Sep/2018:18:46:25 +0200] "GET /robots.txt HTTP/1.1" 404 1181 "-" "Mozilla/5.0 (compatible; YandexBot/3.0; +http://yandex.com/bots)"
141.8.132.36 - - [03/Sep/2018:18:46:29 +0200] "GET / HTTP/1.1" 302 295 "-" "Mozilla/5.0 (compatible; YandexBot/3.0; +http://yandex.com/bots)"
217.65.123.147 - - [03/Sep/2018:22:37:51 +0200] "GET / HTTP/1.1" 302 295 "-" "Mozilla/5.0 (Windows NT 6.1; Win64; x64; rv:61.0) Gecko/20100101 Firefox/61.0"
157.55.39.47 - - [04/Sep/2018:01:46:23 +0200] "GET /robots.txt HTTP/1.1" 404 1181 "-" "Mozilla/5.0 (compatible; bingbot/2.0; +http://www.bing.com/bingbot.htm)"
157.55.39.163 - - [04/Sep/2018:02:57:02 +0200] "GET / HTTP/1.1" 302 295 "-" "Mozilla/5.0 (compatible; bingbot/2.0; +http://www.bing.com/bingbot.htm)"
141.8.183.17 - - [04/Sep/2018:08:19:39 +0200] "GET /robots.txt HTTP/1.1" 404 1181 "-" "Mozilla/5.0 (compatible; YandexBot/3.0; +http://yandex.com/bots)"
141.8.183.17 - - [04/Sep/2018:08:19:42 +0200] "GET / HTTP/1.1" 302 295 "-" "Mozilla/5.0 (compatible; YandexBot/3.0; +http://yandex.com/bots)"
87.97.53.18 - - [04/Sep/2018:10:07:07 +0200] "GET / HTTP/1.1" 302 295 "-" "Mozilla/5.0 (Windows NT 6.1; Win64; x64; rv:61.0) Gecko/20100101 Firefox/61.0"
207.46.13.122 - - [04/Sep/2018:15:42:28 +0200] "GET / HTTP/1.1" 302 295 "-" "Mozilla/5.0 (compatible; bingbot/2.0; +http://www.bing.com/bingbot.htm)"
87.97.53.18 - - [04/Sep/2018:16:13:29 +0200] "GET / HTTP/1.1" 302 295 "-" "Mozilla/5.0 (Windows NT 6.1; Win64; x64; rv:61.0) Gecko/20100101 Firefox/61.0"
86.101.33.104 - - [04/Sep/2018:16:50:47 +0200] "GET / HTTP/1.1" 302 295 "-" "Mozilla/5.0 (Windows NT 10.0; Win64; x64; rv:61.0) Gecko/20100101 Firefox/61.0"
141.8.183.17 - - [04/Sep/2018:19:24:25 +0200] "GET /robots.txt HTTP/1.1" 404 1181 "-" "Mozilla/5.0 (compatible; YandexBot/3.0; +http://yandex.com/bots)"
141.8.183.17 - - [04/Sep/2018:19:24:29 +0200] "GET / HTTP/1.1" 302 295 "-" "Mozilla/5.0 (compatible; YandexBot/3.0; +http://yandex.com/bots)"
178.33.161.85 - - [04/Sep/2018:19:48:38 +0200] "GET //?author=1 HTTP/1.1" 200 1213 "-" "Python-urllib/2.7"
178.33.161.85 - - [04/Sep/2018:19:48:38 +0200] "GET //?author=2 HTTP/1.1" 200 1213 "-" "Python-urllib/2.7"
178.33.161.85 - - [04/Sep/2018:19:48:38 +0200] "GET //?author=3 HTTP/1.1" 200 1213 "-" "Python-urllib/2.7"
178.33.161.85 - - [04/Sep/2018:19:48:38 +0200] "GET //?author=4 HTTP/1.1" 200 1213 "-" "Python-urllib/2.7"
178.33.161.85 - - [04/Sep/2018:19:48:38 +0200] "GET //?author=5 HTTP/1.1" 200 1213 "-" "Python-urllib/2.7"
178.33.161.85 - - [04/Sep/2018:19:48:38 +0200] "GET //?author=6 HTTP/1.1" 200 1213 "-" "Python-urllib/2.7"
178.33.161.85 - - [04/Sep/2018:19:48:38 +0200] "GET //?author=7 HTTP/1.1" 200 1213 "-" "Python-urllib/2.7"
178.33.161.85 - - [04/Sep/2018:19:48:39 +0200] "GET //?author=8 HTTP/1.1" 200 1213 "-" "Python-urllib/2.7"
178.33.161.85 - - [04/Sep/2018:19:48:39 +0200] "GET //?author=9 HTTP/1.1" 200 1213 "-" "Python-urllib/2.7"
178.154.171.90 - - [04/Sep/2018:23:23:13 +0200] "GET /robots.txt HTTP/1.1" 404 1181 "-" "Mozilla/5.0 (compatible; YandexBot/3.0; +http://yandex.com/bots)"
178.154.171.90 - - [04/Sep/2018:23:23:17 +0200] "GET / HTTP/1.1" 200 1213 "-" "Mozilla/5.0 (compatible; YandexBot/3.0; +http://yandex.com/bots)"
40.77.167.160 - - [04/Sep/2018:23:57:21 +0200] "GET /robots.txt HTTP/1.1" 404 1181 "-" "Mozilla/5.0 (compatible; bingbot/2.0; +http://www.bing.com/bingbot.htm)"
85.186.199.17 - - [05/Sep/2018:00:10:41 +0200] "GET //?author=2 HTTP/1.1" 200 1213 "-" "Python-urllib/2.7"
85.186.199.17 - - [05/Sep/2018:00:10:56 +0200] "GET //?author=3 HTTP/1.1" 200 1213 "-" "Python-urllib/2.7"
180.76.15.34 - - [05/Sep/2018:02:57:24 +0200] "GET / HTTP/1.1" 302 295 "-" "Mozilla/5.0 (compatible; Baiduspider/2.0; +http://www.baidu.com/search/spider.html)"
157.55.39.234 - - [05/Sep/2018:03:13:31 +0200] "GET / HTTP/1.1" 302 295 "-" "Mozilla/5.0 (compatible; bingbot/2.0; +http://www.bing.com/bingbot.htm)"
141.8.183.17 - - [05/Sep/2018:04:38:49 +0200] "GET /robots.txt HTTP/1.1" 404 1181 "-" "Mozilla/5.0 (compatible; YandexBot/3.0; +http://yandex.com/bots)"
141.8.183.17 - - [05/Sep/2018:04:38:52 +0200] "GET / HTTP/1.1" 302 295 "-" "Mozilla/5.0 (compatible; YandexBot/3.0; +http://yandex.com/bots)"
23.237.4.26 - - [05/Sep/2018:05:37:35 +0200] "GET / HTTP/1.1" 302 295 "-" "Mozilla/5.0 (compatible; AlphaBot/3.2; +http://alphaseobot.com/bot.html)"
87.97.62.99 - - [05/Sep/2018:10:09:27 +0200] "GET / HTTP/1.1" 302 295 "-" "Mozilla/5.0 (Windows NT 6.1; Win64; x64; rv:61.0) Gecko/20100101 Firefox/61.0"
178.154.171.90 - - [05/Sep/2018:12:12:28 +0200] "GET /robots.txt HTTP/1.1" 404 1181 "-" "Mozilla/5.0 (compatible; YandexBot/3.0; +http://yandex.com/bots)"
178.154.171.90 - - [05/Sep/2018:12:12:31 +0200] "GET / HTTP/1.1" 302 295 "-" "Mozilla/5.0 (compatible; YandexBot/3.0; +http://yandex.com/bots)"
180.76.15.22 - - [05/Sep/2018:12:59:47 +0200] "GET / HTTP/1.1" 302 295 "-" "Mozilla/5.0 (compatible; Baiduspider/2.0; +http://www.baidu.com/search/spider.html)"
217.65.121.151 - - [05/Sep/2018:13:34:05 +0200] "GET / HTTP/1.1" 302 295 "-" "Mozilla/5.0 (Windows NT 6.1; Win64; x64; rv:61.0) Gecko/20100101 Firefox/61.0"
157.55.39.47 - - [05/Sep/2018:16:44:12 +0200] "GET /robots.txt HTTP/1.1" 404 1181 "-" "Mozilla/5.0 (compatible; bingbot/2.0; +http://www.bing.com/bingbot.htm)"
40.77.167.59 - - [05/Sep/2018:16:44:37 +0200] "GET / HTTP/1.1" 302 295 "-" "Mozilla/5.0 (compatible; bingbot/2.0; +http://www.bing.com/bingbot.htm)"
217.65.123.66 - - [05/Sep/2018:22:39:53 +0200] "GET / HTTP/1.1" 302 295 "-" "Mozilla/5.0 (Windows NT 6.1; Win64; x64; rv:61.0) Gecko/20100101 Firefox/61.0"
180.76.15.143 - - [06/Sep/2018:02:30:13 +0200] "GET /robots.txt HTTP/1.1" 404 1181 "-" "Mozilla/5.0 (Windows NT 5.1; rv:6.0.2) Gecko/20100101 Firefox/6.0.2"
40.77.167.59 - - [06/Sep/2018:04:26:07 +0200] "GET / HTTP/1.1" 302 295 "-" "Mozilla/5.0 (compatible; bingbot/2.0; +http://www.bing.com/bingbot.htm)"
141.8.183.17 - - [06/Sep/2018:06:22:15 +0200] "GET /robots.txt HTTP/1.1" 404 1181 "-" "Mozilla/5.0 (compatible; YandexBot/3.0; +http://yandex.com/bots)"
141.8.183.17 - - [06/Sep/2018:06:22:19 +0200] "GET / HTTP/1.1" 200 1213 "-" "Mozilla/5.0 (compatible; YandexBot/3.0; +http://yandex.com/bots)"
141.8.183.17 - - [06/Sep/2018:06:32:54 +0200] "GET /robots.txt HTTP/1.1" 404 1181 "-" "Mozilla/5.0 (compatible; YandexBot/3.0; +http://yandex.com/bots)"
141.8.183.17 - - [06/Sep/2018:06:32:58 +0200] "GET / HTTP/1.1" 302 295 "-" "Mozilla/5.0 (compatible; YandexBot/3.0; +http://yandex.com/bots)"
94.130.35.60 - - [06/Sep/2018:11:17:46 +0200] "GET /robots.txt HTTP/1.1" 404 1181 "-" "Mozilla/5.0 (compatible; BLEXBot/1.0; +http://webmeup-crawler.com/)"
94.130.35.60 - - [06/Sep/2018:11:17:46 +0200] "GET /robots.txt HTTP/1.1" 404 1181 "-" "Mozilla/5.0 (compatible; BLEXBot/1.0; +http://webmeup-crawler.com/)"
216.244.66.249 - - [06/Sep/2018:11:26:09 +0200] "GET /robots.txt HTTP/1.1" 404 1181 "-" "Mozilla/5.0 (compatible; DotBot/1.1; http://www.opensiteexplorer.org/dotbot, help@moz.com)"
188.40.106.108 - - [06/Sep/2018:13:11:28 +0200] "GET /robots.txt HTTP/1.1" 404 1181 "-" "Mozilla/5.0 (compatible; BLEXBot/1.0; +http://webmeup-crawler.com/)"
188.40.106.108 - - [06/Sep/2018:13:11:28 +0200] "GET /robots.txt HTTP/1.1" 404 1181 "-" "Mozilla/5.0 (compatible; BLEXBot/1.0; +http://webmeup-crawler.com/)"
84.206.44.118 - - [06/Sep/2018:14:09:32 +0200] "GET / HTTP/1.1" 302 295 "-" "Mozilla/5.0 (Windows NT 6.1; Win64; x64) AppleWebKit/537.36 (KHTML, like Gecko) Chrome/68.0.3440.106 Safari/537.36"
40.77.167.59 - - [06/Sep/2018:17:19:45 +0200] "GET / HTTP/1.1" 302 295 "-" "Mozilla/5.0 (compatible; bingbot/2.0; +http://www.bing.com/bingbot.htm)"
141.8.183.17 - - [06/Sep/2018:19:28:11 +0200] "GET /robots.txt HTTP/1.1" 404 1181 "-" "Mozilla/5.0 (compatible; YandexBot/3.0; +http://yandex.com/bots)"
141.8.183.17 - - [06/Sep/2018:19:28:15 +0200] "GET / HTTP/1.1" 302 295 "-" "Mozilla/5.0 (compatible; YandexBot/3.0; +http://yandex.com/bots)"
217.65.122.122 - - [06/Sep/2018:23:45:30 +0200] "GET / HTTP/1.1" 302 295 "-" "Mozilla/5.0 (Windows NT 6.1; Win64; x64; rv:62.0) Gecko/20100101 Firefox/62.0"
40.77.167.160 - - [06/Sep/2018:23:56:52 +0200] "GET /robots.txt HTTP/1.1" 404 1181 "-" "Mozilla/5.0 (compatible; bingbot/2.0; +http://www.bing.com/bingbot.htm)"
157.55.39.46 - - [07/Sep/2018:05:31:43 +0200] "GET / HTTP/1.1" 302 295 "-" "Mozilla/5.0 (compatible; bingbot/2.0; +http://www.bing.com/bingbot.htm)"
87.97.4.208 - - [07/Sep/2018:08:10:15 +0200] "GET / HTTP/1.1" 302 295 "-" "Mozilla/5.0 (Windows NT 6.1; Win64; x64; rv:61.0) Gecko/20100101 Firefox/61.0"
141.8.183.17 - - [07/Sep/2018:11:05:34 +0200] "GET /robots.txt HTTP/1.1" 404 1181 "-" "Mozilla/5.0 (compatible; YandexBot/3.0; +http://yandex.com/bots)"
141.8.183.17 - - [07/Sep/2018:11:05:38 +0200] "GET / HTTP/1.1" 302 295 "-" "Mozilla/5.0 (compatible; YandexBot/3.0; +http://yandex.com/bots)"
141.8.183.17 - - [07/Sep/2018:17:13:28 +0200] "GET /robots.txt HTTP/1.1" 404 1181 "-" "Mozilla/5.0 (compatible; YandexBot/3.0; +http://yandex.com/bots)"
141.8.183.17 - - [07/Sep/2018:17:13:32 +0200] "GET / HTTP/1.1" 302 295 "-" "Mozilla/5.0 (compatible; YandexBot/3.0; +http://yandex.com/bots)"
207.46.13.76 - - [07/Sep/2018:18:22:47 +0200] "GET /robots.txt HTTP/1.1" 404 1181 "-" "Mozilla/5.0 (compatible; bingbot/2.0; +http://www.bing.com/bingbot.htm)"
157.55.39.202 - - [07/Sep/2018:18:22:52 +0200] "GET / HTTP/1.1" 302 295 "-" "Mozilla/5.0 (compatible; bingbot/2.0; +http://www.bing.com/bingbot.htm)"
178.154.171.90 - - [08/Sep/2018:05:02:07 +0200] "GET /robots.txt HTTP/1.1" 404 1181 "-" "Mozilla/5.0 (compatible; YandexBot/3.0; +http://yandex.com/bots)"
178.154.171.90 - - [08/Sep/2018:05:02:11 +0200] "GET / HTTP/1.1" 302 295 "-" "Mozilla/5.0 (compatible; YandexBot/3.0; +http://yandex.com/bots)"
157.55.39.202 - - [08/Sep/2018:06:08:57 +0200] "GET / HTTP/1.1" 302 295 "-" "Mozilla/5.0 (compatible; bingbot/2.0; +http://www.bing.com/bingbot.htm)"
94.130.35.60 - - [08/Sep/2018:06:13:41 +0200] "GET /robots.txt HTTP/1.1" 404 1181 "-" "Mozilla/5.0 (compatible; BLEXBot/1.0; +http://webmeup-crawler.com/)"
94.130.35.60 - - [08/Sep/2018:06:13:41 +0200] "GET /robots.txt HTTP/1.1" 404 1181 "-" "Mozilla/5.0 (compatible; BLEXBot/1.0; +http://webmeup-crawler.com/)"
178.154.171.90 - - [08/Sep/2018:10:36:16 +0200] "GET /robots.txt HTTP/1.1" 404 1181 "-" "Mozilla/5.0 (compatible; YandexBot/3.0; +http://yandex.com/bots)"
178.154.171.90 - - [08/Sep/2018:10:36:20 +0200] "GET / HTTP/1.1" 200 1213 "-" "Mozilla/5.0 (compatible; YandexBot/3.0; +http://yandex.com/bots)"
40.77.167.217 - - [08/Sep/2018:16:47:32 +0200] "GET /robots.txt HTTP/1.1" 404 1181 "-" "Mozilla/5.0 (compatible; bingbot/2.0; +http://www.bing.com/bingbot.htm)"
141.8.183.17 - - [08/Sep/2018:19:20:43 +0200] "GET /robots.txt HTTP/1.1" 404 1181 "-" "Mozilla/5.0 (compatible; YandexBot/3.0; +http://yandex.com/bots)"
141.8.183.17 - - [08/Sep/2018:19:20:46 +0200] "GET / HTTP/1.1" 302 295 "-" "Mozilla/5.0 (compatible; YandexBot/3.0; +http://yandex.com/bots)"
157.55.39.202 - - [08/Sep/2018:19:50:38 +0200] "GET / HTTP/1.1" 302 295 "-" "Mozilla/5.0 (compatible; bingbot/2.0; +http://www.bing.com/bingbot.htm)"
216.244.66.249 - - [09/Sep/2018:04:15:02 +0200] "GET /robots.txt HTTP/1.1" 404 1181 "-" "Mozilla/5.0 (compatible; DotBot/1.1; http://www.opensiteexplorer.org/dotbot, help@moz.com)"
216.244.66.249 - - [09/Sep/2018:04:23:15 +0200] "GET /webmail HTTP/1.1" 404 1181 "-" "Mozilla/5.0 (compatible; DotBot/1.1; http://www.opensiteexplorer.org/dotbot, help@moz.com)"
141.8.183.17 - - [09/Sep/2018:04:42:08 +0200] "GET /robots.txt HTTP/1.1" 404 1181 "-" "Mozilla/5.0 (compatible; YandexBot/3.0; +http://yandex.com/bots)"
141.8.183.17 - - [09/Sep/2018:04:42:12 +0200] "GET / HTTP/1.1" 302 295 "-" "Mozilla/5.0 (compatible; YandexBot/3.0; +http://yandex.com/bots)"
40.77.167.79 - - [09/Sep/2018:07:41:01 +0200] "GET / HTTP/1.1" 302 295 "-" "Mozilla/5.0 (compatible; bingbot/2.0; +http://www.bing.com/bingbot.htm)"
141.8.183.17 - - [09/Sep/2018:10:34:27 +0200] "GET /robots.txt HTTP/1.1" 404 1181 "-" "Mozilla/5.0 (compatible; YandexBot/3.0; +http://yandex.com/bots)"
178.154.171.90 - - [09/Sep/2018:10:34:31 +0200] "GET / HTTP/1.1" 302 295 "-" "Mozilla/5.0 (compatible; YandexBot/3.0; +http://yandex.com/bots)"
94.130.35.60 - - [09/Sep/2018:13:23:36 +0200] "GET /robots.txt HTTP/1.1" 404 1181 "-" "Mozilla/5.0 (compatible; BLEXBot/1.0; +http://webmeup-crawler.com/)"
94.130.35.60 - - [09/Sep/2018:13:23:36 +0200] "GET /robots.txt HTTP/1.1" 404 1181 "-" "Mozilla/5.0 (compatible; BLEXBot/1.0; +http://webmeup-crawler.com/)"
216.244.66.249 - - [09/Sep/2018:15:44:05 +0200] "GET /robots.txt HTTP/1.1" 404 1181 "-" "Mozilla/5.0 (compatible; DotBot/1.1; http://www.opensiteexplorer.org/dotbot, help@moz.com)"
216.244.66.249 - - [09/Sep/2018:16:11:49 +0200] "GET /mailman/admin/ringing HTTP/1.1" 404 1181 "-" "Mozilla/5.0 (compatible; DotBot/1.1; http://www.opensiteexplorer.org/dotbot, help@moz.com)"
141.8.183.17 - - [09/Sep/2018:19:19:15 +0200] "GET /robots.txt HTTP/1.1" 404 1181 "-" "Mozilla/5.0 (compatible; YandexBot/3.0; +http://yandex.com/bots)"
141.8.183.17 - - [09/Sep/2018:19:19:19 +0200] "GET / HTTP/1.1" 200 1213 "-" "Mozilla/5.0 (compatible; YandexBot/3.0; +http://yandex.com/bots)"
178.154.171.90 - - [09/Sep/2018:20:21:17 +0200] "GET /robots.txt HTTP/1.1" 404 1181 "-" "Mozilla/5.0 (compatible; YandexBot/3.0; +http://yandex.com/bots)"
141.8.183.17 - - [09/Sep/2018:20:21:21 +0200] "GET / HTTP/1.1" 302 295 "-" "Mozilla/5.0 (compatible; YandexBot/3.0; +http://yandex.com/bots)"
207.46.13.197 - - [09/Sep/2018:20:55:51 +0200] "GET /robots.txt HTTP/1.1" 404 1181 "-" "Mozilla/5.0 (compatible; bingbot/2.0; +http://www.bing.com/bingbot.htm)"
40.77.167.87 - - [09/Sep/2018:20:55:52 +0200] "GET / HTTP/1.1" 302 295 "-" "Mozilla/5.0 (compatible; bingbot/2.0; +http://www.bing.com/bingbot.htm)"
216.244.66.249 - - [10/Sep/2018:00:04:17 +0200] "GET /robots.txt HTTP/1.1" 404 1181 "-" "Mozilla/5.0 (compatible; DotBot/1.1; http://www.opensiteexplorer.org/dotbot, help@moz.com)"
141.8.183.17 - - [10/Sep/2018:06:00:18 +0200] "GET /robots.txt HTTP/1.1" 404 1181 "-" "Mozilla/5.0 (compatible; YandexBot/3.0; +http://yandex.com/bots)"
178.154.171.90 - - [10/Sep/2018:06:00:22 +0200] "GET / HTTP/1.1" 302 295 "-" "Mozilla/5.0 (compatible; YandexBot/3.0; +http://yandex.com/bots)"
40.77.167.87 - - [10/Sep/2018:08:49:07 +0200] "GET / HTTP/1.1" 302 295 "-" "Mozilla/5.0 (compatible; bingbot/2.0; +http://www.bing.com/bingbot.htm)"
216.244.66.249 - - [10/Sep/2018:09:20:41 +0200] "GET /robots.txt HTTP/1.1" 404 1181 "-" "Mozilla/5.0 (compatible; DotBot/1.1; http://www.opensiteexplorer.org/dotbot, help@moz.com)"
216.244.66.249 - - [10/Sep/2018:09:27:07 +0200] "GET /webmail/src/login.php HTTP/1.1" 404 1181 "-" "Mozilla/5.0 (compatible; DotBot/1.1; http://www.opensiteexplorer.org/dotbot, help@moz.com)"
141.8.183.17 - - [10/Sep/2018:17:12:23 +0200] "GET /robots.txt HTTP/1.1" 404 1181 "-" "Mozilla/5.0 (compatible; YandexBot/3.0; +http://yandex.com/bots)"
141.8.183.17 - - [10/Sep/2018:17:12:27 +0200] "GET / HTTP/1.1" 200 1213 "-" "Mozilla/5.0 (compatible; YandexBot/3.0; +http://yandex.com/bots)"
193.225.113.19 - - [10/Sep/2018:17:56:00 +0200] "GET / HTTP/1.1" 302 295 "-" "Mozilla/5.0 (Windows NT 10.0; Win64; x64) AppleWebKit/537.36 (KHTML, like Gecko) Chrome/68.0.3440.106 Safari/537.36"
141.8.183.17 - - [10/Sep/2018:20:49:24 +0200] "GET /robots.txt HTTP/1.1" 404 1181 "-" "Mozilla/5.0 (compatible; YandexBot/3.0; +http://yandex.com/bots)"
141.8.183.17 - - [10/Sep/2018:20:49:27 +0200] "GET / HTTP/1.1" 302 295 "-" "Mozilla/5.0 (compatible; YandexBot/3.0; +http://yandex.com/bots)"
31.46.247.157 - - [10/Sep/2018:21:59:24 +0200] "GET / HTTP/1.1" 302 295 "-" "Mozilla/5.0 (Windows NT 6.1; Win64; x64; rv:62.0) Gecko/20100101 Firefox/62.0"
94.130.35.60 - - [10/Sep/2018:23:27:42 +0200] "GET /robots.txt HTTP/1.1" 404 1181 "-" "Mozilla/5.0 (compatible; BLEXBot/1.0; +http://webmeup-crawler.com/)"
94.130.35.60 - - [10/Sep/2018:23:27:42 +0200] "GET /robots.txt HTTP/1.1" 404 1181 "-" "Mozilla/5.0 (compatible; BLEXBot/1.0; +http://webmeup-crawler.com/)"
141.8.183.17 - - [11/Sep/2018:06:07:23 +0200] "GET /robots.txt HTTP/1.1" 404 1181 "-" "Mozilla/5.0 (compatible; YandexBot/3.0; +http://yandex.com/bots)"
141.8.183.17 - - [11/Sep/2018:06:07:26 +0200] "GET / HTTP/1.1" 302 295 "-" "Mozilla/5.0 (compatible; YandexBot/3.0; +http://yandex.com/bots)"
141.8.183.17 - - [11/Sep/2018:13:13:35 +0200] "GET /robots.txt HTTP/1.1" 404 1181 "-" "Mozilla/5.0 (compatible; YandexBot/3.0; +http://yandex.com/bots)"
141.8.183.17 - - [11/Sep/2018:13:13:39 +0200] "GET / HTTP/1.1" 200 1213 "-" "Mozilla/5.0 (compatible; YandexBot/3.0; +http://yandex.com/bots)"
178.154.171.90 - - [11/Sep/2018:14:13:18 +0200] "GET /robots.txt HTTP/1.1" 404 1181 "-" "Mozilla/5.0 (compatible; YandexBot/3.0; +http://yandex.com/bots)"
141.8.183.17 - - [11/Sep/2018:14:13:22 +0200] "GET / HTTP/1.1" 302 295 "-" "Mozilla/5.0 (compatible; YandexBot/3.0; +http://yandex.com/bots)"
86.101.33.104 - - [11/Sep/2018:16:52:02 +0200] "GET / HTTP/1.1" 302 295 "-" "Mozilla/5.0 (Windows NT 10.0; Win64; x64; rv:62.0) Gecko/20100101 Firefox/62.0"
188.40.106.108 - - [11/Sep/2018:17:44:28 +0200] "GET /robots.txt HTTP/1.1" 404 1181 "-" "Mozilla/5.0 (compatible; BLEXBot/1.0; +http://webmeup-crawler.com/)"
188.40.106.108 - - [11/Sep/2018:17:44:28 +0200] "GET /robots.txt HTTP/1.1" 404 1181 "-" "Mozilla/5.0 (compatible; BLEXBot/1.0; +http://webmeup-crawler.com/)"
81.0.127.185 - - [11/Sep/2018:19:54:58 +0200] "GET / HTTP/1.1" 302 295 "-" "Mozilla/5.0 (Windows NT 6.1; WOW64) AppleWebKit/537.36 (KHTML, like Gecko) Chrome/68.0.3440.106 Safari/537.36"
178.154.171.90 - - [11/Sep/2018:21:00:15 +0200] "GET /robots.txt HTTP/1.1" 404 1181 "-" "Mozilla/5.0 (compatible; YandexBot/3.0; +http://yandex.com/bots)"
178.154.171.90 - - [11/Sep/2018:21:00:19 +0200] "GET / HTTP/1.1" 302 295 "-" "Mozilla/5.0 (compatible; YandexBot/3.0; +http://yandex.com/bots)"
178.154.171.90 - - [12/Sep/2018:03:01:52 +0200] "GET /robots.txt HTTP/1.1" 404 1181 "-" "Mozilla/5.0 (compatible; YandexBot/3.0; +http://yandex.com/bots)"
178.154.171.90 - - [12/Sep/2018:03:01:55 +0200] "GET / HTTP/1.1" 302 295 "-" "Mozilla/5.0 (compatible; YandexBot/3.0; +http://yandex.com/bots)"
94.130.35.60 - - [12/Sep/2018:06:48:14 +0200] "GET /robots.txt HTTP/1.1" 404 1181 "-" "Mozilla/5.0 (compatible; BLEXBot/1.0; +http://webmeup-crawler.com/)"
94.130.35.60 - - [12/Sep/2018:06:48:15 +0200] "GET /robots.txt HTTP/1.1" 404 1181 "-" "Mozilla/5.0 (compatible; BLEXBot/1.0; +http://webmeup-crawler.com/)"
31.46.244.94 - - [12/Sep/2018:09:09:20 +0200] "GET / HTTP/1.1" 302 295 "-" "Mozilla/5.0 (Windows NT 6.1; Win64; x64; rv:62.0) Gecko/20100101 Firefox/62.0"
157.55.39.24 - - [12/Sep/2018:12:16:30 +0200] "GET /robots.txt HTTP/1.1" 404 1181 "-" "Mozilla/5.0 (compatible; bingbot/2.0; +http://www.bing.com/bingbot.htm)"
157.55.39.71 - - [12/Sep/2018:12:16:37 +0200] "GET / HTTP/1.1" 302 295 "-" "Mozilla/5.0 (compatible; bingbot/2.0; +http://www.bing.com/bingbot.htm)"
141.8.183.17 - - [12/Sep/2018:19:51:28 +0200] "GET /robots.txt HTTP/1.1" 404 1181 "-" "Mozilla/5.0 (compatible; YandexBot/3.0; +http://yandex.com/bots)"
141.8.183.17 - - [12/Sep/2018:19:51:32 +0200] "GET / HTTP/1.1" 302 295 "-" "Mozilla/5.0 (compatible; YandexBot/3.0; +http://yandex.com/bots)"
82.131.200.193 - - [12/Sep/2018:20:35:46 +0200] "GET / HTTP/1.1" 302 295 "-" "Mozilla/5.0 (Windows NT 6.1; WOW64) AppleWebKit/537.36 (KHTML, like Gecko) Chrome/68.0.3440.106 Safari/537.36"
31.46.240.37 - - [12/Sep/2018:22:55:37 +0200] "GET / HTTP/1.1" 302 295 "-" "Mozilla/5.0 (Windows NT 6.1; Win64; x64; rv:62.0) Gecko/20100101 Firefox/62.0"
178.154.171.90 - - [18/Sep/2018:00:41:46 +0200] "GET /robots.txt HTTP/1.1" 404 1181 "-" "Mozilla/5.0 (compatible; YandexBot/3.0; +http://yandex.com/bots)"
178.154.171.90 - - [18/Sep/2018:00:41:50 +0200] "GET / HTTP/1.1" 302 295 "-" "Mozilla/5.0 (compatible; YandexBot/3.0; +http://yandex.com/bots)"
40.77.167.171 - - [18/Sep/2018:06:16:16 +0200] "GET / HTTP/1.1" 302 295 "-" "Mozilla/5.0 (compatible; bingbot/2.0; +http://www.bing.com/bingbot.htm)"
31.46.246.202 - - [18/Sep/2018:10:06:39 +0200] "GET / HTTP/1.1" 302 295 "-" "Mozilla/5.0 (Windows NT 6.1; Win64; x64; rv:62.0) Gecko/20100101 Firefox/62.0"
180.76.15.32 - - [18/Sep/2018:15:03:05 +0200] "GET / HTTP/1.1" 302 295 "-" "Mozilla/5.0 (compatible; Baiduspider/2.0; +http://www.baidu.com/search/spider.html)"
178.154.171.90 - - [18/Sep/2018:17:45:37 +0200] "GET /robots.txt HTTP/1.1" 404 1181 "-" "Mozilla/5.0 (compatible; YandexBot/3.0; +http://yandex.com/bots)"
178.154.171.90 - - [18/Sep/2018:17:45:41 +0200] "GET / HTTP/1.1" 200 1213 "-" "Mozilla/5.0 (compatible; YandexBot/3.0; +http://yandex.com/bots)"
141.8.183.17 - - [18/Sep/2018:20:22:17 +0200] "GET /robots.txt HTTP/1.1" 404 1181 "-" "Mozilla/5.0 (compatible; YandexBot/3.0; +http://yandex.com/bots)"
141.8.183.17 - - [18/Sep/2018:20:22:20 +0200] "GET / HTTP/1.1" 302 295 "-" "Mozilla/5.0 (compatible; YandexBot/3.0; +http://yandex.com/bots)"
207.46.13.204 - - [19/Sep/2018:01:40:25 +0200] "GET /robots.txt HTTP/1.1" 404 1181 "-" "Mozilla/5.0 (compatible; bingbot/2.0; +http://www.bing.com/bingbot.htm)"
40.77.167.171 - - [19/Sep/2018:01:40:30 +0200] "GET / HTTP/1.1" 302 295 "-" "Mozilla/5.0 (compatible; bingbot/2.0; +http://www.bing.com/bingbot.htm)"
31.46.245.228 - - [19/Sep/2018:09:32:48 +0200] "GET / HTTP/1.1" 302 295 "-" "Mozilla/5.0 (Windows NT 6.1; Win64; x64; rv:62.0) Gecko/20100101 Firefox/62.0"
216.244.66.249 - - [19/Sep/2018:11:56:11 +0200] "GET /robots.txt HTTP/1.1" 404 1181 "-" "Mozilla/5.0 (compatible; DotBot/1.1; http://www.opensiteexplorer.org/dotbot, help@moz.com)"
40.77.167.171 - - [19/Sep/2018:16:45:21 +0200] "GET / HTTP/1.1" 302 295 "-" "Mozilla/5.0 (compatible; bingbot/2.0; +http://www.bing.com/bingbot.htm)"
180.76.15.6 - - [19/Sep/2018:18:05:18 +0200] "GET / HTTP/1.1" 302 295 "-" "Mozilla/5.0 (compatible; Baiduspider/2.0; +http://www.baidu.com/search/spider.html)"
180.76.15.7 - - [19/Sep/2018:18:05:19 +0200] "GET /robots.txt HTTP/1.1" 404 1181 "-" "Mozilla/5.0 (Windows NT 5.1; rv:6.0.2) Gecko/20100101 Firefox/6.0.2"
178.154.171.90 - - [19/Sep/2018:19:58:14 +0200] "GET /robots.txt HTTP/1.1" 404 1181 "-" "Mozilla/5.0 (compatible; YandexBot/3.0; +http://yandex.com/bots)"
178.154.171.90 - - [19/Sep/2018:19:58:17 +0200] "GET / HTTP/1.1" 200 1213 "-" "Mozilla/5.0 (compatible; YandexBot/3.0; +http://yandex.com/bots)"
31.46.242.50 - - [19/Sep/2018:21:18:10 +0200] "GET / HTTP/1.1" 302 295 "-" "Mozilla/5.0 (Windows NT 6.1; Win64; x64; rv:62.0) Gecko/20100101 Firefox/62.0"
40.77.167.171 - - [20/Sep/2018:04:24:06 +0200] "GET / HTTP/1.1" 302 295 "-" "Mozilla/5.0 (compatible; bingbot/2.0; +http://www.bing.com/bingbot.htm)"
62.138.0.25 - - [20/Sep/2018:18:56:26 +0200] "GET /robots.txt HTTP/1.1" 404 1181 "-" "Mozilla/5.0 (compatible; adscanner/)"
62.138.0.25 - - [20/Sep/2018:18:56:26 +0200] "GET /webmail/images/sm_logo.png HTTP/1.1" 404 1181 "-" "Mozilla/5.0 (compatible; adscanner/)"
40.77.167.171 - - [20/Sep/2018:19:39:48 +0200] "GET / HTTP/1.1" 302 295 "-" "Mozilla/5.0 (compatible; bingbot/2.0; +http://www.bing.com/bingbot.htm)"
180.76.15.22 - - [20/Sep/2018:19:42:14 +0200] "GET / HTTP/1.1" 302 295 "-" "Mozilla/5.0 (compatible; Baiduspider/2.0; +http://www.baidu.com/search/spider.html)"
141.8.183.17 - - [20/Sep/2018:20:47:07 +0200] "GET /robots.txt HTTP/1.1" 404 1181 "-" "Mozilla/5.0 (compatible; YandexBot/3.0; +http://yandex.com/bots)"
141.8.183.17 - - [20/Sep/2018:20:47:10 +0200] "GET / HTTP/1.1" 200 1213 "-" "Mozilla/5.0 (compatible; YandexBot/3.0; +http://yandex.com/bots)"
141.8.183.17 - - [20/Sep/2018:22:34:12 +0200] "GET /robots.txt HTTP/1.1" 404 1181 "-" "Mozilla/5.0 (compatible; YandexBot/3.0; +http://yandex.com/bots)"
141.8.183.17 - - [20/Sep/2018:22:34:16 +0200] "GET / HTTP/1.1" 302 295 "-" "Mozilla/5.0 (compatible; YandexBot/3.0; +http://yandex.com/bots)"
87.97.53.70 - - [21/Sep/2018:08:53:42 +0200] "GET / HTTP/1.1" 302 295 "-" "Mozilla/5.0 (Windows NT 6.1; Win64; x64; rv:62.0) Gecko/20100101 Firefox/62.0"
84.206.44.118 - - [21/Sep/2018:12:53:16 +0200] "GET / HTTP/1.1" 302 295 "-" "Mozilla/5.0 (Windows NT 6.1; Win64; x64) AppleWebKit/537.36 (KHTML, like Gecko) Chrome/69.0.3497.100 Safari/537.36"
194.153.113.13 - - [21/Sep/2018:16:30:06 +0200] "GET /robots.txt HTTP/1.1" 404 1181 "-" "Mozilla/5.0 (compatible; oBot/2.3.1; http://filterdb.iss.net/crawler/)"
194.153.113.13 - - [21/Sep/2018:16:30:06 +0200] "GET / HTTP/1.1" 302 295 "-" "Mozilla/5.0 (compatible; oBot/2.3.1; http://filterdb.iss.net/crawler/)"
141.8.183.17 - - [21/Sep/2018:17:24:58 +0200] "GET /robots.txt HTTP/1.1" 404 1181 "-" "Mozilla/5.0 (compatible; YandexBot/3.0; +http://yandex.com/bots)"
141.8.183.17 - - [21/Sep/2018:17:25:02 +0200] "GET / HTTP/1.1" 200 1213 "-" "Mozilla/5.0 (compatible; YandexBot/3.0; +http://yandex.com/bots)"
141.8.183.17 - - [21/Sep/2018:21:23:45 +0200] "GET /robots.txt HTTP/1.1" 404 1181 "-" "Mozilla/5.0 (compatible; YandexBot/3.0; +http://yandex.com/bots)"
141.8.183.17 - - [21/Sep/2018:21:23:48 +0200] "GET / HTTP/1.1" 302 295 "-" "Mozilla/5.0 (compatible; YandexBot/3.0; +http://yandex.com/bots)"
207.46.13.204 - - [21/Sep/2018:22:29:16 +0200] "GET /robots.txt HTTP/1.1" 404 1181 "-" "Mozilla/5.0 (compatible; bingbot/2.0; +http://www.bing.com/bingbot.htm)"
157.55.39.143 - - [21/Sep/2018:22:29:21 +0200] "GET / HTTP/1.1" 302 295 "-" "Mozilla/5.0 (compatible; bingbot/2.0; +http://www.bing.com/bingbot.htm)"
62.138.0.25 - - [22/Sep/2018:06:44:10 +0200] "GET /robots.txt HTTP/1.1" 404 1181 "-" "Mozilla/5.0 (compatible; adscanner/)"
62.138.0.25 - - [22/Sep/2018:06:44:10 +0200] "GET /webmail/images/sm_logo.png HTTP/1.1" 404 1181 "-" "Mozilla/5.0 (compatible; adscanner/)"
31.46.243.184 - - [22/Sep/2018:08:53:01 +0200] "GET / HTTP/1.1" 302 295 "-" "Mozilla/5.0 (Windows NT 6.1; Win64; x64; rv:62.0) Gecko/20100101 Firefox/62.0"
180.76.15.163 - - [22/Sep/2018:10:33:48 +0200] "GET / HTTP/1.1" 302 295 "-" "Mozilla/5.0 (compatible; Baiduspider/2.0; +http://www.baidu.com/search/spider.html)"
178.154.171.90 - - [22/Sep/2018:10:38:38 +0200] "GET /robots.txt HTTP/1.1" 404 1181 "-" "Mozilla/5.0 (compatible; YandexBot/3.0; +http://yandex.com/bots)"
178.154.171.90 - - [22/Sep/2018:10:38:42 +0200] "GET / HTTP/1.1" 302 295 "-" "Mozilla/5.0 (compatible; YandexBot/3.0; +http://yandex.com/bots)"
157.55.39.226 - - [22/Sep/2018:13:26:26 +0200] "GET / HTTP/1.1" 302 295 "-" "Mozilla/5.0 (compatible; bingbot/2.0; +http://www.bing.com/bingbot.htm)"
216.244.66.249 - - [22/Sep/2018:15:43:19 +0200] "GET /robots.txt HTTP/1.1" 404 1181 "-" "Mozilla/5.0 (compatible; DotBot/1.1; http://www.opensiteexplorer.org/dotbot, help@moz.com)"
180.76.15.160 - - [22/Sep/2018:15:50:33 +0200] "GET / HTTP/1.1" 302 295 "-" "Mozilla/5.0 (compatible; Baiduspider/2.0; +http://www.baidu.com/search/spider.html)"
141.8.183.17 - - [22/Sep/2018:20:00:50 +0200] "GET /robots.txt HTTP/1.1" 404 1181 "-" "Mozilla/5.0 (compatible; YandexBot/3.0; +http://yandex.com/bots)"
141.8.183.17 - - [22/Sep/2018:20:00:53 +0200] "GET / HTTP/1.1" 302 295 "-" "Mozilla/5.0 (compatible; YandexBot/3.0; +http://yandex.com/bots)"
188.170.193.67 - - [22/Sep/2018:23:18:26 +0200] "GET /wp-login.php HTTP/1.1" 404 1181 "http://mail.zoldpok.hu/wp-login.php" "Googlebot/2.1 (+http://www.googlebawt.com/bot.html)"
188.170.193.67 - - [22/Sep/2018:23:18:33 +0200] "GET /wordpress/wp-login.php HTTP/1.1" 404 1181 "http://mail.zoldpok.hu/wordpress/wp-login.php" "Googlebot/2.1 (+http://www.googlebawt.com/bot.html)"
188.170.193.67 - - [22/Sep/2018:23:18:42 +0200] "GET /blog/wp-login.php HTTP/1.1" 404 1181 "http://mail.zoldpok.hu/blog/wp-login.php" "Googlebot/2.1 (+http://www.googlebawt.com/bot.html)"
157.55.39.226 - - [23/Sep/2018:02:14:00 +0200] "GET / HTTP/1.1" 302 295 "-" "Mozilla/5.0 (compatible; bingbot/2.0; +http://www.bing.com/bingbot.htm)"
141.8.183.17 - - [23/Sep/2018:04:05:23 +0200] "GET /robots.txt HTTP/1.1" 404 1181 "-" "Mozilla/5.0 (compatible; YandexBot/3.0; +http://yandex.com/bots)"
141.8.183.17 - - [23/Sep/2018:04:05:27 +0200] "GET / HTTP/1.1" 200 1213 "-" "Mozilla/5.0 (compatible; YandexBot/3.0; +http://yandex.com/bots)"
87.97.115.255 - - [23/Sep/2018:17:39:30 +0200] "GET / HTTP/1.1" 302 295 "-" "Mozilla/5.0 (Windows NT 6.1; Win64; x64; rv:62.0) Gecko/20100101 Firefox/62.0"
157.55.39.226 - - [23/Sep/2018:21:15:19 +0200] "GET / HTTP/1.1" 302 295 "-" "Mozilla/5.0 (compatible; bingbot/2.0; +http://www.bing.com/bingbot.htm)"
141.8.183.17 - - [23/Sep/2018:22:46:27 +0200] "GET /robots.txt HTTP/1.1" 404 1181 "-" "Mozilla/5.0 (compatible; YandexBot/3.0; +http://yandex.com/bots)"
141.8.183.17 - - [23/Sep/2018:22:46:31 +0200] "GET / HTTP/1.1" 200 1213 "-" "Mozilla/5.0 (compatible; YandexBot/3.0; +http://yandex.com/bots)"
217.65.123.94 - - [23/Sep/2018:23:21:26 +0200] "GET / HTTP/1.1" 302 295 "-" "Mozilla/5.0 (Windows NT 6.1; Win64; x64; rv:62.0) Gecko/20100101 Firefox/62.0"
178.154.171.90 - - [24/Sep/2018:01:33:46 +0200] "GET / HTTP/1.1" 200 1213 "-" "Mozilla/5.0 (compatible; YandexBot/3.0; +http://yandex.com/bots)"
85.25.210.41 - - [24/Sep/2018:06:27:18 +0200] "GET /robots.txt HTTP/1.1" 404 1181 "-" "Mozilla/5.0 (compatible; adscanner/)"
85.25.210.41 - - [24/Sep/2018:06:27:18 +0200] "GET /webmail/images/sm_logo.png HTTP/1.1" 404 1181 "-" "Mozilla/5.0 (compatible; adscanner/)"
31.46.241.182 - - [24/Sep/2018:09:32:21 +0200] "GET / HTTP/1.1" 302 295 "-" "Mozilla/5.0 (Windows NT 6.1; Win64; x64; rv:62.0) Gecko/20100101 Firefox/62.0"
207.46.13.204 - - [24/Sep/2018:15:51:20 +0200] "GET /robots.txt HTTP/1.1" 404 1181 "-" "Mozilla/5.0 (compatible; bingbot/2.0; +http://www.bing.com/bingbot.htm)"
157.55.39.226 - - [24/Sep/2018:15:51:26 +0200] "GET / HTTP/1.1" 302 295 "-" "Mozilla/5.0 (compatible; bingbot/2.0; +http://www.bing.com/bingbot.htm)"
180.76.15.15 - - [24/Sep/2018:19:08:50 +0200] "GET / HTTP/1.1" 302 295 "-" "Mozilla/5.0 (compatible; Baiduspider/2.0; +http://www.baidu.com/search/spider.html)"
180.76.15.22 - - [24/Sep/2018:19:08:51 +0200] "GET /robots.txt HTTP/1.1" 404 1181 "-" "Mozilla/5.0 (Windows NT 5.1; rv:6.0.2) Gecko/20100101 Firefox/6.0.2"
178.154.171.90 - - [24/Sep/2018:22:59:17 +0200] "GET /robots.txt HTTP/1.1" 404 1181 "-" "Mozilla/5.0 (compatible; YandexBot/3.0; +http://yandex.com/bots)"
178.154.171.90 - - [24/Sep/2018:22:59:20 +0200] "GET / HTTP/1.1" 200 1213 "-" "Mozilla/5.0 (compatible; YandexBot/3.0; +http://yandex.com/bots)"
40.77.167.212 - - [25/Sep/2018:00:19:22 +0200] "GET /robots.txt HTTP/1.1" 404 1181 "-" "Mozilla/5.0 (compatible; bingbot/2.0; +http://www.bing.com/bingbot.htm)"
141.8.183.17 - - [25/Sep/2018:03:04:05 +0200] "GET /robots.txt HTTP/1.1" 404 1181 "-" "Mozilla/5.0 (compatible; YandexBot/3.0; +http://yandex.com/bots)"
141.8.183.17 - - [25/Sep/2018:03:04:09 +0200] "GET / HTTP/1.1" 302 295 "-" "Mozilla/5.0 (compatible; YandexBot/3.0; +http://yandex.com/bots)"
207.46.13.204 - - [25/Sep/2018:04:51:03 +0200] "GET /robots.txt HTTP/1.1" 404 1181 "-" "Mozilla/5.0 (compatible; bingbot/2.0; +http://www.bing.com/bingbot.htm)"
157.55.39.226 - - [25/Sep/2018:04:52:08 +0200] "GET / HTTP/1.1" 302 295 "-" "Mozilla/5.0 (compatible; bingbot/2.0; +http://www.bing.com/bingbot.htm)"
217.65.122.6 - - [25/Sep/2018:09:15:51 +0200] "GET / HTTP/1.1" 302 295 "-" "Mozilla/5.0 (Windows NT 6.1; Win64; x64; rv:62.0) Gecko/20100101 Firefox/62.0"
216.244.66.249 - - [25/Sep/2018:19:45:51 +0200] "GET /robots.txt HTTP/1.1" 404 1181 "-" "Mozilla/5.0 (compatible; DotBot/1.1; http://www.opensiteexplorer.org/dotbot, help@moz.com)"
157.55.39.226 - - [25/Sep/2018:20:15:03 +0200] "GET / HTTP/1.1" 302 295 "-" "Mozilla/5.0 (compatible; bingbot/2.0; +http://www.bing.com/bingbot.htm)"
85.25.210.234 - - [25/Sep/2018:23:45:27 +0200] "GET /robots.txt HTTP/1.1" 404 1181 "-" "Mozilla/5.0 (compatible; adscanner/)"
85.25.210.234 - - [25/Sep/2018:23:45:27 +0200] "GET /webmail/images/sm_logo.png HTTP/1.1" 404 1181 "-" "Mozilla/5.0 (compatible; adscanner/)"
141.8.183.17 - - [26/Sep/2018:04:21:22 +0200] "GET /robots.txt HTTP/1.1" 404 1181 "-" "Mozilla/5.0 (compatible; YandexBot/3.0; +http://yandex.com/bots)"
178.154.171.90 - - [26/Sep/2018:04:21:29 +0200] "GET / HTTP/1.1" 200 1213 "-" "Mozilla/5.0 (compatible; YandexBot/3.0; +http://yandex.com/bots)"
180.76.15.148 - - [26/Sep/2018:06:46:32 +0200] "GET / HTTP/1.1" 302 295 "-" "Mozilla/5.0 (compatible; Baiduspider/2.0; +http://www.baidu.com/search/spider.html)"
207.46.13.244 - - [26/Sep/2018:07:46:39 +0200] "GET / HTTP/1.1" 302 295 "-" "Mozilla/5.0 (compatible; bingbot/2.0; +http://www.bing.com/bingbot.htm)"
95.163.255.176 - - [26/Sep/2018:10:26:42 +0200] "GET /robots.txt HTTP/1.0" 404 1181 "-" "Mozilla/5.0 (compatible; Linux x86_64; Mail.RU_Bot/2.0; +http://go.mail.ru/help/robots)"
95.163.255.157 - - [26/Sep/2018:10:26:43 +0200] "GET / HTTP/1.1" 200 1213 "-" "Mozilla/5.0 (compatible; Linux x86_64; Mail.RU_Bot/2.0; +http://go.mail.ru/help/robots)"
81.0.126.214 - - [26/Sep/2018:15:28:04 +0200] "GET / HTTP/1.1" 302 295 "-" "Mozilla/5.0 (Windows NT 6.1; Win64; x64; rv:62.0) Gecko/20100101 Firefox/62.0"
141.8.183.17 - - [26/Sep/2018:18:28:03 +0200] "GET /robots.txt HTTP/1.1" 404 1181 "-" "Mozilla/5.0 (compatible; YandexBot/3.0; +http://yandex.com/bots)"
141.8.183.17 - - [26/Sep/2018:18:28:07 +0200] "GET / HTTP/1.1" 302 295 "-" "Mozilla/5.0 (compatible; YandexBot/3.0; +http://yandex.com/bots)"
207.46.13.177 - - [26/Sep/2018:19:07:49 +0200] "GET / HTTP/1.1" 302 295 "-" "Mozilla/5.0 (compatible; bingbot/2.0; +http://www.bing.com/bingbot.htm)"
178.154.171.90 - - [26/Sep/2018:20:58:10 +0200] "GET /robots.txt HTTP/1.1" 404 1181 "-" "Mozilla/5.0 (compatible; YandexBot/3.0; +http://yandex.com/bots)"
178.154.171.90 - - [26/Sep/2018:20:58:14 +0200] "GET / HTTP/1.1" 200 1213 "-" "Mozilla/5.0 (compatible; YandexBot/3.0; +http://yandex.com/bots)"
157.55.39.53 - - [27/Sep/2018:10:09:16 +0200] "GET /robots.txt HTTP/1.1" 404 1181 "-" "Mozilla/5.0 (compatible; bingbot/2.0; +http://www.bing.com/bingbot.htm)"
207.46.13.177 - - [27/Sep/2018:10:43:32 +0200] "GET / HTTP/1.1" 302 295 "-" "Mozilla/5.0 (compatible; bingbot/2.0; +http://www.bing.com/bingbot.htm)"
85.25.210.41 - - [27/Sep/2018:17:10:00 +0200] "GET /robots.txt HTTP/1.1" 404 1181 "-" "Mozilla/5.0 (compatible; adscanner/)"
85.25.210.41 - - [27/Sep/2018:17:10:00 +0200] "GET /webmail/images/sm_logo.png HTTP/1.1" 404 1181 "-" "Mozilla/5.0 (compatible; adscanner/)"
141.8.183.17 - - [27/Sep/2018:19:46:40 +0200] "GET /robots.txt HTTP/1.1" 404 1181 "-" "Mozilla/5.0 (compatible; YandexBot/3.0; +http://yandex.com/bots)"
141.8.183.17 - - [27/Sep/2018:19:46:44 +0200] "GET / HTTP/1.1" 200 1213 "-" "Mozilla/5.0 (compatible; YandexBot/3.0; +http://yandex.com/bots)"
217.65.121.119 - - [27/Sep/2018:21:53:34 +0200] "GET / HTTP/1.1" 302 295 "-" "Mozilla/5.0 (Windows NT 6.1; Win64; x64; rv:62.0) Gecko/20100101 Firefox/62.0"
180.76.15.154 - - [28/Sep/2018:11:53:35 +0200] "GET / HTTP/1.1" 302 295 "-" "Mozilla/5.0 (compatible; Baiduspider/2.0; +http://www.baidu.com/search/spider.html)"
178.154.171.90 - - [28/Sep/2018:16:48:27 +0200] "GET /robots.txt HTTP/1.1" 404 1181 "-" "Mozilla/5.0 (compatible; YandexBot/3.0; +http://yandex.com/bots)"
178.154.171.90 - - [28/Sep/2018:16:48:30 +0200] "GET / HTTP/1.1" 200 1213 "-" "Mozilla/5.0 (compatible; YandexBot/3.0; +http://yandex.com/bots)"
141.8.183.17 - - [28/Sep/2018:17:31:02 +0200] "GET /robots.txt HTTP/1.1" 404 1181 "-" "Mozilla/5.0 (compatible; YandexBot/3.0; +http://yandex.com/bots)"
178.154.171.90 - - [28/Sep/2018:17:31:10 +0200] "GET / HTTP/1.1" 302 295 "-" "Mozilla/5.0 (compatible; YandexBot/3.0; +http://yandex.com/bots)"
183.61.70.250 - - [29/Sep/2018:01:01:58 +0200] "GET / HTTP/1.1" 302 295 "http://pro.5tiao.com/" "Mozilla/5.0 (Windows NT 6.1; WOW64) AppleWebKit/537.36 (KHTML, like Gecko) Chrome/66.0.3359.117 Safari/537.36"
46.4.104.205 - - [29/Sep/2018:05:58:15 +0200] "GET /robots.txt HTTP/1.1" 404 1181 "-" "Mozilla/5.0 (compatible; BLEXBot/1.0; +http://webmeup-crawler.com/)"
46.4.104.205 - - [29/Sep/2018:05:58:15 +0200] "GET /robots.txt HTTP/1.1" 404 1181 "-" "Mozilla/5.0 (compatible; BLEXBot/1.0; +http://webmeup-crawler.com/)"
46.4.104.205 - - [29/Sep/2018:05:58:29 +0200] "GET /sitemap.xml HTTP/1.1" 404 1181 "-" "Mozilla/5.0 (compatible; BLEXBot/1.0; +http://webmeup-crawler.com/)"
46.4.104.205 - - [29/Sep/2018:05:58:39 +0200] "GET /sitemap.xml HTTP/1.1" 404 1181 "-" "Mozilla/5.0 (compatible; BLEXBot/1.0; +http://webmeup-crawler.com/)"
188.165.254.65 - - [29/Sep/2018:06:43:54 +0200] "GET /wp-login.php HTTP/1.1" 404 1181 "-" "Mozilla/5.0 (Windows NT 10.0; WOW64) AppleWebKit/537.36 (KHTML, like Gecko) Chrome/46.0.2490.80 Safari/537.36"
188.165.254.65 - - [29/Sep/2018:06:45:01 +0200] "GET /robots.txt HTTP/1.1" 404 1181 "-" "Mozilla/5.0 (Windows NT 10.0; WOW64) AppleWebKit/537.36 (KHTML, like Gecko) Chrome/46.0.2490.80 Safari/537.36"
180.76.15.8 - - [29/Sep/2018:12:14:12 +0200] "GET / HTTP/1.1" 302 295 "-" "Mozilla/5.0 (compatible; Baiduspider/2.0; +http://www.baidu.com/search/spider.html)"
178.154.171.90 - - [29/Sep/2018:13:34:07 +0200] "GET /robots.txt HTTP/1.1" 404 1181 "-" "Mozilla/5.0 (compatible; YandexBot/3.0; +http://yandex.com/bots)"
178.154.171.90 - - [29/Sep/2018:13:34:11 +0200] "GET / HTTP/1.1" 200 1213 "-" "Mozilla/5.0 (compatible; YandexBot/3.0; +http://yandex.com/bots)"
157.55.39.13 - - [30/Sep/2018:05:54:31 +0200] "GET /robots.txt HTTP/1.1" 404 1181 "-" "Mozilla/5.0 (compatible; bingbot/2.0; +http://www.bing.com/bingbot.htm)"
207.46.13.74 - - [30/Sep/2018:05:54:34 +0200] "GET / HTTP/1.1" 302 295 "-" "Mozilla/5.0 (compatible; bingbot/2.0; +http://www.bing.com/bingbot.htm)"
40.77.167.116 - - [30/Sep/2018:05:55:03 +0200] "GET /robots.txt HTTP/1.1" 404 1181 "-" "Mozilla/5.0 (compatible; bingbot/2.0; +http://www.bing.com/bingbot.htm)"
207.46.13.74 - - [30/Sep/2018:06:19:04 +0200] "GET / HTTP/1.1" 302 295 "-" "Mozilla/5.0 (compatible; bingbot/2.0; +http://www.bing.com/bingbot.htm)"
180.76.15.152 - - [30/Sep/2018:06:54:37 +0200] "GET / HTTP/1.1" 302 295 "-" "Mozilla/5.0 (compatible; Baiduspider/2.0; +http://www.baidu.com/search/spider.html)"
180.76.15.23 - - [30/Sep/2018:06:54:39 +0200] "GET /robots.txt HTTP/1.1" 404 1181 "-" "Mozilla/5.0 (Windows NT 5.1; rv:6.0.2) Gecko/20100101 Firefox/6.0.2"
31.46.240.154 - - [30/Sep/2018:08:50:52 +0200] "GET / HTTP/1.1" 302 295 "-" "Mozilla/5.0 (Windows NT 6.1; Win64; x64; rv:62.0) Gecko/20100101 Firefox/62.0"
31.46.245.31 - - [30/Sep/2018:10:43:12 +0200] "GET / HTTP/1.1" 302 295 "-" "Mozilla/5.0 (Windows NT 6.1; Win64; x64; rv:62.0) Gecko/20100101 Firefox/62.0"
188.165.254.65 - - [30/Sep/2018:12:05:06 +0200] "GET /wp-login.php HTTP/1.1" 404 1181 "-" "Mozilla/5.0 (Windows NT 10.0; WOW64) AppleWebKit/537.36 (KHTML, like Gecko) Chrome/46.0.2490.80 Safari/537.36"
188.165.254.65 - - [30/Sep/2018:12:05:35 +0200] "GET /robots.txt HTTP/1.1" 404 1181 "-" "Mozilla/5.0 (Windows NT 10.0; WOW64) AppleWebKit/537.36 (KHTML, like Gecko) Chrome/46.0.2490.80 Safari/537.36"
31.46.241.254 - - [30/Sep/2018:12:40:45 +0200] "GET / HTTP/1.1" 302 295 "-" "Mozilla/5.0 (Windows NT 6.1; Win64; x64; rv:62.0) Gecko/20100101 Firefox/62.0"
213.14.227.200 - - [30/Sep/2018:12:58:28 +0200] "GET / HTTP/1.1" 302 295 "-" "Mozilla/5.0 (X11; Linux x86_64; rv:10.0) Gecko/20100101 Firefox/10.0"
31.46.241.254 - - [30/Sep/2018:14:18:47 +0200] "GET / HTTP/1.1" 302 295 "-" "Mozilla/5.0 (Windows NT 6.1; Win64; x64; rv:62.0) Gecko/20100101 Firefox/62.0"
178.154.171.90 - - [30/Sep/2018:16:04:58 +0200] "GET /robots.txt HTTP/1.1" 404 1181 "-" "Mozilla/5.0 (compatible; YandexBot/3.0; +http://yandex.com/bots)"
178.154.171.90 - - [30/Sep/2018:16:05:02 +0200] "GET / HTTP/1.1" 200 1213 "-" "Mozilla/5.0 (compatible; YandexBot/3.0; +http://yandex.com/bots)"
31.46.245.37 - - [30/Sep/2018:16:34:15 +0200] "GET / HTTP/1.1" 302 295 "-" "Mozilla/5.0 (Windows NT 6.1; Win64; x64; rv:62.0) Gecko/20100101 Firefox/62.0"
183.61.70.250 - - [30/Sep/2018:17:28:11 +0200] "GET / HTTP/1.1" 302 295 "http://pro.5tiao.com/" "Mozilla/5.0 (Windows NT 6.1; WOW64) AppleWebKit/537.36 (KHTML, like Gecko) Chrome/66.0.3359.117 Safari/537.36"
207.46.13.74 - - [30/Sep/2018:18:19:34 +0200] "GET / HTTP/1.1" 302 295 "-" "Mozilla/5.0 (compatible; bingbot/2.0; +http://www.bing.com/bingbot.htm)"