157.55.39.191 - - [06/May/2015:17:30:04 +0200] "GET /hirlevel/vasuttal0809.htm HTTP/1.1" 200 24446 "-" "msnbot-media/1.1 (+http://search.msn.com/msnbot.htm)"
78.153.116.162 - - [06/May/2015:17:47:20 +0200] "GET /hirlevel/images/1103_e.jpg HTTP/1.1" 200 440679 "-" "Mozilla/5.0 (Windows NT 6.1; WOW64; rv:37.0) Gecko/20100101 Firefox/37.0"
82.131.153.143 - - [06/May/2015:18:08:23 +0200] "GET /images/vasutterkep_n.jpg HTTP/1.1" 200 4702972 "https://www.google.hu/" "Mozilla/5.0 (Windows NT 6.1; WOW64) AppleWebKit/537.36 (KHTML, like Gecko) Chrome/42.0.2311.135 Safari/537.36"
157.55.39.190 - - [06/May/2015:18:09:50 +0200] "GET /doc/lm_sajtomeghivo0919.pdf HTTP/1.1" 200 55425 "-" "Mozilla/5.0 (compatible; bingbot/2.0; +http://www.bing.com/bingbot.htm)"
157.55.39.190 - - [06/May/2015:18:14:23 +0200] "GET /hirlevel/images/1101_b.jpg HTTP/1.1" 200 96584 "-" "msnbot-media/1.1 (+http://search.msn.com/msnbot.htm)"
157.55.39.190 - - [06/May/2015:18:14:24 +0200] "GET /hirlevel/images/1311b.png HTTP/1.1" 200 118854 "-" "msnbot-media/1.1 (+http://search.msn.com/msnbot.htm)"
92.245.84.36 - - [06/May/2015:18:30:53 +0200] "GET /hirlevel/images/1101_b.jpg HTTP/1.1" 200 65320 "https://www.google.hu/" "Mozilla/5.0 (Windows NT 6.1; WOW64) AppleWebKit/537.36 (KHTML, like Gecko) Chrome/42.0.2311.135 Safari/537.36"
92.245.84.36 - - [06/May/2015:18:30:54 +0200] "GET /hirlevel/images/1101_b.jpg HTTP/1.1" 206 1 "https://www.google.hu/" "Mozilla/5.0 (Windows NT 6.1; WOW64) AppleWebKit/537.36 (KHTML, like Gecko) Chrome/42.0.2311.135 Safari/537.36"
92.245.84.36 - - [06/May/2015:18:30:54 +0200] "GET /hirlevel/images/1101_b.jpg HTTP/1.1" 206 76524 "https://www.google.hu/" "Mozilla/5.0 (Windows NT 6.1; WOW64) AppleWebKit/537.36 (KHTML, like Gecko) Chrome/42.0.2311.135 Safari/537.36"
66.249.64.254 - - [06/May/2015:18:31:56 +0200] "GET / HTTP/1.1" 304 - "-" "Mozilla/5.0 (compatible; Googlebot/2.1; +http://www.google.com/bot.html)"
86.101.211.204 - - [06/May/2015:18:38:06 +0200] "GET /images/vasutterkep_n.jpg HTTP/1.1" 200 4702972 "-" "Dalvik/1.6.0 (Linux; U; Android 4.3; D2303 Build/18.0.C.1.13)"
86.101.211.204 - - [06/May/2015:18:38:07 +0200] "GET /images/vasutterkep_n.jpg HTTP/1.1" 200 4702972 "-" "Dalvik/1.6.0 (Linux; U; Android 4.3; D2303 Build/18.0.C.1.13)"
157.55.39.166 - - [06/May/2015:18:39:00 +0200] "GET / HTTP/1.1" 200 1178 "-" "Mozilla/5.0 (compatible; bingbot/2.0; +http://www.bing.com/bingbot.htm)"
66.249.64.176 - - [06/May/2015:18:47:17 +0200] "GET /hirlevel/konferencia_program-szallasok_tapolca.pdf HTTP/1.1" 200 137963 "-" "Mozilla/5.0 (iPhone; CPU iPhone OS 6_0 like Mac OS X) AppleWebKit/536.26 (KHTML, like Gecko) Version/6.0 Mobile/10A5376e Safari/8536.25 (compatible; Googlebot/2.1; +http://www.google.com/bot.html)"
66.249.64.186 - - [06/May/2015:18:52:09 +0200] "GET /hirlevel/Volnerlevel_120227.pdf HTTP/1.1" 200 243228 "-" "Mozilla/5.0 (iPhone; CPU iPhone OS 6_0 like Mac OS X) AppleWebKit/536.26 (KHTML, like Gecko) Version/6.0 Mobile/10A5376e Safari/8536.25 (compatible; Googlebot/2.1; +http://www.google.com/bot.html)"
157.55.39.191 - - [06/May/2015:18:55:04 +0200] "GET /hirlevel/images/1103_e.jpg HTTP/1.1" 200 440679 "-" "msnbot-media/1.1 (+http://search.msn.com/msnbot.htm)"
65.55.215.41 - - [06/May/2015:18:58:54 +0200] "GET /robots.txt HTTP/1.1" 404 1181 "-" "msnbot-media/1.1 (+http://search.msn.com/msnbot.htm)"
65.55.215.41 - - [06/May/2015:18:58:55 +0200] "GET /hirlevel/images/1208_EMH_logo_2012_szlogen.jpg HTTP/1.1" 200 59958 "-" "msnbot-media/1.1 (+http://search.msn.com/msnbot.htm)"
207.46.13.55 - - [06/May/2015:19:00:08 +0200] "GET /hirlevel/images/0903d.jpg HTTP/1.1" 200 66166 "-" "msnbot-media/1.1 (+http://search.msn.com/msnbot.htm)"
66.249.64.134 - - [06/May/2015:19:02:18 +0200] "GET /doc/vasuttal-budapest-kornyeken.pdf HTTP/1.1" 304 - "-" "Mozilla/5.0 (compatible; Googlebot/2.1; +http://www.google.com/bot.html)"
5.187.232.211 - - [06/May/2015:19:11:37 +0200] "GET /hirlevel/images/1409g.png HTTP/1.1" 200 229166 "https://www.google.hu/" "Mozilla/5.0 (Windows NT 6.1; WOW64) AppleWebKit/537.36 (KHTML, like Gecko) Chrome/42.0.2311.135 Safari/537.36"
86.101.78.34 - - [06/May/2015:19:13:31 +0200] "GET /images/vasutterkep_n.jpg HTTP/1.1" 200 4702972 "-" "Mozilla/5.0 (Windows NT 6.1; rv:28.0) Gecko/20100101 Firefox/28.0"
81.182.11.181 - - [06/May/2015:19:21:42 +0200] "GET /hirlevel/vonattal0912.htm HTTP/1.1" 304 - "https://www.google.hu/" "Mozilla/5.0 (Windows NT 6.1; WOW64) AppleWebKit/537.36 (KHTML, like Gecko) Chrome/42.0.2311.135 Safari/537.36"
81.182.11.181 - - [06/May/2015:19:21:42 +0200] "GET /hirlevel/images/0912a.jpg HTTP/1.1" 304 - "http://mkk.zpok.hu/hirlevel/vonattal0912.htm" "Mozilla/5.0 (Windows NT 6.1; WOW64) AppleWebKit/537.36 (KHTML, like Gecko) Chrome/42.0.2311.135 Safari/537.36"
81.182.11.181 - - [06/May/2015:19:21:42 +0200] "GET /hirlevel/images/0912b.jpg HTTP/1.1" 304 - "http://mkk.zpok.hu/hirlevel/vonattal0912.htm" "Mozilla/5.0 (Windows NT 6.1; WOW64) AppleWebKit/537.36 (KHTML, like Gecko) Chrome/42.0.2311.135 Safari/537.36"
81.182.11.181 - - [06/May/2015:19:21:42 +0200] "GET /hirlevel/images/0912c.jpg HTTP/1.1" 304 - "http://mkk.zpok.hu/hirlevel/vonattal0912.htm" "Mozilla/5.0 (Windows NT 6.1; WOW64) AppleWebKit/537.36 (KHTML, like Gecko) Chrome/42.0.2311.135 Safari/537.36"
81.182.11.181 - - [06/May/2015:19:21:43 +0200] "GET /hirlevel/images/0912e.jpg HTTP/1.1" 304 - "http://mkk.zpok.hu/hirlevel/vonattal0912.htm" "Mozilla/5.0 (Windows NT 6.1; WOW64) AppleWebKit/537.36 (KHTML, like Gecko) Chrome/42.0.2311.135 Safari/537.36"
81.182.11.181 - - [06/May/2015:19:21:43 +0200] "GET /hirlevel/images/0912f.jpg HTTP/1.1" 304 - "http://mkk.zpok.hu/hirlevel/vonattal0912.htm" "Mozilla/5.0 (Windows NT 6.1; WOW64) AppleWebKit/537.36 (KHTML, like Gecko) Chrome/42.0.2311.135 Safari/537.36"
81.182.11.181 - - [06/May/2015:19:21:43 +0200] "GET /hirlevel/images/0912h.jpg HTTP/1.1" 304 - "http://mkk.zpok.hu/hirlevel/vonattal0912.htm" "Mozilla/5.0 (Windows NT 6.1; WOW64) AppleWebKit/537.36 (KHTML, like Gecko) Chrome/42.0.2311.135 Safari/537.36"
81.182.11.181 - - [06/May/2015:19:21:43 +0200] "GET /hirlevel/images/0912g.jpg HTTP/1.1" 304 - "http://mkk.zpok.hu/hirlevel/vonattal0912.htm" "Mozilla/5.0 (Windows NT 6.1; WOW64) AppleWebKit/537.36 (KHTML, like Gecko) Chrome/42.0.2311.135 Safari/537.36"
81.182.11.181 - - [06/May/2015:19:21:43 +0200] "GET /hirlevel/images/0912i.jpg HTTP/1.1" 304 - "http://mkk.zpok.hu/hirlevel/vonattal0912.htm" "Mozilla/5.0 (Windows NT 6.1; WOW64) AppleWebKit/537.36 (KHTML, like Gecko) Chrome/42.0.2311.135 Safari/537.36"
81.182.11.181 - - [06/May/2015:19:21:43 +0200] "GET /hirlevel/images/0912j.jpg HTTP/1.1" 304 - "http://mkk.zpok.hu/hirlevel/vonattal0912.htm" "Mozilla/5.0 (Windows NT 6.1; WOW64) AppleWebKit/537.36 (KHTML, like Gecko) Chrome/42.0.2311.135 Safari/537.36"
81.182.11.181 - - [06/May/2015:19:21:43 +0200] "GET /hirlevel/images/kvvm_1.jpg HTTP/1.1" 304 - "http://mkk.zpok.hu/hirlevel/vonattal0912.htm" "Mozilla/5.0 (Windows NT 6.1; WOW64) AppleWebKit/537.36 (KHTML, like Gecko) Chrome/42.0.2311.135 Safari/537.36"
81.182.11.181 - - [06/May/2015:19:21:43 +0200] "GET /hirlevel/images/nfu_logo_1.jpg HTTP/1.1" 304 - "http://mkk.zpok.hu/hirlevel/vonattal0912.htm" "Mozilla/5.0 (Windows NT 6.1; WOW64) AppleWebKit/537.36 (KHTML, like Gecko) Chrome/42.0.2311.135 Safari/537.36"
81.182.11.181 - - [06/May/2015:19:21:43 +0200] "GET /hirlevel/images/nca_logo_1.jpg HTTP/1.1" 304 - "http://mkk.zpok.hu/hirlevel/vonattal0912.htm" "Mozilla/5.0 (Windows NT 6.1; WOW64) AppleWebKit/537.36 (KHTML, like Gecko) Chrome/42.0.2311.135 Safari/537.36"
81.182.11.181 - - [06/May/2015:19:21:43 +0200] "GET /hirlevel/images/okotars_1.jpg HTTP/1.1" 304 - "http://mkk.zpok.hu/hirlevel/vonattal0912.htm" "Mozilla/5.0 (Windows NT 6.1; WOW64) AppleWebKit/537.36 (KHTML, like Gecko) Chrome/42.0.2311.135 Safari/537.36"
81.182.11.181 - - [06/May/2015:19:21:43 +0200] "GET /hirlevel/images/demnet_1.jpg HTTP/1.1" 304 - "http://mkk.zpok.hu/hirlevel/vonattal0912.htm" "Mozilla/5.0 (Windows NT 6.1; WOW64) AppleWebKit/537.36 (KHTML, like Gecko) Chrome/42.0.2311.135 Safari/537.36"
81.182.11.181 - - [06/May/2015:19:21:43 +0200] "GET /hirlevel/images/autonomia_1.jpg HTTP/1.1" 304 - "http://mkk.zpok.hu/hirlevel/vonattal0912.htm" "Mozilla/5.0 (Windows NT 6.1; WOW64) AppleWebKit/537.36 (KHTML, like Gecko) Chrome/42.0.2311.135 Safari/537.36"
81.182.11.181 - - [06/May/2015:19:21:43 +0200] "GET /hirlevel/images/karpatok_1.jpg HTTP/1.1" 304 - "http://mkk.zpok.hu/hirlevel/vonattal0912.htm" "Mozilla/5.0 (Windows NT 6.1; WOW64) AppleWebKit/537.36 (KHTML, like Gecko) Chrome/42.0.2311.135 Safari/537.36"
81.182.11.181 - - [06/May/2015:19:21:43 +0200] "GET /hirlevel/images/eea_1.jpg HTTP/1.1" 304 - "http://mkk.zpok.hu/hirlevel/vonattal0912.htm" "Mozilla/5.0 (Windows NT 6.1; WOW64) AppleWebKit/537.36 (KHTML, like Gecko) Chrome/42.0.2311.135 Safari/537.36"
81.182.11.181 - - [06/May/2015:19:21:43 +0200] "GET /hirlevel/images/norway_1.jpg HTTP/1.1" 304 - "http://mkk.zpok.hu/hirlevel/vonattal0912.htm" "Mozilla/5.0 (Windows NT 6.1; WOW64) AppleWebKit/537.36 (KHTML, like Gecko) Chrome/42.0.2311.135 Safari/537.36"
81.182.11.181 - - [06/May/2015:19:21:43 +0200] "GET /hirlevel/images/vonattal.swf HTTP/1.1" 304 - "http://mkk.zpok.hu/hirlevel/vonattal0912.htm" "Mozilla/5.0 (Windows NT 6.1; WOW64) AppleWebKit/537.36 (KHTML, like Gecko) Chrome/42.0.2311.135 Safari/537.36"
81.182.11.181 - - [06/May/2015:19:21:43 +0200] "GET /favicon.ico HTTP/1.1" 404 1181 "http://mkk.zpok.hu/hirlevel/vonattal0912.htm" "Mozilla/5.0 (Windows NT 6.1; WOW64) AppleWebKit/537.36 (KHTML, like Gecko) Chrome/42.0.2311.135 Safari/537.36"
157.55.39.189 - - [06/May/2015:19:22:23 +0200] "GET /hirlevel/images/1311d.jpg HTTP/1.1" 200 142045 "-" "msnbot-media/1.1 (+http://search.msn.com/msnbot.htm)"
157.55.39.189 - - [06/May/2015:19:22:23 +0200] "GET /hirlevel/images/1003b.jpg HTTP/1.1" 200 34625 "-" "msnbot-media/1.1 (+http://search.msn.com/msnbot.htm)"
207.46.13.55 - - [06/May/2015:19:23:15 +0200] "GET /hirlevel/images/1307_4.jpg HTTP/1.1" 200 183594 "-" "msnbot-media/1.1 (+http://search.msn.com/msnbot.htm)"
157.55.39.190 - - [06/May/2015:19:26:50 +0200] "GET /hirlevel/images/1103_c.jpg HTTP/1.1" 200 78492 "-" "msnbot-media/1.1 (+http://search.msn.com/msnbot.htm)"
207.46.13.55 - - [06/May/2015:19:31:44 +0200] "GET /hirlevel/images/1103_f.jpg HTTP/1.1" 200 127211 "-" "msnbot-media/1.1 (+http://search.msn.com/msnbot.htm)"
31.46.227.10 - - [06/May/2015:19:36:46 +0200] "GET /hirlevel/vonattal1204.htm HTTP/1.1" 200 31657 "http://www.google.hu/url?url=http://mkk.zpok.hu/hirlevel/vonattal1204.htm&rct=j&frm=1&q=&esrc=s&sa=U&ei=H1FKVZS3I8vxUovhgcgK&ved=0CDkQ9QEwEQ&usg=AFQjCNEtLUuVbG4256qe3q43YM7xKUTHTw" "Mozilla/4.0 (compatible; MSIE 8.0; Windows NT 5.1; Trident/4.0)"
31.46.227.10 - - [06/May/2015:19:36:47 +0200] "GET /hirlevel/images/1203_1.jpg HTTP/1.1" 200 15022 "http://mkk.zpok.hu/hirlevel/vonattal1204.htm" "Mozilla/4.0 (compatible; MSIE 8.0; Windows NT 5.1; Trident/4.0)"
31.46.227.10 - - [06/May/2015:19:36:47 +0200] "GET /hirlevel/images/vonattal.swf HTTP/1.1" 200 697 "-" "Mozilla/4.0 (compatible; MSIE 8.0; Windows NT 5.1; Trident/4.0)"
31.46.227.10 - - [06/May/2015:19:36:47 +0200] "GET /hirlevel/images/Videkfejlesztesi_miniszterium-P-arany.jpg HTTP/1.1" 200 10497 "http://mkk.zpok.hu/hirlevel/vonattal1204.htm" "Mozilla/4.0 (compatible; MSIE 8.0; Windows NT 5.1; Trident/4.0)"
31.46.227.10 - - [06/May/2015:19:36:47 +0200] "GET /hirlevel/images/1203_3.jpg HTTP/1.1" 200 6357 "http://mkk.zpok.hu/hirlevel/vonattal1204.htm" "Mozilla/4.0 (compatible; MSIE 8.0; Windows NT 5.1; Trident/4.0)"
31.46.227.10 - - [06/May/2015:19:36:47 +0200] "GET /hirlevel/images/1203_2.jpg HTTP/1.1" 200 32272 "http://mkk.zpok.hu/hirlevel/vonattal1204.htm" "Mozilla/4.0 (compatible; MSIE 8.0; Windows NT 5.1; Trident/4.0)"
31.46.227.10 - - [06/May/2015:19:36:47 +0200] "GET /hirlevel/images/Okotars_fekvo_szines.jpg HTTP/1.1" 200 98627 "http://mkk.zpok.hu/hirlevel/vonattal1204.htm" "Mozilla/4.0 (compatible; MSIE 8.0; Windows NT 5.1; Trident/4.0)"
31.46.227.10 - - [06/May/2015:19:36:47 +0200] "GET /favicon.ico HTTP/1.1" 404 1181 "-" "Mozilla/4.0 (compatible; MSIE 8.0; Windows NT 5.1; Trident/4.0)"
31.46.227.10 - - [06/May/2015:19:36:56 +0200] "GET /hirlevel/images/1203_2n.jpg HTTP/1.1" 200 211652 "http://mkk.zpok.hu/hirlevel/vonattal1204.htm" "Mozilla/4.0 (compatible; MSIE 8.0; Windows NT 5.1; Trident/4.0)"
31.46.227.10 - - [06/May/2015:19:36:56 +0200] "GET /favicon.ico HTTP/1.1" 404 1181 "-" "Mozilla/4.0 (compatible; MSIE 8.0; Windows NT 5.1; Trident/4.0)"
31.46.227.10 - - [06/May/2015:19:37:38 +0200] "GET /hirlevel/vonattal1204.htm HTTP/1.1" 304 - "http://www.google.hu/url?url=http://mkk.zpok.hu/hirlevel/vonattal1204.htm&rct=j&frm=1&q=&esrc=s&sa=U&ei=H1FKVZS3I8vxUovhgcgK&ved=0CDkQ9QEwEQ&usg=AFQjCNEtLUuVbG4256qe3q43YM7xKUTHTw" "Mozilla/4.0 (compatible; MSIE 8.0; Windows NT 5.1; Trident/4.0)"
31.46.227.10 - - [06/May/2015:19:37:39 +0200] "GET /hirlevel/images/1203_1.jpg HTTP/1.1" 304 - "http://mkk.zpok.hu/hirlevel/vonattal1204.htm" "Mozilla/4.0 (compatible; MSIE 8.0; Windows NT 5.1; Trident/4.0)"
31.46.227.10 - - [06/May/2015:19:37:39 +0200] "GET /hirlevel/images/1203_2.jpg HTTP/1.1" 304 - "http://mkk.zpok.hu/hirlevel/vonattal1204.htm" "Mozilla/4.0 (compatible; MSIE 8.0; Windows NT 5.1; Trident/4.0)"
31.46.227.10 - - [06/May/2015:19:37:39 +0200] "GET /hirlevel/images/1203_3.jpg HTTP/1.1" 304 - "http://mkk.zpok.hu/hirlevel/vonattal1204.htm" "Mozilla/4.0 (compatible; MSIE 8.0; Windows NT 5.1; Trident/4.0)"
31.46.227.10 - - [06/May/2015:19:37:39 +0200] "GET /hirlevel/images/vonattal.swf HTTP/1.1" 304 - "-" "Mozilla/4.0 (compatible; MSIE 8.0; Windows NT 5.1; Trident/4.0)"
31.46.227.10 - - [06/May/2015:19:37:39 +0200] "GET /hirlevel/images/Okotars_fekvo_szines.jpg HTTP/1.1" 304 - "http://mkk.zpok.hu/hirlevel/vonattal1204.htm" "Mozilla/4.0 (compatible; MSIE 8.0; Windows NT 5.1; Trident/4.0)"
31.46.227.10 - - [06/May/2015:19:37:39 +0200] "GET /hirlevel/images/Videkfejlesztesi_miniszterium-P-arany.jpg HTTP/1.1" 304 - "http://mkk.zpok.hu/hirlevel/vonattal1204.htm" "Mozilla/4.0 (compatible; MSIE 8.0; Windows NT 5.1; Trident/4.0)"
157.55.39.191 - - [06/May/2015:19:38:10 +0200] "GET /hirlevel/images/1203_2n.jpg HTTP/1.1" 200 211652 "-" "msnbot-media/1.1 (+http://search.msn.com/msnbot.htm)"
157.55.39.166 - - [06/May/2015:19:40:29 +0200] "GET /hirlevel/images/0809cc.jpg HTTP/1.1" 200 66715 "-" "msnbot-media/1.1 (+http://search.msn.com/msnbot.htm)"
157.55.39.167 - - [06/May/2015:19:41:11 +0200] "GET /hirlevel/images/0809bb.jpg HTTP/1.1" 200 58326 "-" "msnbot-media/1.1 (+http://search.msn.com/msnbot.htm)"
157.55.39.166 - - [06/May/2015:19:49:06 +0200] "GET /hirlevel/images/0809c.jpg HTTP/1.1" 200 26712 "-" "msnbot-media/1.1 (+http://search.msn.com/msnbot.htm)"
157.55.39.189 - - [06/May/2015:19:49:14 +0200] "GET /hirlevel/images/1103_d.jpg HTTP/1.1" 200 77070 "-" "msnbot-media/1.1 (+http://search.msn.com/msnbot.htm)"
220.181.108.166 - - [06/May/2015:19:52:54 +0200] "GET /doc/kerparoskozlekedes.pdf HTTP/1.1" 200 2540119 "-" "Mozilla/5.0 (compatible; Baiduspider/2.0; +http://www.baidu.com/search/spider.html)"
5.255.253.75 - - [06/May/2015:19:54:57 +0200] "GET /doc/b2_201203.jpg HTTP/1.1" 404 1181 "-" "Mozilla/5.0 (compatible; YandexImages/3.0; +http://yandex.com/bots)"
157.55.39.191 - - [06/May/2015:19:57:20 +0200] "GET /hirlevel/images/1109e.jpg HTTP/1.1" 200 167091 "-" "msnbot-media/1.1 (+http://search.msn.com/msnbot.htm)"
66.249.64.134 - - [06/May/2015:19:59:02 +0200] "GET /hirlevel/vonattal1109.htm HTTP/1.1" 200 47571 "-" "Mozilla/5.0 (iPhone; CPU iPhone OS 6_0 like Mac OS X) AppleWebKit/536.26 (KHTML, like Gecko) Version/6.0 Mobile/10A5376e Safari/8536.25 (compatible; Googlebot/2.1; +http://www.google.com/bot.html)"
207.46.13.55 - - [06/May/2015:20:01:42 +0200] "GET /hirlevel/images/1203_2.jpg HTTP/1.1" 200 32272 "-" "msnbot-media/1.1 (+http://search.msn.com/msnbot.htm)"
157.55.39.166 - - [06/May/2015:20:03:49 +0200] "GET /hirlevel/images/0903c.jpg HTTP/1.1" 200 51307 "-" "msnbot-media/1.1 (+http://search.msn.com/msnbot.htm)"
5.187.223.219 - - [06/May/2015:20:04:05 +0200] "GET /images/vasutterkep_n.jpg HTTP/1.1" 200 3684793 "https://www.google.hu/" "Mozilla/5.0 (Windows NT 6.1; WOW64) AppleWebKit/537.36 (KHTML, like Gecko) Chrome/42.0.2311.135 Safari/537.36"
62.201.88.3 - - [06/May/2015:20:06:30 +0200] "GET /doc/ti-to20120627.jpg HTTP/1.1" 200 1071059 "https://www.google.hu/" "Mozilla/5.0 (Linux; Android 4.4.2; LG-D160 Build/KOT49I.A1408020714) AppleWebKit/537.36 (KHTML, like Gecko) Chrome/40.0.2214.109 Mobile Safari/537.36"
157.55.39.166 - - [06/May/2015:20:22:53 +0200] "GET /hirlevel/images/1103_g.jpg HTTP/1.1" 200 72085 "-" "msnbot-media/1.1 (+http://search.msn.com/msnbot.htm)"
157.55.39.191 - - [06/May/2015:20:39:16 +0200] "GET /hirlevel/images/1109c.jpg HTTP/1.1" 200 143659 "-" "msnbot-media/1.1 (+http://search.msn.com/msnbot.htm)"
89.135.94.172 - - [06/May/2015:20:44:51 +0200] "GET /images/vasutterkep_n.jpg HTTP/1.1" 200 4702972 "-" "Mozilla/5.0 (Windows NT 6.1; WOW64) AppleWebKit/537.36 (KHTML, like Gecko) Chrome/42.0.2311.135 Safari/537.36"
89.135.94.172 - - [06/May/2015:20:44:51 +0200] "GET /favicon.ico HTTP/1.1" 404 1181 "http://www.mkk.zpok.hu/images/vasutterkep_n.jpg" "Mozilla/5.0 (Windows NT 6.1; WOW64) AppleWebKit/537.36 (KHTML, like Gecko) Chrome/42.0.2311.135 Safari/537.36"
204.17.245.4 - - [06/May/2015:20:45:06 +0200] "GET /images/vasutterkep_n.jpg HTTP/1.1" 200 78997 "https://www.google.com/" "Mozilla/5.0 (Windows NT 6.1; WOW64) AppleWebKit/537.36 (KHTML, like Gecko) Chrome/42.0.2311.135 Safari/537.36"
207.46.13.55 - - [06/May/2015:21:03:36 +0200] "GET /hirlevel/images/zajta_201012.jpg HTTP/1.1" 200 1004287 "-" "msnbot-media/1.1 (+http://search.msn.com/msnbot.htm)"
157.55.39.189 - - [06/May/2015:21:05:01 +0200] "GET /hirlevel/images/1109b.jpg HTTP/1.1" 200 139587 "-" "msnbot-media/1.1 (+http://search.msn.com/msnbot.htm)"
157.55.39.189 - - [06/May/2015:21:05:02 +0200] "GET /hirlevel/images/1108_b.jpg HTTP/1.1" 200 101243 "-" "msnbot-media/1.1 (+http://search.msn.com/msnbot.htm)"
77.221.39.150 - - [06/May/2015:21:05:22 +0200] "GET /hirlevel/images/1409g.png HTTP/1.1" 200 229166 "https://www.google.hu/" "Mozilla/5.0 (Linux; Android 4.4.2; SM-T230 Build/KOT49H) AppleWebKit/537.36 (KHTML, like Gecko) Chrome/42.0.2311.111 Safari/537.36"
77.221.39.150 - - [06/May/2015:21:05:25 +0200] "GET /hirlevel/vonattal1409.html HTTP/1.1" 200 32865 "https://www.google.hu/" "Mozilla/5.0 (Linux; Android 4.4.2; SM-T230 Build/KOT49H) AppleWebKit/537.36 (KHTML, like Gecko) Chrome/42.0.2311.111 Safari/537.36"
77.221.39.150 - - [06/May/2015:21:05:25 +0200] "GET /hirlevel/NCTA_tamogato_es_lebonyolito_logosor.jpg HTTP/1.1" 200 22139 "http://mkk.zpok.hu/hirlevel/vonattal1409.html" "Mozilla/5.0 (Linux; Android 4.4.2; SM-T230 Build/KOT49H) AppleWebKit/537.36 (KHTML, like Gecko) Chrome/42.0.2311.111 Safari/537.36"
77.221.39.150 - - [06/May/2015:21:05:25 +0200] "GET /hirlevel/images/1409e.png HTTP/1.1" 200 118402 "http://mkk.zpok.hu/hirlevel/vonattal1409.html" "Mozilla/5.0 (Linux; Android 4.4.2; SM-T230 Build/KOT49H) AppleWebKit/537.36 (KHTML, like Gecko) Chrome/42.0.2311.111 Safari/537.36"
77.221.39.150 - - [06/May/2015:21:05:26 +0200] "GET /hirlevel/images/1409b.png HTTP/1.1" 200 119954 "http://mkk.zpok.hu/hirlevel/vonattal1409.html" "Mozilla/5.0 (Linux; Android 4.4.2; SM-T230 Build/KOT49H) AppleWebKit/537.36 (KHTML, like Gecko) Chrome/42.0.2311.111 Safari/537.36"
77.221.39.150 - - [06/May/2015:21:05:26 +0200] "GET /hirlevel/images/1409c.png HTTP/1.1" 200 104715 "http://mkk.zpok.hu/hirlevel/vonattal1409.html" "Mozilla/5.0 (Linux; Android 4.4.2; SM-T230 Build/KOT49H) AppleWebKit/537.36 (KHTML, like Gecko) Chrome/42.0.2311.111 Safari/537.36"
77.221.39.150 - - [06/May/2015:21:05:26 +0200] "GET /hirlevel/images/1409a.png HTTP/1.1" 200 118981 "http://mkk.zpok.hu/hirlevel/vonattal1409.html" "Mozilla/5.0 (Linux; Android 4.4.2; SM-T230 Build/KOT49H) AppleWebKit/537.36 (KHTML, like Gecko) Chrome/42.0.2311.111 Safari/537.36"
77.221.39.150 - - [06/May/2015:21:05:26 +0200] "GET /hirlevel/images/1409d.png HTTP/1.1" 200 136768 "http://mkk.zpok.hu/hirlevel/vonattal1409.html" "Mozilla/5.0 (Linux; Android 4.4.2; SM-T230 Build/KOT49H) AppleWebKit/537.36 (KHTML, like Gecko) Chrome/42.0.2311.111 Safari/537.36"
77.221.39.150 - - [06/May/2015:21:05:27 +0200] "GET /hirlevel/images/1409i.png HTTP/1.1" 200 100574 "http://mkk.zpok.hu/hirlevel/vonattal1409.html" "Mozilla/5.0 (Linux; Android 4.4.2; SM-T230 Build/KOT49H) AppleWebKit/537.36 (KHTML, like Gecko) Chrome/42.0.2311.111 Safari/537.36"
77.221.39.150 - - [06/May/2015:21:05:27 +0200] "GET /hirlevel/images/1409f.png HTTP/1.1" 200 115436 "http://mkk.zpok.hu/hirlevel/vonattal1409.html" "Mozilla/5.0 (Linux; Android 4.4.2; SM-T230 Build/KOT49H) AppleWebKit/537.36 (KHTML, like Gecko) Chrome/42.0.2311.111 Safari/537.36"
77.221.39.150 - - [06/May/2015:21:05:27 +0200] "GET /hirlevel/images/1409k.png HTTP/1.1" 200 88518 "http://mkk.zpok.hu/hirlevel/vonattal1409.html" "Mozilla/5.0 (Linux; Android 4.4.2; SM-T230 Build/KOT49H) AppleWebKit/537.36 (KHTML, like Gecko) Chrome/42.0.2311.111 Safari/537.36"
77.221.39.150 - - [06/May/2015:21:05:28 +0200] "GET /hirlevel/images/1409j.png HTTP/1.1" 200 104897 "http://mkk.zpok.hu/hirlevel/vonattal1409.html" "Mozilla/5.0 (Linux; Android 4.4.2; SM-T230 Build/KOT49H) AppleWebKit/537.36 (KHTML, like Gecko) Chrome/42.0.2311.111 Safari/537.36"
77.221.39.150 - - [06/May/2015:21:05:28 +0200] "GET /hirlevel/images/1409h.png HTTP/1.1" 200 80708 "http://mkk.zpok.hu/hirlevel/vonattal1409.html" "Mozilla/5.0 (Linux; Android 4.4.2; SM-T230 Build/KOT49H) AppleWebKit/537.36 (KHTML, like Gecko) Chrome/42.0.2311.111 Safari/537.36"
157.55.39.166 - - [06/May/2015:21:07:20 +0200] "GET /hirlevel/images/1311a.jpg HTTP/1.1" 200 99711 "-" "msnbot-media/1.1 (+http://search.msn.com/msnbot.htm)"
157.55.39.189 - - [06/May/2015:21:13:43 +0200] "GET /hirlevel/images/Okotars_fekvo_szines.jpg HTTP/1.1" 200 98627 "-" "msnbot-media/1.1 (+http://search.msn.com/msnbot.htm)"
157.55.39.222 - - [06/May/2015:21:14:16 +0200] "GET /robots.txt HTTP/1.1" 404 1181 "-" "Mozilla/5.0 (compatible; bingbot/2.0; +http://www.bing.com/bingbot.htm)"
157.55.39.222 - - [06/May/2015:21:14:24 +0200] "GET /hirlevel/images/1203_1.jpg HTTP/1.1" 200 15022 "-" "msnbot-media/1.1 (+http://search.msn.com/msnbot.htm)"
180.76.6.60 - - [06/May/2015:21:17:10 +0200] "GET /robots.txt HTTP/1.1" 404 1181 "-" "Mozilla/5.0 (Windows NT 5.1; rv:6.0.2) Gecko/20100101 Firefox/6.0.2"
180.76.6.36 - - [06/May/2015:21:20:07 +0200] "GET /hirlevel/totkomlos_1109.doc HTTP/1.1" 200 589824 "-" "Mozilla/5.0 (compatible; Baiduspider/2.0; +http://www.baidu.com/search/spider.html)"
68.180.228.240 - - [06/May/2015:21:45:40 +0200] "GET /hirlevel/europaimobilitasihet_hajdunanason.pdf HTTP/1.1" 200 27756 "-" "Mozilla/5.0 (compatible; Yahoo! Slurp; http://help.yahoo.com/help/us/ysearch/slurp)"
157.55.39.189 - - [06/May/2015:21:45:46 +0200] "GET /hirlevel/images/1103_b.jpg HTTP/1.1" 200 82050 "-" "msnbot-media/1.1 (+http://search.msn.com/msnbot.htm)"
87.97.36.32 - - [06/May/2015:21:47:03 +0200] "GET /images/vasutterkep_n.jpg HTTP/1.1" 200 4702972 "http://www.bing.com/images/search?q=t%c3%a9rk%c3%a9p&view=detailv2&&&id=0FA9EA479C8807064BA339B359DC376B15ECDF15&selectedIndex=159&ccid=uNaOM%2fvd&simid=607998173719692599&thid=JN.57HgGOdYpsFI%2fjp8wp%2btQg&mode=overlay" "Mozilla/5.0 (Windows NT 6.3; WOW64; Trident/7.0; rv:11.0) like Gecko"
94.175.78.103 - - [06/May/2015:21:55:33 +0200] "GET /images/vasutterkep_n.jpg HTTP/1.1" 200 4702972 "https://www.google.co.uk/" "Mozilla/5.0 (Windows NT 6.3; Win64; x64) AppleWebKit/537.36 (KHTML, like Gecko) Chrome/42.0.2311.135 Safari/537.36"
195.38.116.31 - - [06/May/2015:22:13:51 +0200] "GET /images/vasutterkep_n.jpg HTTP/1.1" 200 4702972 "-" "Mozilla/5.0 (Macintosh; Intel Mac OS X 10.6; rv:37.0) Gecko/20100101 Firefox/37.0"
188.36.49.64 - - [06/May/2015:22:25:27 +0200] "GET /doc/vasuttal-budapest-kornyeken.pdf HTTP/1.1" 200 4099667 "http://kereso.startlap.hu/?q=r%C3%A1koshegy-keleti+p%C3%A1lyaudvar+m%C3%A1v+menetrend&page=1&sise=a&search=google&nhash=startlap_543b02931902fcf98d0acb144347f1d6_TURJd05USXlNakF4TlRJME1EWTVNakU1T0RNNE9EazNPVGMwT1RneU5qRTFOVEl5T0RVM09UZzNOREU1TWpRd05EQTNNREF5" "Mozilla/5.0 (Windows NT 6.0; rv:37.0) Gecko/20100101 Firefox/37.0"
188.36.49.64 - - [06/May/2015:22:25:40 +0200] "GET /doc/vasuttal-budapest-kornyeken.pdf HTTP/1.1" 200 4099667 "http://kereso.startlap.hu/?q=r%C3%A1koshegy-keleti+p%C3%A1lyaudvar+m%C3%A1v+menetrend&page=1&sise=a&search=google&nhash=startlap_543b02931902fcf98d0acb144347f1d6_TURJd05USXlNakF4TlRJME1EWTVNakU1T0RNNE9EazNPVGMwT1RneU5qRTFOVEl5T0RVM09UZzNOREU1TWpRd05EQTNNREF5" "Mozilla/5.0 (Windows NT 6.0; rv:37.0) Gecko/20100101 Firefox/37.0"
157.55.39.167 - - [06/May/2015:22:30:22 +0200] "GET /hirlevel/images/1101_a.jpg HTTP/1.1" 200 59963 "-" "msnbot-media/1.1 (+http://search.msn.com/msnbot.htm)"
66.249.64.149 - - [06/May/2015:22:39:10 +0200] "GET / HTTP/1.1" 304 - "-" "Mozilla/5.0 (compatible; Googlebot/2.1; +http://www.google.com/bot.html)"
176.63.16.246 - - [06/May/2015:22:41:48 +0200] "GET /hirlevel/images/1410_b.jpg HTTP/1.1" 200 24544 "https://www.google.hu/" "Mozilla/5.0 (Windows NT 6.1) AppleWebKit/537.36 (KHTML, like Gecko) Chrome/42.0.2311.135 Safari/537.36"
94.27.219.16 - - [06/May/2015:22:43:13 +0200] "GET /hirlevel/images/1112a.jpg HTTP/1.1" 200 156611 "-" "Mozilla/5.0 (Windows NT 6.1; WOW64; rv:37.0) Gecko/20100101 Firefox/37.0"
94.27.219.16 - - [06/May/2015:22:43:13 +0200] "GET /hirlevel/images/1112a.jpg HTTP/1.1" 206 35312 "http://www.google.hu/url?sa=i&rct=j&q=&esrc=s&source=images&cd=&ved=0CAQQjBw&url=http%3A%2F%2Fmkk.zpok.hu%2Fhirlevel%2Fimages%2F1112a.jpg&ei=4HxKVaKBE6LV7ga8joGwCw&bvm=bv.92765956,d.bGQ&psig=AFQjCNGwb0_SfXPjSVg0_DzMPGH-RlmSOg&ust=1431031383709856" "Mozilla/5.0 (Windows NT 6.1; WOW64; rv:37.0) Gecko/20100101 Firefox/37.0"
188.6.129.156 - - [06/May/2015:22:47:00 +0200] "GET /hirlevel/images/1009_terkep_n.jpg HTTP/1.1" 200 598267 "-" "Mozilla/5.0 (Linux; Android 4.4.4; SM-G360F Build/KTU84P) AppleWebKit/537.36 (KHTML, like Gecko) Version/4.0 Chrome/33.0.0.0 Mobile Safari/537.36 GSA/4.5.13.19.arm"
188.6.129.156 - - [06/May/2015:22:47:12 +0200] "GET /doc/ti-to20120627.jpg HTTP/1.1" 200 1071059 "-" "Mozilla/5.0 (Linux; Android 4.4.4; SM-G360F Build/KTU84P) AppleWebKit/537.36 (KHTML, like Gecko) Version/4.0 Chrome/33.0.0.0 Mobile Safari/537.36 GSA/4.5.13.19.arm"
188.6.129.156 - - [06/May/2015:22:48:10 +0200] "GET /doc/budapest-kornyeken-vasuttal.jpg HTTP/1.1" 200 1081673 "-" "Mozilla/5.0 (Linux; Android 4.4.4; SM-G360F Build/KTU84P) AppleWebKit/537.36 (KHTML, like Gecko) Version/4.0 Chrome/33.0.0.0 Mobile Safari/537.36 GSA/4.5.13.19.arm"
94.27.226.93 - - [06/May/2015:22:56:30 +0200] "GET /doc/T&E_marcius2009.pdf HTTP/1.1" 200 59278 "https://www.google.hu/" "Mozilla/5.0 (Windows NT 6.3; WOW64) AppleWebKit/537.36 (KHTML, like Gecko) Chrome/42.0.2311.135 Safari/537.36"
94.27.226.93 - - [06/May/2015:22:56:30 +0200] "GET /favicon.ico HTTP/1.1" 404 1181 "http://mkk.zpok.hu/doc/T&E_marcius2009.pdf" "Mozilla/5.0 (Windows NT 6.3; WOW64) AppleWebKit/537.36 (KHTML, like Gecko) Chrome/42.0.2311.135 Safari/537.36"
94.27.226.93 - - [06/May/2015:22:56:30 +0200] "GET /favicon.ico HTTP/1.1" 404 1181 "http://mkk.zpok.hu/doc/T&E_marcius2009.pdf" "Mozilla/5.0 (Windows NT 6.3; WOW64) AppleWebKit/537.36 (KHTML, like Gecko) Chrome/42.0.2311.135 Safari/537.36"
109.105.7.71 - - [06/May/2015:22:58:33 +0200] "GET /images/vasutterkep_n.jpg HTTP/1.1" 200 1721433 "https://www.google.co.uk/" "Mozilla/5.0 (Windows NT 6.1; WOW64) AppleWebKit/537.36 (KHTML, like Gecko) Chrome/42.0.2311.135 Safari/537.36"
80.98.178.67 - - [06/May/2015:23:09:44 +0200] "GET /doc/budapest-kornyeken-vasuttal.jpg HTTP/1.1" 200 1081673 "https://www.google.hu/" "Mozilla/5.0 (Windows NT 6.1; Win64; x64) AppleWebKit/537.36 (KHTML, like Gecko) Chrome/42.0.2311.135 Safari/537.36"
76.104.90.230 - - [06/May/2015:23:23:35 +0200] "GET / HTTP/1.1" 200 1178 "-" "Mozilla/5.0 (Windows NT 6.3; WOW64) AppleWebKit/537.36 (KHTML, like Gecko) Chrome/42.0.2311.135 Safari/537.36"
76.104.90.230 - - [06/May/2015:23:23:36 +0200] "GET /favicon.ico HTTP/1.1" 404 1181 "http://mkk.zpok.hu/" "Mozilla/5.0 (Windows NT 6.3; WOW64) AppleWebKit/537.36 (KHTML, like Gecko) Chrome/42.0.2311.135 Safari/537.36"
76.104.90.230 - - [06/May/2015:23:23:39 +0200] "GET /index.swf HTTP/1.1" 200 1411903 "http://mkk.zpok.hu/" "Mozilla/5.0 (Windows NT 6.3; WOW64) AppleWebKit/537.36 (KHTML, like Gecko) Chrome/42.0.2311.135 Safari/537.36"
76.104.90.230 - - [06/May/2015:23:24:00 +0200] "GET /popupsys%20elemei/main.txt HTTP/1.1" 200 342 "http://mkk.zpok.hu/" "Mozilla/5.0 (Windows NT 6.3; WOW64) AppleWebKit/537.36 (KHTML, like Gecko) Chrome/42.0.2311.135 Safari/537.36"
76.104.90.230 - - [06/May/2015:23:24:04 +0200] "GET /hirek.xml HTTP/1.1" 200 50012 "http://mkk.zpok.hu/" "Mozilla/5.0 (Windows NT 6.3; WOW64) AppleWebKit/537.36 (KHTML, like Gecko) Chrome/42.0.2311.135 Safari/537.36"
76.104.90.230 - - [06/May/2015:23:24:18 +0200] "GET /doc/budapest-kornyeken-vasuttal.jpg HTTP/1.1" 200 1081673 "http://mkk.zpok.hu/" "Mozilla/5.0 (Windows NT 6.3; WOW64) AppleWebKit/537.36 (KHTML, like Gecko) Chrome/42.0.2311.135 Safari/537.36"
217.197.186.186 - - [06/May/2015:23:36:00 +0200] "GET /images/vasutterkep_n.jpg HTTP/1.1" 200 4702972 "https://www.google.hu/" "Mozilla/5.0 (Windows NT 6.3; WOW64) AppleWebKit/537.36 (KHTML, like Gecko) Chrome/42.0.2311.135 Safari/537.36"
66.249.64.211 - - [07/May/2015:00:10:43 +0200] "GET /robots.txt HTTP/1.1" 404 1181 "-" "Mozilla/5.0 (compatible; Googlebot/2.1; +http://www.google.com/bot.html)"
66.249.64.211 - - [07/May/2015:00:10:43 +0200] "GET /hirlevel/images/0812d.jpg HTTP/1.1" 304 - "-" "Googlebot-Image/1.0"
188.24.90.52 - - [07/May/2015:00:11:58 +0200] "GET /images/vasutterkep_n.jpg HTTP/1.1" 200 4702972 "-" "Mozilla/5.0 (Macintosh; Intel Mac OS X 10.7; rv:37.0) Gecko/20100101 Firefox/37.0"
157.55.39.167 - - [07/May/2015:00:20:15 +0200] "GET / HTTP/1.1" 200 1178 "-" "Mozilla/5.0 (compatible; bingbot/2.0; +http://www.bing.com/bingbot.htm)"
5.255.253.75 - - [07/May/2015:00:30:54 +0200] "GET /robots.txt HTTP/1.1" 404 1181 "-" "Mozilla/5.0 (compatible; YandexBot/3.0; +http://yandex.com/bots)"
90.177.180.63 - - [07/May/2015:00:39:22 +0200] "GET /images/vasutterkep_n.jpg HTTP/1.1" 200 2057448 "-" "Mozilla/5.0 (Windows NT 6.3; Win64; x64; Trident/7.0; MAPBJS; rv:11.0) like Gecko"
84.3.52.129 - - [07/May/2015:00:45:02 +0200] "GET /images/vasutterkep_n.jpg HTTP/1.1" 200 4702972 "-" "Mozilla/5.0 (Linux; U; Android 4.1.2; hu-hu; GT-N7000 Build/JZO54K) AppleWebKit/534.30 (KHTML, like Gecko) Version/4.0 Mobile Safari/534.30 GSA/4.5.13.16.arm"
180.76.6.156 - - [07/May/2015:01:02:41 +0200] "GET /doc/bevasar.pdf HTTP/1.1" 200 557056 "-" "Mozilla/5.0 (compatible; Baiduspider/2.0; +http://www.baidu.com/search/spider.html)"
86.47.80.147 - - [07/May/2015:01:09:19 +0200] "GET /images/vasutterkep_n.jpg HTTP/1.1" 200 360448 "-" "Mozilla/5.0 (Windows; U; Windows NT 5.1; en-US; rv:1.9.2.8) Gecko/20100721 Firefox/3.6.8"
86.47.80.147 - - [07/May/2015:01:09:36 +0200] "GET / HTTP/1.1" 200 1178 "http://www.mkk.zpok.hu/images/vasutterkep_n.jpg" "Mozilla/5.0 (Windows; U; Windows NT 5.1; en-US; rv:1.9.2.8) Gecko/20100721 Firefox/3.6.8"
80.99.184.6 - - [07/May/2015:01:31:25 +0200] "GET /hirlevel/images/1009_terkep_n.jpg HTTP/1.1" 200 598267 "https://www.google.hu/" "Mozilla/5.0 (Windows NT 6.1; WOW64) AppleWebKit/537.36 (KHTML, like Gecko) Chrome/42.0.2311.135 Safari/537.36"
66.249.64.144 - - [07/May/2015:01:36:54 +0200] "GET /robots.txt HTTP/1.1" 404 1181 "-" "Mozilla/5.0 (compatible; Googlebot/2.1; +http://www.google.com/bot.html)"
66.249.64.134 - - [07/May/2015:01:36:54 +0200] "GET /doc/vasuttal-budapest-kornyeken.pdf HTTP/1.1" 304 - "-" "Mozilla/5.0 (compatible; Googlebot/2.1; +http://www.google.com/bot.html)"
207.46.13.55 - - [07/May/2015:01:40:50 +0200] "GET /hirlevel/MAV_102vonal_prezi201504.pdf HTTP/1.1" 200 1579816 "-" "msnbot-media/1.1 (+http://search.msn.com/msnbot.htm)"
5.255.253.75 - - [07/May/2015:02:10:50 +0200] "GET /hirlevel/vonattal1004.htm HTTP/1.1" 200 51166 "-" "Mozilla/5.0 (compatible; YandexBot/3.0; +http://yandex.com/bots)"
203.133.168.103 - - [07/May/2015:02:20:29 +0200] "GET /robots.txt HTTP/1.1" 404 1181 "-" "Mozilla/5.0 (compatible; MSIE or Firefox mutant; not on Windows server;) Daumoa/4.0"
203.133.168.103 - - [07/May/2015:02:20:30 +0200] "GET /hirlevel/vonattal1101-02.htm HTTP/1.1" 200 29113 "-" "Mozilla/5.0 (compatible; MSIE or Firefox mutant; not on Windows server;) Daumoa/4.0"
180.76.5.191 - - [07/May/2015:02:56:03 +0200] "GET /doc/allampolgari_jogok_ogy_bizt.pdf HTTP/1.1" 200 168952 "-" "Mozilla/5.0 (compatible; Baiduspider/2.0; +http://www.baidu.com/search/spider.html)"
157.55.39.189 - - [07/May/2015:03:04:54 +0200] "GET /doc/bevasar.pdf HTTP/1.1" 200 3063780 "-" "Mozilla/5.0 (compatible; bingbot/2.0; +http://www.bing.com/bingbot.htm)"
66.249.83.233 - - [07/May/2015:03:05:15 +0200] "GET /hirlevel/images/1206_6.jpg HTTP/1.1" 200 181989 "-" "Mozilla/5.0 (Windows NT 5.1; rv:11.0) Gecko Firefox/11.0 (via ggpht.com GoogleImageProxy)"
68.180.228.106 - - [07/May/2015:03:21:17 +0200] "GET /robots.txt HTTP/1.1" 404 1181 "-" "Mozilla/5.0 (compatible; Yahoo! Slurp; http://help.yahoo.com/help/us/ysearch/slurp)"
68.180.228.106 - - [07/May/2015:03:21:18 +0200] "GET /doc/osszefoglalo_070622.pdf HTTP/1.1" 200 67689 "-" "Mozilla/5.0 (compatible; Yahoo! Slurp; http://help.yahoo.com/help/us/ysearch/slurp)"
157.55.39.189 - - [07/May/2015:03:29:58 +0200] "GET /doc/bevasar.pdf HTTP/1.1" 200 3063780 "-" "Mozilla/5.0 (compatible; bingbot/2.0; +http://www.bing.com/bingbot.htm)"
157.55.39.191 - - [07/May/2015:04:00:30 +0200] "GET /doc/ipoly_201109.pdf HTTP/1.1" 200 5592654 "-" "Mozilla/5.0 (compatible; bingbot/2.0; +http://www.bing.com/bingbot.htm)"
66.249.64.206 - - [07/May/2015:04:03:38 +0200] "GET /hirlevel/images/1109e.jpg HTTP/1.1" 200 167091 "-" "Googlebot-Image/1.0"
66.249.64.206 - - [07/May/2015:04:33:59 +0200] "GET /doc/20110621_KValap_palyazat_kiiras.doc HTTP/1.1" 404 1181 "-" "Mozilla/5.0 (compatible; Googlebot/2.1; +http://www.google.com/bot.html)"
66.249.64.149 - - [07/May/2015:04:53:22 +0200] "GET / HTTP/1.1" 200 1178 "-" "Mozilla/5.0 (compatible; Googlebot/2.1; +http://www.google.com/bot.html)"
68.180.228.240 - - [07/May/2015:05:07:35 +0200] "GET /hirlevel/vonattal1007.htm HTTP/1.1" 200 27837 "-" "Mozilla/5.0 (compatible; Yahoo! Slurp; http://help.yahoo.com/help/us/ysearch/slurp)"
66.249.64.206 - - [07/May/2015:05:17:55 +0200] "GET /hirlevel/sajtonyilatkozat_tersegivasutak_1110.pdf HTTP/1.1" 200 89934 "-" "Mozilla/5.0 (compatible; Googlebot/2.1; +http://www.google.com/bot.html)"
157.55.39.222 - - [07/May/2015:05:19:30 +0200] "GET /doc/OT_2014_Utdij_allasfoglalas_aprilis27-1.pdf HTTP/1.1" 200 42478 "-" "Mozilla/5.0 (compatible; bingbot/2.0; +http://www.bing.com/bingbot.htm)"
66.249.64.134 - - [07/May/2015:05:23:50 +0200] "GET /doc/bibok_zsuzsanna.ppt HTTP/1.1" 404 1181 "-" "Mozilla/5.0 (iPhone; CPU iPhone OS 6_0 like Mac OS X) AppleWebKit/536.26 (KHTML, like Gecko) Version/6.0 Mobile/10A5376e Safari/8536.25 (compatible; Googlebot/2.1; +http://www.google.com/bot.html)"
27.154.132.136 - - [07/May/2015:05:24:22 +0200] "GET /hirlevel/UtasforumJegyzkonyv141121.pdf HTTP/1.0" 200 313567 "http://mkk.zpok.hu/hirlevel/UtasforumJegyzkonyv141121.pdf" "Opera/9.80 (Windows NT 6.1; WOW64) Presto/2.12.388 Version/12.17"
27.154.132.136 - - [07/May/2015:05:24:29 +0200] "GET /hirlevel/index.php HTTP/1.0" 404 1181 "http://mkk.zpok.hu/index.php" "Opera/9.80 (Windows NT 6.1; WOW64) Presto/2.12.388 Version/12.17"
27.154.132.136 - - [07/May/2015:05:24:29 +0200] "GET /index.php HTTP/1.0" 404 1181 "http://mkk.zpok.hu/index.php" "Opera/9.80 (Windows NT 6.1; WOW64) Presto/2.12.388 Version/12.17"
27.154.132.136 - - [07/May/2015:05:24:30 +0200] "GET /hirlevel/index.php HTTP/1.0" 404 1181 "http://mkk.zpok.hu/index.php" "Opera/9.80 (Windows NT 6.1; WOW64) Presto/2.12.388 Version/12.17"
27.154.132.136 - - [07/May/2015:05:24:34 +0200] "GET /index.php HTTP/1.0" 404 1181 "http://mkk.zpok.hu/index.php" "Opera/9.80 (Windows NT 6.1; WOW64) Presto/2.12.388 Version/12.17"
27.154.132.136 - - [07/May/2015:05:24:35 +0200] "GET /hirlevel/index.php HTTP/1.0" 404 1181 "http://mkk.zpok.hu/index.php" "Opera/9.80 (Windows NT 6.1; WOW64) Presto/2.12.388 Version/12.17"
27.154.132.136 - - [07/May/2015:05:24:37 +0200] "GET /index.php HTTP/1.0" 404 1181 "http://mkk.zpok.hu/index.php" "Opera/9.80 (Windows NT 6.1; WOW64) Presto/2.12.388 Version/12.17"
66.249.64.149 - - [07/May/2015:05:34:58 +0200] "GET /doc/alapsz03.pdf HTTP/1.1" 200 6009944 "-" "Mozilla/5.0 (iPhone; CPU iPhone OS 6_0 like Mac OS X) AppleWebKit/536.26 (KHTML, like Gecko) Version/6.0 Mobile/10A5376e Safari/8536.25 (compatible; Googlebot/2.1; +http://www.google.com/bot.html)"
180.76.6.232 - - [07/May/2015:05:42:52 +0200] "GET /doc/osszef_0910.pdf HTTP/1.1" 200 65752 "-" "Mozilla/5.0 (compatible; Baiduspider/2.0; +http://www.baidu.com/search/spider.html)"
80.99.175.71 - - [07/May/2015:05:47:53 +0200] "GET /doc/vasuttal-budapest-kornyeken.pdf HTTP/1.1" 200 4099667 "http://www.google.hu/url?sa=t&rct=j&q=&esrc=s&source=web&cd=4&ved=0CDIQFjAD&url=http%3A%2F%2Fwww.mkk.zpok.hu%2Fdoc%2Fvasuttal-budapest-kornyeken.pdf&ei=COBKVe6PEou9UcSngJAO&usg=AFQjCNGA_IywASBnFtoPx6DlmRUfxjoaHA&sig2=zAQJxQEdy-GlO5JZi5VJyA&bvm=bv.92765956,d.d24" "Mozilla/5.0 (Windows NT 5.1; rv:37.0) Gecko/20100101 Firefox/37.0"
80.99.175.71 - - [07/May/2015:05:47:54 +0200] "GET /doc/vasuttal-budapest-kornyeken.pdf HTTP/1.1" 206 65536 "http://www.google.hu/url?sa=t&rct=j&q=&esrc=s&source=web&cd=4&ved=0CDIQFjAD&url=http%3A%2F%2Fwww.mkk.zpok.hu%2Fdoc%2Fvasuttal-budapest-kornyeken.pdf&ei=COBKVe6PEou9UcSngJAO&usg=AFQjCNGA_IywASBnFtoPx6DlmRUfxjoaHA&sig2=zAQJxQEdy-GlO5JZi5VJyA&bvm=bv.92765956,d.d24" "Mozilla/5.0 (Windows NT 5.1; rv:37.0) Gecko/20100101 Firefox/37.0"
80.99.175.71 - - [07/May/2015:05:47:54 +0200] "GET /doc/vasuttal-budapest-kornyeken.pdf HTTP/1.1" 206 36435 "http://www.google.hu/url?sa=t&rct=j&q=&esrc=s&source=web&cd=4&ved=0CDIQFjAD&url=http%3A%2F%2Fwww.mkk.zpok.hu%2Fdoc%2Fvasuttal-budapest-kornyeken.pdf&ei=COBKVe6PEou9UcSngJAO&usg=AFQjCNGA_IywASBnFtoPx6DlmRUfxjoaHA&sig2=zAQJxQEdy-GlO5JZi5VJyA&bvm=bv.92765956,d.d24" "Mozilla/5.0 (Windows NT 5.1; rv:37.0) Gecko/20100101 Firefox/37.0"
80.99.175.71 - - [07/May/2015:05:47:58 +0200] "GET /favicon.ico HTTP/1.1" 404 1181 "-" "Mozilla/5.0 (Windows NT 5.1; rv:37.0) Gecko/20100101 Firefox/37.0"
84.236.19.167 - - [07/May/2015:06:06:26 +0200] "GET /favicon.ico HTTP/1.1" 404 1181 "http://www.mkk.zpok.hu/doc/vasuttal-budapest-kornyeken.pdf" "Mozilla/5.0 (Windows NT 6.1; WOW64) AppleWebKit/537.36 (KHTML, like Gecko) Chrome/42.0.2311.135 Safari/537.36"
84.236.19.167 - - [07/May/2015:06:06:30 +0200] "GET /doc/vasuttal-budapest-kornyeken.pdf HTTP/1.1" 200 2103452 "http://kereso.startlap.hu/index.php?q=Bp+Monor+m%C3%A1v+menetrend&start=12&num=12&sise=a&search=google&nhash=startlap_821fd25db84ae5a00e57afc9b0416037_TlRJd05UQTJNakF4TlRBM01ESTVNRFV6TnpNek56WTRORE0zTmpZM09UYzBNRFU1TmpReE9UWTJOVFkyT1RNeU5qVTROemMx" "Mozilla/5.0 (Windows NT 6.1; WOW64) AppleWebKit/537.36 (KHTML, like Gecko) Chrome/42.0.2311.135 Safari/537.36"
84.236.19.167 - - [07/May/2015:06:06:30 +0200] "GET /doc/vasuttal-budapest-kornyeken.pdf HTTP/1.1" 206 32768 "-" "Mozilla/5.0 (Windows NT 6.1; WOW64) AppleWebKit/537.36 (KHTML, like Gecko) Chrome/42.0.2311.135 Safari/537.36"
84.236.19.167 - - [07/May/2015:06:06:31 +0200] "GET /doc/vasuttal-budapest-kornyeken.pdf HTTP/1.1" 206 4066899 "-" "Mozilla/5.0 (Windows NT 6.1; WOW64) AppleWebKit/537.36 (KHTML, like Gecko) Chrome/42.0.2311.135 Safari/537.36"
207.46.13.55 - - [07/May/2015:06:07:04 +0200] "GET /hirlevel/vonattal1204.htm HTTP/1.1" 200 31657 "-" "Mozilla/5.0 (compatible; bingbot/2.0; +http://www.bing.com/bingbot.htm)"
66.249.64.149 - - [07/May/2015:06:22:24 +0200] "GET /doc/vasuttal-budapest-kornyeken.pdf HTTP/1.1" 304 - "-" "Mozilla/5.0 (compatible; Googlebot/2.1; +http://www.google.com/bot.html)"
66.249.64.144 - - [07/May/2015:06:23:15 +0200] "GET /doc/andreas_geissler.ppt HTTP/1.1" 404 1181 "-" "Mozilla/5.0 (compatible; Googlebot/2.1; +http://www.google.com/bot.html)"
157.55.39.189 - - [07/May/2015:06:29:53 +0200] "GET /hirlevel/emlekezteto_hevesvezekeny_201504.pdf HTTP/1.1" 200 192146 "-" "msnbot-media/1.1 (+http://search.msn.com/msnbot.htm)"
157.55.39.189 - - [07/May/2015:06:29:56 +0200] "GET /doc/szigethalom_mobhet_1009.pdf HTTP/1.1" 200 129266 "-" "Mozilla/5.0 (compatible; bingbot/2.0; +http://www.bing.com/bingbot.htm)"
78.131.51.238 - - [07/May/2015:06:49:15 +0200] "GET /doc/vasuttal-budapest-kornyeken.pdf HTTP/1.1" 200 4099667 "http://www.google.hu/url?sa=t&rct=j&q=&esrc=s&source=web&cd=4&ved=0CDEQFjAD&url=http%3A%2F%2Fwww.mkk.zpok.hu%2Fdoc%2Fvasuttal-budapest-kornyeken.pdf&ei=ue5KVbGyHsesUd25gJAO&usg=AFQjCNGA_IywASBnFtoPx6DlmRUfxjoaHA&bvm=bv.92765956,d.bGg" "Mozilla/5.0 (Windows NT 6.1; Trident/7.0; rv:11.0) like Gecko"
173.245.115.78 - - [07/May/2015:07:03:11 +0200] "GET /favicon.ico HTTP/1.1" 404 1181 "-" "-"
173.245.115.76 - - [07/May/2015:07:03:11 +0200] "GET /favicon.ico HTTP/1.1" 404 1181 "-" "-"
200.95.6.112 - - [07/May/2015:07:11:51 +0200] "GET /doc/budapest-kornyeken-vasuttal.jpg HTTP/1.1" 200 1081673 "http://www.google.com.mx/blank.html" "Mozilla/5.0 (iPad; CPU OS 5_1_1 like Mac OS X) AppleWebKit/534.46 (KHTML, like Gecko) Version/5.1 Mobile/9B206 Safari/7534.48.3"
66.249.64.216 - - [07/May/2015:07:12:34 +0200] "GET /doc/recs_konf_1103.pdf HTTP/1.1" 200 155298 "-" "Googlebot/2.1 (+http://www.google.com/bot.html)"
200.95.6.112 - - [07/May/2015:07:13:09 +0200] "GET /doc/budapest-kornyeken-vasuttal.jpg HTTP/1.1" 200 1081673 "http://www.google.com.mx/imgres?imgurl=http://mkk.zpok.hu/doc/budapest-kornyeken-vasuttal.jpg&imgrefurl=http://www.mkk.zpok.hu/&h=2785&w=3908&tbnid=qu47mFiaoqpqRM:&zoom=1&q=mav+terkep&docid=LY7F8x2NUUuluM&hl=en-gb&ei=BfRKVejeGIe8yQSD1IDoBg&tbm=isch&client=safari&ved=0CEAQMygeMB4" "Mozilla/5.0 (iPad; CPU OS 5_1_1 like Mac OS X) AppleWebKit/534.46 (KHTML, like Gecko) Version/5.1 Mobile/9B206 Safari/7534.48.3"
62.217.227.44 - - [07/May/2015:07:14:28 +0200] "GET /images/vasutterkep_n.jpg HTTP/1.1" 200 4702972 "https://www.google.ro/" "Mozilla/5.0 (Windows NT 6.1) AppleWebKit/537.36 (KHTML, like Gecko) Chrome/42.0.2311.135 Safari/537.36"
157.55.39.166 - - [07/May/2015:07:17:29 +0200] "GET / HTTP/1.1" 200 1178 "-" "Mozilla/5.0 (compatible; bingbot/2.0; +http://www.bing.com/bingbot.htm)"
207.46.13.55 - - [07/May/2015:07:56:57 +0200] "GET /robots.txt HTTP/1.1" 404 1181 "-" "Mozilla/5.0 (compatible; bingbot/2.0; +http://www.bing.com/bingbot.htm)"
207.46.13.55 - - [07/May/2015:07:57:03 +0200] "GET /hirlevel/vonattal1412.html HTTP/1.1" 200 20581 "-" "Mozilla/5.0 (compatible; bingbot/2.0; +http://www.bing.com/bingbot.htm)"
66.249.64.211 - - [07/May/2015:08:00:37 +0200] "GET /hirlevel/images/1307_1.jpg HTTP/1.1" 304 - "-" "Googlebot-Image/1.0"
5.9.156.11 - - [07/May/2015:08:00:52 +0200] "GET / HTTP/1.1" 200 1178 "-" "Mozilla/5.0 (compatible; MegaIndex.ru/2.0; +http://megaindex.com/crawler)"
66.249.64.211 - - [07/May/2015:08:05:59 +0200] "GET /doc/ttft.pdf HTTP/1.1" 200 6493253 "-" "Mozilla/5.0 (compatible; Googlebot/2.1; +http://www.google.com/bot.html)"
66.249.64.211 - - [07/May/2015:08:09:07 +0200] "GET /hirlevel/images/1209_d.jpg HTTP/1.1" 304 - "-" "Googlebot-Image/1.0"
178.48.222.134 - - [07/May/2015:08:10:06 +0200] "GET /favicon.ico HTTP/1.1" 404 1181 "http://mkk.zpok.hu/doc/tisza-to_szoroanyag_2012.pdf" "Mozilla/5.0 (Windows NT 6.1; WOW64) AppleWebKit/537.36 (KHTML, like Gecko) Chrome/42.0.2311.135 Safari/537.36"
178.48.222.134 - - [07/May/2015:08:10:07 +0200] "GET /doc/tisza-to_szoroanyag_2012.pdf HTTP/1.1" 200 890943 "https://www.google.hu/" "Mozilla/5.0 (Windows NT 6.1; WOW64) AppleWebKit/537.36 (KHTML, like Gecko) Chrome/42.0.2311.135 Safari/537.36"
188.6.159.52 - - [07/May/2015:08:12:38 +0200] "GET /doc/vasuttal-budapest-kornyeken.pdf HTTP/1.1" 206 65536 "http://www.google.hu/url?sa=t&rct=j&q=&esrc=s&source=web&cd=6&ved=0CEAQFjAF&url=http%3A%2F%2Fwww.mkk.zpok.hu%2Fdoc%2Fvasuttal-budapest-kornyeken.pdf&ei=rv5KVf7-CYv0UtLwgZAN&usg=AFQjCNGA_IywASBnFtoPx6DlmRUfxjoaHA&bvm=bv.92765956,d.d24" "Mozilla/5.0 (Windows NT 6.1; rv:37.0) Gecko/20100101 Firefox/37.0"
188.6.159.52 - - [07/May/2015:08:12:38 +0200] "GET /doc/vasuttal-budapest-kornyeken.pdf HTTP/1.1" 206 36435 "http://www.google.hu/url?sa=t&rct=j&q=&esrc=s&source=web&cd=6&ved=0CEAQFjAF&url=http%3A%2F%2Fwww.mkk.zpok.hu%2Fdoc%2Fvasuttal-budapest-kornyeken.pdf&ei=rv5KVf7-CYv0UtLwgZAN&usg=AFQjCNGA_IywASBnFtoPx6DlmRUfxjoaHA&bvm=bv.92765956,d.d24" "Mozilla/5.0 (Windows NT 6.1; rv:37.0) Gecko/20100101 Firefox/37.0"
188.6.159.52 - - [07/May/2015:08:12:39 +0200] "GET /doc/vasuttal-budapest-kornyeken.pdf HTTP/1.1" 206 65536 "http://www.google.hu/url?sa=t&rct=j&q=&esrc=s&source=web&cd=6&ved=0CEAQFjAF&url=http%3A%2F%2Fwww.mkk.zpok.hu%2Fdoc%2Fvasuttal-budapest-kornyeken.pdf&ei=rv5KVf7-CYv0UtLwgZAN&usg=AFQjCNGA_IywASBnFtoPx6DlmRUfxjoaHA&bvm=bv.92765956,d.d24" "Mozilla/5.0 (Windows NT 6.1; rv:37.0) Gecko/20100101 Firefox/37.0"
188.6.159.52 - - [07/May/2015:08:12:41 +0200] "GET /doc/vasuttal-budapest-kornyeken.pdf HTTP/1.1" 206 65536 "http://www.google.hu/url?sa=t&rct=j&q=&esrc=s&source=web&cd=6&ved=0CEAQFjAF&url=http%3A%2F%2Fwww.mkk.zpok.hu%2Fdoc%2Fvasuttal-budapest-kornyeken.pdf&ei=rv5KVf7-CYv0UtLwgZAN&usg=AFQjCNGA_IywASBnFtoPx6DlmRUfxjoaHA&bvm=bv.92765956,d.d24" "Mozilla/5.0 (Windows NT 6.1; rv:37.0) Gecko/20100101 Firefox/37.0"
188.6.159.52 - - [07/May/2015:08:12:42 +0200] "GET /doc/vasuttal-budapest-kornyeken.pdf HTTP/1.1" 206 65536 "http://www.google.hu/url?sa=t&rct=j&q=&esrc=s&source=web&cd=6&ved=0CEAQFjAF&url=http%3A%2F%2Fwww.mkk.zpok.hu%2Fdoc%2Fvasuttal-budapest-kornyeken.pdf&ei=rv5KVf7-CYv0UtLwgZAN&usg=AFQjCNGA_IywASBnFtoPx6DlmRUfxjoaHA&bvm=bv.92765956,d.d24" "Mozilla/5.0 (Windows NT 6.1; rv:37.0) Gecko/20100101 Firefox/37.0"
188.6.159.52 - - [07/May/2015:08:12:44 +0200] "GET /doc/vasuttal-budapest-kornyeken.pdf HTTP/1.1" 200 4099667 "http://www.google.hu/url?sa=t&rct=j&q=&esrc=s&source=web&cd=6&ved=0CEAQFjAF&url=http%3A%2F%2Fwww.mkk.zpok.hu%2Fdoc%2Fvasuttal-budapest-kornyeken.pdf&ei=rv5KVf7-CYv0UtLwgZAN&usg=AFQjCNGA_IywASBnFtoPx6DlmRUfxjoaHA&bvm=bv.92765956,d.d24" "Mozilla/5.0 (Windows NT 6.1; rv:37.0) Gecko/20100101 Firefox/37.0"
188.6.159.52 - - [07/May/2015:08:12:44 +0200] "GET /favicon.ico HTTP/1.1" 404 1181 "-" "Mozilla/5.0 (Windows NT 6.1; rv:37.0) Gecko/20100101 Firefox/37.0"
188.6.159.52 - - [07/May/2015:08:12:44 +0200] "GET /favicon.ico HTTP/1.1" 404 1181 "-" "Mozilla/5.0 (Windows NT 6.1; rv:37.0) Gecko/20100101 Firefox/37.0"
188.6.159.52 - - [07/May/2015:08:12:44 +0200] "GET /doc/vasuttal-budapest-kornyeken.pdf HTTP/1.1" 206 65536 "http://www.google.hu/url?sa=t&rct=j&q=&esrc=s&source=web&cd=6&ved=0CEAQFjAF&url=http%3A%2F%2Fwww.mkk.zpok.hu%2Fdoc%2Fvasuttal-budapest-kornyeken.pdf&ei=rv5KVf7-CYv0UtLwgZAN&usg=AFQjCNGA_IywASBnFtoPx6DlmRUfxjoaHA&bvm=bv.92765956,d.d24" "Mozilla/5.0 (Windows NT 6.1; rv:37.0) Gecko/20100101 Firefox/37.0"
188.6.159.52 - - [07/May/2015:08:12:44 +0200] "GET /doc/vasuttal-budapest-kornyeken.pdf HTTP/1.1" 206 65536 "http://www.google.hu/url?sa=t&rct=j&q=&esrc=s&source=web&cd=6&ved=0CEAQFjAF&url=http%3A%2F%2Fwww.mkk.zpok.hu%2Fdoc%2Fvasuttal-budapest-kornyeken.pdf&ei=rv5KVf7-CYv0UtLwgZAN&usg=AFQjCNGA_IywASBnFtoPx6DlmRUfxjoaHA&bvm=bv.92765956,d.d24" "Mozilla/5.0 (Windows NT 6.1; rv:37.0) Gecko/20100101 Firefox/37.0"
188.6.159.52 - - [07/May/2015:08:12:45 +0200] "GET /doc/vasuttal-budapest-kornyeken.pdf HTTP/1.1" 206 65536 "http://www.google.hu/url?sa=t&rct=j&q=&esrc=s&source=web&cd=6&ved=0CEAQFjAF&url=http%3A%2F%2Fwww.mkk.zpok.hu%2Fdoc%2Fvasuttal-budapest-kornyeken.pdf&ei=rv5KVf7-CYv0UtLwgZAN&usg=AFQjCNGA_IywASBnFtoPx6DlmRUfxjoaHA&bvm=bv.92765956,d.d24" "Mozilla/5.0 (Windows NT 6.1; rv:37.0) Gecko/20100101 Firefox/37.0"
188.6.159.52 - - [07/May/2015:08:12:45 +0200] "GET /doc/vasuttal-budapest-kornyeken.pdf HTTP/1.1" 206 65536 "http://www.google.hu/url?sa=t&rct=j&q=&esrc=s&source=web&cd=6&ved=0CEAQFjAF&url=http%3A%2F%2Fwww.mkk.zpok.hu%2Fdoc%2Fvasuttal-budapest-kornyeken.pdf&ei=rv5KVf7-CYv0UtLwgZAN&usg=AFQjCNGA_IywASBnFtoPx6DlmRUfxjoaHA&bvm=bv.92765956,d.d24" "Mozilla/5.0 (Windows NT 6.1; rv:37.0) Gecko/20100101 Firefox/37.0"
188.6.159.52 - - [07/May/2015:08:12:45 +0200] "GET /doc/vasuttal-budapest-kornyeken.pdf HTTP/1.1" 206 65536 "http://www.google.hu/url?sa=t&rct=j&q=&esrc=s&source=web&cd=6&ved=0CEAQFjAF&url=http%3A%2F%2Fwww.mkk.zpok.hu%2Fdoc%2Fvasuttal-budapest-kornyeken.pdf&ei=rv5KVf7-CYv0UtLwgZAN&usg=AFQjCNGA_IywASBnFtoPx6DlmRUfxjoaHA&bvm=bv.92765956,d.d24" "Mozilla/5.0 (Windows NT 6.1; rv:37.0) Gecko/20100101 Firefox/37.0"
188.6.159.52 - - [07/May/2015:08:12:46 +0200] "GET /doc/vasuttal-budapest-kornyeken.pdf HTTP/1.1" 206 65536 "http://www.google.hu/url?sa=t&rct=j&q=&esrc=s&source=web&cd=6&ved=0CEAQFjAF&url=http%3A%2F%2Fwww.mkk.zpok.hu%2Fdoc%2Fvasuttal-budapest-kornyeken.pdf&ei=rv5KVf7-CYv0UtLwgZAN&usg=AFQjCNGA_IywASBnFtoPx6DlmRUfxjoaHA&bvm=bv.92765956,d.d24" "Mozilla/5.0 (Windows NT 6.1; rv:37.0) Gecko/20100101 Firefox/37.0"
66.249.64.211 - - [07/May/2015:08:13:23 +0200] "GET /hirlevel/images/1105_b.jpg HTTP/1.1" 304 - "-" "Googlebot-Image/1.0"
66.249.64.134 - - [07/May/2015:08:16:07 +0200] "GET /doc/kozh13.pdf HTTP/1.1" 200 2523554 "-" "Mozilla/5.0 (compatible; Googlebot/2.1; +http://www.google.com/bot.html)"
66.249.64.206 - - [07/May/2015:08:17:39 +0200] "GET /hirlevel/images/1208_kapostuskevar.jpg HTTP/1.1" 304 - "-" "Googlebot-Image/1.0"
66.249.64.134 - - [07/May/2015:08:17:55 +0200] "GET /hirlevel/munka_1109/mellkletek/terezvaros_1109.doc HTTP/1.1" 404 1181 "-" "Mozilla/5.0 (compatible; Googlebot/2.1; +http://www.google.com/bot.html)"
