77.100.250.21 - - [24/Sep/2015:17:13:54 +0200] "GET /images/vasutterkep_n.jpg HTTP/1.1" 200 659537 "https://www.google.hu/" "Mozilla/5.0 (Windows NT 6.3; WOW64) AppleWebKit/537.36 (KHTML, like Gecko) Chrome/45.0.2454.99 Safari/537.36"
178.48.248.86 - - [24/Sep/2015:17:16:36 +0200] "GET /images/vasutterkep_n.jpg HTTP/1.1" 200 3034740 "https://www.google.hu/" "Mozilla/5.0 (Windows NT 6.1; WOW64) AppleWebKit/537.36 (KHTML, like Gecko) Chrome/45.0.2454.99 Safari/537.36"
90.164.43.214 - - [24/Sep/2015:17:26:34 +0200] "GET /hirlevel/images/1112a.jpg HTTP/1.1" 200 19891 "https://www.google.es/" "Mozilla/5.0 (Windows NT 6.1) AppleWebKit/537.36 (KHTML, like Gecko) Chrome/45.0.2454.99 Safari/537.36"
68.180.228.34 - - [24/Sep/2015:17:38:31 +0200] "GET /robots.txt HTTP/1.1" 404 1181 "-" "Mozilla/5.0 (compatible; Yahoo! Slurp; http://help.yahoo.com/help/us/ysearch/slurp)"
68.180.228.34 - - [24/Sep/2015:17:38:32 +0200] "GET /hirlevel/emh-1.pdf HTTP/1.1" 200 193983 "-" "Mozilla/5.0 (compatible; Yahoo! Slurp; http://help.yahoo.com/help/us/ysearch/slurp)"
68.180.228.34 - - [24/Sep/2015:17:40:03 +0200] "GET /hirlevel/vonattal1503.html HTTP/1.1" 304 - "-" "Mozilla/5.0 (compatible; Yahoo! Slurp; http://help.yahoo.com/help/us/ysearch/slurp)"
81.183.55.59 - - [24/Sep/2015:17:45:19 +0200] "GET /hirlevel/images/ti-to_2012-06-27.jpg HTTP/1.1" 200 1071059 "https://www.google.hu" "Mozilla/5.0 (Windows NT 6.1; rv:40.0) Gecko/20100101 Firefox/40.0"
66.249.67.98 - - [24/Sep/2015:17:52:48 +0200] "GET /doc/Bajnai-mellekvonal091209.pdf HTTP/1.1" 200 237893 "-" "Mozilla/5.0 (iPhone; CPU iPhone OS 8_3 like Mac OS X) AppleWebKit/600.1.4 (KHTML, like Gecko) Version/8.0 Mobile/12F70 Safari/600.1.4 (compatible; Googlebot/2.1; +http://www.google.com/bot.html)"
207.46.13.157 - - [24/Sep/2015:17:53:10 +0200] "GET /doc/b2_2012_03.pdf HTTP/1.1" 200 1080459 "-" "Mozilla/5.0 (iPhone; CPU iPhone OS 7_0 like Mac OS X) AppleWebKit/537.51.1 (KHTML, like Gecko) Version/7.0 Mobile/11A465 Safari/9537.53 (compatible; bingbot/2.0; http://www.bing.com/bingbot.htm)"
46.107.195.40 - - [24/Sep/2015:18:10:19 +0200] "GET /doc/b2_2012_03.pdf HTTP/1.1" 206 32768 "-" "Mozilla/5.0 (Windows NT 5.1) AppleWebKit/537.36 (KHTML, like Gecko) Chrome/45.0.2454.85 Safari/537.36"
46.107.195.40 - - [24/Sep/2015:18:10:19 +0200] "GET /doc/b2_2012_03.pdf HTTP/1.1" 206 1024 "-" "Mozilla/5.0 (Windows NT 5.1) AppleWebKit/537.36 (KHTML, like Gecko) Chrome/45.0.2454.85 Safari/537.36"
46.107.195.40 - - [24/Sep/2015:18:10:19 +0200] "GET /doc/b2_2012_03.pdf HTTP/1.1" 206 32907 "-" "Mozilla/5.0 (Windows NT 5.1) AppleWebKit/537.36 (KHTML, like Gecko) Chrome/45.0.2454.85 Safari/537.36"
46.107.195.40 - - [24/Sep/2015:18:10:20 +0200] "GET /doc/b2_2012_03.pdf HTTP/1.1" 206 31883 "http://mkk.zpok.hu/doc/b2_2012_03.pdf" "Mozilla/5.0 (Windows NT 5.1) AppleWebKit/537.36 (KHTML, like Gecko) Chrome/45.0.2454.85 Safari/537.36"
78.92.168.81 - - [24/Sep/2015:18:15:44 +0200] "GET /images/vasutterkep_n.jpg HTTP/1.1" 200 4702972 "https://www.google.hu/" "Mozilla/5.0 (Windows NT 6.1; WOW64) AppleWebKit/537.36 (KHTML, like Gecko) Chrome/45.0.2454.99 Safari/537.36"
89.134.6.241 - - [24/Sep/2015:18:15:51 +0200] "GET /favicon.ico HTTP/1.1" 404 1181 "http://www.mkk.zpok.hu/doc/vonatrafel_c.pdf" "Mozilla/5.0 (Windows NT 10.0; WOW64) AppleWebKit/537.36 (KHTML, like Gecko) Chrome/45.0.2454.99 Safari/537.36"
89.134.6.241 - - [24/Sep/2015:18:15:51 +0200] "GET /doc/vonatrafel_c.pdf HTTP/1.1" 200 602194 "https://www.google.hu/" "Mozilla/5.0 (Windows NT 10.0; WOW64) AppleWebKit/537.36 (KHTML, like Gecko) Chrome/45.0.2454.99 Safari/537.36"
89.134.6.241 - - [24/Sep/2015:18:15:51 +0200] "GET /doc/vonatrafel_c.pdf HTTP/1.1" 206 32768 "http://www.mkk.zpok.hu/doc/vonatrafel_c.pdf" "Mozilla/5.0 (Windows NT 10.0; WOW64) AppleWebKit/537.36 (KHTML, like Gecko) Chrome/45.0.2454.99 Safari/537.36"
89.134.6.241 - - [24/Sep/2015:18:15:51 +0200] "GET /doc/vonatrafel_c.pdf HTTP/1.1" 206 32768 "http://www.mkk.zpok.hu/doc/vonatrafel_c.pdf" "Mozilla/5.0 (Windows NT 10.0; WOW64) AppleWebKit/537.36 (KHTML, like Gecko) Chrome/45.0.2454.99 Safari/537.36"
89.134.6.241 - - [24/Sep/2015:18:15:51 +0200] "GET /doc/vonatrafel_c.pdf HTTP/1.1" 206 32768 "http://www.mkk.zpok.hu/doc/vonatrafel_c.pdf" "Mozilla/5.0 (Windows NT 10.0; WOW64) AppleWebKit/537.36 (KHTML, like Gecko) Chrome/45.0.2454.99 Safari/537.36"
89.134.6.241 - - [24/Sep/2015:18:15:52 +0200] "GET /doc/vonatrafel_c.pdf HTTP/1.1" 206 32768 "http://www.mkk.zpok.hu/doc/vonatrafel_c.pdf" "Mozilla/5.0 (Windows NT 10.0; WOW64) AppleWebKit/537.36 (KHTML, like Gecko) Chrome/45.0.2454.99 Safari/537.36"
89.134.6.241 - - [24/Sep/2015:18:15:52 +0200] "GET /doc/vonatrafel_c.pdf HTTP/1.1" 206 32768 "http://www.mkk.zpok.hu/doc/vonatrafel_c.pdf" "Mozilla/5.0 (Windows NT 10.0; WOW64) AppleWebKit/537.36 (KHTML, like Gecko) Chrome/45.0.2454.99 Safari/537.36"
89.134.6.241 - - [24/Sep/2015:18:15:52 +0200] "GET /doc/vonatrafel_c.pdf HTTP/1.1" 206 32768 "http://www.mkk.zpok.hu/doc/vonatrafel_c.pdf" "Mozilla/5.0 (Windows NT 10.0; WOW64) AppleWebKit/537.36 (KHTML, like Gecko) Chrome/45.0.2454.99 Safari/537.36"
89.134.6.241 - - [24/Sep/2015:18:15:53 +0200] "GET /doc/vonatrafel_c.pdf HTTP/1.1" 206 32768 "http://www.mkk.zpok.hu/doc/vonatrafel_c.pdf" "Mozilla/5.0 (Windows NT 10.0; WOW64) AppleWebKit/537.36 (KHTML, like Gecko) Chrome/45.0.2454.99 Safari/537.36"
89.134.6.241 - - [24/Sep/2015:18:15:53 +0200] "GET /doc/vonatrafel_c.pdf HTTP/1.1" 206 32768 "http://www.mkk.zpok.hu/doc/vonatrafel_c.pdf" "Mozilla/5.0 (Windows NT 10.0; WOW64) AppleWebKit/537.36 (KHTML, like Gecko) Chrome/45.0.2454.99 Safari/537.36"
89.134.6.241 - - [24/Sep/2015:18:15:53 +0200] "GET /doc/vonatrafel_c.pdf HTTP/1.1" 206 32768 "http://www.mkk.zpok.hu/doc/vonatrafel_c.pdf" "Mozilla/5.0 (Windows NT 10.0; WOW64) AppleWebKit/537.36 (KHTML, like Gecko) Chrome/45.0.2454.99 Safari/537.36"
89.134.6.241 - - [24/Sep/2015:18:15:53 +0200] "GET /doc/vonatrafel_c.pdf HTTP/1.1" 206 32768 "http://www.mkk.zpok.hu/doc/vonatrafel_c.pdf" "Mozilla/5.0 (Windows NT 10.0; WOW64) AppleWebKit/537.36 (KHTML, like Gecko) Chrome/45.0.2454.99 Safari/537.36"
89.134.6.241 - - [24/Sep/2015:18:15:53 +0200] "GET /doc/vonatrafel_c.pdf HTTP/1.1" 206 32768 "http://www.mkk.zpok.hu/doc/vonatrafel_c.pdf" "Mozilla/5.0 (Windows NT 10.0; WOW64) AppleWebKit/537.36 (KHTML, like Gecko) Chrome/45.0.2454.99 Safari/537.36"
89.134.6.241 - - [24/Sep/2015:18:15:53 +0200] "GET /doc/vonatrafel_c.pdf HTTP/1.1" 206 65536 "http://www.mkk.zpok.hu/doc/vonatrafel_c.pdf" "Mozilla/5.0 (Windows NT 10.0; WOW64) AppleWebKit/537.36 (KHTML, like Gecko) Chrome/45.0.2454.99 Safari/537.36"
89.134.6.241 - - [24/Sep/2015:18:15:54 +0200] "GET /doc/vonatrafel_c.pdf HTTP/1.1" 206 65536 "http://www.mkk.zpok.hu/doc/vonatrafel_c.pdf" "Mozilla/5.0 (Windows NT 10.0; WOW64) AppleWebKit/537.36 (KHTML, like Gecko) Chrome/45.0.2454.99 Safari/537.36"
89.134.6.241 - - [24/Sep/2015:18:15:54 +0200] "GET /doc/vonatrafel_c.pdf HTTP/1.1" 206 65536 "http://www.mkk.zpok.hu/doc/vonatrafel_c.pdf" "Mozilla/5.0 (Windows NT 10.0; WOW64) AppleWebKit/537.36 (KHTML, like Gecko) Chrome/45.0.2454.99 Safari/537.36"
89.134.6.241 - - [24/Sep/2015:18:15:54 +0200] "GET /doc/vonatrafel_c.pdf HTTP/1.1" 206 65536 "http://www.mkk.zpok.hu/doc/vonatrafel_c.pdf" "Mozilla/5.0 (Windows NT 10.0; WOW64) AppleWebKit/537.36 (KHTML, like Gecko) Chrome/45.0.2454.99 Safari/537.36"
89.134.6.241 - - [24/Sep/2015:18:15:54 +0200] "GET /doc/vonatrafel_c.pdf HTTP/1.1" 206 82704 "http://www.mkk.zpok.hu/doc/vonatrafel_c.pdf" "Mozilla/5.0 (Windows NT 10.0; WOW64) AppleWebKit/537.36 (KHTML, like Gecko) Chrome/45.0.2454.99 Safari/537.36"
188.165.196.25 - - [24/Sep/2015:18:19:56 +0200] "GET /robots.txt HTTP/1.0" 404 1181 "-" ""
188.165.196.25 - - [24/Sep/2015:18:19:56 +0200] "GET / HTTP/1.1" 206 1178 "-" "Mozilla/5.0 (X11; Linux i686) AppleWebKit/534.30 (KHTML, like Gecko) Ubuntu/11.04 Chromium/12.0.742.112 Chrome/12.0.742.112 Safari/534.30"
193.6.53.152 - - [24/Sep/2015:18:26:04 +0200] "GET /hirlevel/images/0912c.jpg HTTP/1.1" 200 42356 "-" "Mozilla/5.0 (Linux; Android 4.4.2; LG-D722 Build/KOT49I.A1407333941) AppleWebKit/537.36 (KHTML, like Gecko) Version/4.0 Chrome/30.0.0.0 Mobile Safari/537.36 GSA/5.2.33.19.arm"
66.249.67.98 - - [24/Sep/2015:18:26:09 +0200] "GET /doc/emh_konferencia_meghivo_201304.pdf HTTP/1.1" 200 93541 "-" "Mozilla/5.0 (compatible; Googlebot/2.1; +http://www.google.com/bot.html)"
188.142.152.39 - - [24/Sep/2015:18:27:37 +0200] "GET /images/vasutterkep_n.jpg HTTP/1.1" 200 637637 "https://www.google.hu/" "Mozilla/5.0 (Windows NT 6.1; WOW64) AppleWebKit/537.36 (KHTML, like Gecko) Chrome/45.0.2454.99 Safari/537.36"
89.133.20.138 - - [24/Sep/2015:18:32:47 +0200] "GET / HTTP/1.1" 200 1178 "http://www.google.hu/url?sa=t&rct=j&q=&esrc=s&source=web&cd=1&ved=0CB4QFjAAahUKEwi_j4e7jJDIAhVJhiwKHdnWBxM&url=http%3A%2F%2Fwww.mkk.zpok.hu%2F&usg=AFQjCNFA5BXchpHNcIIkgFgY4DIwr33X0w&bvm=bv.103388427,d.bGg" "Mozilla/5.0 (Windows NT 6.3; WOW64; Trident/7.0; rv:11.0) like Gecko"
89.133.20.138 - - [24/Sep/2015:18:32:48 +0200] "GET /index.swf HTTP/1.1" 200 1391476 "http://www.mkk.zpok.hu/" "Mozilla/5.0 (Windows NT 6.3; WOW64; Trident/7.0; rv:11.0) like Gecko"
89.133.20.138 - - [24/Sep/2015:18:32:49 +0200] "GET /favicon.ico HTTP/1.1" 404 1181 "-" "Mozilla/5.0 (Windows NT 6.3; Win64; x64; Trident/7.0; rv:11.0) like Gecko"
89.133.20.138 - - [24/Sep/2015:18:32:53 +0200] "GET /popupsys%20elemei/main.txt HTTP/1.1" 200 342 "http://www.mkk.zpok.hu/index.swf" "Mozilla/5.0 (Windows NT 6.3; WOW64; Trident/7.0; rv:11.0) like Gecko"
89.133.20.138 - - [24/Sep/2015:18:32:53 +0200] "GET /hirek.xml HTTP/1.1" 200 50012 "http://www.mkk.zpok.hu/index.swf" "Mozilla/5.0 (Windows NT 6.3; WOW64; Trident/7.0; rv:11.0) like Gecko"
180.76.15.7 - - [24/Sep/2015:18:39:00 +0200] "GET / HTTP/1.1" 200 1178 "-" "Mozilla/5.0 (compatible; Baiduspider/2.0; +http://www.baidu.com/search/spider.html)"
180.76.15.29 - - [24/Sep/2015:18:39:37 +0200] "GET / HTTP/1.1" 200 1178 "-" "Mozilla/5.0 (compatible; Baiduspider/2.0; +http://www.baidu.com/search/spider.html)"
66.249.67.98 - - [24/Sep/2015:18:39:38 +0200] "GET /doc/utasforum_szt_20120926.pdf HTTP/1.1" 200 4300619 "-" "Mozilla/5.0 (iPhone; CPU iPhone OS 8_3 like Mac OS X) AppleWebKit/600.1.4 (KHTML, like Gecko) Version/8.0 Mobile/12F70 Safari/600.1.4 (compatible; Googlebot/2.1; +http://www.google.com/bot.html)"
66.249.64.1 - - [24/Sep/2015:19:05:17 +0200] "GET /robots.txt HTTP/1.1" 404 1181 "-" "Mozilla/5.0 (compatible; Googlebot/2.1; +http://www.google.com/bot.html)"
66.249.64.7 - - [24/Sep/2015:19:05:18 +0200] "GET /hirlevel/miskolc_1109.doc HTTP/1.1" 200 702464 "-" "Mozilla/5.0 (compatible; Googlebot/2.1; +http://www.google.com/bot.html)"
94.21.63.145 - - [24/Sep/2015:19:06:42 +0200] "GET /images/vasutterkep_n.jpg HTTP/1.1" 200 4702972 "https://www.google.hu" "Mozilla/5.0 (Windows NT 6.1; WOW64; rv:40.0) Gecko/20100101 Firefox/40.0"
157.55.39.47 - - [24/Sep/2015:19:10:24 +0200] "GET / HTTP/1.1" 200 1178 "-" "Mozilla/5.0 (compatible; bingbot/2.0; +http://www.bing.com/bingbot.htm)"
66.249.64.176 - - [24/Sep/2015:19:20:47 +0200] "GET /robots.txt HTTP/1.1" 404 1181 "-" "Mozilla/5.0 (compatible; Googlebot/2.1; +http://www.google.com/bot.html)"
66.249.64.176 - - [24/Sep/2015:19:20:48 +0200] "GET /doc/kerdoiv-tomegkozlekedesrol_1207.doc HTTP/1.1" 200 82944 "-" "Mozilla/5.0 (iPhone; CPU iPhone OS 8_3 like Mac OS X) AppleWebKit/600.1.4 (KHTML, like Gecko) Version/8.0 Mobile/12F70 Safari/600.1.4 (compatible; Googlebot/2.1; +http://www.google.com/bot.html)"
79.117.112.181 - - [24/Sep/2015:19:23:20 +0200] "GET /images/vasutterkep_n.jpg HTTP/1.1" 200 4702972 "https://www.google.ro" "Mozilla/5.0 (Windows NT 5.1; rv:40.0) Gecko/20100101 Firefox/40.0"
188.142.197.71 - - [24/Sep/2015:19:23:56 +0200] "GET /doc/ti-to20120627.jpg HTTP/1.1" 200 1071059 "https://www.google.hu/" "Mozilla/5.0 (Windows NT 6.1; WOW64) AppleWebKit/537.36 (KHTML, like Gecko) Chrome/45.0.2454.93 Safari/537.36"
207.46.13.157 - - [24/Sep/2015:19:37:42 +0200] "GET /robots.txt HTTP/1.1" 404 1181 "-" "Mozilla/5.0 (compatible; bingbot/2.0; +http://www.bing.com/bingbot.htm)"
81.183.152.80 - - [24/Sep/2015:19:39:14 +0200] "GET /hirlevel/images/1009_terkep_n.jpg HTTP/1.1" 200 598267 "https://www.google.hu" "Mozilla/5.0 (Windows NT 6.1; rv:40.0) Gecko/20100101 Firefox/40.0"
81.93.206.26 - - [24/Sep/2015:19:44:37 +0200] "GET /images/vasutterkep_n.jpg HTTP/1.1" 200 4702972 "-" "Mozilla/5.0 (Linux; U; Android 4.4.4; hu-hu; SM-G357FZ Build/KTU84P) AppleWebKit/534.30 (KHTML, like Gecko) Version/4.0 Mobile Safari/534.30"
88.132.26.215 - - [24/Sep/2015:19:45:03 +0200] "GET /images/vasutterkep_n.jpg HTTP/1.1" 200 4702972 "https://www.google.hu" "Mozilla/5.0 (Windows NT 6.1; WOW64; rv:40.0) Gecko/20100101 Firefox/40.0"
37.191.11.59 - - [24/Sep/2015:19:46:12 +0200] "GET /hirlevel/images/1010a.jpg HTTP/1.1" 200 52624 "https://www.google.hu" "Mozilla/5.0 (Windows NT 6.1; WOW64; rv:41.0) Gecko/20100101 Firefox/41.0"
37.191.11.59 - - [24/Sep/2015:19:46:14 +0200] "GET /hirlevel/images/1010a.jpg HTTP/1.1" 200 52624 "https://www.google.hu" "Mozilla/5.0 (Windows NT 6.1; WOW64; rv:41.0) Gecko/20100101 Firefox/41.0"
37.191.11.59 - - [24/Sep/2015:19:46:15 +0200] "GET /hirlevel/images/1010a.jpg HTTP/1.1" 200 52624 "-" "Mozilla/5.0 (Windows NT 6.1; WOW64; rv:41.0) Gecko/20100101 Firefox/41.0"
37.191.11.59 - - [24/Sep/2015:19:46:23 +0200] "GET /hirlevel/vonattal1010_1.htm HTTP/1.1" 200 29761 "https://www.google.hu" "Mozilla/5.0 (Windows NT 6.1; WOW64; rv:41.0) Gecko/20100101 Firefox/41.0"
37.191.11.59 - - [24/Sep/2015:19:46:26 +0200] "GET /hirlevel/images/okotars_1.jpg HTTP/1.1" 200 8192 "http://mkk.zpok.hu/hirlevel/vonattal1010_1.htm" "Mozilla/5.0 (Windows NT 6.1; WOW64; rv:41.0) Gecko/20100101 Firefox/41.0"
37.191.11.59 - - [24/Sep/2015:19:46:26 +0200] "GET /hirlevel/images/nfu_logo_1.jpg HTTP/1.1" 200 8192 "http://mkk.zpok.hu/hirlevel/vonattal1010_1.htm" "Mozilla/5.0 (Windows NT 6.1; WOW64; rv:41.0) Gecko/20100101 Firefox/41.0"
37.191.11.59 - - [24/Sep/2015:19:46:26 +0200] "GET /hirlevel/images/kvvm_1.jpg HTTP/1.1" 200 11772 "http://mkk.zpok.hu/hirlevel/vonattal1010_1.htm" "Mozilla/5.0 (Windows NT 6.1; WOW64; rv:41.0) Gecko/20100101 Firefox/41.0"
37.191.11.59 - - [24/Sep/2015:19:46:26 +0200] "GET /hirlevel/images/demnet_1.jpg HTTP/1.1" 200 11355 "http://mkk.zpok.hu/hirlevel/vonattal1010_1.htm" "Mozilla/5.0 (Windows NT 6.1; WOW64; rv:41.0) Gecko/20100101 Firefox/41.0"
37.191.11.59 - - [24/Sep/2015:19:46:26 +0200] "GET /hirlevel/images/karpatok_1.jpg HTTP/1.1" 200 11811 "http://mkk.zpok.hu/hirlevel/vonattal1010_1.htm" "Mozilla/5.0 (Windows NT 6.1; WOW64; rv:41.0) Gecko/20100101 Firefox/41.0"
37.191.11.59 - - [24/Sep/2015:19:46:26 +0200] "GET /hirlevel/images/eea_1.jpg HTTP/1.1" 200 16669 "http://mkk.zpok.hu/hirlevel/vonattal1010_1.htm" "Mozilla/5.0 (Windows NT 6.1; WOW64; rv:41.0) Gecko/20100101 Firefox/41.0"
37.191.11.59 - - [24/Sep/2015:19:46:26 +0200] "GET /hirlevel/images/autonomia_1.jpg HTTP/1.1" 200 11433 "http://mkk.zpok.hu/hirlevel/vonattal1010_1.htm" "Mozilla/5.0 (Windows NT 6.1; WOW64; rv:41.0) Gecko/20100101 Firefox/41.0"
37.191.11.59 - - [24/Sep/2015:19:46:26 +0200] "GET /hirlevel/images/nca_logo_1.jpg HTTP/1.1" 200 189245 "http://mkk.zpok.hu/hirlevel/vonattal1010_1.htm" "Mozilla/5.0 (Windows NT 6.1; WOW64; rv:41.0) Gecko/20100101 Firefox/41.0"
37.191.11.59 - - [24/Sep/2015:19:46:27 +0200] "GET /hirlevel/images/norway_1.jpg HTTP/1.1" 200 17420 "http://mkk.zpok.hu/hirlevel/vonattal1010_1.htm" "Mozilla/5.0 (Windows NT 6.1; WOW64; rv:41.0) Gecko/20100101 Firefox/41.0"
37.191.11.59 - - [24/Sep/2015:19:46:28 +0200] "GET /hirlevel/images/vonattal.swf HTTP/1.1" 200 697 "http://mkk.zpok.hu/hirlevel/vonattal1010_1.htm" "Mozilla/5.0 (Windows NT 6.1; WOW64; rv:41.0) Gecko/20100101 Firefox/41.0"
81.196.240.15 - - [24/Sep/2015:19:48:37 +0200] "GET /images/vasutterkep_n.jpg HTTP/1.1" 200 4702972 "https://www.google.ro/" "Mozilla/5.0 (Windows NT 6.3; WOW64) AppleWebKit/537.36 (KHTML, like Gecko) Chrome/45.0.2454.99 Safari/537.36"
37.76.50.134 - - [24/Sep/2015:19:52:40 +0200] "GET /doc/parameterkonyv_0804.pdf HTTP/1.1" 200 83510 "https://www.google.hu" "Mozilla/5.0 (Windows NT 6.1; rv:40.0) Gecko/20100101 Firefox/40.0"
37.76.50.134 - - [24/Sep/2015:19:52:41 +0200] "GET /favicon.ico HTTP/1.1" 404 1181 "-" "Mozilla/5.0 (Windows NT 6.1; rv:40.0) Gecko/20100101 Firefox/40.0"
37.76.50.134 - - [24/Sep/2015:19:52:41 +0200] "GET /favicon.ico HTTP/1.1" 404 1181 "-" "Mozilla/5.0 (Windows NT 6.1; rv:40.0) Gecko/20100101 Firefox/40.0"
178.48.221.245 - - [24/Sep/2015:19:56:01 +0200] "GET /images/vasutterkep_n.jpg HTTP/1.1" 200 4350284 "https://www.google.hu/" "Mozilla/5.0 (Windows NT 6.1) AppleWebKit/537.36 (KHTML, like Gecko) Chrome/45.0.2454.99 Safari/537.36"
46.113.111.242 - - [24/Sep/2015:20:31:55 +0200] "GET /images/vasutterkep_n.jpg HTTP/1.1" 200 383217 "https://www.google.pl/" "Mozilla/5.0 (Windows NT 6.1) AppleWebKit/537.36 (KHTML, like Gecko) Chrome/45.0.2454.99 Safari/537.36"
207.46.13.157 - - [24/Sep/2015:20:41:36 +0200] "GET /doc/emlekezteto_tatabanya_0327.pdf HTTP/1.1" 200 170585 "-" "Mozilla/5.0 (iPhone; CPU iPhone OS 7_0 like Mac OS X) AppleWebKit/537.51.1 (KHTML, like Gecko) Version/7.0 Mobile/11A465 Safari/9537.53 (compatible; bingbot/2.0; http://www.bing.com/bingbot.htm)"
207.46.13.54 - - [24/Sep/2015:20:41:45 +0200] "GET /robots.txt HTTP/1.1" 404 1181 "-" "Mozilla/5.0 (compatible; bingbot/2.0; +http://www.bing.com/bingbot.htm)"
180.76.15.139 - - [24/Sep/2015:20:44:49 +0200] "GET /doc/sikeres_varos.pdf HTTP/1.1" 200 589824 "-" "Mozilla/5.0 (compatible; Baiduspider/2.0; +http://www.baidu.com/search/spider.html)"
68.180.228.34 - - [24/Sep/2015:20:46:09 +0200] "GET /doc/Honig_level_20091104.pdf HTTP/1.1" 200 76029 "-" "Mozilla/5.0 (compatible; Yahoo! Slurp; http://help.yahoo.com/help/us/ysearch/slurp)"
212.96.46.124 - - [24/Sep/2015:20:53:01 +0200] "GET /hirlevel/images/1208_lentiszombathely.jpg HTTP/1.1" 200 53507 "https://www.google.hu" "Mozilla/5.0 (Windows NT 6.1; WOW64; rv:40.0) Gecko/20100101 Firefox/40.0"
207.46.13.54 - - [24/Sep/2015:20:53:14 +0200] "GET /doc/vasutbezarasok_200710.pdf HTTP/1.1" 200 73986 "-" "Mozilla/5.0 (iPhone; CPU iPhone OS 7_0 like Mac OS X) AppleWebKit/537.51.1 (KHTML, like Gecko) Version/7.0 Mobile/11A465 Safari/9537.53 (compatible; bingbot/2.0; http://www.bing.com/bingbot.htm)"
207.46.13.54 - - [24/Sep/2015:21:25:27 +0200] "GET /doc/vasutbezarasok_200710.pdf HTTP/1.1" 200 73986 "-" "Mozilla/5.0 (iPhone; CPU iPhone OS 7_0 like Mac OS X) AppleWebKit/537.51.1 (KHTML, like Gecko) Version/7.0 Mobile/11A465 Safari/9537.53 (compatible; bingbot/2.0; http://www.bing.com/bingbot.htm)"
176.77.139.107 - - [24/Sep/2015:21:31:52 +0200] "GET /images/vasutterkep_n.jpg HTTP/1.1" 200 4702972 "-" "Mozilla/5.0 (Linux; Android 4.4.2; LG-D722 Build/KOT49I.A1404881722) AppleWebKit/537.36 (KHTML, like Gecko) Version/4.0 Chrome/30.0.0.0 Mobile Safari/537.36 GSA/5.2.33.19.arm"
66.249.64.181 - - [24/Sep/2015:21:42:04 +0200] "GET /hirlevel/vonattal1009.htm HTTP/1.1" 304 - "-" "Mozilla/5.0 (compatible; Googlebot/2.1; +http://www.google.com/bot.html)"
157.55.39.47 - - [24/Sep/2015:21:44:59 +0200] "GET /robots.txt HTTP/1.1" 404 1181 "-" "Mozilla/5.0 (compatible; bingbot/2.0; +http://www.bing.com/bingbot.htm)"
157.55.39.47 - - [24/Sep/2015:21:45:16 +0200] "GET /doc/eletet-a-vasutnak.pdf HTTP/1.1" 200 5085257 "-" "Mozilla/5.0 (iPhone; CPU iPhone OS 7_0 like Mac OS X) AppleWebKit/537.51.1 (KHTML, like Gecko) Version/7.0 Mobile/11A465 Safari/9537.53 (compatible; bingbot/2.0; http://www.bing.com/bingbot.htm)"
207.46.13.54 - - [24/Sep/2015:21:47:53 +0200] "GET /doc/vasutbezarasok_200710.pdf HTTP/1.1" 200 73986 "-" "Mozilla/5.0 (iPhone; CPU iPhone OS 7_0 like Mac OS X) AppleWebKit/537.51.1 (KHTML, like Gecko) Version/7.0 Mobile/11A465 Safari/9537.53 (compatible; bingbot/2.0; http://www.bing.com/bingbot.htm)"
31.46.248.182 - - [24/Sep/2015:21:48:28 +0200] "GET /hirlevel/images/1311e.png HTTP/1.1" 200 200052 "-" "Mozilla/5.0 (Linux; U; Android 4.1.2; hu-hu; LG-P710 Build/JZO54K) AppleWebKit/534.30 (KHTML, like Gecko) Version/4.0 Mobile Safari/534.30 GSA/3.4.16.1149292.arm"
188.165.15.32 - - [24/Sep/2015:21:53:12 +0200] "GET /hirlevel/images/citylight_bakonyvasut_kicsi.jpg HTTP/1.1" 200 377473 "-" "Mozilla/5.0 (compatible; AhrefsBot/5.0; +http://ahrefs.com/robot/)"
180.76.15.10 - - [24/Sep/2015:21:56:04 +0200] "GET /hirlevel/vonattal1503.html HTTP/1.1" 200 21721 "-" "Mozilla/5.0 (compatible; Baiduspider/2.0; +http://www.baidu.com/search/spider.html)"
188.36.198.240 - - [24/Sep/2015:21:57:46 +0200] "GET /images/vasutterkep_n.jpg HTTP/1.1" 200 4702972 "https://www.google.hu/" "Mozilla/5.0 (Windows NT 6.1) AppleWebKit/537.36 (KHTML, like Gecko) Chrome/45.0.2454.99 Safari/537.36"
207.46.13.157 - - [24/Sep/2015:22:01:44 +0200] "GET /doc/szecseny_04.pdf HTTP/1.1" 200 70592 "-" "Mozilla/5.0 (iPhone; CPU iPhone OS 7_0 like Mac OS X) AppleWebKit/537.51.1 (KHTML, like Gecko) Version/7.0 Mobile/11A465 Safari/9537.53 (compatible; bingbot/2.0; http://www.bing.com/bingbot.htm)"
37.76.79.249 - - [24/Sep/2015:22:22:45 +0200] "GET /images/vasutterkep_n.jpg HTTP/1.1" 200 4702972 "-" "Mozilla/5.0 (Linux; U; Android 4.3; hu-hu; C5303 Build/12.1.A.1.207) AppleWebKit/534.30 (KHTML, like Gecko) Version/4.0 Mobile Safari/534.30 GSA/5.2.33.16.arm"
180.76.15.7 - - [24/Sep/2015:22:26:12 +0200] "GET /doc/meszaros.pdf HTTP/1.1" 200 589824 "-" "Mozilla/5.0 (compatible; Baiduspider/2.0; +http://www.baidu.com/search/spider.html)"
61.135.189.176 - - [24/Sep/2015:22:34:37 +0200] "GET /robots.txt HTTP/1.1" 404 1181 "-" "Sogou web spider/4.0(+http://www.sogou.com/docs/help/webmasters.htm#07)"
61.135.189.176 - - [24/Sep/2015:22:34:42 +0200] "GET /doc/parameterkonyv_0804.pdf HTTP/1.1" 304 - "-" "Sogou web spider/4.0(+http://www.sogou.com/docs/help/webmasters.htm#07)"
188.240.199.22 - - [24/Sep/2015:22:37:15 +0200] "GET /images/vasutterkep_n.jpg HTTP/1.1" 200 4702972 "-" "Mozilla/5.0 (Linux; Android 4.4.3; HTC Desire 510 Build/KTU84L) AppleWebKit/537.36 (KHTML, like Gecko) Version/4.0 Chrome/33.0.0.0 Mobile Safari/537.36 GSA/3.4.16.1149292.arm"
66.249.64.176 - - [24/Sep/2015:22:39:20 +0200] "GET /hirlevel/reszveteli_feltetelek.pdf HTTP/1.1" 200 37929 "-" "Mozilla/5.0 (iPhone; CPU iPhone OS 8_3 like Mac OS X) AppleWebKit/600.1.4 (KHTML, like Gecko) Version/8.0 Mobile/12F70 Safari/600.1.4 (compatible; Googlebot/2.1; +http://www.google.com/bot.html)"
199.30.24.117 - - [24/Sep/2015:22:46:28 +0200] "GET /doc/eletet-a-vasutnak.pdf HTTP/1.1" 200 67346 "-" "Mozilla/5.0 (iPhone; CPU iPhone OS 7_0 like Mac OS X) AppleWebKit/537.51.1 (KHTML, like Gecko) Version/7.0 Mobile/11A465 Safari/9537.53 BingPreview/1.0b"
107.23.45.196 - - [24/Sep/2015:22:54:25 +0200] "GET / HTTP/1.1" 200 1178 "http://mkk.zpok.hu/" "Mozilla/5.0 (compatible; DuckDuckGo-Favicons-Bot/1.0; +http://duckduckgo.com)"
107.23.45.196 - - [24/Sep/2015:22:54:25 +0200] "GET /favicon.ico HTTP/1.1" 404 1181 "http://mkk.zpok.hu/favicon.ico" "Mozilla/5.0 (compatible; DuckDuckGo-Favicons-Bot/1.0; +http://duckduckgo.com)"
89.133.135.214 - - [24/Sep/2015:23:00:34 +0200] "GET /images/vasutterkep_n.jpg HTTP/1.1" 200 4702972 "https://www.google.hu/" "Mozilla/5.0 (Windows NT 10.0; WOW64) AppleWebKit/537.36 (KHTML, like Gecko) Chrome/45.0.2454.99 Safari/537.36"
91.104.79.190 - - [24/Sep/2015:23:09:12 +0200] "GET /images/vasutterkep_n.jpg HTTP/1.1" 200 4702972 "https://www.google.hu/" "Mozilla/5.0 (iPhone; CPU iPhone OS 8_4 like Mac OS X) AppleWebKit/600.1.4 (KHTML, like Gecko) Version/8.0 Mobile/12H143 Safari/600.1.4"
207.46.13.54 - - [24/Sep/2015:23:48:45 +0200] "GET /doc/vasutbezarasok_200710.pdf HTTP/1.1" 200 73986 "-" "Mozilla/5.0 (iPhone; CPU iPhone OS 7_0 like Mac OS X) AppleWebKit/537.51.1 (KHTML, like Gecko) Version/7.0 Mobile/11A465 Safari/9537.53 (compatible; bingbot/2.0; http://www.bing.com/bingbot.htm)"
157.55.39.46 - - [25/Sep/2015:00:09:49 +0200] "GET /doc/kommunike_2011.pdf HTTP/1.1" 200 33696 "-" "Mozilla/5.0 (compatible; bingbot/2.0; +http://www.bing.com/bingbot.htm)"
157.55.39.46 - - [25/Sep/2015:00:09:50 +0200] "GET /doc/kerparoskozlekedes.pdf HTTP/1.1" 200 33692 "-" "Mozilla/5.0 (compatible; bingbot/2.0; +http://www.bing.com/bingbot.htm)"
207.46.13.163 - - [25/Sep/2015:00:09:51 +0200] "GET /hirlevel/vasuttal0702.htm HTTP/1.1" 200 24655 "-" "Mozilla/5.0 (compatible; bingbot/2.0; +http://www.bing.com/bingbot.htm)"
157.55.39.46 - - [25/Sep/2015:00:09:51 +0200] "GET /hirlevel/vonattal1109.htm HTTP/1.1" 200 47571 "-" "Mozilla/5.0 (compatible; bingbot/2.0; +http://www.bing.com/bingbot.htm)"
207.46.13.157 - - [25/Sep/2015:00:10:00 +0200] "GET /doc/forum_esztergom_0911.pdf HTTP/1.1" 200 33694 "-" "Mozilla/5.0 (compatible; bingbot/2.0; +http://www.bing.com/bingbot.htm)"
207.46.13.157 - - [25/Sep/2015:00:10:00 +0200] "GET / HTTP/1.1" 200 1178 "-" "Mozilla/5.0 (compatible; bingbot/2.0; +http://www.bing.com/bingbot.htm)"
66.249.64.181 - - [25/Sep/2015:00:11:29 +0200] "GET /doc/volnervalasz_1203.pdf HTTP/1.1" 200 217301 "-" "Mozilla/5.0 (iPhone; CPU iPhone OS 8_3 like Mac OS X) AppleWebKit/600.1.4 (KHTML, like Gecko) Version/8.0 Mobile/12F70 Safari/600.1.4 (compatible; Googlebot/2.1; +http://www.google.com/bot.html)"
188.2.6.180 - - [25/Sep/2015:00:30:09 +0200] "GET /images/vasutterkep_n.jpg HTTP/1.1" 200 106197 "https://www.google.rs/" "Mozilla/5.0 (Windows NT 6.1) AppleWebKit/537.36 (KHTML, like Gecko) Chrome/45.0.2454.99 Safari/537.36"
188.2.6.180 - - [25/Sep/2015:00:30:14 +0200] "GET /images/vasutterkep_n.jpg HTTP/1.1" 206 1 "https://www.google.rs/" "Mozilla/5.0 (Windows NT 6.1) AppleWebKit/537.36 (KHTML, like Gecko) Chrome/45.0.2454.99 Safari/537.36"
188.2.6.180 - - [25/Sep/2015:00:30:18 +0200] "GET /images/vasutterkep_n.jpg HTTP/1.1" 206 4643495 "https://www.google.rs/" "Mozilla/5.0 (Windows NT 6.1) AppleWebKit/537.36 (KHTML, like Gecko) Chrome/45.0.2454.99 Safari/537.36"
5.204.42.53 - - [25/Sep/2015:00:35:56 +0200] "GET /doc/vonattal_tisza-tohoz_2010.pdf HTTP/1.1" 200 65854 "https://www.google.hu/" "Mozilla/5.0 (Linux; Android 4.4.2; AKAI GLORY G3 Build/KOT49H) AppleWebKit/537.36 (KHTML, like Gecko) Version/4.0 Chrome/30.0.0.0 Mobile Safari/537.36"
5.204.42.53 - - [25/Sep/2015:00:37:53 +0200] "GET /doc/vonattal_tisza-tohoz_2010.pdf HTTP/1.1" 200 558271 "-" "Mozilla/5.0 (Linux; Android 4.4.2; AKAI GLORY G3 Build/KOT49H) AppleWebKit/537.36 (KHTML, like Gecko) Version/4.0 Chrome/30.0.0.0 Mobile Safari/537.36"
207.46.13.54 - - [25/Sep/2015:00:44:59 +0200] "GET /doc/ungarn_regionalbahnen_0912.pdf HTTP/1.1" 200 33694 "-" "Mozilla/5.0 (compatible; bingbot/2.0; +http://www.bing.com/bingbot.htm)"
207.46.13.54 - - [25/Sep/2015:00:48:22 +0200] "GET /doc/vasutbezarasok_200710.pdf HTTP/1.1" 200 73986 "-" "Mozilla/5.0 (iPhone; CPU iPhone OS 7_0 like Mac OS X) AppleWebKit/537.51.1 (KHTML, like Gecko) Version/7.0 Mobile/11A465 Safari/9537.53 (compatible; bingbot/2.0; http://www.bing.com/bingbot.htm)"
207.46.13.157 - - [25/Sep/2015:01:17:30 +0200] "GET /hirlevel/vonattal1306.html HTTP/1.1" 200 50271 "-" "Mozilla/5.0 (compatible; bingbot/2.0; +http://www.bing.com/bingbot.htm)"
207.46.13.157 - - [25/Sep/2015:01:17:30 +0200] "GET /hirlevel/vonattal1206.htm HTTP/1.1" 200 47612 "-" "Mozilla/5.0 (compatible; bingbot/2.0; +http://www.bing.com/bingbot.htm)"
157.55.39.47 - - [25/Sep/2015:01:17:41 +0200] "GET /hirlevel/vonattal0812.htm HTTP/1.1" 200 33272 "-" "Mozilla/5.0 (compatible; bingbot/2.0; +http://www.bing.com/bingbot.htm)"
157.55.39.47 - - [25/Sep/2015:01:17:42 +0200] "GET /hirlevel/vonattal0906.htm HTTP/1.1" 200 25493 "-" "Mozilla/5.0 (compatible; bingbot/2.0; +http://www.bing.com/bingbot.htm)"
157.55.39.46 - - [25/Sep/2015:01:17:43 +0200] "GET /hirlevel/vonattal1204.htm HTTP/1.1" 200 31657 "-" "Mozilla/5.0 (compatible; bingbot/2.0; +http://www.bing.com/bingbot.htm)"
207.46.13.163 - - [25/Sep/2015:01:17:48 +0200] "GET /hirlevel/vonattal1012.htm HTTP/1.1" 200 40274 "-" "Mozilla/5.0 (compatible; bingbot/2.0; +http://www.bing.com/bingbot.htm)"
207.46.13.163 - - [25/Sep/2015:01:17:48 +0200] "GET /hirlevel/vonattal1009.htm HTTP/1.1" 200 40861 "-" "Mozilla/5.0 (compatible; bingbot/2.0; +http://www.bing.com/bingbot.htm)"
207.46.13.163 - - [25/Sep/2015:01:17:49 +0200] "GET /hirlevel/vonattal0810.htm HTTP/1.1" 200 36363 "-" "Mozilla/5.0 (compatible; bingbot/2.0; +http://www.bing.com/bingbot.htm)"
213.16.74.152 - - [25/Sep/2015:01:38:19 +0200] "GET / HTTP/1.1" 200 1178 "http://www.vasutallomasok.hu/allomas.php?az=nogs" "Mozilla/5.0 (Windows NT 6.1; WOW64; rv:40.0) Gecko/20100101 Firefox/40.0"
213.16.74.152 - - [25/Sep/2015:01:38:24 +0200] "GET /index.swf HTTP/1.1" 200 1391476 "http://mkk.zpok.hu/" "Mozilla/5.0 (Windows NT 6.1; WOW64; rv:40.0) Gecko/20100101 Firefox/40.0"
213.16.74.152 - - [25/Sep/2015:01:38:24 +0200] "GET /favicon.ico HTTP/1.1" 404 1181 "-" "Mozilla/5.0 (Windows NT 6.1; WOW64; rv:40.0) Gecko/20100101 Firefox/40.0"
213.16.74.152 - - [25/Sep/2015:01:38:24 +0200] "GET /favicon.ico HTTP/1.1" 404 1181 "-" "Mozilla/5.0 (Windows NT 6.1; WOW64; rv:40.0) Gecko/20100101 Firefox/40.0"
66.249.64.186 - - [25/Sep/2015:01:43:04 +0200] "GET /doc/HaryMarkCikke.pdf HTTP/1.1" 200 397874 "-" "Mozilla/5.0 (compatible; Googlebot/2.1; +http://www.google.com/bot.html)"
213.16.74.152 - - [25/Sep/2015:01:44:00 +0200] "GET /popupsys%20elemei/main.txt HTTP/1.1" 200 342 "http://mkk.zpok.hu/index.swf" "Mozilla/5.0 (Windows NT 6.1; WOW64; rv:40.0) Gecko/20100101 Firefox/40.0"
213.16.74.152 - - [25/Sep/2015:01:44:00 +0200] "GET /hirek.xml HTTP/1.1" 200 50012 "http://mkk.zpok.hu/index.swf" "Mozilla/5.0 (Windows NT 6.1; WOW64; rv:40.0) Gecko/20100101 Firefox/40.0"
66.249.64.186 - - [25/Sep/2015:01:44:02 +0200] "GET /doc/automentes_turizmus.pdf HTTP/1.1" 200 31447 "-" "Mozilla/5.0 (compatible; Googlebot/2.1; +http://www.google.com/bot.html)"
213.16.74.152 - - [25/Sep/2015:01:45:12 +0200] "GET /doc/vasuttal-budapest-kornyeken.pdf HTTP/1.1" 404 1181 "http://mkk.zpok.hu/" "Mozilla/5.0 (Windows NT 6.1; WOW64; rv:40.0) Gecko/20100101 Firefox/40.0"
68.180.229.230 - - [25/Sep/2015:01:54:27 +0200] "GET /robots.txt HTTP/1.1" 404 1181 "-" "Mozilla/5.0 (compatible; Yahoo! Slurp; http://help.yahoo.com/help/us/ysearch/slurp)"
68.180.229.230 - - [25/Sep/2015:01:54:28 +0200] "GET /hirlevel/terezvaros_1109.doc HTTP/1.1" 200 32256 "-" "Mozilla/5.0 (compatible; Yahoo! Slurp; http://help.yahoo.com/help/us/ysearch/slurp)"
207.46.13.54 - - [25/Sep/2015:02:09:44 +0200] "GET /hirlevel/vonattal1108.htm HTTP/1.1" 200 26684 "-" "Mozilla/5.0 (compatible; bingbot/2.0; +http://www.bing.com/bingbot.htm)"
207.46.13.54 - - [25/Sep/2015:02:09:45 +0200] "GET /hirlevel/vonattal1003.htm HTTP/1.1" 200 28228 "-" "Mozilla/5.0 (compatible; bingbot/2.0; +http://www.bing.com/bingbot.htm)"
207.46.13.54 - - [25/Sep/2015:02:09:45 +0200] "GET /hirlevel/vonattal1209.htm HTTP/1.1" 200 45089 "-" "Mozilla/5.0 (compatible; bingbot/2.0; +http://www.bing.com/bingbot.htm)"
207.46.13.54 - - [25/Sep/2015:02:09:45 +0200] "GET /hirlevel/vonattal1101-02.htm HTTP/1.1" 200 29113 "-" "Mozilla/5.0 (compatible; bingbot/2.0; +http://www.bing.com/bingbot.htm)"
207.46.13.54 - - [25/Sep/2015:02:09:46 +0200] "GET /hirlevel/vonattal1311.html HTTP/1.1" 200 34365 "-" "Mozilla/5.0 (compatible; bingbot/2.0; +http://www.bing.com/bingbot.htm)"
207.46.13.54 - - [25/Sep/2015:02:09:46 +0200] "GET /hirlevel/vonattal1304.html HTTP/1.1" 200 53937 "-" "Mozilla/5.0 (compatible; bingbot/2.0; +http://www.bing.com/bingbot.htm)"
207.46.13.26 - - [25/Sep/2015:02:21:26 +0200] "GET /robots.txt HTTP/1.1" 404 1181 "-" "Mozilla/5.0 (compatible; bingbot/2.0; +http://www.bing.com/bingbot.htm)"
68.180.228.34 - - [25/Sep/2015:02:25:02 +0200] "GET /doc/12pont_100702.pdf HTTP/1.1" 200 98080 "-" "Mozilla/5.0 (compatible; Yahoo! Slurp; http://help.yahoo.com/help/us/ysearch/slurp)"
66.249.64.186 - - [25/Sep/2015:02:34:07 +0200] "GET /hirlevel/vonattal1009.htm HTTP/1.1" 304 - "-" "Mozilla/5.0 (compatible; Googlebot/2.1; +http://www.google.com/bot.html)"
164.177.156.93 - - [25/Sep/2015:03:01:20 +0200] "GET /administrator/index.php HTTP/1.0" 404 1181 "-" "-"
5.9.85.4 - - [25/Sep/2015:03:51:44 +0200] "GET /robots.txt HTTP/1.0" 404 1181 "-" "Mozilla/5.0 (compatible; MJ12bot/v1.4.5; http://www.majestic12.co.uk/bot.php?+)"
5.9.85.4 - - [25/Sep/2015:03:51:45 +0200] "GET /hirlevel/vasuttal0707.htm HTTP/1.0" 200 30203 "-" "Mozilla/5.0 (compatible; MJ12bot/v1.4.5; http://www.majestic12.co.uk/bot.php?+)"
5.9.85.4 - - [25/Sep/2015:03:51:59 +0200] "GET /hirlevel/vonattal0810.htm HTTP/1.0" 200 36363 "-" "Mozilla/5.0 (compatible; MJ12bot/v1.4.5; http://www.majestic12.co.uk/bot.php?+)"
5.9.85.4 - - [25/Sep/2015:03:52:01 +0200] "GET /hirlevel/vonattal0812.htm HTTP/1.0" 200 33272 "-" "Mozilla/5.0 (compatible; MJ12bot/v1.4.5; http://www.majestic12.co.uk/bot.php?+)"
5.9.85.4 - - [25/Sep/2015:03:52:02 +0200] "GET /hirlevel/vonattal0903.htm HTTP/1.0" 200 32511 "-" "Mozilla/5.0 (compatible; MJ12bot/v1.4.5; http://www.majestic12.co.uk/bot.php?+)"
5.9.85.4 - - [25/Sep/2015:03:52:04 +0200] "GET /hirlevel/vonattal0911.htm HTTP/1.0" 200 41812 "-" "Mozilla/5.0 (compatible; MJ12bot/v1.4.5; http://www.majestic12.co.uk/bot.php?+)"
5.9.85.4 - - [25/Sep/2015:03:52:05 +0200] "GET /hirlevel/vonattal1003.htm HTTP/1.0" 200 28228 "-" "Mozilla/5.0 (compatible; MJ12bot/v1.4.5; http://www.majestic12.co.uk/bot.php?+)"
5.9.85.4 - - [25/Sep/2015:03:52:08 +0200] "GET /hirlevel/vonattal1004.htm HTTP/1.0" 200 51166 "-" "Mozilla/5.0 (compatible; MJ12bot/v1.4.5; http://www.majestic12.co.uk/bot.php?+)"
5.9.85.4 - - [25/Sep/2015:03:52:10 +0200] "GET /hirlevel/vonattal1007.htm HTTP/1.0" 200 27837 "-" "Mozilla/5.0 (compatible; MJ12bot/v1.4.5; http://www.majestic12.co.uk/bot.php?+)"
5.9.85.4 - - [25/Sep/2015:03:52:11 +0200] "GET /hirlevel/vonattal1012.htm HTTP/1.0" 200 40274 "-" "Mozilla/5.0 (compatible; MJ12bot/v1.4.5; http://www.majestic12.co.uk/bot.php?+)"
5.9.85.4 - - [25/Sep/2015:03:52:12 +0200] "GET /hirlevel/vonattal1012_1.htm HTTP/1.0" 200 10755 "-" "Mozilla/5.0 (compatible; MJ12bot/v1.4.5; http://www.majestic12.co.uk/bot.php?+)"
5.9.85.4 - - [25/Sep/2015:03:52:14 +0200] "GET /hirlevel/vonattal1101-02.htm HTTP/1.0" 200 29113 "-" "Mozilla/5.0 (compatible; MJ12bot/v1.4.5; http://www.majestic12.co.uk/bot.php?+)"
5.9.85.4 - - [25/Sep/2015:03:52:15 +0200] "GET /hirlevel/vonattal1103.htm HTTP/1.0" 200 36669 "-" "Mozilla/5.0 (compatible; MJ12bot/v1.4.5; http://www.majestic12.co.uk/bot.php?+)"
5.9.85.4 - - [25/Sep/2015:03:52:17 +0200] "GET /hirlevel/vonattal1105-6.html HTTP/1.0" 200 24904 "-" "Mozilla/5.0 (compatible; MJ12bot/v1.4.5; http://www.majestic12.co.uk/bot.php?+)"
5.9.85.4 - - [25/Sep/2015:03:52:19 +0200] "GET /hirlevel/vonattal1107.htm HTTP/1.0" 200 26917 "-" "Mozilla/5.0 (compatible; MJ12bot/v1.4.5; http://www.majestic12.co.uk/bot.php?+)"
5.9.85.4 - - [25/Sep/2015:03:52:20 +0200] "GET /hirlevel/vonattal1108.htm HTTP/1.0" 200 26684 "-" "Mozilla/5.0 (compatible; MJ12bot/v1.4.5; http://www.majestic12.co.uk/bot.php?+)"
5.9.85.4 - - [25/Sep/2015:03:52:21 +0200] "GET /hirlevel/vonattal1108_b.htm HTTP/1.0" 200 11475 "-" "Mozilla/5.0 (compatible; MJ12bot/v1.4.5; http://www.majestic12.co.uk/bot.php?+)"
5.9.85.4 - - [25/Sep/2015:03:52:23 +0200] "GET /hirlevel/vonattal1109.htm HTTP/1.0" 200 47571 "-" "Mozilla/5.0 (compatible; MJ12bot/v1.4.5; http://www.majestic12.co.uk/bot.php?+)"
5.9.85.4 - - [25/Sep/2015:03:52:29 +0200] "GET /hirlevel/vonattal1206.htm HTTP/1.0" 200 47612 "-" "Mozilla/5.0 (compatible; MJ12bot/v1.4.5; http://www.majestic12.co.uk/bot.php?+)"
5.9.85.4 - - [25/Sep/2015:03:52:30 +0200] "GET /hirlevel/vonattal1207.htm HTTP/1.0" 200 57936 "-" "Mozilla/5.0 (compatible; MJ12bot/v1.4.5; http://www.majestic12.co.uk/bot.php?+)"
5.9.85.4 - - [25/Sep/2015:03:52:32 +0200] "GET /hirlevel/vonattal1209.htm HTTP/1.0" 200 45089 "-" "Mozilla/5.0 (compatible; MJ12bot/v1.4.5; http://www.majestic12.co.uk/bot.php?+)"
5.9.85.4 - - [25/Sep/2015:03:52:34 +0200] "GET /hirlevel/vonattal1304.html HTTP/1.0" 200 53937 "-" "Mozilla/5.0 (compatible; MJ12bot/v1.4.5; http://www.majestic12.co.uk/bot.php?+)"
5.9.85.4 - - [25/Sep/2015:03:52:36 +0200] "GET /hirlevel/vonattal1408.html HTTP/1.0" 200 22601 "-" "Mozilla/5.0 (compatible; MJ12bot/v1.4.5; http://www.majestic12.co.uk/bot.php?+)"
5.9.85.4 - - [25/Sep/2015:03:52:44 +0200] "GET /hirlevel/vonattal1409.html HTTP/1.0" 200 32865 "-" "Mozilla/5.0 (compatible; MJ12bot/v1.4.5; http://www.majestic12.co.uk/bot.php?+)"
5.9.85.4 - - [25/Sep/2015:03:52:56 +0200] "GET /hirlevel/vonattal1410.html HTTP/1.0" 200 34691 "-" "Mozilla/5.0 (compatible; MJ12bot/v1.4.5; http://www.majestic12.co.uk/bot.php?+)"
5.9.85.4 - - [25/Sep/2015:03:52:58 +0200] "GET /hirlevel/vonattal1412.html HTTP/1.0" 200 20581 "-" "Mozilla/5.0 (compatible; MJ12bot/v1.4.5; http://www.majestic12.co.uk/bot.php?+)"
5.9.85.4 - - [25/Sep/2015:03:53:00 +0200] "GET /hirlevel/vonattal1501.html HTTP/1.0" 200 25759 "-" "Mozilla/5.0 (compatible; MJ12bot/v1.4.5; http://www.majestic12.co.uk/bot.php?+)"
5.9.85.4 - - [25/Sep/2015:03:53:01 +0200] "GET /hirlevel/vonattal1503.html HTTP/1.0" 200 21721 "-" "Mozilla/5.0 (compatible; MJ12bot/v1.4.5; http://www.majestic12.co.uk/bot.php?+)"
5.9.85.4 - - [25/Sep/2015:03:53:03 +0200] "GET /hirlevel/vonattal1504.html HTTP/1.0" 200 22577 "-" "Mozilla/5.0 (compatible; MJ12bot/v1.4.5; http://www.majestic12.co.uk/bot.php?+)"
5.9.85.4 - - [25/Sep/2015:03:53:04 +0200] "GET /hirlevel/vonattal1505.html HTTP/1.0" 200 31133 "-" "Mozilla/5.0 (compatible; MJ12bot/v1.4.5; http://www.majestic12.co.uk/bot.php?+)"
5.9.85.4 - - [25/Sep/2015:03:53:06 +0200] "GET /hirlevel/vonattal1506.html HTTP/1.0" 200 19070 "-" "Mozilla/5.0 (compatible; MJ12bot/v1.4.5; http://www.majestic12.co.uk/bot.php?+)"
5.9.85.4 - - [25/Sep/2015:03:53:07 +0200] "GET /robots.txt HTTP/1.0" 404 1181 "-" "Mozilla/5.0 (compatible; MJ12bot/v1.4.5; http://www.majestic12.co.uk/bot.php?+)"
5.9.85.4 - - [25/Sep/2015:03:53:09 +0200] "GET /hirlevel/vasuttal0712.htm HTTP/1.0" 200 16632 "-" "Mozilla/5.0 (compatible; MJ12bot/v1.4.5; http://www.majestic12.co.uk/bot.php?+)"
5.9.85.4 - - [25/Sep/2015:03:53:13 +0200] "GET /hirlevel/vasuttal0803.htm HTTP/1.0" 200 31521 "-" "Mozilla/5.0 (compatible; MJ12bot/v1.4.5; http://www.majestic12.co.uk/bot.php?+)"
5.9.85.4 - - [25/Sep/2015:03:53:15 +0200] "GET /hirlevel/vasuttal0809.htm HTTP/1.0" 200 24446 "-" "Mozilla/5.0 (compatible; MJ12bot/v1.4.5; http://www.majestic12.co.uk/bot.php?+)"
5.9.85.4 - - [25/Sep/2015:03:53:16 +0200] "GET /hirlevel/vonattal0906.htm HTTP/1.0" 200 25493 "-" "Mozilla/5.0 (compatible; MJ12bot/v1.4.5; http://www.majestic12.co.uk/bot.php?+)"
5.9.85.4 - - [25/Sep/2015:03:53:18 +0200] "GET /hirlevel/vonattal1109.htm HTTP/1.0" 200 47571 "-" "Mozilla/5.0 (compatible; MJ12bot/v1.4.5; http://www.majestic12.co.uk/bot.php?+)"
207.46.13.26 - - [25/Sep/2015:03:54:25 +0200] "GET /robots.txt HTTP/1.1" 404 1181 "-" "Mozilla/5.0 (compatible; bingbot/2.0; +http://www.bing.com/bingbot.htm)"
157.55.39.8 - - [25/Sep/2015:03:57:43 +0200] "GET /doc/tiszato0707.pdf HTTP/1.1" 200 64543 "-" "Mozilla/5.0 (iPhone; CPU iPhone OS 7_0 like Mac OS X) AppleWebKit/537.51.1 (KHTML, like Gecko) Version/7.0 Mobile/11A465 Safari/9537.53 (compatible; bingbot/2.0; http://www.bing.com/bingbot.htm)"
207.46.13.26 - - [25/Sep/2015:04:19:17 +0200] "GET / HTTP/1.1" 200 1178 "-" "Mozilla/5.0 (compatible; bingbot/2.0; +http://www.bing.com/bingbot.htm)"
66.249.64.176 - - [25/Sep/2015:04:32:03 +0200] "GET /hirlevel/J%C3%A1szboldogh%C3%A1za.pdf HTTP/1.1" 200 672039 "-" "Mozilla/5.0 (iPhone; CPU iPhone OS 8_3 like Mac OS X) AppleWebKit/600.1.4 (KHTML, like Gecko) Version/8.0 Mobile/12F70 Safari/600.1.4 (compatible; Googlebot/2.1; +http://www.google.com/bot.html)"
157.55.39.128 - - [25/Sep/2015:04:59:46 +0200] "GET /robots.txt HTTP/1.1" 404 1181 "-" "Mozilla/5.0 (compatible; bingbot/2.0; +http://www.bing.com/bingbot.htm)"
207.46.13.163 - - [25/Sep/2015:05:00:32 +0200] "GET /hirlevel/vonattal1108.htm HTTP/1.1" 200 26684 "-" "Mozilla/5.0 (iPhone; CPU iPhone OS 7_0 like Mac OS X) AppleWebKit/537.51.1 (KHTML, like Gecko) Version/7.0 Mobile/11A465 Safari/9537.53 (compatible; bingbot/2.0; http://www.bing.com/bingbot.htm)"
157.55.39.8 - - [25/Sep/2015:05:00:47 +0200] "GET /hirlevel/images/vonattal.swf HTTP/1.1" 200 697 "-" "Mozilla/5.0 (iPhone; CPU iPhone OS 7_0 like Mac OS X) AppleWebKit/537.51.1 (KHTML, like Gecko) Version/7.0 Mobile/11A465 Safari/9537.53 (compatible; bingbot/2.0; +http://www.bing.com/bingbot.htm)"
217.84.236.99 - - [25/Sep/2015:05:09:15 +0200] "GET /images/vasutterkep_n.jpg HTTP/1.1" 200 4702972 "http://www.bing.com/images/search?q=ungarn+karte&view=detailv2&&id=96352B7D41B76F3373FDD13933FA42A1B3BF7913&selectedIndex=18&ccid=rSCvLYB2&simid=608002997142553061&thid=OIP.Mad20af2d80768304881a7ef7c38f2299H0&mode=overlay" "Mozilla/5.0 (compatible; MSIE 10.0; Windows NT 6.2; WOW64; Trident/6.0; MATMJS)"
217.84.236.99 - - [25/Sep/2015:05:09:18 +0200] "GET /favicon.ico HTTP/1.1" 404 1181 "-" "Mozilla/5.0 (compatible; MSIE 10.0; Windows NT 6.2; Win64; x64; Trident/6.0; MATMJS)"
157.55.39.47 - - [25/Sep/2015:05:33:22 +0200] "GET /hirlevel/MAV_102vonal_prezi201504.pdf HTTP/1.1" 200 1579816 "-" "Mozilla/5.0 (iPhone; CPU iPhone OS 7_0 like Mac OS X) AppleWebKit/537.51.1 (KHTML, like Gecko) Version/7.0 Mobile/11A465 Safari/9537.53 (compatible; bingbot/2.0; http://www.bing.com/bingbot.htm)"
207.46.13.163 - - [25/Sep/2015:05:43:08 +0200] "GET /robots.txt HTTP/1.1" 404 1181 "-" "Mozilla/5.0 (compatible; bingbot/2.0; +http://www.bing.com/bingbot.htm)"
207.46.13.163 - - [25/Sep/2015:05:44:43 +0200] "GET /hirlevel/vonattal1402.html HTTP/1.1" 200 54994 "-" "Mozilla/5.0 (iPhone; CPU iPhone OS 7_0 like Mac OS X) AppleWebKit/537.51.1 (KHTML, like Gecko) Version/7.0 Mobile/11A465 Safari/9537.53 (compatible; bingbot/2.0; http://www.bing.com/bingbot.htm)"
66.249.64.181 - - [25/Sep/2015:05:46:23 +0200] "GET /hirlevel/vonattal1009.htm HTTP/1.1" 304 - "-" "Mozilla/5.0 (compatible; Googlebot/2.1; +http://www.google.com/bot.html)"
121.205.214.169 - - [25/Sep/2015:06:18:19 +0200] "GET / HTTP/1.1" 200 1178 "-" "Mozilla/5.0 (Windows NT 6.1; Trident/7.0; rv:11.0) like Gecko"
88.132.196.196 - - [25/Sep/2015:06:38:06 +0200] "GET /favicon.ico HTTP/1.1" 404 1181 "http://www.mkk.zpok.hu/images/vasutterkep_n.jpg" "Mozilla/5.0 (Windows NT 6.1) AppleWebKit/537.36 (KHTML, like Gecko) Chrome/45.0.2454.93 Safari/537.36"
85.90.161.113 - - [25/Sep/2015:06:58:21 +0200] "GET /favicon.ico HTTP/1.1" 404 1181 "http://mkk.zpok.hu/doc/hatarmenti_infrastruktura.pdf" "Mozilla/5.0 (Windows NT 5.1) AppleWebKit/537.36 (KHTML, like Gecko) Chrome/45.0.2454.99 Safari/537.36"
85.90.161.113 - - [25/Sep/2015:06:58:22 +0200] "GET /doc/hatarmenti_infrastruktura.pdf HTTP/1.1" 200 555972 "https://www.google.hu/" "Mozilla/5.0 (Windows NT 5.1) AppleWebKit/537.36 (KHTML, like Gecko) Chrome/45.0.2454.99 Safari/537.36"
207.46.13.26 - - [25/Sep/2015:06:58:40 +0200] "GET /robots.txt HTTP/1.1" 404 1181 "-" "Mozilla/5.0 (compatible; bingbot/2.0; +http://www.bing.com/bingbot.htm)"
54.80.46.205 - - [25/Sep/2015:07:38:00 +0200] "GET /robots.txt HTTP/1.1" 404 1181 "-" "voltron"
157.55.39.127 - - [25/Sep/2015:07:43:11 +0200] "GET /hirlevel/vonattal1311.html HTTP/1.1" 200 34365 "-" "Mozilla/5.0 (iPhone; CPU iPhone OS 7_0 like Mac OS X) AppleWebKit/537.51.1 (KHTML, like Gecko) Version/7.0 Mobile/11A465 Safari/9537.53 (compatible; bingbot/2.0; http://www.bing.com/bingbot.htm)"
157.55.39.128 - - [25/Sep/2015:07:47:31 +0200] "GET / HTTP/1.1" 200 1178 "-" "Mozilla/5.0 (compatible; bingbot/2.0; +http://www.bing.com/bingbot.htm)"
157.55.39.127 - - [25/Sep/2015:07:56:11 +0200] "GET /hirlevel/102-es_vonal.pdf HTTP/1.1" 200 223259 "-" "Mozilla/5.0 (iPhone; CPU iPhone OS 7_0 like Mac OS X) AppleWebKit/537.51.1 (KHTML, like Gecko) Version/7.0 Mobile/11A465 Safari/9537.53 (compatible; bingbot/2.0; http://www.bing.com/bingbot.htm)"
180.76.15.148 - - [25/Sep/2015:08:08:13 +0200] "GET /doc/osszef_0910.pdf HTTP/1.1" 200 65752 "-" "Mozilla/5.0 (compatible; Baiduspider/2.0; +http://www.baidu.com/search/spider.html)"
79.121.94.162 - - [25/Sep/2015:08:27:10 +0200] "GET /images/vasutterkep_n.jpg HTTP/1.1" 200 966137 "https://www.google.hu/" "Mozilla/5.0 (Windows NT 6.3; WOW64) AppleWebKit/537.36 (KHTML, like Gecko) Chrome/45.0.2454.99 Safari/537.36"
68.180.228.34 - - [25/Sep/2015:08:44:15 +0200] "GET /robots.txt HTTP/1.1" 404 1181 "-" "Mozilla/5.0 (compatible; Yahoo! Slurp; http://help.yahoo.com/help/us/ysearch/slurp)"
68.180.228.34 - - [25/Sep/2015:08:44:16 +0200] "GET /hirlevel/automentesnap-gyula_201410.pdf HTTP/1.1" 200 36349 "-" "Mozilla/5.0 (compatible; Yahoo! Slurp; http://help.yahoo.com/help/us/ysearch/slurp)"
207.46.13.26 - - [25/Sep/2015:08:47:41 +0200] "GET /hirlevel/vonattal1311.html HTTP/1.1" 200 34365 "-" "Mozilla/5.0 (iPhone; CPU iPhone OS 7_0 like Mac OS X) AppleWebKit/537.51.1 (KHTML, like Gecko) Version/7.0 Mobile/11A465 Safari/9537.53 (compatible; bingbot/2.0; http://www.bing.com/bingbot.htm)"
89.123.243.30 - - [25/Sep/2015:08:49:34 +0200] "GET /images/vasutterkep_n.jpg HTTP/1.1" 200 4702972 "https://www.google.ro" "Mozilla/5.0 (Windows NT 6.1; rv:40.0) Gecko/20100101 Firefox/40.0"
212.96.56.7 - - [25/Sep/2015:08:56:45 +0200] "GET /favicon.ico HTTP/1.1" 404 1181 "http://www.mkk.zpok.hu/doc/vonatrafel_c.pdf" "Mozilla/5.0 (Windows NT 6.1; WOW64) AppleWebKit/537.36 (KHTML, like Gecko) Chrome/45.0.2454.99 Safari/537.36"
212.96.56.7 - - [25/Sep/2015:08:56:45 +0200] "GET /doc/vonatrafel_c.pdf HTTP/1.1" 200 705296 "http://www.terkepkalauz.hu/index.php?option=com_content&task=view&id=396" "Mozilla/5.0 (Windows NT 6.1; WOW64) AppleWebKit/537.36 (KHTML, like Gecko) Chrome/45.0.2454.99 Safari/537.36"
207.46.13.163 - - [25/Sep/2015:09:14:05 +0200] "GET /robots.txt HTTP/1.1" 404 1181 "-" "Mozilla/5.0 (compatible; bingbot/2.0; +http://www.bing.com/bingbot.htm)"
66.249.64.181 - - [25/Sep/2015:09:35:55 +0200] "GET /robots.txt HTTP/1.1" 404 1181 "-" "Mozilla/5.0 (compatible; Googlebot/2.1; +http://www.google.com/bot.html)"
66.249.64.186 - - [25/Sep/2015:09:35:55 +0200] "GET /hirlevel/vonattal1009.htm HTTP/1.1" 304 - "-" "Mozilla/5.0 (compatible; Googlebot/2.1; +http://www.google.com/bot.html)"
89.173.9.81 - - [25/Sep/2015:09:39:27 +0200] "GET /images/vasutterkep_n.jpg HTTP/1.1" 200 4702972 "https://www.google.sk/" "Mozilla/5.0 (Windows NT 6.1; WOW64) AppleWebKit/537.36 (KHTML, like Gecko) Chrome/45.0.2454.99 Safari/537.36"
220.181.108.121 - - [25/Sep/2015:09:53:17 +0200] "GET /doc/parameterkonyv_0804.pdf HTTP/1.1" 200 83510 "-" "Mozilla/5.0 (compatible; Baiduspider/2.0; +http://www.baidu.com/search/spider.html)"
195.228.58.111 - - [25/Sep/2015:10:00:53 +0200] "GET /images/vasutterkep_n.jpg HTTP/1.1" 200 4702972 "-" "Mozilla/5.0 (Windows NT 6.1) AppleWebKit/537.36 (KHTML, like Gecko) Chrome/45.0.2454.99 Safari/537.36"
195.228.58.111 - - [25/Sep/2015:10:00:53 +0200] "GET /favicon.ico HTTP/1.1" 404 1181 "http://www.mkk.zpok.hu/images/vasutterkep_n.jpg" "Mozilla/5.0 (Windows NT 6.1) AppleWebKit/537.36 (KHTML, like Gecko) Chrome/45.0.2454.99 Safari/537.36"
69.165.64.194 - - [25/Sep/2015:10:02:04 +0200] "OPTIONS / HTTP/1.1" 200 - "-" "Mozilla/5.0 (Windows NT 6.2; WOW64) AppleWebKit/537.36 (KHTML, like Gecko) Chrome/29.0.1547.0 Safari/537.36"
69.165.64.194 - - [25/Sep/2015:10:02:04 +0200] "PUT /505.txt HTTP/1.1" 405 1174 "-" "-"
66.249.64.1 - - [25/Sep/2015:10:04:09 +0200] "GET /robots.txt HTTP/1.1" 404 1181 "-" "Mozilla/5.0 (compatible; Googlebot/2.1; +http://www.google.com/bot.html)"
66.249.64.7 - - [25/Sep/2015:10:04:09 +0200] "GET / HTTP/1.1" 200 1178 "-" "Mozilla/5.0 (iPhone; CPU iPhone OS 8_3 like Mac OS X) AppleWebKit/600.1.4 (KHTML, like Gecko) Version/8.0 Mobile/12F70 Safari/600.1.4 (compatible; Googlebot/2.1; +http://www.google.com/bot.html)"
66.249.64.181 - - [25/Sep/2015:10:14:40 +0200] "GET /hirlevel/vonattal1505.html HTTP/1.1" 200 31133 "-" "Mozilla/5.0 (compatible; Googlebot/2.1; +http://www.google.com/bot.html)"
68.180.228.34 - - [25/Sep/2015:10:15:32 +0200] "GET /hirlevel/vonattal1504.html HTTP/1.1" 304 - "-" "Mozilla/5.0 (compatible; Yahoo! Slurp; http://help.yahoo.com/help/us/ysearch/slurp)"
220.181.108.152 - - [25/Sep/2015:10:26:37 +0200] "GET /hirlevel/emb_1006.pdf HTTP/1.1" 200 38333 "-" "Mozilla/5.0 (compatible; Baiduspider/2.0; +http://www.baidu.com/search/spider.html)"
193.225.50.253 - - [25/Sep/2015:10:33:48 +0200] "GET /doc/ti-to20120627.jpg HTTP/1.1" 200 536857 "https://www.google.hu" "Mozilla/5.0 (Windows NT 6.1; rv:40.0) Gecko/20100101 Firefox/40.0"
207.46.13.163 - - [25/Sep/2015:10:45:28 +0200] "GET /doc/vonatrafel_c.pdf HTTP/1.1" 200 705296 "-" "Mozilla/5.0 (iPhone; CPU iPhone OS 7_0 like Mac OS X) AppleWebKit/537.51.1 (KHTML, like Gecko) Version/7.0 Mobile/11A465 Safari/9537.53 (compatible; bingbot/2.0; http://www.bing.com/bingbot.htm)"
193.68.41.17 - - [25/Sep/2015:10:46:00 +0200] "GET /images/vasutterkep_n.jpg HTTP/1.1" 200 4702972 "-" "Mozilla/5.0 (compatible; MSIE 9.0; Windows NT 6.1; Trident/5.0)"
195.69.193.53 - - [25/Sep/2015:10:47:43 +0200] "GET /images/vasutterkep_n.jpg HTTP/1.1" 200 4702972 "-" "Mozilla/5.0 (compatible; MSIE 10.0; Windows NT 6.1; WOW64; Trident/6.0)"
195.69.193.53 - - [25/Sep/2015:10:47:43 +0200] "GET /favicon.ico HTTP/1.1" 404 1181 "-" "Mozilla/5.0 (compatible; MSIE 10.0; Windows NT 6.1; Win64; x64; Trident/6.0)"
80.99.171.136 - - [25/Sep/2015:10:48:08 +0200] "GET /favicon.ico HTTP/1.1" 404 1181 "-" "Mozilla/5.0 (X11; Ubuntu; Linux x86_64; rv:40.0) Gecko/20100101 Firefox/40.0"
80.99.171.136 - - [25/Sep/2015:10:49:17 +0200] "GET / HTTP/1.1" 304 - "-" "Mozilla/5.0 (X11; Ubuntu; Linux x86_64; rv:40.0) Gecko/20100101 Firefox/40.0"
80.99.171.136 - - [25/Sep/2015:10:49:18 +0200] "GET /index.swf HTTP/1.1" 200 1451868 "http://mkk.zpok.hu/" "Mozilla/5.0 (X11; Ubuntu; Linux x86_64; rv:40.0) Gecko/20100101 Firefox/40.0"
80.99.171.136 - - [25/Sep/2015:10:49:23 +0200] "GET /popupsys%20elemei/main.txt HTTP/1.1" 200 342 "http://mkk.zpok.hu/index.swf" "Mozilla/5.0 (X11; Ubuntu; Linux x86_64; rv:40.0) Gecko/20100101 Firefox/40.0"
