66.249.75.113 - - [13/Sep/2015:22:57:38 +0200] "GET /hirlevel/vonattal1503.html HTTP/1.1" 200 21721 "-" "Mozilla/5.0 (compatible; Googlebot/2.1; +http://www.google.com/bot.html)"
66.249.75.9 - - [13/Sep/2015:22:58:08 +0200] "GET /doc/vonattal_tisza-tohoz_2010.pdf HTTP/1.1" 200 558271 "-" "Mozilla/5.0 (compatible; Googlebot/2.1; +http://www.google.com/bot.html)"
66.249.75.113 - - [13/Sep/2015:23:00:33 +0200] "GET /hirlevel/images/avidekkozlekedeseert.swf HTTP/1.1" 200 5063 "-" "Mozilla/5.0 (compatible; Googlebot/2.1; +http://www.google.com/bot.html)"
66.249.75.185 - - [13/Sep/2015:23:06:58 +0200] "GET /doc/forum_valaszok_0903.pdf HTTP/1.1" 200 58032 "-" "Mozilla/5.0 (compatible; Googlebot/2.1; +http://www.google.com/bot.html)"
66.249.75.9 - - [13/Sep/2015:23:07:07 +0200] "GET /hirlevel/emlekezteto_hevesvezekeny_201504.pdf HTTP/1.1" 304 - "-" "Mozilla/5.0 (compatible; Googlebot/2.1; +http://www.google.com/bot.html)"
66.249.75.1 - - [13/Sep/2015:23:08:53 +0200] "GET /doc/ipoly_201109.pdf HTTP/1.1" 304 - "-" "Mozilla/5.0 (compatible; Googlebot/2.1; +http://www.google.com/bot.html)"
66.249.75.9 - - [13/Sep/2015:23:10:40 +0200] "GET /hirlevel/vonattal1103.htm HTTP/1.1" 304 - "-" "Mozilla/5.0 (compatible; Googlebot/2.1; +http://www.google.com/bot.html)"
66.249.75.113 - - [13/Sep/2015:23:32:13 +0200] "GET /doc/147.pdf HTTP/1.1" 304 - "-" "Mozilla/5.0 (compatible; Googlebot/2.1; +http://www.google.com/bot.html)"
199.30.24.22 - - [13/Sep/2015:23:34:50 +0200] "GET /doc/eletet-a-vasutnak.pdf HTTP/1.1" 200 67346 "-" "Mozilla/5.0 (iPhone; CPU iPhone OS 7_0 like Mac OS X) AppleWebKit/537.51.1 (KHTML, like Gecko) Version/7.0 Mobile/11A465 Safari/9537.53 BingPreview/1.0b"
68.180.229.230 - - [13/Sep/2015:23:50:08 +0200] "GET /doc/mkk_allasfogl070622.pdf HTTP/1.1" 200 62326 "-" "Mozilla/5.0 (compatible; Yahoo! Slurp; http://help.yahoo.com/help/us/ysearch/slurp)"
82.178.200.217 - - [13/Sep/2015:23:58:25 +0200] "GET /xmlrpc.php HTTP/1.1" 404 1181 "-" "Mozilla/5.0 (X11; Linux i686; rv:2.0.1) Gecko/20100101 Firefox/4.0.1"
66.249.75.167 - - [14/Sep/2015:00:02:18 +0200] "GET /doc/mkk_allasfogl070622.pdf HTTP/1.1" 304 - "-" "Mozilla/5.0 (compatible; Googlebot/2.1; +http://www.google.com/bot.html)"
207.46.13.32 - - [14/Sep/2015:00:02:23 +0200] "GET /robots.txt HTTP/1.1" 404 1181 "-" "Mozilla/5.0 (compatible; bingbot/2.0; +http://www.bing.com/bingbot.htm)"
207.46.13.32 - - [14/Sep/2015:00:02:37 +0200] "GET /hirlevel/102-es_vonal.pdf HTTP/1.1" 200 223259 "-" "Mozilla/5.0 (iPhone; CPU iPhone OS 7_0 like Mac OS X) AppleWebKit/537.51.1 (KHTML, like Gecko) Version/7.0 Mobile/11A465 Safari/9537.53 (compatible; bingbot/2.0; http://www.bing.com/bingbot.htm)"
66.249.75.1 - - [14/Sep/2015:00:03:25 +0200] "GET /hirlevel/vonattal1307.html HTTP/1.1" 304 - "-" "Mozilla/5.0 (compatible; Googlebot/2.1; +http://www.google.com/bot.html)"
66.249.75.113 - - [14/Sep/2015:00:03:54 +0200] "GET /hirlevel/vonattal1010_1.htm HTTP/1.1" 304 - "-" "Mozilla/5.0 (compatible; Googlebot/2.1; +http://www.google.com/bot.html)"
77.111.90.197 - - [14/Sep/2015:00:10:18 +0200] "GET / HTTP/1.1" 200 1178 "-" "Mozilla/5.0 (X11; U; Linux i686; en-US; rv:1.9.0.4) Gecko/2008111318 Ubuntu/8.10 (intrepid) Firefox/3.0.4"
77.111.90.197 - - [14/Sep/2015:00:10:18 +0200] "GET / HTTP/1.0" 200 1178 "-" "-"
66.249.75.185 - - [14/Sep/2015:00:12:16 +0200] "GET /doc/vonatozo-kiiras_1107.pdf HTTP/1.1" 404 1181 "-" "Mozilla/5.0 (compatible; Googlebot/2.1; +http://www.google.com/bot.html)"
66.249.75.1 - - [14/Sep/2015:00:21:08 +0200] "GET /hirlevel/102-es_vonal.pdf HTTP/1.1" 200 223259 "-" "Mozilla/5.0 (compatible; Googlebot/2.1; +http://www.google.com/bot.html)"
66.249.75.1 - - [14/Sep/2015:00:26:16 +0200] "GET /doc/ttft.pdf HTTP/1.1" 304 - "-" "Mozilla/5.0 (compatible; Googlebot/2.1; +http://www.google.com/bot.html)"
66.249.75.113 - - [14/Sep/2015:00:27:14 +0200] "GET /doc/nogradi_terseg_1209.pdf HTTP/1.1" 200 134152 "-" "Mozilla/5.0 (compatible; Googlebot/2.1; +http://www.google.com/bot.html)"
66.249.75.9 - - [14/Sep/2015:00:28:12 +0200] "GET /doc/OT_HM.pdf HTTP/1.1" 304 - "-" "Mozilla/5.0 (compatible; Googlebot/2.1; +http://www.google.com/bot.html)"
66.249.75.1 - - [14/Sep/2015:00:30:27 +0200] "GET /hirlevel/vonattal1105-6.htm HTTP/1.1" 304 - "-" "Mozilla/5.0 (compatible; Googlebot/2.1; +http://www.google.com/bot.html)"
157.55.39.83 - - [14/Sep/2015:00:34:37 +0200] "GET /hirlevel/images/0809f.jpg HTTP/1.1" 200 61892 "-" "Mozilla/5.0 (compatible; bingbot/2.0; +http://www.bing.com/bingbot.htm)"
157.55.39.83 - - [14/Sep/2015:00:34:46 +0200] "GET /doc/b2_201203.jpg HTTP/1.1" 404 1181 "-" "Mozilla/5.0 (compatible; bingbot/2.0; +http://www.bing.com/bingbot.htm)"
207.46.13.32 - - [14/Sep/2015:00:37:12 +0200] "GET /hirlevel/images/1307_1.jpg HTTP/1.1" 200 85992 "-" "Mozilla/5.0 (compatible; bingbot/2.0; +http://www.bing.com/bingbot.htm)"
207.46.13.32 - - [14/Sep/2015:00:45:01 +0200] "GET /hirlevel/images/1009_terkep_n.jpg HTTP/1.1" 200 598267 "-" "Mozilla/5.0 (compatible; bingbot/2.0; +http://www.bing.com/bingbot.htm)"
157.55.39.83 - - [14/Sep/2015:00:45:50 +0200] "GET /hirlevel/images/1107_b.jpg HTTP/1.1" 200 83593 "-" "Mozilla/5.0 (compatible; bingbot/2.0; +http://www.bing.com/bingbot.htm)"
207.46.13.149 - - [14/Sep/2015:00:46:27 +0200] "GET /hirlevel/images/sokanrecsken.jpg HTTP/1.1" 200 50116 "-" "Mozilla/5.0 (compatible; bingbot/2.0; +http://www.bing.com/bingbot.htm)"
207.46.13.32 - - [14/Sep/2015:00:49:57 +0200] "GET /hirlevel/images/1010a.jpg HTTP/1.1" 200 52624 "-" "Mozilla/5.0 (compatible; bingbot/2.0; +http://www.bing.com/bingbot.htm)"
180.76.15.148 - - [14/Sep/2015:00:51:30 +0200] "GET /doc/forumemlekezteto_0903.pdf HTTP/1.1" 200 176704 "-" "Mozilla/5.0 (compatible; Baiduspider/2.0; +http://www.baidu.com/search/spider.html)"
207.46.13.159 - - [14/Sep/2015:00:55:56 +0200] "GET /hirlevel/images/0903f.jpg HTTP/1.1" 200 73829 "-" "Mozilla/5.0 (compatible; bingbot/2.0; +http://www.bing.com/bingbot.htm)"
66.249.75.185 - - [14/Sep/2015:00:57:18 +0200] "GET /hirlevel/vonattal1109.htm HTTP/1.1" 304 - "-" "Mozilla/5.0 (compatible; Googlebot/2.1; +http://www.google.com/bot.html)"
207.46.13.149 - - [14/Sep/2015:01:10:52 +0200] "GET /doc/vonatrafel_c.pdf HTTP/1.1" 200 705296 "-" "Mozilla/5.0 (iPhone; CPU iPhone OS 7_0 like Mac OS X) AppleWebKit/537.51.1 (KHTML, like Gecko) Version/7.0 Mobile/11A465 Safari/9537.53 (compatible; bingbot/2.0; http://www.bing.com/bingbot.htm)"
207.46.13.159 - - [14/Sep/2015:01:13:35 +0200] "GET /hirlevel/images/1410_u.jpg HTTP/1.1" 200 248000 "-" "Mozilla/5.0 (compatible; bingbot/2.0; +http://www.bing.com/bingbot.htm)"
66.249.75.185 - - [14/Sep/2015:01:17:13 +0200] "GET / HTTP/1.1" 304 - "-" "Mozilla/5.0 (compatible; Googlebot/2.1; +http://www.google.com/bot.html)"
144.76.23.74 - - [14/Sep/2015:01:24:10 +0200] "GET / HTTP/1.1" 200 1178 "-" "Mozilla/5.0 (Windows; U; Windows NT 6.0; en-GB; rv:1.0; trendictionbot0.5.0; trendiction search; http://www.trendiction.de/bot; please let us know of any problems; web at trendiction.com) Gecko/20071127 Firefox/3.0.0.11"
66.249.75.113 - - [14/Sep/2015:01:28:30 +0200] "GET /doc/prezentacio_20150425_tokaj.pdf HTTP/1.1" 304 - "-" "Mozilla/5.0 (compatible; Googlebot/2.1; +http://www.google.com/bot.html)"
66.249.75.167 - - [14/Sep/2015:01:34:46 +0200] "GET /hirek.xml HTTP/1.1" 304 - "-" "Mozilla/5.0 (compatible; Googlebot/2.1; +http://www.google.com/bot.html)"
178.255.215.87 - - [14/Sep/2015:01:42:01 +0200] "GET /hirlevel/csege_1102.pdf HTTP/1.1" 200 325905 "-" "Mozilla/5.0 (compatible; Exabot/3.0; +http://www.exabot.com/go/robot)"
157.55.39.82 - - [14/Sep/2015:01:42:23 +0200] "GET /images/vasutterkep_n.jpg HTTP/1.1" 200 4702972 "-" "Mozilla/5.0 (compatible; bingbot/2.0; +http://www.bing.com/bingbot.htm)"
66.249.75.1 - - [14/Sep/2015:01:43:18 +0200] "GET /hirlevel/utasjogok_1004.pdf HTTP/1.1" 200 109289 "-" "Mozilla/5.0 (compatible; Googlebot/2.1; +http://www.google.com/bot.html)"
95.131.48.107 - - [14/Sep/2015:01:54:44 +0200] "HEAD / HTTP/1.1" 200 0 "-" "tlap.hu bot (link checker)"
66.249.75.113 - - [14/Sep/2015:02:01:18 +0200] "GET /hirlevel/vonattal1209.htm HTTP/1.1" 304 - "-" "Mozilla/5.0 (compatible; Googlebot/2.1; +http://www.google.com/bot.html)"
66.249.75.113 - - [14/Sep/2015:02:18:19 +0200] "GET /hirlevel/vonattal1110.html HTTP/1.1" 304 - "-" "Mozilla/5.0 (compatible; Googlebot/2.1; +http://www.google.com/bot.html)"
66.249.75.1 - - [14/Sep/2015:02:21:31 +0200] "GET /hirlevel/vonattal1103.htm HTTP/1.1" 304 - "-" "Mozilla/5.0 (compatible; Googlebot/2.1; +http://www.google.com/bot.html)"
91.120.72.182 - - [14/Sep/2015:02:33:15 +0200] "GET /images/vasutterkep_n.jpg HTTP/1.1" 200 3096576 "http://www.bing.com/images/search?q=terkep+magyarorszag&view=detailv2&&id=ACE811E51E4C4D51F01E9C9DD440FD3E8A7E5546&selectedIndex=15&ccid=HoLxfo9c&simid=608045414222858622&thid=OIP.M1e82f17e8f5cb9e80e5644be89f65a48H0&mode=overlay" "Mozilla/5.0 (Windows NT 6.1; WOW64) AppleWebKit/537.36 (KHTML, like Gecko) Chrome/45.0.2454.85 Safari/537.36"
91.120.72.182 - - [14/Sep/2015:02:33:47 +0200] "GET /images/vasutterkep_n.jpg HTTP/1.1" 206 1 "http://www.bing.com/images/search?q=terkep+magyarorszag&view=detailv2&&id=7E2B52A21BCF7A3FAC1ED13933FA42A1B3BF7913&selectedIndex=23&ccid=rSCvLYB2&simid=608037777776905574&thid=OIP.Mad20af2d80768304881a7ef7c38f2299H0&mode=overlay" "Mozilla/5.0 (Windows NT 6.1; WOW64) AppleWebKit/537.36 (KHTML, like Gecko) Chrome/45.0.2454.85 Safari/537.36"
91.120.72.182 - - [14/Sep/2015:02:33:52 +0200] "GET /images/vasutterkep_n.jpg HTTP/1.1" 206 1759164 "http://www.bing.com/images/search?q=terkep+magyarorszag&view=detailv2&&id=7E2B52A21BCF7A3FAC1ED13933FA42A1B3BF7913&selectedIndex=23&ccid=rSCvLYB2&simid=608037777776905574&thid=OIP.Mad20af2d80768304881a7ef7c38f2299H0&mode=overlay" "Mozilla/5.0 (Windows NT 6.1; WOW64) AppleWebKit/537.36 (KHTML, like Gecko) Chrome/45.0.2454.85 Safari/537.36"
91.120.72.182 - - [14/Sep/2015:02:33:55 +0200] "GET /favicon.ico HTTP/1.1" 404 1181 "http://www.mkk.zpok.hu/images/vasutterkep_n.jpg" "Mozilla/5.0 (Windows NT 6.1; WOW64) AppleWebKit/537.36 (KHTML, like Gecko) Chrome/45.0.2454.85 Safari/537.36"
67.183.49.70 - - [14/Sep/2015:02:44:14 +0200] "GET /xmlrpc.php HTTP/1.1" 404 1181 "-" "Mozilla/5.0 (X11; Linux i686; rv:2.0.1) Gecko/20100101 Firefox/4.0.1"
104.131.147.112 - - [14/Sep/2015:02:59:38 +0200] "GET / HTTP/1.1" 200 1178 "-" "Mozilla/5.0 (compatible; Gluten Free Crawler/1.0; +http://glutenfreepleasure.com/)"
66.249.75.1 - - [14/Sep/2015:03:05:32 +0200] "GET /hirlevel/vonattal1306.html HTTP/1.1" 304 - "-" "Mozilla/5.0 (compatible; Googlebot/2.1; +http://www.google.com/bot.html)"
66.249.75.113 - - [14/Sep/2015:03:11:28 +0200] "GET /hirlevel/konferencia_program-szallasok_tapolca.pdf HTTP/1.1" 200 137963 "-" "Mozilla/5.0 (compatible; Googlebot/2.1; +http://www.google.com/bot.html)"
66.249.75.185 - - [14/Sep/2015:03:28:55 +0200] "GET /doc/eletet-a-vasutnak.pdf HTTP/1.1" 200 5085257 "-" "Mozilla/5.0 (compatible; Googlebot/2.1; +http://www.google.com/bot.html)"
66.249.75.176 - - [14/Sep/2015:03:28:58 +0200] "GET /index.swf HTTP/1.1" 200 0 "-" "Mozilla/5.0 (compatible; Googlebot/2.1; +http://www.google.com/bot.html)"
66.249.75.176 - - [14/Sep/2015:03:29:26 +0200] "GET /hirek.xml HTTP/1.1" 304 - "-" "Mozilla/5.0 (compatible; Googlebot/2.1; +http://www.google.com/bot.html)"
68.180.228.34 - - [14/Sep/2015:03:29:47 +0200] "GET /doc/putnoklevel_0911.pdf HTTP/1.1" 200 141030 "-" "Mozilla/5.0 (compatible; Yahoo! Slurp; http://help.yahoo.com/help/us/ysearch/slurp)"
66.249.75.9 - - [14/Sep/2015:03:36:21 +0200] "GET /hirlevel/emh-1.pdf HTTP/1.1" 200 193983 "-" "Mozilla/5.0 (compatible; Googlebot/2.1; +http://www.google.com/bot.html)"
66.249.75.1 - - [14/Sep/2015:03:36:50 +0200] "GET /hirlevel/1371_2007_utasjogi_rendelet.pdf HTTP/1.1" 200 207277 "-" "Mozilla/5.0 (compatible; Googlebot/2.1; +http://www.google.com/bot.html)"
180.76.15.158 - - [14/Sep/2015:03:40:03 +0200] "GET /hirlevel/emb_1006.pdf HTTP/1.1" 200 38333 "-" "Mozilla/5.0 (compatible; Baiduspider/2.0; +http://www.baidu.com/search/spider.html)"
66.249.75.176 - - [14/Sep/2015:03:54:26 +0200] "GET /hirlevel/vonattal1109.htm HTTP/1.1" 304 - "-" "Mozilla/5.0 (compatible; Googlebot/2.1; +http://www.google.com/bot.html)"
66.249.75.113 - - [14/Sep/2015:03:55:37 +0200] "GET /hirlevel/vasuttal0704.htm HTTP/1.1" 200 25859 "-" "Mozilla/5.0 (compatible; Googlebot/2.1; +http://www.google.com/bot.html)"
66.249.75.1 - - [14/Sep/2015:04:10:43 +0200] "GET /hirlevel/vonattal1204.htm HTTP/1.1" 304 - "-" "Mozilla/5.0 (compatible; Googlebot/2.1; +http://www.google.com/bot.html)"
66.249.75.9 - - [14/Sep/2015:04:14:33 +0200] "GET /hirlevel/vonattal0907.htm HTTP/1.1" 304 - "-" "Mozilla/5.0 (compatible; Googlebot/2.1; +http://www.google.com/bot.html)"
66.249.75.185 - - [14/Sep/2015:04:24:00 +0200] "GET /doc/meszaros_peter.ppt HTTP/1.1" 304 - "-" "Mozilla/5.0 (compatible; Googlebot/2.1; +http://www.google.com/bot.html)"
66.249.75.1 - - [14/Sep/2015:04:24:39 +0200] "GET /hirlevel/vonattal1009.htm HTTP/1.1" 304 - "-" "Mozilla/5.0 (compatible; Googlebot/2.1; +http://www.google.com/bot.html)"
180.76.15.28 - - [14/Sep/2015:04:34:45 +0200] "GET /doc/vonatrafel_c.pdf HTTP/1.1" 200 589824 "-" "Mozilla/5.0 (compatible; Baiduspider/2.0; +http://www.baidu.com/search/spider.html)"
66.249.75.9 - - [14/Sep/2015:04:46:55 +0200] "GET /doc/legyel_te_is_buszke_kerekparos.pdf HTTP/1.1" 200 185843 "-" "Mozilla/5.0 (compatible; Googlebot/2.1; +http://www.google.com/bot.html)"
117.21.176.36 - - [14/Sep/2015:04:56:16 +0200] "GET /news/html/?0'union/**/select/**/1/**/from/**/(select/**/count(*),concat(floor(rand(0)*2),0x3a,(select/**/concat(user,0x3a,password)/**/from/**/pwn_base_admin/**/limit/**/0,1),0x3a)a/**/from/**/information_schema.tables/**/group/**/by/**/a)b/**/where'1'='1.html HTTP/1.1" 404 1181 "-" "Mozilla/5.0 (compatible; MSIE 9.0; Windows NT 6.1; WOW64; Trident/5.0)"
117.21.176.36 - - [14/Sep/2015:04:56:16 +0200] "GET /news/html/?0'union/**/select/**/1/**/from/**/(select/**/count(*),concat(floor(rand(0)*2),0x3a,(select/**/concat(user,0x3a,password)/**/from/**/pwn_base_admin/**/limit/**/0,1),0x3a)a/**/from/**/information_schema.tables/**/group/**/by/**/a)b/**/where'1'='1.html HTTP/1.1" 404 1181 "-" "Mozilla/5.0 (compatible; MSIE 9.0; Windows NT 6.1; WOW64; Trident/5.0)"
66.249.75.176 - - [14/Sep/2015:05:03:51 +0200] "GET /hirek.xml HTTP/1.1" 304 - "-" "Mozilla/5.0 (compatible; Googlebot/2.1; +http://www.google.com/bot.html)"
66.249.75.113 - - [14/Sep/2015:05:04:55 +0200] "GET /doc/tande_1010.pdf HTTP/1.1" 304 - "-" "Mozilla/5.0 (compatible; Googlebot/2.1; +http://www.google.com/bot.html)"
188.165.15.239 - - [14/Sep/2015:05:04:59 +0200] "GET /hirlevel/vonattal1206.htm HTTP/1.1" 200 47612 "-" "Mozilla/5.0 (compatible; AhrefsBot/5.0; +http://ahrefs.com/robot/)"
220.134.1.239 - - [14/Sep/2015:05:09:30 +0200] "GET / HTTP/1.1" 200 1178 "-" "Mozilla/5.0 (Windows NT 6.1; WOW64; Trident/7.0; rv:11.0) like Gecko"
92.226.83.59 - - [14/Sep/2015:05:10:07 +0200] "GET /robots.txt HTTP/1.1" 404 1181 "-" "Mozilla/5.0 (Windows NT 6.1; WOW64; Trident/7.0; rv:11.0) like Gecko"
92.226.83.59 - - [14/Sep/2015:05:10:08 +0200] "GET /wp-login.php HTTP/1.1" 404 1181 "-" "Mozilla/5.0 (Windows NT 6.1; WOW64; Trident/7.0; rv:11.0) like Gecko"
92.226.83.59 - - [14/Sep/2015:05:10:08 +0200] "GET /wp-login/ HTTP/1.1" 404 1181 "-" "Mozilla/5.0 (Windows NT 6.1; WOW64; Trident/7.0; rv:11.0) like Gecko"
92.226.83.59 - - [14/Sep/2015:05:10:08 +0200] "GET /wordpress/wp-login.php HTTP/1.1" 404 1181 "-" "Mozilla/5.0 (Windows NT 6.1; WOW64; Trident/7.0; rv:11.0) like Gecko"
92.226.83.59 - - [14/Sep/2015:05:10:09 +0200] "GET /wp-admin/wp-login.php HTTP/1.1" 404 1181 "-" "Mozilla/5.0 (Windows NT 6.1; WOW64; Trident/7.0; rv:11.0) like Gecko"
92.226.83.59 - - [14/Sep/2015:05:10:12 +0200] "GET /section/wp-login.php HTTP/1.1" 404 1181 "-" "Mozilla/5.0 (Windows NT 6.1; WOW64; Trident/7.0; rv:11.0) like Gecko"
92.226.83.59 - - [14/Sep/2015:05:10:12 +0200] "GET /cms/wp-login.php HTTP/1.1" 404 1181 "-" "Mozilla/5.0 (Windows NT 6.1; WOW64; Trident/7.0; rv:11.0) like Gecko"
92.226.83.59 - - [14/Sep/2015:05:10:12 +0200] "GET /site/wp-login.php HTTP/1.1" 404 1181 "-" "Mozilla/5.0 (Windows NT 6.1; WOW64; Trident/7.0; rv:11.0) like Gecko"
92.226.83.59 - - [14/Sep/2015:05:10:13 +0200] "GET /blog/wp-login.php HTTP/1.1" 404 1181 "-" "Mozilla/5.0 (Windows NT 6.1; WOW64; Trident/7.0; rv:11.0) like Gecko"
92.226.83.59 - - [14/Sep/2015:05:10:14 +0200] "GET /admin/wp-login.php HTTP/1.1" 404 1181 "-" "Mozilla/5.0 (Windows NT 6.1; WOW64; Trident/7.0; rv:11.0) like Gecko"
92.226.83.59 - - [14/Sep/2015:05:10:15 +0200] "GET /wp/wp-login.php HTTP/1.1" 404 1181 "-" "Mozilla/5.0 (Windows NT 6.1; WOW64; Trident/7.0; rv:11.0) like Gecko"
66.249.75.113 - - [14/Sep/2015:05:19:21 +0200] "GET /hirlevel/vonattal1311.html HTTP/1.1" 200 34365 "-" "Mozilla/5.0 (iPhone; CPU iPhone OS 8_3 like Mac OS X) AppleWebKit/600.1.4 (KHTML, like Gecko) Version/8.0 Mobile/12F70 Safari/600.1.4 (compatible; Googlebot/2.1; +http://www.google.com/bot.html)"
96.19.51.243 - - [14/Sep/2015:05:41:28 +0200] "GET /images/vasutterkep_n.jpg HTTP/1.1" 200 4702972 "-" "Mozilla/5.0 (iPad; CPU OS 8_4 like Mac OS X) AppleWebKit/600.1.4 (KHTML, like Gecko) GSA/8.0.57838 Mobile/12H143 Safari/600.1.4"
66.249.75.1 - - [14/Sep/2015:05:42:11 +0200] "GET /hirlevel/vonattal1402.html HTTP/1.1" 200 54994 "-" "Mozilla/5.0 (compatible; Googlebot/2.1; +http://www.google.com/bot.html)"
198.50.131.46 - - [14/Sep/2015:05:46:26 +0200] "GET /robots.txt HTTP/1.1" 404 1181 "-" "iskanie (+http://www.iskanie.com)"
66.249.75.9 - - [14/Sep/2015:05:46:27 +0200] "GET /hirlevel/vonattal1007.htm HTTP/1.1" 200 27837 "-" "Mozilla/5.0 (compatible; Googlebot/2.1; +http://www.google.com/bot.html)"
198.50.131.46 - - [14/Sep/2015:05:46:32 +0200] "GET / HTTP/1.1" 200 1178 "-" "iskanie (+http://www.iskanie.com)"
66.249.75.9 - - [14/Sep/2015:05:46:52 +0200] "GET /doc/hatarmenti_infrastruktura.pdf HTTP/1.1" 304 - "-" "Mozilla/5.0 (compatible; Googlebot/2.1; +http://www.google.com/bot.html)"
66.249.75.9 - - [14/Sep/2015:05:53:03 +0200] "GET /hirlevel/vonattal1010_1.htm HTTP/1.1" 304 - "-" "Mozilla/5.0 (compatible; Googlebot/2.1; +http://www.google.com/bot.html)"
66.249.75.1 - - [14/Sep/2015:06:40:07 +0200] "GET /doc/eletet-a-vasutnak.pdf HTTP/1.1" 304 - "-" "Mozilla/5.0 (compatible; Googlebot/2.1; +http://www.google.com/bot.html)"
104.131.147.112 - - [14/Sep/2015:06:40:16 +0200] "GET / HTTP/1.1" 200 1178 "-" "Mozilla/5.0 (compatible; Gluten Free Crawler/1.0; +http://glutenfreepleasure.com/)"
66.249.75.185 - - [14/Sep/2015:06:47:21 +0200] "GET /robots.txt HTTP/1.1" 404 1181 "-" "Mozilla/5.0 (compatible; Googlebot/2.1; +http://www.google.com/bot.html)"
66.249.75.167 - - [14/Sep/2015:06:47:22 +0200] "GET /doc/meszaros_peter.ppt HTTP/1.1" 304 - "-" "Mozilla/5.0 (compatible; Googlebot/2.1; +http://www.google.com/bot.html)"
66.249.75.185 - - [14/Sep/2015:06:57:36 +0200] "GET /doc/vonatrafel_c.pdf HTTP/1.1" 304 - "-" "Mozilla/5.0 (compatible; Googlebot/2.1; +http://www.google.com/bot.html)"
66.249.75.9 - - [14/Sep/2015:06:58:34 +0200] "GET /doc/tisza-to_szoroanyag_2012.pdf HTTP/1.1" 304 - "-" "Mozilla/5.0 (compatible; Googlebot/2.1; +http://www.google.com/bot.html)"
66.249.75.113 - - [14/Sep/2015:07:00:39 +0200] "GET /hirlevel/vonattal1103.htm HTTP/1.1" 304 - "-" "Mozilla/5.0 (compatible; Googlebot/2.1; +http://www.google.com/bot.html)"
66.249.75.185 - - [14/Sep/2015:07:08:12 +0200] "GET /doc/szelmalom_200906.pdf HTTP/1.1" 304 - "-" "Mozilla/5.0 (compatible; Googlebot/2.1; +http://www.google.com/bot.html)"
66.249.75.1 - - [14/Sep/2015:07:17:37 +0200] "GET /hirlevel/vonattal1503.html HTTP/1.1" 200 21721 "-" "Mozilla/5.0 (iPhone; CPU iPhone OS 8_3 like Mac OS X) AppleWebKit/600.1.4 (KHTML, like Gecko) Version/8.0 Mobile/12F70 Safari/600.1.4 (compatible; Googlebot/2.1; +http://www.google.com/bot.html)"
66.249.75.185 - - [14/Sep/2015:07:24:44 +0200] "GET /doc/menetrendi-koncepcio_090831.pdf HTTP/1.1" 304 - "-" "Mozilla/5.0 (compatible; Googlebot/2.1; +http://www.google.com/bot.html)"
66.249.75.9 - - [14/Sep/2015:07:26:01 +0200] "GET /hirlevel/vonattal1112.htm HTTP/1.1" 304 - "-" "Mozilla/5.0 (compatible; Googlebot/2.1; +http://www.google.com/bot.html)"
157.55.39.82 - - [14/Sep/2015:07:30:20 +0200] "GET /doc/prezentacio_20150425_tokaj.pdf HTTP/1.1" 200 214167 "-" "Mozilla/5.0 (iPhone; CPU iPhone OS 7_0 like Mac OS X) AppleWebKit/537.51.1 (KHTML, like Gecko) Version/7.0 Mobile/11A465 Safari/9537.53 (compatible; bingbot/2.0; http://www.bing.com/bingbot.htm)"
157.55.39.87 - - [14/Sep/2015:07:35:14 +0200] "GET /doc/b2_201203.jpg HTTP/1.1" 404 1181 "-" "Mozilla/5.0 (compatible; bingbot/2.0; +http://www.bing.com/bingbot.htm)"
66.249.75.176 - - [14/Sep/2015:07:36:36 +0200] "GET /hirek.xml HTTP/1.1" 304 - "-" "Mozilla/5.0 (compatible; Googlebot/2.1; +http://www.google.com/bot.html)"
66.249.75.176 - - [14/Sep/2015:07:39:01 +0200] "GET / HTTP/1.1" 304 - "-" "Mozilla/5.0 (compatible; Googlebot/2.1; +http://www.google.com/bot.html)"
66.249.75.176 - - [14/Sep/2015:07:40:18 +0200] "GET /doc/forum_valaszok_0903.pdf HTTP/1.1" 304 - "-" "Mozilla/5.0 (compatible; Googlebot/2.1; +http://www.google.com/bot.html)"
188.6.101.86 - - [14/Sep/2015:07:43:06 +0200] "GET /hirlevel/images/kishidas_1012.jpg HTTP/1.1" 200 100983 "https://www.google.hu/" "Mozilla/5.0 (Windows NT 5.1) AppleWebKit/537.36 (KHTML, like Gecko) Chrome/45.0.2454.85 Safari/537.36"
66.249.75.167 - - [14/Sep/2015:07:48:48 +0200] "GET /doc/KHEM%20_Menetrendi_koncepci%C3%B3.pdf HTTP/1.1" 304 - "-" "Mozilla/5.0 (compatible; Googlebot/2.1; +http://www.google.com/bot.html)"
37.76.113.182 - - [14/Sep/2015:08:00:46 +0200] "GET /images/vasutterkep_n.jpg HTTP/1.1" 200 4702972 "-" "Mozilla/5.0 (Windows NT 6.3; WOW64; Trident/7.0; rv:11.0) like Gecko"
66.249.75.113 - - [14/Sep/2015:08:01:58 +0200] "GET /doc/meghivo-kgy_110527.pdf HTTP/1.1" 200 65330 "-" "Mozilla/5.0 (compatible; Googlebot/2.1; +http://www.google.com/bot.html)"
66.249.75.9 - - [14/Sep/2015:08:05:10 +0200] "GET /hirlevel/vonattal0903.htm HTTP/1.1" 304 - "-" "Mozilla/5.0 (compatible; Googlebot/2.1; +http://www.google.com/bot.html)"
66.249.75.113 - - [14/Sep/2015:08:17:03 +0200] "GET /images/b2_2012_03_+terkepkep.pdf HTTP/1.1" 304 - "-" "Mozilla/5.0 (compatible; Googlebot/2.1; +http://www.google.com/bot.html)"
195.199.183.22 - - [14/Sep/2015:08:24:12 +0200] "GET /hirlevel/images/1109b.jpg HTTP/1.1" 200 139587 "https://www.google.hu/" "Mozilla/5.0 (Windows NT 6.1) AppleWebKit/537.36 (KHTML, like Gecko) Chrome/45.0.2454.85 Safari/537.36"
193.68.41.17 - - [14/Sep/2015:08:30:27 +0200] "GET /images/vasutterkep_n.jpg HTTP/1.1" 200 4702972 "https://www.google.hu" "Mozilla/5.0 (Windows NT 6.1; rv:40.0) Gecko/20100101 Firefox/40.0"
52.17.174.248 - - [14/Sep/2015:08:38:00 +0200] "GET / HTTP/1.1" 200 1178 "-" "Mozilla/5.0 (Macintosh; Intel Mac OS X 10_9_5) AppleWebKit/537.36 (KHTML, like Gecko) Chrome/38.0.2125.122 Safari/537.36"
176.77.8.139 - - [14/Sep/2015:08:49:41 +0200] "GET /images/vasutterkep_n.jpg HTTP/1.1" 200 4702972 "http://california.onlinecreditstrategies.com/css/regi-magyarorszag-terkep" "Mozilla/5.0 (compatible; MSIE 10.0; Windows NT 6.1; WOW64; Trident/7.0; NP06)"
66.249.75.9 - - [14/Sep/2015:08:53:38 +0200] "GET /hirlevel/vonattal0907.htm HTTP/1.1" 304 - "-" "Mozilla/5.0 (compatible; Googlebot/2.1; +http://www.google.com/bot.html)"
157.55.39.87 - - [14/Sep/2015:09:01:22 +0200] "GET /hirlevel/jardapalyazat_201410.pdf HTTP/1.1" 200 75354 "-" "Mozilla/5.0 (iPhone; CPU iPhone OS 7_0 like Mac OS X) AppleWebKit/537.51.1 (KHTML, like Gecko) Version/7.0 Mobile/11A465 Safari/9537.53 (compatible; bingbot/2.0; http://www.bing.com/bingbot.htm)"
66.249.75.1 - - [14/Sep/2015:09:02:28 +0200] "GET /hirlevel/vonattal1306.html HTTP/1.1" 304 - "-" "Mozilla/5.0 (compatible; Googlebot/2.1; +http://www.google.com/bot.html)"
66.249.75.176 - - [14/Sep/2015:09:06:48 +0200] "GET /doc/mkk_allasfogl070622.pdf HTTP/1.1" 304 - "-" "Mozilla/5.0 (compatible; Googlebot/2.1; +http://www.google.com/bot.html)"
123.125.71.27 - - [14/Sep/2015:09:07:43 +0200] "GET /doc/tande_1009.pdf HTTP/1.1" 200 144291 "-" "Mozilla/5.0 (compatible; Baiduspider/2.0; +http://www.baidu.com/search/spider.html)"
66.249.75.113 - - [14/Sep/2015:09:09:51 +0200] "GET /hirlevel/vonattal1501.html HTTP/1.1" 200 25759 "-" "Mozilla/5.0 (compatible; Googlebot/2.1; +http://www.google.com/bot.html)"
66.249.75.9 - - [14/Sep/2015:09:10:02 +0200] "GET /hirlevel/ahol_kerekparozni_jo.pdf HTTP/1.1" 200 1029472 "-" "Mozilla/5.0 (compatible; Googlebot/2.1; +http://www.google.com/bot.html)"
81.183.227.67 - - [14/Sep/2015:09:10:48 +0200] "GET /hirlevel/images/1109a.jpg HTTP/1.1" 200 26538 "https://www.google.hu/" "Mozilla/5.0 (Windows NT 6.1; WOW64) AppleWebKit/537.36 (KHTML, like Gecko) Chrome/45.0.2454.85 Safari/537.36"
66.249.75.113 - - [14/Sep/2015:09:18:31 +0200] "GET /doc/farkasturaterv.pdf HTTP/1.1" 304 - "-" "Mozilla/5.0 (compatible; Googlebot/2.1; +http://www.google.com/bot.html)"
66.249.75.9 - - [14/Sep/2015:09:20:19 +0200] "GET /hirlevel/hajozas_dunakanyar_1128.pdf HTTP/1.1" 200 1922699 "-" "Mozilla/5.0 (compatible; Googlebot/2.1; +http://www.google.com/bot.html)"
37.76.112.162 - - [14/Sep/2015:09:21:09 +0200] "GET /hirlevel/images/1004c.jpg HTTP/1.1" 200 57272 "https://www.google.hu/" "Mozilla/5.0 (iPhone; CPU iPhone OS 8_1_1 like Mac OS X) AppleWebKit/600.1.4 (KHTML, like Gecko) Version/8.0 Mobile/12B435 Safari/600.1.4"
66.249.75.1 - - [14/Sep/2015:09:21:35 +0200] "GET /doc/1_mell_budapest_satoraljaujhely.pdf HTTP/1.1" 200 130637 "-" "Mozilla/5.0 (compatible; Googlebot/2.1; +http://www.google.com/bot.html)"
66.249.93.244 - - [14/Sep/2015:09:24:56 +0200] "GET /images/vasutterkep_n.jpg HTTP/1.1" 200 4702972 "-" "Google favicon"
66.249.93.238 - - [14/Sep/2015:09:24:57 +0200] "GET /favicon.ico HTTP/1.1" 404 1181 "-" "Google favicon"
66.249.75.9 - - [14/Sep/2015:09:25:35 +0200] "GET /hirlevel/vonattal1004.htm HTTP/1.1" 304 - "-" "Mozilla/5.0 (compatible; Googlebot/2.1; +http://www.google.com/bot.html)"
180.76.15.31 - - [14/Sep/2015:09:33:23 +0200] "GET /doc/orszaggyul_allasfogl.pdf HTTP/1.1" 200 59817 "-" "Mozilla/5.0 (compatible; Baiduspider/2.0; +http://www.baidu.com/search/spider.html)"
195.228.136.18 - - [14/Sep/2015:09:34:16 +0200] "GET /images/vasutterkep_n.jpg HTTP/1.1" 200 4341760 "https://www.google.com" "Mozilla/5.0 (Windows NT 6.1; rv:40.0) Gecko/20100101 Firefox/40.0"
66.249.75.185 - - [14/Sep/2015:09:35:42 +0200] "GET /hirek.xml HTTP/1.1" 304 - "-" "Mozilla/5.0 (compatible; Googlebot/2.1; +http://www.google.com/bot.html)"
66.249.75.167 - - [14/Sep/2015:09:46:36 +0200] "GET /doc/utak_a_kerekparozashoz.pdf HTTP/1.1" 304 - "-" "Mozilla/5.0 (compatible; Googlebot/2.1; +http://www.google.com/bot.html)"
37.59.238.77 - - [14/Sep/2015:09:46:52 +0200] "GET /hirlevel/vonattal1006.htm HTTP/1.0" 200 43254 "http://mkk.zpok.hu/hirlevel/vonattal1006.htm" "Mozilla/5.0 (Windows NT 6.1; rv:37.0) Gecko/20100101 Firefox/37.0"
68.180.228.34 - - [14/Sep/2015:09:49:44 +0200] "GET /robots.txt HTTP/1.1" 404 1181 "-" "Mozilla/5.0 (compatible; Yahoo! Slurp; http://help.yahoo.com/help/us/ysearch/slurp)"
68.180.228.34 - - [14/Sep/2015:09:49:44 +0200] "GET /hirlevel/tegyen_tobbet_magyarorszag_%20a_kozlekedesi_szendioxid.pdf HTTP/1.1" 200 34905 "-" "Mozilla/5.0 (compatible; Yahoo! Slurp; http://help.yahoo.com/help/us/ysearch/slurp)"
66.249.75.167 - - [14/Sep/2015:09:53:40 +0200] "GET /doc/mkk_feldmann_20091027.ppt HTTP/1.1" 304 - "-" "Mozilla/5.0 (compatible; Googlebot/2.1; +http://www.google.com/bot.html)"
66.249.75.113 - - [14/Sep/2015:10:02:10 +0200] "GET /doc/ipoly_201109.pdf HTTP/1.1" 304 - "-" "Mozilla/5.0 (compatible; Googlebot/2.1; +http://www.google.com/bot.html)"
212.96.40.13 - - [14/Sep/2015:10:06:52 +0200] "GET /images/vasutterkep_n.jpg HTTP/1.1" 200 4702972 "https://www.google.hu/" "Mozilla/5.0 (Windows NT 6.1; WOW64) AppleWebKit/537.36 (KHTML, like Gecko) Chrome/44.0.2403.155 Safari/537.36 OPR/31.0.1889.174"
212.96.40.13 - - [14/Sep/2015:10:07:15 +0200] "GET /favicon.ico HTTP/1.1" 404 1181 "http://www.mkk.zpok.hu/images/vasutterkep_n.jpg" "Mozilla/5.0 (Windows NT 6.1; WOW64) AppleWebKit/537.36 (KHTML, like Gecko) Chrome/44.0.2403.155 Safari/537.36 OPR/31.0.1889.174"
66.249.75.9 - - [14/Sep/2015:10:07:28 +0200] "GET /hirlevel/vonattal1304.html HTTP/1.1" 304 - "-" "Mozilla/5.0 (compatible; Googlebot/2.1; +http://www.google.com/bot.html)"
66.249.75.113 - - [14/Sep/2015:10:09:53 +0200] "GET /doc/tisza-to_szoroanyag_2012.pdf HTTP/1.1" 304 - "-" "Mozilla/5.0 (compatible; Googlebot/2.1; +http://www.google.com/bot.html)"
81.182.125.117 - - [14/Sep/2015:10:28:33 +0200] "GET /hirlevel/images/1409g.png HTTP/1.1" 200 229166 "https://www.google.hu/" "Mozilla/5.0 (Windows NT 6.1; WOW64) AppleWebKit/537.36 (KHTML, like Gecko) Chrome/45.0.2454.85 Safari/537.36"
66.249.75.9 - - [14/Sep/2015:10:33:29 +0200] "GET /robots.txt HTTP/1.1" 404 1181 "-" "Mozilla/5.0 (compatible; Googlebot/2.1; +http://www.google.com/bot.html)"
66.249.75.1 - - [14/Sep/2015:10:33:29 +0200] "GET /hirlevel/vonattal1103.htm HTTP/1.1" 304 - "-" "Mozilla/5.0 (compatible; Googlebot/2.1; +http://www.google.com/bot.html)"
107.23.45.196 - - [14/Sep/2015:10:34:06 +0200] "GET / HTTP/1.1" 200 1178 "http://mkk.zpok.hu/" "Mozilla/5.0 (compatible; DuckDuckGo-Favicons-Bot/1.0; +http://duckduckgo.com)"
107.23.45.196 - - [14/Sep/2015:10:34:06 +0200] "GET /favicon.ico HTTP/1.1" 404 1181 "http://mkk.zpok.hu/favicon.ico" "Mozilla/5.0 (compatible; DuckDuckGo-Favicons-Bot/1.0; +http://duckduckgo.com)"
213.180.136.103 - - [14/Sep/2015:10:42:46 +0200] "GET /images/vasutterkep_n.jpg HTTP/1.1" 200 4702972 "https://www.google.pl" "Mozilla/5.0 (Macintosh; Intel Mac OS X 10.10; rv:39.0) Gecko/20100101 Firefox/39.0"
66.249.75.1 - - [14/Sep/2015:10:44:23 +0200] "GET /doc/eletet-a-vasutnak.pdf HTTP/1.1" 304 - "-" "Mozilla/5.0 (compatible; Googlebot/2.1; +http://www.google.com/bot.html)"
195.168.240.42 - - [14/Sep/2015:10:49:19 +0200] "GET /images/vasutterkep_n.jpg HTTP/1.1" 200 4702972 "-" "Mozilla/5.0 (Windows NT 6.1; Trident/7.0; rv:11.0) like Gecko"
157.55.39.83 - - [14/Sep/2015:10:53:19 +0200] "GET /doc/tiszato0707.pdf HTTP/1.1" 200 64543 "-" "Mozilla/5.0 (iPhone; CPU iPhone OS 7_0 like Mac OS X) AppleWebKit/537.51.1 (KHTML, like Gecko) Version/7.0 Mobile/11A465 Safari/9537.53 (compatible; bingbot/2.0; http://www.bing.com/bingbot.htm)"
84.206.43.162 - - [14/Sep/2015:10:54:41 +0200] "GET /images/vasutterkep_n.jpg HTTP/1.1" 200 4702972 "-" "Mozilla/5.0 (Windows NT 6.1) AppleWebKit/537.36 (KHTML, like Gecko) Chrome/27.0.1453.116 Safari/537.36"
84.206.43.162 - - [14/Sep/2015:10:54:41 +0200] "GET /favicon.ico HTTP/1.1" 404 1181 "-" "Mozilla/5.0 (Windows NT 6.1) AppleWebKit/537.36 (KHTML, like Gecko) Chrome/27.0.1453.116 Safari/537.36"
157.55.39.83 - - [14/Sep/2015:10:56:28 +0200] "GET /robots.txt HTTP/1.1" 404 1181 "-" "Mozilla/5.0 (compatible; bingbot/2.0; +http://www.bing.com/bingbot.htm)"
157.55.39.83 - - [14/Sep/2015:10:56:33 +0200] "GET /hirlevel/vonattal1409.html HTTP/1.1" 200 32865 "-" "Mozilla/5.0 (iPhone; CPU iPhone OS 7_0 like Mac OS X) AppleWebKit/537.51.1 (KHTML, like Gecko) Version/7.0 Mobile/11A465 Safari/9537.53 (compatible; bingbot/2.0; http://www.bing.com/bingbot.htm)"
91.82.143.153 - - [14/Sep/2015:10:56:40 +0200] "GET /images/vasutterkep_n.jpg HTTP/1.1" 200 4702972 "https://www.google.hu/" "Mozilla/5.0 (Windows NT 6.1; WOW64) AppleWebKit/537.36 (KHTML, like Gecko) Chrome/44.0.2403.155 Safari/537.36 OPR/31.0.1889.174"
157.55.39.83 - - [14/Sep/2015:10:56:50 +0200] "GET /doc/vonatrafel_c.pdf HTTP/1.1" 200 705296 "-" "Mozilla/5.0 (iPhone; CPU iPhone OS 7_0 like Mac OS X) AppleWebKit/537.51.1 (KHTML, like Gecko) Version/7.0 Mobile/11A465 Safari/9537.53 (compatible; bingbot/2.0; http://www.bing.com/bingbot.htm)"
157.55.39.60 - - [14/Sep/2015:10:56:53 +0200] "GET /hirlevel/images/vonattal.swf HTTP/1.1" 200 697 "-" "Mozilla/5.0 (iPhone; CPU iPhone OS 7_0 like Mac OS X) AppleWebKit/537.51.1 (KHTML, like Gecko) Version/7.0 Mobile/11A465 Safari/9537.53 (compatible; bingbot/2.0; +http://www.bing.com/bingbot.htm)"
89.134.120.155 - - [14/Sep/2015:11:01:11 +0200] "GET /doc/b2_201203.jpg HTTP/1.1" 404 1181 "http://vasut.kteam.hu/indexen.html" "Mozilla/5.0 (Windows NT 6.3; WOW64) AppleWebKit/537.36 (KHTML, like Gecko) Chrome/45.0.2454.85 Safari/537.36"
89.134.120.155 - - [14/Sep/2015:11:01:11 +0200] "GET /favicon.ico HTTP/1.1" 404 1181 "http://mkk.zpok.hu/doc/b2_201203.jpg" "Mozilla/5.0 (Windows NT 6.3; WOW64) AppleWebKit/537.36 (KHTML, like Gecko) Chrome/45.0.2454.85 Safari/537.36"
94.248.238.202 - - [14/Sep/2015:11:01:17 +0200] "GET /hirlevel/images/1101_b.jpg HTTP/1.1" 200 96584 "https://www.google.hu/" "Mozilla/5.0 (Windows NT 6.1) AppleWebKit/537.36 (KHTML, like Gecko) Chrome/45.0.2454.85 Safari/537.36"
185.46.212.55 - - [14/Sep/2015:11:04:56 +0200] "GET /images/vasutterkep_n.jpg HTTP/1.1" 200 1725929 "https://www.google.be/" "Mozilla/5.0 (Windows NT 6.1; WOW64) AppleWebKit/537.36 (KHTML, like Gecko) Chrome/45.0.2454.85 Safari/537.36"
66.249.75.113 - - [14/Sep/2015:11:05:09 +0200] "GET /hirlevel/vonattal1409.html HTTP/1.1" 304 - "-" "Mozilla/5.0 (compatible; Googlebot/2.1; +http://www.google.com/bot.html)"
157.55.39.83 - - [14/Sep/2015:11:09:40 +0200] "GET /hirlevel/vonattal1402.html HTTP/1.1" 200 54994 "-" "Mozilla/5.0 (iPhone; CPU iPhone OS 7_0 like Mac OS X) AppleWebKit/537.51.1 (KHTML, like Gecko) Version/7.0 Mobile/11A465 Safari/9537.53 (compatible; bingbot/2.0; http://www.bing.com/bingbot.htm)"
208.115.113.87 - - [14/Sep/2015:11:10:59 +0200] "GET /robots.txt HTTP/1.1" 404 1181 "-" "Mozilla/5.0 (compatible; DotBot/1.1; http://www.opensiteexplorer.org/dotbot, help@moz.com)"
86.59.130.199 - - [14/Sep/2015:11:11:55 +0200] "GET /hirlevel/images/1009_terkep_n.jpg HTTP/1.1" 200 598267 "https://www.google.hu/" "Mozilla/5.0 (Windows NT 6.1; Win64; x64) AppleWebKit/537.36 (KHTML, like Gecko) Chrome/45.0.2454.85 Safari/537.36"
86.101.175.206 - - [14/Sep/2015:11:15:33 +0200] "GET /images/vasutterkep_n.jpg HTTP/1.1" 200 4702972 "https://www.google.hu/" "Mozilla/5.0 (Windows NT 6.1; WOW64) AppleWebKit/537.36 (KHTML, like Gecko) Chrome/45.0.2454.85 Safari/537.36"
86.101.175.206 - - [14/Sep/2015:11:15:37 +0200] "GET /favicon.ico HTTP/1.1" 404 1181 "http://www.mkk.zpok.hu/images/vasutterkep_n.jpg" "Mozilla/5.0 (Windows NT 6.1; WOW64) AppleWebKit/537.36 (KHTML, like Gecko) Chrome/45.0.2454.85 Safari/537.36"
66.249.75.113 - - [14/Sep/2015:11:17:59 +0200] "GET /doc/A_kozlekedesmenedzsment_korszeru_eszkozei.pdf HTTP/1.1" 304 - "-" "Mozilla/5.0 (compatible; Googlebot/2.1; +http://www.google.com/bot.html)"
94.234.170.58 - - [14/Sep/2015:11:18:47 +0200] "GET /images/vasutterkep_n.jpg HTTP/1.1" 200 105217 "https://www.google.se/" "Mozilla/5.0 (Linux; Android 5.0; SM-G900F Build/LRX21T; wv) AppleWebKit/537.36 (KHTML, like Gecko) Version/4.0 Chrome/44.0.2403.117 Mobile Safari/537.36 GSA/5.2.33.19.arm"
94.234.170.58 - - [14/Sep/2015:11:19:28 +0200] "GET /images/vasutterkep_n.jpg HTTP/1.1" 206 1 "https://www.google.se/" "Mozilla/5.0 (Linux; Android 5.0; SM-G900F Build/LRX21T; wv) AppleWebKit/537.36 (KHTML, like Gecko) Version/4.0 Chrome/44.0.2403.117 Mobile Safari/537.36 GSA/5.2.33.19.arm"
94.234.170.58 - - [14/Sep/2015:11:19:29 +0200] "GET /images/vasutterkep_n.jpg HTTP/1.1" 206 233288 "https://www.google.se/" "Mozilla/5.0 (Linux; Android 5.0; SM-G900F Build/LRX21T; wv) AppleWebKit/537.36 (KHTML, like Gecko) Version/4.0 Chrome/44.0.2403.117 Mobile Safari/537.36 GSA/5.2.33.19.arm"
66.249.75.167 - - [14/Sep/2015:11:27:27 +0200] "GET /doc/vasuttal-budapest-kornyeken.pdf HTTP/1.1" 404 1181 "-" "Mozilla/5.0 (compatible; Googlebot/2.1; +http://www.google.com/bot.html)"
66.249.75.185 - - [14/Sep/2015:11:30:11 +0200] "GET / HTTP/1.1" 304 - "-" "Mozilla/5.0 (compatible; Googlebot/2.1; +http://www.google.com/bot.html)"
66.249.75.167 - - [14/Sep/2015:11:30:24 +0200] "GET /doc/utak_a_kerekparozashoz.pdf HTTP/1.1" 304 - "-" "Mozilla/5.0 (compatible; Googlebot/2.1; +http://www.google.com/bot.html)"
66.249.75.185 - - [14/Sep/2015:11:47:02 +0200] "GET /doc/helyierdeku_vasutak2009.ppt HTTP/1.1" 304 - "-" "Mozilla/5.0 (compatible; Googlebot/2.1; +http://www.google.com/bot.html)"
208.115.113.87 - - [14/Sep/2015:11:56:38 +0200] "GET /hirlevel/vonattal1007.htm HTTP/1.1" 200 27837 "-" "Mozilla/5.0 (compatible; DotBot/1.1; http://www.opensiteexplorer.org/dotbot, help@moz.com)"
68.180.228.34 - - [14/Sep/2015:12:04:16 +0200] "GET /hirlevel/vonattal1504.html HTTP/1.1" 200 22577 "-" "Mozilla/5.0 (compatible; Yahoo! Slurp; http://help.yahoo.com/help/us/ysearch/slurp)"
66.249.75.176 - - [14/Sep/2015:12:07:44 +0200] "GET /doc/mkk_allasfogl070622.pdf HTTP/1.1" 304 - "-" "Mozilla/5.0 (compatible; Googlebot/2.1; +http://www.google.com/bot.html)"
66.249.75.1 - - [14/Sep/2015:12:08:13 +0200] "GET /hirlevel/vonattal1306.html HTTP/1.1" 304 - "-" "Mozilla/5.0 (compatible; Googlebot/2.1; +http://www.google.com/bot.html)"
66.249.75.185 - - [14/Sep/2015:12:19:06 +0200] "GET /doc/forum_valaszok_0903.pdf HTTP/1.1" 200 58032 "-" "Mozilla/5.0 (iPhone; CPU iPhone OS 8_3 like Mac OS X) AppleWebKit/600.1.4 (KHTML, like Gecko) Version/8.0 Mobile/12F70 Safari/600.1.4 (compatible; Googlebot/2.1; +http://www.google.com/bot.html)"
66.249.75.113 - - [14/Sep/2015:12:23:38 +0200] "GET /hirlevel/vonattal1107.htm HTTP/1.1" 304 - "-" "Mozilla/5.0 (compatible; Googlebot/2.1; +http://www.google.com/bot.html)"
66.249.75.9 - - [14/Sep/2015:12:29:53 +0200] "GET /hirlevel/vonattal0907.htm HTTP/1.1" 304 - "-" "Mozilla/5.0 (compatible; Googlebot/2.1; +http://www.google.com/bot.html)"
66.249.75.113 - - [14/Sep/2015:12:52:02 +0200] "GET /hirlevel/vonattal1101-02.htm HTTP/1.1" 304 - "-" "Mozilla/5.0 (compatible; Googlebot/2.1; +http://www.google.com/bot.html)"
66.249.75.185 - - [14/Sep/2015:12:52:11 +0200] "GET /hirek.xml HTTP/1.1" 304 - "-" "Mozilla/5.0 (compatible; Googlebot/2.1; +http://www.google.com/bot.html)"
81.183.218.133 - - [14/Sep/2015:12:52:34 +0200] "GET /doc/b2_2012_03.pdf HTTP/1.1" 206 31883 "http://www.bakonyvasut.hu/?page=contact.php" "Mozilla/5.0 (Windows NT 6.1; WOW64; rv:40.0) Gecko/20100101 Firefox/40.0"
81.183.218.133 - - [14/Sep/2015:12:52:34 +0200] "GET /doc/b2_2012_03.pdf HTTP/1.1" 206 65536 "http://www.bakonyvasut.hu/?page=contact.php" "Mozilla/5.0 (Windows NT 6.1; WOW64; rv:40.0) Gecko/20100101 Firefox/40.0"
81.183.218.133 - - [14/Sep/2015:12:52:34 +0200] "GET /doc/b2_2012_03.pdf HTTP/1.1" 206 65536 "http://www.bakonyvasut.hu/?page=contact.php" "Mozilla/5.0 (Windows NT 6.1; WOW64; rv:40.0) Gecko/20100101 Firefox/40.0"
81.183.218.133 - - [14/Sep/2015:12:52:35 +0200] "GET /doc/b2_2012_03.pdf HTTP/1.1" 206 65536 "http://www.bakonyvasut.hu/?page=contact.php" "Mozilla/5.0 (Windows NT 6.1; WOW64; rv:40.0) Gecko/20100101 Firefox/40.0"
81.183.218.133 - - [14/Sep/2015:12:52:35 +0200] "GET /doc/b2_2012_03.pdf HTTP/1.1" 206 65536 "http://www.bakonyvasut.hu/?page=contact.php" "Mozilla/5.0 (Windows NT 6.1; WOW64; rv:40.0) Gecko/20100101 Firefox/40.0"
81.183.218.133 - - [14/Sep/2015:12:52:35 +0200] "GET /doc/b2_2012_03.pdf HTTP/1.1" 200 1080459 "http://www.bakonyvasut.hu/?page=contact.php" "Mozilla/5.0 (Windows NT 6.1; WOW64; rv:40.0) Gecko/20100101 Firefox/40.0"
81.183.218.133 - - [14/Sep/2015:12:52:35 +0200] "GET /doc/b2_2012_03.pdf HTTP/1.1" 206 65536 "http://www.bakonyvasut.hu/?page=contact.php" "Mozilla/5.0 (Windows NT 6.1; WOW64; rv:40.0) Gecko/20100101 Firefox/40.0"
81.183.218.133 - - [14/Sep/2015:12:52:35 +0200] "GET /doc/b2_2012_03.pdf HTTP/1.1" 206 65536 "http://www.bakonyvasut.hu/?page=contact.php" "Mozilla/5.0 (Windows NT 6.1; WOW64; rv:40.0) Gecko/20100101 Firefox/40.0"
81.183.218.133 - - [14/Sep/2015:12:52:35 +0200] "GET /favicon.ico HTTP/1.1" 404 1181 "-" "Mozilla/5.0 (Windows NT 6.1; WOW64; rv:40.0) Gecko/20100101 Firefox/40.0"
81.183.218.133 - - [14/Sep/2015:12:52:35 +0200] "GET /doc/b2_2012_03.pdf HTTP/1.1" 206 65536 "http://www.bakonyvasut.hu/?page=contact.php" "Mozilla/5.0 (Windows NT 6.1; WOW64; rv:40.0) Gecko/20100101 Firefox/40.0"
81.183.218.133 - - [14/Sep/2015:12:52:35 +0200] "GET /doc/b2_2012_03.pdf HTTP/1.1" 206 65536 "http://www.bakonyvasut.hu/?page=contact.php" "Mozilla/5.0 (Windows NT 6.1; WOW64; rv:40.0) Gecko/20100101 Firefox/40.0"
81.183.218.133 - - [14/Sep/2015:12:52:35 +0200] "GET /favicon.ico HTTP/1.1" 404 1181 "-" "Mozilla/5.0 (Windows NT 6.1; WOW64; rv:40.0) Gecko/20100101 Firefox/40.0"
91.113.203.90 - - [14/Sep/2015:12:54:47 +0200] "GET /images/vasutterkep_n.jpg HTTP/1.1" 200 4702972 "http://www.bing.com/images/search?q=karte+Ungarn&view=detailv2&&id=EA6C9186C1C66BFD5A51335F98D644CC297577DD&selectedIndex=46&ccid=%2bgColPss&simid=608033508583145857&thid=OIP.Mfa00a894fb2cce2c3ab02f9d8294f58eH0&mode=overlay" "Mozilla/5.0 (Windows NT 6.3; WOW64; Trident/7.0; rv:11.0) like Gecko"
66.249.75.185 - - [14/Sep/2015:13:03:07 +0200] "GET /doc/vasuttal-budapest-kornyeken.pdf HTTP/1.1" 404 1181 "-" "Mozilla/5.0 (compatible; Googlebot/2.1; +http://www.google.com/bot.html)"
195.33.171.8 - - [14/Sep/2015:13:05:04 +0200] "GET /doc/eletet-a-vasutnak.pdf HTTP/1.1" 200 5085257 "https://www.google.de/" "Mozilla/5.0 (Windows NT 6.1; WOW64) AppleWebKit/537.36 (KHTML, like Gecko) Chrome/45.0.2454.85 Safari/537.36"
195.33.171.8 - - [14/Sep/2015:13:05:05 +0200] "GET /favicon.ico HTTP/1.1" 404 1181 "http://mkk.zpok.hu/doc/eletet-a-vasutnak.pdf" "Mozilla/5.0 (Windows NT 6.1; WOW64) AppleWebKit/537.36 (KHTML, like Gecko) Chrome/45.0.2454.85 Safari/537.36"
66.249.75.9 - - [14/Sep/2015:13:05:41 +0200] "GET /doc/ipoly_201109.pdf HTTP/1.1" 304 - "-" "Mozilla/5.0 (compatible; Googlebot/2.1; +http://www.google.com/bot.html)"
157.55.39.83 - - [14/Sep/2015:13:11:35 +0200] "GET /hirlevel/images/0812d.jpg HTTP/1.1" 200 39967 "-" "Mozilla/5.0 (compatible; bingbot/2.0; +http://www.bing.com/bingbot.htm)"
84.206.24.162 - - [14/Sep/2015:13:13:26 +0200] "GET /images/vasutterkep_n.jpg HTTP/1.1" 200 161041 "-" "Mozilla/5.0 (Windows NT 6.1; Trident/7.0; rv:11.0) like Gecko"
66.249.75.9 - - [14/Sep/2015:13:17:14 +0200] "GET /hirlevel/vasutifoto_0805.pdf HTTP/1.1" 304 - "-" "Mozilla/5.0 (compatible; Googlebot/2.1; +http://www.google.com/bot.html)"
66.249.75.113 - - [14/Sep/2015:13:18:12 +0200] "GET /hirlevel/vasuti-tura-a-nyirsegben_1110.pdf HTTP/1.1" 304 - "-" "Mozilla/5.0 (compatible; Googlebot/2.1; +http://www.google.com/bot.html)"
88.70.208.2 - - [14/Sep/2015:13:29:27 +0200] "GET /images/vasutterkep_n.jpg HTTP/1.1" 200 2120989 "http://www.bing.com/images/search?q=bahnstrecken+deutschland+karte&view=detailv2&&id=C9A7CFC08154CBDF64907C78D0AFB75FF130439E&selectedIndex=17&ccid=v5a3PGGn&simid=608007330748567073&thid=OIP.Mbf96b73c61a77fe2a19b7e63e9ec9bafH0&mode=overlay" "Mozilla/5.0 (Windows NT 6.1; WOW64; Trident/7.0; rv:11.0) like Gecko"
66.249.75.176 - - [14/Sep/2015:13:31:12 +0200] "GET /hirek.xml HTTP/1.1" 304 - "-" "Mozilla/5.0 (compatible; Googlebot/2.1; +http://www.google.com/bot.html)"
66.249.75.9 - - [14/Sep/2015:13:33:27 +0200] "GET /doc/tisza-to_szoroanyag_2012.pdf HTTP/1.1" 304 - "-" "Mozilla/5.0 (compatible; Googlebot/2.1; +http://www.google.com/bot.html)"
81.200.198.20 - - [14/Sep/2015:13:37:25 +0200] "GET /doc/b2_2010.pdf HTTP/1.1" 404 1181 "-" "Mozilla/5.0 (compatible; MSIE 9.0; Windows NT 6.1; WOW64; Trident/5.0)"
158.69.129.44 - - [14/Sep/2015:13:37:27 +0200] "GET /wp-admin/admin-ajax.php?action=revslider_show_image&img=../wp-config.php HTTP/1.1" 404 1181 "-" "Mozilla/5.0 (Windows; U; Windows NT 5.1; en-US; rv:1.9.2) Gecko/20100115 Firefox/3.6"
158.69.129.44 - - [14/Sep/2015:13:37:27 +0200] "GET /hirlevel/wp-admin/admin-ajax.php?action=revslider_show_image&img=../wp-config.php HTTP/1.1" 404 1181 "-" "Mozilla/5.0 (Windows; U; Windows NT 5.1; en-US; rv:1.9.2) Gecko/20100115 Firefox/3.6"
88.132.253.34 - - [14/Sep/2015:13:49:07 +0200] "GET /favicon.ico HTTP/1.1" 404 1181 "-" "Mozilla/5.0 (Windows NT 10.0; Win64; x64) AppleWebKit/537.36 (KHTML, like Gecko) Chrome/42.0.2311.135 Safari/537.36 Edge/12.10240"
88.132.253.34 - - [14/Sep/2015:13:49:12 +0200] "GET /images/vasutterkep_n.jpg HTTP/1.1" 200 4702972 "http://www.terkepkalauz.hu/index.php?option=com_alphacontent§ion=4&cat=32&task=view&id=396&Itemid=99999999" "Mozilla/5.0 (Windows NT 10.0; Win64; x64) AppleWebKit/537.36 (KHTML, like Gecko) Chrome/42.0.2311.135 Safari/537.36 Edge/12.10240"
66.249.75.1 - - [14/Sep/2015:13:55:16 +0200] "GET /hirlevel/vonattal1009.htm HTTP/1.1" 304 - "-" "Mozilla/5.0 (compatible; Googlebot/2.1; +http://www.google.com/bot.html)"
66.249.75.1 - - [14/Sep/2015:13:55:55 +0200] "GET /hirlevel/vonattal1103.htm HTTP/1.1" 304 - "-" "Mozilla/5.0 (compatible; Googlebot/2.1; +http://www.google.com/bot.html)"
188.127.153.231 - - [14/Sep/2015:13:56:14 +0200] "GET /images/vasutterkep_n.jpg HTTP/1.1" 200 3395577 "https://www.google.hu/" "Mozilla/5.0 (Windows NT 6.1) AppleWebKit/537.36 (KHTML, like Gecko) Chrome/45.0.2454.85 Safari/537.36"
66.249.75.1 - - [14/Sep/2015:13:58:29 +0200] "GET /doc/eletet-a-vasutnak.pdf HTTP/1.1" 304 - "-" "Mozilla/5.0 (compatible; Googlebot/2.1; +http://www.google.com/bot.html)"
157.55.39.60 - - [14/Sep/2015:14:16:09 +0200] "GET /doc/vonattal_tisza-tohoz_2010.pdf HTTP/1.1" 200 558271 "-" "Mozilla/5.0 (iPhone; CPU iPhone OS 7_0 like Mac OS X) AppleWebKit/537.51.1 (KHTML, like Gecko) Version/7.0 Mobile/11A465 Safari/9537.53 (compatible; bingbot/2.0; http://www.bing.com/bingbot.htm)"
195.228.96.132 - - [14/Sep/2015:14:21:12 +0200] "GET /images/vasutterkep_n.jpg HTTP/1.1" 200 4702972 "-" "Mozilla/5.0 (Windows NT 6.1; WOW64; rv:40.0) Gecko/20100101 Firefox/40.0"
195.228.96.132 - - [14/Sep/2015:14:21:12 +0200] "GET /favicon.ico HTTP/1.1" 404 1181 "-" "Mozilla/5.0 (Windows NT 6.1; WOW64; rv:40.0) Gecko/20100101 Firefox/40.0"
195.228.96.132 - - [14/Sep/2015:14:21:12 +0200] "GET /favicon.ico HTTP/1.1" 404 1181 "-" "Mozilla/5.0 (Windows NT 6.1; WOW64; rv:40.0) Gecko/20100101 Firefox/40.0"
66.249.75.9 - - [14/Sep/2015:14:27:06 +0200] "GET /doc/recs_konf_1103.pdf HTTP/1.1" 200 155298 "-" "Mozilla/5.0 (compatible; Googlebot/2.1; +http://www.google.com/bot.html)"
157.55.39.83 - - [14/Sep/2015:14:33:31 +0200] "GET / HTTP/1.1" 200 1178 "-" "Mozilla/5.0 (compatible; bingbot/2.0; +http://www.bing.com/bingbot.htm)"
104.131.147.112 - - [14/Sep/2015:14:34:52 +0200] "GET /hirlevel/vonattal1101-02.htm HTTP/1.1" 200 29113 "-" "Mozilla/5.0 (compatible; Gluten Free Crawler/1.0; +http://glutenfreepleasure.com/)"
180.76.15.17 - - [14/Sep/2015:14:38:47 +0200] "GET /doc/vkdm_bp-apaczai_20091027.pdf HTTP/1.1" 200 64794 "-" "Mozilla/5.0 (compatible; Baiduspider/2.0; +http://www.baidu.com/search/spider.html)"
180.76.15.160 - - [14/Sep/2015:14:40:23 +0200] "GET / HTTP/1.1" 200 1178 "-" "Mozilla/5.0 (compatible; Baiduspider/2.0; +http://www.baidu.com/search/spider.html)"
180.76.15.148 - - [14/Sep/2015:14:41:02 +0200] "GET / HTTP/1.1" 200 1178 "-" "Mozilla/5.0 (compatible; Baiduspider/2.0; +http://www.baidu.com/search/spider.html)"
157.55.39.87 - - [14/Sep/2015:14:42:57 +0200] "GET / HTTP/1.1" 200 1178 "-" "Mozilla/5.0 (compatible; bingbot/2.0; +http://www.bing.com/bingbot.htm)"
176.112.189.53 - - [14/Sep/2015:14:47:23 +0200] "GET /images/vasutterkep_n.jpg HTTP/1.1" 200 4702972 "-" "Mozilla/5.0 (Linux; U; Android 4.2.2; sk-sk; Lenovo B8000-H Build/JDQ39) AppleWebKit/534.30 (KHTML, like Gecko) Version/4.0 Safari/534.30 GSA/5.2.33.16.arm"
193.68.41.17 - - [14/Sep/2015:14:58:33 +0200] "GET / HTTP/1.1" 200 1178 "-" "Mozilla/5.0 (compatible; MSIE 9.0; Windows NT 6.1; Trident/5.0)"
193.68.41.17 - - [14/Sep/2015:14:58:33 +0200] "GET /index.swf HTTP/1.1" 200 0 "http://mkk.zpok.hu/" "Mozilla/5.0 (compatible; MSIE 9.0; Windows NT 6.1; Trident/5.0)"
193.68.41.17 - - [14/Sep/2015:14:58:33 +0200] "GET /favicon.ico HTTP/1.1" 404 1181 "-" "Mozilla/5.0 (compatible; MSIE 9.0; Windows NT 6.1; Trident/5.0)"
193.68.41.17 - - [14/Sep/2015:14:59:03 +0200] "GET / HTTP/1.1" 200 1178 "-" "Mozilla/5.0 (compatible; MSIE 9.0; Windows NT 6.1; Trident/5.0)"
193.68.41.17 - - [14/Sep/2015:14:59:03 +0200] "GET /index.swf HTTP/1.1" 200 0 "http://www.mkk.zpok.hu/" "Mozilla/5.0 (compatible; MSIE 9.0; Windows NT 6.1; Trident/5.0)"
193.68.41.17 - - [14/Sep/2015:14:59:03 +0200] "GET /favicon.ico HTTP/1.1" 404 1181 "-" "Mozilla/5.0 (compatible; MSIE 9.0; Windows NT 6.1; Trident/5.0)"
193.68.41.17 - - [14/Sep/2015:14:59:16 +0200] "GET /favicon.ico HTTP/1.1" 404 1181 "http://mkk.zpok.hu/" "Mozilla/5.0 (Windows NT 6.1) AppleWebKit/537.36 (KHTML, like Gecko) Chrome/43.0.2357.81 Safari/537.36"
193.68.41.17 - - [14/Sep/2015:14:59:36 +0200] "GET /favicon.ico HTTP/1.1" 404 1181 "http://www.mkk.zpok.hu/" "Mozilla/5.0 (Windows NT 6.1) AppleWebKit/537.36 (KHTML, like Gecko) Chrome/43.0.2357.81 Safari/537.36"
157.55.39.87 - - [14/Sep/2015:15:12:18 +0200] "GET /doc/kommunike_2011.pdf HTTP/1.1" 200 61630 "-" "Mozilla/5.0 (iPhone; CPU iPhone OS 7_0 like Mac OS X) AppleWebKit/537.51.1 (KHTML, like Gecko) Version/7.0 Mobile/11A465 Safari/9537.53 (compatible; bingbot/2.0; http://www.bing.com/bingbot.htm)"
89.132.192.18 - - [14/Sep/2015:15:21:46 +0200] "GET /doc/eletet-a-vasutnak.pdf HTTP/1.1" 200 5085257 "http://kereso.startlap.hu/index.php?q=t%C3%B3tgyarmat&start=12&num=12&sise=a&search=google&nhash=startlap_4d85bc593012c4d0815a5a96ae7a2914_TVRVeE5ESXdNVFV3T1RVME1UUXhNVEE0TnpnME16Z3lPVGc1TXpBM05qY3lORGN3Tmpnek9EQXlNVFV3TkRJeU5ERTBOalE9" "Mozilla/5.0 (Windows NT 6.3; WOW64; rv:40.0) Gecko/20100101 Firefox/40.0"
89.132.192.18 - - [14/Sep/2015:15:21:47 +0200] "GET /favicon.ico HTTP/1.1" 404 1181 "-" "Mozilla/5.0 (Windows NT 6.3; WOW64; rv:40.0) Gecko/20100101 Firefox/40.0"
89.132.192.18 - - [14/Sep/2015:15:21:47 +0200] "GET /favicon.ico HTTP/1.1" 404 1181 "-" "Mozilla/5.0 (Windows NT 6.3; WOW64; rv:40.0) Gecko/20100101 Firefox/40.0"
