68.180.228.34 - - [05/Dec/2015:04:39:45 +0100] "GET /hirlevel/vonattal1508.html HTTP/1.1" 200 24080 "-" "Mozilla/5.0 (compatible; Yahoo! Slurp; http://help.yahoo.com/help/us/ysearch/slurp)"
66.249.78.11 - - [05/Dec/2015:04:53:59 +0100] "GET /hirlevel/vonattal1006.htm HTTP/1.1" 200 43254 "-" "Mozilla/5.0 (compatible; Googlebot/2.1; +http://www.google.com/bot.html)"
5.255.253.124 - - [05/Dec/2015:05:04:00 +0100] "GET /hirlevel/images/kvvm.jpg HTTP/1.1" 200 11919 "-" "Mozilla/5.0 (compatible; YandexImages/3.0; +http://yandex.com/bots)"
5.255.253.124 - - [05/Dec/2015:05:08:07 +0100] "GET / HTTP/1.1" 200 1178 "-" "Mozilla/5.0 (compatible; YandexBot/3.0; +http://yandex.com/bots)"
5.255.253.124 - - [05/Dec/2015:05:08:07 +0100] "GET /robots.txt HTTP/1.1" 404 1181 "-" "Mozilla/5.0 (compatible; YandexBot/3.0; +http://yandex.com/bots)"
95.108.132.187 - - [05/Dec/2015:05:08:10 +0100] "GET / HTTP/1.1" 200 1178 "-" "Mozilla/5.0 (compatible; YandexBot/3.0; +http://yandex.com/bots)"
95.108.158.211 - - [05/Dec/2015:05:08:11 +0100] "GET /index.swf HTTP/1.1" 200 1451868 "-" "Mozilla/5.0 (compatible; YandexBot/3.0; +http://yandex.com/bots)"
95.108.158.211 - - [05/Dec/2015:05:08:14 +0100] "GET / HTTP/1.1" 200 1178 "-" "Mozilla/5.0 (compatible; YandexBot/3.0; +http://yandex.com/bots)"
95.108.132.187 - - [05/Dec/2015:05:08:15 +0100] "GET /index.swf HTTP/1.1" 200 1451868 "-" "Mozilla/5.0 (compatible; YandexBot/3.0; +http://yandex.com/bots)"
95.108.158.211 - - [05/Dec/2015:05:08:18 +0100] "GET / HTTP/1.1" 200 1178 "-" "Mozilla/5.0 (compatible; YandexBot/3.0; +http://yandex.com/bots)"
199.30.25.163 - - [05/Dec/2015:05:20:15 +0100] "GET /doc/eletet-a-vasutnak.pdf HTTP/1.1" 200 67346 "-" "Mozilla/5.0 (iPhone; CPU iPhone OS 7_0 like Mac OS X) AppleWebKit/537.51.1 (KHTML, like Gecko) Version/7.0 Mobile/11A465 Safari/9537.53 BingPreview/1.0b"
66.249.78.83 - - [05/Dec/2015:05:34:44 +0100] "GET /doc/kozh08.pdf HTTP/1.1" 200 1915516 "-" "Mozilla/5.0 (compatible; Googlebot/2.1; +http://www.google.com/bot.html)"
40.77.167.0 - - [05/Dec/2015:05:43:55 +0100] "GET /robots.txt HTTP/1.1" 404 1181 "-" "Mozilla/5.0 (compatible; bingbot/2.0; +http://www.bing.com/bingbot.htm)"
40.77.167.0 - - [05/Dec/2015:05:44:09 +0100] "GET /doc/200702turaterv.pdf HTTP/1.1" 200 61674 "-" "Mozilla/5.0 (iPhone; CPU iPhone OS 7_0 like Mac OS X) AppleWebKit/537.51.1 (KHTML, like Gecko) Version/7.0 Mobile/11A465 Safari/9537.53 (compatible; bingbot/2.0; http://www.bing.com/bingbot.htm)"
66.249.78.69 - - [05/Dec/2015:06:20:09 +0100] "GET /doc/kozh05.pdf HTTP/1.1" 200 97320 "-" "Mozilla/5.0 (compatible; Googlebot/2.1; +http://www.google.com/bot.html)"
157.55.39.140 - - [05/Dec/2015:06:31:09 +0100] "GET /hirlevel/vonattal0902.htm HTTP/1.1" 200 24321 "-" "Mozilla/5.0 (compatible; bingbot/2.0; +http://www.bing.com/bingbot.htm)"
157.55.39.140 - - [05/Dec/2015:06:31:10 +0100] "GET /hirlevel/vonattal1109.htm HTTP/1.1" 200 47571 "-" "Mozilla/5.0 (compatible; bingbot/2.0; +http://www.bing.com/bingbot.htm)"
157.55.39.77 - - [05/Dec/2015:06:31:32 +0100] "GET / HTTP/1.1" 200 1178 "-" "Mozilla/5.0 (compatible; bingbot/2.0; +http://www.bing.com/bingbot.htm)"
157.55.39.140 - - [05/Dec/2015:06:35:36 +0100] "GET /hirlevel/vonattal1410.html HTTP/1.1" 200 34691 "-" "Mozilla/5.0 (compatible; bingbot/2.0; +http://www.bing.com/bingbot.htm)"
157.55.39.140 - - [05/Dec/2015:06:35:37 +0100] "GET /hirlevel/vonattal1501.html HTTP/1.1" 200 25759 "-" "Mozilla/5.0 (compatible; bingbot/2.0; +http://www.bing.com/bingbot.htm)"
157.55.39.140 - - [05/Dec/2015:06:35:37 +0100] "GET /hirlevel/vonattal0908.htm HTTP/1.1" 200 17434 "-" "Mozilla/5.0 (compatible; bingbot/2.0; +http://www.bing.com/bingbot.htm)"
157.55.39.140 - - [05/Dec/2015:06:35:37 +0100] "GET /hirlevel/vonattal1103.htm HTTP/1.1" 200 36669 "-" "Mozilla/5.0 (compatible; bingbot/2.0; +http://www.bing.com/bingbot.htm)"
157.55.39.140 - - [05/Dec/2015:06:35:37 +0100] "GET /hirlevel/vonattal1112.htm HTTP/1.1" 200 21986 "-" "Mozilla/5.0 (compatible; bingbot/2.0; +http://www.bing.com/bingbot.htm)"
157.55.39.140 - - [05/Dec/2015:06:35:38 +0100] "GET /doc/NFM_Fellegi_201007.pdf HTTP/1.1" 200 67167 "-" "Mozilla/5.0 (compatible; bingbot/2.0; +http://www.bing.com/bingbot.htm)"
157.55.39.140 - - [05/Dec/2015:06:35:38 +0100] "GET /hirlevel/vasuttal0703.htm HTTP/1.1" 200 25859 "-" "Mozilla/5.0 (compatible; bingbot/2.0; +http://www.bing.com/bingbot.htm)"
40.77.167.0 - - [05/Dec/2015:06:35:39 +0100] "GET /hirlevel/vasuttal0702.htm HTTP/1.1" 200 24655 "-" "Mozilla/5.0 (compatible; bingbot/2.0; +http://www.bing.com/bingbot.htm)"
157.55.39.140 - - [05/Dec/2015:06:35:39 +0100] "GET /hirlevel/vasuttal0806-7.htm HTTP/1.1" 200 20641 "-" "Mozilla/5.0 (compatible; bingbot/2.0; +http://www.bing.com/bingbot.htm)"
157.55.39.77 - - [05/Dec/2015:06:35:45 +0100] "GET /hirlevel/vonattal1309.html HTTP/1.1" 200 41258 "-" "Mozilla/5.0 (compatible; bingbot/2.0; +http://www.bing.com/bingbot.htm)"
157.55.39.77 - - [05/Dec/2015:06:35:45 +0100] "GET /hirlevel/vonattal1408.html HTTP/1.1" 200 22601 "-" "Mozilla/5.0 (compatible; bingbot/2.0; +http://www.bing.com/bingbot.htm)"
157.55.39.77 - - [05/Dec/2015:06:35:45 +0100] "GET /hirlevel/vonattal1009_1.htm HTTP/1.1" 200 17980 "-" "Mozilla/5.0 (compatible; bingbot/2.0; +http://www.bing.com/bingbot.htm)"
157.55.39.77 - - [05/Dec/2015:06:35:46 +0100] "GET /hirlevel/vonattal0907.htm HTTP/1.1" 200 33088 "-" "Mozilla/5.0 (compatible; bingbot/2.0; +http://www.bing.com/bingbot.htm)"
40.77.167.0 - - [05/Dec/2015:06:36:32 +0100] "GET /hirlevel/vonattal1402.html HTTP/1.1" 200 54994 "-" "Mozilla/5.0 (compatible; bingbot/2.0; +http://www.bing.com/bingbot.htm)"
40.77.167.0 - - [05/Dec/2015:06:36:32 +0100] "GET /hirlevel/vonattal1010_1.htm HTTP/1.1" 200 29761 "-" "Mozilla/5.0 (compatible; bingbot/2.0; +http://www.bing.com/bingbot.htm)"
40.77.167.0 - - [05/Dec/2015:06:36:32 +0100] "GET /hirlevel/vonattal0912.htm HTTP/1.1" 200 55120 "-" "Mozilla/5.0 (compatible; bingbot/2.0; +http://www.bing.com/bingbot.htm)"
40.77.167.0 - - [05/Dec/2015:06:36:32 +0100] "GET /hirlevel/vonattal1007.htm HTTP/1.1" 200 27837 "-" "Mozilla/5.0 (compatible; bingbot/2.0; +http://www.bing.com/bingbot.htm)"
40.77.167.0 - - [05/Dec/2015:06:36:32 +0100] "GET /hirlevel/vonattal1010.htm HTTP/1.1" 200 41354 "-" "Mozilla/5.0 (compatible; bingbot/2.0; +http://www.bing.com/bingbot.htm)"
40.77.167.0 - - [05/Dec/2015:06:36:33 +0100] "GET /hirlevel/vonattal1508.html HTTP/1.1" 200 24080 "-" "Mozilla/5.0 (compatible; bingbot/2.0; +http://www.bing.com/bingbot.htm)"
40.77.167.0 - - [05/Dec/2015:06:36:33 +0100] "GET /hirlevel/vonattal1105-6.html HTTP/1.1" 200 24904 "-" "Mozilla/5.0 (compatible; bingbot/2.0; +http://www.bing.com/bingbot.htm)"
40.77.167.0 - - [05/Dec/2015:06:36:33 +0100] "GET /hirlevel/vonattal0903.htm HTTP/1.1" 200 32511 "-" "Mozilla/5.0 (compatible; bingbot/2.0; +http://www.bing.com/bingbot.htm)"
157.55.39.163 - - [05/Dec/2015:06:39:20 +0100] "GET /hirlevel/vonattal1307.html HTTP/1.1" 200 33563 "-" "Mozilla/5.0 (compatible; bingbot/2.0; +http://www.bing.com/bingbot.htm)"
157.55.39.163 - - [05/Dec/2015:06:39:21 +0100] "GET /hirlevel/vonattal1401.html HTTP/1.1" 200 16168 "-" "Mozilla/5.0 (compatible; bingbot/2.0; +http://www.bing.com/bingbot.htm)"
157.55.39.163 - - [05/Dec/2015:06:39:21 +0100] "GET /hirlevel/vonattal1409.html HTTP/1.1" 200 32865 "-" "Mozilla/5.0 (compatible; bingbot/2.0; +http://www.bing.com/bingbot.htm)"
157.55.39.163 - - [05/Dec/2015:06:39:21 +0100] "GET /hirlevel/vonattal0911.htm HTTP/1.1" 200 41812 "-" "Mozilla/5.0 (compatible; bingbot/2.0; +http://www.bing.com/bingbot.htm)"
157.55.39.163 - - [05/Dec/2015:06:39:22 +0100] "GET /hirlevel/vonattal1004.htm HTTP/1.1" 200 51166 "-" "Mozilla/5.0 (compatible; bingbot/2.0; +http://www.bing.com/bingbot.htm)"
157.55.39.163 - - [05/Dec/2015:06:39:22 +0100] "GET /hirlevel/vonattal1105-6.htm HTTP/1.1" 200 24904 "-" "Mozilla/5.0 (compatible; bingbot/2.0; +http://www.bing.com/bingbot.htm)"
157.55.39.163 - - [05/Dec/2015:06:39:22 +0100] "GET /hirlevel/vonattal1107.htm HTTP/1.1" 200 26917 "-" "Mozilla/5.0 (compatible; bingbot/2.0; +http://www.bing.com/bingbot.htm)"
157.55.39.163 - - [05/Dec/2015:06:39:23 +0100] "GET /hirlevel/vonattal1412.html HTTP/1.1" 200 20581 "-" "Mozilla/5.0 (compatible; bingbot/2.0; +http://www.bing.com/bingbot.htm)"
157.55.39.163 - - [05/Dec/2015:06:39:23 +0100] "GET /doc/12pont_100702.pdf HTTP/1.1" 200 98080 "-" "Mozilla/5.0 (compatible; bingbot/2.0; +http://www.bing.com/bingbot.htm)"
157.55.39.163 - - [05/Dec/2015:06:39:24 +0100] "GET /hirlevel/vonattal0906.htm HTTP/1.1" 200 25493 "-" "Mozilla/5.0 (compatible; bingbot/2.0; +http://www.bing.com/bingbot.htm)"
66.249.78.76 - - [05/Dec/2015:06:49:01 +0100] "GET /doc/kozh11.pdf HTTP/1.1" 200 280053 "-" "Mozilla/5.0 (compatible; Googlebot/2.1; +http://www.google.com/bot.html)"
66.249.78.25 - - [05/Dec/2015:06:50:18 +0100] "GET /hirlevel/images/1307_3.jpg HTTP/1.1" 304 - "-" "Googlebot-Image/1.0"
66.249.78.11 - - [05/Dec/2015:07:03:29 +0100] "GET /doc/12pont_100702.pdf HTTP/1.1" 200 98080 "-" "Mozilla/5.0 (compatible; Googlebot/2.1; +http://www.google.com/bot.html)"
66.249.78.11 - - [05/Dec/2015:07:03:33 +0100] "GET /doc/utasforum_120524_tersegek.pdf HTTP/1.1" 200 227654 "-" "Mozilla/5.0 (compatible; Googlebot/2.1; +http://www.google.com/bot.html)"
66.249.78.25 - - [05/Dec/2015:07:04:04 +0100] "GET /hirlevel/images/Okotars_fekvo_szines.jpg HTTP/1.1" 304 - "-" "Googlebot-Image/1.0"
91.36.169.16 - - [05/Dec/2015:07:08:39 +0100] "GET /images/vasutterkep_n.jpg HTTP/1.1" 200 4702972 "http://www.drehscheibe-online.de/foren/read.php?30,6756831" "Mozilla/5.0 (Windows NT 10.0; WOW64) AppleWebKit/537.36 (KHTML, like Gecko) Chrome/46.0.2490.86 Safari/537.36 OPR/33.0.1990.115"
91.36.169.16 - - [05/Dec/2015:07:08:45 +0100] "GET /favicon.ico HTTP/1.1" 404 1181 "http://www.mkk.zpok.hu/images/vasutterkep_n.jpg" "Mozilla/5.0 (Windows NT 10.0; WOW64) AppleWebKit/537.36 (KHTML, like Gecko) Chrome/46.0.2490.86 Safari/537.36 OPR/33.0.1990.115"
66.249.78.83 - - [05/Dec/2015:07:18:42 +0100] "GET /doc/kozh06.pdf HTTP/1.1" 200 136124 "-" "Mozilla/5.0 (compatible; Googlebot/2.1; +http://www.google.com/bot.html)"
157.55.39.77 - - [05/Dec/2015:07:34:53 +0100] "GET /doc/emlekezteto_tatabanya_0327.pdf HTTP/1.1" 200 170585 "-" "Mozilla/5.0 (iPhone; CPU iPhone OS 7_0 like Mac OS X) AppleWebKit/537.51.1 (KHTML, like Gecko) Version/7.0 Mobile/11A465 Safari/9537.53 (compatible; bingbot/2.0; http://www.bing.com/bingbot.htm)"
89.133.187.249 - - [05/Dec/2015:07:47:20 +0100] "GET /images/vasutterkep_n.jpg HTTP/1.1" 200 4579328 "https://www.google.hu/" "Mozilla/5.0 (Windows NT 10.0) AppleWebKit/537.36 (KHTML, like Gecko) Chrome/46.0.2490.86 Safari/537.36"
66.249.78.69 - - [05/Dec/2015:08:04:52 +0100] "GET /hirek.xml HTTP/1.1" 304 - "-" "Mozilla/5.0 (compatible; Googlebot/2.1; +http://www.google.com/bot.html)"
66.249.78.76 - - [05/Dec/2015:08:05:20 +0100] "GET /doc/belepesinyilatkozat.pdf HTTP/1.1" 200 39570 "-" "Mozilla/5.0 (compatible; Googlebot/2.1; +http://www.google.com/bot.html)"
66.249.78.25 - - [05/Dec/2015:08:19:00 +0100] "GET /hirlevel/vasuttal0806-7.htm HTTP/1.1" 200 20641 "-" "Mozilla/5.0 (iPhone; CPU iPhone OS 8_3 like Mac OS X) AppleWebKit/600.1.4 (KHTML, like Gecko) Version/8.0 Mobile/12F70 Safari/600.1.4 (compatible; Googlebot/2.1; +http://www.google.com/bot.html)"
79.120.133.189 - - [05/Dec/2015:08:35:14 +0100] "GET /images/vasutterkep_n.jpg HTTP/1.1" 200 4702972 "-" "Mozilla/5.0 (Windows NT 6.1; Trident/7.0; rv:11.0) like Gecko"
157.55.39.163 - - [05/Dec/2015:08:37:19 +0100] "GET /hirlevel/vonattal1307.html HTTP/1.1" 200 33563 "-" "Mozilla/5.0 (compatible; bingbot/2.0; +http://www.bing.com/bingbot.htm)"
157.55.39.163 - - [05/Dec/2015:08:37:20 +0100] "GET /doc/12pont_100702.pdf HTTP/1.1" 200 98080 "-" "Mozilla/5.0 (compatible; bingbot/2.0; +http://www.bing.com/bingbot.htm)"
157.55.39.163 - - [05/Dec/2015:08:37:20 +0100] "GET /hirlevel/vonattal0906.htm HTTP/1.1" 200 25493 "-" "Mozilla/5.0 (compatible; bingbot/2.0; +http://www.bing.com/bingbot.htm)"
66.249.78.76 - - [05/Dec/2015:08:41:50 +0100] "GET /doc/bevasar.pdf HTTP/1.1" 200 3063780 "-" "Mozilla/5.0 (compatible; Googlebot/2.1; +http://www.google.com/bot.html)"
157.55.39.140 - - [05/Dec/2015:09:08:19 +0100] "GET /doc/vasutbezarasok_200710.pdf HTTP/1.1" 200 73986 "-" "Mozilla/5.0 (iPhone; CPU iPhone OS 7_0 like Mac OS X) AppleWebKit/537.51.1 (KHTML, like Gecko) Version/7.0 Mobile/11A465 Safari/9537.53 (compatible; bingbot/2.0; http://www.bing.com/bingbot.htm)"
94.21.135.173 - - [05/Dec/2015:09:09:38 +0100] "GET /images/vasutterkep_n.jpg HTTP/1.1" 200 4702972 "https://www.google.hu/" "Mozilla/5.0 (Windows NT 10.0) AppleWebKit/537.36 (KHTML, like Gecko) Chrome/46.12.2490.86 Safari/537.36"
66.249.78.76 - - [05/Dec/2015:09:16:29 +0100] "GET /hirek.xml HTTP/1.1" 304 - "-" "Mozilla/5.0 (compatible; Googlebot/2.1; +http://www.google.com/bot.html)"
40.77.167.0 - - [05/Dec/2015:09:23:32 +0100] "GET /hirlevel/vonattal1402.html HTTP/1.1" 200 54994 "-" "Mozilla/5.0 (iPhone; CPU iPhone OS 7_0 like Mac OS X) AppleWebKit/537.51.1 (KHTML, like Gecko) Version/7.0 Mobile/11A465 Safari/9537.53 (compatible; bingbot/2.0; http://www.bing.com/bingbot.htm)"
157.55.39.77 - - [05/Dec/2015:09:23:55 +0100] "GET /hirlevel/images/vonattal.swf HTTP/1.1" 200 697 "-" "Mozilla/5.0 (iPhone; CPU iPhone OS 7_0 like Mac OS X) AppleWebKit/537.51.1 (KHTML, like Gecko) Version/7.0 Mobile/11A465 Safari/9537.53 (compatible; bingbot/2.0; +http://www.bing.com/bingbot.htm)"
66.249.78.11 - - [05/Dec/2015:09:32:11 +0100] "GET /doc/szecseny_04.pdf HTTP/1.1" 200 70592 "-" "Mozilla/5.0 (compatible; Googlebot/2.1; +http://www.google.com/bot.html)"
68.180.228.34 - - [05/Dec/2015:09:35:19 +0100] "GET /hirlevel/vonattal1504.html HTTP/1.1" 200 22577 "-" "Mozilla/5.0 (compatible; Yahoo! Slurp; http://help.yahoo.com/help/us/ysearch/slurp)"
66.249.78.25 - - [05/Dec/2015:09:41:09 +0100] "GET /doc/plakat_veszprem_120620.pdf HTTP/1.1" 200 193243 "-" "Mozilla/5.0 (compatible; Googlebot/2.1; +http://www.google.com/bot.html)"
194.38.110.29 - - [05/Dec/2015:09:54:47 +0100] "GET /hirlevel/images/1009_terkep_n.jpg HTTP/1.1" 200 598267 "-" "Mozilla/5.0 (Windows NT 6.3; WOW64; Trident/7.0; rv:11.0) like Gecko"
157.55.39.77 - - [05/Dec/2015:09:56:28 +0100] "GET / HTTP/1.1" 200 1178 "-" "Mozilla/5.0 (compatible; bingbot/2.0; +http://www.bing.com/bingbot.htm)"
66.249.78.18 - - [05/Dec/2015:10:26:12 +0100] "GET /doc/tande_1103-4.pdf HTTP/1.1" 200 280273 "-" "Mozilla/5.0 (compatible; Googlebot/2.1; +http://www.google.com/bot.html)"
89.132.75.238 - - [05/Dec/2015:10:42:10 +0100] "GET /images/vasutterkep_n.jpg HTTP/1.1" 200 4702972 "-" "Mozilla/5.0 (Windows NT 10.0; WOW64) AppleWebKit/537.36 (KHTML, like Gecko) Chrome/46.0.2490.86 Safari/537.36"
89.132.75.238 - - [05/Dec/2015:10:42:20 +0100] "GET /favicon.ico HTTP/1.1" 404 1181 "http://www.mkk.zpok.hu/images/vasutterkep_n.jpg" "Mozilla/5.0 (Windows NT 10.0; WOW64) AppleWebKit/537.36 (KHTML, like Gecko) Chrome/46.0.2490.86 Safari/537.36"
134.255.47.42 - - [05/Dec/2015:10:54:48 +0100] "GET /images/vasutterkep_n.jpg HTTP/1.1" 200 1592461 "https://www.google.hu/" "Mozilla/5.0 (Windows NT 10.0; WOW64) AppleWebKit/537.36 (KHTML, like Gecko) Chrome/46.0.2490.86 Safari/537.36"
134.255.47.42 - - [05/Dec/2015:10:54:50 +0100] "GET /images/vasutterkep_n.jpg HTTP/1.1" 206 1 "https://www.google.hu/" "Mozilla/5.0 (Windows NT 10.0; WOW64) AppleWebKit/537.36 (KHTML, like Gecko) Chrome/46.0.2490.86 Safari/537.36"
134.255.47.42 - - [05/Dec/2015:10:54:51 +0100] "GET /images/vasutterkep_n.jpg HTTP/1.1" 206 649970 "https://www.google.hu/" "Mozilla/5.0 (Windows NT 10.0; WOW64) AppleWebKit/537.36 (KHTML, like Gecko) Chrome/46.0.2490.86 Safari/537.36"
109.105.27.67 - - [05/Dec/2015:11:08:59 +0100] "GET /images/vasutterkep_n.jpg HTTP/1.1" 200 3014517 "https://www.google.hu/" "Mozilla/5.0 (Windows NT 5.1) AppleWebKit/537.36 (KHTML, like Gecko) Chrome/47.0.2526.73 Safari/537.36"
40.77.167.0 - - [05/Dec/2015:11:09:05 +0100] "GET /robots.txt HTTP/1.1" 404 1181 "-" "Mozilla/5.0 (compatible; bingbot/2.0; +http://www.bing.com/bingbot.htm)"
40.77.167.0 - - [05/Dec/2015:11:09:43 +0100] "GET /doc/prezentacio_20150425_tokaj.pdf HTTP/1.1" 200 214167 "-" "Mozilla/5.0 (iPhone; CPU iPhone OS 7_0 like Mac OS X) AppleWebKit/537.51.1 (KHTML, like Gecko) Version/7.0 Mobile/11A465 Safari/9537.53 (compatible; bingbot/2.0; http://www.bing.com/bingbot.htm)"
66.249.78.11 - - [05/Dec/2015:11:15:45 +0100] "GET /doc/media_070622.pdf HTTP/1.1" 404 1181 "-" "Mozilla/5.0 (compatible; Googlebot/2.1; +http://www.google.com/bot.html)"
85.67.132.131 - - [05/Dec/2015:11:19:05 +0100] "GET /images/vasutterkep_n.jpg HTTP/1.1" 200 4702972 "-" "Mozilla/5.0 (Linux; Android 4.4.2; PSP3502DUO Build/KOT49H) AppleWebKit/537.36 (KHTML, like Gecko) Version/4.0 Chrome/30.0.0.0 Mobile Safari/537.36 GSA/4.4.9.16.arm"
87.229.87.145 - - [05/Dec/2015:11:34:35 +0100] "GET /images/vasutterkep_n.jpg HTTP/1.1" 200 4702972 "https://www.google.hu" "Mozilla/5.0 (Windows NT 6.1; rv:41.0) Gecko/20100101 Firefox/41.0"
85.238.92.195 - - [05/Dec/2015:11:48:12 +0100] "GET /images/vasutterkep_n.jpg HTTP/1.1" 200 4702972 "https://www.google.hu/" "Mozilla/5.0 (Windows NT 6.1; Win64; x64) AppleWebKit/537.36 (KHTML, like Gecko) Chrome/47.0.2526.73 Safari/537.36"
66.249.78.18 - - [05/Dec/2015:11:50:04 +0100] "GET /doc/b2_2012_03.pdf HTTP/1.1" 200 1080459 "-" "Googlebot/2.1 (+http://www.google.com/bot.html)"
193.225.91.9 - - [05/Dec/2015:12:03:54 +0100] "GET /hirlevel/majdan_janos_a_kozlekedes_tortenete_nagy_laszlo.pdf HTTP/1.1" 200 77184 "https://www.google.hu" "Mozilla/5.0 (Windows NT 5.1; rv:38.0) Gecko/20100101 Firefox/38.0"
193.225.91.9 - - [05/Dec/2015:12:03:56 +0100] "GET /favicon.ico HTTP/1.1" 404 1181 "-" "Mozilla/5.0 (Windows NT 5.1; rv:38.0) Gecko/20100101 Firefox/38.0"
193.225.91.9 - - [05/Dec/2015:12:03:56 +0100] "GET /favicon.ico HTTP/1.1" 404 1181 "-" "Mozilla/5.0 (Windows NT 5.1; rv:38.0) Gecko/20100101 Firefox/38.0"
66.249.78.18 - - [05/Dec/2015:12:05:38 +0100] "GET /doc/ipoly_201109.pdf HTTP/1.1" 200 5592654 "-" "Mozilla/5.0 (compatible; Googlebot/2.1; +http://www.google.com/bot.html)"
195.228.175.190 - - [05/Dec/2015:12:09:15 +0100] "GET / HTTP/1.1" 200 1178 "https://www.google.hu/" "Mozilla/5.0 (Windows NT 6.1) AppleWebKit/537.36 (KHTML, like Gecko) Chrome/45.0.2454.85 Safari/537.36"
195.228.175.190 - - [05/Dec/2015:12:09:15 +0100] "GET /favicon.ico HTTP/1.1" 404 1181 "http://www.mkk.zpok.hu/" "Mozilla/5.0 (Windows NT 6.1) AppleWebKit/537.36 (KHTML, like Gecko) Chrome/45.0.2454.85 Safari/537.36"
195.228.175.190 - - [05/Dec/2015:12:09:28 +0100] "GET /index.swf HTTP/1.1" 200 1451868 "http://www.mkk.zpok.hu/" "Mozilla/5.0 (Windows NT 6.1) AppleWebKit/537.36 (KHTML, like Gecko) Chrome/45.0.2454.85 Safari/537.36"
144.76.155.8 - - [05/Dec/2015:12:13:52 +0100] "GET /doc/hu_aps_positivbeispiele_aufl2_070622_klein.pdf HTTP/1.1" 200 2887217 "-" "Mozilla/5.0 (Windows NT 6.1; rv:6.0) Gecko/20100101 Firefox/19.0"
157.55.39.77 - - [05/Dec/2015:12:39:43 +0100] "GET /doc/szecseny_04.pdf HTTP/1.1" 200 70592 "-" "Mozilla/5.0 (iPhone; CPU iPhone OS 7_0 like Mac OS X) AppleWebKit/537.51.1 (KHTML, like Gecko) Version/7.0 Mobile/11A465 Safari/9537.53 (compatible; bingbot/2.0; http://www.bing.com/bingbot.htm)"
157.55.39.164 - - [05/Dec/2015:12:40:04 +0100] "GET /robots.txt HTTP/1.1" 404 1181 "-" "Mozilla/5.0 (compatible; bingbot/2.0; +http://www.bing.com/bingbot.htm)"
66.249.78.69 - - [05/Dec/2015:13:00:58 +0100] "GET /doc/meszaros.pdf HTTP/1.1" 200 1012883 "-" "Mozilla/5.0 (compatible; Googlebot/2.1; +http://www.google.com/bot.html)"
178.164.177.49 - - [05/Dec/2015:13:08:56 +0100] "GET /images/vasutterkep_n.jpg HTTP/1.1" 200 4702972 "https://www.google.hu" "Mozilla/5.0 (Windows NT 6.3; WOW64; rv:42.0) Gecko/20100101 Firefox/42.0"
178.164.177.49 - - [05/Dec/2015:13:08:57 +0100] "GET /favicon.ico HTTP/1.1" 404 1181 "-" "Mozilla/5.0 (Windows NT 6.3; WOW64; rv:42.0) Gecko/20100101 Firefox/42.0"
178.164.177.49 - - [05/Dec/2015:13:08:57 +0100] "GET /favicon.ico HTTP/1.1" 404 1181 "-" "Mozilla/5.0 (Windows NT 6.3; WOW64; rv:42.0) Gecko/20100101 Firefox/42.0"
82.131.148.246 - - [05/Dec/2015:13:13:03 +0100] "GET /hirlevel/images/1208_pesa.png HTTP/1.1" 200 101881 "https://www.google.hu" "Mozilla/5.0 (Windows NT 6.1; WOW64; rv:42.0) Gecko/20100101 Firefox/42.0"
31.46.253.7 - - [05/Dec/2015:13:17:43 +0100] "GET /images/vasutterkep_n.jpg HTTP/1.1" 200 4644864 "https://www.google.hu/" "Mozilla/5.0 (Linux; Android 4.4.2; SM-G355H Build/KOT49H) AppleWebKit/537.36 (KHTML, like Gecko) Chrome/46.0.2490.76 Mobile Safari/537.36"
123.125.71.13 - - [05/Dec/2015:13:26:49 +0100] "GET /robots.txt HTTP/1.1" 404 1181 "-" "Mozilla/5.0 (Windows NT 5.1; rv:6.0.2) Gecko/20100101 Firefox/6.0.2"
220.181.108.89 - - [05/Dec/2015:13:30:29 +0100] "GET /doc/ideigl_vedettseg.pdf HTTP/1.1" 200 864830 "-" "Mozilla/5.0 (compatible; Baiduspider/2.0; +http://www.baidu.com/search/spider.html)"
151.80.31.117 - - [05/Dec/2015:13:31:28 +0100] "GET /hirlevel/vonattal1505.html HTTP/1.1" 200 31133 "-" "Mozilla/5.0 (compatible; AhrefsBot/5.0; +http://ahrefs.com/robot/)"
66.249.78.83 - - [05/Dec/2015:13:39:20 +0100] "GET /hirek.xml HTTP/1.1" 304 - "-" "Mozilla/5.0 (compatible; Googlebot/2.1; +http://www.google.com/bot.html)"
199.30.25.70 - - [05/Dec/2015:13:40:45 +0100] "GET /hirlevel/images/1206_6.jpg HTTP/1.1" 200 181989 "http://tourhongrie.blog.hu/" "Mozilla/5.0 (Windows NT 6.1; WOW64) AppleWebKit/534+ (KHTML, like Gecko) BingPreview/1.0b"
68.180.228.34 - - [05/Dec/2015:13:55:39 +0100] "GET /robots.txt HTTP/1.1" 404 1181 "-" "Mozilla/5.0 (compatible; Yahoo! Slurp; http://help.yahoo.com/help/us/ysearch/slurp)"
68.180.228.34 - - [05/Dec/2015:13:55:40 +0100] "GET /doc/T&E_junius2009.pdf HTTP/1.1" 200 68179 "-" "Mozilla/5.0 (compatible; Yahoo! Slurp; http://help.yahoo.com/help/us/ysearch/slurp)"
66.249.78.76 - - [05/Dec/2015:13:56:30 +0100] "GET /doc/alapsz03.pdf HTTP/1.1" 200 6009944 "-" "Mozilla/5.0 (compatible; Googlebot/2.1; +http://www.google.com/bot.html)"
176.63.245.117 - - [05/Dec/2015:14:07:19 +0100] "GET /hirlevel/images/1206_6.jpg HTTP/1.1" 200 181989 "http://tourhongrie.blog.hu/" "Mozilla/5.0 (Windows NT 6.1; WOW64) AppleWebKit/537.36 (KHTML, like Gecko) Chrome/47.0.2526.73 Safari/537.36"
157.55.39.77 - - [05/Dec/2015:14:57:09 +0100] "GET /robots.txt HTTP/1.1" 404 1181 "-" "Mozilla/5.0 (compatible; bingbot/2.0; +http://www.bing.com/bingbot.htm)"
157.55.39.77 - - [05/Dec/2015:14:57:47 +0100] "GET /doc/vonattal_tisza-tohoz_2010.pdf HTTP/1.1" 200 558271 "-" "Mozilla/5.0 (iPhone; CPU iPhone OS 7_0 like Mac OS X) AppleWebKit/537.51.1 (KHTML, like Gecko) Version/7.0 Mobile/11A465 Safari/9537.53 (compatible; bingbot/2.0; http://www.bing.com/bingbot.htm)"
66.249.78.18 - - [05/Dec/2015:15:01:00 +0100] "GET /robots.txt HTTP/1.1" 404 1181 "-" "Mozilla/5.0 (compatible; Googlebot/2.1; +http://www.google.com/bot.html)"
66.249.78.25 - - [05/Dec/2015:15:01:01 +0100] "GET /doc/sikeres_varos.pdf HTTP/1.1" 200 1149217 "-" "Mozilla/5.0 (compatible; Googlebot/2.1; +http://www.google.com/bot.html)"
80.98.77.167 - - [05/Dec/2015:15:02:40 +0100] "GET /images/vasutterkep_n.jpg HTTP/1.1" 200 4702972 "-" "Mozilla/5.0 (Windows NT 6.1; Trident/7.0; rv:11.0) like Gecko"
80.98.77.167 - - [05/Dec/2015:15:02:40 +0100] "GET /favicon.ico HTTP/1.1" 404 1181 "-" "Mozilla/5.0 (Windows NT 6.1; Trident/7.0; rv:11.0) like Gecko"
134.255.2.156 - - [05/Dec/2015:15:24:31 +0100] "GET /hirlevel/images/0911b.jpg HTTP/1.1" 200 43236 "-" "Mozilla/5.0 (Windows NT 6.1; WOW64; rv:42.0) Gecko/20100101 Firefox/42.0"
134.255.2.156 - - [05/Dec/2015:15:24:41 +0100] "GET /hirlevel/vonattal0911.htm HTTP/1.1" 200 41812 "-" "Mozilla/5.0 (Windows NT 6.1; WOW64; rv:42.0) Gecko/20100101 Firefox/42.0"
134.255.2.156 - - [05/Dec/2015:15:24:42 +0100] "GET /hirlevel/images/kvvm.jpg HTTP/1.1" 200 11919 "http://mkk.zpok.hu/hirlevel/vonattal0911.htm" "Mozilla/5.0 (Windows NT 6.1; WOW64; rv:42.0) Gecko/20100101 Firefox/42.0"
134.255.2.156 - - [05/Dec/2015:15:24:42 +0100] "GET /hirlevel/images/nfu_logo.jpg HTTP/1.1" 200 8192 "http://mkk.zpok.hu/hirlevel/vonattal0911.htm" "Mozilla/5.0 (Windows NT 6.1; WOW64; rv:42.0) Gecko/20100101 Firefox/42.0"
134.255.2.156 - - [05/Dec/2015:15:24:42 +0100] "GET /hirlevel/images/okotars_2.jpg HTTP/1.1" 200 12919 "http://mkk.zpok.hu/hirlevel/vonattal0911.htm" "Mozilla/5.0 (Windows NT 6.1; WOW64; rv:42.0) Gecko/20100101 Firefox/42.0"
134.255.2.156 - - [05/Dec/2015:15:24:42 +0100] "GET /hirlevel/images/demnet.jpg HTTP/1.1" 200 11365 "http://mkk.zpok.hu/hirlevel/vonattal0911.htm" "Mozilla/5.0 (Windows NT 6.1; WOW64; rv:42.0) Gecko/20100101 Firefox/42.0"
134.255.2.156 - - [05/Dec/2015:15:24:42 +0100] "GET /hirlevel/images/autonomia.jpg HTTP/1.1" 200 11530 "http://mkk.zpok.hu/hirlevel/vonattal0911.htm" "Mozilla/5.0 (Windows NT 6.1; WOW64; rv:42.0) Gecko/20100101 Firefox/42.0"
134.255.2.156 - - [05/Dec/2015:15:24:43 +0100] "GET /hirlevel/images/0911f.jpg HTTP/1.1" 200 52534 "http://mkk.zpok.hu/hirlevel/vonattal0911.htm" "Mozilla/5.0 (Windows NT 6.1; WOW64; rv:42.0) Gecko/20100101 Firefox/42.0"
134.255.2.156 - - [05/Dec/2015:15:24:43 +0100] "GET /hirlevel/images/szazalek.jpg HTTP/1.1" 200 43499 "http://mkk.zpok.hu/hirlevel/vonattal0911.htm" "Mozilla/5.0 (Windows NT 6.1; WOW64; rv:42.0) Gecko/20100101 Firefox/42.0"
134.255.2.156 - - [05/Dec/2015:15:24:43 +0100] "GET /hirlevel/images/0911d.jpg HTTP/1.1" 200 36398 "http://mkk.zpok.hu/hirlevel/vonattal0911.htm" "Mozilla/5.0 (Windows NT 6.1; WOW64; rv:42.0) Gecko/20100101 Firefox/42.0"
134.255.2.156 - - [05/Dec/2015:15:24:43 +0100] "GET /hirlevel/images/karpatok.jpg HTTP/1.1" 200 11967 "http://mkk.zpok.hu/hirlevel/vonattal0911.htm" "Mozilla/5.0 (Windows NT 6.1; WOW64; rv:42.0) Gecko/20100101 Firefox/42.0"
134.255.2.156 - - [05/Dec/2015:15:24:43 +0100] "GET /hirlevel/images/eea.jpg HTTP/1.1" 200 18076 "http://mkk.zpok.hu/hirlevel/vonattal0911.htm" "Mozilla/5.0 (Windows NT 6.1; WOW64; rv:42.0) Gecko/20100101 Firefox/42.0"
134.255.2.156 - - [05/Dec/2015:15:24:43 +0100] "GET /hirlevel/images/norway.jpg HTTP/1.1" 200 18949 "http://mkk.zpok.hu/hirlevel/vonattal0911.htm" "Mozilla/5.0 (Windows NT 6.1; WOW64; rv:42.0) Gecko/20100101 Firefox/42.0"
134.255.2.156 - - [05/Dec/2015:15:24:43 +0100] "GET /hirlevel/images/vonattal.swf HTTP/1.1" 200 697 "http://mkk.zpok.hu/hirlevel/vonattal0911.htm" "Mozilla/5.0 (Windows NT 6.1; WOW64; rv:42.0) Gecko/20100101 Firefox/42.0"
134.255.2.156 - - [05/Dec/2015:15:24:43 +0100] "GET /favicon.ico HTTP/1.1" 404 1181 "-" "Mozilla/5.0 (Windows NT 6.1; WOW64; rv:42.0) Gecko/20100101 Firefox/42.0"
134.255.2.156 - - [05/Dec/2015:15:24:43 +0100] "GET /favicon.ico HTTP/1.1" 404 1181 "-" "Mozilla/5.0 (Windows NT 6.1; WOW64; rv:42.0) Gecko/20100101 Firefox/42.0"
157.55.39.77 - - [05/Dec/2015:15:25:22 +0100] "GET / HTTP/1.1" 200 1178 "-" "Mozilla/5.0 (compatible; bingbot/2.0; +http://www.bing.com/bingbot.htm)"
80.99.247.33 - - [05/Dec/2015:15:37:19 +0100] "GET /images/vasutterkep_n.jpg HTTP/1.1" 200 4702972 "https://www.google.hu/" "Mozilla/5.0 (Windows NT 6.1; WOW64) AppleWebKit/537.36 (KHTML, like Gecko) Chrome/46.0.2490.86 Safari/537.36"
66.249.78.25 - - [05/Dec/2015:15:42:30 +0100] "GET /hirlevel/images/recsk.jpg HTTP/1.1" 304 - "-" "Googlebot-Image/1.0"
31.46.246.236 - - [05/Dec/2015:15:46:24 +0100] "GET /doc/eletet-a-vasutnak.pdf HTTP/1.1" 206 38985 "https://www.google.hu" "Mozilla/5.0 (Windows NT 6.2; WOW64; rv:42.0) Gecko/20100101 Firefox/42.0"
31.46.246.236 - - [05/Dec/2015:15:46:24 +0100] "GET /doc/eletet-a-vasutnak.pdf HTTP/1.1" 206 65536 "https://www.google.hu" "Mozilla/5.0 (Windows NT 6.2; WOW64; rv:42.0) Gecko/20100101 Firefox/42.0"
31.46.246.236 - - [05/Dec/2015:15:46:24 +0100] "GET /doc/eletet-a-vasutnak.pdf HTTP/1.1" 206 65536 "https://www.google.hu" "Mozilla/5.0 (Windows NT 6.2; WOW64; rv:42.0) Gecko/20100101 Firefox/42.0"
31.46.246.236 - - [05/Dec/2015:15:46:24 +0100] "GET /doc/eletet-a-vasutnak.pdf HTTP/1.1" 206 65536 "https://www.google.hu" "Mozilla/5.0 (Windows NT 6.2; WOW64; rv:42.0) Gecko/20100101 Firefox/42.0"
31.46.246.236 - - [05/Dec/2015:15:46:24 +0100] "GET /doc/eletet-a-vasutnak.pdf HTTP/1.1" 206 65536 "https://www.google.hu" "Mozilla/5.0 (Windows NT 6.2; WOW64; rv:42.0) Gecko/20100101 Firefox/42.0"
31.46.246.236 - - [05/Dec/2015:15:46:24 +0100] "GET /doc/eletet-a-vasutnak.pdf HTTP/1.1" 206 65536 "https://www.google.hu" "Mozilla/5.0 (Windows NT 6.2; WOW64; rv:42.0) Gecko/20100101 Firefox/42.0"
31.46.246.236 - - [05/Dec/2015:15:46:25 +0100] "GET /doc/eletet-a-vasutnak.pdf HTTP/1.1" 206 65536 "https://www.google.hu" "Mozilla/5.0 (Windows NT 6.2; WOW64; rv:42.0) Gecko/20100101 Firefox/42.0"
31.46.246.236 - - [05/Dec/2015:15:46:25 +0100] "GET /doc/eletet-a-vasutnak.pdf HTTP/1.1" 206 65536 "https://www.google.hu" "Mozilla/5.0 (Windows NT 6.2; WOW64; rv:42.0) Gecko/20100101 Firefox/42.0"
31.46.246.236 - - [05/Dec/2015:15:46:25 +0100] "GET /doc/eletet-a-vasutnak.pdf HTTP/1.1" 206 65536 "https://www.google.hu" "Mozilla/5.0 (Windows NT 6.2; WOW64; rv:42.0) Gecko/20100101 Firefox/42.0"
31.46.246.236 - - [05/Dec/2015:15:46:25 +0100] "GET /doc/eletet-a-vasutnak.pdf HTTP/1.1" 206 65536 "https://www.google.hu" "Mozilla/5.0 (Windows NT 6.2; WOW64; rv:42.0) Gecko/20100101 Firefox/42.0"
31.46.246.236 - - [05/Dec/2015:15:46:25 +0100] "GET /doc/eletet-a-vasutnak.pdf HTTP/1.1" 206 65536 "https://www.google.hu" "Mozilla/5.0 (Windows NT 6.2; WOW64; rv:42.0) Gecko/20100101 Firefox/42.0"
31.46.246.236 - - [05/Dec/2015:15:46:25 +0100] "GET /doc/eletet-a-vasutnak.pdf HTTP/1.1" 206 65536 "https://www.google.hu" "Mozilla/5.0 (Windows NT 6.2; WOW64; rv:42.0) Gecko/20100101 Firefox/42.0"
31.46.246.236 - - [05/Dec/2015:15:46:25 +0100] "GET /doc/eletet-a-vasutnak.pdf HTTP/1.1" 206 65536 "https://www.google.hu" "Mozilla/5.0 (Windows NT 6.2; WOW64; rv:42.0) Gecko/20100101 Firefox/42.0"
31.46.246.236 - - [05/Dec/2015:15:46:25 +0100] "GET /doc/eletet-a-vasutnak.pdf HTTP/1.1" 206 65536 "https://www.google.hu" "Mozilla/5.0 (Windows NT 6.2; WOW64; rv:42.0) Gecko/20100101 Firefox/42.0"
31.46.246.236 - - [05/Dec/2015:15:46:26 +0100] "GET /doc/eletet-a-vasutnak.pdf HTTP/1.1" 206 65536 "https://www.google.hu" "Mozilla/5.0 (Windows NT 6.2; WOW64; rv:42.0) Gecko/20100101 Firefox/42.0"
31.46.246.236 - - [05/Dec/2015:15:46:26 +0100] "GET /doc/eletet-a-vasutnak.pdf HTTP/1.1" 206 65536 "https://www.google.hu" "Mozilla/5.0 (Windows NT 6.2; WOW64; rv:42.0) Gecko/20100101 Firefox/42.0"
31.46.246.236 - - [05/Dec/2015:15:46:26 +0100] "GET /doc/eletet-a-vasutnak.pdf HTTP/1.1" 206 65536 "https://www.google.hu" "Mozilla/5.0 (Windows NT 6.2; WOW64; rv:42.0) Gecko/20100101 Firefox/42.0"
31.46.246.236 - - [05/Dec/2015:15:46:26 +0100] "GET /doc/eletet-a-vasutnak.pdf HTTP/1.1" 206 65536 "https://www.google.hu" "Mozilla/5.0 (Windows NT 6.2; WOW64; rv:42.0) Gecko/20100101 Firefox/42.0"
31.46.246.236 - - [05/Dec/2015:15:46:26 +0100] "GET /doc/eletet-a-vasutnak.pdf HTTP/1.1" 206 65536 "https://www.google.hu" "Mozilla/5.0 (Windows NT 6.2; WOW64; rv:42.0) Gecko/20100101 Firefox/42.0"
31.46.246.236 - - [05/Dec/2015:15:46:26 +0100] "GET /doc/eletet-a-vasutnak.pdf HTTP/1.1" 206 65536 "https://www.google.hu" "Mozilla/5.0 (Windows NT 6.2; WOW64; rv:42.0) Gecko/20100101 Firefox/42.0"
31.46.246.236 - - [05/Dec/2015:15:46:27 +0100] "GET /doc/eletet-a-vasutnak.pdf HTTP/1.1" 206 65536 "https://www.google.hu" "Mozilla/5.0 (Windows NT 6.2; WOW64; rv:42.0) Gecko/20100101 Firefox/42.0"
31.46.246.236 - - [05/Dec/2015:15:46:27 +0100] "GET /doc/eletet-a-vasutnak.pdf HTTP/1.1" 206 65536 "https://www.google.hu" "Mozilla/5.0 (Windows NT 6.2; WOW64; rv:42.0) Gecko/20100101 Firefox/42.0"
31.46.246.236 - - [05/Dec/2015:15:46:27 +0100] "GET /doc/eletet-a-vasutnak.pdf HTTP/1.1" 206 65536 "https://www.google.hu" "Mozilla/5.0 (Windows NT 6.2; WOW64; rv:42.0) Gecko/20100101 Firefox/42.0"
31.46.246.236 - - [05/Dec/2015:15:46:27 +0100] "GET /doc/eletet-a-vasutnak.pdf HTTP/1.1" 206 65536 "https://www.google.hu" "Mozilla/5.0 (Windows NT 6.2; WOW64; rv:42.0) Gecko/20100101 Firefox/42.0"
31.46.246.236 - - [05/Dec/2015:15:46:27 +0100] "GET /doc/eletet-a-vasutnak.pdf HTTP/1.1" 206 65536 "https://www.google.hu" "Mozilla/5.0 (Windows NT 6.2; WOW64; rv:42.0) Gecko/20100101 Firefox/42.0"
31.46.246.236 - - [05/Dec/2015:15:46:27 +0100] "GET /doc/eletet-a-vasutnak.pdf HTTP/1.1" 206 65536 "https://www.google.hu" "Mozilla/5.0 (Windows NT 6.2; WOW64; rv:42.0) Gecko/20100101 Firefox/42.0"
31.46.246.236 - - [05/Dec/2015:15:46:28 +0100] "GET /doc/eletet-a-vasutnak.pdf HTTP/1.1" 206 65536 "https://www.google.hu" "Mozilla/5.0 (Windows NT 6.2; WOW64; rv:42.0) Gecko/20100101 Firefox/42.0"
31.46.246.236 - - [05/Dec/2015:15:46:28 +0100] "GET /doc/eletet-a-vasutnak.pdf HTTP/1.1" 206 65536 "https://www.google.hu" "Mozilla/5.0 (Windows NT 6.2; WOW64; rv:42.0) Gecko/20100101 Firefox/42.0"
31.46.246.236 - - [05/Dec/2015:15:46:28 +0100] "GET /doc/eletet-a-vasutnak.pdf HTTP/1.1" 206 65536 "https://www.google.hu" "Mozilla/5.0 (Windows NT 6.2; WOW64; rv:42.0) Gecko/20100101 Firefox/42.0"
31.46.246.236 - - [05/Dec/2015:15:46:28 +0100] "GET /doc/eletet-a-vasutnak.pdf HTTP/1.1" 206 65536 "https://www.google.hu" "Mozilla/5.0 (Windows NT 6.2; WOW64; rv:42.0) Gecko/20100101 Firefox/42.0"
31.46.246.236 - - [05/Dec/2015:15:46:28 +0100] "GET /doc/eletet-a-vasutnak.pdf HTTP/1.1" 206 65536 "https://www.google.hu" "Mozilla/5.0 (Windows NT 6.2; WOW64; rv:42.0) Gecko/20100101 Firefox/42.0"
31.46.246.236 - - [05/Dec/2015:15:46:28 +0100] "GET /doc/eletet-a-vasutnak.pdf HTTP/1.1" 206 65536 "https://www.google.hu" "Mozilla/5.0 (Windows NT 6.2; WOW64; rv:42.0) Gecko/20100101 Firefox/42.0"
31.46.246.236 - - [05/Dec/2015:15:46:28 +0100] "GET /doc/eletet-a-vasutnak.pdf HTTP/1.1" 206 65536 "https://www.google.hu" "Mozilla/5.0 (Windows NT 6.2; WOW64; rv:42.0) Gecko/20100101 Firefox/42.0"
31.46.246.236 - - [05/Dec/2015:15:46:29 +0100] "GET /doc/eletet-a-vasutnak.pdf HTTP/1.1" 206 65536 "https://www.google.hu" "Mozilla/5.0 (Windows NT 6.2; WOW64; rv:42.0) Gecko/20100101 Firefox/42.0"
31.46.246.236 - - [05/Dec/2015:15:46:29 +0100] "GET /doc/eletet-a-vasutnak.pdf HTTP/1.1" 206 65536 "https://www.google.hu" "Mozilla/5.0 (Windows NT 6.2; WOW64; rv:42.0) Gecko/20100101 Firefox/42.0"
31.46.246.236 - - [05/Dec/2015:15:46:29 +0100] "GET /doc/eletet-a-vasutnak.pdf HTTP/1.1" 206 65536 "https://www.google.hu" "Mozilla/5.0 (Windows NT 6.2; WOW64; rv:42.0) Gecko/20100101 Firefox/42.0"
31.46.246.236 - - [05/Dec/2015:15:46:29 +0100] "GET /doc/eletet-a-vasutnak.pdf HTTP/1.1" 206 65536 "https://www.google.hu" "Mozilla/5.0 (Windows NT 6.2; WOW64; rv:42.0) Gecko/20100101 Firefox/42.0"
31.46.246.236 - - [05/Dec/2015:15:46:29 +0100] "GET /doc/eletet-a-vasutnak.pdf HTTP/1.1" 206 65536 "https://www.google.hu" "Mozilla/5.0 (Windows NT 6.2; WOW64; rv:42.0) Gecko/20100101 Firefox/42.0"
31.46.246.236 - - [05/Dec/2015:15:46:29 +0100] "GET /doc/eletet-a-vasutnak.pdf HTTP/1.1" 206 65536 "https://www.google.hu" "Mozilla/5.0 (Windows NT 6.2; WOW64; rv:42.0) Gecko/20100101 Firefox/42.0"
31.46.246.236 - - [05/Dec/2015:15:46:30 +0100] "GET /doc/eletet-a-vasutnak.pdf HTTP/1.1" 206 65536 "https://www.google.hu" "Mozilla/5.0 (Windows NT 6.2; WOW64; rv:42.0) Gecko/20100101 Firefox/42.0"
31.46.246.236 - - [05/Dec/2015:15:46:30 +0100] "GET /doc/eletet-a-vasutnak.pdf HTTP/1.1" 206 65536 "https://www.google.hu" "Mozilla/5.0 (Windows NT 6.2; WOW64; rv:42.0) Gecko/20100101 Firefox/42.0"
31.46.246.236 - - [05/Dec/2015:15:46:30 +0100] "GET /doc/eletet-a-vasutnak.pdf HTTP/1.1" 206 65536 "https://www.google.hu" "Mozilla/5.0 (Windows NT 6.2; WOW64; rv:42.0) Gecko/20100101 Firefox/42.0"
31.46.246.236 - - [05/Dec/2015:15:46:30 +0100] "GET /doc/eletet-a-vasutnak.pdf HTTP/1.1" 206 65536 "https://www.google.hu" "Mozilla/5.0 (Windows NT 6.2; WOW64; rv:42.0) Gecko/20100101 Firefox/42.0"
31.46.246.236 - - [05/Dec/2015:15:46:30 +0100] "GET /doc/eletet-a-vasutnak.pdf HTTP/1.1" 206 65536 "https://www.google.hu" "Mozilla/5.0 (Windows NT 6.2; WOW64; rv:42.0) Gecko/20100101 Firefox/42.0"
31.46.246.236 - - [05/Dec/2015:15:46:31 +0100] "GET /doc/eletet-a-vasutnak.pdf HTTP/1.1" 206 65536 "https://www.google.hu" "Mozilla/5.0 (Windows NT 6.2; WOW64; rv:42.0) Gecko/20100101 Firefox/42.0"
31.46.246.236 - - [05/Dec/2015:15:46:31 +0100] "GET /doc/eletet-a-vasutnak.pdf HTTP/1.1" 206 65536 "https://www.google.hu" "Mozilla/5.0 (Windows NT 6.2; WOW64; rv:42.0) Gecko/20100101 Firefox/42.0"
31.46.246.236 - - [05/Dec/2015:15:46:31 +0100] "GET /doc/eletet-a-vasutnak.pdf HTTP/1.1" 206 65536 "https://www.google.hu" "Mozilla/5.0 (Windows NT 6.2; WOW64; rv:42.0) Gecko/20100101 Firefox/42.0"
31.46.246.236 - - [05/Dec/2015:15:46:31 +0100] "GET /doc/eletet-a-vasutnak.pdf HTTP/1.1" 206 65536 "https://www.google.hu" "Mozilla/5.0 (Windows NT 6.2; WOW64; rv:42.0) Gecko/20100101 Firefox/42.0"
31.46.246.236 - - [05/Dec/2015:15:46:32 +0100] "GET /doc/eletet-a-vasutnak.pdf HTTP/1.1" 206 65536 "https://www.google.hu" "Mozilla/5.0 (Windows NT 6.2; WOW64; rv:42.0) Gecko/20100101 Firefox/42.0"
31.46.246.236 - - [05/Dec/2015:15:46:32 +0100] "GET /doc/eletet-a-vasutnak.pdf HTTP/1.1" 206 65536 "https://www.google.hu" "Mozilla/5.0 (Windows NT 6.2; WOW64; rv:42.0) Gecko/20100101 Firefox/42.0"
31.46.246.236 - - [05/Dec/2015:15:46:32 +0100] "GET /doc/eletet-a-vasutnak.pdf HTTP/1.1" 206 65536 "https://www.google.hu" "Mozilla/5.0 (Windows NT 6.2; WOW64; rv:42.0) Gecko/20100101 Firefox/42.0"
31.46.246.236 - - [05/Dec/2015:15:46:32 +0100] "GET /doc/eletet-a-vasutnak.pdf HTTP/1.1" 206 65536 "https://www.google.hu" "Mozilla/5.0 (Windows NT 6.2; WOW64; rv:42.0) Gecko/20100101 Firefox/42.0"
31.46.246.236 - - [05/Dec/2015:15:46:32 +0100] "GET /doc/eletet-a-vasutnak.pdf HTTP/1.1" 206 65536 "https://www.google.hu" "Mozilla/5.0 (Windows NT 6.2; WOW64; rv:42.0) Gecko/20100101 Firefox/42.0"
31.46.246.236 - - [05/Dec/2015:15:46:32 +0100] "GET /doc/eletet-a-vasutnak.pdf HTTP/1.1" 206 65536 "https://www.google.hu" "Mozilla/5.0 (Windows NT 6.2; WOW64; rv:42.0) Gecko/20100101 Firefox/42.0"
31.46.246.236 - - [05/Dec/2015:15:46:32 +0100] "GET /doc/eletet-a-vasutnak.pdf HTTP/1.1" 206 65536 "https://www.google.hu" "Mozilla/5.0 (Windows NT 6.2; WOW64; rv:42.0) Gecko/20100101 Firefox/42.0"
31.46.246.236 - - [05/Dec/2015:15:46:32 +0100] "GET /doc/eletet-a-vasutnak.pdf HTTP/1.1" 206 65536 "https://www.google.hu" "Mozilla/5.0 (Windows NT 6.2; WOW64; rv:42.0) Gecko/20100101 Firefox/42.0"
31.46.246.236 - - [05/Dec/2015:15:46:32 +0100] "GET /doc/eletet-a-vasutnak.pdf HTTP/1.1" 206 65536 "https://www.google.hu" "Mozilla/5.0 (Windows NT 6.2; WOW64; rv:42.0) Gecko/20100101 Firefox/42.0"
31.46.246.236 - - [05/Dec/2015:15:46:33 +0100] "GET /doc/eletet-a-vasutnak.pdf HTTP/1.1" 206 65536 "https://www.google.hu" "Mozilla/5.0 (Windows NT 6.2; WOW64; rv:42.0) Gecko/20100101 Firefox/42.0"
31.46.246.236 - - [05/Dec/2015:15:46:33 +0100] "GET /doc/eletet-a-vasutnak.pdf HTTP/1.1" 206 65536 "https://www.google.hu" "Mozilla/5.0 (Windows NT 6.2; WOW64; rv:42.0) Gecko/20100101 Firefox/42.0"
31.46.246.236 - - [05/Dec/2015:15:46:33 +0100] "GET /doc/eletet-a-vasutnak.pdf HTTP/1.1" 206 65536 "https://www.google.hu" "Mozilla/5.0 (Windows NT 6.2; WOW64; rv:42.0) Gecko/20100101 Firefox/42.0"
31.46.246.236 - - [05/Dec/2015:15:46:33 +0100] "GET /doc/eletet-a-vasutnak.pdf HTTP/1.1" 206 65536 "https://www.google.hu" "Mozilla/5.0 (Windows NT 6.2; WOW64; rv:42.0) Gecko/20100101 Firefox/42.0"
31.46.246.236 - - [05/Dec/2015:15:46:33 +0100] "GET /doc/eletet-a-vasutnak.pdf HTTP/1.1" 206 65536 "https://www.google.hu" "Mozilla/5.0 (Windows NT 6.2; WOW64; rv:42.0) Gecko/20100101 Firefox/42.0"
31.46.246.236 - - [05/Dec/2015:15:46:34 +0100] "GET /doc/eletet-a-vasutnak.pdf HTTP/1.1" 206 65536 "https://www.google.hu" "Mozilla/5.0 (Windows NT 6.2; WOW64; rv:42.0) Gecko/20100101 Firefox/42.0"
31.46.246.236 - - [05/Dec/2015:15:46:34 +0100] "GET /doc/eletet-a-vasutnak.pdf HTTP/1.1" 206 65536 "https://www.google.hu" "Mozilla/5.0 (Windows NT 6.2; WOW64; rv:42.0) Gecko/20100101 Firefox/42.0"
31.46.246.236 - - [05/Dec/2015:15:46:34 +0100] "GET /doc/eletet-a-vasutnak.pdf HTTP/1.1" 206 65536 "https://www.google.hu" "Mozilla/5.0 (Windows NT 6.2; WOW64; rv:42.0) Gecko/20100101 Firefox/42.0"
31.46.246.236 - - [05/Dec/2015:15:46:34 +0100] "GET /doc/eletet-a-vasutnak.pdf HTTP/1.1" 206 65536 "https://www.google.hu" "Mozilla/5.0 (Windows NT 6.2; WOW64; rv:42.0) Gecko/20100101 Firefox/42.0"
31.46.246.236 - - [05/Dec/2015:15:46:34 +0100] "GET /doc/eletet-a-vasutnak.pdf HTTP/1.1" 206 65536 "https://www.google.hu" "Mozilla/5.0 (Windows NT 6.2; WOW64; rv:42.0) Gecko/20100101 Firefox/42.0"
31.46.246.236 - - [05/Dec/2015:15:46:34 +0100] "GET /doc/eletet-a-vasutnak.pdf HTTP/1.1" 206 65536 "https://www.google.hu" "Mozilla/5.0 (Windows NT 6.2; WOW64; rv:42.0) Gecko/20100101 Firefox/42.0"
31.46.246.236 - - [05/Dec/2015:15:46:34 +0100] "GET /doc/eletet-a-vasutnak.pdf HTTP/1.1" 206 65536 "https://www.google.hu" "Mozilla/5.0 (Windows NT 6.2; WOW64; rv:42.0) Gecko/20100101 Firefox/42.0"
31.46.246.236 - - [05/Dec/2015:15:46:34 +0100] "GET /doc/eletet-a-vasutnak.pdf HTTP/1.1" 200 5085257 "https://www.google.hu" "Mozilla/5.0 (Windows NT 6.2; WOW64; rv:42.0) Gecko/20100101 Firefox/42.0"
31.46.246.236 - - [05/Dec/2015:15:46:35 +0100] "GET /favicon.ico HTTP/1.1" 404 1181 "-" "Mozilla/5.0 (Windows NT 6.2; WOW64; rv:42.0) Gecko/20100101 Firefox/42.0"
31.46.246.236 - - [05/Dec/2015:15:46:35 +0100] "GET /favicon.ico HTTP/1.1" 404 1181 "-" "Mozilla/5.0 (Windows NT 6.2; WOW64; rv:42.0) Gecko/20100101 Firefox/42.0"
82.131.179.39 - - [05/Dec/2015:15:54:37 +0100] "GET /images/vasutterkep_n.jpg HTTP/1.1" 200 4702972 "-" "Mozilla/5.0 (Windows NT 6.1; WOW64; rv:42.0) Gecko/20100101 Firefox/42.0"
82.131.179.39 - - [05/Dec/2015:15:54:37 +0100] "GET /favicon.ico HTTP/1.1" 404 1181 "-" "Mozilla/5.0 (Windows NT 6.1; WOW64; rv:42.0) Gecko/20100101 Firefox/42.0"
82.131.179.39 - - [05/Dec/2015:15:54:37 +0100] "GET /favicon.ico HTTP/1.1" 404 1181 "-" "Mozilla/5.0 (Windows NT 6.1; WOW64; rv:42.0) Gecko/20100101 Firefox/42.0"
193.224.234.53 - - [05/Dec/2015:16:01:31 +0100] "GET /images/vasutterkep_n.jpg HTTP/1.1" 200 856445 "https://www.google.hu/" "Mozilla/5.0 (Windows NT 6.2; WOW64) AppleWebKit/537.36 (KHTML, like Gecko) Chrome/47.0.2526.73 Safari/537.36"
188.143.80.174 - - [05/Dec/2015:16:01:50 +0100] "GET /hirlevel/images/0912a.jpg HTTP/1.1" 200 39999 "https://www.google.hu/" "Mozilla/5.0 (Windows NT 6.1; WOW64) AppleWebKit/537.36 (KHTML, like Gecko) Chrome/47.0.2526.73 Safari/537.36"
188.6.108.220 - - [05/Dec/2015:16:03:50 +0100] "GET /images/vasutterkep_n.jpg HTTP/1.1" 200 4702972 "-" "Mozilla/5.0 (Linux; Android 4.4.4; SM-G357FZ Build/KTU84P) AppleWebKit/537.36 (KHTML, like Gecko) Version/4.0 Chrome/33.0.0.0 Mobile Safari/537.36 GSA/5.5.29.19.arm"
66.249.78.11 - - [05/Dec/2015:16:12:51 +0100] "GET /www.rakoskert.hu HTTP/1.1" 404 1181 "-" "Mozilla/5.0 (compatible; Googlebot/2.1; +http://www.google.com/bot.html)"
46.139.110.138 - - [05/Dec/2015:16:13:46 +0100] "GET /images/vasutterkep_n.jpg HTTP/1.1" 200 4702972 "https://www.google.hu/" "Mozilla/5.0 (Windows NT 10.0; WOW64) AppleWebKit/537.36 (KHTML, like Gecko) Chrome/47.0.2526.73 Safari/537.36"
66.249.78.11 - - [05/Dec/2015:16:19:49 +0100] "GET /doc/meszaros_peter.ppt HTTP/1.1" 200 75776 "-" "Mozilla/5.0 (compatible; Googlebot/2.1; +http://www.google.com/bot.html)"
5.204.68.57 - - [05/Dec/2015:16:21:24 +0100] "GET /hirlevel/images/1101_b.jpg HTTP/1.1" 200 96584 "https://www.google.hu/" "Mozilla/5.0 (Windows NT 6.1; WOW64) AppleWebKit/537.36 (KHTML, like Gecko) Chrome/47.0.2526.73 Safari/537.36"
66.249.78.11 - - [05/Dec/2015:16:21:28 +0100] "GET /hirlevel/images/1007f.jpg HTTP/1.1" 304 - "-" "Googlebot-Image/1.0"
46.139.88.254 - - [05/Dec/2015:16:26:09 +0100] "GET /images/vasutterkep_n.jpg HTTP/1.1" 200 4702972 "https://www.google.hu" "Mozilla/5.0 (Windows NT 6.3; WOW64; rv:42.0) Gecko/20100101 Firefox/42.0"
185.10.125.164 - - [05/Dec/2015:16:34:35 +0100] "GET /images/vasutterkep_n.jpg HTTP/1.1" 200 4702972 "https://www.google.hu/" "Mozilla/5.0 (Linux; Android 5.0.1; LG-H340n Build/LRX21Y) AppleWebKit/537.36 (KHTML, like Gecko) Chrome/43.0.2357.93 Mobile Safari/537.36"
66.249.78.25 - - [05/Dec/2015:16:37:02 +0100] "GET /hirlevel/images/1006b.jpg HTTP/1.1" 304 - "-" "Googlebot-Image/1.0"
66.249.78.18 - - [05/Dec/2015:16:44:55 +0100] "GET /hirlevel/images/1006a.jpg HTTP/1.1" 304 - "-" "Googlebot-Image/1.0"
86.126.194.45 - - [05/Dec/2015:16:44:55 +0100] "GET /images/vasutterkep_n.jpg HTTP/1.1" 200 4702972 "https://www.google.ro" "Mozilla/5.0 (Windows NT 6.1; rv:42.0) Gecko/20100101 Firefox/42.0"
66.249.78.83 - - [05/Dec/2015:16:50:41 +0100] "GET /robots.txt HTTP/1.1" 404 1181 "-" "Mozilla/5.0 (compatible; Googlebot/2.1; +http://www.google.com/bot.html)"
66.249.78.83 - - [05/Dec/2015:16:50:42 +0100] "GET /doc/media_070622.pdf HTTP/1.1" 404 1181 "-" "Mozilla/5.0 (compatible; Googlebot/2.1; +http://www.google.com/bot.html)"
66.249.69.1 - - [05/Dec/2015:16:52:38 +0100] "GET /hirlevel/images/1006g.jpg HTTP/1.1" 304 - "-" "Googlebot-Image/1.0"
91.36.169.16 - - [05/Dec/2015:16:59:17 +0100] "GET /images/vasutterkep_n.jpg HTTP/1.1" 200 4702972 "http://www.drehscheibe-online.de/foren/read.php?30,6756831" "Mozilla/5.0 (Windows NT 10.0; WOW64) AppleWebKit/537.36 (KHTML, like Gecko) Chrome/46.0.2490.86 Safari/537.36 OPR/33.0.1990.115"
91.36.169.16 - - [05/Dec/2015:16:59:31 +0100] "GET /favicon.ico HTTP/1.1" 404 1181 "http://www.mkk.zpok.hu/images/vasutterkep_n.jpg" "Mozilla/5.0 (Windows NT 10.0; WOW64) AppleWebKit/537.36 (KHTML, like Gecko) Chrome/46.0.2490.86 Safari/537.36 OPR/33.0.1990.115"
145.236.119.96 - - [05/Dec/2015:17:08:51 +0100] "GET /images/vasutterkep_n.jpg HTTP/1.1" 200 4702972 "https://www.google.hu/" "Mozilla/5.0 (Windows NT 6.3; WOW64) AppleWebKit/537.36 (KHTML, like Gecko) Chrome/47.0.2526.73 Safari/537.36"
66.249.78.76 - - [05/Dec/2015:17:15:20 +0100] "GET /hirek.xml HTTP/1.1" 304 - "-" "Mozilla/5.0 (compatible; Googlebot/2.1; +http://www.google.com/bot.html)"
66.249.78.18 - - [05/Dec/2015:17:16:02 +0100] "GET /hirlevel/images/1006d.jpg HTTP/1.1" 304 - "-" "Googlebot-Image/1.0"
66.249.78.25 - - [05/Dec/2015:17:35:50 +0100] "GET /doc/mkk_plakat_rgb.pdf HTTP/1.1" 200 406491 "-" "Mozilla/5.0 (compatible; Googlebot/2.1; +http://www.google.com/bot.html)"
77.110.162.99 - - [05/Dec/2015:17:43:12 +0100] "GET /images/vasutterkep_n.jpg HTTP/1.1" 200 3451916 "https://www.google.hu/" "Mozilla/5.0 (Windows NT 10.0; WOW64) AppleWebKit/537.36 (KHTML, like Gecko) Chrome/47.0.2526.73 Safari/537.36"
77.110.162.99 - - [05/Dec/2015:17:44:08 +0100] "GET /images/vasutterkep_n.jpg HTTP/1.1" 206 1 "https://www.google.hu/" "Mozilla/5.0 (Windows NT 10.0; WOW64) AppleWebKit/537.36 (KHTML, like Gecko) Chrome/47.0.2526.73 Safari/537.36"
77.110.162.99 - - [05/Dec/2015:17:44:09 +0100] "GET /images/vasutterkep_n.jpg HTTP/1.1" 206 1394296 "https://www.google.hu/" "Mozilla/5.0 (Windows NT 10.0; WOW64) AppleWebKit/537.36 (KHTML, like Gecko) Chrome/47.0.2526.73 Safari/537.36"
66.249.78.11 - - [05/Dec/2015:18:10:37 +0100] "GET /hirlevel/godollo.jpg HTTP/1.1" 304 - "-" "Googlebot-Image/1.0"
94.21.192.94 - - [05/Dec/2015:18:26:03 +0100] "GET /hirlevel/images/1010a.jpg HTTP/1.1" 200 52624 "https://www.google.hu" "Mozilla/5.0 (Windows NT 6.1; WOW64; rv:42.0) Gecko/20100101 Firefox/42.0"
94.21.192.94 - - [05/Dec/2015:18:26:05 +0100] "GET /hirlevel/vonattal1010_1.htm HTTP/1.1" 200 29761 "https://www.google.hu" "Mozilla/5.0 (Windows NT 6.1; WOW64; rv:42.0) Gecko/20100101 Firefox/42.0"
94.21.192.94 - - [05/Dec/2015:18:26:06 +0100] "GET /hirlevel/images/kvvm_1.jpg HTTP/1.1" 200 11772 "http://mkk.zpok.hu/hirlevel/vonattal1010_1.htm" "Mozilla/5.0 (Windows NT 6.1; WOW64; rv:42.0) Gecko/20100101 Firefox/42.0"
94.21.192.94 - - [05/Dec/2015:18:26:06 +0100] "GET /hirlevel/images/nfu_logo_1.jpg HTTP/1.1" 200 8192 "http://mkk.zpok.hu/hirlevel/vonattal1010_1.htm" "Mozilla/5.0 (Windows NT 6.1; WOW64; rv:42.0) Gecko/20100101 Firefox/42.0"
94.21.192.94 - - [05/Dec/2015:18:26:06 +0100] "GET /hirlevel/images/demnet_1.jpg HTTP/1.1" 200 11355 "http://mkk.zpok.hu/hirlevel/vonattal1010_1.htm" "Mozilla/5.0 (Windows NT 6.1; WOW64; rv:42.0) Gecko/20100101 Firefox/42.0"
94.21.192.94 - - [05/Dec/2015:18:26:06 +0100] "GET /hirlevel/images/autonomia_1.jpg HTTP/1.1" 200 11433 "http://mkk.zpok.hu/hirlevel/vonattal1010_1.htm" "Mozilla/5.0 (Windows NT 6.1; WOW64; rv:42.0) Gecko/20100101 Firefox/42.0"
94.21.192.94 - - [05/Dec/2015:18:26:06 +0100] "GET /hirlevel/images/okotars_1.jpg HTTP/1.1" 200 8192 "http://mkk.zpok.hu/hirlevel/vonattal1010_1.htm" "Mozilla/5.0 (Windows NT 6.1; WOW64; rv:42.0) Gecko/20100101 Firefox/42.0"
94.21.192.94 - - [05/Dec/2015:18:26:06 +0100] "GET /hirlevel/images/vonattal.swf HTTP/1.1" 200 697 "http://mkk.zpok.hu/hirlevel/vonattal1010_1.htm" "Mozilla/5.0 (Windows NT 6.1; WOW64; rv:42.0) Gecko/20100101 Firefox/42.0"
94.21.192.94 - - [05/Dec/2015:18:26:06 +0100] "GET /hirlevel/images/karpatok_1.jpg HTTP/1.1" 200 11811 "http://mkk.zpok.hu/hirlevel/vonattal1010_1.htm" "Mozilla/5.0 (Windows NT 6.1; WOW64; rv:42.0) Gecko/20100101 Firefox/42.0"
94.21.192.94 - - [05/Dec/2015:18:26:06 +0100] "GET /hirlevel/images/eea_1.jpg HTTP/1.1" 200 16669 "http://mkk.zpok.hu/hirlevel/vonattal1010_1.htm" "Mozilla/5.0 (Windows NT 6.1; WOW64; rv:42.0) Gecko/20100101 Firefox/42.0"
94.21.192.94 - - [05/Dec/2015:18:26:06 +0100] "GET /hirlevel/images/norway_1.jpg HTTP/1.1" 200 17420 "http://mkk.zpok.hu/hirlevel/vonattal1010_1.htm" "Mozilla/5.0 (Windows NT 6.1; WOW64; rv:42.0) Gecko/20100101 Firefox/42.0"
94.21.192.94 - - [05/Dec/2015:18:26:06 +0100] "GET /hirlevel/images/nca_logo_1.jpg HTTP/1.1" 200 189245 "http://mkk.zpok.hu/hirlevel/vonattal1010_1.htm" "Mozilla/5.0 (Windows NT 6.1; WOW64; rv:42.0) Gecko/20100101 Firefox/42.0"
94.21.192.94 - - [05/Dec/2015:18:26:07 +0100] "GET /favicon.ico HTTP/1.1" 404 1181 "-" "Mozilla/5.0 (Windows NT 6.1; WOW64; rv:42.0) Gecko/20100101 Firefox/42.0"
94.21.192.94 - - [05/Dec/2015:18:26:07 +0100] "GET /favicon.ico HTTP/1.1" 404 1181 "-" "Mozilla/5.0 (Windows NT 6.1; WOW64; rv:42.0) Gecko/20100101 Firefox/42.0"
