80.98.34.163 - - [14/Dec/2015:21:31:03 +0100] "GET /hirlevel/majdan_janos_a_kozlekedes_tortenete_nagy_laszlo.pdf HTTP/1.1" 200 77184 "https://www.google.hu" "Mozilla/5.0 (Windows NT 6.1; WOW64; rv:42.0) Gecko/20100101 Firefox/42.0"
66.249.66.134 - - [14/Dec/2015:21:33:01 +0100] "GET /www.kvte.hu HTTP/1.1" 404 1181 "-" "Mozilla/5.0 (compatible; Googlebot/2.1; +http://www.google.com/bot.html)"
188.142.242.62 - - [14/Dec/2015:21:55:15 +0100] "GET / HTTP/1.1" 200 1178 "http://kettosmerce.blog.hu/2015/12/14/tarlos_tomegkozlekedessel_megy_vissza_a_multba" "Mozilla/5.0 (Macintosh; Intel Mac OS X 10.10; rv:42.0) Gecko/20100101 Firefox/42.0"
188.142.242.62 - - [14/Dec/2015:21:55:15 +0100] "GET /index.swf HTTP/1.1" 200 1451868 "http://mkk.zpok.hu/" "Mozilla/5.0 (Macintosh; Intel Mac OS X 10.10; rv:42.0) Gecko/20100101 Firefox/42.0"
188.142.242.62 - - [14/Dec/2015:21:55:15 +0100] "GET /favicon.ico HTTP/1.1" 404 1181 "-" "Mozilla/5.0 (Macintosh; Intel Mac OS X 10.10; rv:42.0) Gecko/20100101 Firefox/42.0"
188.142.242.62 - - [14/Dec/2015:21:55:15 +0100] "GET /favicon.ico HTTP/1.1" 404 1181 "-" "Mozilla/5.0 (Macintosh; Intel Mac OS X 10.10; rv:42.0) Gecko/20100101 Firefox/42.0"
188.142.242.62 - - [14/Dec/2015:21:55:23 +0100] "GET /popupsys%20elemei/main.txt HTTP/1.1" 200 342 "http://mkk.zpok.hu/index.swf" "Mozilla/5.0 (Macintosh; Intel Mac OS X 10.10; rv:42.0) Gecko/20100101 Firefox/42.0"
188.142.242.62 - - [14/Dec/2015:21:55:23 +0100] "GET /hirek.xml HTTP/1.1" 200 50012 "http://mkk.zpok.hu/index.swf" "Mozilla/5.0 (Macintosh; Intel Mac OS X 10.10; rv:42.0) Gecko/20100101 Firefox/42.0"
157.55.39.250 - - [14/Dec/2015:22:01:21 +0100] "GET /robots.txt HTTP/1.1" 404 1181 "-" "Mozilla/5.0 (compatible; bingbot/2.0; +http://www.bing.com/bingbot.htm)"
157.55.39.250 - - [14/Dec/2015:22:01:27 +0100] "GET /hirlevel/jardapalyazat_201410.pdf HTTP/1.1" 200 75354 "-" "Mozilla/5.0 (iPhone; CPU iPhone OS 7_0 like Mac OS X) AppleWebKit/537.51.1 (KHTML, like Gecko) Version/7.0 Mobile/11A465 Safari/9537.53 (compatible; bingbot/2.0; http://www.bing.com/bingbot.htm)"
46.139.58.225 - - [14/Dec/2015:22:03:11 +0100] "GET / HTTP/1.1" 200 1178 "http://kettosmerce.blog.hu/2015/12/14/tarlos_tomegkozlekedessel_megy_vissza_a_multba" "Mozilla/5.0 (Windows NT 10.0; Win64; x64) AppleWebKit/537.36 (KHTML, like Gecko) Chrome/42.0.2311.135 Safari/537.36 Edge/12.10240"
46.139.58.225 - - [14/Dec/2015:22:03:11 +0100] "GET /favicon.ico HTTP/1.1" 404 1181 "-" "Mozilla/5.0 (Windows NT 10.0; Win64; x64) AppleWebKit/537.36 (KHTML, like Gecko) Chrome/42.0.2311.135 Safari/537.36 Edge/12.10240"
46.139.58.225 - - [14/Dec/2015:22:03:12 +0100] "GET /index.swf HTTP/1.1" 200 1451868 "http://mkk.zpok.hu/" "Mozilla/5.0 (Windows NT 10.0; Win64; x64) AppleWebKit/537.36 (KHTML, like Gecko) Chrome/42.0.2311.135 Safari/537.36 Edge/12.10240"
46.139.58.225 - - [14/Dec/2015:22:03:21 +0100] "GET /popupsys%20elemei/main.txt HTTP/1.1" 200 342 "http://mkk.zpok.hu/index.swf" "Mozilla/5.0 (Windows NT 10.0; Win64; x64) AppleWebKit/537.36 (KHTML, like Gecko) Chrome/42.0.2311.135 Safari/537.36 Edge/12.10240"
46.139.58.225 - - [14/Dec/2015:22:03:22 +0100] "GET /hirek.xml HTTP/1.1" 200 50012 "http://mkk.zpok.hu/index.swf" "Mozilla/5.0 (Windows NT 10.0; Win64; x64) AppleWebKit/537.36 (KHTML, like Gecko) Chrome/42.0.2311.135 Safari/537.36 Edge/12.10240"
46.139.58.225 - - [14/Dec/2015:22:03:37 +0100] "GET /doc/b2_2012_03.pdf HTTP/1.1" 200 66772 "http://mkk.zpok.hu/" "Mozilla/5.0 (Windows NT 10.0; Win64; x64) AppleWebKit/537.36 (KHTML, like Gecko) Chrome/42.0.2311.135 Safari/537.36 Edge/12.10240"
46.139.58.225 - - [14/Dec/2015:22:03:37 +0100] "GET /favicon.ico HTTP/1.1" 404 1181 "-" "Mozilla/5.0 (Windows NT 10.0; Win64; x64) AppleWebKit/537.36 (KHTML, like Gecko) Chrome/42.0.2311.135 Safari/537.36 Edge/12.10240"
46.139.58.225 - - [14/Dec/2015:22:03:38 +0100] "GET /doc/b2_2012_03.pdf HTTP/1.1" 206 1066247 "-" "Mozilla/5.0 (Windows NT 10.0; Win64; x64) AppleWebKit/537.36 (KHTML, like Gecko) Chrome/42.0.2311.135 Safari/537.36 Edge/12.10240"
46.139.58.225 - - [14/Dec/2015:22:03:38 +0100] "GET /doc/b2_2012_03.pdf HTTP/1.1" 304 - "-" "Mozilla/5.0 (Windows NT 10.0; Win64; x64) AppleWebKit/537.36 (KHTML, like Gecko) Chrome/42.0.2311.135 Safari/537.36 Edge/12.10240"
84.1.221.6 - - [14/Dec/2015:22:15:40 +0100] "GET /hirlevel/images/1107_e.jpg HTTP/1.1" 200 135338 "https://www.google.hu" "Mozilla/5.0 (Windows NT 5.1; rv:42.0) Gecko/20100101 Firefox/42.0"
37.140.141.38 - - [14/Dec/2015:22:21:51 +0100] "GET /robots.txt HTTP/1.1" 404 1181 "-" "Mozilla/5.0 (compatible; YandexBot/3.0; +http://yandex.com/bots)"
37.140.141.38 - - [14/Dec/2015:22:22:05 +0100] "GET /index.swf HTTP/1.1" 200 1451868 "-" "Mozilla/5.0 (compatible; YandexBot/3.0; +http://yandex.com/bots)"
66.249.66.134 - - [14/Dec/2015:22:45:15 +0100] "GET /hirlevel/vonattal1107.htm HTTP/1.1" 200 26917 "-" "Mozilla/5.0 (compatible; Googlebot/2.1; +http://www.google.com/bot.html)"
80.99.109.150 - - [14/Dec/2015:22:45:41 +0100] "GET /images/vasutterkep_n.jpg HTTP/1.1" 200 3528564 "https://www.google.hu/" "Mozilla/5.0 (Windows NT 6.1; WOW64) AppleWebKit/537.36 (KHTML, like Gecko) Chrome/47.0.2526.80 Safari/537.36"
80.99.109.150 - - [14/Dec/2015:22:45:45 +0100] "GET /images/vasutterkep_n.jpg HTTP/1.1" 206 1 "https://www.google.hu/" "Mozilla/5.0 (Windows NT 6.1; WOW64) AppleWebKit/537.36 (KHTML, like Gecko) Chrome/47.0.2526.80 Safari/537.36"
80.99.109.150 - - [14/Dec/2015:22:45:46 +0100] "GET /images/vasutterkep_n.jpg HTTP/1.1" 206 1283176 "https://www.google.hu/" "Mozilla/5.0 (Windows NT 6.1; WOW64) AppleWebKit/537.36 (KHTML, like Gecko) Chrome/47.0.2526.80 Safari/537.36"
80.99.109.150 - - [14/Dec/2015:22:45:46 +0100] "GET /favicon.ico HTTP/1.1" 404 1181 "http://www.mkk.zpok.hu/images/vasutterkep_n.jpg" "Mozilla/5.0 (Windows NT 6.1; WOW64) AppleWebKit/537.36 (KHTML, like Gecko) Chrome/47.0.2526.80 Safari/537.36"
93.222.136.60 - - [14/Dec/2015:22:51:44 +0100] "GET /images/vasutterkep_n.jpg HTTP/1.1" 200 4702972 "http://www.bing.com/images/search?q=bahnstrecken+deutschland+karte&view=detailv2&&id=E576FB6850EAFE8B209350BA11A34077BB4247C9&selectedIndex=11&ccid=jKKd6IsK&simid=608052909052070423&thid=OIP.M8ca29de88b0aefba970b68b0e0bc809eo0&mode=overlay" "Mozilla/5.0 (Windows NT 6.3; Win64; x64; Trident/7.0; MAARJS; rv:11.0) like Gecko"
180.76.15.16 - - [14/Dec/2015:22:59:19 +0100] "GET / HTTP/1.1" 200 1178 "-" "Mozilla/5.0 (compatible; Baiduspider/2.0; +http://www.baidu.com/search/spider.html)"
66.249.66.188 - - [14/Dec/2015:23:06:17 +0100] "GET /doc/0420_program_uj.pdf HTTP/1.1" 200 257505 "-" "Mozilla/5.0 (compatible; Googlebot/2.1; +http://www.google.com/bot.html)"
66.249.66.134 - - [14/Dec/2015:23:13:19 +0100] "GET /doc/mh_tiszato2008.pdf HTTP/1.1" 200 1619524 "-" "Mozilla/5.0 (compatible; Googlebot/2.1; +http://www.google.com/bot.html)"
40.77.167.93 - - [14/Dec/2015:23:13:47 +0100] "GET /robots.txt HTTP/1.1" 404 1181 "-" "Mozilla/5.0 (compatible; bingbot/2.0; +http://www.bing.com/bingbot.htm)"
40.77.167.93 - - [14/Dec/2015:23:17:28 +0100] "GET /doc/szecseny_04.pdf HTTP/1.1" 200 70592 "-" "Mozilla/5.0 (iPhone; CPU iPhone OS 7_0 like Mac OS X) AppleWebKit/537.51.1 (KHTML, like Gecko) Version/7.0 Mobile/11A465 Safari/9537.53 (compatible; bingbot/2.0; http://www.bing.com/bingbot.htm)"
68.180.228.34 - - [14/Dec/2015:23:17:47 +0100] "GET /index.swf HTTP/1.1" 200 622592 "-" "Mozilla/5.0 (compatible; Yahoo! Slurp; http://help.yahoo.com/help/us/ysearch/slurp)"
78.238.33.144 - - [14/Dec/2015:23:19:04 +0100] "GET /images/vasutterkep_n.jpg HTTP/1.1" 200 2302200 "https://www.google.fr/" "Mozilla/5.0 (Linux; Android 5.1.1; D5803 Build/23.4.A.1.264) AppleWebKit/537.36 (KHTML, like Gecko) Chrome/47.0.2526.83 Mobile Safari/537.36"
84.1.193.204 - - [14/Dec/2015:23:27:58 +0100] "GET / HTTP/1.1" 200 1178 "http://kettosmerce.blog.hu/2015/12/14/tarlos_tomegkozlekedessel_megy_vissza_a_multba" "Mozilla/5.0 (X11; Ubuntu; Linux x86_64; rv:42.0) Gecko/20100101 Firefox/42.0"
84.1.193.204 - - [14/Dec/2015:23:28:00 +0100] "GET /index.swf HTTP/1.1" 200 1451868 "http://mkk.zpok.hu/" "Mozilla/5.0 (X11; Ubuntu; Linux x86_64; rv:42.0) Gecko/20100101 Firefox/42.0"
84.1.193.204 - - [14/Dec/2015:23:28:00 +0100] "GET /favicon.ico HTTP/1.1" 404 1181 "-" "Mozilla/5.0 (X11; Ubuntu; Linux x86_64; rv:42.0) Gecko/20100101 Firefox/42.0"
84.1.193.204 - - [14/Dec/2015:23:28:07 +0100] "GET /popupsys%20elemei/main.txt HTTP/1.1" 200 342 "http://mkk.zpok.hu/index.swf" "Mozilla/5.0 (X11; Ubuntu; Linux x86_64; rv:42.0) Gecko/20100101 Firefox/42.0"
84.1.193.204 - - [14/Dec/2015:23:28:07 +0100] "GET /hirek.xml HTTP/1.1" 200 50012 "http://mkk.zpok.hu/index.swf" "Mozilla/5.0 (X11; Ubuntu; Linux x86_64; rv:42.0) Gecko/20100101 Firefox/42.0"
68.180.228.34 - - [14/Dec/2015:23:38:34 +0100] "GET /doc/gadorosiallomasszepites_%20201207.pdf HTTP/1.1" 200 5382144 "-" "Mozilla/5.0 (compatible; Yahoo! Slurp; http://help.yahoo.com/help/us/ysearch/slurp)"
68.180.228.34 - - [14/Dec/2015:23:39:17 +0100] "GET /hirlevel/vonattal1501.html HTTP/1.1" 304 - "-" "Mozilla/5.0 (compatible; Yahoo! Slurp; http://help.yahoo.com/help/us/ysearch/slurp)"
68.180.229.230 - - [15/Dec/2015:00:04:59 +0100] "GET /robots.txt HTTP/1.1" 404 1181 "-" "Mozilla/5.0 (compatible; Yahoo! Slurp; http://help.yahoo.com/help/us/ysearch/slurp)"
68.180.229.230 - - [15/Dec/2015:00:05:00 +0100] "GET /doc/mkk_allasfogl070622.pdf HTTP/1.1" 200 62326 "-" "Mozilla/5.0 (compatible; Yahoo! Slurp; http://help.yahoo.com/help/us/ysearch/slurp)"
77.111.90.197 - - [15/Dec/2015:00:05:12 +0100] "GET / HTTP/1.1" 200 1178 "-" "Mozilla/5.0 (Windows NT 6.1; WOW64) AppleWebKit/537.36 (KHTML, like Gecko) Chrome/46.0.2490.71 Safari/537.36"
77.111.90.197 - - [15/Dec/2015:00:05:12 +0100] "GET / HTTP/1.0" 200 1178 "-" "-"
46.107.227.134 - - [15/Dec/2015:00:07:42 +0100] "GET /hirlevel/images/1410_a.jpg HTTP/1.1" 200 42627 "https://www.google.com.ua/" "Mozilla/5.0 (Windows NT 6.1) AppleWebKit/537.36 (KHTML, like Gecko) Chrome/47.0.2526.73 Safari/537.36 OPR/34.0.2036.25"
46.107.227.134 - - [15/Dec/2015:00:07:44 +0100] "GET /hirlevel/vonattal1410.html HTTP/1.1" 200 34691 "https://www.google.com.ua/" "Mozilla/5.0 (Windows NT 6.1) AppleWebKit/537.36 (KHTML, like Gecko) Chrome/47.0.2526.73 Safari/537.36 OPR/34.0.2036.25"
46.107.227.134 - - [15/Dec/2015:00:07:45 +0100] "GET /hirlevel/NCTA_tamogato_es_lebonyolito_logosor.jpg HTTP/1.1" 200 22139 "http://mkk.zpok.hu/hirlevel/vonattal1410.html" "Mozilla/5.0 (Windows NT 6.1) AppleWebKit/537.36 (KHTML, like Gecko) Chrome/47.0.2526.73 Safari/537.36 OPR/34.0.2036.25"
46.107.227.134 - - [15/Dec/2015:00:07:45 +0100] "GET /hirlevel/images/1410_f.jpg HTTP/1.1" 200 33052 "http://mkk.zpok.hu/hirlevel/vonattal1410.html" "Mozilla/5.0 (Windows NT 6.1) AppleWebKit/537.36 (KHTML, like Gecko) Chrome/47.0.2526.73 Safari/537.36 OPR/34.0.2036.25"
46.107.227.134 - - [15/Dec/2015:00:07:45 +0100] "GET /hirlevel/images/1410_b.jpg HTTP/1.1" 200 24544 "http://mkk.zpok.hu/hirlevel/vonattal1410.html" "Mozilla/5.0 (Windows NT 6.1) AppleWebKit/537.36 (KHTML, like Gecko) Chrome/47.0.2526.73 Safari/537.36 OPR/34.0.2036.25"
46.107.227.134 - - [15/Dec/2015:00:07:45 +0100] "GET /hirlevel/images/1410_c.jpg HTTP/1.1" 200 19462 "http://mkk.zpok.hu/hirlevel/vonattal1410.html" "Mozilla/5.0 (Windows NT 6.1) AppleWebKit/537.36 (KHTML, like Gecko) Chrome/47.0.2526.73 Safari/537.36 OPR/34.0.2036.25"
46.107.227.134 - - [15/Dec/2015:00:07:45 +0100] "GET /hirlevel/images/1410_g.jpg HTTP/1.1" 200 27691 "http://mkk.zpok.hu/hirlevel/vonattal1410.html" "Mozilla/5.0 (Windows NT 6.1) AppleWebKit/537.36 (KHTML, like Gecko) Chrome/47.0.2526.73 Safari/537.36 OPR/34.0.2036.25"
46.107.227.134 - - [15/Dec/2015:00:07:45 +0100] "GET /hirlevel/images/1410_d.jpg HTTP/1.1" 200 56099 "http://mkk.zpok.hu/hirlevel/vonattal1410.html" "Mozilla/5.0 (Windows NT 6.1) AppleWebKit/537.36 (KHTML, like Gecko) Chrome/47.0.2526.73 Safari/537.36 OPR/34.0.2036.25"
46.107.227.134 - - [15/Dec/2015:00:07:45 +0100] "GET /hirlevel/images/komaromi_erdo.jpg HTTP/1.1" 200 38195 "http://mkk.zpok.hu/hirlevel/vonattal1410.html" "Mozilla/5.0 (Windows NT 6.1) AppleWebKit/537.36 (KHTML, like Gecko) Chrome/47.0.2526.73 Safari/537.36 OPR/34.0.2036.25"
46.107.227.134 - - [15/Dec/2015:00:07:45 +0100] "GET /hirlevel/images/1410_e.jpg HTTP/1.1" 200 58143 "http://mkk.zpok.hu/hirlevel/vonattal1410.html" "Mozilla/5.0 (Windows NT 6.1) AppleWebKit/537.36 (KHTML, like Gecko) Chrome/47.0.2526.73 Safari/537.36 OPR/34.0.2036.25"
46.107.227.134 - - [15/Dec/2015:00:07:45 +0100] "GET /hirlevel/images/1410_h.jpg HTTP/1.1" 200 23784 "http://mkk.zpok.hu/hirlevel/vonattal1410.html" "Mozilla/5.0 (Windows NT 6.1) AppleWebKit/537.36 (KHTML, like Gecko) Chrome/47.0.2526.73 Safari/537.36 OPR/34.0.2036.25"
46.107.227.134 - - [15/Dec/2015:00:07:45 +0100] "GET /hirlevel/images/hajdusamson.jpg HTTP/1.1" 200 47572 "http://mkk.zpok.hu/hirlevel/vonattal1410.html" "Mozilla/5.0 (Windows NT 6.1) AppleWebKit/537.36 (KHTML, like Gecko) Chrome/47.0.2526.73 Safari/537.36 OPR/34.0.2036.25"
46.107.227.134 - - [15/Dec/2015:00:07:46 +0100] "GET /hirlevel/images/1410_i.jpg HTTP/1.1" 200 64133 "http://mkk.zpok.hu/hirlevel/vonattal1410.html" "Mozilla/5.0 (Windows NT 6.1) AppleWebKit/537.36 (KHTML, like Gecko) Chrome/47.0.2526.73 Safari/537.36 OPR/34.0.2036.25"
46.107.227.134 - - [15/Dec/2015:00:07:46 +0100] "GET /hirlevel/images/1410_u.jpg HTTP/1.1" 200 248000 "http://mkk.zpok.hu/hirlevel/vonattal1410.html" "Mozilla/5.0 (Windows NT 6.1) AppleWebKit/537.36 (KHTML, like Gecko) Chrome/47.0.2526.73 Safari/537.36 OPR/34.0.2036.25"
46.107.227.134 - - [15/Dec/2015:00:07:46 +0100] "GET /hirlevel/images/vonattal.swf HTTP/1.1" 200 697 "http://mkk.zpok.hu/hirlevel/vonattal1410.html" "Mozilla/5.0 (Windows NT 6.1) AppleWebKit/537.36 (KHTML, like Gecko) Chrome/47.0.2526.73 Safari/537.36 OPR/34.0.2036.25"
46.107.227.134 - - [15/Dec/2015:00:07:47 +0100] "GET /favicon.ico HTTP/1.1" 404 1181 "http://mkk.zpok.hu/hirlevel/vonattal1410.html" "Mozilla/5.0 (Windows NT 6.1) AppleWebKit/537.36 (KHTML, like Gecko) Chrome/47.0.2526.73 Safari/537.36 OPR/34.0.2036.25"
75.98.9.249 - - [15/Dec/2015:00:07:50 +0100] "GET /robots.txt HTTP/1.1" 404 1181 "-" "Mozilla/5.0 (compatible; NetSeer crawler/2.0; +http://www.netseer.com/crawler.html; crawler@netseer.com)"
75.98.9.249 - - [15/Dec/2015:00:07:50 +0100] "GET / HTTP/1.1" 200 1178 "-" "Mozilla/5.0 (compatible; NetSeer crawler/2.0; +http://www.netseer.com/crawler.html; crawler@netseer.com)"
66.249.66.134 - - [15/Dec/2015:00:16:25 +0100] "GET /hirlevel/vasuttal0711.htm HTTP/1.1" 200 14258 "-" "Mozilla/5.0 (compatible; Googlebot/2.1; +http://www.google.com/bot.html)"
180.76.15.20 - - [15/Dec/2015:00:20:53 +0100] "GET /doc/barkorichard_0706222.pdf HTTP/1.1" 200 67772 "-" "Mozilla/5.0 (compatible; Baiduspider/2.0; +http://www.baidu.com/search/spider.html)"
68.180.228.34 - - [15/Dec/2015:00:55:09 +0100] "GET /robots.txt HTTP/1.1" 404 1181 "-" "Mozilla/5.0 (compatible; Yahoo! Slurp; http://help.yahoo.com/help/us/ysearch/slurp)"
68.180.228.34 - - [15/Dec/2015:00:55:10 +0100] "GET /doc/MKKE_2014_OBHGEPI_PK_142_1425021032546.pdf HTTP/1.1" 304 - "-" "Mozilla/5.0 (compatible; Yahoo! Slurp; http://help.yahoo.com/help/us/ysearch/slurp)"
68.180.228.34 - - [15/Dec/2015:01:00:42 +0100] "GET /hirlevel/vonattal1408.html HTTP/1.1" 304 - "-" "Mozilla/5.0 (compatible; Yahoo! Slurp; http://help.yahoo.com/help/us/ysearch/slurp)"
66.249.66.129 - - [15/Dec/2015:01:21:55 +0100] "GET /doc/takaritonap_1009.pdf HTTP/1.1" 200 2455028 "-" "Mozilla/5.0 (compatible; Googlebot/2.1; +http://www.google.com/bot.html)"
40.77.167.93 - - [15/Dec/2015:01:25:36 +0100] "GET /robots.txt HTTP/1.1" 404 1181 "-" "Mozilla/5.0 (compatible; bingbot/2.0; +http://www.bing.com/bingbot.htm)"
40.77.167.93 - - [15/Dec/2015:01:26:19 +0100] "GET /doc/emlekezteto_tatabanya_0327.pdf HTTP/1.1" 200 170585 "-" "Mozilla/5.0 (iPhone; CPU iPhone OS 7_0 like Mac OS X) AppleWebKit/537.51.1 (KHTML, like Gecko) Version/7.0 Mobile/11A465 Safari/9537.53 (compatible; bingbot/2.0; http://www.bing.com/bingbot.htm)"
68.180.228.34 - - [15/Dec/2015:01:39:09 +0100] "GET /hirlevel/emlekezteto_hevesvezekeny_201504.pdf HTTP/1.1" 200 192146 "-" "Mozilla/5.0 (compatible; Yahoo! Slurp; http://help.yahoo.com/help/us/ysearch/slurp)"
66.249.66.188 - - [15/Dec/2015:01:53:30 +0100] "GET /hirlevel/vonattal1010_1.htm HTTP/1.1" 304 - "-" "DoCoMo/2.0 N905i(c100;TB;W24H16) (compatible; Googlebot-Mobile/2.1; +http://www.google.com/bot.html)"
194.88.45.81 - - [15/Dec/2015:02:06:06 +0100] "GET /doc/mkk_eger_tanulmany_2014.pdf HTTP/1.1" 200 851104 "https://www.google.hu/" "Mozilla/5.0 (Windows NT 6.1) AppleWebKit/537.36 (KHTML, like Gecko) Chrome/47.0.2526.80 Safari/537.36"
194.88.45.81 - - [15/Dec/2015:02:06:06 +0100] "GET /favicon.ico HTTP/1.1" 404 1181 "http://mkk.zpok.hu/doc/mkk_eger_tanulmany_2014.pdf" "Mozilla/5.0 (Windows NT 6.1) AppleWebKit/537.36 (KHTML, like Gecko) Chrome/47.0.2526.80 Safari/537.36"
148.251.235.206 - - [15/Dec/2015:02:37:52 +0100] "GET /doc/vasutbezarasok_200710.pdf HTTP/1.1" 200 73986 "http://mkk.zpok.hu/doc/vasutbezarasok_200710.pdf" "Mozilla/5.0 (compatible; Googlebot/2.1; +http://www.google.com/bot.html)"
68.180.229.230 - - [15/Dec/2015:02:46:48 +0100] "GET /images/vasutterkep_n.jpg HTTP/1.1" 200 2080768 "-" "Mozilla/5.0 (compatible; Yahoo! Slurp; http://help.yahoo.com/help/us/ysearch/slurp)"
148.251.235.206 - - [15/Dec/2015:02:53:17 +0100] "GET /doc/eletet-a-vasutnak.pdf HTTP/1.1" 200 5085257 "http://www.mkk.zpok.hu/doc/eletet-a-vasutnak.pdf" "Mozilla/5.0 (compatible; Googlebot/2.1; +http://www.google.com/bot.html)"
123.125.71.90 - - [15/Dec/2015:03:16:01 +0100] "GET /doc/ideigl_vedettseg.pdf HTTP/1.1" 200 864830 "-" "Mozilla/5.0 (compatible; Baiduspider/2.0; +http://www.baidu.com/search/spider.html)"
88.80.21.122 - - [15/Dec/2015:03:18:03 +0100] "GET / HTTP/1.1" 200 1178 "-" "Mozilla/5.0 (Windows NT 6.3; WOW64) AppleWebKit/537.36 (KHTML, like Gecko) Chrome/38.0.2125.111 Safari/537.36"
180.76.15.17 - - [15/Dec/2015:03:19:46 +0100] "GET /doc/forumemlekezteto_0903.pdf HTTP/1.1" 200 176704 "-" "Mozilla/5.0 (compatible; Baiduspider/2.0; +http://www.baidu.com/search/spider.html)"
66.249.66.120 - - [15/Dec/2015:03:28:23 +0100] "GET /robots.txt HTTP/1.1" 404 1181 "-" "Mozilla/5.0 (compatible; Googlebot/2.1; +http://www.google.com/bot.html)"
66.249.66.122 - - [15/Dec/2015:03:28:24 +0100] "GET /doc/kozl-vb-bajnai_0912.pdf HTTP/1.1" 200 40525 "-" "Mozilla/5.0 (compatible; Googlebot/2.1; +http://www.google.com/bot.html)"
157.55.39.41 - - [15/Dec/2015:03:39:45 +0100] "GET /robots.txt HTTP/1.1" 404 1181 "-" "Mozilla/5.0 (compatible; bingbot/2.0; +http://www.bing.com/bingbot.htm)"
157.55.39.42 - - [15/Dec/2015:03:40:05 +0100] "GET /hirlevel/vonattal1206.htm HTTP/1.1" 200 47612 "-" "Mozilla/5.0 (iPhone; CPU iPhone OS 7_0 like Mac OS X) AppleWebKit/537.51.1 (KHTML, like Gecko) Version/7.0 Mobile/11A465 Safari/9537.53 (compatible; bingbot/2.0; http://www.bing.com/bingbot.htm)"
40.77.167.93 - - [15/Dec/2015:03:45:45 +0100] "GET /robots.txt HTTP/1.1" 404 1181 "-" "Mozilla/5.0 (compatible; bingbot/2.0; +http://www.bing.com/bingbot.htm)"
40.77.167.93 - - [15/Dec/2015:03:47:04 +0100] "GET /hirlevel/images/vonattal.swf HTTP/1.1" 200 697 "-" "Mozilla/5.0 (iPhone; CPU iPhone OS 7_0 like Mac OS X) AppleWebKit/537.51.1 (KHTML, like Gecko) Version/7.0 Mobile/11A465 Safari/9537.53 (compatible; bingbot/2.0; +http://www.bing.com/bingbot.htm)"
66.249.66.129 - - [15/Dec/2015:04:36:31 +0100] "GET /robots.txt HTTP/1.1" 404 1181 "-" "Mozilla/5.0 (compatible; Googlebot/2.1; +http://www.google.com/bot.html)"
66.249.66.134 - - [15/Dec/2015:04:36:31 +0100] "GET /doc/sajtonyilatkozat_tersegivasutak.pdf HTTP/1.1" 200 89934 "-" "Mozilla/5.0 (compatible; Googlebot/2.1; +http://www.google.com/bot.html)"
66.249.66.188 - - [15/Dec/2015:04:40:24 +0100] "GET /doc/tande_1012.pdf HTTP/1.1" 200 289952 "-" "Mozilla/5.0 (iPhone; CPU iPhone OS 8_3 like Mac OS X) AppleWebKit/600.1.4 (KHTML, like Gecko) Version/8.0 Mobile/12F70 Safari/600.1.4 (compatible; Googlebot/2.1; +http://www.google.com/bot.html)"
199.30.24.71 - - [15/Dec/2015:04:41:17 +0100] "GET /hirlevel/images/vonattal.swf HTTP/1.1" 200 697 "http://mkk.zpok.hu/hirlevel/images/vonattal.swf" "Mozilla/5.0 (iPhone; CPU iPhone OS 7_0 like Mac OS X) AppleWebKit/537.51.1 (KHTML, like Gecko) Version/7.0 Mobile/11A465 Safari/9537.53 BingPreview/1.0b"
66.249.66.120 - - [15/Dec/2015:04:41:32 +0100] "GET /doc/vasuttal-budapest-kornyeken.pdf HTTP/1.1" 404 1181 "-" "Mozilla/5.0 (compatible; Googlebot/2.1; +http://www.google.com/bot.html)"
66.249.66.134 - - [15/Dec/2015:04:46:10 +0100] "GET /doc/T&E_julius.pdf HTTP/1.1" 200 162782 "-" "Mozilla/5.0 (compatible; Googlebot/2.1; +http://www.google.com/bot.html)"
66.249.66.134 - - [15/Dec/2015:04:49:54 +0100] "GET /doc/belepesi_nyilatkozat_maganszemely.doc HTTP/1.1" 200 20480 "-" "Mozilla/5.0 (compatible; Googlebot/2.1; +http://www.google.com/bot.html)"
66.249.65.53 - - [15/Dec/2015:04:53:35 +0100] "GET /doc/T&E_majus2009.pdf HTTP/1.1" 200 66973 "-" "Mozilla/5.0 (compatible; Googlebot/2.1; +http://www.google.com/bot.html)"
66.249.66.134 - - [15/Dec/2015:04:57:10 +0100] "GET /doc/MKKE_2014_OBHGEPI_PK_142_1425021032546.pdf HTTP/1.1" 200 920605 "-" "Mozilla/5.0 (compatible; Googlebot/2.1; +http://www.google.com/bot.html)"
66.249.66.129 - - [15/Dec/2015:05:00:55 +0100] "GET /doc/T&E_junius2009.pdf HTTP/1.1" 200 68179 "-" "Mozilla/5.0 (compatible; Googlebot/2.1; +http://www.google.com/bot.html)"
157.55.39.79 - - [15/Dec/2015:05:01:50 +0100] "GET /robots.txt HTTP/1.1" 404 1181 "-" "Mozilla/5.0 (compatible; bingbot/2.0; +http://www.bing.com/bingbot.htm)"
157.55.39.79 - - [15/Dec/2015:05:02:14 +0100] "GET /doc/eletet-a-vasutnak.pdf HTTP/1.1" 200 5085257 "-" "Mozilla/5.0 (iPhone; CPU iPhone OS 7_0 like Mac OS X) AppleWebKit/537.51.1 (KHTML, like Gecko) Version/7.0 Mobile/11A465 Safari/9537.53 (compatible; bingbot/2.0; http://www.bing.com/bingbot.htm)"
66.249.66.188 - - [15/Dec/2015:05:04:38 +0100] "GET /doc/A_kozlekedesmenedzsment_korszeru_eszkozei.pdf HTTP/1.1" 200 8299010 "-" "Mozilla/5.0 (compatible; Googlebot/2.1; +http://www.google.com/bot.html)"
66.249.66.134 - - [15/Dec/2015:05:07:49 +0100] "GET /doc/T&E_marcius2009.pdf HTTP/1.1" 200 59278 "-" "Mozilla/5.0 (compatible; Googlebot/2.1; +http://www.google.com/bot.html)"
66.249.66.129 - - [15/Dec/2015:05:11:32 +0100] "GET /doc/T&E_aprilis2009.pdf HTTP/1.1" 200 63207 "-" "Mozilla/5.0 (compatible; Googlebot/2.1; +http://www.google.com/bot.html)"
180.76.15.157 - - [15/Dec/2015:05:13:48 +0100] "GET /robots.txt HTTP/1.1" 404 1181 "-" "Mozilla/5.0 (Windows NT 5.1; rv:6.0.2) Gecko/20100101 Firefox/6.0.2"
66.249.66.188 - - [15/Dec/2015:05:15:17 +0100] "GET /doc/hu_aps_positivbeispiele_aufl2_070622_klein.pdf HTTP/1.1" 200 2887217 "-" "Mozilla/5.0 (compatible; Googlebot/2.1; +http://www.google.com/bot.html)"
66.249.66.188 - - [15/Dec/2015:05:19:12 +0100] "GET /doc/T&E_februar2009.pdf HTTP/1.1" 200 91217 "-" "Mozilla/5.0 (compatible; Googlebot/2.1; +http://www.google.com/bot.html)"
66.249.66.118 - - [15/Dec/2015:05:22:57 +0100] "GET /doc/hu_aps_positivbeispiele_aufl2_070622_klein.pdf HTTP/1.1" 200 2887217 "-" "Mozilla/5.0 (compatible; Googlebot/2.1; +http://www.google.com/bot.html)"
66.249.66.134 - - [15/Dec/2015:05:26:04 +0100] "GET /doc/T&E_szeptember2008.pdf HTTP/1.1" 200 58273 "-" "Mozilla/5.0 (compatible; Googlebot/2.1; +http://www.google.com/bot.html)"
66.249.66.129 - - [15/Dec/2015:05:44:44 +0100] "GET /doc/T&E_oktober-november2008.pdf HTTP/1.1" 200 104246 "-" "Mozilla/5.0 (compatible; Googlebot/2.1; +http://www.google.com/bot.html)"
66.249.66.129 - - [15/Dec/2015:05:56:14 +0100] "GET /www.rakoskert.hu HTTP/1.1" 404 1181 "-" "Mozilla/5.0 (compatible; Googlebot/2.1; +http://www.google.com/bot.html)"
66.249.66.188 - - [15/Dec/2015:05:58:55 +0100] "GET /doc/kiiras.pdf HTTP/1.1" 200 96611 "-" "Mozilla/5.0 (compatible; Googlebot/2.1; +http://www.google.com/bot.html)"
66.249.66.134 - - [15/Dec/2015:06:01:50 +0100] "GET /hirlevel/emh-1.pdf HTTP/1.1" 200 193983 "-" "Mozilla/5.0 (compatible; Googlebot/2.1; +http://www.google.com/bot.html)"
199.30.25.199 - - [15/Dec/2015:06:03:31 +0100] "GET /doc/eletet-a-vasutnak.pdf HTTP/1.1" 200 67346 "-" "Mozilla/5.0 (iPhone; CPU iPhone OS 7_0 like Mac OS X) AppleWebKit/537.51.1 (KHTML, like Gecko) Version/7.0 Mobile/11A465 Safari/9537.53 BingPreview/1.0b"
66.249.66.129 - - [15/Dec/2015:06:04:44 +0100] "GET /doc/b2_2012_03.pdf HTTP/1.1" 200 1080459 "-" "Mozilla/5.0 (compatible; Googlebot/2.1; +http://www.google.com/bot.html)"
180.76.15.135 - - [15/Dec/2015:06:08:52 +0100] "GET / HTTP/1.1" 200 1178 "-" "Mozilla/5.0 (compatible; Baiduspider/2.0; +http://www.baidu.com/search/spider.html)"
66.249.66.188 - - [15/Dec/2015:06:09:59 +0100] "GET /doc/tiszato0707.pdf HTTP/1.1" 200 64543 "-" "Mozilla/5.0 (compatible; Googlebot/2.1; +http://www.google.com/bot.html)"
66.249.66.188 - - [15/Dec/2015:06:11:34 +0100] "GET /hirlevel/vonattal1401.html HTTP/1.1" 200 16168 "-" "Mozilla/5.0 (iPhone; CPU iPhone OS 8_3 like Mac OS X) AppleWebKit/600.1.4 (KHTML, like Gecko) Version/8.0 Mobile/12F70 Safari/600.1.4 (compatible; Googlebot/2.1; +http://www.google.com/bot.html)"
66.249.66.134 - - [15/Dec/2015:06:12:47 +0100] "GET /doc/feketebalog.pdf HTTP/1.1" 200 36866 "-" "Mozilla/5.0 (compatible; Googlebot/2.1; +http://www.google.com/bot.html)"
66.249.66.129 - - [15/Dec/2015:06:15:25 +0100] "GET /doc/recsk200702.pdf HTTP/1.1" 200 49849 "-" "Mozilla/5.0 (compatible; Googlebot/2.1; +http://www.google.com/bot.html)"
66.249.66.129 - - [15/Dec/2015:06:17:48 +0100] "GET /doc/ots_uj_0812.pdf HTTP/1.1" 200 40650 "-" "Mozilla/5.0 (compatible; Googlebot/2.1; +http://www.google.com/bot.html)"
66.249.66.129 - - [15/Dec/2015:06:20:13 +0100] "GET /doc/tour_201107.pdf HTTP/1.1" 200 71652 "-" "Mozilla/5.0 (compatible; Googlebot/2.1; +http://www.google.com/bot.html)"
66.249.66.129 - - [15/Dec/2015:06:22:50 +0100] "GET /hirlevel/elment.pdf HTTP/1.1" 200 38340 "-" "Mozilla/5.0 (compatible; Googlebot/2.1; +http://www.google.com/bot.html)"
66.249.66.134 - - [15/Dec/2015:06:25:22 +0100] "GET /doc/pontverseny.xls HTTP/1.1" 200 17408 "-" "Mozilla/5.0 (compatible; Googlebot/2.1; +http://www.google.com/bot.html)"
66.249.66.134 - - [15/Dec/2015:06:27:43 +0100] "GET /doc/38vasutvonal.pdf HTTP/1.1" 200 48616 "-" "Mozilla/5.0 (compatible; Googlebot/2.1; +http://www.google.com/bot.html)"
66.249.66.129 - - [15/Dec/2015:06:30:22 +0100] "GET /doc/danka_121026.pdf HTTP/1.1" 200 542841 "-" "Mozilla/5.0 (compatible; Googlebot/2.1; +http://www.google.com/bot.html)"
157.55.39.79 - - [15/Dec/2015:06:32:09 +0100] "GET /robots.txt HTTP/1.1" 404 1181 "-" "Mozilla/5.0 (compatible; bingbot/2.0; +http://www.bing.com/bingbot.htm)"
157.55.39.79 - - [15/Dec/2015:06:32:21 +0100] "GET /doc/OT_HM.pdf HTTP/1.1" 200 1439316 "-" "Mozilla/5.0 (compatible; bingbot/2.0; +http://www.bing.com/bingbot.htm)"
66.249.66.134 - - [15/Dec/2015:06:33:02 +0100] "GET /doc/igazolofuzet.pdf HTTP/1.1" 200 184716 "-" "Mozilla/5.0 (compatible; Googlebot/2.1; +http://www.google.com/bot.html)"
66.249.66.129 - - [15/Dec/2015:06:35:31 +0100] "GET /hirlevel/ot_0805.pdf HTTP/1.1" 200 59428 "-" "Mozilla/5.0 (compatible; Googlebot/2.1; +http://www.google.com/bot.html)"
66.249.66.129 - - [15/Dec/2015:06:38:02 +0100] "GET /doc/diosjeno2007.pdf HTTP/1.1" 200 37422 "-" "Mozilla/5.0 (compatible; Googlebot/2.1; +http://www.google.com/bot.html)"
66.249.66.134 - - [15/Dec/2015:06:40:37 +0100] "GET /hirlevel/emk_102.pdf HTTP/1.1" 200 45343 "-" "Mozilla/5.0 (compatible; Googlebot/2.1; +http://www.google.com/bot.html)"
66.249.66.120 - - [15/Dec/2015:06:40:52 +0100] "GET /doc/mkk_feldmann_20091027.ppt HTTP/1.1" 200 1294336 "-" "SAMSUNG-SGH-E250/1.0 Profile/MIDP-2.0 Configuration/CLDC-1.1 UP.Browser/6.2.3.3.c.1.101 (GUI) MMP/2.0 (compatible; Googlebot-Mobile/2.1; +http://www.google.com/bot.html)"
66.249.66.120 - - [15/Dec/2015:06:43:07 +0100] "GET /doc/vco_0912.pdf HTTP/1.1" 200 10110 "-" "Mozilla/5.0 (compatible; Googlebot/2.1; +http://www.google.com/bot.html)"
66.249.66.188 - - [15/Dec/2015:06:45:34 +0100] "GET /doc/kaposvar_0812.pdf HTTP/1.1" 200 316585 "-" "Mozilla/5.0 (compatible; Googlebot/2.1; +http://www.google.com/bot.html)"
66.249.66.134 - - [15/Dec/2015:06:47:55 +0100] "GET /doc/fogadj_orokbe.doc HTTP/1.1" 200 45568 "-" "Mozilla/5.0 (compatible; Googlebot/2.1; +http://www.google.com/bot.html)"
66.249.66.134 - - [15/Dec/2015:06:50:07 +0100] "GET /hirlevel/emb_1006.pdf HTTP/1.1" 200 38333 "-" "Mozilla/5.0 (compatible; Googlebot/2.1; +http://www.google.com/bot.html)"
66.249.66.188 - - [15/Dec/2015:06:52:05 +0100] "GET /doc/putnoklevel_0911.pdf HTTP/1.1" 200 141030 "-" "DoCoMo/2.0 N905i(c100;TB;W24H16) (compatible; Googlebot-Mobile/2.1; +http://www.google.com/bot.html)"
66.249.66.134 - - [15/Dec/2015:06:52:26 +0100] "GET /doc/HaryMarkCikke.pdf HTTP/1.1" 200 397874 "-" "Mozilla/5.0 (compatible; Googlebot/2.1; +http://www.google.com/bot.html)"
66.249.66.129 - - [15/Dec/2015:06:54:22 +0100] "GET /doc/12pont_100702.pdf HTTP/1.1" 200 98080 "-" "Mozilla/5.0 (compatible; Googlebot/2.1; +http://www.google.com/bot.html)"
66.249.66.188 - - [15/Dec/2015:06:56:23 +0100] "GET /hirlevel/wp6_1006.pdf HTTP/1.1" 200 456795 "-" "Mozilla/5.0 (compatible; Googlebot/2.1; +http://www.google.com/bot.html)"
66.249.66.188 - - [15/Dec/2015:06:58:14 +0100] "GET /hirlevel/devavanya.pdf HTTP/1.1" 200 39671 "-" "Mozilla/5.0 (compatible; Googlebot/2.1; +http://www.google.com/bot.html)"
66.249.66.134 - - [15/Dec/2015:07:00:36 +0100] "GET /doc/miniszter_0812.pdf HTTP/1.1" 200 58003 "-" "Mozilla/5.0 (compatible; Googlebot/2.1; +http://www.google.com/bot.html)"
66.249.66.188 - - [15/Dec/2015:07:02:58 +0100] "GET /doc/korosvidek0707.pdf HTTP/1.1" 200 64243 "-" "Mozilla/5.0 (compatible; Googlebot/2.1; +http://www.google.com/bot.html)"
66.249.66.129 - - [15/Dec/2015:07:05:14 +0100] "GET /doc/szekesfehervar.pdf HTTP/1.1" 200 167422 "-" "Mozilla/5.0 (compatible; Googlebot/2.1; +http://www.google.com/bot.html)"
66.249.66.129 - - [15/Dec/2015:07:07:20 +0100] "GET /doc/gkmvalasz_0707.pdf HTTP/1.1" 404 1181 "-" "Mozilla/5.0 (compatible; Googlebot/2.1; +http://www.google.com/bot.html)"
66.249.66.188 - - [15/Dec/2015:07:09:38 +0100] "GET /doc/kelenfold_1009.pdf HTTP/1.1" 200 2455747 "-" "Mozilla/5.0 (compatible; Googlebot/2.1; +http://www.google.com/bot.html)"
66.249.66.129 - - [15/Dec/2015:07:12:05 +0100] "GET /hirlevel/www.zoldot.hu HTTP/1.1" 404 1181 "-" "Mozilla/5.0 (compatible; Googlebot/2.1; +http://www.google.com/bot.html)"
66.249.66.129 - - [15/Dec/2015:07:14:31 +0100] "GET /doc/b2_2011_02_web.pdf HTTP/1.1" 404 1181 "-" "Mozilla/5.0 (compatible; Googlebot/2.1; +http://www.google.com/bot.html)"
66.249.66.120 - - [15/Dec/2015:07:16:46 +0100] "GET /doc/mkkaf_0908.pdf HTTP/1.1" 200 74547 "-" "Mozilla/5.0 (compatible; Googlebot/2.1; +http://www.google.com/bot.html)"
68.180.228.34 - - [15/Dec/2015:07:18:08 +0100] "GET /hirlevel/vonattal1209.htm HTTP/1.1" 304 - "-" "Mozilla/5.0 (compatible; Yahoo! Slurp; http://help.yahoo.com/help/us/ysearch/slurp)"
68.180.228.34 - - [15/Dec/2015:07:18:44 +0100] "GET /hirlevel/Volnerlevel_120227.pdf HTTP/1.1" 200 243228 "-" "Mozilla/5.0 (compatible; Yahoo! Slurp; http://help.yahoo.com/help/us/ysearch/slurp)"
66.249.66.129 - - [15/Dec/2015:07:18:53 +0100] "GET /hirlevel/kulonvonat.pdf HTTP/1.1" 200 105640 "-" "Mozilla/5.0 (compatible; Googlebot/2.1; +http://www.google.com/bot.html)"
95.45.252.1 - - [15/Dec/2015:07:18:55 +0100] "GET /images/vasutterkep_n.jpg HTTP/1.1" 200 368911 "-" "Mozilla/5.0 (Windows; U; Windows NT 5.1; en-US; rv:1.9.2.8) Gecko/20100721 Firefox/3.6.8"
95.45.252.1 - - [15/Dec/2015:07:19:04 +0100] "GET / HTTP/1.1" 200 1178 "http://www.mkk.zpok.hu/images/vasutterkep_n.jpg" "Mozilla/5.0 (Windows; U; Windows NT 5.1; en-US; rv:1.9.2.8) Gecko/20100721 Firefox/3.6.8"
68.180.228.34 - - [15/Dec/2015:07:20:10 +0100] "GET /hirlevel/Fenntarthat%C3%B3%20k%C3%B6zleked%C3%A9s%20%E2%80%93%20%C3%A9lhet%C5%91%20telep%C3%BCl%C3%A9s.pdf HTTP/1.1" 200 1721671 "-" "Mozilla/5.0 (compatible; Yahoo! Slurp; http://help.yahoo.com/help/us/ysearch/slurp)"
66.249.66.188 - - [15/Dec/2015:07:21:00 +0100] "GET /hirlevel/csege_1102.pdf HTTP/1.1" 200 325905 "-" "Mozilla/5.0 (compatible; Googlebot/2.1; +http://www.google.com/bot.html)"
66.249.66.129 - - [15/Dec/2015:07:23:08 +0100] "GET /doc/utaspanasz_1305.pdf HTTP/1.1" 200 45873 "-" "Mozilla/5.0 (compatible; Googlebot/2.1; +http://www.google.com/bot.html)"
66.249.66.188 - - [15/Dec/2015:07:25:14 +0100] "GET /hirlevel/utasf_1205.pdf HTTP/1.1" 200 543636 "-" "Mozilla/5.0 (compatible; Googlebot/2.1; +http://www.google.com/bot.html)"
66.249.66.129 - - [15/Dec/2015:07:27:11 +0100] "GET /hirlevel/megyagozos.pdf HTTP/1.1" 200 451862 "-" "Mozilla/5.0 (compatible; Googlebot/2.1; +http://www.google.com/bot.html)"
136.243.103.165 - - [15/Dec/2015:07:29:07 +0100] "GET /robots.txt HTTP/1.0" 404 1181 "-" "Mozilla/5.0 (compatible; MJ12bot/v1.4.5; http://www.majestic12.co.uk/bot.php?+)"
136.243.103.165 - - [15/Dec/2015:07:29:09 +0100] "GET / HTTP/1.0" 200 1178 "-" "Mozilla/5.0 (compatible; MJ12bot/v1.4.5; http://www.majestic12.co.uk/bot.php?+)"
148.251.75.46 - - [15/Dec/2015:07:30:14 +0100] "GET /doc/kozh05.pdf HTTP/1.1" 200 97320 "-" "Mozilla/5.0 (Windows NT 6.1; WOW64) AppleWebKit/537.31 (KHTML, like Gecko) Chrome/26.0.1410.64 Safari/537.31"
66.249.66.129 - - [15/Dec/2015:07:31:47 +0100] "GET /doc/onkentesseghete.pdf HTTP/1.1" 200 20949676 "-" "Mozilla/5.0 (compatible; Googlebot/2.1; +http://www.google.com/bot.html)"
68.180.228.34 - - [15/Dec/2015:07:33:11 +0100] "GET /doc/sikeres_varos.pdf HTTP/1.1" 200 1149217 "-" "Mozilla/5.0 (compatible; Yahoo! Slurp; http://help.yahoo.com/help/us/ysearch/slurp)"
66.249.66.188 - - [15/Dec/2015:07:33:44 +0100] "GET /hirlevel/heviz_1109.pdf HTTP/1.1" 200 61799 "-" "Mozilla/5.0 (compatible; Googlebot/2.1; +http://www.google.com/bot.html)"
66.249.66.188 - - [15/Dec/2015:07:35:54 +0100] "GET /hirlevel/siofok_1109.doc HTTP/1.1" 200 821248 "-" "Mozilla/5.0 (compatible; Googlebot/2.1; +http://www.google.com/bot.html)"
66.249.66.129 - - [15/Dec/2015:07:37:42 +0100] "GET /doc/mp_utasforum1209.pdf HTTP/1.1" 200 643473 "-" "Mozilla/5.0 (compatible; Googlebot/2.1; +http://www.google.com/bot.html)"
66.249.66.188 - - [15/Dec/2015:07:39:45 +0100] "GET /doc/takaritonap_1009.pdf HTTP/1.1" 200 2455028 "-" "Mozilla/5.0 (compatible; Googlebot/2.1; +http://www.google.com/bot.html)"
66.249.66.129 - - [15/Dec/2015:07:41:55 +0100] "GET /doc/varos-videk_2009.pdf HTTP/1.1" 200 1636386 "-" "Mozilla/5.0 (compatible; Googlebot/2.1; +http://www.google.com/bot.html)"
66.249.66.129 - - [15/Dec/2015:07:44:07 +0100] "GET /doc/onkorm_nyil_0803.pdf HTTP/1.1" 200 43425 "-" "Mozilla/5.0 (compatible; Googlebot/2.1; +http://www.google.com/bot.html)"
66.249.66.134 - - [15/Dec/2015:07:46:05 +0100] "GET /hirlevel/telepulesek.pdf HTTP/1.1" 200 80502 "-" "Mozilla/5.0 (compatible; Googlebot/2.1; +http://www.google.com/bot.html)"
66.249.66.129 - - [15/Dec/2015:07:48:13 +0100] "GET /hirlevel/palyamester.pdf HTTP/1.1" 200 44762 "-" "Mozilla/5.0 (compatible; Googlebot/2.1; +http://www.google.com/bot.html)"
66.249.66.134 - - [15/Dec/2015:07:50:17 +0100] "GET /doc/pusztatelen_0812.pdf HTTP/1.1" 200 110702 "-" "Mozilla/5.0 (compatible; Googlebot/2.1; +http://www.google.com/bot.html)"
66.249.66.134 - - [15/Dec/2015:07:52:22 +0100] "GET /hirlevel/miskolc_1109.doc HTTP/1.1" 200 702464 "-" "Mozilla/5.0 (compatible; Googlebot/2.1; +http://www.google.com/bot.html)"
66.249.66.122 - - [15/Dec/2015:07:54:10 +0100] "GET /doc/smk-hatarozat.pdf HTTP/1.1" 200 47493 "-" "Mozilla/5.0 (compatible; Googlebot/2.1; +http://www.google.com/bot.html)"
66.249.66.129 - - [15/Dec/2015:07:56:03 +0100] "GET /doc/tersegi_polg_0803.pdf HTTP/1.1" 200 63931 "-" "Mozilla/5.0 (compatible; Googlebot/2.1; +http://www.google.com/bot.html)"
148.251.235.206 - - [15/Dec/2015:07:56:11 +0100] "GET /doc/miniszter_0812.pdf HTTP/1.1" 200 58003 "http://mkk.zpok.hu/doc/miniszter_0812.pdf" "Mozilla/5.0 (compatible; Googlebot/2.1; +http://www.google.com/bot.html)"
66.249.66.134 - - [15/Dec/2015:07:57:53 +0100] "GET /doc/igazolofuzet_1009.pdf HTTP/1.1" 200 239227 "-" "Mozilla/5.0 (compatible; Googlebot/2.1; +http://www.google.com/bot.html)"
66.249.66.188 - - [15/Dec/2015:07:59:49 +0100] "GET /hirlevel/102-es_vonal.pdf HTTP/1.1" 200 223259 "-" "Mozilla/5.0 (compatible; Googlebot/2.1; +http://www.google.com/bot.html)"
66.249.66.129 - - [15/Dec/2015:08:01:49 +0100] "GET /doc/mkk_allasf_120413.pdf HTTP/1.1" 200 44168 "-" "Mozilla/5.0 (compatible; Googlebot/2.1; +http://www.google.com/bot.html)"
66.249.66.188 - - [15/Dec/2015:08:03:44 +0100] "GET /doc/vasutvonalak_0711.pdf HTTP/1.1" 200 922459 "-" "Mozilla/5.0 (compatible; Googlebot/2.1; +http://www.google.com/bot.html)"
66.249.66.134 - - [15/Dec/2015:08:05:30 +0100] "GET /hirlevel/Kishidasi2010.pdf HTTP/1.1" 200 129536 "-" "Mozilla/5.0 (compatible; Googlebot/2.1; +http://www.google.com/bot.html)"
213.163.9.66 - - [15/Dec/2015:08:05:33 +0100] "GET /images/vasutterkep_n.jpg HTTP/1.1" 200 4702972 "https://www.google.hu/" "Mozilla/5.0 (Windows NT 6.3) AppleWebKit/537.36 (KHTML, like Gecko) Chrome/47.0.2526.80 Safari/537.36"
66.249.66.120 - - [15/Dec/2015:08:07:23 +0100] "GET /doc/200702turaterv.pdf HTTP/1.1" 200 61674 "-" "Mozilla/5.0 (compatible; Googlebot/2.1; +http://www.google.com/bot.html)"
66.249.66.129 - - [15/Dec/2015:08:09:23 +0100] "GET /doc/plakat_zirc_120620.pdf HTTP/1.1" 200 2721025 "-" "Mozilla/5.0 (compatible; Googlebot/2.1; +http://www.google.com/bot.html)"
66.249.66.188 - - [15/Dec/2015:08:11:07 +0100] "GET /doc/NFM_Fellegi_201007.pdf HTTP/1.1" 200 67167 "-" "Mozilla/5.0 (compatible; Googlebot/2.1; +http://www.google.com/bot.html)"
213.163.37.38 - - [15/Dec/2015:08:13:06 +0100] "GET / HTTP/1.1" 200 1178 "https://www.google.hu/" "Mozilla/5.0 (Windows NT 6.1; WOW64) AppleWebKit/537.36 (KHTML, like Gecko) Chrome/47.0.2526.80 Safari/537.36"
213.163.37.38 - - [15/Dec/2015:08:13:06 +0100] "GET /favicon.ico HTTP/1.1" 404 1181 "http://www.mkk.zpok.hu/" "Mozilla/5.0 (Windows NT 6.1; WOW64) AppleWebKit/537.36 (KHTML, like Gecko) Chrome/47.0.2526.80 Safari/537.36"
213.163.37.38 - - [15/Dec/2015:08:13:07 +0100] "GET /index.swf HTTP/1.1" 200 1451868 "http://www.mkk.zpok.hu/" "Mozilla/5.0 (Windows NT 6.1; WOW64) AppleWebKit/537.36 (KHTML, like Gecko) Chrome/47.0.2526.80 Safari/537.36"
213.163.37.38 - - [15/Dec/2015:08:13:11 +0100] "GET /popupsys%20elemei/main.txt HTTP/1.1" 200 342 "http://www.mkk.zpok.hu/" "Mozilla/5.0 (Windows NT 6.1; WOW64) AppleWebKit/537.36 (KHTML, like Gecko) Chrome/47.0.2526.80 Safari/537.36"
213.163.37.38 - - [15/Dec/2015:08:13:11 +0100] "GET /hirek.xml HTTP/1.1" 200 50012 "http://www.mkk.zpok.hu/" "Mozilla/5.0 (Windows NT 6.1; WOW64) AppleWebKit/537.36 (KHTML, like Gecko) Chrome/47.0.2526.80 Safari/537.36"
66.249.66.188 - - [15/Dec/2015:08:13:17 +0100] "GET /hirlevel/md-bucsu_1012.pdf HTTP/1.1" 200 204237 "-" "Mozilla/5.0 (compatible; Googlebot/2.1; +http://www.google.com/bot.html)"
66.249.66.134 - - [15/Dec/2015:08:15:06 +0100] "GET /doc/szarnyvonalak_0911.pdf HTTP/1.1" 200 89177 "-" "Mozilla/5.0 (compatible; Googlebot/2.1; +http://www.google.com/bot.html)"
66.249.66.134 - - [15/Dec/2015:08:17:22 +0100] "GET /hirlevel/pro-rail_1006.pdf HTTP/1.1" 200 710646 "-" "Mozilla/5.0 (compatible; Googlebot/2.1; +http://www.google.com/bot.html)"
66.249.66.129 - - [15/Dec/2015:08:19:20 +0100] "GET /hirlevel/vasarosnameny.pdf HTTP/1.1" 200 174590 "-" "Mozilla/5.0 (compatible; Googlebot/2.1; +http://www.google.com/bot.html)"
66.249.66.129 - - [15/Dec/2015:08:21:17 +0100] "GET /doc/vasutbarat_urlap07.doc HTTP/1.1" 200 106496 "-" "Mozilla/5.0 (compatible; Googlebot/2.1; +http://www.google.com/bot.html)"
66.249.66.129 - - [15/Dec/2015:08:23:13 +0100] "GET /hirlevel/muzeumok_1306.pdf HTTP/1.1" 200 95751 "-" "Mozilla/5.0 (compatible; Googlebot/2.1; +http://www.google.com/bot.html)"
66.249.66.188 - - [15/Dec/2015:08:25:27 +0100] "GET /hirlevel/mkk_allasf_120413 HTTP/1.1" 200 246282 "-" "Mozilla/5.0 (compatible; Googlebot/2.1; +http://www.google.com/bot.html)"
66.249.66.129 - - [15/Dec/2015:08:27:34 +0100] "GET /doc/ombudsman_0711.pdf HTTP/1.1" 200 39434 "-" "Mozilla/5.0 (compatible; Googlebot/2.1; +http://www.google.com/bot.html)"
66.249.66.188 - - [15/Dec/2015:08:36:02 +0100] "GET /hirlevel/tatabanya_1109.pdf HTTP/1.1" 200 1176360 "-" "Mozilla/5.0 (compatible; Googlebot/2.1; +http://www.google.com/bot.html)"
66.249.66.134 - - [15/Dec/2015:08:37:23 +0100] "GET /hirlevel/szarvas_1109.doc HTTP/1.1" 200 175104 "-" "Mozilla/5.0 (compatible; Googlebot/2.1; +http://www.google.com/bot.html)"
81.183.21.146 - - [15/Dec/2015:08:37:29 +0100] "GET /hirlevel/images/ti-to_2012-06-27.jpg HTTP/1.1" 200 1071059 "https://www.google.hu/" "Mozilla/5.0 (Windows NT 10.0; WOW64) AppleWebKit/537.36 (KHTML, like Gecko) Chrome/47.0.2526.80 Safari/537.36"
81.183.21.146 - - [15/Dec/2015:08:39:07 +0100] "GET /doc/ti-to20120627.jpg HTTP/1.1" 200 1071059 "https://www.google.hu/" "Mozilla/5.0 (Windows NT 10.0; WOW64) AppleWebKit/537.36 (KHTML, like Gecko) Chrome/47.0.2526.80 Safari/537.36"
66.249.66.129 - - [15/Dec/2015:08:39:38 +0100] "GET /hirlevel/dombovar_1109.pdf HTTP/1.1" 200 57973 "-" "Mozilla/5.0 (compatible; Googlebot/2.1; +http://www.google.com/bot.html)"
66.249.66.188 - - [15/Dec/2015:08:42:08 +0100] "GET /doc/kisvasutak_prg_2013.pdf HTTP/1.1" 200 117849 "-" "Mozilla/5.0 (compatible; Googlebot/2.1; +http://www.google.com/bot.html)"
66.249.66.134 - - [15/Dec/2015:08:45:04 +0100] "GET /doc/nogradi_terseg_1209.pdf HTTP/1.1" 200 134152 "-" "Mozilla/5.0 (compatible; Googlebot/2.1; +http://www.google.com/bot.html)"
66.249.66.134 - - [15/Dec/2015:08:48:25 +0100] "GET /hirlevel/vonattal1012_1.htm HTTP/1.1" 200 10755 "-" "Mozilla/5.0 (compatible; Googlebot/2.1; +http://www.google.com/bot.html)"
66.249.66.188 - - [15/Dec/2015:08:51:26 +0100] "GET /hirlevel/utasjogok_1004.pdf HTTP/1.1" 200 109289 "-" "Mozilla/5.0 (compatible; Googlebot/2.1; +http://www.google.com/bot.html)"
66.249.66.129 - - [15/Dec/2015:08:54:16 +0100] "GET /hirlevel/vonattal1010_1.htm HTTP/1.1" 200 29761 "-" "Mozilla/5.0 (compatible; Googlebot/2.1; +http://www.google.com/bot.html)"
66.249.66.129 - - [15/Dec/2015:08:57:27 +0100] "GET /hirlevel/totkomlos_1109.doc HTTP/1.1" 200 609792 "-" "Mozilla/5.0 (compatible; Googlebot/2.1; +http://www.google.com/bot.html)"
66.249.66.134 - - [15/Dec/2015:09:01:26 +0100] "GET /hirlevel/vonattal1108_b.htm HTTP/1.1" 200 11475 "-" "Mozilla/5.0 (compatible; Googlebot/2.1; +http://www.google.com/bot.html)"
66.249.66.188 - - [15/Dec/2015:09:05:25 +0100] "GET /doc/automentes_turizmus.pdf HTTP/1.1" 200 31447 "-" "Mozilla/5.0 (compatible; Googlebot/2.1; +http://www.google.com/bot.html)"
157.55.39.79 - - [15/Dec/2015:09:07:46 +0100] "GET /doc/hatarmenti_infrastruktura.pdf HTTP/1.1" 200 555972 "-" "Mozilla/5.0 (compatible; bingbot/2.0; +http://www.bing.com/bingbot.htm)"
66.249.66.129 - - [15/Dec/2015:09:08:04 +0100] "GET /hirlevel/klimakonf_0810.pdf HTTP/1.1" 200 208313 "-" "Mozilla/5.0 (compatible; Googlebot/2.1; +http://www.google.com/bot.html)"
176.63.22.122 - - [15/Dec/2015:09:09:42 +0100] "GET /images/vasutterkep_n.jpg HTTP/1.1" 200 4702972 "https://www.google.hu" "Mozilla/5.0 (Windows NT 10.0; WOW64; rv:42.0) Gecko/20100101 Firefox/42.0"
66.199.231.242 - - [15/Dec/2015:09:10:09 +0100] "GET / HTTP/1.1" 200 1178 "-" "Java/1.8.0_31"
66.249.66.129 - - [15/Dec/2015:09:11:40 +0100] "GET /doc/Bfenyves_2011szept3.pdf HTTP/1.1" 404 1181 "-" "Mozilla/5.0 (compatible; Googlebot/2.1; +http://www.google.com/bot.html)"
66.249.66.134 - - [15/Dec/2015:09:14:51 +0100] "GET /hirlevel/2012%20EV-11-2.doc HTTP/1.1" 200 1811456 "-" "Mozilla/5.0 (compatible; Googlebot/2.1; +http://www.google.com/bot.html)"
66.249.66.134 - - [15/Dec/2015:09:18:25 +0100] "GET /hirlevel/jaszboldoghaza.pdf HTTP/1.1" 200 59309 "-" "Mozilla/5.0 (compatible; Googlebot/2.1; +http://www.google.com/bot.html)"
37.76.61.168 - - [15/Dec/2015:09:20:34 +0100] "GET /images/vasutterkep_n.jpg HTTP/1.1" 200 4702972 "https://www.google.hu/" "Mozilla/5.0 (iPhone; CPU iPhone OS 7_1_2 like Mac OS X) AppleWebKit/537.51.2 (KHTML, like Gecko) Version/7.0 Mobile/11D257 Safari/9537.53"
66.249.66.118 - - [15/Dec/2015:09:21:16 +0100] "GET /doc/mkk_feldmann_20091027.ppt HTTP/1.1" 200 1294336 "-" "DoCoMo/2.0 N905i(c100;TB;W24H16) (compatible; Googlebot-Mobile/2.1; +http://www.google.com/bot.html)"
66.249.66.129 - - [15/Dec/2015:09:22:20 +0100] "GET /hirlevel/devavanya_1109.doc HTTP/1.1" 200 683008 "-" "Mozilla/5.0 (compatible; Googlebot/2.1; +http://www.google.com/bot.html)"
66.249.66.120 - - [15/Dec/2015:09:25:37 +0100] "GET /doc/lombar_javaslat.pdf HTTP/1.1" 200 29042 "-" "Mozilla/5.0 (compatible; Googlebot/2.1; +http://www.google.com/bot.html)"
40.77.167.93 - - [15/Dec/2015:09:26:50 +0100] "GET /robots.txt HTTP/1.1" 404 1181 "-" "Mozilla/5.0 (compatible; bingbot/2.0; +http://www.bing.com/bingbot.htm)"
66.249.66.188 - - [15/Dec/2015:09:29:11 +0100] "GET /hirlevel/vonattal1009_1.htm HTTP/1.1" 200 17980 "-" "Mozilla/5.0 (compatible; Googlebot/2.1; +http://www.google.com/bot.html)"
66.249.66.129 - - [15/Dec/2015:09:33:14 +0100] "GET /hirlevel/rakosmente_1109.pdf HTTP/1.1" 200 518326 "-" "Mozilla/5.0 (compatible; Googlebot/2.1; +http://www.google.com/bot.html)"
66.249.66.134 - - [15/Dec/2015:09:36:46 +0100] "GET /hirlevel/terezvaros_1109.doc HTTP/1.1" 200 32256 "-" "Mozilla/5.0 (compatible; Googlebot/2.1; +http://www.google.com/bot.html)"
66.249.66.134 - - [15/Dec/2015:09:40:13 +0100] "GET /doc/Allasfoglalas_201203.pdf HTTP/1.1" 200 46047 "-" "Mozilla/5.0 (compatible; Googlebot/2.1; +http://www.google.com/bot.html)"
66.249.66.188 - - [15/Dec/2015:09:43:40 +0100] "GET /hirlevel/jaszbereny_1109.doc HTTP/1.1" 200 802304 "-" "Mozilla/5.0 (compatible; Googlebot/2.1; +http://www.google.com/bot.html)"
66.249.66.129 - - [15/Dec/2015:09:47:19 +0100] "GET /doc/plakat_veszprem_1010.pdf HTTP/1.1" 200 2715630 "-" "Mozilla/5.0 (compatible; Googlebot/2.1; +http://www.google.com/bot.html)"
178.255.215.87 - - [15/Dec/2015:09:49:24 +0100] "GET /robots.txt HTTP/1.1" 404 1181 "-" "Mozilla/5.0 (compatible; Exabot/3.0; +http://www.exabot.com/go/robot)"
178.255.215.87 - - [15/Dec/2015:09:49:24 +0100] "GET /hirlevel/mkk_allasf_120413 HTTP/1.1" 200 246282 "-" "Mozilla/5.0 (compatible; Exabot/3.0; +http://www.exabot.com/go/robot)"
66.249.66.188 - - [15/Dec/2015:09:50:52 +0100] "GET /doc/tisza-to_kozlekedese.pdf HTTP/1.1" 200 4951862 "-" "Mozilla/5.0 (compatible; Googlebot/2.1; +http://www.google.com/bot.html)"
62.197.208.20 - - [15/Dec/2015:09:52:25 +0100] "GET /images/vasutterkep_n.jpg HTTP/1.1" 200 2211517 "https://www.google.sk/" "Mozilla/5.0 (Windows NT 6.1; WOW64) AppleWebKit/537.36 (KHTML, like Gecko) Chrome/47.0.2526.80 Safari/537.36"
95.108.158.211 - - [15/Dec/2015:09:52:28 +0100] "GET /robots.txt HTTP/1.1" 404 1181 "-" "Mozilla/5.0 (compatible; YandexBot/3.0; +http://yandex.com/bots)"
66.249.66.129 - - [15/Dec/2015:09:54:01 +0100] "GET /hirlevel/vasutifoto_0805.pdf HTTP/1.1" 200 57312 "-" "Mozilla/5.0 (compatible; Googlebot/2.1; +http://www.google.com/bot.html)"
66.249.66.104 - - [15/Dec/2015:09:57:42 +0100] "GET /doc/szelmalom_200906.pdf HTTP/1.1" 200 100291 "-" "Mozilla/5.0 (compatible; Googlebot/2.1; +http://www.google.com/bot.html)"
86.101.210.59 - - [15/Dec/2015:09:58:18 +0100] "GET /images/vasutterkep_n.jpg HTTP/1.1" 200 4702972 "https://www.google.hu" "Mozilla/5.0 (Windows NT 6.1; WOW64; rv:42.0) Gecko/20100101 Firefox/42.0"
5.45.254.226 - - [15/Dec/2015:09:59:12 +0100] "GET /robots.txt HTTP/1.1" 404 1181 "-" "Mozilla/5.0 (compatible; YandexBot/3.0; +http://yandex.com/bots)"
66.249.66.134 - - [15/Dec/2015:09:59:19 +0100] "GET /hirlevel/TiszaTaviVonalak.pdf HTTP/1.1" 200 566060 "-" "Googlebot/2.1 (+http://www.google.com/bot.html)"
66.249.66.188 - - [15/Dec/2015:10:01:06 +0100] "GET /hirlevel/szentendre_1109.pdf HTTP/1.1" 404 1181 "-" "Mozilla/5.0 (compatible; Googlebot/2.1; +http://www.google.com/bot.html)"
68.180.228.34 - - [15/Dec/2015:10:04:35 +0100] "GET /hirlevel/MKK_2015_szept_9-10.pdf HTTP/1.1" 200 369005 "-" "Mozilla/5.0 (compatible; Yahoo! Slurp; http://help.yahoo.com/help/us/ysearch/slurp)"
66.249.66.129 - - [15/Dec/2015:10:04:44 +0100] "GET /doc/vonatozo-kiiras_1107.pdf HTTP/1.1" 404 1181 "-" "Mozilla/5.0 (compatible; Googlebot/2.1; +http://www.google.com/bot.html)"
84.236.22.169 - - [15/Dec/2015:10:07:37 +0100] "GET /images/vasutterkep_n.jpg HTTP/1.1" 200 4702972 "https://www.google.hu" "Mozilla/5.0 (Windows NT 6.1; WOW64; rv:42.0) Gecko/20100101 Firefox/42.0"
66.249.66.129 - - [15/Dec/2015:10:08:28 +0100] "GET /doc/gkm_omkormanyzatoknak.pdf HTTP/1.1" 200 1557198 "-" "Mozilla/5.0 (compatible; Googlebot/2.1; +http://www.google.com/bot.html)"
66.249.66.104 - - [15/Dec/2015:10:12:38 +0100] "GET /doc/200701pusztatelen.pdf HTTP/1.1" 200 72223 "-" "Mozilla/5.0 (compatible; Googlebot/2.1; +http://www.google.com/bot.html)"
66.249.66.134 - - [15/Dec/2015:10:15:57 +0100] "GET /hirlevel/pusztatelen_0712.pdf HTTP/1.1" 200 126416 "-" "Mozilla/5.0 (compatible; Googlebot/2.1; +http://www.google.com/bot.html)"
66.249.66.104 - - [15/Dec/2015:10:18:47 +0100] "GET /doc/pontgyujto_kiiras.pdf HTTP/1.1" 200 283726 "-" "Mozilla/5.0 (compatible; Googlebot/2.1; +http://www.google.com/bot.html)"
195.199.96.241 - - [15/Dec/2015:10:21:16 +0100] "GET /images/vasutterkep_n.jpg HTTP/1.1" 200 4702972 "https://www.google.hu" "Mozilla/5.0 (Windows NT 6.3; WOW64; rv:42.0) Gecko/20100101 Firefox/42.0"
66.249.66.100 - - [15/Dec/2015:10:23:02 +0100] "GET /doc/eletet-a-vasutnak.pdf HTTP/1.1" 200 5085257 "-" "Mozilla/5.0 (compatible; Googlebot/2.1; +http://www.google.com/bot.html)"
66.249.66.129 - - [15/Dec/2015:10:27:21 +0100] "GET /hirlevel/dunaujvaros_1109.pdf HTTP/1.1" 200 88928 "-" "Mozilla/5.0 (compatible; Googlebot/2.1; +http://www.google.com/bot.html)"
79.122.26.153 - - [15/Dec/2015:10:29:59 +0100] "GET /favicon.ico HTTP/1.1" 404 1181 "-" "Mozilla/5.0 (Windows NT 6.1; WOW64; rv:42.0) Gecko/20100101 Firefox/42.0"
