92.30.133.10 - - [21/Dec/2015:20:20:47 +0100] "GET /images/vasutterkep_n.jpg HTTP/1.1" 200 4702972 "-" "Mozilla/5.0 (Windows NT 6.3; WOW64; Trident/7.0; MDDCJS; rv:11.0) like Gecko"
157.55.39.167 - - [21/Dec/2015:20:37:36 +0100] "GET / HTTP/1.1" 200 1178 "-" "Mozilla/5.0 (compatible; bingbot/2.0; +http://www.bing.com/bingbot.htm)"
40.77.167.100 - - [21/Dec/2015:20:41:49 +0100] "GET /doc/b2_20102.jpg HTTP/1.1" 404 1181 "-" "Mozilla/5.0 (compatible; bingbot/2.0; +http://www.bing.com/bingbot.htm)"
157.55.39.166 - - [21/Dec/2015:20:44:06 +0100] "GET /robots.txt HTTP/1.1" 404 1181 "-" "Mozilla/5.0 (compatible; bingbot/2.0; +http://www.bing.com/bingbot.htm)"
91.200.12.136 - - [21/Dec/2015:20:45:30 +0100] "GET /hirlevel/vonattal1409.html HTTP/1.0" 200 32865 "http://mkk.zpok.hu/hirlevel/vonattal1409.html" "Mozilla/5.0 (Windows NT 6.1; WOW64; rv:41.0) Gecko/20100101 Firefox/41.0"
91.200.12.106 - - [21/Dec/2015:20:45:32 +0100] "GET /hirlevel/vonattal1409.html HTTP/1.0" 200 32865 "http://mkk.zpok.hu/hirlevel/vonattal1409.html" "Mozilla/5.0 (Windows NT 6.3; WOW64; rv:40.0) Gecko/20100101 Firefox/40.0"
89.135.128.38 - - [21/Dec/2015:20:54:12 +0100] "GET /images/vasutterkep_n.jpg HTTP/1.1" 200 3327112 "https://www.google.hu/" "Mozilla/5.0 (Windows NT 6.2; WOW64) AppleWebKit/537.36 (KHTML, like Gecko) Chrome/47.0.2526.106 Safari/537.36"
68.180.228.34 - - [21/Dec/2015:20:55:18 +0100] "GET /robots.txt HTTP/1.1" 404 1181 "-" "Mozilla/5.0 (compatible; Yahoo! Slurp; http://help.yahoo.com/help/us/ysearch/slurp)"
68.180.228.34 - - [21/Dec/2015:20:55:19 +0100] "GET /doc/halalraitelve.pdf HTTP/1.1" 304 - "-" "Mozilla/5.0 (compatible; Yahoo! Slurp; http://help.yahoo.com/help/us/ysearch/slurp)"
91.200.12.136 - - [21/Dec/2015:20:57:23 +0100] "GET /hirlevel/vonattal1409.html HTTP/1.0" 200 32865 "http://mkk.zpok.hu/hirlevel/vonattal1409.html" "Mozilla/5.0 (Windows NT 5.1) AppleWebKit/537.36 (KHTML, like Gecko) Chrome/45.0.2454.101 Safari/537.36"
91.200.12.106 - - [21/Dec/2015:20:57:27 +0100] "GET /hirlevel/vonattal1409.html HTTP/1.0" 200 32865 "http://mkk.zpok.hu/hirlevel/vonattal1409.html" "Mozilla/5.0 (Windows NT 6.1; WOW64) AppleWebKit/537.36 (KHTML, like Gecko) Chrome/45.0.2454.101 Safari/537.36"
66.249.64.7 - - [21/Dec/2015:20:58:41 +0100] "GET /doc/mkk_allasfogl070622.pdf HTTP/1.1" 200 62326 "-" "Mozilla/5.0 (compatible; Googlebot/2.1; +http://www.google.com/bot.html)"
68.180.228.34 - - [21/Dec/2015:21:01:48 +0100] "GET /hirlevel/fk_tartalomroviden.pdf HTTP/1.1" 304 - "-" "Mozilla/5.0 (compatible; Yahoo! Slurp; http://help.yahoo.com/help/us/ysearch/slurp)"
89.135.143.246 - - [21/Dec/2015:21:30:11 +0100] "GET /images/vasutterkep_n.jpg HTTP/1.1" 200 4702972 "https://www.google.hu/" "Mozilla/5.0 (Windows NT 6.1; WOW64) AppleWebKit/537.36 (KHTML, like Gecko) Chrome/47.0.2526.106 Safari/537.36"
62.47.184.116 - - [21/Dec/2015:21:39:02 +0100] "GET /images/vasutterkep_n.jpg HTTP/1.1" 200 4702972 "-" "Mozilla/5.0 (Linux; U; Android 4.1.2; de-at; LT26i Build/6.2.B.1.96) AppleWebKit/534.30 (KHTML, like Gecko) Version/4.0 Mobile Safari/534.30 GSA/5.3.23.16.arm"
62.47.184.116 - - [21/Dec/2015:21:40:36 +0100] "GET /images/vasutterkep_n.jpg HTTP/1.1" 200 4702972 "-" "Mozilla/5.0 (Linux; U; Android 4.1.2; de-at; LT26i Build/6.2.B.1.96) AppleWebKit/534.30 (KHTML, like Gecko) Version/4.0 Mobile Safari/534.30 GSA/5.3.23.16.arm"
46.139.106.115 - - [21/Dec/2015:21:54:44 +0100] "GET /images/vasutterkep_n.jpg HTTP/1.1" 200 4702972 "http://www.bing.com/images/search?q=autopalya+terkep&view=detailv2&&id=625EAC6BE3DF3DC49702D230A354C342824F063C&selectedIndex=17&ccid=vSpY3yTd&simid=608014391796631509&thid=OIP.Mbd2a58df24ddb0242e91193441d642c0o0&mode=overlay" "Mozilla/5.0 (Windows NT 6.3; WOW64; rv:43.0) Gecko/20100101 Firefox/43.0"
79.122.23.59 - - [21/Dec/2015:22:01:15 +0100] "GET /images/vasutterkep_n.jpg HTTP/1.1" 200 4702972 "https://www.google.hu/" "Mozilla/5.0 (Windows NT 10.0; WOW64) AppleWebKit/537.36 (KHTML, like Gecko) Chrome/47.0.2526.106 Safari/537.36"
46.223.128.93 - - [21/Dec/2015:22:05:03 +0100] "GET /images/vasutterkep_n.jpg HTTP/1.1" 200 4702972 "-" "Mozilla/5.0 (X11; Linux x86_64; rv:43.0) Gecko/20100101 Firefox/43.0"
68.180.228.34 - - [21/Dec/2015:22:10:33 +0100] "GET /doc/varos-videk_2009.pdf HTTP/1.1" 304 - "-" "Mozilla/5.0 (compatible; Yahoo! Slurp; http://help.yahoo.com/help/us/ysearch/slurp)"
94.27.246.241 - - [21/Dec/2015:22:18:26 +0100] "GET /hirlevel/images/0912a.jpg HTTP/1.1" 200 39999 "https://www.google.hu" "Mozilla/5.0 (Windows NT 6.1; WOW64; rv:43.0) Gecko/20100101 Firefox/43.0"
40.77.167.105 - - [21/Dec/2015:23:09:07 +0100] "GET /robots.txt HTTP/1.1" 404 1181 "-" "Mozilla/5.0 (compatible; bingbot/2.0; +http://www.bing.com/bingbot.htm)"
40.77.167.105 - - [21/Dec/2015:23:09:20 +0100] "GET /doc/kelenfold_1009.pdf HTTP/1.1" 200 2455747 "-" "Mozilla/5.0 (iPhone; CPU iPhone OS 7_0 like Mac OS X) AppleWebKit/537.51.1 (KHTML, like Gecko) Version/7.0 Mobile/11A465 Safari/9537.53 (compatible; bingbot/2.0; http://www.bing.com/bingbot.htm)"
66.249.64.127 - - [21/Dec/2015:23:18:52 +0100] "GET /doc/osszefoglalo_070622.pdf HTTP/1.1" 200 67689 "-" "Mozilla/5.0 (compatible; Googlebot/2.1; +http://www.google.com/bot.html)"
66.249.64.127 - - [21/Dec/2015:23:24:32 +0100] "GET /doc/kozh04.pdf HTTP/1.1" 200 136111 "-" "Mozilla/5.0 (compatible; Googlebot/2.1; +http://www.google.com/bot.html)"
130.193.51.56 - - [21/Dec/2015:23:46:18 +0100] "GET /doc/utak_a_kerekparozashoz.pdf HTTP/1.1" 200 5493368 "-" "Mozilla/5.0 (compatible; YandexBot/3.0; +http://yandex.com/bots)"
68.180.229.230 - - [22/Dec/2015:00:34:29 +0100] "GET /robots.txt HTTP/1.1" 404 1181 "-" "Mozilla/5.0 (compatible; Yahoo! Slurp; http://help.yahoo.com/help/us/ysearch/slurp)"
68.180.229.230 - - [22/Dec/2015:00:34:32 +0100] "GET /hirlevel/jaszbereny_1109.doc HTTP/1.1" 200 802304 "-" "Mozilla/5.0 (compatible; Yahoo! Slurp; http://help.yahoo.com/help/us/ysearch/slurp)"
68.180.228.34 - - [22/Dec/2015:00:48:48 +0100] "GET /doc/prezentacio_20150425_tokaj.pdf HTTP/1.1" 200 214167 "-" "Mozilla/5.0 (compatible; Yahoo! Slurp; http://help.yahoo.com/help/us/ysearch/slurp)"
68.180.229.230 - - [22/Dec/2015:01:53:07 +0100] "GET /hirlevel/miskolc_1109.doc HTTP/1.1" 200 702464 "-" "Mozilla/5.0 (compatible; Yahoo! Slurp; http://help.yahoo.com/help/us/ysearch/slurp)"
88.132.111.194 - - [22/Dec/2015:02:27:00 +0100] "GET /images/vasutterkep_n.jpg HTTP/1.1" 200 4702972 "http://www.bing.com/images/search?q=magyarorszag&view=detailv2&&id=62082C99E2A8E56A81806761190C5BA1F1B5E28D&selectedIndex=8&ccid=gZ9wx6fG&simid=608033770691300944&thid=OIP.M819f70c7a7c67455859720c9061da67do0&mode=overlay" "Mozilla/5.0 (Windows NT 6.3; WOW64; Trident/7.0; LCJB; rv:11.0) like Gecko"
157.55.39.167 - - [22/Dec/2015:02:59:40 +0100] "GET /robots.txt HTTP/1.1" 404 1181 "-" "Mozilla/5.0 (compatible; bingbot/2.0; +http://www.bing.com/bingbot.htm)"
157.55.39.167 - - [22/Dec/2015:02:59:45 +0100] "GET / HTTP/1.1" 200 1178 "-" "Mozilla/5.0 (compatible; bingbot/2.0; +http://www.bing.com/bingbot.htm)"
5.255.253.88 - - [22/Dec/2015:03:00:53 +0100] "GET /robots.txt HTTP/1.1" 404 1181 "-" "Mozilla/5.0 (compatible; YandexBot/3.0; +http://yandex.com/bots)"
157.55.39.166 - - [22/Dec/2015:03:09:56 +0100] "GET /robots.txt HTTP/1.1" 404 1181 "-" "Mozilla/5.0 (compatible; bingbot/2.0; +http://www.bing.com/bingbot.htm)"
157.55.39.166 - - [22/Dec/2015:03:10:12 +0100] "GET /doc/emlekezteto_tatabanya_0327.pdf HTTP/1.1" 200 170585 "-" "Mozilla/5.0 (iPhone; CPU iPhone OS 7_0 like Mac OS X) AppleWebKit/537.51.1 (KHTML, like Gecko) Version/7.0 Mobile/11A465 Safari/9537.53 (compatible; bingbot/2.0; http://www.bing.com/bingbot.htm)"
79.113.45.41 - - [22/Dec/2015:03:24:18 +0100] "GET /images/vasutterkep_n.jpg HTTP/1.1" 200 4702972 "-" "Mozilla/5.0 (Linux; Android 4.4.2; Lenovo A3500-FL Build/KOT49H) AppleWebKit/537.36 (KHTML, like Gecko) Version/4.0 Chrome/30.0.0.0 Safari/537.36 GSA/5.7.14.19.arm"
66.249.64.1 - - [22/Dec/2015:04:02:30 +0100] "GET /robots.txt HTTP/1.1" 404 1181 "-" "Mozilla/5.0 (compatible; Googlebot/2.1; +http://www.google.com/bot.html)"
66.249.64.1 - - [22/Dec/2015:04:02:30 +0100] "GET /doc/barkorichard_0706222.pdf HTTP/1.1" 200 67772 "-" "Mozilla/5.0 (compatible; Googlebot/2.1; +http://www.google.com/bot.html)"
66.249.64.7 - - [22/Dec/2015:04:45:11 +0100] "GET /doc/allomasok_kepes_osszefoglaloja.pdf HTTP/1.1" 200 5628186 "-" "DoCoMo/2.0 N905i(c100;TB;W24H16) (compatible; Googlebot-Mobile/2.1; +http://www.google.com/bot.html)"
77.111.90.197 - - [22/Dec/2015:05:03:40 +0100] "GET / HTTP/1.1" 200 1178 "-" "Mozilla/5.0 (Windows NT 6.1; WOW64) AppleWebKit/537.36 (KHTML, like Gecko) Chrome/46.0.2490.71 Safari/537.36"
77.111.90.197 - - [22/Dec/2015:05:03:40 +0100] "GET / HTTP/1.0" 200 1178 "-" "-"
193.68.41.17 - - [22/Dec/2015:05:22:25 +0100] "GET /hirlevel/images/0907a.jpg HTTP/1.1" 200 128186 "https://www.google.hu/" "Mozilla/5.0 (Windows NT 6.1) AppleWebKit/537.36 (KHTML, like Gecko) Chrome/43.0.2357.81 Safari/537.36"
207.46.13.184 - - [22/Dec/2015:06:02:49 +0100] "GET /robots.txt HTTP/1.1" 404 1181 "-" "Mozilla/5.0 (compatible; bingbot/2.0; +http://www.bing.com/bingbot.htm)"
207.46.13.184 - - [22/Dec/2015:06:03:18 +0100] "GET /doc/vasutbezarasok_200710.pdf HTTP/1.1" 200 73986 "-" "Mozilla/5.0 (iPhone; CPU iPhone OS 7_0 like Mac OS X) AppleWebKit/537.51.1 (KHTML, like Gecko) Version/7.0 Mobile/11A465 Safari/9537.53 (compatible; bingbot/2.0; http://www.bing.com/bingbot.htm)"
66.249.64.1 - - [22/Dec/2015:06:18:02 +0100] "GET /doc/orszaggyul_allasfogl.pdf HTTP/1.1" 200 59817 "-" "Mozilla/5.0 (compatible; Googlebot/2.1; +http://www.google.com/bot.html)"
95.108.158.146 - - [22/Dec/2015:06:41:42 +0100] "GET /robots.txt HTTP/1.1" 404 1181 "-" "Mozilla/5.0 (compatible; YandexBot/3.0; +http://yandex.com/bots)"
37.140.141.37 - - [22/Dec/2015:06:41:45 +0100] "GET /hirlevel/vasuttal0801.htm HTTP/1.1" 200 23813 "-" "Mozilla/5.0 (compatible; YandexBot/3.0; +http://yandex.com/bots)"
130.193.51.56 - - [22/Dec/2015:06:41:52 +0100] "GET /hirlevel/vonattal1207.htm HTTP/1.1" 200 57936 "-" "Mozilla/5.0 (compatible; YandexBot/3.0; +http://yandex.com/bots)"
40.77.167.89 - - [22/Dec/2015:06:50:35 +0100] "GET /robots.txt HTTP/1.1" 404 1181 "-" "Mozilla/5.0 (compatible; bingbot/2.0; +http://www.bing.com/bingbot.htm)"
40.77.167.89 - - [22/Dec/2015:06:50:39 +0100] "GET /doc/elovarosi_201301.pdf HTTP/1.1" 200 35439 "-" "Mozilla/5.0 (compatible; bingbot/2.0; +http://www.bing.com/bingbot.htm)"
66.249.64.216 - - [22/Dec/2015:07:48:30 +0100] "GET /robots.txt HTTP/1.1" 404 1181 "-" "Mozilla/5.0 (compatible; Googlebot/2.1; +http://www.google.com/bot.html)"
66.249.64.216 - - [22/Dec/2015:07:48:48 +0100] "GET /doc/rakoskert_vasuti_kozlekedese_201011.pdf HTTP/1.1" 200 14784663 "-" "Mozilla/5.0 (iPhone; CPU iPhone OS 8_3 like Mac OS X) AppleWebKit/600.1.4 (KHTML, like Gecko) Version/8.0 Mobile/12F70 Safari/600.1.4 (compatible; Googlebot/2.1; +http://www.google.com/bot.html)"
78.92.43.146 - - [22/Dec/2015:07:58:26 +0100] "GET /images/vasutterkep_n.jpg HTTP/1.1" 200 4702972 "-" "Mozilla/5.0 (Windows NT 6.1; WOW64; rv:43.0) Gecko/20100101 Firefox/43.0"
78.92.43.146 - - [22/Dec/2015:07:58:26 +0100] "GET /favicon.ico HTTP/1.1" 404 1181 "-" "Mozilla/5.0 (Windows NT 6.1; WOW64; rv:43.0) Gecko/20100101 Firefox/43.0"
78.92.43.146 - - [22/Dec/2015:07:58:26 +0100] "GET /favicon.ico HTTP/1.1" 404 1181 "-" "Mozilla/5.0 (Windows NT 6.1; WOW64; rv:43.0) Gecko/20100101 Firefox/43.0"
66.249.64.211 - - [22/Dec/2015:08:16:31 +0100] "GET /doc/automentes_turizmus.pdf HTTP/1.1" 200 31447 "-" "Mozilla/5.0 (compatible; Googlebot/2.1; +http://www.google.com/bot.html)"
66.249.64.216 - - [22/Dec/2015:08:33:04 +0100] "GET /doc/recs_konf_1103.pdf HTTP/1.1" 200 155298 "-" "DoCoMo/2.0 N905i(c100;TB;W24H16) (compatible; Googlebot-Mobile/2.1; +http://www.google.com/bot.html)"
89.133.20.138 - - [22/Dec/2015:08:39:20 +0100] "GET /hirlevel/vonattal1508.html HTTP/1.1" 200 24080 "http://www.fenntarthatokozlekedesert.hu/" "Mozilla/5.0 (Windows NT 6.3; WOW64; Trident/7.0; rv:11.0) like Gecko"
89.133.20.138 - - [22/Dec/2015:08:39:20 +0100] "GET /hirlevel/NCTA_tamogato_es_lebonyolito_logosor.jpg HTTP/1.1" 200 22139 "http://mkk.zpok.hu/hirlevel/vonattal1508.html" "Mozilla/5.0 (Windows NT 6.3; WOW64; Trident/7.0; rv:11.0) like Gecko"
89.133.20.138 - - [22/Dec/2015:08:39:20 +0100] "GET /hirlevel/images/1509a.jpg HTTP/1.1" 200 28672 "http://mkk.zpok.hu/hirlevel/vonattal1508.html" "Mozilla/5.0 (Windows NT 6.3; WOW64; Trident/7.0; rv:11.0) like Gecko"
89.133.20.138 - - [22/Dec/2015:08:39:21 +0100] "GET /hirlevel/images/1509b.jpg HTTP/1.1" 200 102400 "http://mkk.zpok.hu/hirlevel/vonattal1508.html" "Mozilla/5.0 (Windows NT 6.3; WOW64; Trident/7.0; rv:11.0) like Gecko"
89.133.20.138 - - [22/Dec/2015:08:39:21 +0100] "GET /hirlevel/images/1509c.jpg HTTP/1.1" 200 204800 "http://mkk.zpok.hu/hirlevel/vonattal1508.html" "Mozilla/5.0 (Windows NT 6.3; WOW64; Trident/7.0; rv:11.0) like Gecko"
89.133.20.138 - - [22/Dec/2015:08:39:21 +0100] "HEAD /hirlevel/images/avidekkozlekedeseert.swf HTTP/1.1" 200 0 "-" "Mozilla/5.0 (Windows NT 6.3; WOW64; Trident/7.0; rv:11.0) like Gecko"
89.133.20.138 - - [22/Dec/2015:08:39:22 +0100] "GET /hirlevel/images/1509e.png HTTP/1.1" 200 1324120 "http://mkk.zpok.hu/hirlevel/vonattal1508.html" "Mozilla/5.0 (Windows NT 6.3; WOW64; Trident/7.0; rv:11.0) like Gecko"
89.133.20.138 - - [22/Dec/2015:08:39:22 +0100] "GET /hirlevel/images/avidekkozlekedeseert.swf HTTP/1.1" 200 5063 "http://mkk.zpok.hu/hirlevel/vonattal1508.html" "Mozilla/5.0 (Windows NT 6.3; WOW64; Trident/7.0; rv:11.0) like Gecko"
89.133.20.138 - - [22/Dec/2015:08:39:23 +0100] "GET /hirlevel/images/1509d.jpg HTTP/1.1" 200 4198400 "http://mkk.zpok.hu/hirlevel/vonattal1508.html" "Mozilla/5.0 (Windows NT 6.3; WOW64; Trident/7.0; rv:11.0) like Gecko"
89.133.20.138 - - [22/Dec/2015:08:39:23 +0100] "GET /favicon.ico HTTP/1.1" 404 1181 "-" "Mozilla/5.0 (Windows NT 6.3; Win64; x64; Trident/7.0; rv:11.0) like Gecko"
89.133.20.138 - - [22/Dec/2015:08:39:39 +0100] "GET /hirlevel/vonattal1512.html HTTP/1.1" 404 1181 "-" "Mozilla/5.0 (Windows NT 6.3; WOW64; Trident/7.0; rv:11.0) like Gecko"
40.77.167.89 - - [22/Dec/2015:08:44:11 +0100] "GET /doc/allomasok_kepes_osszefoglaloja.pdf HTTP/1.1" 200 5628186 "-" "Mozilla/5.0 (iPhone; CPU iPhone OS 7_0 like Mac OS X) AppleWebKit/537.51.1 (KHTML, like Gecko) Version/7.0 Mobile/11A465 Safari/9537.53 (compatible; bingbot/2.0; http://www.bing.com/bingbot.htm)"
199.30.24.232 - - [22/Dec/2015:09:45:42 +0100] "GET /doc/allomasok_kepes_osszefoglaloja.pdf HTTP/1.1" 200 67346 "-" "Mozilla/5.0 (iPhone; CPU iPhone OS 7_0 like Mac OS X) AppleWebKit/537.51.1 (KHTML, like Gecko) Version/7.0 Mobile/11A465 Safari/9537.53 BingPreview/1.0b"
89.133.143.101 - - [22/Dec/2015:10:05:46 +0100] "GET /hirlevel/images/1009_terkep_n.jpg HTTP/1.1" 200 598267 "https://www.google.hu/" "Mozilla/5.0 (Windows NT 6.1; WOW64) AppleWebKit/537.36 (KHTML, like Gecko) Chrome/42.0.2311.90 Safari/537.36"
68.180.228.34 - - [22/Dec/2015:10:06:26 +0100] "GET /doc/Bajnai-mellekvonal091209.pdf HTTP/1.1" 304 - "-" "Mozilla/5.0 (compatible; Yahoo! Slurp; http://help.yahoo.com/help/us/ysearch/slurp)"
87.244.195.237 - - [22/Dec/2015:10:07:17 +0100] "GET /images/vasutterkep_n.jpg HTTP/1.1" 200 4702972 "-" "Mozilla/5.0 (Windows NT 6.1; WOW64; rv:43.0) Gecko/20100101 Firefox/43.0"
87.244.195.237 - - [22/Dec/2015:10:07:17 +0100] "GET /favicon.ico HTTP/1.1" 404 1181 "-" "Mozilla/5.0 (Windows NT 6.1; WOW64; rv:43.0) Gecko/20100101 Firefox/43.0"
87.244.195.237 - - [22/Dec/2015:10:07:18 +0100] "GET /favicon.ico HTTP/1.1" 404 1181 "-" "Mozilla/5.0 (Windows NT 6.1; WOW64; rv:43.0) Gecko/20100101 Firefox/43.0"
66.249.64.211 - - [22/Dec/2015:10:11:17 +0100] "GET /doc/rakoskert_vasuti_kozlekedese_201011.pdf HTTP/1.1" 200 14784663 "-" "Mozilla/5.0 (compatible; Googlebot/2.1; +http://www.google.com/bot.html)"
66.249.64.206 - - [22/Dec/2015:10:11:18 +0100] "GET /hirlevel/images/1105_g.jpg HTTP/1.1" 200 122421 "-" "Googlebot-Image/1.0"
66.249.64.206 - - [22/Dec/2015:10:11:27 +0100] "GET /hirlevel/images/1110g.jpg HTTP/1.1" 200 63166 "-" "Googlebot-Image/1.0"
66.249.64.206 - - [22/Dec/2015:10:11:29 +0100] "GET /hirlevel/images/1304_c.jpg HTTP/1.1" 200 30319 "-" "Googlebot-Image/1.0"
66.249.64.211 - - [22/Dec/2015:10:12:39 +0100] "GET /hirlevel/images/1307_4.jpg HTTP/1.1" 200 183594 "-" "Googlebot-Image/1.0"
66.249.64.206 - - [22/Dec/2015:10:12:43 +0100] "GET /hirlevel/godollo.jpg HTTP/1.1" 200 115555 "-" "Googlebot-Image/1.0"
66.249.64.216 - - [22/Dec/2015:10:12:51 +0100] "GET /hirlevel/images/1311a.jpg HTTP/1.1" 200 99711 "-" "Googlebot-Image/1.0"
66.249.64.206 - - [22/Dec/2015:10:13:42 +0100] "GET /hirlevel/images/1409k.png HTTP/1.1" 200 88518 "-" "Googlebot-Image/1.0"
66.249.64.206 - - [22/Dec/2015:10:15:31 +0100] "GET /hirlevel/images/1108_c.jpg HTTP/1.1" 200 383665 "-" "Googlebot-Image/1.0"
217.94.102.57 - - [22/Dec/2015:10:19:30 +0100] "GET /images/vasutterkep_n.jpg HTTP/1.1" 200 4702972 "http://www.bing.com/images/search?q=ungarn&view=detailv2&&id=980B8D5C1827BC2965A0714C0DEEB2137C3AFD33&selectedIndex=582&ccid=MOlknMzD&simid=608025876549665303&thid=OIP.M30e9649cccc354808e704e255eea0008o0&mode=overlay" "Mozilla/5.0 (Windows NT 6.1; WOW64; Trident/7.0; rv:11.0) like Gecko"
157.55.39.166 - - [22/Dec/2015:10:20:04 +0100] "GET /robots.txt HTTP/1.1" 404 1181 "-" "Mozilla/5.0 (compatible; bingbot/2.0; +http://www.bing.com/bingbot.htm)"
157.55.39.166 - - [22/Dec/2015:10:20:20 +0100] "GET /hirlevel/images/1307_3.jpg HTTP/1.1" 200 173750 "-" "Mozilla/5.0 (compatible; bingbot/2.0; +http://www.bing.com/bingbot.htm)"
66.249.64.211 - - [22/Dec/2015:10:21:10 +0100] "GET /hirlevel/images/1504_e.jpg HTTP/1.1" 200 97937 "-" "Googlebot-Image/1.0"
195.67.11.166 - - [22/Dec/2015:10:23:20 +0100] "GET /hirlevel/images/1101_b.jpg HTTP/1.1" 200 96584 "-" "Mozilla/5.0 (compatible; MSIE 9.0; Windows NT 6.1; WOW64; Trident/5.0)"
66.249.64.211 - - [22/Dec/2015:10:23:51 +0100] "GET /hirlevel/images/1101_a.jpg HTTP/1.1" 200 59963 "-" "Googlebot-Image/1.0"
66.249.64.216 - - [22/Dec/2015:10:24:50 +0100] "GET /hirlevel/images/1306_1.jpg HTTP/1.1" 200 138187 "-" "Googlebot-Image/1.0"
66.249.64.216 - - [22/Dec/2015:10:25:17 +0100] "GET /hirlevel/images/1110_c.jpg HTTP/1.1" 200 53873 "-" "Googlebot-Image/1.0"
66.249.64.206 - - [22/Dec/2015:10:25:24 +0100] "GET /hirlevel/images/1209_d.jpg HTTP/1.1" 200 211060 "-" "Googlebot-Image/1.0"
66.249.64.216 - - [22/Dec/2015:10:25:45 +0100] "GET /doc/mkk_mobhet_1009.pdf HTTP/1.1" 200 85154 "-" "Mozilla/5.0 (iPhone; CPU iPhone OS 8_3 like Mac OS X) AppleWebKit/600.1.4 (KHTML, like Gecko) Version/8.0 Mobile/12F70 Safari/600.1.4 (compatible; Googlebot/2.1; +http://www.google.com/bot.html)"
188.36.212.215 - - [22/Dec/2015:10:26:27 +0100] "GET /hirlevel/images/1206_6.jpg HTTP/1.1" 200 181989 "-" "Mozilla/5.0 (Linux; U; Android 4.2.2; hu-hu; ALCATEL ONE TOUCH P310X Build/JDQ39) AppleWebKit/534.30 (KHTML, like Gecko) Version/4.2 Mobile Safari/534.30 GSA/5.3.26.16.arm"
66.249.64.216 - - [22/Dec/2015:10:27:16 +0100] "GET /hirlevel/vonattal1309.html HTTP/1.1" 200 41258 "-" "DoCoMo/2.0 N905i(c100;TB;W24H16) (compatible; Googlebot-Mobile/2.1; +http://www.google.com/bot.html)"
66.249.64.206 - - [22/Dec/2015:10:27:26 +0100] "GET /hirlevel/images/1410_u.jpg HTTP/1.1" 200 248000 "-" "Googlebot-Image/1.0"
66.249.64.211 - - [22/Dec/2015:10:30:45 +0100] "GET /hirlevel/images/1311d.jpg HTTP/1.1" 200 142045 "-" "Googlebot-Image/1.0"
66.249.64.216 - - [22/Dec/2015:10:32:50 +0100] "GET /hirlevel/images/1101_b.jpg HTTP/1.1" 200 96584 "-" "Googlebot-Image/1.0"
78.131.11.61 - - [22/Dec/2015:10:34:10 +0100] "GET /hirlevel/images/1009_terkep_n.jpg HTTP/1.1" 200 598267 "https://www.google.hu/" "Mozilla/5.0 (Windows NT 10.0; WOW64) AppleWebKit/537.36 (KHTML, like Gecko) Chrome/47.0.2526.106 Safari/537.36"
5.38.188.127 - - [22/Dec/2015:10:38:04 +0100] "GET /images/vasutterkep_n.jpg HTTP/1.1" 200 3766105 "https://www.google.hu/" "Mozilla/5.0 (Windows NT 6.1) AppleWebKit/537.36 (KHTML, like Gecko) Chrome/47.0.2526.106 Safari/537.36"
180.76.15.148 - - [22/Dec/2015:10:39:19 +0100] "GET /robots.txt HTTP/1.1" 404 1181 "-" "Mozilla/5.0 (Windows NT 5.1; rv:6.0.2) Gecko/20100101 Firefox/6.0.2"
180.76.15.156 - - [22/Dec/2015:10:39:33 +0100] "GET /doc/osszef_0910.pdf HTTP/1.1" 200 65752 "-" "Mozilla/5.0 (compatible; Baiduspider/2.0; +http://www.baidu.com/search/spider.html)"
66.249.64.206 - - [22/Dec/2015:10:40:16 +0100] "GET /hirlevel/images/0912e.jpg HTTP/1.1" 200 39100 "-" "Googlebot-Image/1.0"
66.249.64.206 - - [22/Dec/2015:10:40:28 +0100] "GET /hirlevel/images/1103_c.jpg HTTP/1.1" 200 78492 "-" "Googlebot-Image/1.0"
66.249.64.216 - - [22/Dec/2015:10:47:41 +0100] "GET /hirlevel/images/1307_3.jpg HTTP/1.1" 200 173750 "-" "Googlebot-Image/1.0"
66.249.64.216 - - [22/Dec/2015:10:48:13 +0100] "GET /hirlevel/images/1307_1.jpg HTTP/1.1" 200 85992 "-" "Googlebot-Image/1.0"
66.249.64.211 - - [22/Dec/2015:10:54:47 +0100] "GET /hirlevel/images/1107_e.jpg HTTP/1.1" 200 135338 "-" "Googlebot-Image/1.0"
91.82.169.113 - - [22/Dec/2015:10:58:41 +0100] "GET /images/vasutterkep_n.jpg HTTP/1.1" 200 4311865 "https://www.google.hu/" "Mozilla/5.0 (Windows NT 10.0; WOW64) AppleWebKit/537.36 (KHTML, like Gecko) Chrome/47.0.2526.106 Safari/537.36"
91.82.169.113 - - [22/Dec/2015:10:58:48 +0100] "GET /images/vasutterkep_n.jpg HTTP/1.1" 206 1 "https://www.google.hu/" "Mozilla/5.0 (Windows NT 10.0; WOW64) AppleWebKit/537.36 (KHTML, like Gecko) Chrome/47.0.2526.106 Safari/537.36"
91.82.169.113 - - [22/Dec/2015:10:58:49 +0100] "GET /images/vasutterkep_n.jpg HTTP/1.1" 206 501243 "https://www.google.hu/" "Mozilla/5.0 (Windows NT 10.0; WOW64) AppleWebKit/537.36 (KHTML, like Gecko) Chrome/47.0.2526.106 Safari/537.36"
123.125.71.84 - - [22/Dec/2015:11:06:28 +0100] "GET /doc/ideigl_vedettseg.pdf HTTP/1.1" 200 864830 "-" "Mozilla/5.0 (compatible; Baiduspider/2.0; +http://www.baidu.com/search/spider.html)"
188.143.40.125 - - [22/Dec/2015:11:41:20 +0100] "GET /images/vasutterkep_n.jpg HTTP/1.1" 200 2869824 "https://www.google.hu/" "Mozilla/5.0 (Windows NT 6.1; WOW64) AppleWebKit/537.36 (KHTML, like Gecko) Chrome/47.0.2526.106 Safari/537.36"
188.143.40.125 - - [22/Dec/2015:11:41:36 +0100] "GET /images/vasutterkep_n.jpg HTTP/1.1" 206 1 "https://www.google.hu/" "Mozilla/5.0 (Windows NT 6.1; WOW64) AppleWebKit/537.36 (KHTML, like Gecko) Chrome/47.0.2526.106 Safari/537.36"
188.143.40.125 - - [22/Dec/2015:11:41:39 +0100] "GET /images/vasutterkep_n.jpg HTTP/1.1" 206 2008796 "https://www.google.hu/" "Mozilla/5.0 (Windows NT 6.1; WOW64) AppleWebKit/537.36 (KHTML, like Gecko) Chrome/47.0.2526.106 Safari/537.36"
91.200.12.143 - - [22/Dec/2015:11:55:56 +0100] "GET /hirlevel/vonattal1409.html HTTP/1.0" 200 32865 "http://mkk.zpok.hu/hirlevel/vonattal1409.html" "Mozilla/5.0 (Windows NT 6.1; WOW64) AppleWebKit/537.36 (KHTML, like Gecko) Chrome/45.0.2454.99 Safari/537.36"
193.224.247.65 - - [22/Dec/2015:11:58:21 +0100] "GET /hirlevel/images/1206_6.jpg HTTP/1.1" 200 181989 "http://tourhongrie.blog.hu/" "Mozilla/5.0 (Windows NT 10.0; WOW64; rv:43.0) Gecko/20100101 Firefox/43.0"
89.133.20.138 - - [22/Dec/2015:12:04:22 +0100] "GET /hirlevel/vonattal1512.html HTTP/1.1" 404 1181 "-" "Mozilla/5.0 (Windows NT 6.3; WOW64; Trident/7.0; rv:11.0) like Gecko"
40.77.167.18 - - [22/Dec/2015:12:05:52 +0100] "GET /robots.txt HTTP/1.1" 404 1181 "-" "Mozilla/5.0 (compatible; bingbot/2.0; +http://www.bing.com/bingbot.htm)"
66.249.64.216 - - [22/Dec/2015:12:22:12 +0100] "GET /hirlevel/hatvan-eves-az-atmeno-forgalom_1110.pdf HTTP/1.1" 200 52966 "-" "DoCoMo/2.0 N905i(c100;TB;W24H16) (compatible; Googlebot-Mobile/2.1; +http://www.google.com/bot.html)"
193.68.41.17 - - [22/Dec/2015:12:26:41 +0100] "GET /hirlevel/images/bz_1012.jpg HTTP/1.1" 200 40021 "http://www.bing.com/images/search?q=p%c3%a9cs+m%c3%a1v&view=detailv2&&id=06AE321DA0747F3DAFD0C4EB8B0191879338FF08&selectedIndex=29&ccid=YKkLy%2bxn&simid=607992435931286819&thid=OIP.M60a90bcbec67f00fd44b1fe79e544095o0&mode=overlay" "Mozilla/5.0 (compatible; MSIE 9.0; Windows NT 6.1; Trident/5.0)"
193.68.41.17 - - [22/Dec/2015:12:27:08 +0100] "GET /images/vasutterkep_n.jpg HTTP/1.1" 200 4702972 "http://www.bing.com/images/search?q=p%c3%a9cs+m%c3%a1v&view=detailv2&&id=06AE321DA0747F3DAFD0C4EB8B0191879338FF08&selectedIndex=29&ccid=YKkLy%2bxn&simid=607992435931286819&thid=OIP.M60a90bcbec67f00fd44b1fe79e544095o0&mode=overlay" "Mozilla/5.0 (compatible; MSIE 9.0; Windows NT 6.1; Trident/5.0)"
80.99.171.136 - - [22/Dec/2015:12:30:01 +0100] "GET / HTTP/1.1" 200 1178 "-" "Mozilla/5.0 (X11; Ubuntu; Linux x86_64; rv:43.0) Gecko/20100101 Firefox/43.0"
80.99.171.136 - - [22/Dec/2015:12:30:03 +0100] "GET /index.swf HTTP/1.1" 200 1451868 "http://mkk.zpok.hu/" "Mozilla/5.0 (X11; Ubuntu; Linux x86_64; rv:43.0) Gecko/20100101 Firefox/43.0"
80.99.171.136 - - [22/Dec/2015:12:30:03 +0100] "GET /favicon.ico HTTP/1.1" 404 1181 "-" "Mozilla/5.0 (X11; Ubuntu; Linux x86_64; rv:43.0) Gecko/20100101 Firefox/43.0"
80.99.171.136 - - [22/Dec/2015:12:30:03 +0100] "GET /favicon.ico HTTP/1.1" 404 1181 "-" "Mozilla/5.0 (X11; Ubuntu; Linux x86_64; rv:43.0) Gecko/20100101 Firefox/43.0"
80.99.171.136 - - [22/Dec/2015:12:30:06 +0100] "GET /popupsys%20elemei/main.txt HTTP/1.1" 200 342 "http://mkk.zpok.hu/index.swf" "Mozilla/5.0 (X11; Ubuntu; Linux x86_64; rv:43.0) Gecko/20100101 Firefox/43.0"
80.99.171.136 - - [22/Dec/2015:12:30:06 +0100] "GET /hirek.xml HTTP/1.1" 200 50012 "http://mkk.zpok.hu/index.swf" "Mozilla/5.0 (X11; Ubuntu; Linux x86_64; rv:43.0) Gecko/20100101 Firefox/43.0"
80.99.171.136 - - [22/Dec/2015:12:30:39 +0100] "GET /hirlevel/vonattal1506.html HTTP/1.1" 200 19070 "http://mkk.zpok.hu/" "Mozilla/5.0 (X11; Ubuntu; Linux x86_64; rv:43.0) Gecko/20100101 Firefox/43.0"
80.99.171.136 - - [22/Dec/2015:12:30:39 +0100] "GET /hirlevel/NCTA_tamogato_es_lebonyolito_logosor.jpg HTTP/1.1" 200 22139 "http://mkk.zpok.hu/hirlevel/vonattal1506.html" "Mozilla/5.0 (X11; Ubuntu; Linux x86_64; rv:43.0) Gecko/20100101 Firefox/43.0"
80.99.171.136 - - [22/Dec/2015:12:30:40 +0100] "GET /hirlevel/images/avidekkozlekedeseert.swf HTTP/1.1" 200 5063 "http://mkk.zpok.hu/hirlevel/vonattal1506.html" "Mozilla/5.0 (X11; Ubuntu; Linux x86_64; rv:43.0) Gecko/20100101 Firefox/43.0"
80.99.171.136 - - [22/Dec/2015:12:30:40 +0100] "GET /hirlevel/images/1506b.png HTTP/1.1" 200 180224 "http://mkk.zpok.hu/hirlevel/vonattal1506.html" "Mozilla/5.0 (X11; Ubuntu; Linux x86_64; rv:43.0) Gecko/20100101 Firefox/43.0"
80.99.171.136 - - [22/Dec/2015:12:30:40 +0100] "GET /hirlevel/images/1506a.png HTTP/1.1" 200 180321 "http://mkk.zpok.hu/hirlevel/vonattal1506.html" "Mozilla/5.0 (X11; Ubuntu; Linux x86_64; rv:43.0) Gecko/20100101 Firefox/43.0"
80.99.171.136 - - [22/Dec/2015:12:30:49 +0100] "GET /hirlevel/vonattal1507.html HTTP/1.1" 404 1181 "-" "Mozilla/5.0 (X11; Ubuntu; Linux x86_64; rv:43.0) Gecko/20100101 Firefox/43.0"
80.99.171.136 - - [22/Dec/2015:12:30:54 +0100] "GET /hirlevel/vonattal1508.html HTTP/1.1" 200 24080 "-" "Mozilla/5.0 (X11; Ubuntu; Linux x86_64; rv:43.0) Gecko/20100101 Firefox/43.0"
80.99.171.136 - - [22/Dec/2015:12:30:54 +0100] "GET /hirlevel/NCTA_tamogato_es_lebonyolito_logosor.jpg HTTP/1.1" 304 - "http://mkk.zpok.hu/hirlevel/vonattal1508.html" "Mozilla/5.0 (X11; Ubuntu; Linux x86_64; rv:43.0) Gecko/20100101 Firefox/43.0"
80.99.171.136 - - [22/Dec/2015:12:30:54 +0100] "GET /hirlevel/images/1509a.jpg HTTP/1.1" 200 28672 "http://mkk.zpok.hu/hirlevel/vonattal1508.html" "Mozilla/5.0 (X11; Ubuntu; Linux x86_64; rv:43.0) Gecko/20100101 Firefox/43.0"
80.99.171.136 - - [22/Dec/2015:12:30:54 +0100] "GET /hirlevel/images/1509b.jpg HTTP/1.1" 200 102400 "http://mkk.zpok.hu/hirlevel/vonattal1508.html" "Mozilla/5.0 (X11; Ubuntu; Linux x86_64; rv:43.0) Gecko/20100101 Firefox/43.0"
80.99.171.136 - - [22/Dec/2015:12:30:54 +0100] "GET /hirlevel/images/1509c.jpg HTTP/1.1" 200 204800 "http://mkk.zpok.hu/hirlevel/vonattal1508.html" "Mozilla/5.0 (X11; Ubuntu; Linux x86_64; rv:43.0) Gecko/20100101 Firefox/43.0"
80.99.171.136 - - [22/Dec/2015:12:30:55 +0100] "GET /hirlevel/images/1509e.png HTTP/1.1" 200 1324120 "http://mkk.zpok.hu/hirlevel/vonattal1508.html" "Mozilla/5.0 (X11; Ubuntu; Linux x86_64; rv:43.0) Gecko/20100101 Firefox/43.0"
80.99.171.136 - - [22/Dec/2015:12:30:56 +0100] "GET /hirlevel/images/1509d.jpg HTTP/1.1" 200 4198400 "http://mkk.zpok.hu/hirlevel/vonattal1508.html" "Mozilla/5.0 (X11; Ubuntu; Linux x86_64; rv:43.0) Gecko/20100101 Firefox/43.0"
80.99.171.136 - - [22/Dec/2015:12:31:01 +0100] "GET /hirlevel/vonattal1509.html HTTP/1.1" 404 1181 "-" "Mozilla/5.0 (X11; Ubuntu; Linux x86_64; rv:43.0) Gecko/20100101 Firefox/43.0"
80.99.171.136 - - [22/Dec/2015:12:31:06 +0100] "GET /hirlevel/vonattal1510.html HTTP/1.1" 404 1181 "-" "Mozilla/5.0 (X11; Ubuntu; Linux x86_64; rv:43.0) Gecko/20100101 Firefox/43.0"
80.99.171.136 - - [22/Dec/2015:12:31:11 +0100] "GET /hirlevel/vonattal1511.html HTTP/1.1" 404 1181 "-" "Mozilla/5.0 (X11; Ubuntu; Linux x86_64; rv:43.0) Gecko/20100101 Firefox/43.0"
80.99.171.136 - - [22/Dec/2015:12:31:16 +0100] "GET /hirlevel/vonattal1509.html HTTP/1.1" 404 1181 "-" "Mozilla/5.0 (X11; Ubuntu; Linux x86_64; rv:43.0) Gecko/20100101 Firefox/43.0"
80.99.171.136 - - [22/Dec/2015:12:31:22 +0100] "GET /hirlevel/vonattal1508.html HTTP/1.1" 304 - "-" "Mozilla/5.0 (X11; Ubuntu; Linux x86_64; rv:43.0) Gecko/20100101 Firefox/43.0"
80.99.171.136 - - [22/Dec/2015:12:31:22 +0100] "GET /hirlevel/NCTA_tamogato_es_lebonyolito_logosor.jpg HTTP/1.1" 304 - "http://mkk.zpok.hu/hirlevel/vonattal1508.html" "Mozilla/5.0 (X11; Ubuntu; Linux x86_64; rv:43.0) Gecko/20100101 Firefox/43.0"
80.99.171.136 - - [22/Dec/2015:12:31:44 +0100] "GET /hirlevel/vonattal1512.html HTTP/1.1" 200 35615 "-" "Mozilla/5.0 (X11; Ubuntu; Linux x86_64; rv:43.0) Gecko/20100101 Firefox/43.0"
80.99.171.136 - - [22/Dec/2015:12:31:44 +0100] "GET /hirlevel/images/1512_b.jpg HTTP/1.1" 200 129334 "http://mkk.zpok.hu/hirlevel/vonattal1512.html" "Mozilla/5.0 (X11; Ubuntu; Linux x86_64; rv:43.0) Gecko/20100101 Firefox/43.0"
80.99.171.136 - - [22/Dec/2015:12:31:44 +0100] "GET /hirlevel/NCTA_tamogato_es_lebonyolito_logosor.jpg HTTP/1.1" 304 - "http://mkk.zpok.hu/hirlevel/vonattal1512.html" "Mozilla/5.0 (X11; Ubuntu; Linux x86_64; rv:43.0) Gecko/20100101 Firefox/43.0"
80.99.171.136 - - [22/Dec/2015:12:34:05 +0100] "GET /hirlevel/vonattal1512.html HTTP/1.1" 304 - "-" "Mozilla/5.0 (X11; Ubuntu; Linux x86_64; rv:43.0) Gecko/20100101 Firefox/43.0"
80.99.171.136 - - [22/Dec/2015:12:34:06 +0100] "GET /hirlevel/images/avidekkozlekedeseert.swf HTTP/1.1" 200 5063 "http://mkk.zpok.hu/hirlevel/vonattal1512.html" "Mozilla/5.0 (X11; Ubuntu; Linux x86_64; rv:43.0) Gecko/20100101 Firefox/43.0"
80.99.171.136 - - [22/Dec/2015:12:34:06 +0100] "GET /hirlevel/NCTA_tamogato_es_lebonyolito_logosor.jpg HTTP/1.1" 200 22139 "http://mkk.zpok.hu/hirlevel/vonattal1512.html" "Mozilla/5.0 (X11; Ubuntu; Linux x86_64; rv:43.0) Gecko/20100101 Firefox/43.0"
80.99.171.136 - - [22/Dec/2015:12:34:06 +0100] "GET /hirlevel/images/1512_b.jpg HTTP/1.1" 304 - "http://mkk.zpok.hu/hirlevel/vonattal1512.html" "Mozilla/5.0 (X11; Ubuntu; Linux x86_64; rv:43.0) Gecko/20100101 Firefox/43.0"
80.99.171.136 - - [22/Dec/2015:12:34:31 +0100] "GET /hirlevel/vonattal1512.html HTTP/1.1" 200 35730 "-" "Mozilla/5.0 (X11; Ubuntu; Linux x86_64; rv:43.0) Gecko/20100101 Firefox/43.0"
80.99.171.136 - - [22/Dec/2015:12:34:31 +0100] "GET /hirlevel/images/1512_c.jpg HTTP/1.1" 200 48941 "http://mkk.zpok.hu/hirlevel/vonattal1512.html" "Mozilla/5.0 (X11; Ubuntu; Linux x86_64; rv:43.0) Gecko/20100101 Firefox/43.0"
80.99.171.136 - - [22/Dec/2015:12:34:32 +0100] "GET /hirlevel/images/1512_b.jpg HTTP/1.1" 304 - "http://mkk.zpok.hu/hirlevel/vonattal1512.html" "Mozilla/5.0 (X11; Ubuntu; Linux x86_64; rv:43.0) Gecko/20100101 Firefox/43.0"
80.99.171.136 - - [22/Dec/2015:12:34:32 +0100] "GET /hirlevel/images/avidekkozlekedeseert.swf HTTP/1.1" 304 - "http://mkk.zpok.hu/hirlevel/vonattal1512.html" "Mozilla/5.0 (X11; Ubuntu; Linux x86_64; rv:43.0) Gecko/20100101 Firefox/43.0"
80.99.171.136 - - [22/Dec/2015:12:34:32 +0100] "GET /hirlevel/NCTA_tamogato_es_lebonyolito_logosor.jpg HTTP/1.1" 304 - "http://mkk.zpok.hu/hirlevel/vonattal1512.html" "Mozilla/5.0 (X11; Ubuntu; Linux x86_64; rv:43.0) Gecko/20100101 Firefox/43.0"
40.77.167.23 - - [22/Dec/2015:12:36:00 +0100] "GET /robots.txt HTTP/1.1" 404 1181 "-" "Mozilla/5.0 (compatible; bingbot/2.0; +http://www.bing.com/bingbot.htm)"
40.77.167.23 - - [22/Dec/2015:12:36:33 +0100] "GET /hirlevel/vonattal1307.html HTTP/1.1" 200 33563 "-" "Mozilla/5.0 (compatible; bingbot/2.0; +http://www.bing.com/bingbot.htm)"
80.99.171.136 - - [22/Dec/2015:12:37:13 +0100] "GET /hirlevel/vonattal1512.html HTTP/1.1" 200 36099 "-" "Mozilla/5.0 (X11; Ubuntu; Linux x86_64; rv:43.0) Gecko/20100101 Firefox/43.0"
80.99.171.136 - - [22/Dec/2015:12:37:13 +0100] "GET /hirlevel/NCTA_tamogato_es_lebonyolito_logosor.jpg HTTP/1.1" 200 22139 "http://mkk.zpok.hu/hirlevel/vonattal1512.html" "Mozilla/5.0 (X11; Ubuntu; Linux x86_64; rv:43.0) Gecko/20100101 Firefox/43.0"
80.99.171.136 - - [22/Dec/2015:12:37:13 +0100] "GET /hirlevel/images/avidekkozlekedeseert.swf HTTP/1.1" 200 5063 "http://mkk.zpok.hu/hirlevel/vonattal1512.html" "Mozilla/5.0 (X11; Ubuntu; Linux x86_64; rv:43.0) Gecko/20100101 Firefox/43.0"
80.99.171.136 - - [22/Dec/2015:12:37:13 +0100] "GET /hirlevel/images/1512_b.jpg HTTP/1.1" 200 129334 "http://mkk.zpok.hu/hirlevel/vonattal1512.html" "Mozilla/5.0 (X11; Ubuntu; Linux x86_64; rv:43.0) Gecko/20100101 Firefox/43.0"
80.99.171.136 - - [22/Dec/2015:12:37:13 +0100] "GET /hirlevel/images/1512_c.jpg HTTP/1.1" 200 48941 "http://mkk.zpok.hu/hirlevel/vonattal1512.html" "Mozilla/5.0 (X11; Ubuntu; Linux x86_64; rv:43.0) Gecko/20100101 Firefox/43.0"
40.77.167.32 - - [22/Dec/2015:12:37:38 +0100] "GET /robots.txt HTTP/1.1" 404 1181 "-" "Mozilla/5.0 (compatible; bingbot/2.0; +http://www.bing.com/bingbot.htm)"
40.77.167.32 - - [22/Dec/2015:12:37:46 +0100] "GET /doc/tisza-to_szoroanyag_2012.pdf HTTP/1.1" 200 890943 "-" "Mozilla/5.0 (iPhone; CPU iPhone OS 7_0 like Mac OS X) AppleWebKit/537.51.1 (KHTML, like Gecko) Version/7.0 Mobile/11A465 Safari/9537.53 (compatible; bingbot/2.0; http://www.bing.com/bingbot.htm)"
66.249.64.7 - - [22/Dec/2015:12:48:02 +0100] "GET /doc/utak_a_kerekparozashoz.pdf HTTP/1.1" 200 5493368 "-" "Mozilla/5.0 (compatible; Googlebot/2.1; +http://www.google.com/bot.html)"
80.99.171.136 - - [22/Dec/2015:12:50:45 +0100] "GET /hirlevel/vonattal1512.html HTTP/1.1" 200 36341 "-" "Mozilla/5.0 (X11; Ubuntu; Linux x86_64; rv:43.0) Gecko/20100101 Firefox/43.0"
80.99.171.136 - - [22/Dec/2015:12:50:46 +0100] "GET /hirlevel/NCTA_tamogato_es_lebonyolito_logosor.jpg HTTP/1.1" 200 22139 "http://mkk.zpok.hu/hirlevel/vonattal1512.html" "Mozilla/5.0 (X11; Ubuntu; Linux x86_64; rv:43.0) Gecko/20100101 Firefox/43.0"
80.99.171.136 - - [22/Dec/2015:12:50:46 +0100] "GET /hirlevel/images/avidekkozlekedeseert.swf HTTP/1.1" 200 5063 "http://mkk.zpok.hu/hirlevel/vonattal1512.html" "Mozilla/5.0 (X11; Ubuntu; Linux x86_64; rv:43.0) Gecko/20100101 Firefox/43.0"
80.99.171.136 - - [22/Dec/2015:12:50:46 +0100] "GET /hirlevel/images/1512_c.jpg HTTP/1.1" 200 48941 "http://mkk.zpok.hu/hirlevel/vonattal1512.html" "Mozilla/5.0 (X11; Ubuntu; Linux x86_64; rv:43.0) Gecko/20100101 Firefox/43.0"
80.99.171.136 - - [22/Dec/2015:12:50:46 +0100] "GET /hirlevel/images/1512_b.jpg HTTP/1.1" 200 129334 "http://mkk.zpok.hu/hirlevel/vonattal1512.html" "Mozilla/5.0 (X11; Ubuntu; Linux x86_64; rv:43.0) Gecko/20100101 Firefox/43.0"
89.133.20.138 - - [22/Dec/2015:12:51:49 +0100] "GET /hirlevel/vonattal1512.html HTTP/1.1" 200 36341 "-" "Mozilla/5.0 (Windows NT 6.3; WOW64; Trident/7.0; rv:11.0) like Gecko"
89.133.20.138 - - [22/Dec/2015:12:51:49 +0100] "GET /hirlevel/NCTA_tamogato_es_lebonyolito_logosor.jpg HTTP/1.1" 200 22139 "http://mkk.zpok.hu/hirlevel/vonattal1512.html" "Mozilla/5.0 (Windows NT 6.3; WOW64; Trident/7.0; rv:11.0) like Gecko"
89.133.20.138 - - [22/Dec/2015:12:51:49 +0100] "GET /hirlevel/images/1512_c.jpg HTTP/1.1" 200 48941 "http://mkk.zpok.hu/hirlevel/vonattal1512.html" "Mozilla/5.0 (Windows NT 6.3; WOW64; Trident/7.0; rv:11.0) like Gecko"
89.133.20.138 - - [22/Dec/2015:12:51:49 +0100] "GET /hirlevel/images/1512_b.jpg HTTP/1.1" 200 129334 "http://mkk.zpok.hu/hirlevel/vonattal1512.html" "Mozilla/5.0 (Windows NT 6.3; WOW64; Trident/7.0; rv:11.0) like Gecko"
89.133.20.138 - - [22/Dec/2015:12:51:50 +0100] "HEAD /hirlevel/images/avidekkozlekedeseert.swf HTTP/1.1" 200 0 "-" "Mozilla/5.0 (Windows NT 6.3; WOW64; Trident/7.0; rv:11.0) like Gecko"
89.133.20.138 - - [22/Dec/2015:12:51:51 +0100] "GET /hirlevel/images/avidekkozlekedeseert.swf HTTP/1.1" 200 5063 "http://mkk.zpok.hu/hirlevel/vonattal1512.html" "Mozilla/5.0 (Windows NT 6.3; WOW64; Trident/7.0; rv:11.0) like Gecko"
89.133.20.138 - - [22/Dec/2015:12:51:52 +0100] "GET /favicon.ico HTTP/1.1" 404 1181 "-" "Mozilla/5.0 (Windows NT 6.3; Win64; x64; Trident/7.0; rv:11.0) like Gecko"
87.101.121.129 - - [22/Dec/2015:12:52:16 +0100] "GET /images/vasutterkep_n.jpg HTTP/1.1" 200 4702972 "https://www.google.hu/" "Mozilla/5.0 (Windows NT 6.3; WOW64) AppleWebKit/537.36 (KHTML, like Gecko) Chrome/47.0.2526.106 Safari/537.36"
40.77.167.18 - - [22/Dec/2015:13:10:07 +0100] "GET /doc/b2_2012_03.pdf HTTP/1.1" 200 1080459 "-" "Mozilla/5.0 (iPhone; CPU iPhone OS 7_0 like Mac OS X) AppleWebKit/537.51.1 (KHTML, like Gecko) Version/7.0 Mobile/11A465 Safari/9537.53 (compatible; bingbot/2.0; http://www.bing.com/bingbot.htm)"
40.77.167.18 - - [22/Dec/2015:13:22:10 +0100] "GET / HTTP/1.1" 200 1178 "-" "Mozilla/5.0 (compatible; bingbot/2.0; +http://www.bing.com/bingbot.htm)"
66.249.64.211 - - [22/Dec/2015:13:59:54 +0100] "GET /doc/vasuttal-budapest-kornyeken.pdf HTTP/1.1" 404 1181 "-" "Mozilla/5.0 (compatible; Googlebot/2.1; +http://www.google.com/bot.html)"
109.110.143.223 - - [22/Dec/2015:14:16:27 +0100] "GET /images/vasutterkep_n.jpg HTTP/1.1" 200 4702972 "https://www.google.hu/" "Mozilla/5.0 (X11; Linux i686) AppleWebKit/537.36 (KHTML, like Gecko) Ubuntu Chromium/37.0.2062.120 Chrome/37.0.2062.120 Safari/537.36"
68.180.229.230 - - [22/Dec/2015:14:17:34 +0100] "GET / HTTP/1.1" 304 - "-" "Mozilla/5.0 (compatible; Yahoo! Slurp; http://help.yahoo.com/help/us/ysearch/slurp)"
68.180.229.230 - - [22/Dec/2015:14:17:36 +0100] "GET /index.swf HTTP/1.1" 200 655360 "-" "Mozilla/5.0 (compatible; Yahoo! Slurp; http://help.yahoo.com/help/us/ysearch/slurp)"
84.115.199.235 - - [22/Dec/2015:14:21:44 +0100] "GET /images/vasutterkep_n.jpg HTTP/1.1" 200 510617 "-" "Mozilla/5.0 (Windows NT 6.1; WOW64) AppleWebKit/537.36 (KHTML, like Gecko) Chrome/47.0.2526.106 Safari/537.36"
5.39.222.145 - - [22/Dec/2015:14:22:13 +0100] "GET / HTTP/1.1" 200 1178 "-" "Mozilla/5.0 (Windows NT 6.2; WOW64) AppleWebKit/537.36 (KHTML like Gecko) Chrome/28.0.1469.0 Safari/537.36"
84.115.199.235 - - [22/Dec/2015:14:23:48 +0100] "GET /images/vasutterkep_n.jpg HTTP/1.1" 206 1 "-" "Mozilla/5.0 (Windows NT 6.1; WOW64) AppleWebKit/537.36 (KHTML, like Gecko) Chrome/47.0.2526.106 Safari/537.36"
84.115.199.235 - - [22/Dec/2015:14:24:07 +0100] "GET /images/vasutterkep_n.jpg HTTP/1.1" 206 4192355 "-" "Mozilla/5.0 (Windows NT 6.1; WOW64) AppleWebKit/537.36 (KHTML, like Gecko) Chrome/47.0.2526.106 Safari/537.36"
66.249.64.211 - - [22/Dec/2015:14:25:24 +0100] "GET /doc/kerdoiv_kozlekedesi_szokasokrol_es_ismeretekrol.doc HTTP/1.1" 200 29696 "-" "SAMSUNG-SGH-E250/1.0 Profile/MIDP-2.0 Configuration/CLDC-1.1 UP.Browser/6.2.3.3.c.1.101 (GUI) MMP/2.0 (compatible; Googlebot-Mobile/2.1; +http://www.google.com/bot.html)"
80.99.159.206 - - [22/Dec/2015:14:27:07 +0100] "GET /hirlevel/images/1504_d.jpg HTTP/1.1" 200 27814 "https://www.google.hu" "Mozilla/5.0 (Windows NT 6.3; WOW64; rv:43.0) Gecko/20100101 Firefox/43.0"
66.249.64.206 - - [22/Dec/2015:14:35:05 +0100] "GET /doc/eletet-a-vasutnak.pdf HTTP/1.1" 200 5085257 "-" "Mozilla/5.0 (compatible; Googlebot/2.1; +http://www.google.com/bot.html)"
40.77.167.32 - - [22/Dec/2015:14:58:57 +0100] "GET /robots.txt HTTP/1.1" 404 1181 "-" "Mozilla/5.0 (compatible; bingbot/2.0; +http://www.bing.com/bingbot.htm)"
40.77.167.32 - - [22/Dec/2015:14:59:03 +0100] "GET / HTTP/1.1" 200 1178 "-" "Mozilla/5.0 (compatible; bingbot/2.0; +http://www.bing.com/bingbot.htm)"
202.180.34.186 - - [22/Dec/2015:15:11:25 +0100] "GET /robots.txt HTTP/1.1" 404 1181 "-" "ICC-Crawler/2.0 (Mozilla-compatible; ; http://www.nict.go.jp/en/univ-com/plan/crawl.html)"
202.180.34.186 - - [22/Dec/2015:15:11:39 +0100] "GET /doc/b2_2010.pdf HTTP/1.1" 404 1181 "-" "ICC-Crawler/2.0 (Mozilla-compatible; ; http://www.nict.go.jp/en/univ-com/plan/crawl.html)"
130.193.51.56 - - [22/Dec/2015:15:17:23 +0100] "GET /robots.txt HTTP/1.1" 404 1181 "-" "Mozilla/5.0 (compatible; YandexBot/3.0; +http://yandex.com/bots)"
40.77.167.32 - - [22/Dec/2015:15:40:42 +0100] "GET /robots.txt HTTP/1.1" 404 1181 "-" "Mozilla/5.0 (compatible; bingbot/2.0; +http://www.bing.com/bingbot.htm)"
40.77.167.32 - - [22/Dec/2015:15:41:01 +0100] "GET / HTTP/1.1" 200 1178 "-" "Mozilla/5.0 (iPhone; CPU iPhone OS 7_0 like Mac OS X) AppleWebKit/537.51.1 (KHTML, like Gecko) Version/7.0 Mobile/11A465 Safari/9537.53 (compatible; bingbot/2.0; http://www.bing.com/bingbot.htm)"
89.133.20.138 - - [22/Dec/2015:15:48:15 +0100] "GET /hirlevel/vonattal1512.html HTTP/1.1" 200 36341 "-" "Mozilla/5.0 (Windows NT 6.3; WOW64; Trident/7.0; rv:11.0) like Gecko"
89.133.20.138 - - [22/Dec/2015:15:48:15 +0100] "GET /hirlevel/NCTA_tamogato_es_lebonyolito_logosor.jpg HTTP/1.1" 200 22139 "http://mkk.zpok.hu/hirlevel/vonattal1512.html" "Mozilla/5.0 (Windows NT 6.3; WOW64; Trident/7.0; rv:11.0) like Gecko"
89.133.20.138 - - [22/Dec/2015:15:48:16 +0100] "GET /hirlevel/images/1512_c.jpg HTTP/1.1" 200 48941 "http://mkk.zpok.hu/hirlevel/vonattal1512.html" "Mozilla/5.0 (Windows NT 6.3; WOW64; Trident/7.0; rv:11.0) like Gecko"
89.133.20.138 - - [22/Dec/2015:15:48:16 +0100] "GET /hirlevel/images/1512_b.jpg HTTP/1.1" 200 129334 "http://mkk.zpok.hu/hirlevel/vonattal1512.html" "Mozilla/5.0 (Windows NT 6.3; WOW64; Trident/7.0; rv:11.0) like Gecko"
89.133.20.138 - - [22/Dec/2015:15:48:17 +0100] "HEAD /hirlevel/images/avidekkozlekedeseert.swf HTTP/1.1" 200 0 "-" "Mozilla/5.0 (Windows NT 6.3; WOW64; Trident/7.0; rv:11.0) like Gecko"
89.133.20.138 - - [22/Dec/2015:15:48:19 +0100] "GET /hirlevel/images/avidekkozlekedeseert.swf HTTP/1.1" 200 5063 "http://mkk.zpok.hu/hirlevel/vonattal1512.html" "Mozilla/5.0 (Windows NT 6.3; WOW64; Trident/7.0; rv:11.0) like Gecko"
207.46.13.162 - - [22/Dec/2015:16:04:44 +0100] "GET /robots.txt HTTP/1.1" 404 1181 "-" "Mozilla/5.0 (compatible; bingbot/2.0; +http://www.bing.com/bingbot.htm)"
207.46.13.162 - - [22/Dec/2015:16:05:17 +0100] "GET /hirlevel/tersegi-targyalasokhoz.pdf HTTP/1.1" 200 100152 "-" "Mozilla/5.0 (iPhone; CPU iPhone OS 7_0 like Mac OS X) AppleWebKit/537.51.1 (KHTML, like Gecko) Version/7.0 Mobile/11A465 Safari/9537.53 (compatible; bingbot/2.0; http://www.bing.com/bingbot.htm)"
86.59.247.241 - - [22/Dec/2015:16:08:24 +0100] "GET /favicon.ico HTTP/1.1" 404 1181 "http://www.mkk.zpok.hu/doc/vonatrafel_c.pdf" "Mozilla/5.0 (Windows NT 6.3; WOW64) AppleWebKit/537.36 (KHTML, like Gecko) Chrome/47.0.2526.106 Safari/537.36"
86.59.247.241 - - [22/Dec/2015:16:08:24 +0100] "GET /doc/vonatrafel_c.pdf HTTP/1.1" 200 705296 "https://www.google.hu/" "Mozilla/5.0 (Windows NT 6.3; WOW64) AppleWebKit/537.36 (KHTML, like Gecko) Chrome/47.0.2526.106 Safari/537.36"
68.180.228.34 - - [22/Dec/2015:16:11:18 +0100] "GET /hirlevel/vonattal1504.html HTTP/1.1" 200 22577 "-" "Mozilla/5.0 (compatible; Yahoo! Slurp; http://help.yahoo.com/help/us/ysearch/slurp)"
178.48.116.52 - - [22/Dec/2015:16:11:52 +0100] "GET /images/vasutterkep_n.jpg HTTP/1.1" 200 4702972 "https://www.google.hu/" "Mozilla/5.0 (Windows NT 6.1) AppleWebKit/537.36 (KHTML, like Gecko) Chrome/47.0.2526.106 Safari/537.36"
84.236.80.134 - - [22/Dec/2015:16:30:39 +0100] "GET /images/vasutterkep_n.jpg HTTP/1.1" 200 4702972 "https://www.google.hu/" "Mozilla/5.0 (Windows NT 5.1) AppleWebKit/537.36 (KHTML, like Gecko) Chrome/47.0.2526.73 Safari/537.36 OPR/34.0.2036.25"
84.236.80.134 - - [22/Dec/2015:16:32:37 +0100] "GET /doc/ti-to20120627.jpg HTTP/1.1" 200 1071059 "https://www.google.hu/" "Mozilla/5.0 (Windows NT 5.1) AppleWebKit/537.36 (KHTML, like Gecko) Chrome/47.0.2526.73 Safari/537.36 OPR/34.0.2036.25"
40.77.167.97 - - [22/Dec/2015:16:36:04 +0100] "GET /robots.txt HTTP/1.1" 404 1181 "-" "Mozilla/5.0 (compatible; bingbot/2.0; +http://www.bing.com/bingbot.htm)"
40.77.167.97 - - [22/Dec/2015:16:36:10 +0100] "GET /doc/tiszato0707.pdf HTTP/1.1" 200 64543 "-" "Mozilla/5.0 (compatible; bingbot/2.0; +http://www.bing.com/bingbot.htm)"
207.46.13.107 - - [22/Dec/2015:16:36:28 +0100] "GET /robots.txt HTTP/1.1" 404 1181 "-" "Mozilla/5.0 (compatible; bingbot/2.0; +http://www.bing.com/bingbot.htm)"
207.46.13.107 - - [22/Dec/2015:16:36:47 +0100] "GET /hirlevel/konferencia_program-szallasok_tapolca.pdf HTTP/1.1" 200 137963 "-" "Mozilla/5.0 (compatible; bingbot/2.0; +http://www.bing.com/bingbot.htm)"
66.249.64.211 - - [22/Dec/2015:16:38:40 +0100] "GET /hirlevel/images/1107_e.jpg HTTP/1.1" 200 135338 "-" "Googlebot-Image/1.0"
130.193.51.56 - - [22/Dec/2015:17:02:15 +0100] "GET /hirlevel/images/sirok.jpg HTTP/1.1" 200 47584 "-" "Mozilla/5.0 (compatible; YandexImages/3.0; +http://yandex.com/bots)"
207.46.13.107 - - [22/Dec/2015:17:26:02 +0100] "GET /doc/kaposvar_0812.pdf HTTP/1.1" 304 - "-" "Mozilla/5.0 (compatible; bingbot/2.0; +http://www.bing.com/bingbot.htm)"
66.249.64.211 - - [22/Dec/2015:17:31:09 +0100] "GET /hirlevel/images/vonattal.swf HTTP/1.1" 200 697 "-" "Mozilla/5.0 (compatible; Googlebot/2.1; +http://www.google.com/bot.html)"
91.223.189.5 - - [22/Dec/2015:17:32:25 +0100] "GET /images/vasutterkep_n.jpg HTTP/1.1" 200 4702972 "-" "Mozilla/5.0 (Windows NT 6.1; Trident/7.0; rv:11.0) like Gecko"
68.180.228.34 - - [22/Dec/2015:17:33:38 +0100] "GET /doc/eletet-a-vasutnak.pdf HTTP/1.1" 200 5085257 "-" "Mozilla/5.0 (compatible; Yahoo! Slurp; http://help.yahoo.com/help/us/ysearch/slurp)"
125.209.235.176 - - [22/Dec/2015:17:48:00 +0100] "GET /robots.txt HTTP/1.1" 404 1181 "-" "Mozilla/5.0 (compatible; Yeti/1.1; +http://help.naver.com/robots/)"
125.209.235.168 - - [22/Dec/2015:17:48:01 +0100] "GET /doc/b2_2010.pdf HTTP/1.1" 404 1181 "-" "Mozilla/5.0 (compatible; Yeti/1.1; +http://help.naver.com/robots/)"
157.55.39.120 - - [22/Dec/2015:17:52:50 +0100] "GET /robots.txt HTTP/1.1" 404 1181 "-" "Mozilla/5.0 (compatible; bingbot/2.0; +http://www.bing.com/bingbot.htm)"
157.55.39.120 - - [22/Dec/2015:17:53:03 +0100] "GET /hirlevel/TiszaTaviVonalak.pdf HTTP/1.1" 200 566060 "-" "Mozilla/5.0 (iPhone; CPU iPhone OS 7_0 like Mac OS X) AppleWebKit/537.51.1 (KHTML, like Gecko) Version/7.0 Mobile/11A465 Safari/9537.53 (compatible; bingbot/2.0; http://www.bing.com/bingbot.htm)"
81.182.112.168 - - [22/Dec/2015:18:05:55 +0100] "GET /images/vasutterkep_n.jpg HTTP/1.1" 200 4702972 "https://www.google.hu/" "Mozilla/5.0 (Windows NT 6.1; WOW64) AppleWebKit/537.36 (KHTML, like Gecko) Chrome/47.0.2526.106 Safari/537.36"
173.252.88.95 - - [22/Dec/2015:18:06:35 +0100] "GET /hirlevel/images/jaszboldoghaza.jpg HTTP/1.1" 200 101033 "-" "facebookexternalhit/1.1 (+http://www.facebook.com/externalhit_uatext.php)"
78.92.204.237 - - [22/Dec/2015:18:11:53 +0100] "GET /hirlevel/vonattal1009.htm HTTP/1.1" 200 40861 "http://www.google.hu/search?tbm=isch&q=magyar+hat%C3%A1r+t%C3%A9rk%C3%A9p&revid=74994122&sa=X&ved=0ahUKEwjnvbbz-u_JAhVBmSwKHQZ4Da8Q1QIINigB" "Mozilla/5.0 (Mobile; Windows Phone 8.1; Android 4.0; ARM; Trident/7.0; Touch; rv:11.0; IEMobile/11.0; NOKIA; Lumia 635) like iPhone OS 7_0_3 Mac OS X AppleWebKit/537 (KHTML, like Gecko) Mobile Safari/537"
78.92.204.237 - - [22/Dec/2015:18:11:55 +0100] "HEAD /hirlevel/images/vonattal.swf HTTP/1.1" 200 0 "-" "Mozilla/5.0 (Mobile; Windows Phone 8.1; Android 4.0; ARM; Trident/7.0; Touch; rv:11.0; IEMobile/11.0; NOKIA; Lumia 635) like iPhone OS 7_0_3 Mac OS X AppleWebKit/537 (KHTML, like Gecko) Mobile Safari/537"
78.92.204.237 - - [22/Dec/2015:18:11:57 +0100] "GET /hirlevel/images/autonomia_1.jpg HTTP/1.1" 200 11433 "http://mkk.zpok.hu/hirlevel/vonattal1009.htm" "Mozilla/5.0 (Mobile; Windows Phone 8.1; Android 4.0; ARM; Trident/7.0; Touch; rv:11.0; IEMobile/11.0; NOKIA; Lumia 635) like iPhone OS 7_0_3 Mac OS X AppleWebKit/537 (KHTML, like Gecko) Mobile Safari/537"
78.92.204.237 - - [22/Dec/2015:18:11:57 +0100] "GET /hirlevel/images/kvvm_1.jpg HTTP/1.1" 200 11772 "http://mkk.zpok.hu/hirlevel/vonattal1009.htm" "Mozilla/5.0 (Mobile; Windows Phone 8.1; Android 4.0; ARM; Trident/7.0; Touch; rv:11.0; IEMobile/11.0; NOKIA; Lumia 635) like iPhone OS 7_0_3 Mac OS X AppleWebKit/537 (KHTML, like Gecko) Mobile Safari/537"
78.92.204.237 - - [22/Dec/2015:18:11:58 +0100] "GET /hirlevel/images/okotars_1.jpg HTTP/1.1" 200 8192 "http://mkk.zpok.hu/hirlevel/vonattal1009.htm" "Mozilla/5.0 (Mobile; Windows Phone 8.1; Android 4.0; ARM; Trident/7.0; Touch; rv:11.0; IEMobile/11.0; NOKIA; Lumia 635) like iPhone OS 7_0_3 Mac OS X AppleWebKit/537 (KHTML, like Gecko) Mobile Safari/537"
78.92.204.237 - - [22/Dec/2015:18:11:58 +0100] "GET /hirlevel/images/nfu_logo_1.jpg HTTP/1.1" 200 8192 "http://mkk.zpok.hu/hirlevel/vonattal1009.htm" "Mozilla/5.0 (Mobile; Windows Phone 8.1; Android 4.0; ARM; Trident/7.0; Touch; rv:11.0; IEMobile/11.0; NOKIA; Lumia 635) like iPhone OS 7_0_3 Mac OS X AppleWebKit/537 (KHTML, like Gecko) Mobile Safari/537"
78.92.204.237 - - [22/Dec/2015:18:11:58 +0100] "GET /hirlevel/images/eea_1.jpg HTTP/1.1" 200 16669 "http://mkk.zpok.hu/hirlevel/vonattal1009.htm" "Mozilla/5.0 (Mobile; Windows Phone 8.1; Android 4.0; ARM; Trident/7.0; Touch; rv:11.0; IEMobile/11.0; NOKIA; Lumia 635) like iPhone OS 7_0_3 Mac OS X AppleWebKit/537 (KHTML, like Gecko) Mobile Safari/537"
