123.125.71.39 - - [15/Dec/2015:19:25:30 +0100] "GET /doc/ideigl_vedettseg.pdf HTTP/1.1" 200 864830 "-" "Mozilla/5.0 (compatible; Baiduspider/2.0; +http://www.baidu.com/search/spider.html)"
12.31.21.15 - - [15/Dec/2015:19:39:13 +0100] "GET /doc/b2_2010.pdf HTTP/1.1" 404 1181 "-" "Mozilla/5.0 (compatible; MSIE 9.0; Windows NT 6.1; Trident/5.0; chromeframe/31.0.1650.63)"
195.28.156.181 - - [15/Dec/2015:19:40:48 +0100] "GET /images/vasutterkep_n.jpg HTTP/1.1" 200 4702972 "https://www.google.sk/" "Mozilla/5.0 (Windows NT 6.1; WOW64) AppleWebKit/537.36 (KHTML, like Gecko) Chrome/47.0.2526.80 Safari/537.36"
157.55.39.250 - - [15/Dec/2015:19:43:44 +0100] "GET /robots.txt HTTP/1.1" 404 1181 "-" "Mozilla/5.0 (compatible; bingbot/2.0; +http://www.bing.com/bingbot.htm)"
80.99.60.46 - - [15/Dec/2015:19:46:20 +0100] "GET /images/vasutterkep_n.jpg HTTP/1.1" 200 4702972 "https://www.google.hu/" "Mozilla/5.0 (Windows NT 6.1; WOW64) AppleWebKit/537.36 (KHTML, like Gecko) Chrome/47.0.2526.80 Safari/537.36"
80.99.60.46 - - [15/Dec/2015:19:46:59 +0100] "GET /favicon.ico HTTP/1.1" 404 1181 "http://www.mkk.zpok.hu/images/vasutterkep_n.jpg" "Mozilla/5.0 (Windows NT 6.1; WOW64) AppleWebKit/537.36 (KHTML, like Gecko) Chrome/47.0.2526.80 Safari/537.36"
80.110.75.62 - - [15/Dec/2015:19:53:43 +0100] "GET /images/vasutterkep_n.jpg HTTP/1.1" 200 4702972 "-" "Mozilla/5.0 (Windows NT 6.1; WOW64; Trident/7.0; rv:11.0) like Gecko"
66.249.65.53 - - [15/Dec/2015:19:59:18 +0100] "GET /hirlevel/wp6_1006.pdf HTTP/1.1" 200 456795 "-" "Mozilla/5.0 (compatible; Googlebot/2.1; +http://www.google.com/bot.html)"
89.134.182.7 - - [15/Dec/2015:20:03:32 +0100] "GET /images/vasutterkep_n.jpg HTTP/1.1" 200 4702972 "https://www.google.hu" "Mozilla/5.0 (Macintosh; Intel Mac OS X 10.11; rv:42.0) Gecko/20100101 Firefox/42.0"
66.249.69.113 - - [15/Dec/2015:20:10:57 +0100] "GET /hirlevel/hatvan-eves-az-atmeno-forgalom_1110.pdf HTTP/1.1" 200 52966 "-" "Mozilla/5.0 (compatible; Googlebot/2.1; +http://www.google.com/bot.html)"
91.147.206.157 - - [15/Dec/2015:20:17:02 +0100] "GET /images/vasutterkep_n.jpg HTTP/1.1" 200 4702972 "https://www.google.hu/" "Mozilla/5.0 (Windows NT 6.1; WOW64) AppleWebKit/537.36 (KHTML, like Gecko) Chrome/47.0.2526.80 Safari/537.36"
66.249.69.124 - - [15/Dec/2015:20:19:38 +0100] "GET /hirlevel/vonattal1010.htm HTTP/1.1" 200 41354 "-" "Mozilla/5.0 (compatible; Googlebot/2.1; +http://www.google.com/bot.html)"
66.249.69.1 - - [15/Dec/2015:20:24:55 +0100] "GET /doc/korosvidek0707.pdf HTTP/1.1" 200 64243 "-" "Mozilla/5.0 (compatible; Googlebot/2.1; +http://www.google.com/bot.html)"
84.74.139.9 - - [15/Dec/2015:20:45:44 +0100] "GET /doc/b2_2010.pdf HTTP/1.1" 404 1181 "http://vasut.kteam.hu/archivde.html" "Mozilla/5.0 (Windows NT 6.3; WOW64; Trident/7.0; LCJB; rv:11.0) like Gecko"
66.249.69.1 - - [15/Dec/2015:20:45:54 +0100] "GET /doc/meghivo_kgy_1111.pdf HTTP/1.1" 200 69325 "-" "Mozilla/5.0 (compatible; Googlebot/2.1; +http://www.google.com/bot.html)"
66.249.69.124 - - [15/Dec/2015:20:48:13 +0100] "GET /doc/utasforum_jel_201203.doc HTTP/1.1" 200 65536 "-" "Mozilla/5.0 (compatible; Googlebot/2.1; +http://www.google.com/bot.html)"
66.249.69.17 - - [15/Dec/2015:20:56:23 +0100] "GET /doc/vonatrafel_c.pdf HTTP/1.1" 304 - "-" "Mozilla/5.0 (compatible; Googlebot/2.1; +http://www.google.com/bot.html)"
151.80.31.142 - - [15/Dec/2015:20:58:40 +0100] "GET /doc/b2_201203.jpg HTTP/1.1" 404 1181 "-" "Mozilla/5.0 (compatible; AhrefsBot/5.0; +http://ahrefs.com/robot/)"
89.135.194.245 - - [15/Dec/2015:20:58:46 +0100] "GET /hirlevel/images/1009_terkep_n.jpg HTTP/1.1" 200 598267 "https://www.google.hu" "Mozilla/5.0 (Windows NT 6.3; WOW64; rv:42.0) Gecko/20100101 Firefox/42.0"
208.90.57.196 - - [15/Dec/2015:21:00:07 +0100] "GET / HTTP/1.1" 200 1178 "-" "Mozilla/5.0 (Windows NT 6.3; WOW64; rv:31.0) Gecko/20100101 Firefox/31.0"
81.182.220.196 - - [15/Dec/2015:21:02:11 +0100] "GET /images/vasutterkep_n.jpg HTTP/1.1" 200 4702972 "https://www.google.hu/" "Mozilla/5.0 (Windows NT 10.0; WOW64) AppleWebKit/537.36 (KHTML, like Gecko) Chrome/47.0.2526.80 Safari/537.36"
81.16.201.65 - - [15/Dec/2015:21:09:15 +0100] "GET /doc/b2_2012_03.pdf HTTP/1.1" 206 31883 "https://www.google.hu" "Mozilla/5.0 (Windows NT 6.1; rv:42.0) Gecko/20100101 Firefox/42.0"
81.16.201.65 - - [15/Dec/2015:21:09:16 +0100] "GET /doc/b2_2012_03.pdf HTTP/1.1" 206 65536 "https://www.google.hu" "Mozilla/5.0 (Windows NT 6.1; rv:42.0) Gecko/20100101 Firefox/42.0"
81.16.201.65 - - [15/Dec/2015:21:09:17 +0100] "GET /doc/b2_2012_03.pdf HTTP/1.1" 206 65536 "https://www.google.hu" "Mozilla/5.0 (Windows NT 6.1; rv:42.0) Gecko/20100101 Firefox/42.0"
81.16.201.65 - - [15/Dec/2015:21:09:18 +0100] "GET /doc/b2_2012_03.pdf HTTP/1.1" 206 65536 "https://www.google.hu" "Mozilla/5.0 (Windows NT 6.1; rv:42.0) Gecko/20100101 Firefox/42.0"
81.16.201.65 - - [15/Dec/2015:21:09:19 +0100] "GET /doc/b2_2012_03.pdf HTTP/1.1" 206 65536 "https://www.google.hu" "Mozilla/5.0 (Windows NT 6.1; rv:42.0) Gecko/20100101 Firefox/42.0"
81.16.201.65 - - [15/Dec/2015:21:09:22 +0100] "GET /doc/b2_2012_03.pdf HTTP/1.1" 206 65536 "https://www.google.hu" "Mozilla/5.0 (Windows NT 6.1; rv:42.0) Gecko/20100101 Firefox/42.0"
81.16.201.65 - - [15/Dec/2015:21:09:23 +0100] "GET /doc/b2_2012_03.pdf HTTP/1.1" 206 65536 "https://www.google.hu" "Mozilla/5.0 (Windows NT 6.1; rv:42.0) Gecko/20100101 Firefox/42.0"
81.16.201.65 - - [15/Dec/2015:21:09:24 +0100] "GET /doc/b2_2012_03.pdf HTTP/1.1" 206 196608 "https://www.google.hu" "Mozilla/5.0 (Windows NT 6.1; rv:42.0) Gecko/20100101 Firefox/42.0"
81.16.201.65 - - [15/Dec/2015:21:09:27 +0100] "GET /doc/b2_2012_03.pdf HTTP/1.1" 200 1080459 "https://www.google.hu" "Mozilla/5.0 (Windows NT 6.1; rv:42.0) Gecko/20100101 Firefox/42.0"
81.16.201.65 - - [15/Dec/2015:21:09:29 +0100] "GET /doc/b2_2012_03.pdf HTTP/1.1" 206 131072 "https://www.google.hu" "Mozilla/5.0 (Windows NT 6.1; rv:42.0) Gecko/20100101 Firefox/42.0"
81.16.201.65 - - [15/Dec/2015:21:09:30 +0100] "GET /favicon.ico HTTP/1.1" 404 1181 "-" "Mozilla/5.0 (Windows NT 6.1; rv:42.0) Gecko/20100101 Firefox/42.0"
81.16.201.65 - - [15/Dec/2015:21:09:30 +0100] "GET /favicon.ico HTTP/1.1" 404 1181 "-" "Mozilla/5.0 (Windows NT 6.1; rv:42.0) Gecko/20100101 Firefox/42.0"
66.249.69.124 - - [15/Dec/2015:21:13:51 +0100] "GET /doc/onkorm_nyil_0803.pdf HTTP/1.1" 200 43425 "-" "Mozilla/5.0 (compatible; Googlebot/2.1; +http://www.google.com/bot.html)"
188.6.61.142 - - [15/Dec/2015:21:21:51 +0100] "GET /images/vasutterkep_n.jpg HTTP/1.1" 200 2463661 "https://www.google.hu" "Mozilla/5.0 (Windows NT 6.1; WOW64; rv:42.0) Gecko/20100101 Firefox/42.0"
66.249.69.17 - - [15/Dec/2015:21:28:01 +0100] "GET /doc/alapsz03.pdf HTTP/1.1" 200 6009944 "-" "Googlebot/2.1 (+http://www.google.com/bot.html)"
91.82.78.111 - - [15/Dec/2015:21:36:35 +0100] "GET /hirlevel/images/1010a.jpg HTTP/1.0" 200 52624 "https://www.google.hu" "Mozilla/5.0 (Windows NT 5.1; rv:42.0) Gecko/20100101 Firefox/42.0"
80.98.115.104 - - [15/Dec/2015:21:38:55 +0100] "GET /images/vasutterkep_n.jpg HTTP/1.1" 200 4702972 "https://www.google.hu/" "Mozilla/5.0 (Windows NT 6.1) AppleWebKit/537.36 (KHTML, like Gecko) Chrome/47.0.2526.80 Safari/537.36"
180.76.15.151 - - [15/Dec/2015:21:46:47 +0100] "GET /doc/sikeres_varos.pdf HTTP/1.1" 200 622592 "-" "Mozilla/5.0 (compatible; Baiduspider/2.0; +http://www.baidu.com/search/spider.html)"
193.6.53.130 - - [15/Dec/2015:21:48:37 +0100] "GET /images/vasutterkep_n.jpg HTTP/1.1" 200 647168 "-" "Mozilla/5.0 (Windows NT 6.3; WOW64; Trident/7.0; LCJB; rv:11.0) like Gecko"
193.6.53.130 - - [15/Dec/2015:21:48:54 +0100] "GET /images/vasutterkep_n.jpg HTTP/1.1" 206 120999 "-" "Mozilla/5.0 (Windows NT 6.3; WOW64; Trident/7.0; LCJB; rv:11.0) like Gecko"
217.95.70.142 - - [15/Dec/2015:21:56:29 +0100] "GET /images/vasutterkep_n.jpg HTTP/1.1" 200 4702972 "http://images.google.de/url?sa=t&rct=j&q=&source=imgres&cd=19&ved=0ahUKEwjqrPas4N7JAhXMuRQKHds7DIM4EhDmEwgFMAA&url=http%3A%2F%2Fwww.mkk.zpok.hu%2Fimages%2Fvasutterkep_n.jpg&usg=AFQjCNEhBmPw_vZ_AHrS9T7QkW8O8tIWeA&sig2=Y-b1jeYDU90UHrANTjXyuA" "Mozilla/5.0 (Windows NT 10.0; WOW64) AppleWebKit/537.36 (KHTML, like Gecko) Chrome/47.0.2526.80 Safari/537.36"
217.95.70.142 - - [15/Dec/2015:21:56:29 +0100] "GET /favicon.ico HTTP/1.1" 404 1181 "http://www.mkk.zpok.hu/images/vasutterkep_n.jpg" "Mozilla/5.0 (Windows NT 10.0; WOW64) AppleWebKit/537.36 (KHTML, like Gecko) Chrome/47.0.2526.80 Safari/537.36"
66.249.69.1 - - [15/Dec/2015:21:59:29 +0100] "GET /hirlevel/images/vonattal-zircrol.pdf HTTP/1.1" 200 279752 "-" "Mozilla/5.0 (compatible; Googlebot/2.1; +http://www.google.com/bot.html)"
66.249.69.113 - - [15/Dec/2015:21:59:34 +0100] "GET /hirlevel/images/avidekkozlekedeseert.swf HTTP/1.1" 200 5063 "-" "Mozilla/5.0 (compatible; Googlebot/2.1; +http://www.google.com/bot.html)"
66.249.69.17 - - [15/Dec/2015:21:59:51 +0100] "GET /doc/pontverseny.xls HTTP/1.1" 200 17408 "-" "Mozilla/5.0 (compatible; Googlebot/2.1; +http://www.google.com/bot.html)"
66.249.69.124 - - [15/Dec/2015:22:00:02 +0100] "GET /hirlevel/munka_1109/mellkletek/terezvaros_1109.doc HTTP/1.1" 404 1181 "-" "Mozilla/5.0 (compatible; Googlebot/2.1; +http://www.google.com/bot.html)"
66.249.69.17 - - [15/Dec/2015:22:00:14 +0100] "GET /doc/VM%202010%2012.pdf HTTP/1.1" 404 1181 "-" "Mozilla/5.0 (compatible; Googlebot/2.1; +http://www.google.com/bot.html)"
66.249.69.9 - - [15/Dec/2015:22:00:27 +0100] "GET /doc/mellekvonalak2006.pdf HTTP/1.1" 200 62040 "-" "Mozilla/5.0 (compatible; Googlebot/2.1; +http://www.google.com/bot.html)"
66.249.69.113 - - [15/Dec/2015:22:00:38 +0100] "GET /doc/vonattal_pontgyujtolap.xls HTTP/1.1" 200 18432 "-" "Mozilla/5.0 (compatible; Googlebot/2.1; +http://www.google.com/bot.html)"
66.249.69.9 - - [15/Dec/2015:22:01:56 +0100] "GET /F/!Aktu%C3%A1lis%20feladatok/mkk_web/feltoltes/haza/Pontverseny.xls HTTP/1.1" 404 1181 "-" "Mozilla/5.0 (compatible; Googlebot/2.1; +http://www.google.com/bot.html)"
66.249.93.62 - - [15/Dec/2015:22:08:08 +0100] "GET / HTTP/1.1" 200 1178 "-" "Mozilla/5.0 (Windows NT 6.1; rv:6.0) Gecko/20110814 Firefox/6.0 Google Favicon"
66.249.93.5 - - [15/Dec/2015:22:08:09 +0100] "GET /favicon.ico HTTP/1.1" 404 1181 "-" "Mozilla/5.0 (Windows NT 6.1; rv:6.0) Gecko/20110814 Firefox/6.0 Google Favicon"
185.10.126.86 - - [15/Dec/2015:22:10:21 +0100] "GET /images/vasutterkep_n.jpg HTTP/1.1" 200 4702972 "http://www.terkepkalauz.hu/index.php?option=com_alphacontent§ion=4&cat=32&task=view&id=396&Itemid=99999999" "Mozilla/5.0 (Linux; U; Android 4.3; hu-hu; HUAWEI G6-L11 Build/HuaweiG6-L11C02B119) AppleWebKit/534.30 (KHTML, like Gecko) Version/4.0 Mobile Safari/534.30 ACHEETAHI/2100502010"
185.10.126.86 - - [15/Dec/2015:22:10:30 +0100] "GET /favicon.ico HTTP/1.1" 404 1181 "http://www.mkk.zpok.hu/images/vasutterkep_n.jpg" "Mozilla/5.0 (Linux; U; Android 4.3; hu-hu; HUAWEI G6-L11 Build/HuaweiG6-L11C02B119) AppleWebKit/534.30 (KHTML, like Gecko) Version/4.0 Mobile Safari/534.30 ACHEETAHI/2100502010"
66.249.69.124 - - [15/Dec/2015:22:11:57 +0100] "GET /hirlevel/vonattal1204.htm HTTP/1.1" 200 31657 "-" "Mozilla/5.0 (compatible; Googlebot/2.1; +http://www.google.com/bot.html)"
180.76.15.25 - - [15/Dec/2015:22:20:14 +0100] "GET / HTTP/1.1" 200 1178 "-" "Mozilla/5.0 (compatible; Baiduspider/2.0; +http://www.baidu.com/search/spider.html)"
46.139.13.84 - - [15/Dec/2015:22:23:24 +0100] "GET /images/vasutterkep_n.jpg HTTP/1.1" 200 4702972 "https://www.google.hu/" "Mozilla/5.0 (Windows NT 10.0; WOW64) AppleWebKit/537.36 (KHTML, like Gecko) Chrome/47.0.2526.80 Safari/537.36"
157.55.39.79 - - [15/Dec/2015:22:25:13 +0100] "GET /robots.txt HTTP/1.1" 404 1181 "-" "Mozilla/5.0 (compatible; bingbot/2.0; +http://www.bing.com/bingbot.htm)"
157.55.39.79 - - [15/Dec/2015:22:27:20 +0100] "GET /doc/OT_HM.pdf HTTP/1.1" 200 1439316 "-" "Mozilla/5.0 (iPhone; CPU iPhone OS 7_0 like Mac OS X) AppleWebKit/537.51.1 (KHTML, like Gecko) Version/7.0 Mobile/11A465 Safari/9537.53 (compatible; bingbot/2.0; http://www.bing.com/bingbot.htm)"
157.55.39.79 - - [15/Dec/2015:22:29:07 +0100] "GET /hirlevel/vonattal0911.htm HTTP/1.1" 200 41812 "-" "Mozilla/5.0 (compatible; bingbot/2.0; +http://www.bing.com/bingbot.htm)"
157.55.39.250 - - [15/Dec/2015:22:43:28 +0100] "GET /robots.txt HTTP/1.1" 404 1181 "-" "Mozilla/5.0 (compatible; bingbot/2.0; +http://www.bing.com/bingbot.htm)"
157.55.39.250 - - [15/Dec/2015:22:44:22 +0100] "GET /doc/allomasok_kepes_osszefoglaloja.pdf HTTP/1.1" 200 5628186 "-" "Mozilla/5.0 (iPhone; CPU iPhone OS 7_0 like Mac OS X) AppleWebKit/537.51.1 (KHTML, like Gecko) Version/7.0 Mobile/11A465 Safari/9537.53 (compatible; bingbot/2.0; http://www.bing.com/bingbot.htm)"
207.46.13.76 - - [15/Dec/2015:22:49:01 +0100] "GET /robots.txt HTTP/1.1" 404 1181 "-" "Mozilla/5.0 (compatible; bingbot/2.0; +http://www.bing.com/bingbot.htm)"
207.46.13.76 - - [15/Dec/2015:22:49:08 +0100] "GET /doc/vonattal_tisza-tohoz_2010.pdf HTTP/1.1" 200 558271 "-" "Mozilla/5.0 (iPhone; CPU iPhone OS 7_0 like Mac OS X) AppleWebKit/537.51.1 (KHTML, like Gecko) Version/7.0 Mobile/11A465 Safari/9537.53 (compatible; bingbot/2.0; http://www.bing.com/bingbot.htm)"
66.249.69.113 - - [15/Dec/2015:23:21:10 +0100] "GET /doc/miniszter_0812.pdf HTTP/1.1" 200 58003 "-" "Mozilla/5.0 (compatible; Googlebot/2.1; +http://www.google.com/bot.html)"
66.249.69.113 - - [15/Dec/2015:23:21:32 +0100] "GET /doc/ot-2010_kozl-allasfoglalas.pdf HTTP/1.1" 200 82222 "-" "Mozilla/5.0 (compatible; Googlebot/2.1; +http://www.google.com/bot.html)"
66.249.69.1 - - [15/Dec/2015:23:39:53 +0100] "GET /hirlevel/vonattal1010_1.htm HTTP/1.1" 200 29761 "-" "Mozilla/5.0 (compatible; Googlebot/2.1; +http://www.google.com/bot.html)"
66.249.69.9 - - [15/Dec/2015:23:44:24 +0100] "GET /doc/orszaggyul_allasfogl.pdf HTTP/1.1" 200 59817 "-" "Mozilla/5.0 (compatible; Googlebot/2.1; +http://www.google.com/bot.html)"
131.253.25.156 - - [15/Dec/2015:23:45:45 +0100] "GET /doc/allomasok_kepes_osszefoglaloja.pdf HTTP/1.1" 200 67346 "-" "Mozilla/5.0 (iPhone; CPU iPhone OS 7_0 like Mac OS X) AppleWebKit/537.51.1 (KHTML, like Gecko) Version/7.0 Mobile/11A465 Safari/9537.53 BingPreview/1.0b"
157.55.39.250 - - [15/Dec/2015:23:47:57 +0100] "GET /robots.txt HTTP/1.1" 404 1181 "-" "Mozilla/5.0 (compatible; bingbot/2.0; +http://www.bing.com/bingbot.htm)"
157.55.39.250 - - [15/Dec/2015:23:48:26 +0100] "GET /doc/prezentacio_20150425_tokaj.pdf HTTP/1.1" 200 214167 "-" "Mozilla/5.0 (iPhone; CPU iPhone OS 7_0 like Mac OS X) AppleWebKit/537.51.1 (KHTML, like Gecko) Version/7.0 Mobile/11A465 Safari/9537.53 (compatible; bingbot/2.0; http://www.bing.com/bingbot.htm)"
66.249.69.1 - - [15/Dec/2015:23:48:46 +0100] "GET /hirlevel/vonattal0908.htm HTTP/1.1" 200 17434 "-" "Mozilla/5.0 (compatible; Googlebot/2.1; +http://www.google.com/bot.html)"
81.183.159.171 - - [15/Dec/2015:23:52:24 +0100] "GET /images/vasutterkep_n.jpg HTTP/1.1" 200 4702972 "http://eng.debrecen.hu/home/guide/travelandtransportation" "Mozilla/5.0 (Windows NT 10.0; WOW64) AppleWebKit/537.36 (KHTML, like Gecko) Chrome/47.0.2526.80 Safari/537.36"
81.183.159.171 - - [15/Dec/2015:23:52:24 +0100] "GET /favicon.ico HTTP/1.1" 404 1181 "http://www.mkk.zpok.hu/images/vasutterkep_n.jpg" "Mozilla/5.0 (Windows NT 10.0; WOW64) AppleWebKit/537.36 (KHTML, like Gecko) Chrome/47.0.2526.80 Safari/537.36"
81.183.185.213 - - [15/Dec/2015:23:54:03 +0100] "GET /hirlevel/images/1004e.jpg HTTP/1.1" 200 37887 "https://www.google.hu/" "Mozilla/5.0 (Windows NT 6.1; WOW64) AppleWebKit/537.36 (KHTML, like Gecko) Chrome/47.0.2526.80 Safari/537.36"
81.183.185.213 - - [15/Dec/2015:23:55:44 +0100] "GET /hirlevel/images/1004c.jpg HTTP/1.1" 200 57272 "https://www.google.hu/" "Mozilla/5.0 (Windows NT 6.1; WOW64) AppleWebKit/537.36 (KHTML, like Gecko) Chrome/47.0.2526.80 Safari/537.36"
176.63.8.63 - - [16/Dec/2015:00:09:35 +0100] "GET /doc/parameterkonyv_0804.pdf HTTP/1.1" 200 83510 "https://www.google.hu/" "Mozilla/5.0 (Windows NT 6.1; WOW64) AppleWebKit/537.36 (KHTML, like Gecko) Chrome/47.0.2526.80 Safari/537.36"
176.63.8.63 - - [16/Dec/2015:00:09:38 +0100] "GET /favicon.ico HTTP/1.1" 404 1181 "http://mkk.zpok.hu/doc/parameterkonyv_0804.pdf" "Mozilla/5.0 (Windows NT 6.1; WOW64) AppleWebKit/537.36 (KHTML, like Gecko) Chrome/47.0.2526.80 Safari/537.36"
97.74.195.43 - - [16/Dec/2015:00:23:04 +0100] "HEAD /doc/ocsi_bela_070622.ppt HTTP/1.1" 200 0 "-" "-"
66.249.69.1 - - [16/Dec/2015:00:28:36 +0100] "GET /hirlevel/vonattal0909.htm HTTP/1.1" 200 17252 "-" "Mozilla/5.0 (compatible; Googlebot/2.1; +http://www.google.com/bot.html)"
148.251.235.206 - - [16/Dec/2015:00:29:07 +0100] "GET /hirlevel/hu-sk_palyazatifelhivas0801.pdf HTTP/1.1" 200 57033 "http://mkk.zpok.hu/hirlevel/hu-sk_palyazatifelhivas0801.pdf" "Mozilla/5.0 (compatible; Googlebot/2.1; +http://www.google.com/bot.html)"
151.80.31.142 - - [16/Dec/2015:00:35:43 +0100] "GET /doc/A_kozlekedesmenedzsment_korszeru_eszkozei.htm HTTP/1.1" 200 3925 "-" "Mozilla/5.0 (compatible; AhrefsBot/5.0; +http://ahrefs.com/robot/)"
157.55.39.250 - - [16/Dec/2015:00:37:57 +0100] "GET /hirlevel/TiszaTaviVonalak.pdf HTTP/1.1" 200 566060 "-" "Mozilla/5.0 (iPhone; CPU iPhone OS 7_0 like Mac OS X) AppleWebKit/537.51.1 (KHTML, like Gecko) Version/7.0 Mobile/11A465 Safari/9537.53 (compatible; bingbot/2.0; http://www.bing.com/bingbot.htm)"
84.236.126.127 - - [16/Dec/2015:00:48:32 +0100] "GET / HTTP/1.1" 200 1178 "http://www.bing.com/search?q=magyar+k%C3%B6zleked%C3%A9si+klub&src=IE-TopResult&FORM=IETR02&conversationid=" "Mozilla/5.0 (Windows NT 6.3; WOW64; Trident/7.0; rv:11.0) like Gecko"
84.236.126.127 - - [16/Dec/2015:00:48:33 +0100] "GET /index.swf HTTP/1.1" 200 1451868 "http://www.mkk.zpok.hu/" "Mozilla/5.0 (Windows NT 6.3; WOW64; Trident/7.0; rv:11.0) like Gecko"
84.236.126.127 - - [16/Dec/2015:00:48:34 +0100] "GET /favicon.ico HTTP/1.1" 404 1181 "-" "Mozilla/5.0 (Windows NT 6.3; Win64; x64; Trident/7.0; rv:11.0) like Gecko"
84.236.126.127 - - [16/Dec/2015:00:48:41 +0100] "GET /popupsys%20elemei/main.txt HTTP/1.1" 200 342 "http://www.mkk.zpok.hu/index.swf" "Mozilla/5.0 (Windows NT 6.3; WOW64; Trident/7.0; rv:11.0) like Gecko"
84.236.126.127 - - [16/Dec/2015:00:48:41 +0100] "GET /hirek.xml HTTP/1.1" 200 50012 "http://www.mkk.zpok.hu/index.swf" "Mozilla/5.0 (Windows NT 6.3; WOW64; Trident/7.0; rv:11.0) like Gecko"
66.249.69.25 - - [16/Dec/2015:00:50:16 +0100] "GET /hirek.xml HTTP/1.1" 304 - "-" "Mozilla/5.0 (compatible; Googlebot/2.1; +http://www.google.com/bot.html)"
157.55.39.79 - - [16/Dec/2015:00:50:50 +0100] "GET /robots.txt HTTP/1.1" 404 1181 "-" "Mozilla/5.0 (compatible; bingbot/2.0; +http://www.bing.com/bingbot.htm)"
157.55.39.79 - - [16/Dec/2015:00:51:03 +0100] "GET /hirlevel/vonattal0812.htm HTTP/1.1" 200 33272 "-" "Mozilla/5.0 (compatible; bingbot/2.0; +http://www.bing.com/bingbot.htm)"
157.55.39.250 - - [16/Dec/2015:01:23:31 +0100] "GET /robots.txt HTTP/1.1" 404 1181 "-" "Mozilla/5.0 (compatible; bingbot/2.0; +http://www.bing.com/bingbot.htm)"
157.55.39.250 - - [16/Dec/2015:01:24:15 +0100] "GET /doc/vonatrafel_c.pdf HTTP/1.1" 200 705296 "-" "Mozilla/5.0 (compatible; bingbot/2.0; +http://www.bing.com/bingbot.htm)"
207.46.13.153 - - [16/Dec/2015:01:24:45 +0100] "GET /robots.txt HTTP/1.1" 404 1181 "-" "Mozilla/5.0 (compatible; bingbot/2.0; +http://www.bing.com/bingbot.htm)"
207.46.13.153 - - [16/Dec/2015:01:26:48 +0100] "GET /doc/b2_2012_03.pdf HTTP/1.1" 200 1080459 "-" "Mozilla/5.0 (iPhone; CPU iPhone OS 7_0 like Mac OS X) AppleWebKit/537.51.1 (KHTML, like Gecko) Version/7.0 Mobile/11A465 Safari/9537.53 (compatible; bingbot/2.0; http://www.bing.com/bingbot.htm)"
208.115.111.71 - - [16/Dec/2015:01:31:20 +0100] "GET /robots.txt HTTP/1.1" 404 1181 "-" "Mozilla/5.0 (compatible; DotBot/1.1; http://www.opensiteexplorer.org/dotbot, help@moz.com)"
157.55.39.250 - - [16/Dec/2015:01:37:50 +0100] "GET /robots.txt HTTP/1.1" 404 1181 "-" "Mozilla/5.0 (compatible; bingbot/2.0; +http://www.bing.com/bingbot.htm)"
157.55.39.250 - - [16/Dec/2015:01:38:00 +0100] "GET /doc/vonatrafel_c.pdf HTTP/1.1" 200 705296 "-" "Mozilla/5.0 (iPhone; CPU iPhone OS 7_0 like Mac OS X) AppleWebKit/537.51.1 (KHTML, like Gecko) Version/7.0 Mobile/11A465 Safari/9537.53 (compatible; bingbot/2.0; http://www.bing.com/bingbot.htm)"
66.249.69.1 - - [16/Dec/2015:01:46:20 +0100] "GET /doc/ombudsman_0711.pdf HTTP/1.1" 200 39434 "-" "Mozilla/5.0 (compatible; Googlebot/2.1; +http://www.google.com/bot.html)"
66.249.69.124 - - [16/Dec/2015:02:13:38 +0100] "GET /hirlevel/vonattal1112.htm HTTP/1.1" 200 21986 "-" "Mozilla/5.0 (compatible; Googlebot/2.1; +http://www.google.com/bot.html)"
66.249.69.17 - - [16/Dec/2015:02:15:23 +0100] "GET /popupsys%20elemei_ang/main.txt HTTP/1.1" 200 495 "-" "Mozilla/5.0 (compatible; Googlebot/2.1; +http://www.google.com/bot.html)"
66.249.69.25 - - [16/Dec/2015:02:17:10 +0100] "GET /hirlevel/dunaujvaros_1109.pdf HTTP/1.1" 200 88928 "-" "Mozilla/5.0 (compatible; Googlebot/2.1; +http://www.google.com/bot.html)"
208.115.111.71 - - [16/Dec/2015:02:26:26 +0100] "GET /hirlevel/vonattal1409.html HTTP/1.1" 200 32865 "-" "Mozilla/5.0 (compatible; DotBot/1.1; http://www.opensiteexplorer.org/dotbot, help@moz.com)"
80.99.7.70 - - [16/Dec/2015:02:36:11 +0100] "GET / HTTP/1.1" 200 1178 "http://kettosmerce.blog.hu/2015/12/14/tarlos_tomegkozlekedessel_megy_vissza_a_multba" "Mozilla/5.0 (Linux; Android 5.1; Lenovo P70-A Build/LMY47D; wv) AppleWebKit/537.36 (KHTML, like Gecko) Version/4.0 Chrome/46.0.2490.76 Mobile Safari/537.36 IndexApp"
80.99.7.70 - - [16/Dec/2015:02:36:11 +0100] "GET /favicon.ico HTTP/1.1" 404 1181 "http://mkk.zpok.hu/" "Mozilla/5.0 (Linux; Android 5.1; Lenovo P70-A Build/LMY47D; wv) AppleWebKit/537.36 (KHTML, like Gecko) Version/4.0 Chrome/46.0.2490.76 Mobile Safari/537.36 IndexApp"
157.55.39.250 - - [16/Dec/2015:02:43:47 +0100] "GET /robots.txt HTTP/1.1" 404 1181 "-" "Mozilla/5.0 (compatible; bingbot/2.0; +http://www.bing.com/bingbot.htm)"
157.55.39.250 - - [16/Dec/2015:02:44:30 +0100] "GET /doc/plakat_veszprem_1010.pdf HTTP/1.1" 200 2715630 "-" "Mozilla/5.0 (compatible; bingbot/2.0; +http://www.bing.com/bingbot.htm)"
185.62.131.19 - - [16/Dec/2015:02:48:29 +0100] "GET /images/vasutterkep_n.jpg HTTP/1.1" 200 4702972 "https://www.google.hu/" "Mozilla/5.0 (Windows NT 6.1; WOW64) AppleWebKit/537.36 (KHTML, like Gecko) Chrome/47.0.2526.73 Safari/537.36 OPR/34.0.2036.25"
66.249.69.25 - - [16/Dec/2015:02:51:04 +0100] "GET /doc/kozh08.pdf HTTP/1.1" 200 1915516 "-" "Mozilla/5.0 (compatible; Googlebot/2.1; +http://www.google.com/bot.html)"
66.249.69.113 - - [16/Dec/2015:02:51:29 +0100] "GET /doc/T&E_majus2009.pdf HTTP/1.1" 200 66973 "-" "Mozilla/5.0 (compatible; Googlebot/2.1; +http://www.google.com/bot.html)"
66.249.69.9 - - [16/Dec/2015:02:57:00 +0100] "GET /doc/mkkaf_0908.pdf HTTP/1.1" 200 74547 "-" "Mozilla/5.0 (compatible; Googlebot/2.1; +http://www.google.com/bot.html)"
66.249.69.17 - - [16/Dec/2015:03:06:17 +0100] "GET /doc/200701pusztatelen.pdf HTTP/1.1" 200 72223 "-" "Mozilla/5.0 (compatible; Googlebot/2.1; +http://www.google.com/bot.html)"
66.249.69.1 - - [16/Dec/2015:03:09:59 +0100] "GET /doc/recs_konf_1103.pdf HTTP/1.1" 200 155298 "-" "Mozilla/5.0 (compatible; Googlebot/2.1; +http://www.google.com/bot.html)"
66.249.69.124 - - [16/Dec/2015:03:23:12 +0100] "GET /doc/T&E_februar2009.pdf HTTP/1.1" 200 91217 "-" "Mozilla/5.0 (compatible; Googlebot/2.1; +http://www.google.com/bot.html)"
207.46.13.153 - - [16/Dec/2015:03:30:46 +0100] "GET /robots.txt HTTP/1.1" 404 1181 "-" "Mozilla/5.0 (compatible; bingbot/2.0; +http://www.bing.com/bingbot.htm)"
207.46.13.153 - - [16/Dec/2015:03:30:56 +0100] "GET / HTTP/1.1" 200 1178 "-" "Mozilla/5.0 (compatible; bingbot/2.0; +http://www.bing.com/bingbot.htm)"
66.249.69.124 - - [16/Dec/2015:03:46:20 +0100] "GET /hirlevel/vonattal1503.html HTTP/1.1" 200 21721 "-" "Mozilla/5.0 (compatible; Googlebot/2.1; +http://www.google.com/bot.html)"
148.251.235.206 - - [16/Dec/2015:03:49:22 +0100] "GET /hirlevel/UtasforumJegyzkonyv141121.pdf HTTP/1.1" 200 1416715 "http://mkk.zpok.hu/hirlevel/UtasforumJegyzkonyv141121.pdf" "Mozilla/5.0 (compatible; Googlebot/2.1; +http://www.google.com/bot.html)"
23.23.188.64 - - [16/Dec/2015:04:11:04 +0100] "GET /libraries/simplepie/README.txt HTTP/1.1" 404 1181 "-" "Mozilla/5.0 (compatible; Googlebot/2.1; +http://www.google.com/bot.html)"
118.69.78.120 - - [16/Dec/2015:04:11:34 +0100] "GET /doc/b2_2010.pdf HTTP/1.1" 404 1181 "-" "Mozilla/5.0 (Windows NT 10.0; WOW64; rv:42.0) Gecko/20100101 Firefox/42.0"
118.69.78.120 - - [16/Dec/2015:04:11:35 +0100] "GET /favicon.ico HTTP/1.1" 404 1181 "-" "Mozilla/5.0 (Windows NT 10.0; WOW64; rv:42.0) Gecko/20100101 Firefox/42.0"
118.69.78.120 - - [16/Dec/2015:04:11:35 +0100] "GET /favicon.ico HTTP/1.1" 404 1181 "-" "Mozilla/5.0 (Windows NT 10.0; WOW64; rv:42.0) Gecko/20100101 Firefox/42.0"
23.23.188.64 - - [16/Dec/2015:04:15:47 +0100] "GET /blog/libraries/simplepie/README.txt HTTP/1.1" 404 1181 "-" "Mozilla/5.0 (compatible; Googlebot/2.1; +http://www.google.com/bot.html)"
23.23.188.64 - - [16/Dec/2015:04:23:53 +0100] "GET /libraries/simplepie/README.txt HTTP/1.1" 404 1181 "-" "Mozilla/5.0 (compatible; Googlebot/2.1; +http://www.google.com/bot.html)"
23.23.188.64 - - [16/Dec/2015:04:24:16 +0100] "GET /joomla/libraries/simplepie/README.txt HTTP/1.1" 404 1181 "-" "Mozilla/5.0 (compatible; Googlebot/2.1; +http://www.google.com/bot.html)"
23.23.188.64 - - [16/Dec/2015:04:25:32 +0100] "GET /test/libraries/simplepie/README.txt HTTP/1.1" 404 1181 "-" "Mozilla/5.0 (compatible; Googlebot/2.1; +http://www.google.com/bot.html)"
23.23.188.64 - - [16/Dec/2015:04:26:13 +0100] "GET /news/libraries/simplepie/README.txt HTTP/1.1" 404 1181 "-" "Mozilla/5.0 (compatible; Googlebot/2.1; +http://www.google.com/bot.html)"
207.46.13.153 - - [16/Dec/2015:04:36:19 +0100] "GET /robots.txt HTTP/1.1" 404 1181 "-" "Mozilla/5.0 (compatible; bingbot/2.0; +http://www.bing.com/bingbot.htm)"
207.46.13.153 - - [16/Dec/2015:04:39:46 +0100] "GET / HTTP/1.1" 200 1178 "-" "Mozilla/5.0 (compatible; bingbot/2.0; +http://www.bing.com/bingbot.htm)"
66.249.69.113 - - [16/Dec/2015:04:43:27 +0100] "GET /robots.txt HTTP/1.1" 404 1181 "-" "Mozilla/5.0 (compatible; Googlebot/2.1; +http://www.google.com/bot.html)"
66.249.69.124 - - [16/Dec/2015:04:43:27 +0100] "GET /hirlevel/vonattal1007.htm HTTP/1.1" 200 27837 "-" "Mozilla/5.0 (compatible; Googlebot/2.1; +http://www.google.com/bot.html)"
23.23.188.64 - - [16/Dec/2015:04:44:04 +0100] "GET /blogs/libraries/simplepie/README.txt HTTP/1.1" 404 1181 "-" "Mozilla/5.0 (compatible; Googlebot/2.1; +http://www.google.com/bot.html)"
157.55.39.250 - - [16/Dec/2015:04:45:24 +0100] "GET /robots.txt HTTP/1.1" 404 1181 "-" "Mozilla/5.0 (compatible; bingbot/2.0; +http://www.bing.com/bingbot.htm)"
157.55.39.250 - - [16/Dec/2015:04:45:33 +0100] "GET /doc/prezentacio_20150425_tokaj.pdf HTTP/1.1" 304 - "-" "Mozilla/5.0 (compatible; bingbot/2.0; +http://www.bing.com/bingbot.htm)"
77.111.90.197 - - [16/Dec/2015:05:09:18 +0100] "GET / HTTP/1.1" 200 1178 "-" "Mozilla/5.0 (Windows NT 6.1; WOW64) AppleWebKit/537.36 (KHTML, like Gecko) Chrome/46.0.2490.71 Safari/537.36"
77.111.90.197 - - [16/Dec/2015:05:09:18 +0100] "GET / HTTP/1.0" 200 1178 "-" "-"
66.249.69.9 - - [16/Dec/2015:05:12:01 +0100] "GET /robots.txt HTTP/1.1" 404 1181 "-" "Mozilla/5.0 (compatible; Googlebot/2.1; +http://www.google.com/bot.html)"
66.249.69.17 - - [16/Dec/2015:05:12:03 +0100] "GET /doc/forumemlekezteto_0903.pdf HTTP/1.1" 200 176704 "-" "Mozilla/5.0 (compatible; Googlebot/2.1; +http://www.google.com/bot.html)"
204.110.9.160 - - [16/Dec/2015:05:14:08 +0100] "GET /wp-admin/admin-ajax.php HTTP/1.1" 404 1181 "-" "Mozilla/5.0 (Windows; U; Windows NT 5.1; en-US; rv:1.9.2) Gecko/20100115 Firefox/3.6"
204.110.9.160 - - [16/Dec/2015:05:14:09 +0100] "GET /hirlevel/wp-admin/admin-ajax.php HTTP/1.1" 404 1181 "-" "Mozilla/5.0 (Windows; U; Windows NT 5.1; en-US; rv:1.9.2) Gecko/20100115 Firefox/3.6"
204.110.9.160 - - [16/Dec/2015:05:14:09 +0100] "POST /wp-admin/admin-ajax.php HTTP/1.1" 404 1181 "-" "Mozilla/5.0 (X11; Linux x86_64) AppleWebKit/537.31 (KHTML, like Gecko) Chrome/26.0.1410.63 Safari/537.31"
204.110.9.160 - - [16/Dec/2015:05:14:10 +0100] "GET /wp-content/plugins/revslider/temp/update_extract/revslider/arhy.php HTTP/1.1" 404 1181 "-" "Mozilla/5.0 (Windows; U; Windows NT 5.1; en-US; rv:1.9.2) Gecko/20100115 Firefox/3.6"
204.110.9.160 - - [16/Dec/2015:05:14:10 +0100] "GET /wp-content/plugins/revslider/temp/update_extract/revslider/xxx.php HTTP/1.1" 404 1181 "-" "Mozilla/5.0 (Windows; U; Windows NT 5.1; en-US; rv:1.9.2) Gecko/20100115 Firefox/3.6"
204.110.9.160 - - [16/Dec/2015:05:14:10 +0100] "POST /hirlevel/wp-admin/admin-ajax.php HTTP/1.1" 404 1181 "-" "Mozilla/5.0 (X11; Linux x86_64) AppleWebKit/537.31 (KHTML, like Gecko) Chrome/26.0.1410.63 Safari/537.31"
204.110.9.160 - - [16/Dec/2015:05:14:10 +0100] "GET /wp-content/plugins/revslider/temp/update_extract/revslider/love.php HTTP/1.1" 404 1181 "-" "Mozilla/5.0 (Windows; U; Windows NT 5.1; en-US; rv:1.9.2) Gecko/20100115 Firefox/3.6"
204.110.9.160 - - [16/Dec/2015:05:14:11 +0100] "GET /hirlevel/wp-content/plugins/revslider/temp/update_extract/revslider/arhy.php HTTP/1.1" 404 1181 "-" "Mozilla/5.0 (Windows; U; Windows NT 5.1; en-US; rv:1.9.2) Gecko/20100115 Firefox/3.6"
204.110.9.160 - - [16/Dec/2015:05:14:11 +0100] "GET /hirlevel/wp-content/plugins/revslider/temp/update_extract/revslider/xxx.php HTTP/1.1" 404 1181 "-" "Mozilla/5.0 (Windows; U; Windows NT 5.1; en-US; rv:1.9.2) Gecko/20100115 Firefox/3.6"
204.110.9.160 - - [16/Dec/2015:05:14:11 +0100] "POST /wp-admin/admin-ajax.php HTTP/1.1" 404 1181 "-" "Mozilla/5.0 (X11; Linux x86_64) AppleWebKit/537.31 (KHTML, like Gecko) Chrome/26.0.1410.63 Safari/537.31"
204.110.9.160 - - [16/Dec/2015:05:14:11 +0100] "GET /hirlevel/wp-content/plugins/revslider/temp/update_extract/revslider/love.php HTTP/1.1" 404 1181 "-" "Mozilla/5.0 (Windows; U; Windows NT 5.1; en-US; rv:1.9.2) Gecko/20100115 Firefox/3.6"
204.110.9.160 - - [16/Dec/2015:05:14:12 +0100] "GET /wp-content/plugins/showbiz/temp/update_extract/showbiz/arhy.php HTTP/1.1" 404 1181 "-" "Mozilla/5.0 (Windows; U; Windows NT 5.1; en-US; rv:1.9.2) Gecko/20100115 Firefox/3.6"
204.110.9.160 - - [16/Dec/2015:05:14:12 +0100] "POST /hirlevel/wp-admin/admin-ajax.php HTTP/1.1" 404 1181 "-" "Mozilla/5.0 (X11; Linux x86_64) AppleWebKit/537.31 (KHTML, like Gecko) Chrome/26.0.1410.63 Safari/537.31"
204.110.9.160 - - [16/Dec/2015:05:14:12 +0100] "GET /wp-content/plugins/showbiz/temp/update_extract/showbiz/xxx.php HTTP/1.1" 404 1181 "-" "Mozilla/5.0 (Windows; U; Windows NT 5.1; en-US; rv:1.9.2) Gecko/20100115 Firefox/3.6"
204.110.9.160 - - [16/Dec/2015:05:14:12 +0100] "GET /hirlevel/wp-content/plugins/showbiz/temp/update_extract/showbiz/arhy.php HTTP/1.1" 404 1181 "-" "Mozilla/5.0 (Windows; U; Windows NT 5.1; en-US; rv:1.9.2) Gecko/20100115 Firefox/3.6"
204.110.9.160 - - [16/Dec/2015:05:14:13 +0100] "GET /wp-content/plugins/showbiz/temp/update_extract/showbiz/love.php HTTP/1.1" 404 1181 "-" "Mozilla/5.0 (Windows; U; Windows NT 5.1; en-US; rv:1.9.2) Gecko/20100115 Firefox/3.6"
204.110.9.160 - - [16/Dec/2015:05:14:13 +0100] "GET /hirlevel/wp-content/plugins/showbiz/temp/update_extract/showbiz/xxx.php HTTP/1.1" 404 1181 "-" "Mozilla/5.0 (Windows; U; Windows NT 5.1; en-US; rv:1.9.2) Gecko/20100115 Firefox/3.6"
204.110.9.160 - - [16/Dec/2015:05:14:13 +0100] "GET /hirlevel/wp-content/plugins/showbiz/temp/update_extract/showbiz/love.php HTTP/1.1" 404 1181 "-" "Mozilla/5.0 (Windows; U; Windows NT 5.1; en-US; rv:1.9.2) Gecko/20100115 Firefox/3.6"
157.55.39.250 - - [16/Dec/2015:05:29:47 +0100] "GET /robots.txt HTTP/1.1" 404 1181 "-" "Mozilla/5.0 (compatible; bingbot/2.0; +http://www.bing.com/bingbot.htm)"
157.55.39.250 - - [16/Dec/2015:05:29:59 +0100] "GET /doc/200702turaterv.pdf HTTP/1.1" 200 61674 "-" "Mozilla/5.0 (iPhone; CPU iPhone OS 7_0 like Mac OS X) AppleWebKit/537.51.1 (KHTML, like Gecko) Version/7.0 Mobile/11A465 Safari/9537.53 (compatible; bingbot/2.0; http://www.bing.com/bingbot.htm)"
209.235.136.150 - - [16/Dec/2015:05:54:16 +0100] "GET /test/libraries/simplepie/README.txt HTTP/1.1" 404 1181 "-" "Mozilla/5.0 (compatible; Googlebot/2.1; +http://www.google.com/bot.html)"
125.209.235.176 - - [16/Dec/2015:05:56:47 +0100] "GET /robots.txt HTTP/1.1" 404 1181 "-" "Mozilla/5.0 (compatible; Yeti/1.1; +http://help.naver.com/robots/)"
125.209.235.176 - - [16/Dec/2015:05:56:48 +0100] "GET /doc/b2_2010.pdf HTTP/1.1" 404 1181 "-" "Mozilla/5.0 (compatible; Yeti/1.1; +http://help.naver.com/robots/)"
209.235.136.150 - - [16/Dec/2015:05:59:18 +0100] "GET /libraries/simplepie/README.txt HTTP/1.1" 404 1181 "-" "Mozilla/5.0 (compatible; Googlebot/2.1; +http://www.google.com/bot.html)"
209.235.136.150 - - [16/Dec/2015:06:06:27 +0100] "GET /news/libraries/simplepie/README.txt HTTP/1.1" 404 1181 "-" "Mozilla/5.0 (compatible; Googlebot/2.1; +http://www.google.com/bot.html)"
209.235.136.150 - - [16/Dec/2015:06:15:11 +0100] "GET /site/libraries/simplepie/README.txt HTTP/1.1" 404 1181 "-" "Mozilla/5.0 (compatible; Googlebot/2.1; +http://www.google.com/bot.html)"
209.235.136.150 - - [16/Dec/2015:06:21:23 +0100] "GET /blog/libraries/simplepie/README.txt HTTP/1.1" 404 1181 "-" "Mozilla/5.0 (compatible; Googlebot/2.1; +http://www.google.com/bot.html)"
209.235.136.150 - - [16/Dec/2015:06:28:11 +0100] "GET /blogs/libraries/simplepie/README.txt HTTP/1.1" 404 1181 "-" "Mozilla/5.0 (compatible; Googlebot/2.1; +http://www.google.com/bot.html)"
209.235.136.150 - - [16/Dec/2015:06:31:23 +0100] "GET /store/libraries/simplepie/README.txt HTTP/1.1" 404 1181 "-" "Mozilla/5.0 (compatible; Googlebot/2.1; +http://www.google.com/bot.html)"
209.235.136.150 - - [16/Dec/2015:06:36:41 +0100] "GET /demo/libraries/simplepie/README.txt HTTP/1.1" 404 1181 "-" "Mozilla/5.0 (compatible; Googlebot/2.1; +http://www.google.com/bot.html)"
151.33.122.245 - - [16/Dec/2015:06:40:42 +0100] "GET /images/vasutterkep_n.jpg HTTP/1.1" 200 4702972 "https://www.google.it/" "Mozilla/5.0 (Windows NT 6.3; WOW64) AppleWebKit/537.36 (KHTML, like Gecko) Chrome/47.0.2526.80 Safari/537.36"
79.121.35.151 - - [16/Dec/2015:06:42:09 +0100] "GET /images/vasutterkep_n.jpg HTTP/1.1" 200 4702972 "https://www.google.hu/" "Mozilla/5.0 (iPhone; CPU iPhone OS 9_2 like Mac OS X) AppleWebKit/601.1.46 (KHTML, like Gecko) Version/9.0 Mobile/13C75 Safari/601.1"
209.235.136.150 - - [16/Dec/2015:06:42:49 +0100] "GET /shop/libraries/simplepie/README.txt HTTP/1.1" 404 1181 "-" "Mozilla/5.0 (compatible; Googlebot/2.1; +http://www.google.com/bot.html)"
209.235.136.150 - - [16/Dec/2015:06:47:02 +0100] "GET /cms/libraries/simplepie/README.txt HTTP/1.1" 404 1181 "-" "Mozilla/5.0 (compatible; Googlebot/2.1; +http://www.google.com/bot.html)"
209.235.136.150 - - [16/Dec/2015:06:48:23 +0100] "GET /joomla/libraries/simplepie/README.txt HTTP/1.1" 404 1181 "-" "Mozilla/5.0 (compatible; Googlebot/2.1; +http://www.google.com/bot.html)"
77.111.90.197 - - [16/Dec/2015:06:52:54 +0100] "GET /doc/konf_0807.pdf HTTP/1.1" 200 14250 "-" "Mozilla/5.0 (Windows NT 6.1; WOW64) AppleWebKit/537.36 (KHTML, like Gecko) Chrome/46.0.2490.71 Safari/537.36"
77.111.90.197 - - [16/Dec/2015:06:52:54 +0100] "GET /doc/konf_0807.pdf HTTP/1.0" 200 14250 "-" "-"
66.249.69.124 - - [16/Dec/2015:07:09:45 +0100] "GET /hirlevel/vasuttal0701.htm HTTP/1.1" 200 12640 "-" "Mozilla/5.0 (compatible; Googlebot/2.1; +http://www.google.com/bot.html)"
66.249.69.25 - - [16/Dec/2015:07:15:57 +0100] "GET /doc/hu_aps_positivbeispiele_aufl2_070622_klein.pdf HTTP/1.1" 200 2887217 "-" "SAMSUNG-SGH-E250/1.0 Profile/MIDP-2.0 Configuration/CLDC-1.1 UP.Browser/6.2.3.3.c.1.101 (GUI) MMP/2.0 (compatible; Googlebot-Mobile/2.1; +http://www.google.com/bot.html)"
89.133.2.43 - - [16/Dec/2015:07:16:28 +0100] "GET /images/vasutterkep_n.jpg HTTP/1.1" 200 4702972 "https://www.google.hu/" "Mozilla/5.0 (Windows NT 6.1; WOW64) AppleWebKit/537.36 (KHTML, like Gecko) Chrome/47.0.2526.80 Safari/537.36"
66.249.69.113 - - [16/Dec/2015:07:20:59 +0100] "GET /hirlevel/J%C3%A1szboldogh%C3%A1za.pdf HTTP/1.1" 200 672039 "-" "Googlebot/2.1 (+http://www.google.com/bot.html)"
91.83.104.204 - - [16/Dec/2015:07:45:22 +0100] "GET /images/vasutterkep_n.jpg HTTP/1.1" 200 825805 "https://www.google.hu/" "Mozilla/5.0 (Windows NT 5.1) AppleWebKit/537.36 (KHTML, like Gecko) Chrome/47.0.2526.80 Safari/537.36"
66.249.69.9 - - [16/Dec/2015:07:52:10 +0100] "GET /doc/beszamolo_konferenciarol_0910.pdf HTTP/1.1" 200 72954 "-" "Mozilla/5.0 (compatible; Googlebot/2.1; +http://www.google.com/bot.html)"
157.55.39.79 - - [16/Dec/2015:07:56:11 +0100] "GET /hirlevel/MAV_102vonal_prezi201504.pdf HTTP/1.1" 200 1579816 "-" "Mozilla/5.0 (iPhone; CPU iPhone OS 7_0 like Mac OS X) AppleWebKit/537.51.1 (KHTML, like Gecko) Version/7.0 Mobile/11A465 Safari/9537.53 (compatible; bingbot/2.0; http://www.bing.com/bingbot.htm)"
66.249.69.9 - - [16/Dec/2015:07:56:14 +0100] "GET /doc/hu_aps_positivbeispiele_aufl2_070622_klein.pdf HTTP/1.1" 200 2887217 "-" "DoCoMo/2.0 N905i(c100;TB;W24H16) (compatible; Googlebot-Mobile/2.1; +http://www.google.com/bot.html)"
66.249.69.124 - - [16/Dec/2015:08:04:28 +0100] "GET /doc/mkk_alapszabaly_2014.10.22_sm.doc HTTP/1.1" 200 96768 "-" "Mozilla/5.0 (compatible; Googlebot/2.1; +http://www.google.com/bot.html)"
176.77.139.231 - - [16/Dec/2015:08:37:35 +0100] "GET /hirlevel/images/1206_6.jpg HTTP/1.1" 200 181989 "http://tourhongrie.blog.hu/" "Mozilla/5.0 (Linux; U; Android 4.0.4; hu-hu; GT-S7560 Build/IMM76I) AppleWebKit/534.30 (KHTML, like Gecko) Version/4.0 Mobile Safari/534.30"
193.68.41.17 - - [16/Dec/2015:09:09:09 +0100] "GET /hirlevel/images/1006c.jpg HTTP/1.1" 200 45597 "https://www.google.hu/" "Mozilla/5.0 (Windows NT 6.1) AppleWebKit/537.36 (KHTML, like Gecko) Chrome/43.0.2357.81 Safari/537.36"
94.21.102.177 - - [16/Dec/2015:09:18:28 +0100] "GET /images/vasutterkep_n.jpg HTTP/1.1" 200 4702972 "https://www.google.hu/" "Mozilla/5.0 (Windows NT 6.1; WOW64) AppleWebKit/537.36 (KHTML, like Gecko) Chrome/47.0.2526.80 Safari/537.36"
220.181.108.159 - - [16/Dec/2015:09:24:55 +0100] "GET / HTTP/1.1" 200 1178 "-" "Mozilla/5.0 (compatible; Baiduspider/2.0; +http://www.baidu.com/search/spider.html)"
66.249.69.1 - - [16/Dec/2015:09:27:33 +0100] "GET /doc/Honig_level_20091104.pdf HTTP/1.1" 200 76029 "-" "Mozilla/5.0 (compatible; Googlebot/2.1; +http://www.google.com/bot.html)"
207.46.13.153 - - [16/Dec/2015:09:41:13 +0100] "GET /robots.txt HTTP/1.1" 404 1181 "-" "Mozilla/5.0 (compatible; bingbot/2.0; +http://www.bing.com/bingbot.htm)"
207.46.13.153 - - [16/Dec/2015:09:41:47 +0100] "GET / HTTP/1.1" 200 1178 "-" "Mozilla/5.0 (compatible; bingbot/2.0; +http://www.bing.com/bingbot.htm)"
195.199.144.150 - - [16/Dec/2015:10:01:31 +0100] "GET /images/vasutterkep_n.jpg HTTP/1.1" 200 2143792 "https://www.google.hu/" "Mozilla/5.0 (Windows NT 6.1) AppleWebKit/537.36 (KHTML, like Gecko) Chrome/47.0.2526.80 Safari/537.36"
195.199.144.150 - - [16/Dec/2015:10:01:34 +0100] "GET /images/vasutterkep_n.jpg HTTP/1.1" 206 1 "https://www.google.hu/" "Mozilla/5.0 (Windows NT 6.1) AppleWebKit/537.36 (KHTML, like Gecko) Chrome/47.0.2526.80 Safari/537.36"
195.199.144.150 - - [16/Dec/2015:10:01:38 +0100] "GET /images/vasutterkep_n.jpg HTTP/1.1" 206 2725780 "https://www.google.hu/" "Mozilla/5.0 (Windows NT 6.1) AppleWebKit/537.36 (KHTML, like Gecko) Chrome/47.0.2526.80 Safari/537.36"
195.199.144.150 - - [16/Dec/2015:10:06:52 +0100] "GET /images/vasutterkep_n.jpg HTTP/1.1" 200 4201856 "https://www.google.hu/" "Mozilla/5.0 (Windows NT 6.1) AppleWebKit/537.36 (KHTML, like Gecko) Chrome/47.0.2526.80 Safari/537.36"
195.199.144.150 - - [16/Dec/2015:10:07:06 +0100] "GET /images/vasutterkep_n.jpg HTTP/1.1" 206 1 "https://www.google.hu/" "Mozilla/5.0 (Windows NT 6.1) AppleWebKit/537.36 (KHTML, like Gecko) Chrome/47.0.2526.80 Safari/537.36"
195.199.144.150 - - [16/Dec/2015:10:07:07 +0100] "GET /images/vasutterkep_n.jpg HTTP/1.1" 206 632716 "https://www.google.hu/" "Mozilla/5.0 (Windows NT 6.1) AppleWebKit/537.36 (KHTML, like Gecko) Chrome/47.0.2526.80 Safari/537.36"
79.122.26.153 - - [16/Dec/2015:10:36:49 +0100] "GET /favicon.ico HTTP/1.1" 404 1181 "-" "Mozilla/5.0 (Windows NT 6.1; WOW64; rv:42.0) Gecko/20100101 Firefox/42.0"
79.122.26.153 - - [16/Dec/2015:10:36:50 +0100] "GET /favicon.ico HTTP/1.1" 404 1181 "-" "Mozilla/5.0 (Windows NT 6.1; WOW64; rv:42.0) Gecko/20100101 Firefox/42.0"
213.94.78.65 - - [16/Dec/2015:10:46:22 +0100] "GET /images/vasutterkep_n.jpg HTTP/1.1" 200 4702972 "https://www.google.at" "Mozilla/5.0 (Windows NT 6.1; WOW64; rv:42.0) Gecko/20100101 Firefox/42.0"
79.122.26.153 - - [16/Dec/2015:10:55:30 +0100] "GET /images/vasutterkep_n.jpg HTTP/1.1" 200 4702972 "http://oterkep.blogspot.hu/2007/11/magyarorszg-vasti-trkp.html" "Mozilla/5.0 (Windows NT 6.1; WOW64; rv:42.0) Gecko/20100101 Firefox/42.0"
77.111.90.197 - - [16/Dec/2015:10:58:05 +0100] "GET / HTTP/1.1" 200 1178 "-" "Mozilla/5.0 (Windows NT 6.1; WOW64) AppleWebKit/537.36 (KHTML, like Gecko) Chrome/46.0.2490.71 Safari/537.36"
77.111.90.197 - - [16/Dec/2015:10:58:05 +0100] "GET / HTTP/1.0" 200 1178 "-" "-"
188.36.229.6 - - [16/Dec/2015:11:03:16 +0100] "GET /images/vasutterkep_n.jpg HTTP/1.0" 200 60433 "https://www.google.hu/" "Mozilla/5.0 (Windows NT 6.1; WOW64) AppleWebKit/537.36 (KHTML, like Gecko) Chrome/47.0.2526.80 Safari/537.36"
188.36.229.6 - - [16/Dec/2015:11:03:19 +0100] "GET /images/vasutterkep_n.jpg HTTP/1.0" 200 60433 "https://www.google.hu/" "Mozilla/5.0 (Windows NT 6.1; WOW64) AppleWebKit/537.36 (KHTML, like Gecko) Chrome/47.0.2526.80 Safari/537.36"
78.92.103.35 - - [16/Dec/2015:11:12:04 +0100] "GET /images/vasutterkep_n.jpg HTTP/1.1" 200 4702972 "https://www.google.hu/" "Mozilla/5.0 (Windows NT 6.3; WOW64) AppleWebKit/537.36 (KHTML, like Gecko) Chrome/47.0.2526.80 Safari/537.36"
151.183.0.35 - - [16/Dec/2015:11:18:02 +0100] "GET /images/vasutterkep_n.jpg HTTP/1.1" 200 4702972 "https://www.google.se/" "Mozilla/5.0 (Windows NT 6.1; Win64; x64) AppleWebKit/537.36 (KHTML, like Gecko) Chrome/47.0.2526.80 Safari/537.36"
66.249.69.124 - - [16/Dec/2015:11:18:21 +0100] "GET /hirlevel/II_vasuttorteneti_konf_2o15.pdf HTTP/1.1" 200 30350 "-" "Mozilla/5.0 (iPhone; CPU iPhone OS 8_3 like Mac OS X) AppleWebKit/600.1.4 (KHTML, like Gecko) Version/8.0 Mobile/12F70 Safari/600.1.4 (compatible; Googlebot/2.1; +http://www.google.com/bot.html)"
92.249.143.234 - - [16/Dec/2015:11:22:16 +0100] "GET /images/vasutterkep_n.jpg HTTP/1.1" 200 4702972 "-" "Mozilla/5.0 (Windows NT 6.3; Win64; x64; rv:42.0) Gecko/20100101 Firefox/42.0"
92.249.143.234 - - [16/Dec/2015:11:22:16 +0100] "GET /favicon.ico HTTP/1.1" 404 1181 "-" "Mozilla/5.0 (Windows NT 6.3; Win64; x64; rv:42.0) Gecko/20100101 Firefox/42.0"
92.249.143.234 - - [16/Dec/2015:11:22:16 +0100] "GET /favicon.ico HTTP/1.1" 404 1181 "-" "Mozilla/5.0 (Windows NT 6.3; Win64; x64; rv:42.0) Gecko/20100101 Firefox/42.0"
69.30.244.186 - - [16/Dec/2015:11:32:06 +0100] "GET /wp-login.php HTTP/1.1" 404 1181 "-" "Mozilla/5.0 (compatible; MSIE 9.0; Windows NT 6.1; Trident/5.0)"
91.83.157.34 - - [16/Dec/2015:11:38:10 +0100] "GET /images/vasutterkep_n.jpg HTTP/1.1" 200 4702972 "https://www.google.hu/" "Mozilla/5.0 (Windows NT 6.1) AppleWebKit/537.36 (KHTML, like Gecko) Chrome/47.0.2526.80 Safari/537.36"
93.86.175.247 - - [16/Dec/2015:11:46:58 +0100] "GET /images/vasutterkep_n.jpg HTTP/1.1" 200 4702972 "-" "Mozilla/5.0 (Windows NT 6.1; WOW64; rv:42.0) Gecko/20100101 Firefox/42.0"
157.55.39.250 - - [16/Dec/2015:11:50:47 +0100] "GET /robots.txt HTTP/1.1" 404 1181 "-" "Mozilla/5.0 (compatible; bingbot/2.0; +http://www.bing.com/bingbot.htm)"
157.55.39.250 - - [16/Dec/2015:11:57:19 +0100] "GET /hirlevel/vonattal0912.htm HTTP/1.1" 200 55120 "-" "Mozilla/5.0 (compatible; bingbot/2.0; +http://www.bing.com/bingbot.htm)"
157.55.39.250 - - [16/Dec/2015:11:57:19 +0100] "GET /hirlevel/vonattal1007.htm HTTP/1.1" 200 27837 "-" "Mozilla/5.0 (compatible; bingbot/2.0; +http://www.bing.com/bingbot.htm)"
157.55.39.250 - - [16/Dec/2015:11:57:19 +0100] "GET /hirlevel/vonattal1010_1.htm HTTP/1.1" 200 29761 "-" "Mozilla/5.0 (compatible; bingbot/2.0; +http://www.bing.com/bingbot.htm)"
157.55.39.250 - - [16/Dec/2015:11:57:20 +0100] "GET /hirlevel/vonattal1105-6.html HTTP/1.1" 200 24904 "-" "Mozilla/5.0 (compatible; bingbot/2.0; +http://www.bing.com/bingbot.htm)"
157.55.39.250 - - [16/Dec/2015:11:57:20 +0100] "GET /hirlevel/vonattal0903.htm HTTP/1.1" 200 32511 "-" "Mozilla/5.0 (compatible; bingbot/2.0; +http://www.bing.com/bingbot.htm)"
157.55.39.250 - - [16/Dec/2015:11:57:20 +0100] "GET /hirlevel/vonattal1402.html HTTP/1.1" 200 54994 "-" "Mozilla/5.0 (compatible; bingbot/2.0; +http://www.bing.com/bingbot.htm)"
157.55.39.250 - - [16/Dec/2015:11:57:21 +0100] "GET /hirlevel/vonattal1010.htm HTTP/1.1" 200 41354 "-" "Mozilla/5.0 (compatible; bingbot/2.0; +http://www.bing.com/bingbot.htm)"
157.55.39.250 - - [16/Dec/2015:11:57:21 +0100] "GET /hirlevel/vasuttal0702.htm HTTP/1.1" 200 24655 "-" "Mozilla/5.0 (compatible; bingbot/2.0; +http://www.bing.com/bingbot.htm)"
157.55.39.250 - - [16/Dec/2015:11:57:21 +0100] "GET /hirlevel/vonattal1508.html HTTP/1.1" 200 24080 "-" "Mozilla/5.0 (compatible; bingbot/2.0; +http://www.bing.com/bingbot.htm)"
46.107.231.92 - - [16/Dec/2015:12:01:12 +0100] "GET /images/vasutterkep_n.jpg HTTP/1.1" 200 685817 "https://www.google.hu/" "Mozilla/5.0 (Windows NT 5.1) AppleWebKit/537.36 (KHTML, like Gecko) Chrome/37.0.2062.94 Safari/537.36 OPR/24.0.1558.53"
66.249.69.113 - - [16/Dec/2015:12:01:23 +0100] "GET /hirlevel/vonattal1409.html HTTP/1.1" 200 32865 "-" "Mozilla/5.0 (compatible; Googlebot/2.1; +http://www.google.com/bot.html)"
46.107.231.92 - - [16/Dec/2015:12:02:57 +0100] "GET /images/vasutterkep_n.jpg HTTP/1.1" 206 1 "https://www.google.hu/" "Mozilla/5.0 (Windows NT 5.1) AppleWebKit/537.36 (KHTML, like Gecko) Chrome/37.0.2062.94 Safari/537.36 OPR/24.0.1558.53"
46.107.231.92 - - [16/Dec/2015:12:03:04 +0100] "GET /images/vasutterkep_n.jpg HTTP/1.1" 206 1142739 "https://www.google.hu/" "Mozilla/5.0 (Windows NT 5.1) AppleWebKit/537.36 (KHTML, like Gecko) Chrome/37.0.2062.94 Safari/537.36 OPR/24.0.1558.53"
207.46.13.153 - - [16/Dec/2015:12:07:52 +0100] "GET /robots.txt HTTP/1.1" 404 1181 "-" "Mozilla/5.0 (compatible; bingbot/2.0; +http://www.bing.com/bingbot.htm)"
207.46.13.153 - - [16/Dec/2015:12:10:09 +0100] "GET /hirlevel/vonattal1408.html HTTP/1.1" 200 22601 "-" "Mozilla/5.0 (compatible; bingbot/2.0; +http://www.bing.com/bingbot.htm)"
207.46.13.153 - - [16/Dec/2015:12:10:10 +0100] "GET /hirlevel/vonattal0907.htm HTTP/1.1" 200 33088 "-" "Mozilla/5.0 (compatible; bingbot/2.0; +http://www.bing.com/bingbot.htm)"
207.46.13.153 - - [16/Dec/2015:12:10:10 +0100] "GET /hirlevel/vonattal1309.html HTTP/1.1" 200 41258 "-" "Mozilla/5.0 (compatible; bingbot/2.0; +http://www.bing.com/bingbot.htm)"
207.46.13.153 - - [16/Dec/2015:12:10:11 +0100] "GET /hirlevel/vonattal1009_1.htm HTTP/1.1" 200 17980 "-" "Mozilla/5.0 (compatible; bingbot/2.0; +http://www.bing.com/bingbot.htm)"
66.249.69.113 - - [16/Dec/2015:12:10:14 +0100] "GET /hirlevel/vonattal0906.htm HTTP/1.1" 200 25493 "-" "Mozilla/5.0 (compatible; Googlebot/2.1; +http://www.google.com/bot.html)"
157.55.39.41 - - [16/Dec/2015:12:13:36 +0100] "GET /hirlevel/hatarmenten_201109.pdf HTTP/1.1" 200 33692 "-" "Mozilla/5.0 (compatible; bingbot/2.0; +http://www.bing.com/bingbot.htm)"
157.55.39.41 - - [16/Dec/2015:12:13:36 +0100] "GET /hirlevel/vonattal1112.htm HTTP/1.1" 200 21986 "-" "Mozilla/5.0 (compatible; bingbot/2.0; +http://www.bing.com/bingbot.htm)"
157.55.39.41 - - [16/Dec/2015:12:13:37 +0100] "GET /hirlevel/vonattal1501.html HTTP/1.1" 200 25759 "-" "Mozilla/5.0 (compatible; bingbot/2.0; +http://www.bing.com/bingbot.htm)"
157.55.39.41 - - [16/Dec/2015:12:13:38 +0100] "GET /hirlevel/vonattal0908.htm HTTP/1.1" 200 17434 "-" "Mozilla/5.0 (compatible; bingbot/2.0; +http://www.bing.com/bingbot.htm)"
157.55.39.41 - - [16/Dec/2015:12:13:38 +0100] "GET /hirlevel/vonattal1109.htm HTTP/1.1" 200 47571 "-" "Mozilla/5.0 (compatible; bingbot/2.0; +http://www.bing.com/bingbot.htm)"
157.55.39.41 - - [16/Dec/2015:12:13:39 +0100] "GET /hirlevel/vonattal1103.htm HTTP/1.1" 200 36669 "-" "Mozilla/5.0 (compatible; bingbot/2.0; +http://www.bing.com/bingbot.htm)"
157.55.39.41 - - [16/Dec/2015:12:13:39 +0100] "GET /hirlevel/vonattal1410.html HTTP/1.1" 200 34691 "-" "Mozilla/5.0 (compatible; bingbot/2.0; +http://www.bing.com/bingbot.htm)"
157.55.39.41 - - [16/Dec/2015:12:13:39 +0100] "GET /hirlevel/vasuttal0806-7.htm HTTP/1.1" 200 20641 "-" "Mozilla/5.0 (compatible; bingbot/2.0; +http://www.bing.com/bingbot.htm)"
157.55.39.41 - - [16/Dec/2015:12:13:40 +0100] "GET /hirlevel/vasuttal0703.htm HTTP/1.1" 200 25859 "-" "Mozilla/5.0 (compatible; bingbot/2.0; +http://www.bing.com/bingbot.htm)"
46.214.187.66 - - [16/Dec/2015:12:16:18 +0100] "GET /hirlevel/images/zsuzsi.jpg HTTP/1.1" 200 57365 "http://blog.xfree.hu/myblog.tvn?SID=&pev=2010&pho=01&pnap=19&n=bodaaniko" "Mozilla/5.0 (Windows NT 6.1; WOW64) AppleWebKit/537.36 (KHTML, like Gecko) Chrome/47.0.2526.80 Safari/537.36"
180.76.15.15 - - [16/Dec/2015:12:21:02 +0100] "GET /doc/kozh05.pdf HTTP/1.1" 200 97320 "-" "Mozilla/5.0 (compatible; Baiduspider/2.0; +http://www.baidu.com/search/spider.html)"
82.131.179.162 - - [16/Dec/2015:12:26:35 +0100] "GET /images/vasutterkep_n.jpg HTTP/1.1" 200 4702972 "https://www.google.hu/" "Mozilla/5.0 (Windows NT 6.2; WOW64) AppleWebKit/537.36 (KHTML, like Gecko) Chrome/47.0.2526.80 Safari/537.36"
188.36.81.145 - - [16/Dec/2015:12:34:05 +0100] "GET /images/vasutterkep_n.jpg HTTP/1.1" 200 3555328 "https://www.google.hu/" "Mozilla/5.0 (Windows NT 6.1; WOW64) AppleWebKit/537.36 (KHTML, like Gecko) Chrome/47.0.2526.80 Safari/537.36"
195.69.193.52 - - [16/Dec/2015:12:55:32 +0100] "GET /images/vasutterkep_n.jpg HTTP/1.1" 200 4702972 "-" "Mozilla/5.0 (compatible; MSIE 10.0; Windows NT 6.1; WOW64; Trident/6.0)"
195.69.193.52 - - [16/Dec/2015:12:55:33 +0100] "GET /favicon.ico HTTP/1.1" 404 1181 "-" "Mozilla/5.0 (compatible; MSIE 10.0; Windows NT 6.1; Win64; x64; Trident/6.0)"
