141.0.15.214 - - [27/Dec/2015:00:21:59 +0100] "GET /images/vasutterkep_n.jpg HTTP/1.1" 200 4702972 "http://images.google.rs/imgres?imgurl=http://www.mkk.zpok.hu/images/vasutterkep_n.jpg&imgrefurl=http://oterkep.blogspot.com/2007_11_01_archive.html&usg=__YNeHXNFia7cnktooN5BHmx_u6HQ=&h=2626&w=3691&hl=en&start=98&tbnid=4fwFdAcnNRDXvM:&tbnh=107&tbnw=150&ei=qyB_VoTiJsaqPKeMj6AN&sa=X&ved=0ahUKEwjE44uC1frJAhVGFQ8KHSfGA9Q4WhCtAwgzMAc" "Opera/9.80 (J2ME/MIDP; Opera Mini/4.1.15082/37.7549; U; en) Presto/2.12.423 Version/12.16"
5.148.237.7 - - [27/Dec/2015:00:26:34 +0100] "GET /doc/mkk_eger_tanulmany_2014.pdf HTTP/1.1" 200 45949 "-" "Mozilla/5.0 (Linux; Android 5.0; SAMSUNG SM-G900F/G900FXXU1BOJ2 Build/LRX21T) AppleWebKit/537.36 (KHTML, like Gecko) SamsungBrowser/2.1 Chrome/34.0.1847.76 Mobile Safari/537.36"
5.148.237.7 - - [27/Dec/2015:00:26:35 +0100] "GET /doc/mkk_eger_tanulmany_2014.pdf HTTP/1.1" 200 851104 "" "Mozilla/5.0 (Linux; Android 5.0; SAMSUNG SM-G900F/G900FXXU1BOJ2 Build/LRX21T) AppleWebKit/537.36 (KHTML, like Gecko) SamsungBrowser/2.1 Chrome/34.0.1847.76 Mobile Safari/537.36"
144.76.185.173 - - [27/Dec/2015:00:29:25 +0100] "GET /doc/hu_aps_positivbeispiele_aufl2_070622_klein.pdf HTTP/1.1" 200 2887217 "-" "Mozilla/5.0 (Macintosh; Intel Mac OS X 10_7_5) AppleWebKit/537.36 (KHTML, like Gecko) Chrome/27.0.1453.93 Safari/537.36"
157.55.39.164 - - [27/Dec/2015:00:44:46 +0100] "GET /robots.txt HTTP/1.1" 404 1181 "-" "Mozilla/5.0 (compatible; bingbot/2.0; +http://www.bing.com/bingbot.htm)"
188.40.112.210 - - [27/Dec/2015:00:50:00 +0100] "GET /doc/andreas_geissler.ppt HTTP/1.1" 404 1181 "-" "Mozilla/5.0 (compatible; Windows; U; Windows NT 6.2; WOW64; en-US; rv:12.0) Gecko/20120403211507 Firefox/12.0"
130.193.51.56 - - [27/Dec/2015:00:51:34 +0100] "GET /robots.txt HTTP/1.1" 404 1181 "-" "Mozilla/5.0 (compatible; YandexBot/3.0; +http://yandex.com/bots)"
68.180.228.34 - - [27/Dec/2015:01:07:11 +0100] "GET /robots.txt HTTP/1.1" 404 1181 "-" "Mozilla/5.0 (compatible; Yahoo! Slurp; http://help.yahoo.com/help/us/ysearch/slurp)"
68.180.228.34 - - [27/Dec/2015:01:07:17 +0100] "GET /hirlevel/prezentacio_hv_201504.pdf HTTP/1.1" 200 2549969 "-" "Mozilla/5.0 (compatible; Yahoo! Slurp; http://help.yahoo.com/help/us/ysearch/slurp)"
157.55.39.163 - - [27/Dec/2015:01:19:38 +0100] "GET /doc/ipoly_201109.pdf HTTP/1.1" 200 5592654 "-" "Mozilla/5.0 (compatible; bingbot/2.0; +http://www.bing.com/bingbot.htm)"
82.131.218.112 - - [27/Dec/2015:01:29:54 +0100] "GET /hirlevel/NCTA_tamogato_es_lebonyolito_logosor.jpg HTTP/1.1" 200 22139 "http://mkk.zpok.hu/hirlevel/vonattal1512.html" "Mozilla/5.0 (Windows NT 6.1) AppleWebKit/537.36 (KHTML, like Gecko) Chrome/47.0.2526.106 Safari/537.36"
82.131.218.112 - - [27/Dec/2015:01:29:54 +0100] "GET /hirlevel/vonattal1512.html HTTP/1.1" 200 36414 "http://forum.index.hu/Article/showArticle?t=9170641&la=137893969" "Mozilla/5.0 (Windows NT 6.1) AppleWebKit/537.36 (KHTML, like Gecko) Chrome/47.0.2526.106 Safari/537.36"
82.131.218.112 - - [27/Dec/2015:01:29:54 +0100] "GET /hirlevel/images/1512_c.jpg HTTP/1.1" 200 48941 "http://mkk.zpok.hu/hirlevel/vonattal1512.html" "Mozilla/5.0 (Windows NT 6.1) AppleWebKit/537.36 (KHTML, like Gecko) Chrome/47.0.2526.106 Safari/537.36"
82.131.218.112 - - [27/Dec/2015:01:29:54 +0100] "GET /hirlevel/images/1512_b.jpg HTTP/1.1" 200 129334 "http://mkk.zpok.hu/hirlevel/vonattal1512.html" "Mozilla/5.0 (Windows NT 6.1) AppleWebKit/537.36 (KHTML, like Gecko) Chrome/47.0.2526.106 Safari/537.36"
82.131.218.112 - - [27/Dec/2015:01:29:56 +0100] "GET /hirlevel/images/avidekkozlekedeseert.swf HTTP/1.1" 200 5063 "http://mkk.zpok.hu/hirlevel/vonattal1512.html" "Mozilla/5.0 (Windows NT 6.1) AppleWebKit/537.36 (KHTML, like Gecko) Chrome/47.0.2526.106 Safari/537.36"
82.131.218.112 - - [27/Dec/2015:01:29:56 +0100] "GET /favicon.ico HTTP/1.1" 404 1181 "http://mkk.zpok.hu/hirlevel/vonattal1512.html" "Mozilla/5.0 (Windows NT 6.1) AppleWebKit/537.36 (KHTML, like Gecko) Chrome/47.0.2526.106 Safari/537.36"
66.249.66.134 - - [27/Dec/2015:01:30:45 +0100] "GET /robots.txt HTTP/1.1" 404 1181 "-" "Mozilla/5.0 (compatible; Googlebot/2.1; +http://www.google.com/bot.html)"
66.249.66.188 - - [27/Dec/2015:01:30:46 +0100] "GET /hirlevel/kulonvonat.pdf HTTP/1.1" 200 105640 "-" "Mozilla/5.0 (compatible; Googlebot/2.1; +http://www.google.com/bot.html)"
207.46.13.78 - - [27/Dec/2015:01:58:20 +0100] "GET /robots.txt HTTP/1.1" 404 1181 "-" "Mozilla/5.0 (compatible; bingbot/2.0; +http://www.bing.com/bingbot.htm)"
146.185.234.48 - - [27/Dec/2015:01:59:44 +0100] "GET /hirlevel/vonattal1206.htm HTTP/1.1" 200 47612 "-" "Mozilla/4.0 (compatible; MSIE 6.0; Windows NT 5.1; SV1)"
146.185.234.48 - - [27/Dec/2015:01:59:52 +0100] "GET /hirlevel/mkk_allasf_120413 HTTP/1.1" 200 246282 "-" "Mozilla/4.0 (compatible; MSIE 6.0; Windows NT 5.1; SV1)"
207.46.13.78 - - [27/Dec/2015:02:05:11 +0100] "GET /hirlevel/vonattal1112.htm HTTP/1.1" 200 21986 "-" "Mozilla/5.0 (compatible; bingbot/2.0; +http://www.bing.com/bingbot.htm)"
207.46.13.78 - - [27/Dec/2015:02:05:12 +0100] "GET /hirlevel/vasuttal0806-7.htm HTTP/1.1" 200 20641 "-" "Mozilla/5.0 (compatible; bingbot/2.0; +http://www.bing.com/bingbot.htm)"
207.46.13.78 - - [27/Dec/2015:02:05:13 +0100] "GET /hirlevel/vasuttal0703.htm HTTP/1.1" 200 25859 "-" "Mozilla/5.0 (compatible; bingbot/2.0; +http://www.bing.com/bingbot.htm)"
207.46.13.78 - - [27/Dec/2015:02:05:13 +0100] "GET /hirlevel/vonattal1501.html HTTP/1.1" 200 25759 "-" "Mozilla/5.0 (compatible; bingbot/2.0; +http://www.bing.com/bingbot.htm)"
207.46.13.78 - - [27/Dec/2015:02:05:13 +0100] "GET /hirlevel/vonattal0908.htm HTTP/1.1" 200 17434 "-" "Mozilla/5.0 (compatible; bingbot/2.0; +http://www.bing.com/bingbot.htm)"
207.46.13.78 - - [27/Dec/2015:02:05:14 +0100] "GET /hirlevel/vonattal1410.html HTTP/1.1" 200 34691 "-" "Mozilla/5.0 (compatible; bingbot/2.0; +http://www.bing.com/bingbot.htm)"
207.46.13.78 - - [27/Dec/2015:02:05:14 +0100] "GET /hirlevel/vonattal1109.htm HTTP/1.1" 200 47571 "-" "Mozilla/5.0 (compatible; bingbot/2.0; +http://www.bing.com/bingbot.htm)"
207.46.13.78 - - [27/Dec/2015:02:05:14 +0100] "GET /hirlevel/vonattal1103.htm HTTP/1.1" 200 36669 "-" "Mozilla/5.0 (compatible; bingbot/2.0; +http://www.bing.com/bingbot.htm)"
207.46.13.95 - - [27/Dec/2015:02:07:17 +0100] "GET /robots.txt HTTP/1.1" 404 1181 "-" "Mozilla/5.0 (compatible; bingbot/2.0; +http://www.bing.com/bingbot.htm)"
207.46.13.95 - - [27/Dec/2015:02:10:26 +0100] "GET /hirlevel/vonattal1309.html HTTP/1.1" 200 41258 "-" "Mozilla/5.0 (compatible; bingbot/2.0; +http://www.bing.com/bingbot.htm)"
207.46.13.95 - - [27/Dec/2015:02:10:26 +0100] "GET /hirlevel/vonattal1408.html HTTP/1.1" 200 22601 "-" "Mozilla/5.0 (compatible; bingbot/2.0; +http://www.bing.com/bingbot.htm)"
207.46.13.95 - - [27/Dec/2015:02:10:26 +0100] "GET /hirlevel/vonattal0907.htm HTTP/1.1" 200 33088 "-" "Mozilla/5.0 (compatible; bingbot/2.0; +http://www.bing.com/bingbot.htm)"
207.46.13.95 - - [27/Dec/2015:02:10:27 +0100] "GET /hirlevel/vonattal1009_1.htm HTTP/1.1" 200 17980 "-" "Mozilla/5.0 (compatible; bingbot/2.0; +http://www.bing.com/bingbot.htm)"
207.46.13.121 - - [27/Dec/2015:02:19:11 +0100] "GET /robots.txt HTTP/1.1" 404 1181 "-" "Mozilla/5.0 (compatible; bingbot/2.0; +http://www.bing.com/bingbot.htm)"
199.30.25.75 - - [27/Dec/2015:02:21:05 +0100] "GET /doc/ipoly_201109.pdf HTTP/1.1" 200 67346 "-" "Mozilla/5.0 (Windows NT 6.1; WOW64) AppleWebKit/534+ (KHTML, like Gecko) BingPreview/1.0b"
157.55.39.163 - - [27/Dec/2015:02:22:00 +0100] "GET /robots.txt HTTP/1.1" 404 1181 "-" "Mozilla/5.0 (compatible; bingbot/2.0; +http://www.bing.com/bingbot.htm)"
157.55.39.163 - - [27/Dec/2015:02:22:07 +0100] "GET /hirlevel/jardapalyazat_201410.pdf HTTP/1.1" 200 75354 "-" "Mozilla/5.0 (iPhone; CPU iPhone OS 7_0 like Mac OS X) AppleWebKit/537.51.1 (KHTML, like Gecko) Version/7.0 Mobile/11A465 Safari/9537.53 (compatible; bingbot/2.0; http://www.bing.com/bingbot.htm)"
66.249.66.134 - - [27/Dec/2015:02:50:13 +0100] "GET /hirlevel/csege_1102.pdf HTTP/1.1" 200 325905 "-" "Mozilla/5.0 (compatible; Googlebot/2.1; +http://www.google.com/bot.html)"
84.0.147.249 - - [27/Dec/2015:02:55:25 +0100] "GET /hirlevel/vonattal1512.html HTTP/1.1" 200 36414 "http://www.freemail.hu/mail/index.fm" "Mozilla/5.0 (Linux; Android 5.0.2; SAMSUNG SM-A300FU Build/LRX22G) AppleWebKit/537.36 (KHTML, like Gecko) SamsungBrowser/3.3 Chrome/38.0.2125.102 Mobile Safari/537.36"
84.0.147.249 - - [27/Dec/2015:02:55:25 +0100] "GET /hirlevel/NCTA_tamogato_es_lebonyolito_logosor.jpg HTTP/1.1" 200 22139 "http://mkk.zpok.hu/hirlevel/vonattal1512.html" "Mozilla/5.0 (Linux; Android 5.0.2; SAMSUNG SM-A300FU Build/LRX22G) AppleWebKit/537.36 (KHTML, like Gecko) SamsungBrowser/3.3 Chrome/38.0.2125.102 Mobile Safari/537.36"
84.0.147.249 - - [27/Dec/2015:02:55:26 +0100] "GET /hirlevel/images/1512_c.jpg HTTP/1.1" 200 48941 "http://mkk.zpok.hu/hirlevel/vonattal1512.html" "Mozilla/5.0 (Linux; Android 5.0.2; SAMSUNG SM-A300FU Build/LRX22G) AppleWebKit/537.36 (KHTML, like Gecko) SamsungBrowser/3.3 Chrome/38.0.2125.102 Mobile Safari/537.36"
84.0.147.249 - - [27/Dec/2015:02:55:26 +0100] "GET /hirlevel/images/1512_b.jpg HTTP/1.1" 200 129334 "http://mkk.zpok.hu/hirlevel/vonattal1512.html" "Mozilla/5.0 (Linux; Android 5.0.2; SAMSUNG SM-A300FU Build/LRX22G) AppleWebKit/537.36 (KHTML, like Gecko) SamsungBrowser/3.3 Chrome/38.0.2125.102 Mobile Safari/537.36"
84.0.147.249 - - [27/Dec/2015:02:55:26 +0100] "GET /favicon.ico HTTP/1.1" 404 1181 "-" "Mozilla/5.0 (Linux; Android 5.0.2; SAMSUNG SM-A300FU Build/LRX22G) AppleWebKit/537.36 (KHTML, like Gecko) SamsungBrowser/3.3 Chrome/38.0.2125.102 Mobile Safari/537.36"
91.120.87.64 - - [27/Dec/2015:03:12:15 +0100] "GET /hirlevel/vonattal1512.html HTTP/1.1" 200 36414 "http://forum.index.hu/Article/showArticle?t=9170641&la=137893969" "Mozilla/5.0 (Windows NT 6.1; WOW64; rv:43.0) Gecko/20100101 Firefox/43.0"
91.120.87.64 - - [27/Dec/2015:03:12:15 +0100] "GET /hirlevel/NCTA_tamogato_es_lebonyolito_logosor.jpg HTTP/1.1" 200 22139 "http://mkk.zpok.hu/hirlevel/vonattal1512.html" "Mozilla/5.0 (Windows NT 6.1; WOW64; rv:43.0) Gecko/20100101 Firefox/43.0"
91.120.87.64 - - [27/Dec/2015:03:12:15 +0100] "GET /hirlevel/images/1512_c.jpg HTTP/1.1" 200 48941 "http://mkk.zpok.hu/hirlevel/vonattal1512.html" "Mozilla/5.0 (Windows NT 6.1; WOW64; rv:43.0) Gecko/20100101 Firefox/43.0"
91.120.87.64 - - [27/Dec/2015:03:12:15 +0100] "GET /hirlevel/images/1512_b.jpg HTTP/1.1" 200 129334 "http://mkk.zpok.hu/hirlevel/vonattal1512.html" "Mozilla/5.0 (Windows NT 6.1; WOW64; rv:43.0) Gecko/20100101 Firefox/43.0"
91.120.87.64 - - [27/Dec/2015:03:12:17 +0100] "GET /hirlevel/images/avidekkozlekedeseert.swf HTTP/1.1" 200 5063 "http://mkk.zpok.hu/hirlevel/vonattal1512.html" "Mozilla/5.0 (Windows NT 6.1; WOW64; rv:43.0) Gecko/20100101 Firefox/43.0"
91.120.87.64 - - [27/Dec/2015:03:12:17 +0100] "GET /favicon.ico HTTP/1.1" 404 1181 "-" "Mozilla/5.0 (Windows NT 6.1; WOW64; rv:43.0) Gecko/20100101 Firefox/43.0"
91.120.87.64 - - [27/Dec/2015:03:12:17 +0100] "GET /favicon.ico HTTP/1.1" 404 1181 "-" "Mozilla/5.0 (Windows NT 6.1; WOW64; rv:43.0) Gecko/20100101 Firefox/43.0"
91.120.87.64 - - [27/Dec/2015:03:12:17 +0100] "GET /favicon.ico HTTP/1.1" 404 1181 "-" "Mozilla/5.0 (Windows NT 6.1; WOW64; rv:43.0) Gecko/20100101 Firefox/43.0"
66.249.66.118 - - [27/Dec/2015:03:16:04 +0100] "GET /doc/eletet-a-vasutnak.pdf HTTP/1.1" 304 - "-" "Mozilla/5.0 (compatible; Googlebot/2.1; +http://www.google.com/bot.html)"
157.55.39.164 - - [27/Dec/2015:03:20:56 +0100] "GET /robots.txt HTTP/1.1" 404 1181 "-" "Mozilla/5.0 (compatible; bingbot/2.0; +http://www.bing.com/bingbot.htm)"
157.55.39.163 - - [27/Dec/2015:03:21:00 +0100] "GET /hirlevel/devavanya.pdf HTTP/1.1" 200 39671 "-" "Mozilla/5.0 (compatible; bingbot/2.0; +http://www.bing.com/bingbot.htm)"
180.76.15.17 - - [27/Dec/2015:03:35:02 +0100] "GET / HTTP/1.1" 200 1178 "-" "Mozilla/5.0 (compatible; Baiduspider/2.0; +http://www.baidu.com/search/spider.html)"
173.252.90.230 - - [27/Dec/2015:03:40:04 +0100] "GET /hirlevel/images/1512_b.jpg HTTP/1.1" 200 129334 "-" "facebookexternalhit/1.1 (+http://www.facebook.com/externalhit_uatext.php)"
66.249.66.188 - - [27/Dec/2015:04:06:10 +0100] "GET /doc/utaspanasz_1305.pdf HTTP/1.1" 200 45873 "-" "Mozilla/5.0 (compatible; Googlebot/2.1; +http://www.google.com/bot.html)"
130.193.51.56 - - [27/Dec/2015:04:07:16 +0100] "GET /hirlevel/vonattal1107.htm HTTP/1.1" 200 26917 "-" "Mozilla/5.0 (compatible; YandexBot/3.0; +http://yandex.com/bots)"
207.46.13.121 - - [27/Dec/2015:04:16:27 +0100] "GET /doc/HaryMarkCikke.pdf HTTP/1.1" 200 397874 "-" "Mozilla/5.0 (iPhone; CPU iPhone OS 7_0 like Mac OS X) AppleWebKit/537.51.1 (KHTML, like Gecko) Version/7.0 Mobile/11A465 Safari/9537.53 (compatible; bingbot/2.0; http://www.bing.com/bingbot.htm)"
207.46.13.121 - - [27/Dec/2015:04:16:32 +0100] "GET /hirlevel/vonattal1307.html HTTP/1.1" 200 33563 "-" "Mozilla/5.0 (compatible; bingbot/2.0; +http://www.bing.com/bingbot.htm)"
207.46.13.121 - - [27/Dec/2015:04:16:33 +0100] "GET /hirlevel/vonattal0906.htm HTTP/1.1" 200 25493 "-" "Mozilla/5.0 (compatible; bingbot/2.0; +http://www.bing.com/bingbot.htm)"
207.46.13.121 - - [27/Dec/2015:04:16:34 +0100] "GET /hirlevel/vonattal1401.html HTTP/1.1" 200 16168 "-" "Mozilla/5.0 (compatible; bingbot/2.0; +http://www.bing.com/bingbot.htm)"
207.46.13.121 - - [27/Dec/2015:04:16:34 +0100] "GET /hirlevel/vonattal1004.htm HTTP/1.1" 200 51166 "-" "Mozilla/5.0 (compatible; bingbot/2.0; +http://www.bing.com/bingbot.htm)"
207.46.13.121 - - [27/Dec/2015:04:16:34 +0100] "GET /hirlevel/vonattal1412.html HTTP/1.1" 200 20581 "-" "Mozilla/5.0 (compatible; bingbot/2.0; +http://www.bing.com/bingbot.htm)"
207.46.13.121 - - [27/Dec/2015:04:16:35 +0100] "GET /hirlevel/vonattal1409.html HTTP/1.1" 200 32865 "-" "Mozilla/5.0 (compatible; bingbot/2.0; +http://www.bing.com/bingbot.htm)"
207.46.13.121 - - [27/Dec/2015:04:16:36 +0100] "GET /hirlevel/vonattal0911.htm HTTP/1.1" 200 41812 "-" "Mozilla/5.0 (compatible; bingbot/2.0; +http://www.bing.com/bingbot.htm)"
207.46.13.121 - - [27/Dec/2015:04:16:36 +0100] "GET /hirlevel/vonattal1107.htm HTTP/1.1" 200 26917 "-" "Mozilla/5.0 (compatible; bingbot/2.0; +http://www.bing.com/bingbot.htm)"
207.46.13.121 - - [27/Dec/2015:04:21:23 +0100] "GET /hirlevel/vonattal1105-6.htm HTTP/1.1" 200 24904 "-" "Mozilla/5.0 (compatible; bingbot/2.0; +http://www.bing.com/bingbot.htm)"
66.249.66.122 - - [27/Dec/2015:04:26:33 +0100] "GET /doc/eletet-a-vasutnak.pdf HTTP/1.1" 304 - "-" "Mozilla/5.0 (compatible; Googlebot/2.1; +http://www.google.com/bot.html)"
157.55.39.164 - - [27/Dec/2015:04:28:56 +0100] "GET /robots.txt HTTP/1.1" 404 1181 "-" "Mozilla/5.0 (compatible; bingbot/2.0; +http://www.bing.com/bingbot.htm)"
157.55.39.163 - - [27/Dec/2015:04:29:26 +0100] "GET /doc/kelenfold_1009.pdf HTTP/1.1" 200 2455747 "-" "Mozilla/5.0 (iPhone; CPU iPhone OS 7_0 like Mac OS X) AppleWebKit/537.51.1 (KHTML, like Gecko) Version/7.0 Mobile/11A465 Safari/9537.53 (compatible; bingbot/2.0; http://www.bing.com/bingbot.htm)"
68.180.228.34 - - [27/Dec/2015:04:30:01 +0100] "GET /hirlevel/HVezJk20150918.pdf HTTP/1.1" 200 198723 "-" "Mozilla/5.0 (compatible; Yahoo! Slurp; http://help.yahoo.com/help/us/ysearch/slurp)"
207.46.13.95 - - [27/Dec/2015:04:34:40 +0100] "GET /robots.txt HTTP/1.1" 404 1181 "-" "Mozilla/5.0 (compatible; bingbot/2.0; +http://www.bing.com/bingbot.htm)"
207.46.13.95 - - [27/Dec/2015:04:35:06 +0100] "GET / HTTP/1.1" 200 1178 "-" "Mozilla/5.0 (compatible; bingbot/2.0; +http://www.bing.com/bingbot.htm)"
157.55.39.164 - - [27/Dec/2015:04:38:47 +0100] "GET /robots.txt HTTP/1.1" 404 1181 "-" "Mozilla/5.0 (compatible; bingbot/2.0; +http://www.bing.com/bingbot.htm)"
157.55.39.163 - - [27/Dec/2015:04:39:07 +0100] "GET /hirlevel/vasuttal0803.htm HTTP/1.1" 200 31521 "-" "Mozilla/5.0 (compatible; bingbot/2.0; +http://www.bing.com/bingbot.htm)"
157.55.39.163 - - [27/Dec/2015:04:39:08 +0100] "GET /hirlevel/vasuttal0702.htm HTTP/1.1" 200 24655 "-" "Mozilla/5.0 (compatible; bingbot/2.0; +http://www.bing.com/bingbot.htm)"
180.76.15.136 - - [27/Dec/2015:04:42:01 +0100] "GET /hirlevel/emb_1006.pdf HTTP/1.1" 200 38333 "-" "Mozilla/5.0 (compatible; Baiduspider/2.0; +http://www.baidu.com/search/spider.html)"
207.46.13.78 - - [27/Dec/2015:04:44:26 +0100] "GET /robots.txt HTTP/1.1" 404 1181 "-" "Mozilla/5.0 (compatible; bingbot/2.0; +http://www.bing.com/bingbot.htm)"
207.46.13.78 - - [27/Dec/2015:04:44:37 +0100] "GET /hirlevel/vonattal1109.htm HTTP/1.1" 200 47571 "-" "Mozilla/5.0 (compatible; bingbot/2.0; +http://www.bing.com/bingbot.htm)"
207.46.13.78 - - [27/Dec/2015:04:44:37 +0100] "GET /hirlevel/vonattal0902.htm HTTP/1.1" 200 24321 "-" "Mozilla/5.0 (compatible; bingbot/2.0; +http://www.bing.com/bingbot.htm)"
157.55.39.163 - - [27/Dec/2015:04:51:17 +0100] "GET /robots.txt HTTP/1.1" 404 1181 "-" "Mozilla/5.0 (compatible; bingbot/2.0; +http://www.bing.com/bingbot.htm)"
157.55.39.164 - - [27/Dec/2015:04:51:27 +0100] "GET /hirlevel/vonattal1508.html HTTP/1.1" 200 24080 "-" "Mozilla/5.0 (compatible; bingbot/2.0; +http://www.bing.com/bingbot.htm)"
157.55.39.164 - - [27/Dec/2015:04:51:27 +0100] "GET /hirlevel/vasuttal0702.htm HTTP/1.1" 200 24655 "-" "Mozilla/5.0 (compatible; bingbot/2.0; +http://www.bing.com/bingbot.htm)"
157.55.39.164 - - [27/Dec/2015:04:51:28 +0100] "GET /hirlevel/vonattal0903.htm HTTP/1.1" 200 32511 "-" "Mozilla/5.0 (compatible; bingbot/2.0; +http://www.bing.com/bingbot.htm)"
157.55.39.164 - - [27/Dec/2015:04:51:28 +0100] "GET /hirlevel/vonattal0912.htm HTTP/1.1" 200 55120 "-" "Mozilla/5.0 (compatible; bingbot/2.0; +http://www.bing.com/bingbot.htm)"
157.55.39.164 - - [27/Dec/2015:04:51:28 +0100] "GET /hirlevel/vonattal1010.htm HTTP/1.1" 200 41354 "-" "Mozilla/5.0 (compatible; bingbot/2.0; +http://www.bing.com/bingbot.htm)"
157.55.39.164 - - [27/Dec/2015:04:51:29 +0100] "GET /hirlevel/vonattal1402.html HTTP/1.1" 200 54994 "-" "Mozilla/5.0 (compatible; bingbot/2.0; +http://www.bing.com/bingbot.htm)"
157.55.39.164 - - [27/Dec/2015:04:51:29 +0100] "GET /hirlevel/vonattal1007.htm HTTP/1.1" 200 27837 "-" "Mozilla/5.0 (compatible; bingbot/2.0; +http://www.bing.com/bingbot.htm)"
157.55.39.164 - - [27/Dec/2015:04:51:29 +0100] "GET /hirlevel/vonattal1105-6.html HTTP/1.1" 200 24904 "-" "Mozilla/5.0 (compatible; bingbot/2.0; +http://www.bing.com/bingbot.htm)"
157.55.39.164 - - [27/Dec/2015:04:51:30 +0100] "GET /hirlevel/vonattal1010_1.htm HTTP/1.1" 200 29761 "-" "Mozilla/5.0 (compatible; bingbot/2.0; +http://www.bing.com/bingbot.htm)"
157.55.39.164 - - [27/Dec/2015:04:51:30 +0100] "GET /hirlevel/vonattal1101-02.htm HTTP/1.1" 200 29113 "-" "Mozilla/5.0 (compatible; bingbot/2.0; +http://www.bing.com/bingbot.htm)"
157.55.39.164 - - [27/Dec/2015:04:51:31 +0100] "GET /hirlevel/vonattal1304.html HTTP/1.1" 200 53937 "-" "Mozilla/5.0 (compatible; bingbot/2.0; +http://www.bing.com/bingbot.htm)"
157.55.39.164 - - [27/Dec/2015:04:51:32 +0100] "GET /hirlevel/vonattal1108.htm HTTP/1.1" 200 26684 "-" "Mozilla/5.0 (compatible; bingbot/2.0; +http://www.bing.com/bingbot.htm)"
157.55.39.164 - - [27/Dec/2015:04:51:32 +0100] "GET /hirlevel/vasuttal0803.htm HTTP/1.1" 200 31521 "-" "Mozilla/5.0 (compatible; bingbot/2.0; +http://www.bing.com/bingbot.htm)"
157.55.39.164 - - [27/Dec/2015:04:51:32 +0100] "GET /doc/A_kozlekedesmenedzsment_korszeru_eszkozei.htm HTTP/1.1" 200 3925 "-" "Mozilla/5.0 (compatible; bingbot/2.0; +http://www.bing.com/bingbot.htm)"
157.55.39.164 - - [27/Dec/2015:04:51:33 +0100] "GET /hirek.xml HTTP/1.1" 200 50012 "-" "Mozilla/5.0 (compatible; bingbot/2.0; +http://www.bing.com/bingbot.htm)"
207.46.13.95 - - [27/Dec/2015:04:59:13 +0100] "GET /robots.txt HTTP/1.1" 404 1181 "-" "Mozilla/5.0 (compatible; bingbot/2.0; +http://www.bing.com/bingbot.htm)"
207.46.13.95 - - [27/Dec/2015:04:59:31 +0100] "GET /hirlevel/vonattal1306.html HTTP/1.1" 200 50271 "-" "Mozilla/5.0 (compatible; bingbot/2.0; +http://www.bing.com/bingbot.htm)"
207.46.13.95 - - [27/Dec/2015:04:59:31 +0100] "GET /hirlevel/vonattal1209.htm HTTP/1.1" 200 45089 "-" "Mozilla/5.0 (compatible; bingbot/2.0; +http://www.bing.com/bingbot.htm)"
207.46.13.95 - - [27/Dec/2015:04:59:32 +0100] "GET /hirlevel/vonattal1012.htm HTTP/1.1" 200 40274 "-" "Mozilla/5.0 (compatible; bingbot/2.0; +http://www.bing.com/bingbot.htm)"
207.46.13.95 - - [27/Dec/2015:04:59:32 +0100] "GET /hirlevel/vonattal1505.html HTTP/1.1" 200 31133 "-" "Mozilla/5.0 (compatible; bingbot/2.0; +http://www.bing.com/bingbot.htm)"
207.46.13.95 - - [27/Dec/2015:04:59:32 +0100] "GET /hirlevel/vonattal1009.htm HTTP/1.1" 200 40861 "-" "Mozilla/5.0 (compatible; bingbot/2.0; +http://www.bing.com/bingbot.htm)"
207.46.13.95 - - [27/Dec/2015:04:59:33 +0100] "GET /hirlevel/vonattal1003.htm HTTP/1.1" 200 28228 "-" "Mozilla/5.0 (compatible; bingbot/2.0; +http://www.bing.com/bingbot.htm)"
207.46.13.95 - - [27/Dec/2015:04:59:33 +0100] "GET /doc/ohat_201403.pdf HTTP/1.1" 200 48900 "-" "Mozilla/5.0 (compatible; bingbot/2.0; +http://www.bing.com/bingbot.htm)"
207.46.13.78 - - [27/Dec/2015:05:05:05 +0100] "GET /robots.txt HTTP/1.1" 404 1181 "-" "Mozilla/5.0 (compatible; bingbot/2.0; +http://www.bing.com/bingbot.htm)"
207.46.13.78 - - [27/Dec/2015:05:05:34 +0100] "GET /hirlevel/vonattal1206.htm HTTP/1.1" 200 47612 "-" "Mozilla/5.0 (compatible; bingbot/2.0; +http://www.bing.com/bingbot.htm)"
207.46.13.78 - - [27/Dec/2015:05:05:35 +0100] "GET /hirlevel/vasuttal0804.htm HTTP/1.1" 200 14711 "-" "Mozilla/5.0 (compatible; bingbot/2.0; +http://www.bing.com/bingbot.htm)"
207.46.13.78 - - [27/Dec/2015:05:05:35 +0100] "GET /hirlevel/vonattal0810.htm HTTP/1.1" 200 36363 "-" "Mozilla/5.0 (compatible; bingbot/2.0; +http://www.bing.com/bingbot.htm)"
207.46.13.78 - - [27/Dec/2015:05:05:35 +0100] "GET /hirlevel/vonattal1311.html HTTP/1.1" 200 34365 "-" "Mozilla/5.0 (compatible; bingbot/2.0; +http://www.bing.com/bingbot.htm)"
66.249.66.129 - - [27/Dec/2015:05:22:43 +0100] "GET /hirlevel/utasf_1205.pdf HTTP/1.1" 200 543636 "-" "Mozilla/5.0 (compatible; Googlebot/2.1; +http://www.google.com/bot.html)"
31.46.56.175 - - [27/Dec/2015:05:52:55 +0100] "GET /hirlevel/vonattal1512.html HTTP/1.1" 200 36414 "https://www.facebook.com/" "Mozilla/5.0 (Windows NT 6.1; WOW64) AppleWebKit/537.36 (KHTML, like Gecko) Chrome/47.0.2526.106 Safari/537.36"
31.46.56.175 - - [27/Dec/2015:05:52:55 +0100] "GET /hirlevel/NCTA_tamogato_es_lebonyolito_logosor.jpg HTTP/1.1" 200 22139 "http://mkk.zpok.hu/hirlevel/vonattal1512.html" "Mozilla/5.0 (Windows NT 6.1; WOW64) AppleWebKit/537.36 (KHTML, like Gecko) Chrome/47.0.2526.106 Safari/537.36"
31.46.56.175 - - [27/Dec/2015:05:52:55 +0100] "GET /hirlevel/images/1512_c.jpg HTTP/1.1" 200 48941 "http://mkk.zpok.hu/hirlevel/vonattal1512.html" "Mozilla/5.0 (Windows NT 6.1; WOW64) AppleWebKit/537.36 (KHTML, like Gecko) Chrome/47.0.2526.106 Safari/537.36"
31.46.56.175 - - [27/Dec/2015:05:52:56 +0100] "GET /hirlevel/images/1512_b.jpg HTTP/1.1" 200 129334 "http://mkk.zpok.hu/hirlevel/vonattal1512.html" "Mozilla/5.0 (Windows NT 6.1; WOW64) AppleWebKit/537.36 (KHTML, like Gecko) Chrome/47.0.2526.106 Safari/537.36"
31.46.56.175 - - [27/Dec/2015:05:52:57 +0100] "GET /hirlevel/images/avidekkozlekedeseert.swf HTTP/1.1" 200 5063 "http://mkk.zpok.hu/hirlevel/vonattal1512.html" "Mozilla/5.0 (Windows NT 6.1; WOW64) AppleWebKit/537.36 (KHTML, like Gecko) Chrome/47.0.2526.106 Safari/537.36"
178.255.215.87 - - [27/Dec/2015:05:56:44 +0100] "GET /robots.txt HTTP/1.1" 404 1181 "-" "Mozilla/5.0 (compatible; Exabot/3.0; +http://www.exabot.com/go/robot)"
178.255.215.87 - - [27/Dec/2015:05:56:44 +0100] "GET / HTTP/1.1" 304 - "-" "Mozilla/5.0 (compatible; Exabot/3.0; +http://www.exabot.com/go/robot)"
66.249.66.188 - - [27/Dec/2015:06:17:51 +0100] "GET /hirlevel/HVezJk20150918.pdf HTTP/1.1" 200 198723 "-" "Mozilla/5.0 (compatible; Googlebot/2.1; +http://www.google.com/bot.html)"
66.249.66.122 - - [27/Dec/2015:06:36:06 +0100] "GET /doc/menetrendi-koncepcio_090831.pdf HTTP/1.1" 200 99401 "-" "Mozilla/5.0 (compatible; Googlebot/2.1; +http://www.google.com/bot.html)"
66.249.66.134 - - [27/Dec/2015:06:43:29 +0100] "GET /hirlevel/megyagozos.pdf HTTP/1.1" 200 451862 "-" "Mozilla/5.0 (compatible; Googlebot/2.1; +http://www.google.com/bot.html)"
207.46.13.95 - - [27/Dec/2015:07:09:15 +0100] "GET /robots.txt HTTP/1.1" 404 1181 "-" "Mozilla/5.0 (compatible; bingbot/2.0; +http://www.bing.com/bingbot.htm)"
130.193.51.56 - - [27/Dec/2015:07:14:12 +0100] "GET /hirlevel/vonattal1110.html HTTP/1.1" 200 30080 "-" "Mozilla/5.0 (compatible; YandexBot/3.0; +http://yandex.com/bots)"
46.139.90.180 - - [27/Dec/2015:07:15:40 +0100] "GET /doc/eletet-a-vasutnak.pdf HTTP/1.0" 206 256 "-" "Mozilla/5.0 (Linux; Android 5.1.1; SGP321 Build/10.7.A.0.228; wv) AppleWebKit/537.36 (KHTML, like Gecko) Version/4.0 Chrome/46.0.2490.76 Safari/537.36"
46.139.90.180 - - [27/Dec/2015:07:15:42 +0100] "GET /doc/eletet-a-vasutnak.pdf HTTP/1.0" 206 1157592 "-" "Mozilla/5.0 (Linux; Android 5.1.1; SGP321 Build/10.7.A.0.228; wv) AppleWebKit/537.36 (KHTML, like Gecko) Version/4.0 Chrome/46.0.2490.76 Safari/537.36"
46.139.90.180 - - [27/Dec/2015:07:15:43 +0100] "GET /doc/eletet-a-vasutnak.pdf HTTP/1.0" 206 1017053 "-" "Mozilla/5.0 (Linux; Android 5.1.1; SGP321 Build/10.7.A.0.228; wv) AppleWebKit/537.36 (KHTML, like Gecko) Version/4.0 Chrome/46.0.2490.76 Safari/537.36"
46.139.90.180 - - [27/Dec/2015:07:15:43 +0100] "GET /doc/eletet-a-vasutnak.pdf HTTP/1.0" 206 1017051 "-" "Mozilla/5.0 (Linux; Android 5.1.1; SGP321 Build/10.7.A.0.228; wv) AppleWebKit/537.36 (KHTML, like Gecko) Version/4.0 Chrome/46.0.2490.76 Safari/537.36"
46.139.90.180 - - [27/Dec/2015:07:15:43 +0100] "GET /doc/eletet-a-vasutnak.pdf HTTP/1.0" 206 1017051 "-" "Mozilla/5.0 (Linux; Android 5.1.1; SGP321 Build/10.7.A.0.228; wv) AppleWebKit/537.36 (KHTML, like Gecko) Version/4.0 Chrome/46.0.2490.76 Safari/537.36"
46.139.90.180 - - [27/Dec/2015:07:15:43 +0100] "GET /doc/eletet-a-vasutnak.pdf HTTP/1.0" 206 1017051 "-" "Mozilla/5.0 (Linux; Android 5.1.1; SGP321 Build/10.7.A.0.228; wv) AppleWebKit/537.36 (KHTML, like Gecko) Version/4.0 Chrome/46.0.2490.76 Safari/537.36"
94.27.191.18 - - [27/Dec/2015:07:39:03 +0100] "GET /hirlevel/vonattal1512.html HTTP/1.1" 200 36414 "http://forum.index.hu/Article/showArticle?t=9170641&la=137893969" "Mozilla/5.0 (Windows NT 6.1; WOW64) AppleWebKit/537.36 (KHTML, like Gecko) Chrome/47.0.2526.106 Safari/537.36"
94.27.191.18 - - [27/Dec/2015:07:39:04 +0100] "GET /hirlevel/NCTA_tamogato_es_lebonyolito_logosor.jpg HTTP/1.1" 200 22139 "http://mkk.zpok.hu/hirlevel/vonattal1512.html" "Mozilla/5.0 (Windows NT 6.1; WOW64) AppleWebKit/537.36 (KHTML, like Gecko) Chrome/47.0.2526.106 Safari/537.36"
94.27.191.18 - - [27/Dec/2015:07:39:04 +0100] "GET /hirlevel/images/1512_c.jpg HTTP/1.1" 200 48941 "http://mkk.zpok.hu/hirlevel/vonattal1512.html" "Mozilla/5.0 (Windows NT 6.1; WOW64) AppleWebKit/537.36 (KHTML, like Gecko) Chrome/47.0.2526.106 Safari/537.36"
94.27.191.18 - - [27/Dec/2015:07:39:04 +0100] "GET /hirlevel/images/1512_b.jpg HTTP/1.1" 200 129334 "http://mkk.zpok.hu/hirlevel/vonattal1512.html" "Mozilla/5.0 (Windows NT 6.1; WOW64) AppleWebKit/537.36 (KHTML, like Gecko) Chrome/47.0.2526.106 Safari/537.36"
94.27.191.18 - - [27/Dec/2015:07:39:05 +0100] "GET /hirlevel/images/avidekkozlekedeseert.swf HTTP/1.1" 200 5063 "http://mkk.zpok.hu/hirlevel/vonattal1512.html" "Mozilla/5.0 (Windows NT 6.1; WOW64) AppleWebKit/537.36 (KHTML, like Gecko) Chrome/47.0.2526.106 Safari/537.36"
94.27.191.18 - - [27/Dec/2015:07:39:05 +0100] "GET /favicon.ico HTTP/1.1" 404 1181 "http://mkk.zpok.hu/hirlevel/vonattal1512.html" "Mozilla/5.0 (Windows NT 6.1; WOW64) AppleWebKit/537.36 (KHTML, like Gecko) Chrome/47.0.2526.106 Safari/537.36"
193.68.41.17 - - [27/Dec/2015:07:40:27 +0100] "GET /hirlevel/vonattal1512.html HTTP/1.1" 200 36414 "-" "Mozilla/5.0 (compatible; MSIE 9.0; Windows NT 6.1; Trident/5.0)"
193.68.41.17 - - [27/Dec/2015:07:40:27 +0100] "GET /hirlevel/NCTA_tamogato_es_lebonyolito_logosor.jpg HTTP/1.1" 200 22139 "http://mkk.zpok.hu/hirlevel/vonattal1512.html" "Mozilla/5.0 (compatible; MSIE 9.0; Windows NT 6.1; Trident/5.0)"
193.68.41.17 - - [27/Dec/2015:07:40:29 +0100] "GET /hirlevel/images/1512_b.jpg HTTP/1.1" 200 129334 "http://mkk.zpok.hu/hirlevel/vonattal1512.html" "Mozilla/5.0 (compatible; MSIE 9.0; Windows NT 6.1; Trident/5.0)"
193.68.41.17 - - [27/Dec/2015:07:40:29 +0100] "GET /hirlevel/images/1512_c.jpg HTTP/1.1" 200 48941 "http://mkk.zpok.hu/hirlevel/vonattal1512.html" "Mozilla/5.0 (compatible; MSIE 9.0; Windows NT 6.1; Trident/5.0)"
193.68.41.17 - - [27/Dec/2015:07:40:29 +0100] "GET /hirlevel/images/avidekkozlekedeseert.swf HTTP/1.1" 200 5063 "http://mkk.zpok.hu/hirlevel/vonattal1512.html" "Mozilla/5.0 (compatible; MSIE 9.0; Windows NT 6.1; Trident/5.0)"
66.249.66.134 - - [27/Dec/2015:07:48:29 +0100] "GET /doc/utasjogok.pdf HTTP/1.1" 200 373480 "-" "Mozilla/5.0 (iPhone; CPU iPhone OS 8_3 like Mac OS X) AppleWebKit/600.1.4 (KHTML, like Gecko) Version/8.0 Mobile/12F70 Safari/600.1.4 (compatible; Googlebot/2.1; +http://www.google.com/bot.html)"
207.46.13.95 - - [27/Dec/2015:07:48:37 +0100] "GET / HTTP/1.1" 200 1178 "-" "Mozilla/5.0 (compatible; bingbot/2.0; +http://www.bing.com/bingbot.htm)"
31.13.110.119 - - [27/Dec/2015:07:58:43 +0100] "GET /hirlevel/images/1512_c.jpg HTTP/1.1" 200 48941 "-" "facebookexternalhit/1.1 (+http://www.facebook.com/externalhit_uatext.php)"
173.252.88.87 - - [27/Dec/2015:07:58:44 +0100] "GET /hirlevel/images/1512_b.jpg HTTP/1.1" 200 129334 "-" "facebookexternalhit/1.1 (+http://www.facebook.com/externalhit_uatext.php)"
46.229.167.149 - - [27/Dec/2015:07:59:39 +0100] "GET / HTTP/1.1" 200 1178 "-" "Mozilla/5.0 (Windows NT 6.1; WOW64; rv:2.0b6pre) Gecko/20100903 Firefox/4.0b6pre"
66.249.66.188 - - [27/Dec/2015:08:04:01 +0100] "GET /hirlevel/vonattal0812.htm HTTP/1.1" 200 33272 "-" "Mozilla/5.0 (compatible; Googlebot/2.1; +http://www.google.com/bot.html)"
66.249.66.188 - - [27/Dec/2015:08:06:06 +0100] "GET /doc/0420_program_uj.pdf HTTP/1.1" 200 257505 "-" "Mozilla/5.0 (compatible; Googlebot/2.1; +http://www.google.com/bot.html)"
123.30.175.217 - - [27/Dec/2015:08:16:23 +0100] "GET /robots.txt HTTP/1.1" 404 1181 "-" "Mozilla/5.0 (compatible; coccoc/1.0; +http://help.coccoc.com/)"
123.30.175.219 - - [27/Dec/2015:08:16:28 +0100] "GET / HTTP/1.1" 200 1178 "-" "Mozilla/5.0 (compatible; coccoc/1.0; +http://help.coccoc.com/)"
40.77.167.95 - - [27/Dec/2015:08:24:34 +0100] "GET /robots.txt HTTP/1.1" 404 1181 "-" "Mozilla/5.0 (compatible; bingbot/2.0; +http://www.bing.com/bingbot.htm)"
40.77.167.95 - - [27/Dec/2015:08:24:37 +0100] "GET /hirlevel/vonattal1204.htm HTTP/1.1" 200 31657 "-" "Mozilla/5.0 (compatible; bingbot/2.0; +http://www.bing.com/bingbot.htm)"
40.77.167.95 - - [27/Dec/2015:08:24:38 +0100] "GET /hirlevel/vonattal0812.htm HTTP/1.1" 200 33272 "-" "Mozilla/5.0 (compatible; bingbot/2.0; +http://www.bing.com/bingbot.htm)"
40.77.167.95 - - [27/Dec/2015:08:24:38 +0100] "GET /hirlevel/vonattal1503.html HTTP/1.1" 200 21721 "-" "Mozilla/5.0 (compatible; bingbot/2.0; +http://www.bing.com/bingbot.htm)"
40.77.167.95 - - [27/Dec/2015:08:24:39 +0100] "GET /hirlevel/vonattal1504.html HTTP/1.1" 200 22577 "-" "Mozilla/5.0 (compatible; bingbot/2.0; +http://www.bing.com/bingbot.htm)"
141.0.15.210 - - [27/Dec/2015:08:29:29 +0100] "GET /doc/b2_2012_03.pdf HTTP/1.1" 200 25676 "-" "Opera/9.80 (Android; Opera Mini/7.6.40234/37.7549; U; hu) Presto/2.12.423 Version/12.16"
141.0.15.210 - - [27/Dec/2015:08:29:39 +0100] "GET /doc/b2_2012_03.pdf HTTP/1.1" 200 1080459 "http://www.bakonyvasut.hu/" "Opera/9.80 (Android; Opera Mini/7.6.40234/37.7549; U; hu) Presto/2.12.423 Version/12.16"
69.171.230.116 - - [27/Dec/2015:08:32:53 +0100] "GET /hirlevel/images/1512_b.jpg HTTP/1.1" 200 129334 "-" "facebookexternalhit/1.1 (+http://www.facebook.com/externalhit_uatext.php)"
188.36.146.106 - - [27/Dec/2015:08:36:53 +0100] "GET /images/vasutterkep_n.jpg HTTP/1.1" 200 4702972 "-" "Mozilla/5.0 (Windows NT 6.1; Win64; x64; rv:43.0) Gecko/20100101 Firefox/43.0"
188.36.146.106 - - [27/Dec/2015:08:36:53 +0100] "GET /images/vasutterkep_n.jpg HTTP/1.1" 206 150652 "https://www.google.hu" "Mozilla/5.0 (Windows NT 6.1; Win64; x64; rv:43.0) Gecko/20100101 Firefox/43.0"
188.36.146.106 - - [27/Dec/2015:08:36:54 +0100] "GET /favicon.ico HTTP/1.1" 404 1181 "-" "Mozilla/5.0 (Windows NT 6.1; Win64; x64; rv:43.0) Gecko/20100101 Firefox/43.0"
188.36.146.106 - - [27/Dec/2015:08:36:54 +0100] "GET /favicon.ico HTTP/1.1" 404 1181 "-" "Mozilla/5.0 (Windows NT 6.1; Win64; x64; rv:43.0) Gecko/20100101 Firefox/43.0"
40.77.167.95 - - [27/Dec/2015:08:42:21 +0100] "GET /robots.txt HTTP/1.1" 404 1181 "-" "Mozilla/5.0 (compatible; bingbot/2.0; +http://www.bing.com/bingbot.htm)"
40.77.167.95 - - [27/Dec/2015:08:42:26 +0100] "GET /doc/konf_0807.pdf HTTP/1.1" 200 67897 "-" "Mozilla/5.0 (iPhone; CPU iPhone OS 7_0 like Mac OS X) AppleWebKit/537.51.1 (KHTML, like Gecko) Version/7.0 Mobile/11A465 Safari/9537.53 (compatible; bingbot/2.0; http://www.bing.com/bingbot.htm)"
83.248.74.71 - - [27/Dec/2015:08:54:59 +0100] "GET /hirlevel/images/1208_katyuk.jpg HTTP/1.1" 200 46554 "https://www.google.se/" "Mozilla/5.0 (Windows NT 10.0; WOW64) AppleWebKit/537.36 (KHTML, like Gecko) Chrome/47.0.2526.106 Safari/537.36"
89.135.132.172 - - [27/Dec/2015:09:13:51 +0100] "GET /hirlevel/vonattal1512.html HTTP/1.1" 200 36414 "http://forum.index.hu/Article/showArticle?t=9170641&la=137893969" "Mozilla/5.0 (Windows NT 5.1; rv:43.0) Gecko/20100101 Firefox/43.0"
89.135.132.172 - - [27/Dec/2015:09:13:51 +0100] "GET /hirlevel/NCTA_tamogato_es_lebonyolito_logosor.jpg HTTP/1.1" 200 22139 "http://mkk.zpok.hu/hirlevel/vonattal1512.html" "Mozilla/5.0 (Windows NT 5.1; rv:43.0) Gecko/20100101 Firefox/43.0"
89.135.132.172 - - [27/Dec/2015:09:13:51 +0100] "GET /hirlevel/images/1512_c.jpg HTTP/1.1" 200 48941 "http://mkk.zpok.hu/hirlevel/vonattal1512.html" "Mozilla/5.0 (Windows NT 5.1; rv:43.0) Gecko/20100101 Firefox/43.0"
89.135.132.172 - - [27/Dec/2015:09:13:51 +0100] "GET /hirlevel/images/1512_b.jpg HTTP/1.1" 200 129334 "http://mkk.zpok.hu/hirlevel/vonattal1512.html" "Mozilla/5.0 (Windows NT 5.1; rv:43.0) Gecko/20100101 Firefox/43.0"
89.135.132.172 - - [27/Dec/2015:09:13:52 +0100] "GET /favicon.ico HTTP/1.1" 404 1181 "-" "Mozilla/5.0 (Windows NT 5.1; rv:43.0) Gecko/20100101 Firefox/43.0"
89.135.132.172 - - [27/Dec/2015:09:13:52 +0100] "GET /favicon.ico HTTP/1.1" 404 1181 "-" "Mozilla/5.0 (Windows NT 5.1; rv:43.0) Gecko/20100101 Firefox/43.0"
68.180.228.34 - - [27/Dec/2015:09:16:18 +0100] "GET /doc/ots_uj_0812.pdf HTTP/1.1" 304 - "-" "Mozilla/5.0 (compatible; Yahoo! Slurp; http://help.yahoo.com/help/us/ysearch/slurp)"
66.249.66.120 - - [27/Dec/2015:09:22:00 +0100] "GET /hirlevel/szentgotthard_1109.pdf HTTP/1.1" 200 90663 "-" "Mozilla/5.0 (compatible; Googlebot/2.1; +http://www.google.com/bot.html)"
66.249.66.129 - - [27/Dec/2015:09:36:51 +0100] "GET /doc/onkentesseghete.pdf HTTP/1.1" 200 20949676 "-" "Mozilla/5.0 (compatible; Googlebot/2.1; +http://www.google.com/bot.html)"
157.55.12.77 - - [27/Dec/2015:09:51:38 +0100] "GET /hirlevel/images/1206_6.jpg HTTP/1.1" 200 181989 "http://tourhongrie.blog.hu/" "Mozilla/5.0 (Windows NT 6.1; WOW64) AppleWebKit/534+ (KHTML, like Gecko) BingPreview/1.0b"
91.137.182.233 - - [27/Dec/2015:10:02:00 +0100] "GET /images/vasutterkep_n.jpg HTTP/1.1" 200 4702972 "-" "Mozilla/5.0 (Linux; U; Android 4.2.2; hu-hu; GT-S7580 Build/JDQ39) AppleWebKit/534.30 (KHTML, like Gecko) Version/4.0 Mobile Safari/534.30 GSA/5.7.14.16.arm"
173.252.90.244 - - [27/Dec/2015:10:11:34 +0100] "GET /hirlevel/images/1512_b.jpg HTTP/1.1" 200 129334 "-" "facebookexternalhit/1.1 (+http://www.facebook.com/externalhit_uatext.php)"
40.77.167.95 - - [27/Dec/2015:10:17:53 +0100] "GET /robots.txt HTTP/1.1" 404 1181 "-" "Mozilla/5.0 (compatible; bingbot/2.0; +http://www.bing.com/bingbot.htm)"
40.77.167.95 - - [27/Dec/2015:10:17:57 +0100] "GET /hirlevel/hu-sk_palyazatifelhivas0801.pdf HTTP/1.1" 200 57033 "-" "Mozilla/5.0 (compatible; bingbot/2.0; +http://www.bing.com/bingbot.htm)"
194.187.168.202 - - [27/Dec/2015:10:20:40 +0100] "GET /robots.txt HTTP/1.0" 404 1181 "-" "Mozilla/5.0 (compatible; Qwantify/2.1w; +https://www.qwant.com/)/*"
194.187.168.202 - - [27/Dec/2015:10:20:40 +0100] "GET /doc/b2_2010.pdf HTTP/1.0" 404 1181 "-" "Mozilla/5.0 (compatible; Qwantify/2.1w; +https://www.qwant.com/)/*"
77.111.141.23 - - [27/Dec/2015:10:30:28 +0100] "GET /favicon.ico HTTP/1.1" 404 1181 "-" "Mozilla/5.0 (Windows NT 5.1) AppleWebKit/537.36 (KHTML, like Gecko) Chrome/44.0.2403.107 Safari/537.36 OPR/31.0.1889.99"
37.76.35.59 - - [27/Dec/2015:10:30:52 +0100] "GET /favicon.ico HTTP/1.1" 404 1181 "http://mkk.zpok.hu/doc/mkk_eger_tanulmany_2014.pdf" "Mozilla/5.0 (Windows NT 6.1) AppleWebKit/537.36 (KHTML, like Gecko) Chrome/47.0.2526.106 Safari/537.36"
37.76.35.59 - - [27/Dec/2015:10:30:53 +0100] "GET /doc/mkk_eger_tanulmany_2014.pdf HTTP/1.1" 200 851104 "https://www.google.hu/" "Mozilla/5.0 (Windows NT 6.1) AppleWebKit/537.36 (KHTML, like Gecko) Chrome/47.0.2526.106 Safari/537.36"
207.46.13.95 - - [27/Dec/2015:10:33:39 +0100] "GET /robots.txt HTTP/1.1" 404 1181 "-" "Mozilla/5.0 (compatible; bingbot/2.0; +http://www.bing.com/bingbot.htm)"
207.46.13.95 - - [27/Dec/2015:10:33:55 +0100] "GET /doc/szecseny_04.pdf HTTP/1.1" 200 70592 "-" "Mozilla/5.0 (iPhone; CPU iPhone OS 7_0 like Mac OS X) AppleWebKit/537.51.1 (KHTML, like Gecko) Version/7.0 Mobile/11A465 Safari/9537.53 (compatible; bingbot/2.0; http://www.bing.com/bingbot.htm)"
66.249.66.118 - - [27/Dec/2015:10:35:02 +0100] "GET /doc/kozh13.pdf HTTP/1.1" 200 2523554 "-" "Mozilla/5.0 (compatible; Googlebot/2.1; +http://www.google.com/bot.html)"
173.252.90.87 - - [27/Dec/2015:10:35:29 +0100] "GET /hirlevel/images/1512_b.jpg HTTP/1.1" 200 129334 "-" "facebookexternalhit/1.1 (+http://www.facebook.com/externalhit_uatext.php)"
157.55.39.164 - - [27/Dec/2015:10:49:44 +0100] "GET /robots.txt HTTP/1.1" 404 1181 "-" "Mozilla/5.0 (compatible; bingbot/2.0; +http://www.bing.com/bingbot.htm)"
157.55.39.164 - - [27/Dec/2015:10:49:54 +0100] "GET /hirlevel/vonattal1304.html HTTP/1.1" 200 53937 "-" "Mozilla/5.0 (iPhone; CPU iPhone OS 7_0 like Mac OS X) AppleWebKit/537.51.1 (KHTML, like Gecko) Version/7.0 Mobile/11A465 Safari/9537.53 (compatible; bingbot/2.0; http://www.bing.com/bingbot.htm)"
207.46.13.95 - - [27/Dec/2015:10:51:24 +0100] "GET /hirlevel/images/vonattal.swf HTTP/1.1" 200 697 "-" "Mozilla/5.0 (iPhone; CPU iPhone OS 7_0 like Mac OS X) AppleWebKit/537.51.1 (KHTML, like Gecko) Version/7.0 Mobile/11A465 Safari/9537.53 (compatible; bingbot/2.0; +http://www.bing.com/bingbot.htm)"
217.12.58.33 - - [27/Dec/2015:10:58:55 +0100] "GET /doc/ipoly_201109.pdf HTTP/1.1" 200 327800 "https://www.google.sk/" "Mozilla/5.0 (Linux; Android 4.1.2; HTC Desire 500 Build/JZO54K) AppleWebKit/537.36 (KHTML, like Gecko) Chrome/44.0.2403.133 Mobile Safari/537.36"
217.12.58.33 - - [27/Dec/2015:10:58:55 +0100] "GET /doc/ipoly_201109.pdf HTTP/1.1" 200 415188 "https://www.google.sk/" "Mozilla/5.0 (Linux; Android 4.1.2; HTC Desire 500 Build/JZO54K) AppleWebKit/537.36 (KHTML, like Gecko) Chrome/44.0.2403.133 Mobile Safari/537.36"
217.12.58.33 - - [27/Dec/2015:10:59:34 +0100] "GET /doc/ipoly_201109.pdf HTTP/1.1" 200 532464 "https://www.google.sk/" "Mozilla/5.0 (Linux; Android 4.1.2; HTC Desire 500 Build/JZO54K) AppleWebKit/537.36 (KHTML, like Gecko) Chrome/44.0.2403.133 Mobile Safari/537.36"
217.12.58.33 - - [27/Dec/2015:10:59:35 +0100] "GET /doc/ipoly_201109.pdf HTTP/1.1" 200 539208 "https://www.google.sk/" "Mozilla/5.0 (Linux; Android 4.1.2; HTC Desire 500 Build/JZO54K) AppleWebKit/537.36 (KHTML, like Gecko) Chrome/44.0.2403.133 Mobile Safari/537.36"
217.12.58.33 - - [27/Dec/2015:10:59:58 +0100] "GET /doc/ipoly_201109.pdf HTTP/1.1" 200 739528 "https://www.google.sk/" "Mozilla/5.0 (Linux; Android 4.1.2; HTC Desire 500 Build/JZO54K) AppleWebKit/537.36 (KHTML, like Gecko) Chrome/44.0.2403.133 Mobile Safari/537.36"
217.12.58.33 - - [27/Dec/2015:10:59:58 +0100] "GET /doc/ipoly_201109.pdf HTTP/1.1" 200 521832 "https://www.google.sk/" "Mozilla/5.0 (Linux; Android 4.1.2; HTC Desire 500 Build/JZO54K) AppleWebKit/537.36 (KHTML, like Gecko) Chrome/44.0.2403.133 Mobile Safari/537.36"
68.180.228.34 - - [27/Dec/2015:11:00:07 +0100] "GET /hirlevel/kulonvonat.pdf HTTP/1.1" 200 105640 "-" "Mozilla/5.0 (compatible; Yahoo! Slurp; http://help.yahoo.com/help/us/ysearch/slurp)"
217.12.58.33 - - [27/Dec/2015:11:00:13 +0100] "GET /doc/ipoly_201109.pdf HTTP/1.1" 200 60428 "https://www.google.sk/" "Mozilla/5.0 (Linux; Android 4.1.2; HTC Desire 500 Build/JZO54K) AppleWebKit/537.36 (KHTML, like Gecko) Chrome/44.0.2403.133 Mobile Safari/537.36"
217.12.58.33 - - [27/Dec/2015:11:00:13 +0100] "GET /doc/ipoly_201109.pdf HTTP/1.1" 200 255908 "https://www.google.sk/" "Mozilla/5.0 (Linux; Android 4.1.2; HTC Desire 500 Build/JZO54K) AppleWebKit/537.36 (KHTML, like Gecko) Chrome/44.0.2403.133 Mobile Safari/537.36"
217.12.58.33 - - [27/Dec/2015:11:00:26 +0100] "GET /doc/ipoly_201109.pdf HTTP/1.1" 200 434536 "https://www.google.sk/" "Mozilla/5.0 (Linux; Android 4.1.2; HTC Desire 500 Build/JZO54K) AppleWebKit/537.36 (KHTML, like Gecko) Chrome/44.0.2403.133 Mobile Safari/537.36"
217.12.58.33 - - [27/Dec/2015:11:00:29 +0100] "GET /doc/ipoly_201109.pdf HTTP/1.1" 200 1060524 "https://www.google.sk/" "Mozilla/5.0 (Linux; Android 4.1.2; HTC Desire 500 Build/JZO54K) AppleWebKit/537.36 (KHTML, like Gecko) Chrome/44.0.2403.133 Mobile Safari/537.36"
217.12.58.33 - - [27/Dec/2015:11:00:36 +0100] "GET /doc/ipoly_201109.pdf HTTP/1.1" 200 352924 "https://www.google.sk/" "Mozilla/5.0 (Linux; Android 4.1.2; HTC Desire 500 Build/JZO54K) AppleWebKit/537.36 (KHTML, like Gecko) Chrome/44.0.2403.133 Mobile Safari/537.36"
217.12.58.33 - - [27/Dec/2015:11:00:37 +0100] "GET /doc/ipoly_201109.pdf HTTP/1.1" 200 648316 "https://www.google.sk/" "Mozilla/5.0 (Linux; Android 4.1.2; HTC Desire 500 Build/JZO54K) AppleWebKit/537.36 (KHTML, like Gecko) Chrome/44.0.2403.133 Mobile Safari/537.36"
217.12.58.33 - - [27/Dec/2015:11:00:37 +0100] "GET /doc/ipoly_201109.pdf HTTP/1.1" 200 208124 "https://www.google.sk/" "Mozilla/5.0 (Linux; Android 4.1.2; HTC Desire 500 Build/JZO54K) AppleWebKit/537.36 (KHTML, like Gecko) Chrome/44.0.2403.133 Mobile Safari/537.36"
217.12.58.33 - - [27/Dec/2015:11:00:38 +0100] "GET /doc/ipoly_201109.pdf HTTP/1.1" 200 475136 "https://www.google.sk/" "Mozilla/5.0 (Linux; Android 4.1.2; HTC Desire 500 Build/JZO54K) AppleWebKit/537.36 (KHTML, like Gecko) Chrome/44.0.2403.133 Mobile Safari/537.36"
68.180.229.230 - - [27/Dec/2015:11:00:46 +0100] "GET /doc/kerparoskozlekedes.pdf HTTP/1.1" 200 2540119 "-" "Mozilla/5.0 (compatible; Yahoo! Slurp; http://help.yahoo.com/help/us/ysearch/slurp)"
217.12.58.33 - - [27/Dec/2015:11:00:48 +0100] "GET /doc/ipoly_201109.pdf HTTP/1.1" 200 95180 "https://www.google.sk/" "Mozilla/5.0 (Linux; Android 4.1.2; HTC Desire 500 Build/JZO54K) AppleWebKit/537.36 (KHTML, like Gecko) Chrome/44.0.2403.133 Mobile Safari/537.36"
217.12.58.33 - - [27/Dec/2015:11:00:50 +0100] "GET /doc/ipoly_201109.pdf HTTP/1.1" 200 1021900 "https://www.google.sk/" "Mozilla/5.0 (Linux; Android 4.1.2; HTC Desire 500 Build/JZO54K) AppleWebKit/537.36 (KHTML, like Gecko) Chrome/44.0.2403.133 Mobile Safari/537.36"
66.249.66.134 - - [27/Dec/2015:11:04:56 +0100] "GET /hirlevel/heviz_1109.pdf HTTP/1.1" 200 61799 "-" "Mozilla/5.0 (compatible; Googlebot/2.1; +http://www.google.com/bot.html)"
157.55.39.164 - - [27/Dec/2015:11:05:47 +0100] "GET /hirlevel/vonattal1206.htm HTTP/1.1" 200 47612 "-" "Mozilla/5.0 (iPhone; CPU iPhone OS 7_0 like Mac OS X) AppleWebKit/537.51.1 (KHTML, like Gecko) Version/7.0 Mobile/11A465 Safari/9537.53 (compatible; bingbot/2.0; http://www.bing.com/bingbot.htm)"
173.252.90.93 - - [27/Dec/2015:11:10:03 +0100] "GET /hirlevel/images/1512_b.jpg HTTP/1.1" 200 129334 "-" "facebookexternalhit/1.1 (+http://www.facebook.com/externalhit_uatext.php)"
86.125.246.153 - - [27/Dec/2015:11:10:21 +0100] "GET /images/vasutterkep_n.jpg HTTP/1.1" 200 3923968 "https://www.google.ro/" "Mozilla/5.0 (Macintosh; Intel Mac OS X 10_9_2) AppleWebKit/537.75.14 (KHTML, like Gecko) Version/7.0.3 Safari/537.75.14"
195.38.111.185 - - [27/Dec/2015:11:11:58 +0100] "GET /hirlevel/vonattal1512.html HTTP/1.1" 200 36414 "-" "Mozilla/5.0 (Windows NT 5.1; rv:43.0) Gecko/20100101 Firefox/43.0"
195.38.111.185 - - [27/Dec/2015:11:11:58 +0100] "GET /hirlevel/NCTA_tamogato_es_lebonyolito_logosor.jpg HTTP/1.1" 200 22139 "http://mkk.zpok.hu/hirlevel/vonattal1512.html" "Mozilla/5.0 (Windows NT 5.1; rv:43.0) Gecko/20100101 Firefox/43.0"
195.38.111.185 - - [27/Dec/2015:11:11:58 +0100] "GET /hirlevel/images/1512_c.jpg HTTP/1.1" 200 48941 "http://mkk.zpok.hu/hirlevel/vonattal1512.html" "Mozilla/5.0 (Windows NT 5.1; rv:43.0) Gecko/20100101 Firefox/43.0"
195.38.111.185 - - [27/Dec/2015:11:11:58 +0100] "GET /hirlevel/images/1512_b.jpg HTTP/1.1" 200 129334 "http://mkk.zpok.hu/hirlevel/vonattal1512.html" "Mozilla/5.0 (Windows NT 5.1; rv:43.0) Gecko/20100101 Firefox/43.0"
195.38.111.185 - - [27/Dec/2015:11:11:59 +0100] "GET /hirlevel/images/avidekkozlekedeseert.swf HTTP/1.1" 200 5063 "http://mkk.zpok.hu/hirlevel/vonattal1512.html" "Mozilla/5.0 (Windows NT 5.1; rv:43.0) Gecko/20100101 Firefox/43.0"
195.38.111.185 - - [27/Dec/2015:11:12:00 +0100] "GET /favicon.ico HTTP/1.1" 404 1181 "-" "Mozilla/5.0 (Windows NT 5.1; rv:43.0) Gecko/20100101 Firefox/43.0"
195.38.111.185 - - [27/Dec/2015:11:12:00 +0100] "GET /favicon.ico HTTP/1.1" 404 1181 "-" "Mozilla/5.0 (Windows NT 5.1; rv:43.0) Gecko/20100101 Firefox/43.0"
86.125.246.153 - - [27/Dec/2015:11:12:02 +0100] "GET /images/vasutterkep_n.jpg HTTP/1.1" 200 4702972 "https://www.google.ro/" "Mozilla/5.0 (Macintosh; Intel Mac OS X 10_9_2) AppleWebKit/537.75.14 (KHTML, like Gecko) Version/7.0.3 Safari/537.75.14"
217.12.58.33 - - [27/Dec/2015:11:15:26 +0100] "GET /doc/ipoly_201109.pdf HTTP/1.1" 200 539544 "https://www.google.sk/" "Mozilla/5.0 (Linux; Android 4.1.2; HTC Desire 500 Build/JZO54K) AppleWebKit/537.36 (KHTML, like Gecko) Chrome/44.0.2403.133 Mobile Safari/537.36"
217.12.58.33 - - [27/Dec/2015:11:15:27 +0100] "GET /doc/ipoly_201109.pdf HTTP/1.1" 200 562376 "https://www.google.sk/" "Mozilla/5.0 (Linux; Android 4.1.2; HTC Desire 500 Build/JZO54K) AppleWebKit/537.36 (KHTML, like Gecko) Chrome/44.0.2403.133 Mobile Safari/537.36"
217.12.58.33 - - [27/Dec/2015:11:15:34 +0100] "GET /doc/ipoly_201109.pdf HTTP/1.1" 200 524032 "https://www.google.sk/" "Mozilla/5.0 (Linux; Android 4.1.2; HTC Desire 500 Build/JZO54K) AppleWebKit/537.36 (KHTML, like Gecko) Chrome/44.0.2403.133 Mobile Safari/537.36"
217.12.58.33 - - [27/Dec/2015:11:15:34 +0100] "GET /doc/ipoly_201109.pdf HTTP/1.1" 200 449432 "https://www.google.sk/" "Mozilla/5.0 (Linux; Android 4.1.2; HTC Desire 500 Build/JZO54K) AppleWebKit/537.36 (KHTML, like Gecko) Chrome/44.0.2403.133 Mobile Safari/537.36"
217.12.58.33 - - [27/Dec/2015:11:15:48 +0100] "GET /doc/ipoly_201109.pdf HTTP/1.1" 200 211020 "https://www.google.sk/" "Mozilla/5.0 (Linux; Android 4.1.2; HTC Desire 500 Build/JZO54K) AppleWebKit/537.36 (KHTML, like Gecko) Chrome/44.0.2403.133 Mobile Safari/537.36"
217.12.58.33 - - [27/Dec/2015:11:15:50 +0100] "GET /doc/ipoly_201109.pdf HTTP/1.1" 200 516536 "https://www.google.sk/" "Mozilla/5.0 (Linux; Android 4.1.2; HTC Desire 500 Build/JZO54K) AppleWebKit/537.36 (KHTML, like Gecko) Chrome/44.0.2403.133 Mobile Safari/537.36"
188.129.143.73 - - [27/Dec/2015:11:17:49 +0100] "GET /robots.txt HTTP/1.1" 404 1181 "-" "Mozilla/5.0 (Windows NT 5.1; rv:6.0.2) Gecko/20100101 Firefox/6.0.2"
46.139.69.90 - - [27/Dec/2015:11:24:44 +0100] "GET /images/vasutterkep_n.jpg HTTP/1.1" 200 4702972 "-" "Mozilla/5.0 (Windows NT 5.1; rv:43.0) Gecko/20100101 Firefox/43.0"
77.66.60.75 - - [27/Dec/2015:11:28:32 +0100] "GET /robots.txt HTTP/1.0" 404 1181 "-" "Mozilla/5.0 (compatible; Findxbot/1.0; +http://www.findxbot.com)"
77.66.60.75 - - [27/Dec/2015:11:28:34 +0100] "GET / HTTP/1.0" 200 1178 "-" "Mozilla/5.0 (compatible; Findxbot/1.0; +http://www.findxbot.com)"
84.245.74.234 - - [27/Dec/2015:11:48:32 +0100] "GET /images/vasutterkep_n.jpg HTTP/1.1" 200 4702972 "-" "Mozilla/5.0 (Windows NT 6.3; WOW64; Trident/7.0; rv:11.0) like Gecko"
134.255.31.146 - - [27/Dec/2015:11:57:26 +0100] "GET /images/vasutterkep_n.jpg HTTP/1.1" 200 1589472 "https://www.google.hu" "Mozilla/5.0 (Windows NT 6.3; WOW64; rv:43.0) Gecko/20100101 Firefox/43.0"
78.131.73.101 - - [27/Dec/2015:12:15:18 +0100] "GET /images/vasutterkep_n.jpg HTTP/1.1" 200 4702972 "https://www.google.hu" "Mozilla/5.0 (Windows NT 5.1; rv:43.0) Gecko/20100101 Firefox/43.0"
84.2.99.192 - - [27/Dec/2015:12:16:58 +0100] "GET /hirlevel/vonattal1512.html HTTP/1.1" 200 36411 "-" "Mozilla/5.0 (Windows NT 6.3; WOW64; Trident/7.0; rv:11.0) like Gecko"
84.2.99.192 - - [27/Dec/2015:12:16:58 +0100] "GET /hirlevel/NCTA_tamogato_es_lebonyolito_logosor.jpg HTTP/1.1" 200 22139 "http://mkk.zpok.hu/hirlevel/vonattal1512.html" "Mozilla/5.0 (Windows NT 6.3; WOW64; Trident/7.0; rv:11.0) like Gecko"
84.2.99.192 - - [27/Dec/2015:12:16:58 +0100] "GET /hirlevel/images/1512_c.jpg HTTP/1.1" 200 48941 "http://mkk.zpok.hu/hirlevel/vonattal1512.html" "Mozilla/5.0 (Windows NT 6.3; WOW64; Trident/7.0; rv:11.0) like Gecko"
84.2.99.192 - - [27/Dec/2015:12:16:58 +0100] "GET /hirlevel/images/1512_b.jpg HTTP/1.1" 200 129334 "http://mkk.zpok.hu/hirlevel/vonattal1512.html" "Mozilla/5.0 (Windows NT 6.3; WOW64; Trident/7.0; rv:11.0) like Gecko"
84.2.99.192 - - [27/Dec/2015:12:16:59 +0100] "HEAD /hirlevel/images/avidekkozlekedeseert.swf HTTP/1.1" 200 0 "-" "Mozilla/5.0 (Windows NT 6.3; WOW64; Trident/7.0; rv:11.0) like Gecko"
84.2.99.192 - - [27/Dec/2015:12:16:59 +0100] "GET /hirlevel/images/avidekkozlekedeseert.swf HTTP/1.1" 200 5063 "http://mkk.zpok.hu/hirlevel/vonattal1512.html" "Mozilla/5.0 (Windows NT 6.3; WOW64; Trident/7.0; rv:11.0) like Gecko"
