207.46.13.101 - - [06/Dec/2015:20:30:11 +0100] "GET /hirlevel/rajzpalyazateredmeny_201411.pdf HTTP/1.1" 200 151552 "-" "Mozilla/5.0 (iPhone; CPU iPhone OS 7_0 like Mac OS X) AppleWebKit/537.51.1 (KHTML, like Gecko) Version/7.0 Mobile/11A465 Safari/9537.53 (compatible; bingbot/2.0; http://www.bing.com/bingbot.htm)"
77.110.183.184 - - [06/Dec/2015:20:36:34 +0100] "GET /images/vasutterkep_n.jpg HTTP/1.1" 200 4702972 "-" "Mozilla/5.0 (Linux; Android 5.0.2; SM-T805 Build/LRX22G; wv) AppleWebKit/537.36 (KHTML, like Gecko) Version/4.0 Chrome/42.0.2311.138 Safari/537.36 GSA/4.9.22.19.arm"
66.249.78.18 - - [06/Dec/2015:20:39:07 +0100] "GET /hirlevel/vonattal1112.htm HTTP/1.1" 200 21986 "-" "Mozilla/5.0 (compatible; Googlebot/2.1; +http://www.google.com/bot.html)"
40.77.167.93 - - [06/Dec/2015:20:41:25 +0100] "GET /robots.txt HTTP/1.1" 404 1181 "-" "Mozilla/5.0 (compatible; bingbot/2.0; +http://www.bing.com/bingbot.htm)"
40.77.167.93 - - [06/Dec/2015:20:41:34 +0100] "GET /doc/smk-hatarozat.pdf HTTP/1.1" 200 47493 "-" "Mozilla/5.0 (compatible; bingbot/2.0; +http://www.bing.com/bingbot.htm)"
66.249.78.18 - - [06/Dec/2015:20:42:34 +0100] "GET /doc/emlekezteto_tatabanya_0327.pdf HTTP/1.1" 200 170585 "-" "Mozilla/5.0 (compatible; Googlebot/2.1; +http://www.google.com/bot.html)"
207.46.13.163 - - [06/Dec/2015:20:45:29 +0100] "GET /hirlevel/images/autonomia.jpg HTTP/1.1" 200 11530 "-" "Mozilla/5.0 (compatible; bingbot/2.0; +http://www.bing.com/bingbot.htm)"
40.77.167.93 - - [06/Dec/2015:20:51:12 +0100] "GET /doc/vasuttal-budapest-kornyeken.pdf HTTP/1.1" 404 1181 "-" "Mozilla/5.0 (compatible; bingbot/2.0; +http://www.bing.com/bingbot.htm)"
84.3.17.132 - - [06/Dec/2015:20:51:40 +0100] "GET /hirlevel/images/0907c.jpg HTTP/1.1" 200 118675 "https://www.google.hu" "Mozilla/5.0 (Windows NT 6.1; WOW64; rv:42.0) Gecko/20100101 Firefox/42.0"
82.163.124.126 - - [06/Dec/2015:20:52:46 +0100] "GET /images/vasutterkep_n.jpg HTTP/1.1" 200 4702972 "http://www.bing.com/images/search?q=magyarorszag+terkep&view=detailv2&&id=014B170EDC7B79D151C1099401E9039525E42585&selectedIndex=27&ccid=3ytSEzn8&simid=608039727796257076&thid=OIP.Mdf2b521339fcf71c717d3a73412203a0o0&mode=overlay" "Mozilla/5.0 (compatible; MSIE 10.0; Windows NT 6.1; Trident/6.0)"
79.114.209.155 - - [06/Dec/2015:20:57:18 +0100] "GET /images/vasutterkep_n.jpg HTTP/1.1" 200 4702972 "https://www.google.ro/" "Mozilla/5.0 (Windows NT 6.1; WOW64) AppleWebKit/537.36 (KHTML, like Gecko) Chrome/46.0.2490.86 Safari/537.36"
87.97.85.48 - - [06/Dec/2015:20:58:11 +0100] "GET /hirlevel/images/ti-to_2012-06-27.jpg HTTP/1.1" 200 1071059 "https://www.google.hu/" "Mozilla/5.0 (Windows NT 6.1) AppleWebKit/537.36 (KHTML, like Gecko) Chrome/47.0.2526.73 Safari/537.36"
46.107.196.107 - - [06/Dec/2015:21:05:51 +0100] "GET /images/vasutterkep_n.jpg HTTP/1.1" 200 4702972 "https://www.google.hu" "Mozilla/5.0 (Windows NT 6.1; rv:41.0) Gecko/20100101 Firefox/41.0"
207.46.13.119 - - [06/Dec/2015:21:06:33 +0100] "GET /hirlevel/images/1109d.jpg HTTP/1.1" 200 6484 "-" "Mozilla/5.0 (compatible; bingbot/2.0; +http://www.bing.com/bingbot.htm)"
46.107.196.107 - - [06/Dec/2015:21:06:46 +0100] "GET /favicon.ico HTTP/1.1" 404 1181 "-" "Mozilla/4.0 (compatible; MSIE 7.0; Windows NT 5.1; Avant Browser)"
46.107.196.107 - - [06/Dec/2015:21:07:18 +0100] "GET /favicon.ico HTTP/1.1" 404 1181 "-" "Mozilla/4.0 (compatible; MSIE 7.0; Windows NT 5.1; Avant Browser)"
46.107.196.107 - - [06/Dec/2015:21:08:13 +0100] "GET /favicon.ico HTTP/1.1" 404 1181 "-" "Mozilla/4.0 (compatible; MSIE 7.0; Windows NT 5.1; Avant Browser)"
66.249.78.25 - - [06/Dec/2015:21:08:20 +0100] "GET /images/b2_2012_03_+terkepkep.pdf HTTP/1.1" 200 16489934 "-" "Mozilla/5.0 (iPhone; CPU iPhone OS 8_3 like Mac OS X) AppleWebKit/600.1.4 (KHTML, like Gecko) Version/8.0 Mobile/12F70 Safari/600.1.4 (compatible; Googlebot/2.1; +http://www.google.com/bot.html)"
85.66.230.24 - - [06/Dec/2015:21:12:59 +0100] "GET /hirlevel/images/1010a.jpg HTTP/1.1" 200 52624 "https://www.google.hu/" "Mozilla/5.0 (Windows NT 5.1) AppleWebKit/537.36 (KHTML, like Gecko) Chrome/47.0.2526.73 Safari/537.36"
123.125.71.21 - - [06/Dec/2015:21:14:03 +0100] "GET /doc/ideigl_vedettseg.pdf HTTP/1.1" 200 864830 "-" "Mozilla/5.0 (compatible; Baiduspider/2.0; +http://www.baidu.com/search/spider.html)"
207.46.13.119 - - [06/Dec/2015:21:15:07 +0100] "GET /hirlevel/images/sokanrecsken.jpg HTTP/1.1" 200 50116 "-" "Mozilla/5.0 (compatible; bingbot/2.0; +http://www.bing.com/bingbot.htm)"
40.77.167.93 - - [06/Dec/2015:21:21:55 +0100] "GET / HTTP/1.1" 200 1178 "-" "Mozilla/5.0 (compatible; bingbot/2.0; +http://www.bing.com/bingbot.htm)"
188.36.54.138 - - [06/Dec/2015:21:29:34 +0100] "GET /favicon.ico HTTP/1.1" 404 1181 "-" "okhttp/2.5.0"
40.77.167.93 - - [06/Dec/2015:21:38:37 +0100] "GET /hirlevel/tegyen_tobbet_magyarorszag_%20a_kozlekedesi_szendioxid.pdf HTTP/1.1" 200 34905 "-" "Mozilla/5.0 (compatible; bingbot/2.0; +http://www.bing.com/bingbot.htm)"
66.249.78.83 - - [06/Dec/2015:21:43:27 +0100] "GET /doc/ideiglvedettseg.pdf HTTP/1.1" 404 1181 "-" "Mozilla/5.0 (compatible; Googlebot/2.1; +http://www.google.com/bot.html)"
66.249.78.25 - - [06/Dec/2015:21:59:50 +0100] "GET /doc/tisza-to_szoroanyag_2012.pdf HTTP/1.1" 304 - "-" "Mozilla/5.0 (compatible; Googlebot/2.1; +http://www.google.com/bot.html)"
84.2.135.98 - - [06/Dec/2015:22:02:00 +0100] "GET /images/vasutterkep_n.jpg HTTP/1.1" 200 4702972 "https://www.google.hu/" "Mozilla/5.0 (Windows NT 6.1; WOW64) AppleWebKit/537.36 (KHTML, like Gecko) Chrome/47.0.2526.73 Safari/537.36"
66.249.78.18 - - [06/Dec/2015:22:02:40 +0100] "GET /hirlevel/vonattal1007.htm HTTP/1.1" 200 27837 "-" "Mozilla/5.0 (compatible; Googlebot/2.1; +http://www.google.com/bot.html)"
66.249.78.18 - - [06/Dec/2015:22:08:14 +0100] "GET /hirlevel/images/1101_b.jpg HTTP/1.1" 304 - "-" "Googlebot-Image/1.0"
207.46.13.163 - - [06/Dec/2015:22:08:20 +0100] "GET /doc/eletet-a-vasutnak.pdf HTTP/1.1" 200 5085257 "-" "Mozilla/5.0 (iPhone; CPU iPhone OS 7_0 like Mac OS X) AppleWebKit/537.51.1 (KHTML, like Gecko) Version/7.0 Mobile/11A465 Safari/9537.53 (compatible; bingbot/2.0; http://www.bing.com/bingbot.htm)"
66.249.78.25 - - [06/Dec/2015:22:11:49 +0100] "GET /hirlevel/images/1101_a.jpg HTTP/1.1" 304 - "-" "Googlebot-Image/1.0"
66.249.78.18 - - [06/Dec/2015:22:13:58 +0100] "GET /hirlevel/images/1107_e.jpg HTTP/1.1" 304 - "-" "Googlebot-Image/1.0"
207.46.13.163 - - [06/Dec/2015:22:18:00 +0100] "GET /robots.txt HTTP/1.1" 404 1181 "-" "Mozilla/5.0 (compatible; bingbot/2.0; +http://www.bing.com/bingbot.htm)"
207.46.13.163 - - [06/Dec/2015:22:18:12 +0100] "GET /doc/OT_HM.pdf HTTP/1.1" 200 1439316 "-" "Mozilla/5.0 (iPhone; CPU iPhone OS 7_0 like Mac OS X) AppleWebKit/537.51.1 (KHTML, like Gecko) Version/7.0 Mobile/11A465 Safari/9537.53 (compatible; bingbot/2.0; http://www.bing.com/bingbot.htm)"
66.249.78.69 - - [06/Dec/2015:22:24:47 +0100] "GET /hirek.xml HTTP/1.1" 200 50012 "-" "Mozilla/5.0 (compatible; Googlebot/2.1; +http://www.google.com/bot.html)"
157.181.120.17 - - [06/Dec/2015:22:27:04 +0100] "GET /hirlevel/images/1009_terkep_n.jpg HTTP/1.1" 200 598267 "-" "Mozilla/5.0 (Windows NT 6.1; WOW64; rv:42.0) Gecko/20100101 Firefox/42.0"
157.181.120.17 - - [06/Dec/2015:22:28:19 +0100] "GET /hirlevel/vonattal1009.htm HTTP/1.1" 200 40861 "-" "Mozilla/5.0 (Windows NT 6.1; WOW64; rv:42.0) Gecko/20100101 Firefox/42.0"
157.181.120.17 - - [06/Dec/2015:22:28:22 +0100] "GET /hirlevel/images/kvvm_1.jpg HTTP/1.1" 200 11772 "http://mkk.zpok.hu/hirlevel/vonattal1009.htm" "Mozilla/5.0 (Windows NT 6.1; WOW64; rv:42.0) Gecko/20100101 Firefox/42.0"
157.181.120.17 - - [06/Dec/2015:22:28:22 +0100] "GET /hirlevel/images/nfu_logo_1.jpg HTTP/1.1" 200 8192 "http://mkk.zpok.hu/hirlevel/vonattal1009.htm" "Mozilla/5.0 (Windows NT 6.1; WOW64; rv:42.0) Gecko/20100101 Firefox/42.0"
157.181.120.17 - - [06/Dec/2015:22:28:22 +0100] "GET /hirlevel/images/okotars_1.jpg HTTP/1.1" 200 8192 "http://mkk.zpok.hu/hirlevel/vonattal1009.htm" "Mozilla/5.0 (Windows NT 6.1; WOW64; rv:42.0) Gecko/20100101 Firefox/42.0"
157.181.120.17 - - [06/Dec/2015:22:28:22 +0100] "GET /hirlevel/images/1009_b.jpg.JPG HTTP/1.1" 200 119823 "http://mkk.zpok.hu/hirlevel/vonattal1009.htm" "Mozilla/5.0 (Windows NT 6.1; WOW64; rv:42.0) Gecko/20100101 Firefox/42.0"
157.181.120.17 - - [06/Dec/2015:22:28:22 +0100] "GET /hirlevel/images/autonomia_1.jpg HTTP/1.1" 200 11433 "http://mkk.zpok.hu/hirlevel/vonattal1009.htm" "Mozilla/5.0 (Windows NT 6.1; WOW64; rv:42.0) Gecko/20100101 Firefox/42.0"
157.181.120.17 - - [06/Dec/2015:22:28:22 +0100] "GET /hirlevel/images/demnet_1.jpg HTTP/1.1" 200 11355 "http://mkk.zpok.hu/hirlevel/vonattal1009.htm" "Mozilla/5.0 (Windows NT 6.1; WOW64; rv:42.0) Gecko/20100101 Firefox/42.0"
157.181.120.17 - - [06/Dec/2015:22:28:22 +0100] "GET /hirlevel/images/nca_logo_1.jpg HTTP/1.1" 200 189245 "http://mkk.zpok.hu/hirlevel/vonattal1009.htm" "Mozilla/5.0 (Windows NT 6.1; WOW64; rv:42.0) Gecko/20100101 Firefox/42.0"
157.181.120.17 - - [06/Dec/2015:22:28:22 +0100] "GET /hirlevel/images/karpatok_1.jpg HTTP/1.1" 200 11811 "http://mkk.zpok.hu/hirlevel/vonattal1009.htm" "Mozilla/5.0 (Windows NT 6.1; WOW64; rv:42.0) Gecko/20100101 Firefox/42.0"
157.181.120.17 - - [06/Dec/2015:22:28:22 +0100] "GET /hirlevel/images/1009_terkep_k.jpg HTTP/1.1" 200 75698 "http://mkk.zpok.hu/hirlevel/vonattal1009.htm" "Mozilla/5.0 (Windows NT 6.1; WOW64; rv:42.0) Gecko/20100101 Firefox/42.0"
157.181.120.17 - - [06/Dec/2015:22:28:22 +0100] "GET /hirlevel/images/norway_1.jpg HTTP/1.1" 200 17420 "http://mkk.zpok.hu/hirlevel/vonattal1009.htm" "Mozilla/5.0 (Windows NT 6.1; WOW64; rv:42.0) Gecko/20100101 Firefox/42.0"
157.181.120.17 - - [06/Dec/2015:22:28:22 +0100] "GET /hirlevel/images/eea_1.jpg HTTP/1.1" 200 16669 "http://mkk.zpok.hu/hirlevel/vonattal1009.htm" "Mozilla/5.0 (Windows NT 6.1; WOW64; rv:42.0) Gecko/20100101 Firefox/42.0"
157.181.120.17 - - [06/Dec/2015:22:28:22 +0100] "GET /hirlevel/images/vonattal.swf HTTP/1.1" 200 697 "http://mkk.zpok.hu/hirlevel/vonattal1009.htm" "Mozilla/5.0 (Windows NT 6.1; WOW64; rv:42.0) Gecko/20100101 Firefox/42.0"
157.181.120.17 - - [06/Dec/2015:22:28:22 +0100] "GET /favicon.ico HTTP/1.1" 404 1181 "-" "Mozilla/5.0 (Windows NT 6.1; WOW64; rv:42.0) Gecko/20100101 Firefox/42.0"
157.181.120.17 - - [06/Dec/2015:22:28:22 +0100] "GET /favicon.ico HTTP/1.1" 404 1181 "-" "Mozilla/5.0 (Windows NT 6.1; WOW64; rv:42.0) Gecko/20100101 Firefox/42.0"
157.181.120.17 - - [06/Dec/2015:22:30:51 +0100] "GET /hirlevel/vonattal1009_1.htm HTTP/1.1" 200 17980 "http://mkk.zpok.hu/hirlevel/vonattal1009.htm" "Mozilla/5.0 (Windows NT 6.1; WOW64; rv:42.0) Gecko/20100101 Firefox/42.0"
66.249.78.25 - - [06/Dec/2015:22:31:44 +0100] "GET /hirlevel/images/1409j.png HTTP/1.1" 304 - "-" "Googlebot-Image/1.0"
66.249.78.25 - - [06/Dec/2015:22:36:03 +0100] "GET /hirlevel/images/1409d.png HTTP/1.1" 304 - "-" "Googlebot-Image/1.0"
213.81.178.12 - - [06/Dec/2015:22:52:59 +0100] "GET /favicon.ico HTTP/1.1" 404 1181 "http://www.mkk.zpok.hu/doc/eletet-a-vasutnak.pdf" "Mozilla/5.0 (Windows NT 6.1; WOW64) AppleWebKit/537.36 (KHTML, like Gecko) Chrome/46.0.2490.86 Safari/537.36 OPR/33.0.1990.115"
213.81.178.12 - - [06/Dec/2015:22:53:00 +0100] "GET /doc/eletet-a-vasutnak.pdf HTTP/1.1" 200 1215792 "https://www.google.sk/" "Mozilla/5.0 (Windows NT 6.1; WOW64) AppleWebKit/537.36 (KHTML, like Gecko) Chrome/46.0.2490.86 Safari/537.36 OPR/33.0.1990.115"
213.81.178.12 - - [06/Dec/2015:22:53:00 +0100] "GET /doc/eletet-a-vasutnak.pdf HTTP/1.1" 206 32768 "http://www.mkk.zpok.hu/doc/eletet-a-vasutnak.pdf" "Mozilla/5.0 (Windows NT 6.1; WOW64) AppleWebKit/537.36 (KHTML, like Gecko) Chrome/46.0.2490.86 Safari/537.36 OPR/33.0.1990.115"
213.81.178.12 - - [06/Dec/2015:22:53:06 +0100] "GET /doc/eletet-a-vasutnak.pdf HTTP/1.1" 206 5052489 "http://www.mkk.zpok.hu/doc/eletet-a-vasutnak.pdf" "Mozilla/5.0 (Windows NT 6.1; WOW64) AppleWebKit/537.36 (KHTML, like Gecko) Chrome/46.0.2490.86 Safari/537.36 OPR/33.0.1990.115"
66.249.78.11 - - [06/Dec/2015:23:06:16 +0100] "GET /hirlevel/images/1110f.jpg HTTP/1.1" 304 - "-" "Googlebot-Image/1.0"
66.249.78.11 - - [06/Dec/2015:23:08:26 +0100] "GET /hirlevel/images/1110_a.jpg HTTP/1.1" 304 - "-" "Googlebot-Image/1.0"
65.55.210.92 - - [06/Dec/2015:23:09:34 +0100] "GET /doc/eletet-a-vasutnak.pdf HTTP/1.1" 200 67346 "-" "Mozilla/5.0 (iPhone; CPU iPhone OS 7_0 like Mac OS X) AppleWebKit/537.51.1 (KHTML, like Gecko) Version/7.0 Mobile/11A465 Safari/9537.53 BingPreview/1.0b"
66.249.78.18 - - [06/Dec/2015:23:17:04 +0100] "GET /hirlevel/images/1110_c.jpg HTTP/1.1" 304 - "-" "Googlebot-Image/1.0"
66.249.78.11 - - [06/Dec/2015:23:19:13 +0100] "GET /hirlevel/images/1110_b.jpg HTTP/1.1" 304 - "-" "Googlebot-Image/1.0"
66.249.78.25 - - [06/Dec/2015:23:21:21 +0100] "GET /hirlevel/images/1110_d.jpg HTTP/1.1" 304 - "-" "Googlebot-Image/1.0"
87.229.110.8 - - [06/Dec/2015:23:26:58 +0100] "GET / HTTP/1.1" 200 1178 "-" "Mozilla/5.0"
66.249.78.11 - - [06/Dec/2015:23:27:04 +0100] "GET /hirlevel/vasuttal0701.htm HTTP/1.1" 200 12640 "-" "Mozilla/5.0 (compatible; Googlebot/2.1; +http://www.google.com/bot.html)"
94.21.219.213 - - [06/Dec/2015:23:33:35 +0100] "GET /images/vasutterkep_n.jpg HTTP/1.1" 200 4702972 "https://www.google.hu" "Mozilla/5.0 (Windows NT 6.1; rv:42.0) Gecko/20100101 Firefox/42.0"
95.108.158.211 - - [06/Dec/2015:23:37:43 +0100] "GET /robots.txt HTTP/1.1" 404 1181 "-" "Mozilla/5.0 (compatible; YandexBot/3.0; +http://yandex.com/bots)"
95.108.132.187 - - [06/Dec/2015:23:37:43 +0100] "GET /robots.txt HTTP/1.1" 404 1181 "-" "Mozilla/5.0 (compatible; YandexBot/3.0; +http://yandex.com/bots)"
95.108.158.211 - - [06/Dec/2015:23:37:47 +0100] "GET / HTTP/1.1" 200 1178 "-" "Mozilla/5.0 (compatible; YandexBot/3.0; +http://yandex.com/bots)"
95.108.132.187 - - [06/Dec/2015:23:37:47 +0100] "GET / HTTP/1.1" 200 1178 "-" "Mozilla/5.0 (compatible; YandexBot/3.0; +http://yandex.com/bots)"
95.108.158.211 - - [06/Dec/2015:23:37:52 +0100] "GET /index.swf HTTP/1.1" 200 1451868 "-" "Mozilla/5.0 (compatible; YandexBot/3.0; +http://yandex.com/bots)"
95.108.132.187 - - [06/Dec/2015:23:37:52 +0100] "GET /index.swf HTTP/1.1" 200 1451868 "-" "Mozilla/5.0 (compatible; YandexBot/3.0; +http://yandex.com/bots)"
95.108.158.211 - - [06/Dec/2015:23:37:54 +0100] "GET / HTTP/1.1" 200 1178 "-" "Mozilla/5.0 (compatible; YandexBot/3.0; +http://yandex.com/bots)"
95.108.132.187 - - [06/Dec/2015:23:37:55 +0100] "GET / HTTP/1.1" 200 1178 "-" "Mozilla/5.0 (compatible; YandexBot/3.0; +http://yandex.com/bots)"
40.77.167.93 - - [06/Dec/2015:23:38:05 +0100] "GET /hirlevel/vonattal1012.htm HTTP/1.1" 200 40274 "-" "Mozilla/5.0 (compatible; bingbot/2.0; +http://www.bing.com/bingbot.htm)"
146.120.158.63 - - [06/Dec/2015:23:44:18 +0100] "GET /images/vasutterkep_n.jpg HTTP/1.1" 200 169033 "http://myartgallery.org" "Mozilla/5.0 (compatible; GWPImages/1.0)"
31.148.246.229 - - [06/Dec/2015:23:44:27 +0100] "GET /images/vasutterkep_n.jpg HTTP/1.1" 200 58985 "http://mypixlib.com" "Mozilla/5.0 (compatible; GWPImages/1.0)"
146.120.166.121 - - [06/Dec/2015:23:44:58 +0100] "GET /doc/ti-to20120627.jpg HTTP/1.1" 200 125593 "http://databaseimg.com" "Mozilla/5.0 (compatible; GWPImages/1.0)"
31.148.246.22 - - [06/Dec/2015:23:45:16 +0100] "GET /images/vasutterkep_n.jpg HTTP/1.1" 200 83601 "http://amazingimage.net" "Mozilla/5.0 (compatible; GWPImages/1.0)"
95.47.138.159 - - [06/Dec/2015:23:45:21 +0100] "GET /images/vasutterkep_n.jpg HTTP/1.1" 200 263153 "http://mypixlib.com" "Mozilla/5.0 (compatible; GWPImages/1.0)"
95.47.138.201 - - [06/Dec/2015:23:45:25 +0100] "GET /images/vasutterkep_n.jpg HTTP/1.1" 200 131385 "http://abctoppictures.net" "Mozilla/5.0 (compatible; GWPImages/1.0)"
146.120.166.238 - - [06/Dec/2015:23:47:08 +0100] "GET /images/vasutterkep_n.jpg HTTP/1.1" 200 129937 "http://imabrary.com" "Mozilla/5.0 (compatible; GWPImages/1.0)"
31.148.246.39 - - [06/Dec/2015:23:47:22 +0100] "GET /doc/ti-to20120627.jpg HTTP/1.1" 200 131385 "http://pixonline.org" "Mozilla/5.0 (compatible; GWPImages/1.0)"
157.55.39.16 - - [06/Dec/2015:23:49:57 +0100] "GET /robots.txt HTTP/1.1" 404 1181 "-" "Mozilla/5.0 (compatible; bingbot/2.0; +http://www.bing.com/bingbot.htm)"
157.55.39.16 - - [06/Dec/2015:23:50:00 +0100] "GET /hirlevel/emlekezteto_hevesvezekeny_201504.pdf HTTP/1.1" 200 192146 "-" "Mozilla/5.0 (compatible; bingbot/2.0; +http://www.bing.com/bingbot.htm)"
151.80.31.117 - - [06/Dec/2015:23:50:05 +0100] "GET /hirlevel/vonattal1209.htm HTTP/1.1" 200 45089 "-" "Mozilla/5.0 (compatible; AhrefsBot/5.0; +http://ahrefs.com/robot/)"
87.229.110.8 - - [06/Dec/2015:23:53:43 +0100] "GET / HTTP/1.1" 200 1178 "-" "Mozilla/5.0"
66.249.78.18 - - [06/Dec/2015:23:53:46 +0100] "GET /hirlevel/images/zajta_201012_k.jpg HTTP/1.1" 304 - "-" "Googlebot-Image/1.0"
66.249.78.11 - - [06/Dec/2015:23:58:05 +0100] "GET /hirlevel/images/kishidas_1012.jpg HTTP/1.1" 304 - "-" "Googlebot-Image/1.0"
78.131.89.124 - - [06/Dec/2015:23:58:46 +0100] "GET /hirlevel/images/1307_4.jpg HTTP/1.1" 200 183594 "https://www.google.hu/" "Mozilla/5.0 (Windows NT 10.0; Win64; x64) AppleWebKit/537.36 (KHTML, like Gecko) Chrome/42.0.2311.135 Safari/537.36 Edge/12.10240"
68.180.228.34 - - [06/Dec/2015:23:59:01 +0100] "GET /hirlevel/vonattal1408.html HTTP/1.1" 200 22601 "-" "Mozilla/5.0 (compatible; Yahoo! Slurp; http://help.yahoo.com/help/us/ysearch/slurp)"
66.249.78.18 - - [07/Dec/2015:00:02:45 +0100] "GET /doc/kisvasutak_prg_2013.pdf HTTP/1.1" 200 117849 "-" "Mozilla/5.0 (compatible; Googlebot/2.1; +http://www.google.com/bot.html)"
217.73.25.228 - - [07/Dec/2015:00:12:17 +0100] "GET /images/vasutterkep_n.jpg HTTP/1.1" 200 2079472 "https://www.google.sk/" "Mozilla/5.0 (Windows NT 6.0) AppleWebKit/537.36 (KHTML, like Gecko) Chrome/46.0.2490.86 Safari/537.36"
79.67.10.15 - - [07/Dec/2015:00:18:34 +0100] "GET /images/vasutterkep_n.jpg HTTP/1.1" 200 4702972 "https://www.google.co.uk/" "Mozilla/5.0 (Windows NT 10.0; WOW64) AppleWebKit/537.36 (KHTML, like Gecko) Chrome/46.0.2490.86 Safari/537.36"
91.83.255.106 - - [07/Dec/2015:00:41:52 +0100] "GET /doc/ti-to20120627.jpg HTTP/1.1" 200 1071059 "https://www.google.hu" "Mozilla/5.0 (Windows NT 5.1; rv:42.0) Gecko/20100101 Firefox/42.0"
66.249.78.18 - - [07/Dec/2015:00:45:06 +0100] "GET /hirlevel/vonattal0908.htm HTTP/1.1" 200 17434 "-" "Mozilla/5.0 (compatible; Googlebot/2.1; +http://www.google.com/bot.html)"
66.249.78.25 - - [07/Dec/2015:01:02:28 +0100] "GET /hirlevel/vasuttal0704.htm HTTP/1.1" 200 25859 "-" "Mozilla/5.0 (compatible; Googlebot/2.1; +http://www.google.com/bot.html)"
180.76.15.150 - - [07/Dec/2015:01:27:54 +0100] "GET /robots.txt HTTP/1.1" 404 1181 "-" "Mozilla/5.0 (Windows NT 5.1; rv:6.0.2) Gecko/20100101 Firefox/6.0.2"
180.76.15.25 - - [07/Dec/2015:01:29:20 +0100] "GET / HTTP/1.1" 200 1178 "-" "Mozilla/5.0 (compatible; Baiduspider/2.0; +http://www.baidu.com/search/spider.html)"
194.38.114.3 - - [07/Dec/2015:01:35:01 +0100] "GET /images/vasutterkep_n.jpg HTTP/1.1" 200 4702972 "-" "Mozilla/5.0 (iPhone; CPU iPhone OS 9_1 like Mac OS X) AppleWebKit/601.1.46 (KHTML, like Gecko) Version/9.0 Mobile/13B143 Safari/601.1"
157.55.39.15 - - [07/Dec/2015:01:53:12 +0100] "GET /hirlevel/vonattal1206.htm HTTP/1.1" 200 47612 "-" "Mozilla/5.0 (iPhone; CPU iPhone OS 7_0 like Mac OS X) AppleWebKit/537.51.1 (KHTML, like Gecko) Version/7.0 Mobile/11A465 Safari/9537.53 (compatible; bingbot/2.0; http://www.bing.com/bingbot.htm)"
66.249.78.25 - - [07/Dec/2015:01:57:45 +0100] "GET /hirlevel/vonattal1202.htm HTTP/1.1" 200 29926 "-" "Mozilla/5.0 (compatible; Googlebot/2.1; +http://www.google.com/bot.html)"
66.249.78.25 - - [07/Dec/2015:02:06:27 +0100] "GET /doc/varos-videk.vasut_2009.pdf HTTP/1.1" 200 4317184 "-" "Mozilla/5.0 (compatible; Googlebot/2.1; +http://www.google.com/bot.html)"
66.249.78.11 - - [07/Dec/2015:02:31:19 +0100] "GET /hirlevel/images/1209_b.jpg HTTP/1.1" 304 - "-" "Googlebot-Image/1.0"
176.63.109.243 - - [07/Dec/2015:02:35:26 +0100] "GET /hirlevel/images/1009_terkep_n.jpg HTTP/1.1" 200 598267 "https://www.google.hu/" "Mozilla/5.0 (Windows NT 6.1) AppleWebKit/537.36 (KHTML, like Gecko) Chrome/47.0.2526.73 Safari/537.36"
40.77.167.42 - - [07/Dec/2015:02:36:37 +0100] "GET /robots.txt HTTP/1.1" 404 1181 "-" "Mozilla/5.0 (compatible; bingbot/2.0; +http://www.bing.com/bingbot.htm)"
40.77.167.42 - - [07/Dec/2015:02:38:08 +0100] "GET /doc/200702turaterv.pdf HTTP/1.1" 200 61674 "-" "Mozilla/5.0 (iPhone; CPU iPhone OS 7_0 like Mac OS X) AppleWebKit/537.51.1 (KHTML, like Gecko) Version/7.0 Mobile/11A465 Safari/9537.53 (compatible; bingbot/2.0; http://www.bing.com/bingbot.htm)"
40.77.167.93 - - [07/Dec/2015:02:49:57 +0100] "GET /robots.txt HTTP/1.1" 404 1181 "-" "Mozilla/5.0 (compatible; bingbot/2.0; +http://www.bing.com/bingbot.htm)"
40.77.167.93 - - [07/Dec/2015:02:50:08 +0100] "GET /doc/kozh10.pdf HTTP/1.1" 200 407669 "-" "Mozilla/5.0 (iPhone; CPU iPhone OS 7_0 like Mac OS X) AppleWebKit/537.51.1 (KHTML, like Gecko) Version/7.0 Mobile/11A465 Safari/9537.53 (compatible; bingbot/2.0; http://www.bing.com/bingbot.htm)"
40.77.167.93 - - [07/Dec/2015:02:52:26 +0100] "GET / HTTP/1.1" 200 1178 "-" "Mozilla/5.0 (compatible; bingbot/2.0; +http://www.bing.com/bingbot.htm)"
66.249.78.18 - - [07/Dec/2015:02:57:15 +0100] "GET /hirlevel/images/demnet_1.jpg HTTP/1.1" 304 - "-" "Googlebot-Image/1.0"
66.249.78.25 - - [07/Dec/2015:03:05:24 +0100] "GET /hirlevel/program_gyor-veszprem_1004.pdf HTTP/1.1" 200 667573 "-" "Mozilla/5.0 (compatible; Googlebot/2.1; +http://www.google.com/bot.html)"
66.249.78.18 - - [07/Dec/2015:03:05:53 +0100] "GET /hirlevel/images/kvvm_1.jpg HTTP/1.1" 304 - "-" "Googlebot-Image/1.0"
66.249.78.25 - - [07/Dec/2015:03:10:08 +0100] "GET /hirlevel/vonattal0906.htm HTTP/1.1" 200 25493 "-" "Mozilla/5.0 (compatible; Googlebot/2.1; +http://www.google.com/bot.html)"
91.200.12.106 - - [07/Dec/2015:03:56:09 +0100] "GET /hirlevel/vonattal1309.html HTTP/1.0" 200 41258 "http://mkk.zpok.hu/hirlevel/vonattal1309.html" "Mozilla/5.0 (Windows NT 10.0; WOW64; rv:40.0) Gecko/20100101 Firefox/40.0"
91.200.12.106 - - [07/Dec/2015:03:56:11 +0100] "GET /hirlevel/TcsegeForum20130823.pdf HTTP/1.0" 200 133461 "http://mkk.zpok.hu/TcsegeForum20130823.pdf" "Mozilla/5.0 (Windows NT 10.0; WOW64; rv:40.0) Gecko/20100101 Firefox/40.0"
31.148.246.26 - - [07/Dec/2015:03:56:47 +0100] "GET /images/vasutterkep_n.jpg HTTP/1.1" 200 132833 "http://hdgaller.com" "Mozilla/5.0 (compatible; GWPImages/1.0)"
91.200.12.137 - - [07/Dec/2015:03:57:15 +0100] "GET /hirlevel/vonattal1309.html HTTP/1.0" 200 41258 "http://mkk.zpok.hu/hirlevel/vonattal1309.html" "Mozilla/5.0 (Windows NT 10.0; WOW64) AppleWebKit/537.36 (KHTML, like Gecko) Chrome/45.0.2454.99 Safari/537.36"
91.200.12.137 - - [07/Dec/2015:03:57:23 +0100] "GET /hirlevel/TcsegeForum20130823.pdf HTTP/1.0" 200 133461 "http://mkk.zpok.hu/TcsegeForum20130823.pdf" "Mozilla/5.0 (Windows NT 10.0; WOW64) AppleWebKit/537.36 (KHTML, like Gecko) Chrome/45.0.2454.99 Safari/537.36"
66.249.78.18 - - [07/Dec/2015:03:58:54 +0100] "GET /hirlevel/vasuttal0712.htm HTTP/1.1" 200 16632 "-" "Mozilla/5.0 (compatible; Googlebot/2.1; +http://www.google.com/bot.html)"
91.200.12.7 - - [07/Dec/2015:04:00:07 +0100] "GET /hirlevel/vonattal1309.html HTTP/1.0" 200 41258 "http://mkk.zpok.hu/hirlevel/vonattal1309.html" "Mozilla/5.0 (Windows NT 6.3; WOW64; rv:40.0) Gecko/20100101 Firefox/40.0"
91.200.12.7 - - [07/Dec/2015:04:00:10 +0100] "GET /hirlevel/TcsegeForum20130823.pdf HTTP/1.0" 200 133461 "http://mkk.zpok.hu/TcsegeForum20130823.pdf" "Mozilla/5.0 (Windows NT 6.3; WOW64; rv:40.0) Gecko/20100101 Firefox/40.0"
91.200.12.143 - - [07/Dec/2015:04:00:38 +0100] "GET /hirlevel/vonattal1309.html HTTP/1.0" 200 41258 "http://mkk.zpok.hu/hirlevel/vonattal1309.html" "Mozilla/5.0 (Windows NT 6.1; WOW64) AppleWebKit/537.36 (KHTML, like Gecko) Chrome/45.0.2454.101 Safari/537.36"
91.200.12.143 - - [07/Dec/2015:04:00:40 +0100] "GET /hirlevel/TcsegeForum20130823.pdf HTTP/1.0" 200 133461 "http://mkk.zpok.hu/TcsegeForum20130823.pdf" "Mozilla/5.0 (Windows NT 6.1; WOW64) AppleWebKit/537.36 (KHTML, like Gecko) Chrome/45.0.2454.101 Safari/537.36"
91.200.12.141 - - [07/Dec/2015:04:07:54 +0100] "GET /hirlevel/vonattal1309.html HTTP/1.0" 200 41258 "http://mkk.zpok.hu/hirlevel/vonattal1309.html" "Mozilla/5.0 (Windows NT 10.0; WOW64; rv:40.0) Gecko/20100101 Firefox/40.0"
91.200.12.141 - - [07/Dec/2015:04:07:55 +0100] "GET /hirlevel/TcsegeForum20130823.pdf HTTP/1.0" 200 133461 "http://mkk.zpok.hu/TcsegeForum20130823.pdf" "Mozilla/5.0 (Windows NT 10.0; WOW64; rv:40.0) Gecko/20100101 Firefox/40.0"
91.200.12.106 - - [07/Dec/2015:04:08:24 +0100] "GET /hirlevel/vonattal1309.html HTTP/1.0" 200 41258 "http://mkk.zpok.hu/hirlevel/vonattal1309.html" "Mozilla/5.0 (Windows NT 6.1) AppleWebKit/537.36 (KHTML, like Gecko) Chrome/45.0.2454.99 Safari/537.36"
91.200.12.106 - - [07/Dec/2015:04:08:27 +0100] "GET /hirlevel/TcsegeForum20130823.pdf HTTP/1.0" 200 133461 "http://mkk.zpok.hu/TcsegeForum20130823.pdf" "Mozilla/5.0 (Windows NT 6.1) AppleWebKit/537.36 (KHTML, like Gecko) Chrome/45.0.2454.99 Safari/537.36"
91.200.12.136 - - [07/Dec/2015:04:08:59 +0100] "GET /hirlevel/vonattal1309.html HTTP/1.0" 200 41258 "http://mkk.zpok.hu/hirlevel/vonattal1309.html" "Mozilla/5.0 (Windows NT 6.3; WOW64) AppleWebKit/537.36 (KHTML, like Gecko) Chrome/45.0.2454.99 Safari/537.36"
91.200.12.136 - - [07/Dec/2015:04:09:02 +0100] "GET /hirlevel/TcsegeForum20130823.pdf HTTP/1.0" 200 133461 "http://mkk.zpok.hu/TcsegeForum20130823.pdf" "Mozilla/5.0 (Windows NT 6.3; WOW64) AppleWebKit/537.36 (KHTML, like Gecko) Chrome/45.0.2454.99 Safari/537.36"
91.200.12.137 - - [07/Dec/2015:04:11:36 +0100] "GET /hirlevel/vonattal1309.html HTTP/1.0" 200 41258 "http://mkk.zpok.hu/hirlevel/vonattal1309.html" "Mozilla/5.0 (Windows NT 6.3; WOW64) AppleWebKit/537.36 (KHTML, like Gecko) Chrome/45.0.2454.99 Safari/537.36"
91.200.12.137 - - [07/Dec/2015:04:11:45 +0100] "GET /hirlevel/TcsegeForum20130823.pdf HTTP/1.0" 200 133461 "http://mkk.zpok.hu/TcsegeForum20130823.pdf" "Mozilla/5.0 (Windows NT 6.3; WOW64) AppleWebKit/537.36 (KHTML, like Gecko) Chrome/45.0.2454.99 Safari/537.36"
91.200.12.7 - - [07/Dec/2015:04:12:43 +0100] "GET /hirlevel/vonattal1309.html HTTP/1.0" 200 41258 "http://mkk.zpok.hu/hirlevel/vonattal1309.html" "Mozilla/5.0 (Windows NT 10.0; WOW64) AppleWebKit/537.36 (KHTML, like Gecko) Chrome/45.0.2454.99 Safari/537.36"
91.200.12.7 - - [07/Dec/2015:04:12:49 +0100] "GET /hirlevel/TcsegeForum20130823.pdf HTTP/1.0" 200 133461 "http://mkk.zpok.hu/TcsegeForum20130823.pdf" "Mozilla/5.0 (Windows NT 10.0; WOW64) AppleWebKit/537.36 (KHTML, like Gecko) Chrome/45.0.2454.99 Safari/537.36"
91.200.12.143 - - [07/Dec/2015:04:14:43 +0100] "GET /hirlevel/vonattal1309.html HTTP/1.0" 200 41258 "http://mkk.zpok.hu/hirlevel/vonattal1309.html" "Mozilla/5.0 (Windows NT 10.0; WOW64; rv:40.0) Gecko/20100101 Firefox/40.0"
91.200.12.143 - - [07/Dec/2015:04:14:44 +0100] "GET /hirlevel/TcsegeForum20130823.pdf HTTP/1.0" 200 133461 "http://mkk.zpok.hu/TcsegeForum20130823.pdf" "Mozilla/5.0 (Windows NT 10.0; WOW64; rv:40.0) Gecko/20100101 Firefox/40.0"
91.200.12.141 - - [07/Dec/2015:04:21:03 +0100] "GET /hirlevel/vonattal1309.html HTTP/1.0" 200 41258 "http://mkk.zpok.hu/hirlevel/vonattal1309.html" "Mozilla/5.0 (Windows NT 10.0; WOW64) AppleWebKit/537.36 (KHTML, like Gecko) Chrome/45.0.2454.99 Safari/537.36"
91.200.12.141 - - [07/Dec/2015:04:21:10 +0100] "GET /hirlevel/TcsegeForum20130823.pdf HTTP/1.0" 200 133461 "http://mkk.zpok.hu/TcsegeForum20130823.pdf" "Mozilla/5.0 (Windows NT 10.0; WOW64) AppleWebKit/537.36 (KHTML, like Gecko) Chrome/45.0.2454.99 Safari/537.36"
91.200.12.136 - - [07/Dec/2015:04:23:07 +0100] "GET /hirlevel/vonattal1309.html HTTP/1.0" 200 41258 "http://mkk.zpok.hu/hirlevel/vonattal1309.html" "Mozilla/5.0 (Windows NT 6.1; WOW64) AppleWebKit/537.36 (KHTML, like Gecko) Chrome/45.0.2454.99 Safari/537.36"
91.200.12.136 - - [07/Dec/2015:04:23:09 +0100] "GET /hirlevel/TcsegeForum20130823.pdf HTTP/1.0" 200 133461 "http://mkk.zpok.hu/TcsegeForum20130823.pdf" "Mozilla/5.0 (Windows NT 6.1; WOW64) AppleWebKit/537.36 (KHTML, like Gecko) Chrome/45.0.2454.99 Safari/537.36"
66.249.78.18 - - [07/Dec/2015:04:23:19 +0100] "GET /hirlevel/vonattal1410.html HTTP/1.1" 304 - "-" "Mozilla/5.0 (compatible; Googlebot/2.1; +http://www.google.com/bot.html)"
66.249.78.11 - - [07/Dec/2015:04:23:57 +0100] "GET /doc/varos-videk.vasut_2009.pdf HTTP/1.1" 200 4317184 "-" "Mozilla/5.0 (compatible; Googlebot/2.1; +http://www.google.com/bot.html)"
91.200.12.137 - - [07/Dec/2015:04:24:24 +0100] "GET /hirlevel/vonattal1309.html HTTP/1.0" 200 41258 "http://mkk.zpok.hu/hirlevel/vonattal1309.html" "Mozilla/5.0 (Windows NT 6.1; WOW64) AppleWebKit/537.36 (KHTML, like Gecko) Chrome/45.0.2454.101 Safari/537.36"
91.200.12.137 - - [07/Dec/2015:04:24:31 +0100] "GET /hirlevel/TcsegeForum20130823.pdf HTTP/1.0" 200 133461 "http://mkk.zpok.hu/TcsegeForum20130823.pdf" "Mozilla/5.0 (Windows NT 6.1; WOW64) AppleWebKit/537.36 (KHTML, like Gecko) Chrome/45.0.2454.101 Safari/537.36"
180.76.15.161 - - [07/Dec/2015:04:32:58 +0100] "GET / HTTP/1.1" 200 1178 "-" "Mozilla/5.0 (compatible; Baiduspider/2.0; +http://www.baidu.com/search/spider.html)"
157.55.39.15 - - [07/Dec/2015:04:33:20 +0100] "GET /hirlevel/102-es_vonal.pdf HTTP/1.1" 200 223259 "-" "Mozilla/5.0 (iPhone; CPU iPhone OS 7_0 like Mac OS X) AppleWebKit/537.51.1 (KHTML, like Gecko) Version/7.0 Mobile/11A465 Safari/9537.53 (compatible; bingbot/2.0; http://www.bing.com/bingbot.htm)"
91.200.12.137 - - [07/Dec/2015:04:37:51 +0100] "GET /hirlevel/vonattal1309.html HTTP/1.0" 200 41258 "http://mkk.zpok.hu/hirlevel/vonattal1309.html" "Mozilla/5.0 (Windows NT 6.1; WOW64) AppleWebKit/537.36 (KHTML, like Gecko) Chrome/45.0.2454.85 Safari/537.36 OPR/32.0.1948.25"
91.200.12.137 - - [07/Dec/2015:04:37:53 +0100] "GET /hirlevel/TcsegeForum20130823.pdf HTTP/1.0" 200 133461 "http://mkk.zpok.hu/TcsegeForum20130823.pdf" "Mozilla/5.0 (Windows NT 6.1; WOW64) AppleWebKit/537.36 (KHTML, like Gecko) Chrome/45.0.2454.85 Safari/537.36 OPR/32.0.1948.25"
66.249.78.18 - - [07/Dec/2015:04:44:52 +0100] "GET /hirlevel/vonattal1109.htm HTTP/1.1" 200 47571 "-" "Mozilla/5.0 (compatible; Googlebot/2.1; +http://www.google.com/bot.html)"
66.249.78.25 - - [07/Dec/2015:05:33:25 +0100] "GET /hirlevel/vasuttal0702.htm HTTP/1.1" 200 24655 "-" "Mozilla/5.0 (compatible; Googlebot/2.1; +http://www.google.com/bot.html)"
144.76.201.69 - - [07/Dec/2015:05:37:58 +0100] "GET /doc/varos-videk_2009.pdf HTTP/1.1" 200 1636386 "-" "Mozilla/5.0 (Windows NT 6.1; rv:21.0) Gecko/20130328 Firefox/21.0"
68.180.229.230 - - [07/Dec/2015:06:00:58 +0100] "GET /robots.txt HTTP/1.1" 404 1181 "-" "Mozilla/5.0 (compatible; Yahoo! Slurp; http://help.yahoo.com/help/us/ysearch/slurp)"
68.180.229.230 - - [07/Dec/2015:06:00:59 +0100] "GET / HTTP/1.1" 304 - "-" "Mozilla/5.0 (compatible; Yahoo! Slurp; http://help.yahoo.com/help/us/ysearch/slurp)"
68.180.229.230 - - [07/Dec/2015:06:12:20 +0100] "GET /hirlevel/vasarosnameny_1109.doc HTTP/1.1" 200 141824 "-" "Mozilla/5.0 (compatible; Yahoo! Slurp; http://help.yahoo.com/help/us/ysearch/slurp)"
66.249.78.25 - - [07/Dec/2015:06:19:29 +0100] "GET /hirlevel/vasuttal0703.htm HTTP/1.1" 200 25859 "-" "Mozilla/5.0 (compatible; Googlebot/2.1; +http://www.google.com/bot.html)"
40.77.167.93 - - [07/Dec/2015:06:31:41 +0100] "GET /doc/tisza-to_szoroanyag_2012.pdf HTTP/1.1" 200 890943 "-" "Mozilla/5.0 (iPhone; CPU iPhone OS 7_0 like Mac OS X) AppleWebKit/537.51.1 (KHTML, like Gecko) Version/7.0 Mobile/11A465 Safari/9537.53 (compatible; bingbot/2.0; http://www.bing.com/bingbot.htm)"
46.107.78.64 - - [07/Dec/2015:06:44:45 +0100] "GET /images/vasutterkep_n.jpg HTTP/1.1" 200 668737 "https://www.google.hu" "Mozilla/5.0 (Windows NT 6.1; WOW64; rv:42.0) Gecko/20100101 Firefox/42.0"
46.107.78.64 - - [07/Dec/2015:06:44:58 +0100] "GET /images/vasutterkep_n.jpg HTTP/1.1" 200 676897 "https://www.google.hu" "Mozilla/5.0 (Windows NT 6.1; WOW64; rv:42.0) Gecko/20100101 Firefox/42.0"
46.107.78.64 - - [07/Dec/2015:06:45:33 +0100] "GET /images/vasutterkep_n.jpg HTTP/1.1" 200 2000177 "https://www.google.hu" "Mozilla/5.0 (Windows NT 6.1; WOW64; rv:42.0) Gecko/20100101 Firefox/42.0"
46.107.78.64 - - [07/Dec/2015:06:45:50 +0100] "GET /images/vasutterkep_n.jpg HTTP/1.1" 200 4702972 "https://www.google.hu" "Mozilla/5.0 (Windows NT 6.1; WOW64; rv:42.0) Gecko/20100101 Firefox/42.0"
180.76.15.23 - - [07/Dec/2015:06:45:55 +0100] "GET /doc/vkdm_bp-apaczai_20091027.pdf HTTP/1.1" 200 64794 "-" "Mozilla/5.0 (compatible; Baiduspider/2.0; +http://www.baidu.com/search/spider.html)"
46.107.78.64 - - [07/Dec/2015:06:46:19 +0100] "GET /images/vasutterkep_n.jpg HTTP/1.1" 200 1258977 "https://www.google.hu" "Mozilla/5.0 (Windows NT 6.1; WOW64; rv:42.0) Gecko/20100101 Firefox/42.0"
66.249.78.25 - - [07/Dec/2015:07:06:49 +0100] "GET /robots.txt HTTP/1.1" 404 1181 "-" "Mozilla/5.0 (compatible; Googlebot/2.1; +http://www.google.com/bot.html)"
66.249.78.18 - - [07/Dec/2015:07:06:50 +0100] "GET /hirlevel/vasuttal0809.htm HTTP/1.1" 200 24446 "-" "Mozilla/5.0 (compatible; Googlebot/2.1; +http://www.google.com/bot.html)"
157.55.39.15 - - [07/Dec/2015:07:10:49 +0100] "GET /doc/vasutbezarasok_200710.pdf HTTP/1.1" 200 73986 "-" "Mozilla/5.0 (iPhone; CPU iPhone OS 7_0 like Mac OS X) AppleWebKit/537.51.1 (KHTML, like Gecko) Version/7.0 Mobile/11A465 Safari/9537.53 (compatible; bingbot/2.0; http://www.bing.com/bingbot.htm)"
112.111.188.219 - - [07/Dec/2015:07:19:58 +0100] "GET /fckeditor/editor/filemanager/browser/default/connectors/test.html HTTP/1.1" 404 1181 "-" "Mozilla/4.0 (compatible; MSIE 6.0; Windows NT 5.1; SV1; TencentTraveler ; Mozilla/4.0 (compatible; MSIE 6.0; Windows NT 5.1; SV1) ; .NET CLR 2.0.50727)"
40.77.167.93 - - [07/Dec/2015:07:46:22 +0100] "GET /doc/kgy-jegyzokonyv_110527.pdf HTTP/1.1" 404 1181 "-" "Mozilla/5.0 (compatible; bingbot/2.0; +http://www.bing.com/bingbot.htm)"
66.249.78.25 - - [07/Dec/2015:07:50:54 +0100] "GET /hirlevel/vonattal1004.htm HTTP/1.1" 200 51166 "-" "Mozilla/5.0 (compatible; Googlebot/2.1; +http://www.google.com/bot.html)"
66.249.78.18 - - [07/Dec/2015:07:52:34 +0100] "GET /doc/Bfenyves_2011szept3.pdf HTTP/1.1" 404 1181 "-" "Mozilla/5.0 (compatible; Googlebot/2.1; +http://www.google.com/bot.html)"
84.224.27.229 - - [07/Dec/2015:08:03:49 +0100] "GET /hirlevel/images/1206_6.jpg HTTP/1.1" 200 96771 "http://tourhongrie.blog.hu/" "Mozilla/5.0 (X11; Ubuntu; Linux x86_64; rv:42.0) Gecko/20100101 Firefox/42.0"
84.224.27.229 - - [07/Dec/2015:08:07:40 +0100] "GET /hirlevel/images/1206_6.jpg HTTP/1.1" 206 165474 "http://tourhongrie.blog.hu/" "Mozilla/5.0 (X11; Ubuntu; Linux x86_64; rv:42.0) Gecko/20100101 Firefox/42.0"
66.249.78.18 - - [07/Dec/2015:08:30:24 +0100] "GET /doc/20110621_KValap_palyazat_kiiras.doc HTTP/1.1" 404 1181 "-" "Mozilla/5.0 (compatible; Googlebot/2.1; +http://www.google.com/bot.html)"
66.249.78.18 - - [07/Dec/2015:08:35:12 +0100] "GET /hirlevel/vonattal0810.htm HTTP/1.1" 200 36363 "-" "Mozilla/5.0 (compatible; Googlebot/2.1; +http://www.google.com/bot.html)"
66.249.78.11 - - [07/Dec/2015:08:36:32 +0100] "GET /hirlevel/images/1409g.png HTTP/1.1" 304 - "-" "Googlebot-Image/1.0"
66.249.78.18 - - [07/Dec/2015:08:47:52 +0100] "GET /hirlevel/images/1206_3.jpg HTTP/1.1" 304 - "-" "Googlebot-Image/1.0"
222.106.222.147 - - [07/Dec/2015:09:06:19 +0100] "PUT /tsjcx61286.txt HTTP/1.1" 405 1174 "-" "Mozilla/4.0 (compatible; Win32; WinHttp.WinHttpRequest.5)"
222.106.222.147 - - [07/Dec/2015:09:06:26 +0100] "GET /plus/mytag_js.php HTTP/1.1" 404 1181 "http://www.mkk.zpok.hu/plus/mytag_js.php" "Mozilla/4.0 (compatible; MSIE 6.0; Windows NT 5.0)"
222.106.222.147 - - [07/Dec/2015:09:06:27 +0100] "GET /utility/convert/index.php?a=config&source=d7.2_x2.0 HTTP/1.1" 404 1181 "-" "Mozilla/4.0 (compatible; MSIE 6.0; Windows NT 5.1; SV1)"
222.106.222.147 - - [07/Dec/2015:09:06:28 +0100] "GET /convert/index.php?a=config&source=d7.2_x2.0 HTTP/1.1" 404 1181 "-" "Mozilla/4.0 (compatible; MSIE 6.0; Windows NT 5.1; SV1)"
222.106.222.147 - - [07/Dec/2015:09:06:33 +0100] "GET /bbs/utility/convert/index.php?a=config&source=d7.2_x2.0 HTTP/1.1" 404 1181 "-" "Mozilla/4.0 (compatible; MSIE 6.0; Windows NT 5.1; SV1)"
222.106.222.147 - - [07/Dec/2015:09:06:34 +0100] "GET /bbs/convert/index.php?a=config&source=d7.2_x2.0 HTTP/1.1" 404 1181 "-" "Mozilla/4.0 (compatible; MSIE 6.0; Windows NT 5.1; SV1)"
222.106.222.147 - - [07/Dec/2015:09:06:34 +0100] "GET /FCKeditor/editor/filemanager/connectors/aspx/connector.aspx HTTP/1.1" 404 1181 "-" "Mozilla/4.0 (compatible; MSIE 6.0; Windows NT 5.1; SV1)"
222.106.222.147 - - [07/Dec/2015:09:06:38 +0100] "GET /FCKeditor/editor/filemanager/browser/default/connectors/aspx/connector.aspx HTTP/1.1" 404 1181 "-" "Mozilla/4.0 (compatible; MSIE 6.0; Windows NT 5.1; SV1)"
222.106.222.147 - - [07/Dec/2015:09:06:43 +0100] "GET /FCKeditor/editor/filemanager/connectors/php/connector.php HTTP/1.1" 404 1181 "-" "Mozilla/4.0 (compatible; MSIE 6.0; Windows NT 5.1; SV1)"
222.106.222.147 - - [07/Dec/2015:09:06:43 +0100] "GET /FCKeditor/editor/filemanager/browser/default/connectors/php/connector.php HTTP/1.1" 404 1181 "-" "Mozilla/4.0 (compatible; MSIE 6.0; Windows NT 5.1; SV1)"
222.106.222.147 - - [07/Dec/2015:09:06:47 +0100] "GET /FCKeditor/editor/filemanager/browser/default/connectors/asp/connector.asp HTTP/1.1" 404 1181 "-" "Mozilla/4.0 (compatible; MSIE 6.0; Windows NT 5.1; SV1)"
222.106.222.147 - - [07/Dec/2015:09:06:52 +0100] "GET /FCKeditor/editor/filemanager/connectors/asp/connector.asp HTTP/1.1" 404 1181 "-" "Mozilla/4.0 (compatible; MSIE 6.0; Windows NT 5.1; SV1)"
222.106.222.147 - - [07/Dec/2015:09:06:52 +0100] "GET /admin/FCKeditor/editor/filemanager/connectors/aspx/connector.aspx HTTP/1.1" 404 1181 "-" "Mozilla/4.0 (compatible; MSIE 6.0; Windows NT 5.1; SV1)"
222.106.222.147 - - [07/Dec/2015:09:06:53 +0100] "GET /admin/FCKeditor/editor/filemanager/browser/default/connectors/aspx/connector.aspx HTTP/1.1" 404 1181 "-" "Mozilla/4.0 (compatible; MSIE 6.0; Windows NT 5.1; SV1)"
222.106.222.147 - - [07/Dec/2015:09:06:54 +0100] "GET /admin/FCKeditor/editor/filemanager/connectors/php/connector.php HTTP/1.1" 404 1181 "-" "Mozilla/4.0 (compatible; MSIE 6.0; Windows NT 5.1; SV1)"
222.106.222.147 - - [07/Dec/2015:09:06:54 +0100] "GET /admin/FCKeditor/editor/filemanager/browser/default/connectors/php/connector.php HTTP/1.1" 404 1181 "-" "Mozilla/4.0 (compatible; MSIE 6.0; Windows NT 5.1; SV1)"
222.106.222.147 - - [07/Dec/2015:09:06:55 +0100] "GET /admin/FCKeditor/editor/filemanager/browser/default/connectors/asp/connector.asp HTTP/1.1" 404 1181 "-" "Mozilla/4.0 (compatible; MSIE 6.0; Windows NT 5.1; SV1)"
222.106.222.147 - - [07/Dec/2015:09:06:55 +0100] "GET /admin/FCKeditor/editor/filemanager/connectors/asp/connector.asp HTTP/1.1" 404 1181 "-" "Mozilla/4.0 (compatible; MSIE 6.0; Windows NT 5.1; SV1)"
222.106.222.147 - - [07/Dec/2015:09:06:56 +0100] "GET /editor/editor/filemanager/connectors/aspx/connector.aspx HTTP/1.1" 404 1181 "-" "Mozilla/4.0 (compatible; MSIE 6.0; Windows NT 5.1; SV1)"
222.106.222.147 - - [07/Dec/2015:09:06:59 +0100] "GET /editor/editor/filemanager/browser/default/connectors/aspx/connector.aspx HTTP/1.1" 404 1181 "-" "Mozilla/4.0 (compatible; MSIE 6.0; Windows NT 5.1; SV1)"
222.106.222.147 - - [07/Dec/2015:09:07:00 +0100] "GET /editor/editor/filemanager/connectors/php/connector.php HTTP/1.1" 404 1181 "-" "Mozilla/4.0 (compatible; MSIE 6.0; Windows NT 5.1; SV1)"
222.106.222.147 - - [07/Dec/2015:09:07:00 +0100] "GET /editor/editor/filemanager/browser/default/connectors/php/connector.php HTTP/1.1" 404 1181 "-" "Mozilla/4.0 (compatible; MSIE 6.0; Windows NT 5.1; SV1)"
222.106.222.147 - - [07/Dec/2015:09:07:04 +0100] "GET /editor/editor/filemanager/browser/default/connectors/asp/connector.asp HTTP/1.1" 404 1181 "-" "Mozilla/4.0 (compatible; MSIE 6.0; Windows NT 5.1; SV1)"
222.106.222.147 - - [07/Dec/2015:09:07:05 +0100] "GET /editor/editor/filemanager/connectors/asp/connector.asp HTTP/1.1" 404 1181 "-" "Mozilla/4.0 (compatible; MSIE 6.0; Windows NT 5.1; SV1)"
188.6.160.219 - - [07/Dec/2015:09:12:27 +0100] "GET /images/vasutterkep_n.jpg HTTP/1.1" 200 4702972 "https://www.google.hu" "Mozilla/5.0 (Windows NT 6.1; rv:42.0) Gecko/20100101 Firefox/42.0"
40.77.167.93 - - [07/Dec/2015:09:16:08 +0100] "GET /robots.txt HTTP/1.1" 404 1181 "-" "Mozilla/5.0 (compatible; bingbot/2.0; +http://www.bing.com/bingbot.htm)"
40.77.167.93 - - [07/Dec/2015:09:17:09 +0100] "GET /doc/emlekezteto_tatabanya_0327.pdf HTTP/1.1" 200 170585 "-" "Mozilla/5.0 (iPhone; CPU iPhone OS 7_0 like Mac OS X) AppleWebKit/537.51.1 (KHTML, like Gecko) Version/7.0 Mobile/11A465 Safari/9537.53 (compatible; bingbot/2.0; http://www.bing.com/bingbot.htm)"
66.249.78.18 - - [07/Dec/2015:09:19:36 +0100] "GET /hirlevel/vonattal1103.htm HTTP/1.1" 200 36669 "-" "Mozilla/5.0 (compatible; Googlebot/2.1; +http://www.google.com/bot.html)"
40.77.167.93 - - [07/Dec/2015:09:25:54 +0100] "GET /doc/szecseny_04.pdf HTTP/1.1" 200 70592 "-" "Mozilla/5.0 (iPhone; CPU iPhone OS 7_0 like Mac OS X) AppleWebKit/537.51.1 (KHTML, like Gecko) Version/7.0 Mobile/11A465 Safari/9537.53 (compatible; bingbot/2.0; http://www.bing.com/bingbot.htm)"
157.55.39.15 - - [07/Dec/2015:09:37:09 +0100] "GET /doc/sajtonyilatkozat_tersegivasutak.pdf HTTP/1.1" 304 - "-" "Mozilla/5.0 (compatible; bingbot/2.0; +http://www.bing.com/bingbot.htm)"
193.226.237.52 - - [07/Dec/2015:09:45:04 +0100] "GET / HTTP/1.1" 200 1178 "https://www.google.hu/" "Mozilla/5.0 (Windows NT 6.3; WOW64) AppleWebKit/537.36 (KHTML, like Gecko) Chrome/46.0.2490.86 Safari/537.36"
193.226.237.52 - - [07/Dec/2015:09:45:04 +0100] "GET /favicon.ico HTTP/1.1" 404 1181 "http://www.mkk.zpok.hu/" "Mozilla/5.0 (Windows NT 6.3; WOW64) AppleWebKit/537.36 (KHTML, like Gecko) Chrome/46.0.2490.86 Safari/537.36"
193.226.237.52 - - [07/Dec/2015:09:45:25 +0100] "GET /index.swf HTTP/1.1" 200 1451868 "http://www.mkk.zpok.hu/" "Mozilla/5.0 (Windows NT 6.3; WOW64) AppleWebKit/537.36 (KHTML, like Gecko) Chrome/46.0.2490.86 Safari/537.36"
40.77.167.93 - - [07/Dec/2015:09:58:59 +0100] "GET /robots.txt HTTP/1.1" 404 1181 "-" "Mozilla/5.0 (compatible; bingbot/2.0; +http://www.bing.com/bingbot.htm)"
40.77.167.93 - - [07/Dec/2015:09:59:06 +0100] "GET /hirlevel/vonattal1009.htm HTTP/1.1" 200 40861 "-" "Mozilla/5.0 (compatible; bingbot/2.0; +http://www.bing.com/bingbot.htm)"
195.199.137.190 - - [07/Dec/2015:10:13:05 +0100] "GET /images/vasutterkep_n.jpg HTTP/1.1" 206 1 "https://www.google.hu/" "Mozilla/5.0 (Windows NT 6.1) AppleWebKit/537.36 (KHTML, like Gecko) Chrome/46.0.2490.86 Safari/537.36"
195.199.137.190 - - [07/Dec/2015:10:13:07 +0100] "GET /images/vasutterkep_n.jpg HTTP/1.1" 206 2307955 "https://www.google.hu/" "Mozilla/5.0 (Windows NT 6.1) AppleWebKit/537.36 (KHTML, like Gecko) Chrome/46.0.2490.86 Safari/537.36"
195.199.137.190 - - [07/Dec/2015:10:13:30 +0100] "GET /images/vasutterkep_n.jpg HTTP/1.1" 200 2547617 "https://www.google.hu/" "Mozilla/5.0 (Windows NT 6.1) AppleWebKit/537.36 (KHTML, like Gecko) Chrome/46.0.2490.86 Safari/537.36"
86.59.207.149 - - [07/Dec/2015:10:27:45 +0100] "GET /images/vasutterkep_n.jpg HTTP/1.1" 200 4702972 "https://www.google.hu/" "Mozilla/5.0 (Windows NT 10.0; Win64; x64) AppleWebKit/537.36 (KHTML, like Gecko) Chrome/46.0.2486.0 Safari/537.36 Edge/13.10586"
180.76.15.29 - - [07/Dec/2015:10:28:44 +0100] "GET / HTTP/1.1" 200 1178 "-" "Mozilla/5.0 (compatible; Baiduspider/2.0; +http://www.baidu.com/search/spider.html)"
180.76.15.22 - - [07/Dec/2015:10:28:48 +0100] "GET / HTTP/1.1" 200 1178 "-" "Mozilla/5.0 (compatible; Baiduspider/2.0; +http://www.baidu.com/search/spider.html)"
40.77.167.93 - - [07/Dec/2015:10:44:19 +0100] "GET / HTTP/1.1" 200 1178 "-" "Mozilla/5.0 (compatible; bingbot/2.0; +http://www.bing.com/bingbot.htm)"
66.249.78.11 - - [07/Dec/2015:10:46:17 +0100] "GET /hirlevel/vasuttal0801.htm HTTP/1.1" 200 23813 "-" "Mozilla/5.0 (compatible; Googlebot/2.1; +http://www.google.com/bot.html)"
188.6.252.166 - - [07/Dec/2015:10:53:27 +0100] "GET /images/vasutterkep_n.jpg HTTP/1.1" 200 4702972 "https://www.google.hu/" "Mozilla/5.0 (Windows NT 6.1; WOW64) AppleWebKit/537.36 (KHTML, like Gecko) Chrome/47.0.2526.73 Safari/537.36"
77.75.76.164 - - [07/Dec/2015:10:58:01 +0100] "GET /robots.txt HTTP/1.1" 404 1181 "-" "Mozilla/5.0 (compatible; SeznamBot/3.2; +http://fulltext.sblog.cz/)"
77.75.76.164 - - [07/Dec/2015:10:58:03 +0100] "GET /images/vasutterkep_n.jpg HTTP/1.1" 200 4702972 "-" "Mozilla/5.0 (compatible; SeznamBot/3.2; +http://fulltext.sblog.cz/)"
193.68.41.17 - - [07/Dec/2015:10:59:45 +0100] "GET /images/vasutterkep_n.jpg HTTP/1.1" 200 4702972 "https://www.google.hu/" "Mozilla/5.0 (Windows NT 6.1) AppleWebKit/537.36 (KHTML, like Gecko) Chrome/46.0.2490.80 Safari/537.36"
40.77.167.42 - - [07/Dec/2015:11:06:26 +0100] "GET /hirlevel/jardapalyazat_201410.pdf HTTP/1.1" 200 75354 "-" "Mozilla/5.0 (iPhone; CPU iPhone OS 7_0 like Mac OS X) AppleWebKit/537.51.1 (KHTML, like Gecko) Version/7.0 Mobile/11A465 Safari/9537.53 (compatible; bingbot/2.0; http://www.bing.com/bingbot.htm)"
62.149.1.74 - - [07/Dec/2015:11:06:29 +0100] "GET / HTTP/1.1" 200 1178 "-" "Mozilla/5.0 (Windows NT 6.1; WOW64; rv:23.0) Gecko/20100101 Firefox/23.0"
180.76.15.20 - - [07/Dec/2015:11:13:54 +0100] "GET /doc/orszaggyul_allasfogl.pdf HTTP/1.1" 200 59817 "-" "Mozilla/5.0 (compatible; Baiduspider/2.0; +http://www.baidu.com/search/spider.html)"
171.19.10.2 - - [07/Dec/2015:11:14:10 +0100] "GET /hirlevel/images/ti-to_2012-06-27.jpg HTTP/1.1" 200 1071059 "https://www.google.hu/" "Mozilla/5.0 (Windows NT 6.3) AppleWebKit/537.36 (KHTML, like Gecko) Chrome/46.0.2490.86 Safari/537.36"
66.249.78.83 - - [07/Dec/2015:11:17:45 +0100] "GET /robots.txt HTTP/1.1" 404 1181 "-" "Mozilla/5.0 (compatible; Googlebot/2.1; +http://www.google.com/bot.html)"
66.249.78.83 - - [07/Dec/2015:11:17:45 +0100] "GET / HTTP/1.1" 200 1178 "-" "Mozilla/5.0 (iPhone; CPU iPhone OS 8_3 like Mac OS X) AppleWebKit/600.1.4 (KHTML, like Gecko) Version/8.0 Mobile/12F70 Safari/600.1.4 (compatible; Googlebot/2.1; +http://www.google.com/bot.html)"
66.249.65.53 - - [07/Dec/2015:11:22:10 +0100] "GET /hirlevel/vonattal1009.htm HTTP/1.1" 304 - "-" "DoCoMo/2.0 N905i(c100;TB;W24H16) (compatible; Googlebot-Mobile/2.1; +http://www.google.com/bot.html)"
79.121.32.115 - - [07/Dec/2015:11:22:39 +0100] "GET /images/vasutterkep_n.jpg HTTP/1.1" 200 4702972 "https://www.google.hu/" "Mozilla/5.0 (Windows NT 10.0; Win64; x64) AppleWebKit/537.36 (KHTML, like Gecko) Chrome/42.0.2311.135 Safari/537.36 Edge/12.10240"
193.68.41.17 - - [07/Dec/2015:11:27:01 +0100] "GET /hirlevel/images/1206_6.jpg HTTP/1.1" 200 181989 "http://tourhongrie.blog.hu/" "Mozilla/5.0 (Windows NT 6.1; Trident/7.0; rv:11.0) like Gecko"
66.249.78.18 - - [07/Dec/2015:11:31:24 +0100] "GET /hirlevel/vasuttal0707.htm HTTP/1.1" 200 30203 "-" "Mozilla/5.0 (compatible; Googlebot/2.1; +http://www.google.com/bot.html)"
193.68.41.17 - - [07/Dec/2015:11:46:42 +0100] "GET /images/vasutterkep_n.jpg HTTP/1.1" 200 4702972 "-" "Mozilla/5.0 (compatible; MSIE 9.0; Windows NT 6.1; Trident/5.0)"
123.125.71.69 - - [07/Dec/2015:11:51:19 +0100] "GET /doc/vasuttal-budapest-kornyeken.pdf HTTP/1.1" 404 1181 "-" "Mozilla/5.0 (compatible; Baiduspider/2.0; +http://www.baidu.com/search/spider.html)"
207.46.13.163 - - [07/Dec/2015:12:17:00 +0100] "GET /hirlevel/vonattal1401.html HTTP/1.1" 200 16168 "-" "Mozilla/5.0 (compatible; bingbot/2.0; +http://www.bing.com/bingbot.htm)"
66.249.78.18 - - [07/Dec/2015:12:27:51 +0100] "GET /hirlevel/vonattal0912.htm HTTP/1.1" 200 55120 "-" "Mozilla/5.0 (compatible; Googlebot/2.1; +http://www.google.com/bot.html)"
195.199.152.150 - - [07/Dec/2015:12:32:29 +0100] "GET /images/vasutterkep_n.jpg HTTP/1.1" 200 4702972 "http://www.bing.com/images/search?q=t%c3%a9rk%c3%a9p&view=detailv2&&id=3DCF63DD05B6C8623B76488A25377336EFC483F1&selectedIndex=10&ccid=3mi%2b%2bxCA&simid=608021031800210287&thid=OIP.Mde68befb1080f1c7f1b4bc716da3a79eo0&mode=overlay" "Mozilla/5.0 (Windows NT 6.3; WOW64; Trident/7.0; rv:11.0) like Gecko"
89.132.59.224 - - [07/Dec/2015:12:37:37 +0100] "GET /images/vasutterkep_n.jpg HTTP/1.1" 200 4702972 "https://www.google.hu" "Mozilla/5.0 (Windows NT 6.0; rv:42.0) Gecko/20100101 Firefox/42.0"
157.55.39.15 - - [07/Dec/2015:12:43:57 +0100] "GET /doc/hu_aps_positivbeispiele_aufl2_070622_klein.pdf HTTP/1.1" 304 - "-" "Mozilla/5.0 (compatible; bingbot/2.0; +http://www.bing.com/bingbot.htm)"
204.110.9.160 - - [07/Dec/2015:13:02:50 +0100] "GET /wp-admin/admin-ajax.php HTTP/1.1" 404 1181 "-" "Mozilla/5.0 (Windows; U; Windows NT 5.1; en-US; rv:1.9.2) Gecko/20100115 Firefox/3.6"
204.110.9.160 - - [07/Dec/2015:13:02:51 +0100] "GET /hirlevel/wp-admin/admin-ajax.php HTTP/1.1" 404 1181 "-" "Mozilla/5.0 (Windows; U; Windows NT 5.1; en-US; rv:1.9.2) Gecko/20100115 Firefox/3.6"
204.110.9.160 - - [07/Dec/2015:13:02:51 +0100] "POST /wp-admin/admin-ajax.php HTTP/1.1" 404 1181 "-" "Mozilla/5.0 (X11; Linux x86_64) AppleWebKit/537.31 (KHTML, like Gecko) Chrome/26.0.1410.63 Safari/537.31"
204.110.9.160 - - [07/Dec/2015:13:02:52 +0100] "POST /hirlevel/wp-admin/admin-ajax.php HTTP/1.1" 404 1181 "-" "Mozilla/5.0 (X11; Linux x86_64) AppleWebKit/537.31 (KHTML, like Gecko) Chrome/26.0.1410.63 Safari/537.31"
204.110.9.160 - - [07/Dec/2015:13:02:52 +0100] "GET /wp-content/plugins/revslider/temp/update_extract/revslider/arhy.php HTTP/1.1" 404 1181 "-" "Mozilla/5.0 (Windows; U; Windows NT 5.1; en-US; rv:1.9.2) Gecko/20100115 Firefox/3.6"
204.110.9.160 - - [07/Dec/2015:13:02:52 +0100] "GET /hirlevel/wp-content/plugins/revslider/temp/update_extract/revslider/arhy.php HTTP/1.1" 404 1181 "-" "Mozilla/5.0 (Windows; U; Windows NT 5.1; en-US; rv:1.9.2) Gecko/20100115 Firefox/3.6"
204.110.9.160 - - [07/Dec/2015:13:02:52 +0100] "GET /wp-content/plugins/revslider/temp/update_extract/revslider/xxx.php HTTP/1.1" 404 1181 "-" "Mozilla/5.0 (Windows; U; Windows NT 5.1; en-US; rv:1.9.2) Gecko/20100115 Firefox/3.6"
204.110.9.160 - - [07/Dec/2015:13:02:58 +0100] "GET /wp-content/plugins/revslider/temp/update_extract/revslider/love.php HTTP/1.1" 404 1181 "-" "Mozilla/5.0 (Windows; U; Windows NT 5.1; en-US; rv:1.9.2) Gecko/20100115 Firefox/3.6"
