207.46.13.95 - - [23/Dec/2015:11:19:48 +0100] "GET / HTTP/1.1" 200 1178 "-" "Mozilla/5.0 (compatible; bingbot/2.0; +http://www.bing.com/bingbot.htm)"
109.74.51.100 - - [23/Dec/2015:11:29:28 +0100] "GET /images/vasutterkep_n.jpg HTTP/1.1" 200 4702972 "https://www.google.hu/" "Mozilla/5.0 (Windows NT 6.1; WOW64) AppleWebKit/537.36 (KHTML, like Gecko) Chrome/47.0.2526.106 Safari/537.36"
66.220.146.26 - - [23/Dec/2015:11:32:54 +0100] "GET /hirlevel/images/1512_c.jpg HTTP/1.1" 200 48941 "-" "facebookexternalhit/1.1 (+http://www.facebook.com/externalhit_uatext.php)"
66.249.64.191 - - [23/Dec/2015:11:34:57 +0100] "GET /hirlevel/hatvan-eves-az-atmeno-forgalom_1110.pdf HTTP/1.1" 304 - "-" "Mozilla/5.0 (compatible; Googlebot/2.1; +http://www.google.com/bot.html)"
66.249.64.186 - - [23/Dec/2015:11:43:09 +0100] "GET /hirlevel/vonattal1512.html HTTP/1.1" 200 36414 "-" "Mozilla/5.0 (compatible; Googlebot/2.1; +http://www.google.com/bot.html)"
188.36.212.79 - - [23/Dec/2015:11:47:20 +0100] "GET /hirlevel/vonattal1512.html HTTP/1.1" 200 36414 "-" "Mozilla/5.0 (Linux; U; Android 4.2.2; hu-hu; xTAB-7x_Quad Build/JDQ39) AppleWebKit/534.30 (KHTML, like Gecko) Version/4.0 Mobile Safari/534.30"
188.36.212.79 - - [23/Dec/2015:11:47:20 +0100] "GET /hirlevel/NCTA_tamogato_es_lebonyolito_logosor.jpg HTTP/1.1" 200 22139 "http://mkk.zpok.hu/hirlevel/vonattal1512.html" "Mozilla/5.0 (Linux; U; Android 4.2.2; hu-hu; xTAB-7x_Quad Build/JDQ39) AppleWebKit/534.30 (KHTML, like Gecko) Version/4.0 Mobile Safari/534.30"
188.36.212.79 - - [23/Dec/2015:11:47:20 +0100] "GET /hirlevel/images/1512_b.jpg HTTP/1.1" 200 129334 "http://mkk.zpok.hu/hirlevel/vonattal1512.html" "Mozilla/5.0 (Linux; U; Android 4.2.2; hu-hu; xTAB-7x_Quad Build/JDQ39) AppleWebKit/534.30 (KHTML, like Gecko) Version/4.0 Mobile Safari/534.30"
188.36.212.79 - - [23/Dec/2015:11:47:20 +0100] "GET /hirlevel/images/1512_c.jpg HTTP/1.1" 200 48941 "http://mkk.zpok.hu/hirlevel/vonattal1512.html" "Mozilla/5.0 (Linux; U; Android 4.2.2; hu-hu; xTAB-7x_Quad Build/JDQ39) AppleWebKit/534.30 (KHTML, like Gecko) Version/4.0 Mobile Safari/534.30"
188.36.212.79 - - [23/Dec/2015:11:47:20 +0100] "GET /favicon.ico HTTP/1.1" 404 1181 "http://mkk.zpok.hu/hirlevel/vonattal1512.html" "Mozilla/5.0 (Linux; U; Android 4.2.2; hu-hu; xTAB-7x_Quad Build/JDQ39) AppleWebKit/534.30 (KHTML, like Gecko) Version/4.0 Mobile Safari/534.30"
80.99.171.136 - - [23/Dec/2015:11:55:17 +0100] "GET /hirlevel/vonattal1512.html HTTP/1.1" 200 36414 "http://cms.fenntarthatokozlekedesert-hu.webnode.hu/" "Mozilla/5.0 (X11; Ubuntu; Linux x86_64; rv:43.0) Gecko/20100101 Firefox/43.0"
80.99.171.136 - - [23/Dec/2015:11:55:17 +0100] "GET /hirlevel/NCTA_tamogato_es_lebonyolito_logosor.jpg HTTP/1.1" 200 22139 "http://mkk.zpok.hu/hirlevel/vonattal1512.html" "Mozilla/5.0 (X11; Ubuntu; Linux x86_64; rv:43.0) Gecko/20100101 Firefox/43.0"
80.99.171.136 - - [23/Dec/2015:11:55:17 +0100] "GET /hirlevel/images/1512_c.jpg HTTP/1.1" 200 48941 "http://mkk.zpok.hu/hirlevel/vonattal1512.html" "Mozilla/5.0 (X11; Ubuntu; Linux x86_64; rv:43.0) Gecko/20100101 Firefox/43.0"
80.99.171.136 - - [23/Dec/2015:11:55:17 +0100] "GET /hirlevel/images/1512_b.jpg HTTP/1.1" 200 129334 "http://mkk.zpok.hu/hirlevel/vonattal1512.html" "Mozilla/5.0 (X11; Ubuntu; Linux x86_64; rv:43.0) Gecko/20100101 Firefox/43.0"
80.99.171.136 - - [23/Dec/2015:11:55:17 +0100] "GET /hirlevel/images/avidekkozlekedeseert.swf HTTP/1.1" 200 5063 "http://mkk.zpok.hu/hirlevel/vonattal1512.html" "Mozilla/5.0 (X11; Ubuntu; Linux x86_64; rv:43.0) Gecko/20100101 Firefox/43.0"
80.99.171.136 - - [23/Dec/2015:11:55:17 +0100] "GET /favicon.ico HTTP/1.1" 404 1181 "-" "Mozilla/5.0 (X11; Ubuntu; Linux x86_64; rv:43.0) Gecko/20100101 Firefox/43.0"
80.99.171.136 - - [23/Dec/2015:11:55:17 +0100] "GET /favicon.ico HTTP/1.1" 404 1181 "-" "Mozilla/5.0 (X11; Ubuntu; Linux x86_64; rv:43.0) Gecko/20100101 Firefox/43.0"
66.249.64.186 - - [23/Dec/2015:11:58:03 +0100] "GET /doc/T&E_majus2009.pdf HTTP/1.1" 200 66973 "-" "Mozilla/5.0 (compatible; Googlebot/2.1; +http://www.google.com/bot.html)"
130.193.51.56 - - [23/Dec/2015:12:06:15 +0100] "GET /robots.txt HTTP/1.1" 404 1181 "-" "Mozilla/5.0 (compatible; YandexBot/3.0; +http://yandex.com/bots)"
68.180.229.230 - - [23/Dec/2015:12:09:25 +0100] "GET /hirlevel/vonattal1109.htm HTTP/1.1" 200 47571 "-" "Mozilla/5.0 (compatible; Yahoo! Slurp; http://help.yahoo.com/help/us/ysearch/slurp)"
130.193.51.56 - - [23/Dec/2015:12:10:28 +0100] "GET /hirlevel/images/1208_EMH_logo_2012_szlogen.jpg HTTP/1.1" 200 59958 "-" "Mozilla/5.0 (compatible; YandexImages/3.0; +http://yandex.com/bots)"
89.133.215.41 - - [23/Dec/2015:12:12:39 +0100] "GET /hirlevel/vonattal1512.html HTTP/1.1" 200 36414 "-" "Mozilla/5.0 (Windows NT 5.1; rv:42.0) Gecko/20100101 Firefox/42.0"
89.133.215.41 - - [23/Dec/2015:12:12:39 +0100] "GET /hirlevel/NCTA_tamogato_es_lebonyolito_logosor.jpg HTTP/1.1" 200 22139 "http://mkk.zpok.hu/hirlevel/vonattal1512.html" "Mozilla/5.0 (Windows NT 5.1; rv:42.0) Gecko/20100101 Firefox/42.0"
89.133.215.41 - - [23/Dec/2015:12:12:39 +0100] "GET /hirlevel/images/1512_c.jpg HTTP/1.1" 200 48941 "http://mkk.zpok.hu/hirlevel/vonattal1512.html" "Mozilla/5.0 (Windows NT 5.1; rv:42.0) Gecko/20100101 Firefox/42.0"
89.133.215.41 - - [23/Dec/2015:12:12:40 +0100] "GET /hirlevel/images/1512_b.jpg HTTP/1.1" 200 129334 "http://mkk.zpok.hu/hirlevel/vonattal1512.html" "Mozilla/5.0 (Windows NT 5.1; rv:42.0) Gecko/20100101 Firefox/42.0"
89.133.215.41 - - [23/Dec/2015:12:12:42 +0100] "GET /hirlevel/images/avidekkozlekedeseert.swf HTTP/1.1" 200 5063 "http://mkk.zpok.hu/hirlevel/vonattal1512.html" "Mozilla/5.0 (Windows NT 5.1; rv:42.0) Gecko/20100101 Firefox/42.0"
89.133.215.41 - - [23/Dec/2015:12:12:42 +0100] "GET /favicon.ico HTTP/1.1" 404 1181 "-" "Mozilla/5.0 (Windows NT 5.1; rv:42.0) Gecko/20100101 Firefox/42.0"
89.133.215.41 - - [23/Dec/2015:12:12:42 +0100] "GET /favicon.ico HTTP/1.1" 404 1181 "-" "Mozilla/5.0 (Windows NT 5.1; rv:42.0) Gecko/20100101 Firefox/42.0"
195.228.79.171 - - [23/Dec/2015:12:18:44 +0100] "GET /hirlevel/NCTA_tamogato_es_lebonyolito_logosor.jpg HTTP/1.1" 200 22139 "http://mkk.zpok.hu/hirlevel/vonattal1512.html" "Mozilla/5.0 (Windows NT 6.1) AppleWebKit/537.36 (KHTML, like Gecko) Chrome/47.0.2526.106 Safari/537.36"
195.228.79.171 - - [23/Dec/2015:12:18:45 +0100] "GET /hirlevel/vonattal1512.html HTTP/1.1" 200 36414 "-" "Mozilla/5.0 (Windows NT 6.1) AppleWebKit/537.36 (KHTML, like Gecko) Chrome/47.0.2526.106 Safari/537.36"
195.228.79.171 - - [23/Dec/2015:12:18:46 +0100] "GET /hirlevel/images/1512_b.jpg HTTP/1.1" 200 129334 "http://mkk.zpok.hu/hirlevel/vonattal1512.html" "Mozilla/5.0 (Windows NT 6.1) AppleWebKit/537.36 (KHTML, like Gecko) Chrome/47.0.2526.106 Safari/537.36"
195.228.79.171 - - [23/Dec/2015:12:18:48 +0100] "GET /hirlevel/images/avidekkozlekedeseert.swf HTTP/1.1" 200 5063 "http://mkk.zpok.hu/hirlevel/vonattal1512.html" "Mozilla/5.0 (Windows NT 6.1) AppleWebKit/537.36 (KHTML, like Gecko) Chrome/47.0.2526.106 Safari/537.36"
195.228.79.171 - - [23/Dec/2015:12:18:49 +0100] "GET /hirlevel/images/1512_c.jpg HTTP/1.1" 200 48941 "http://mkk.zpok.hu/hirlevel/vonattal1512.html" "Mozilla/5.0 (Windows NT 6.1) AppleWebKit/537.36 (KHTML, like Gecko) Chrome/47.0.2526.106 Safari/537.36"
195.228.79.171 - - [23/Dec/2015:12:18:49 +0100] "GET /favicon.ico HTTP/1.1" 404 1181 "http://mkk.zpok.hu/hirlevel/vonattal1512.html" "Mozilla/5.0 (Windows NT 6.1) AppleWebKit/537.36 (KHTML, like Gecko) Chrome/47.0.2526.106 Safari/537.36"
188.143.65.138 - - [23/Dec/2015:12:24:25 +0100] "GET /hirlevel/vonattal1512.html HTTP/1.1" 200 36414 "https://www.facebook.com/" "Mozilla/5.0 (Windows NT 6.3; WOW64) AppleWebKit/537.36 (KHTML, like Gecko) Chrome/47.0.2526.106 Safari/537.36"
188.143.65.138 - - [23/Dec/2015:12:24:26 +0100] "GET /hirlevel/NCTA_tamogato_es_lebonyolito_logosor.jpg HTTP/1.1" 200 22139 "http://mkk.zpok.hu/hirlevel/vonattal1512.html" "Mozilla/5.0 (Windows NT 6.3; WOW64) AppleWebKit/537.36 (KHTML, like Gecko) Chrome/47.0.2526.106 Safari/537.36"
188.143.65.138 - - [23/Dec/2015:12:24:26 +0100] "GET /hirlevel/images/1512_c.jpg HTTP/1.1" 200 48941 "http://mkk.zpok.hu/hirlevel/vonattal1512.html" "Mozilla/5.0 (Windows NT 6.3; WOW64) AppleWebKit/537.36 (KHTML, like Gecko) Chrome/47.0.2526.106 Safari/537.36"
188.143.65.138 - - [23/Dec/2015:12:24:26 +0100] "GET /hirlevel/images/1512_b.jpg HTTP/1.1" 200 129334 "http://mkk.zpok.hu/hirlevel/vonattal1512.html" "Mozilla/5.0 (Windows NT 6.3; WOW64) AppleWebKit/537.36 (KHTML, like Gecko) Chrome/47.0.2526.106 Safari/537.36"
188.143.65.138 - - [23/Dec/2015:12:24:27 +0100] "GET /hirlevel/images/avidekkozlekedeseert.swf HTTP/1.1" 200 5063 "http://mkk.zpok.hu/hirlevel/vonattal1512.html" "Mozilla/5.0 (Windows NT 6.3; WOW64) AppleWebKit/537.36 (KHTML, like Gecko) Chrome/47.0.2526.106 Safari/537.36"
188.143.65.138 - - [23/Dec/2015:12:24:27 +0100] "GET /favicon.ico HTTP/1.1" 404 1181 "http://mkk.zpok.hu/hirlevel/vonattal1512.html" "Mozilla/5.0 (Windows NT 6.3; WOW64) AppleWebKit/537.36 (KHTML, like Gecko) Chrome/47.0.2526.106 Safari/537.36"
66.249.64.186 - - [23/Dec/2015:12:36:46 +0100] "GET /doc/tisza-to_szoroanyag_2012.pdf HTTP/1.1" 304 - "-" "Mozilla/5.0 (compatible; Googlebot/2.1; +http://www.google.com/bot.html)"
66.249.64.191 - - [23/Dec/2015:12:40:24 +0100] "GET /hirlevel/vonattal0909.htm HTTP/1.1" 200 17252 "-" "Mozilla/5.0 (compatible; Googlebot/2.1; +http://www.google.com/bot.html)"
176.63.144.74 - - [23/Dec/2015:12:40:28 +0100] "GET /hirlevel/images/1009_terkep_n.jpg HTTP/1.1" 200 598267 "https://www.google.hu/" "Mozilla/5.0 (Windows NT 6.3; WOW64) AppleWebKit/537.36 (KHTML, like Gecko) Chrome/47.0.2526.106 Safari/537.36"
66.249.64.1 - - [23/Dec/2015:13:02:32 +0100] "GET /robots.txt HTTP/1.1" 404 1181 "-" "Mozilla/5.0 (compatible; Googlebot/2.1; +http://www.google.com/bot.html)"
66.249.64.1 - - [23/Dec/2015:13:02:33 +0100] "GET /doc/forum_esztergom_0911.pdf HTTP/1.1" 200 478712 "-" "Mozilla/5.0 (compatible; Googlebot/2.1; +http://www.google.com/bot.html)"
66.249.64.186 - - [23/Dec/2015:13:09:24 +0100] "GET /hirlevel/images/avidekkozlekedeseert.swf HTTP/1.1" 200 5063 "http://mkk.zpok.hu/hirlevel/vonattal1512.html" "Mozilla/5.0 (compatible; Googlebot/2.1; +http://www.google.com/bot.html)"
77.111.166.139 - - [23/Dec/2015:13:13:47 +0100] "GET /images/vasutterkep_n.jpg HTTP/1.1" 200 4702972 "-" "Mozilla/5.0 (Windows NT 5.1; rv:33.0) Gecko/20100101 Firefox/33.0"
82.131.246.88 - - [23/Dec/2015:13:17:56 +0100] "GET /hirlevel/images/1206_6.jpg HTTP/1.1" 200 181989 "http://tourhongrie.blog.hu/" "Mozilla/5.0 (Windows NT 6.1; WOW64) AppleWebKit/537.36 (KHTML, like Gecko) Chrome/47.0.2526.106 Safari/537.36"
66.249.64.186 - - [23/Dec/2015:13:20:25 +0100] "GET /doc/T&E_oktober-november2008.pdf HTTP/1.1" 200 104246 "-" "Mozilla/5.0 (compatible; Googlebot/2.1; +http://www.google.com/bot.html)"
90.230.217.149 - - [23/Dec/2015:13:23:21 +0100] "GET /images/vasutterkep_n.jpg HTTP/1.1" 200 1793957 "https://www.google.se/" "Mozilla/5.0 (Windows NT 5.1) AppleWebKit/537.36 (KHTML, like Gecko) Chrome/47.0.2526.106 Safari/537.36"
220.181.108.120 - - [23/Dec/2015:13:37:38 +0100] "GET /doc/alapsz03.pdf HTTP/1.1" 200 17167 "-" "Mozilla/5.0 (compatible; Baiduspider/2.0; +http://www.baidu.com/search/spider.html)"
195.56.182.212 - - [23/Dec/2015:13:47:26 +0100] "GET /hirlevel/vonattal1512.html HTTP/1.1" 200 36414 "-" "Mozilla/5.0 (Windows NT 6.1; Trident/7.0; rv:11.0) like Gecko"
195.56.182.212 - - [23/Dec/2015:13:47:26 +0100] "GET /hirlevel/NCTA_tamogato_es_lebonyolito_logosor.jpg HTTP/1.1" 200 22139 "http://mkk.zpok.hu/hirlevel/vonattal1512.html" "Mozilla/5.0 (Windows NT 6.1; Trident/7.0; rv:11.0) like Gecko"
195.56.182.212 - - [23/Dec/2015:13:47:27 +0100] "GET /hirlevel/images/1512_b.jpg HTTP/1.1" 200 129334 "http://mkk.zpok.hu/hirlevel/vonattal1512.html" "Mozilla/5.0 (Windows NT 6.1; Trident/7.0; rv:11.0) like Gecko"
195.56.182.212 - - [23/Dec/2015:13:47:27 +0100] "GET /hirlevel/images/1512_c.jpg HTTP/1.1" 200 48941 "http://mkk.zpok.hu/hirlevel/vonattal1512.html" "Mozilla/5.0 (Windows NT 6.1; Trident/7.0; rv:11.0) like Gecko"
195.56.182.212 - - [23/Dec/2015:13:47:27 +0100] "GET /hirlevel/images/1512_b.jpg HTTP/1.1" 200 129334 "http://mkk.zpok.hu/hirlevel/vonattal1512.html" "Mozilla/5.0 (Windows NT 6.1; Trident/7.0; rv:11.0) like Gecko"
195.56.182.212 - - [23/Dec/2015:13:47:28 +0100] "HEAD /hirlevel/images/avidekkozlekedeseert.swf HTTP/1.1" 200 0 "-" "Mozilla/5.0 (Windows NT 6.1; Trident/7.0; rv:11.0) like Gecko"
195.56.182.212 - - [23/Dec/2015:13:47:29 +0100] "GET /hirlevel/images/avidekkozlekedeseert.swf HTTP/1.1" 200 5063 "http://mkk.zpok.hu/hirlevel/vonattal1512.html" "Mozilla/5.0 (Windows NT 6.1; Trident/7.0; rv:11.0) like Gecko"
195.56.182.212 - - [23/Dec/2015:13:47:29 +0100] "HEAD /hirlevel/images/avidekkozlekedeseert.swf HTTP/1.1" 200 0 "-" "Mozilla/5.0 (Windows NT 6.1; Trident/7.0; rv:11.0) like Gecko"
195.56.182.212 - - [23/Dec/2015:13:47:29 +0100] "GET /hirlevel/images/1512_c.jpg HTTP/1.1" 200 48941 "http://mkk.zpok.hu/hirlevel/vonattal1512.html" "Mozilla/5.0 (Windows NT 6.1; Trident/7.0; rv:11.0) like Gecko"
195.56.182.212 - - [23/Dec/2015:13:47:29 +0100] "GET /favicon.ico HTTP/1.1" 404 1181 "-" "Mozilla/5.0 (Windows NT 6.1; Trident/7.0; rv:11.0) like Gecko"
195.56.182.212 - - [23/Dec/2015:13:47:30 +0100] "GET /favicon.ico HTTP/1.1" 404 1181 "-" "Mozilla/5.0 (Windows NT 6.1; Trident/7.0; rv:11.0) like Gecko"
81.183.36.135 - - [23/Dec/2015:13:59:28 +0100] "GET /images/vasutterkep_n.jpg HTTP/1.1" 200 4702972 "-" "Mozilla/5.0 (Windows NT 6.1; Trident/7.0; rv:11.0) like Gecko"
81.183.36.135 - - [23/Dec/2015:13:59:34 +0100] "GET /favicon.ico HTTP/1.1" 404 1181 "-" "Mozilla/5.0 (Windows NT 6.1; Trident/7.0; rv:11.0) like Gecko"
66.249.64.191 - - [23/Dec/2015:14:03:59 +0100] "GET /doc/MKKE_2014_OBHGEPI_PK_142_1425021032546.pdf HTTP/1.1" 200 920605 "-" "Mozilla/5.0 (compatible; Googlebot/2.1; +http://www.google.com/bot.html)"
66.249.64.191 - - [23/Dec/2015:14:14:57 +0100] "GET /doc/nogradi_terseg_1209.pdf HTTP/1.1" 304 - "-" "Mozilla/5.0 (compatible; Googlebot/2.1; +http://www.google.com/bot.html)"
66.249.64.191 - - [23/Dec/2015:14:29:30 +0100] "GET /doc/halalraitelve.pdf HTTP/1.1" 200 37180 "-" "Mozilla/5.0 (compatible; Googlebot/2.1; +http://www.google.com/bot.html)"
207.46.13.95 - - [23/Dec/2015:14:36:31 +0100] "GET /robots.txt HTTP/1.1" 404 1181 "-" "Mozilla/5.0 (compatible; bingbot/2.0; +http://www.bing.com/bingbot.htm)"
207.46.13.95 - - [23/Dec/2015:14:36:51 +0100] "GET /doc/vonattal_tisza-tohoz_2010.pdf HTTP/1.1" 200 558271 "-" "Mozilla/5.0 (iPhone; CPU iPhone OS 7_0 like Mac OS X) AppleWebKit/537.51.1 (KHTML, like Gecko) Version/7.0 Mobile/11A465 Safari/9537.53 (compatible; bingbot/2.0; http://www.bing.com/bingbot.htm)"
207.46.13.99 - - [23/Dec/2015:14:49:22 +0100] "GET /hirlevel/vonattal1512.html HTTP/1.1" 200 36414 "-" "Mozilla/5.0 (compatible; bingbot/2.0; +http://www.bing.com/bingbot.htm)"
207.46.13.95 - - [23/Dec/2015:14:50:43 +0100] "GET /robots.txt HTTP/1.1" 404 1181 "-" "Mozilla/5.0 (compatible; bingbot/2.0; +http://www.bing.com/bingbot.htm)"
207.46.13.95 - - [23/Dec/2015:14:50:51 +0100] "GET / HTTP/1.1" 200 1178 "-" "Mozilla/5.0 (compatible; bingbot/2.0; +http://www.bing.com/bingbot.htm)"
66.249.64.181 - - [23/Dec/2015:15:00:12 +0100] "GET /doc/tisza-to_szoroanyag_2012.pdf HTTP/1.1" 304 - "-" "Mozilla/5.0 (compatible; Googlebot/2.1; +http://www.google.com/bot.html)"
207.241.231.246 - - [23/Dec/2015:15:14:07 +0100] "GET /robots.txt HTTP/1.1" 404 1181 "-" "Mozilla/5.0 (compatible; archive.org_bot; Wayback Machine Live Record; +http://archive.org/details/archive.org_bot)"
66.249.64.186 - - [23/Dec/2015:15:21:51 +0100] "GET /doc/nogradi_terseg_1209.pdf HTTP/1.1" 304 - "-" "Mozilla/5.0 (compatible; Googlebot/2.1; +http://www.google.com/bot.html)"
68.180.229.230 - - [23/Dec/2015:15:23:37 +0100] "GET /doc/ombudsman_0711.pdf HTTP/1.1" 304 - "-" "Mozilla/5.0 (compatible; Yahoo! Slurp; http://help.yahoo.com/help/us/ysearch/slurp)"
207.46.13.95 - - [23/Dec/2015:15:32:41 +0100] "GET /robots.txt HTTP/1.1" 404 1181 "-" "Mozilla/5.0 (compatible; bingbot/2.0; +http://www.bing.com/bingbot.htm)"
207.46.13.95 - - [23/Dec/2015:15:32:44 +0100] "GET /doc/plakat_veszprem_120620.pdf HTTP/1.1" 304 - "-" "Mozilla/5.0 (compatible; bingbot/2.0; +http://www.bing.com/bingbot.htm)"
188.142.253.152 - - [23/Dec/2015:15:37:00 +0100] "GET /images/vasutterkep_n.jpg HTTP/1.1" 200 4702972 "https://www.google.hu" "Mozilla/5.0 (Windows NT 6.1; rv:43.0) Gecko/20100101 Firefox/43.0"
89.133.32.80 - - [23/Dec/2015:15:38:07 +0100] "GET /images/vasutterkep_n.jpg HTTP/1.1" 200 4702972 "http://www.bing.com/images/search?q=aut%c3%b3p%c3%a1lya+matrica+%c3%a1rak&view=detailv2&&id=C6358021336228F7FA94620E4210A03B330882BA&selectedIndex=47&ccid=qv8pYldK&simid=607994720857949452&thid=OIP.Maaff2962574a08e463e9a2297407663eo0&mode=overlay" "Mozilla/5.0 (Windows NT 10.0; Win64; x64) AppleWebKit/537.36 (KHTML, like Gecko) Chrome/46.0.2486.0 Safari/537.36 Edge/13.10586"
207.46.13.121 - - [23/Dec/2015:15:54:16 +0100] "GET /doc/s-bahn.pdf HTTP/1.1" 200 97892 "-" "Mozilla/5.0 (iPhone; CPU iPhone OS 7_0 like Mac OS X) AppleWebKit/537.51.1 (KHTML, like Gecko) Version/7.0 Mobile/11A465 Safari/9537.53 (compatible; bingbot/2.0; http://www.bing.com/bingbot.htm)"
213.222.155.75 - - [23/Dec/2015:15:58:36 +0100] "GET /images/vasutterkep_n.jpg HTTP/1.1" 200 4702972 "-" "Mozilla/5.0 (Windows NT 6.3; WOW64; Trident/7.0; rv:11.0) like Gecko"
80.98.233.229 - - [23/Dec/2015:16:00:50 +0100] "GET /hirlevel/images/1009_terkep_n.jpg HTTP/1.1" 200 598267 "https://www.google.hu/" "Mozilla/5.0 (Windows NT 6.1) AppleWebKit/537.36 (KHTML, like Gecko) Chrome/47.0.2526.106 Safari/537.36"
109.61.41.120 - - [23/Dec/2015:16:02:41 +0100] "GET /images/vasutterkep_n.jpg HTTP/1.1" 200 4702972 "https://www.bing.com/" "Mozilla/5.0 (Windows NT 10.0) AppleWebKit/537.36 (KHTML, like Gecko) Chrome/46.0.2486.0 Safari/537.36 Edge/13.10586"
207.46.13.95 - - [23/Dec/2015:16:18:02 +0100] "GET /robots.txt HTTP/1.1" 404 1181 "-" "Mozilla/5.0 (compatible; bingbot/2.0; +http://www.bing.com/bingbot.htm)"
207.46.13.95 - - [23/Dec/2015:16:18:13 +0100] "GET /doc/emlekezteto_tatabanya_0327.pdf HTTP/1.1" 200 170585 "-" "Mozilla/5.0 (iPhone; CPU iPhone OS 7_0 like Mac OS X) AppleWebKit/537.51.1 (KHTML, like Gecko) Version/7.0 Mobile/11A465 Safari/9537.53 (compatible; bingbot/2.0; http://www.bing.com/bingbot.htm)"
180.76.15.31 - - [23/Dec/2015:16:20:33 +0100] "GET /doc/vonatrafel_c.pdf HTTP/1.1" 200 589824 "-" "Mozilla/5.0 (compatible; Baiduspider/2.0; +http://www.baidu.com/search/spider.html)"
72.209.29.110 - - [23/Dec/2015:16:53:54 +0100] "GET /images/vasutterkep_n.jpg HTTP/1.1" 200 2649517 "-" "Mozilla/5.0 (compatible; MSIE 10.0; Windows NT 6.1; WOW64; Trident/6.0)"
72.209.29.110 - - [23/Dec/2015:16:54:03 +0100] "GET /images/vasutterkep_n.jpg HTTP/1.1" 206 2216007 "-" "Mozilla/5.0 (compatible; MSIE 10.0; Windows NT 6.1; WOW64; Trident/6.0)"
68.180.228.34 - - [23/Dec/2015:17:57:00 +0100] "GET /hirlevel/vonattal1506.html HTTP/1.1" 200 19070 "-" "Mozilla/5.0 (compatible; Yahoo! Slurp; http://help.yahoo.com/help/us/ysearch/slurp)"
217.12.59.182 - - [23/Dec/2015:18:01:32 +0100] "GET /images/vasutterkep_n.jpg HTTP/1.1" 200 4702972 "-" "Mozilla/5.0 (Linux; Android 4.4.4; MediaPad T1 8.0 Pro Build/HuaweiMediaPad) AppleWebKit/537.36 (KHTML, like Gecko) Version/4.0 Chrome/33.0.0.0 Safari/537.36 GSA/3.6.14.1337016.arm"
91.83.45.42 - - [23/Dec/2015:18:08:05 +0100] "HEAD /hirlevel/vonattal1512.TARTALOM\xc3\x9aj HTTP/1.1" 404 0 "-" "-"
91.83.45.42 - - [23/Dec/2015:18:08:05 +0100] "HEAD / HTTP/1.1" 200 0 "-" "-"
79.122.26.139 - - [23/Dec/2015:18:08:32 +0100] "GET /hirlevel/vonattal1512.html HTTP/1.1" 200 36414 "http://inda02.indamail.hu/index.php?utm_source=google&utm_medium=organic&utm_content=&utm_campaign=(organic)&nav=" "Mozilla/5.0 (Windows NT 10.0; WOW64) AppleWebKit/537.36 (KHTML, like Gecko) Chrome/47.0.2526.106 Safari/537.36"
79.122.26.139 - - [23/Dec/2015:18:08:32 +0100] "GET /hirlevel/NCTA_tamogato_es_lebonyolito_logosor.jpg HTTP/1.1" 200 22139 "http://mkk.zpok.hu/hirlevel/vonattal1512.html" "Mozilla/5.0 (Windows NT 10.0; WOW64) AppleWebKit/537.36 (KHTML, like Gecko) Chrome/47.0.2526.106 Safari/537.36"
79.122.26.139 - - [23/Dec/2015:18:08:32 +0100] "GET /hirlevel/images/1512_c.jpg HTTP/1.1" 200 48941 "http://mkk.zpok.hu/hirlevel/vonattal1512.html" "Mozilla/5.0 (Windows NT 10.0; WOW64) AppleWebKit/537.36 (KHTML, like Gecko) Chrome/47.0.2526.106 Safari/537.36"
79.122.26.139 - - [23/Dec/2015:18:08:32 +0100] "GET /hirlevel/images/1512_b.jpg HTTP/1.1" 200 129334 "http://mkk.zpok.hu/hirlevel/vonattal1512.html" "Mozilla/5.0 (Windows NT 10.0; WOW64) AppleWebKit/537.36 (KHTML, like Gecko) Chrome/47.0.2526.106 Safari/537.36"
79.122.26.139 - - [23/Dec/2015:18:08:33 +0100] "GET /favicon.ico HTTP/1.1" 404 1181 "http://mkk.zpok.hu/hirlevel/vonattal1512.html" "Mozilla/5.0 (Windows NT 10.0; WOW64) AppleWebKit/537.36 (KHTML, like Gecko) Chrome/47.0.2526.106 Safari/537.36"
79.122.26.139 - - [23/Dec/2015:18:08:33 +0100] "GET /hirlevel/images/avidekkozlekedeseert.swf HTTP/1.1" 200 5063 "http://mkk.zpok.hu/hirlevel/vonattal1512.html" "Mozilla/5.0 (Windows NT 10.0; WOW64) AppleWebKit/537.36 (KHTML, like Gecko) Chrome/47.0.2526.106 Safari/537.36"
66.249.64.216 - - [23/Dec/2015:18:12:21 +0100] "GET /doc/T&E_junius2009.pdf HTTP/1.1" 200 68179 "-" "Mozilla/5.0 (compatible; Googlebot/2.1; +http://www.google.com/bot.html)"
183.79.221.176 - - [23/Dec/2015:18:12:35 +0100] "GET /robots.txt HTTP/1.0" 404 1181 "-" "Y!J-ASR/0.1 crawler (http://www.yahoo-help.jp/app/answers/detail/p/595/a_id/42716/)"
183.79.221.176 - - [23/Dec/2015:18:12:36 +0100] "GET /hirlevel/vonattal0907.htm HTTP/1.0" 200 33088 "-" "Y!J-ASR/0.1 crawler (http://www.yahoo-help.jp/app/answers/detail/p/595/a_id/42716/)"
66.249.64.216 - - [23/Dec/2015:18:17:44 +0100] "GET /doc/fogadj_orokbe_egy_allomast.doc HTTP/1.1" 200 195072 "-" "SAMSUNG-SGH-E250/1.0 Profile/MIDP-2.0 Configuration/CLDC-1.1 UP.Browser/6.2.3.3.c.1.101 (GUI) MMP/2.0 (compatible; Googlebot-Mobile/2.1; +http://www.google.com/bot.html)"
93.142.228.93 - - [23/Dec/2015:18:19:54 +0100] "GET /doc/b2_2010.pdf HTTP/1.1" 404 1181 "-" "Mozilla/5.0 (X11; Ubuntu; Linux x86_64; rv:43.0) Gecko/20100101 Firefox/43.0"
93.142.228.93 - - [23/Dec/2015:18:19:54 +0100] "GET /favicon.ico HTTP/1.1" 404 1181 "-" "Mozilla/5.0 (X11; Ubuntu; Linux x86_64; rv:43.0) Gecko/20100101 Firefox/43.0"
93.142.228.93 - - [23/Dec/2015:18:19:55 +0100] "GET /favicon.ico HTTP/1.1" 404 1181 "-" "Mozilla/5.0 (X11; Ubuntu; Linux x86_64; rv:43.0) Gecko/20100101 Firefox/43.0"
66.249.64.216 - - [23/Dec/2015:18:31:12 +0100] "GET /doc/ipoly_201109.pdf HTTP/1.1" 304 - "-" "Mozilla/5.0 (iPhone; CPU iPhone OS 8_3 like Mac OS X) AppleWebKit/600.1.4 (KHTML, like Gecko) Version/8.0 Mobile/12F70 Safari/600.1.4 (compatible; Googlebot/2.1; +http://www.google.com/bot.html)"
165.225.80.104 - - [23/Dec/2015:18:35:53 +0100] "GET /images/vasutterkep_n.jpg HTTP/1.1" 200 1054521 "https://www.google.hu/" "Mozilla/5.0 (Windows NT 6.1) AppleWebKit/537.36 (KHTML, like Gecko) Chrome/47.0.2526.106 Safari/537.36"
165.225.80.104 - - [23/Dec/2015:18:35:57 +0100] "GET /images/vasutterkep_n.jpg HTTP/1.1" 206 1 "https://www.google.hu/" "Mozilla/5.0 (Windows NT 6.1) AppleWebKit/537.36 (KHTML, like Gecko) Chrome/47.0.2526.106 Safari/537.36"
165.225.80.104 - - [23/Dec/2015:18:35:58 +0100] "GET /images/vasutterkep_n.jpg HTTP/1.1" 206 598712 "https://www.google.hu/" "Mozilla/5.0 (Windows NT 6.1) AppleWebKit/537.36 (KHTML, like Gecko) Chrome/47.0.2526.106 Safari/537.36"
207.46.13.95 - - [23/Dec/2015:19:01:07 +0100] "GET /robots.txt HTTP/1.1" 404 1181 "-" "Mozilla/5.0 (compatible; bingbot/2.0; +http://www.bing.com/bingbot.htm)"
207.46.13.95 - - [23/Dec/2015:19:01:38 +0100] "GET /doc/b2_2012_03.pdf HTTP/1.1" 200 1080459 "-" "Mozilla/5.0 (iPhone; CPU iPhone OS 7_0 like Mac OS X) AppleWebKit/537.51.1 (KHTML, like Gecko) Version/7.0 Mobile/11A465 Safari/9537.53 (compatible; bingbot/2.0; http://www.bing.com/bingbot.htm)"
217.12.58.33 - - [23/Dec/2015:19:09:51 +0100] "GET /images/vasutterkep_n.jpg HTTP/1.1" 200 4423417 "https://www.google.hu" "Mozilla/5.0 (Windows NT 6.1; WOW64; rv:43.0) Gecko/20100101 Firefox/43.0"
180.76.15.152 - - [23/Dec/2015:19:45:08 +0100] "GET / HTTP/1.1" 200 1178 "-" "Mozilla/5.0 (compatible; Baiduspider/2.0; +http://www.baidu.com/search/spider.html)"
68.180.228.34 - - [23/Dec/2015:19:51:52 +0100] "GET /robots.txt HTTP/1.1" 404 1181 "-" "Mozilla/5.0 (compatible; Yahoo! Slurp; http://help.yahoo.com/help/us/ysearch/slurp)"
68.180.228.34 - - [23/Dec/2015:19:51:53 +0100] "GET /hirlevel/vonattal1409.html HTTP/1.1" 200 32865 "-" "Mozilla/5.0 (compatible; Yahoo! Slurp; http://help.yahoo.com/help/us/ysearch/slurp)"
207.46.13.121 - - [23/Dec/2015:19:53:43 +0100] "GET /robots.txt HTTP/1.1" 404 1181 "-" "Mozilla/5.0 (compatible; bingbot/2.0; +http://www.bing.com/bingbot.htm)"
207.46.13.121 - - [23/Dec/2015:19:54:24 +0100] "GET /hirlevel/vonattal1503.html HTTP/1.1" 200 21721 "-" "Mozilla/5.0 (iPhone; CPU iPhone OS 7_0 like Mac OS X) AppleWebKit/537.51.1 (KHTML, like Gecko) Version/7.0 Mobile/11A465 Safari/9537.53 (compatible; bingbot/2.0; http://www.bing.com/bingbot.htm)"
207.46.13.99 - - [23/Dec/2015:19:55:19 +0100] "GET /robots.txt HTTP/1.1" 404 1181 "-" "Mozilla/5.0 (compatible; bingbot/2.0; +http://www.bing.com/bingbot.htm)"
207.46.13.99 - - [23/Dec/2015:20:01:23 +0100] "GET /hirlevel/images/avidekkozlekedeseert.swf HTTP/1.1" 200 5063 "-" "Mozilla/5.0 (iPhone; CPU iPhone OS 7_0 like Mac OS X) AppleWebKit/537.51.1 (KHTML, like Gecko) Version/7.0 Mobile/11A465 Safari/9537.53 (compatible; bingbot/2.0; +http://www.bing.com/bingbot.htm)"
207.46.13.99 - - [23/Dec/2015:20:01:26 +0100] "GET /doc/vasutbezarasok_200710.pdf HTTP/1.1" 200 73986 "-" "Mozilla/5.0 (iPhone; CPU iPhone OS 7_0 like Mac OS X) AppleWebKit/537.51.1 (KHTML, like Gecko) Version/7.0 Mobile/11A465 Safari/9537.53 (compatible; bingbot/2.0; http://www.bing.com/bingbot.htm)"
66.249.64.211 - - [23/Dec/2015:20:09:50 +0100] "GET /doc/A_kozlekedesmenedzsment_korszeru_eszkozei.pdf HTTP/1.1" 200 8299010 "-" "Mozilla/5.0 (compatible; Googlebot/2.1; +http://www.google.com/bot.html)"
157.55.39.214 - - [23/Dec/2015:20:11:33 +0100] "GET /robots.txt HTTP/1.1" 404 1181 "-" "Mozilla/5.0 (compatible; bingbot/2.0; +http://www.bing.com/bingbot.htm)"
157.55.39.214 - - [23/Dec/2015:20:11:58 +0100] "GET /hirlevel/vonattal1207.htm HTTP/1.1" 200 57936 "-" "Mozilla/5.0 (compatible; bingbot/2.0; +http://www.bing.com/bingbot.htm)"
180.76.15.24 - - [23/Dec/2015:20:18:40 +0100] "GET /doc/sikeres_varos.pdf HTTP/1.1" 200 622592 "-" "Mozilla/5.0 (compatible; Baiduspider/2.0; +http://www.baidu.com/search/spider.html)"
81.182.202.133 - - [23/Dec/2015:20:24:05 +0100] "GET /hirlevel/images/0912h.jpg HTTP/1.1" 200 33036 "https://www.google.hu/" "Mozilla/5.0 (Windows NT 6.1; WOW64) AppleWebKit/537.36 (KHTML, like Gecko) Chrome/47.0.2526.106 Safari/537.36"
207.46.13.95 - - [23/Dec/2015:20:27:55 +0100] "GET /robots.txt HTTP/1.1" 404 1181 "-" "Mozilla/5.0 (compatible; bingbot/2.0; +http://www.bing.com/bingbot.htm)"
207.46.13.95 - - [23/Dec/2015:20:28:06 +0100] "GET /hirlevel/images/vonattal.swf HTTP/1.1" 200 697 "-" "Mozilla/5.0 (compatible; bingbot/2.0; +http://www.bing.com/bingbot.htm)"
180.76.15.153 - - [23/Dec/2015:20:33:30 +0100] "GET / HTTP/1.1" 200 1178 "-" "Mozilla/5.0 (compatible; Baiduspider/2.0; +http://www.baidu.com/search/spider.html)"
207.46.13.95 - - [23/Dec/2015:20:43:27 +0100] "GET / HTTP/1.1" 200 1178 "-" "Mozilla/5.0 (compatible; bingbot/2.0; +http://www.bing.com/bingbot.htm)"
157.55.12.65 - - [23/Dec/2015:20:55:50 +0100] "GET /hirlevel/images/avidekkozlekedeseert.swf HTTP/1.1" 200 5063 "http://mkk.zpok.hu/hirlevel/images/avidekkozlekedeseert.swf" "Mozilla/5.0 (iPhone; CPU iPhone OS 7_0 like Mac OS X) AppleWebKit/537.51.1 (KHTML, like Gecko) Version/7.0 Mobile/11A465 Safari/9537.53 BingPreview/1.0b"
66.249.64.206 - - [23/Dec/2015:20:57:30 +0100] "GET /hirlevel/mateszakla-vasuti-kiallitas_1110.pdf HTTP/1.1" 200 56547 "-" "Mozilla/5.0 (compatible; Googlebot/2.1; +http://www.google.com/bot.html)"
46.107.241.57 - - [23/Dec/2015:21:01:43 +0100] "GET /hirlevel/vonattal1512.html HTTP/1.1" 200 36414 "-" "Mozilla/5.0 (Windows NT 6.1) AppleWebKit/537.36 (KHTML, like Gecko) Chrome/47.0.2526.106 Safari/537.36"
46.107.241.57 - - [23/Dec/2015:21:01:43 +0100] "GET /hirlevel/NCTA_tamogato_es_lebonyolito_logosor.jpg HTTP/1.1" 200 22139 "http://mkk.zpok.hu/hirlevel/vonattal1512.html" "Mozilla/5.0 (Windows NT 6.1) AppleWebKit/537.36 (KHTML, like Gecko) Chrome/47.0.2526.106 Safari/537.36"
46.107.241.57 - - [23/Dec/2015:21:01:44 +0100] "GET /hirlevel/images/1512_c.jpg HTTP/1.1" 200 48941 "http://mkk.zpok.hu/hirlevel/vonattal1512.html" "Mozilla/5.0 (Windows NT 6.1) AppleWebKit/537.36 (KHTML, like Gecko) Chrome/47.0.2526.106 Safari/537.36"
46.107.241.57 - - [23/Dec/2015:21:01:44 +0100] "GET /hirlevel/images/1512_b.jpg HTTP/1.1" 200 129334 "http://mkk.zpok.hu/hirlevel/vonattal1512.html" "Mozilla/5.0 (Windows NT 6.1) AppleWebKit/537.36 (KHTML, like Gecko) Chrome/47.0.2526.106 Safari/537.36"
46.107.241.57 - - [23/Dec/2015:21:01:50 +0100] "GET /favicon.ico HTTP/1.1" 404 1181 "http://mkk.zpok.hu/hirlevel/vonattal1512.html" "Mozilla/5.0 (Windows NT 6.1) AppleWebKit/537.36 (KHTML, like Gecko) Chrome/47.0.2526.106 Safari/537.36"
46.107.241.57 - - [23/Dec/2015:21:01:50 +0100] "GET /hirlevel/images/avidekkozlekedeseert.swf HTTP/1.1" 200 5063 "http://mkk.zpok.hu/hirlevel/vonattal1512.html" "Mozilla/5.0 (Windows NT 6.1) AppleWebKit/537.36 (KHTML, like Gecko) Chrome/47.0.2526.106 Safari/537.36"
79.120.200.26 - - [23/Dec/2015:21:08:07 +0100] "GET /images/vasutterkep_n.jpg HTTP/1.1" 200 4702972 "-" "Mozilla/5.0 (Windows NT 5.1; rv:43.0) Gecko/20100101 Firefox/43.0"
79.120.200.26 - - [23/Dec/2015:21:08:39 +0100] "GET /images/vasutterkep_n.jpg HTTP/1.1" 200 159457 "https://www.google.hu" "Mozilla/5.0 (Windows NT 5.1; rv:43.0) Gecko/20100101 Firefox/43.0"
79.120.200.26 - - [23/Dec/2015:21:08:39 +0100] "GET /favicon.ico HTTP/1.1" 404 1181 "-" "Mozilla/5.0 (Windows NT 5.1; rv:43.0) Gecko/20100101 Firefox/43.0"
79.120.200.26 - - [23/Dec/2015:21:08:39 +0100] "GET /favicon.ico HTTP/1.1" 404 1181 "-" "Mozilla/5.0 (Windows NT 5.1; rv:43.0) Gecko/20100101 Firefox/43.0"
79.120.200.26 - - [23/Dec/2015:21:10:54 +0100] "GET /images/vasutterkep_n.jpg HTTP/1.1" 200 4702972 "-" "Mozilla/5.0 (Windows NT 5.1) AppleWebKit/537.36 (KHTML, like Gecko) Chrome/47.0.2526.106 Safari/537.36"
79.120.200.26 - - [23/Dec/2015:21:10:55 +0100] "GET /favicon.ico HTTP/1.1" 404 1181 "http://www.mkk.zpok.hu/images/vasutterkep_n.jpg" "Mozilla/5.0 (Windows NT 5.1) AppleWebKit/537.36 (KHTML, like Gecko) Chrome/47.0.2526.106 Safari/537.36"
66.249.64.127 - - [23/Dec/2015:21:26:58 +0100] "GET /hirlevel/vonattal1109.htm HTTP/1.1" 200 47571 "-" "DoCoMo/2.0 N905i(c100;TB;W24H16) (compatible; Googlebot-Mobile/2.1; +http://www.google.com/bot.html)"
188.6.226.33 - - [23/Dec/2015:21:40:22 +0100] "GET /hirlevel/vonattal1512.html HTTP/1.1" 200 36414 "-" "Mozilla/5.0 (Windows NT 6.1; rv:42.0) Gecko/20100101 Firefox/42.0"
188.6.226.33 - - [23/Dec/2015:21:40:23 +0100] "GET /hirlevel/NCTA_tamogato_es_lebonyolito_logosor.jpg HTTP/1.1" 200 22139 "http://mkk.zpok.hu/hirlevel/vonattal1512.html" "Mozilla/5.0 (Windows NT 6.1; rv:42.0) Gecko/20100101 Firefox/42.0"
188.6.226.33 - - [23/Dec/2015:21:40:23 +0100] "GET /hirlevel/images/1512_c.jpg HTTP/1.1" 200 48941 "http://mkk.zpok.hu/hirlevel/vonattal1512.html" "Mozilla/5.0 (Windows NT 6.1; rv:42.0) Gecko/20100101 Firefox/42.0"
188.6.226.33 - - [23/Dec/2015:21:40:23 +0100] "GET /hirlevel/images/1512_b.jpg HTTP/1.1" 200 129334 "http://mkk.zpok.hu/hirlevel/vonattal1512.html" "Mozilla/5.0 (Windows NT 6.1; rv:42.0) Gecko/20100101 Firefox/42.0"
188.6.226.33 - - [23/Dec/2015:21:40:25 +0100] "GET /hirlevel/images/avidekkozlekedeseert.swf HTTP/1.1" 200 5063 "http://mkk.zpok.hu/hirlevel/vonattal1512.html" "Mozilla/5.0 (Windows NT 6.1; rv:42.0) Gecko/20100101 Firefox/42.0"
188.6.226.33 - - [23/Dec/2015:21:40:25 +0100] "GET /favicon.ico HTTP/1.1" 404 1181 "-" "Mozilla/5.0 (Windows NT 6.1; rv:42.0) Gecko/20100101 Firefox/42.0"
188.6.226.33 - - [23/Dec/2015:21:40:25 +0100] "GET /favicon.ico HTTP/1.1" 404 1181 "-" "Mozilla/5.0 (Windows NT 6.1; rv:42.0) Gecko/20100101 Firefox/42.0"
66.249.64.211 - - [23/Dec/2015:21:52:46 +0100] "GET /robots.txt HTTP/1.1" 404 1181 "-" "Mozilla/5.0 (compatible; Googlebot/2.1; +http://www.google.com/bot.html)"
66.249.64.211 - - [23/Dec/2015:21:52:46 +0100] "GET /doc/T&E_marcius2009.pdf HTTP/1.1" 200 59278 "-" "Mozilla/5.0 (compatible; Googlebot/2.1; +http://www.google.com/bot.html)"
88.212.40.178 - - [23/Dec/2015:22:09:26 +0100] "GET /images/vasutterkep_n.jpg HTTP/1.1" 200 4702972 "https://www.google.sk" "Mozilla/5.0 (Windows NT 10.0; WOW64; rv:43.0) Gecko/20100101 Firefox/43.0"
79.122.24.62 - - [23/Dec/2015:22:10:43 +0100] "GET /images/vasutterkep_n.jpg HTTP/1.1" 200 3173857 "-" "Mozilla/5.0 (Windows NT 6.3; WOW64; Trident/7.0; rv:11.0) like Gecko"
79.122.24.62 - - [23/Dec/2015:22:10:51 +0100] "GET /images/vasutterkep_n.jpg HTTP/1.1" 206 1674635 "-" "Mozilla/5.0 (Windows NT 6.3; WOW64; Trident/7.0; rv:11.0) like Gecko"
123.125.71.21 - - [23/Dec/2015:22:14:00 +0100] "GET /doc/ideigl_vedettseg.pdf HTTP/1.1" 200 864830 "-" "Mozilla/5.0 (compatible; Baiduspider/2.0; +http://www.baidu.com/search/spider.html)"
31.46.242.235 - - [23/Dec/2015:22:20:33 +0100] "GET /hirlevel/NCTA_tamogato_es_lebonyolito_logosor.jpg HTTP/1.1" 200 22139 "http://mkk.zpok.hu/hirlevel/vonattal1512.html" "Mozilla/5.0 (Windows NT 10.0; WOW64) AppleWebKit/537.36 (KHTML, like Gecko) Chrome/47.0.2526.106 Safari/537.36"
31.46.242.235 - - [23/Dec/2015:22:20:33 +0100] "GET /hirlevel/vonattal1512.html HTTP/1.1" 200 36414 "-" "Mozilla/5.0 (Windows NT 10.0; WOW64) AppleWebKit/537.36 (KHTML, like Gecko) Chrome/47.0.2526.106 Safari/537.36"
31.46.242.235 - - [23/Dec/2015:22:20:33 +0100] "GET /hirlevel/images/1512_c.jpg HTTP/1.1" 200 48941 "http://mkk.zpok.hu/hirlevel/vonattal1512.html" "Mozilla/5.0 (Windows NT 10.0; WOW64) AppleWebKit/537.36 (KHTML, like Gecko) Chrome/47.0.2526.106 Safari/537.36"
31.46.242.235 - - [23/Dec/2015:22:20:34 +0100] "GET /hirlevel/images/1512_b.jpg HTTP/1.1" 200 129334 "http://mkk.zpok.hu/hirlevel/vonattal1512.html" "Mozilla/5.0 (Windows NT 10.0; WOW64) AppleWebKit/537.36 (KHTML, like Gecko) Chrome/47.0.2526.106 Safari/537.36"
31.46.242.235 - - [23/Dec/2015:22:20:37 +0100] "GET /hirlevel/images/avidekkozlekedeseert.swf HTTP/1.1" 200 5063 "http://mkk.zpok.hu/hirlevel/vonattal1512.html" "Mozilla/5.0 (Windows NT 10.0; WOW64) AppleWebKit/537.36 (KHTML, like Gecko) Chrome/47.0.2526.106 Safari/537.36"
31.46.242.235 - - [23/Dec/2015:22:20:38 +0100] "GET /favicon.ico HTTP/1.1" 404 1181 "http://mkk.zpok.hu/hirlevel/vonattal1512.html" "Mozilla/5.0 (Windows NT 10.0; WOW64) AppleWebKit/537.36 (KHTML, like Gecko) Chrome/47.0.2526.106 Safari/537.36"
66.249.64.206 - - [23/Dec/2015:22:22:09 +0100] "GET /hirlevel/images/1512_b.jpg HTTP/1.1" 200 129334 "-" "Googlebot-Image/1.0"
31.46.242.235 - - [23/Dec/2015:22:22:52 +0100] "GET /favicon.ico HTTP/1.1" 404 1181 "http://mkk.zpok.hu/hirlevel/vonattal1512.html" "Mozilla/5.0 (Windows NT 10.0; WOW64) AppleWebKit/537.36 (KHTML, like Gecko) Chrome/47.0.2526.106 Safari/537.36"
81.182.9.36 - - [23/Dec/2015:22:37:10 +0100] "GET /hirlevel/vonattal1505.html HTTP/1.1" 200 31133 "https://www.google.hu/" "Mozilla/5.0 (Windows NT 6.1) AppleWebKit/537.36 (KHTML, like Gecko) Chrome/47.0.2526.106 Safari/537.36"
81.182.9.36 - - [23/Dec/2015:22:37:10 +0100] "GET /hirlevel/NCTA_tamogato_es_lebonyolito_logosor.jpg HTTP/1.1" 200 22139 "http://mkk.zpok.hu/hirlevel/vonattal1505.html" "Mozilla/5.0 (Windows NT 6.1) AppleWebKit/537.36 (KHTML, like Gecko) Chrome/47.0.2526.106 Safari/537.36"
81.182.9.36 - - [23/Dec/2015:22:37:10 +0100] "GET /hirlevel/images/jaszboldoghaza.jpg HTTP/1.1" 200 101033 "http://mkk.zpok.hu/hirlevel/vonattal1505.html" "Mozilla/5.0 (Windows NT 6.1) AppleWebKit/537.36 (KHTML, like Gecko) Chrome/47.0.2526.106 Safari/537.36"
81.182.9.36 - - [23/Dec/2015:22:37:10 +0100] "GET /hirlevel/images/gadoros.png HTTP/1.1" 200 111355 "http://mkk.zpok.hu/hirlevel/vonattal1505.html" "Mozilla/5.0 (Windows NT 6.1) AppleWebKit/537.36 (KHTML, like Gecko) Chrome/47.0.2526.106 Safari/537.36"
193.226.218.10 - - [23/Dec/2015:22:49:05 +0100] "GET /images/vasutterkep_n.jpg HTTP/1.1" 200 4702972 "-" "Mozilla/5.0 (compatible; MSIE 9.0; Windows NT 6.1; Trident/5.0)"
66.249.64.206 - - [23/Dec/2015:22:57:26 +0100] "GET /hirlevel/utasf_1205.pdf HTTP/1.1" 200 543636 "-" "SAMSUNG-SGH-E250/1.0 Profile/MIDP-2.0 Configuration/CLDC-1.1 UP.Browser/6.2.3.3.c.1.101 (GUI) MMP/2.0 (compatible; Googlebot-Mobile/2.1; +http://www.google.com/bot.html)"
66.249.64.1 - - [23/Dec/2015:22:58:45 +0100] "GET /doc/sajtonyilatkozat_0922.pdf HTTP/1.1" 200 39581 "-" "Mozilla/5.0 (iPhone; CPU iPhone OS 8_3 like Mac OS X) AppleWebKit/600.1.4 (KHTML, like Gecko) Version/8.0 Mobile/12F70 Safari/600.1.4 (compatible; Googlebot/2.1; +http://www.google.com/bot.html)"
68.180.228.34 - - [23/Dec/2015:23:23:51 +0100] "GET /doc/tour_201107.pdf HTTP/1.1" 200 71652 "-" "Mozilla/5.0 (compatible; Yahoo! Slurp; http://help.yahoo.com/help/us/ysearch/slurp)"
66.249.64.216 - - [23/Dec/2015:23:29:50 +0100] "GET /doc/T&E_aprilis2009.pdf HTTP/1.1" 200 63207 "-" "Mozilla/5.0 (compatible; Googlebot/2.1; +http://www.google.com/bot.html)"
80.98.231.136 - - [23/Dec/2015:23:33:49 +0100] "GET /images/vasutterkep_n.jpg HTTP/1.1" 200 4702972 "-" "Mozilla/5.0 (Linux; Android 4.4.2; SM-G900F Build/KOT49H) AppleWebKit/537.36 (KHTML, like Gecko) Version/4.0 Chrome/30.0.0.0 Mobile Safari/537.36 GSA/5.7.14.19.arm"
91.104.65.34 - - [23/Dec/2015:23:39:03 +0100] "GET /hirlevel/vonattal1512.html HTTP/1.1" 200 36414 "http://www.google.com/url?q=http%3A%2F%2Fmkk.zpok.hu%2Fhirlevel%2Fvonattal1512.html&sa=D&sntz=1&usg=AFQjCNFZ-19oGu_UMoZtpfsNCXj5BgTNrw" "Mozilla/5.0 (X11; Linux i686; rv:42.0) Gecko/20100101 Firefox/42.0 Iceweasel/42.0"
91.104.65.34 - - [23/Dec/2015:23:39:03 +0100] "GET /hirlevel/NCTA_tamogato_es_lebonyolito_logosor.jpg HTTP/1.1" 200 22139 "http://mkk.zpok.hu/hirlevel/vonattal1512.html" "Mozilla/5.0 (X11; Linux i686; rv:42.0) Gecko/20100101 Firefox/42.0 Iceweasel/42.0"
91.104.65.34 - - [23/Dec/2015:23:39:04 +0100] "GET /hirlevel/images/1512_c.jpg HTTP/1.1" 200 48941 "http://mkk.zpok.hu/hirlevel/vonattal1512.html" "Mozilla/5.0 (X11; Linux i686; rv:42.0) Gecko/20100101 Firefox/42.0 Iceweasel/42.0"
91.104.65.34 - - [23/Dec/2015:23:39:04 +0100] "GET /hirlevel/images/avidekkozlekedeseert.swf HTTP/1.1" 200 5063 "http://mkk.zpok.hu/hirlevel/vonattal1512.html" "Mozilla/5.0 (X11; Linux i686; rv:42.0) Gecko/20100101 Firefox/42.0 Iceweasel/42.0"
91.104.65.34 - - [23/Dec/2015:23:39:04 +0100] "GET /hirlevel/images/1512_b.jpg HTTP/1.1" 200 129334 "http://mkk.zpok.hu/hirlevel/vonattal1512.html" "Mozilla/5.0 (X11; Linux i686; rv:42.0) Gecko/20100101 Firefox/42.0 Iceweasel/42.0"
91.104.65.34 - - [23/Dec/2015:23:39:04 +0100] "GET /favicon.ico HTTP/1.1" 404 1181 "-" "Mozilla/5.0 (X11; Linux i686; rv:42.0) Gecko/20100101 Firefox/42.0 Iceweasel/42.0"
91.104.65.34 - - [23/Dec/2015:23:39:05 +0100] "GET /favicon.ico HTTP/1.1" 404 1181 "-" "Mozilla/5.0 (X11; Linux i686; rv:42.0) Gecko/20100101 Firefox/42.0 Iceweasel/42.0"
66.249.64.216 - - [23/Dec/2015:23:59:41 +0100] "GET /hirlevel/vonattal1207.htm HTTP/1.1" 200 57936 "-" "SAMSUNG-SGH-E250/1.0 Profile/MIDP-2.0 Configuration/CLDC-1.1 UP.Browser/6.2.3.3.c.1.101 (GUI) MMP/2.0 (compatible; Googlebot-Mobile/2.1; +http://www.google.com/bot.html)"
46.107.71.176 - - [24/Dec/2015:00:01:16 +0100] "GET /images/vasutterkep_n.jpg HTTP/1.1" 200 4702972 "https://www.google.hu" "Mozilla/5.0 (Windows NT 6.1; rv:43.0) Gecko/20100101 Firefox/43.0"
46.107.71.176 - - [24/Dec/2015:00:01:44 +0100] "GET /favicon.ico HTTP/1.1" 404 1181 "-" "Mozilla/5.0 (Windows NT 6.1; rv:43.0) Gecko/20100101 Firefox/43.0"
46.107.71.176 - - [24/Dec/2015:00:01:45 +0100] "GET /favicon.ico HTTP/1.1" 404 1181 "-" "Mozilla/5.0 (Windows NT 6.1; rv:43.0) Gecko/20100101 Firefox/43.0"
46.107.71.176 - - [24/Dec/2015:00:02:43 +0100] "GET /doc/vonatrafel_c.pdf HTTP/1.1" 200 705296 "http://www.terkepkalauz.hu/index.php?option=com_content&task=view&id=396" "Mozilla/5.0 (Windows NT 6.1; rv:43.0) Gecko/20100101 Firefox/43.0"
180.76.15.140 - - [24/Dec/2015:00:12:48 +0100] "GET /doc/kozh05.pdf HTTP/1.1" 200 97320 "-" "Mozilla/5.0 (compatible; Baiduspider/2.0; +http://www.baidu.com/search/spider.html)"
188.36.180.169 - - [24/Dec/2015:00:13:22 +0100] "GET /images/vasutterkep_n.jpg HTTP/1.1" 200 4702972 "https://www.google.hu/" "Mozilla/5.0 (Windows NT 6.1; WOW64) AppleWebKit/537.36 (KHTML, like Gecko) Chrome/47.0.2526.106 Safari/537.36"
188.36.180.169 - - [24/Dec/2015:00:13:23 +0100] "GET /favicon.ico HTTP/1.1" 404 1181 "http://www.mkk.zpok.hu/images/vasutterkep_n.jpg" "Mozilla/5.0 (Windows NT 6.1; WOW64) AppleWebKit/537.36 (KHTML, like Gecko) Chrome/47.0.2526.106 Safari/537.36"
173.254.83.101 - - [24/Dec/2015:00:59:46 +0100] "GET /components/com_content/metadata.xml HTTP/1.1" 404 1181 "-" "Mozilla/5.0 (compatible; MSIE 9.0; Windows NT 6.0; Trident/5.0)"
173.254.83.101 - - [24/Dec/2015:00:59:49 +0100] "GET /xmlrpc.php HTTP/1.1" 404 1181 "-" "Mozilla/5.0 (compatible; MSIE 9.0; Windows NT 6.0; Trident/5.0)"
66.249.64.206 - - [24/Dec/2015:01:06:48 +0100] "GET /doc/T&E_februar2009.pdf HTTP/1.1" 200 91217 "-" "Mozilla/5.0 (compatible; Googlebot/2.1; +http://www.google.com/bot.html)"
197.221.12.118 - - [24/Dec/2015:01:16:00 +0100] "GET /components/com_content/metadata.xml HTTP/1.1" 404 1181 "-" "Mozilla/5.0 (compatible; MSIE 9.0; Windows NT 6.0; Trident/5.0)"
197.221.12.118 - - [24/Dec/2015:01:16:00 +0100] "GET /xmlrpc.php HTTP/1.1" 404 1181 "-" "Mozilla/5.0 (compatible; MSIE 9.0; Windows NT 6.0; Trident/5.0)"
103.239.221.242 - - [24/Dec/2015:01:21:28 +0100] "GET /components/com_content/metadata.xml HTTP/1.1" 404 1181 "-" "Mozilla/5.0 (compatible; MSIE 9.0; Windows NT 6.0; Trident/5.0)"
103.239.221.242 - - [24/Dec/2015:01:21:28 +0100] "GET /xmlrpc.php HTTP/1.1" 404 1181 "-" "Mozilla/5.0 (compatible; MSIE 9.0; Windows NT 6.0; Trident/5.0)"
94.21.254.215 - - [24/Dec/2015:01:45:00 +0100] "GET /hirlevel/images/1107_e.jpg HTTP/1.1" 200 135338 "https://www.google.hu/" "Mozilla/5.0 (Windows NT 5.1) AppleWebKit/537.36 (KHTML, like Gecko) Chrome/47.0.2526.106 Safari/537.36"
148.251.124.42 - - [24/Dec/2015:01:51:50 +0100] "GET /doc/200702turaterv.pdf HTTP/1.1" 200 61674 "-" "Mozilla/5.0 (Windows NT 5.1) AppleWebKit/537.36 (KHTML, like Gecko) Chrome/27.0.1453.94 Safari/537.36"
207.46.13.121 - - [24/Dec/2015:02:49:20 +0100] "GET /robots.txt HTTP/1.1" 404 1181 "-" "Mozilla/5.0 (compatible; bingbot/2.0; +http://www.bing.com/bingbot.htm)"
207.46.13.121 - - [24/Dec/2015:02:50:44 +0100] "GET /hirlevel/MAV_102vonal_prezi201504.pdf HTTP/1.1" 200 1579816 "-" "Mozilla/5.0 (iPhone; CPU iPhone OS 7_0 like Mac OS X) AppleWebKit/537.51.1 (KHTML, like Gecko) Version/7.0 Mobile/11A465 Safari/9537.53 (compatible; bingbot/2.0; http://www.bing.com/bingbot.htm)"
183.79.220.171 - - [24/Dec/2015:02:57:23 +0100] "GET /robots.txt HTTP/1.0" 404 1181 "-" "Y!J-ASR/0.1 crawler (http://www.yahoo-help.jp/app/answers/detail/p/595/a_id/42716/)"
183.79.220.171 - - [24/Dec/2015:02:57:23 +0100] "GET /doc/jelentkezesi_urlap_a_palyamunka_melle.doc HTTP/1.0" 200 14336 "-" "Y!J-ASR/0.1 crawler (http://www.yahoo-help.jp/app/answers/detail/p/595/a_id/42716/)"
66.249.64.211 - - [24/Dec/2015:02:57:32 +0100] "GET /doc/kaposvar_0812.pdf HTTP/1.1" 200 316585 "-" "DoCoMo/2.0 N905i(c100;TB;W24H16) (compatible; Googlebot-Mobile/2.1; +http://www.google.com/bot.html)"
207.46.13.95 - - [24/Dec/2015:03:10:16 +0100] "GET /robots.txt HTTP/1.1" 404 1181 "-" "Mozilla/5.0 (compatible; bingbot/2.0; +http://www.bing.com/bingbot.htm)"
207.46.13.95 - - [24/Dec/2015:03:10:59 +0100] "GET / HTTP/1.1" 200 1178 "-" "Mozilla/5.0 (compatible; bingbot/2.0; +http://www.bing.com/bingbot.htm)"
66.249.64.216 - - [24/Dec/2015:03:27:22 +0100] "GET /hirlevel/vonattal1512.html HTTP/1.1" 200 36414 "-" "Mozilla/5.0 (iPhone; CPU iPhone OS 8_3 like Mac OS X) AppleWebKit/600.1.4 (KHTML, like Gecko) Version/8.0 Mobile/12F70 Safari/600.1.4 (compatible; Googlebot/2.1; +http://www.google.com/bot.html)"
66.249.64.1 - - [24/Dec/2015:03:30:37 +0100] "GET /robots.txt HTTP/1.1" 404 1181 "-" "Mozilla/5.0 (compatible; Googlebot/2.1; +http://www.google.com/bot.html)"
66.249.64.127 - - [24/Dec/2015:03:30:38 +0100] "GET /images/vasutterkep_n.jpg HTTP/1.1" 304 - "-" "Googlebot-Image/1.0"
68.180.229.230 - - [24/Dec/2015:03:44:03 +0100] "GET /robots.txt HTTP/1.1" 404 1181 "-" "Mozilla/5.0 (compatible; Yahoo! Slurp; http://help.yahoo.com/help/us/ysearch/slurp)"
68.180.229.230 - - [24/Dec/2015:03:44:04 +0100] "GET /doc/vonatrafel_c.pdf HTTP/1.1" 304 - "-" "Mozilla/5.0 (compatible; Yahoo! Slurp; http://help.yahoo.com/help/us/ysearch/slurp)"
68.180.228.34 - - [24/Dec/2015:03:57:03 +0100] "GET /hirlevel/zujvarosautomentesnap_201410.pdf HTTP/1.1" 200 25545 "-" "Mozilla/5.0 (compatible; Yahoo! Slurp; http://help.yahoo.com/help/us/ysearch/slurp)"
77.111.90.197 - - [24/Dec/2015:04:21:29 +0100] "GET / HTTP/1.1" 200 1178 "-" "Mozilla/5.0 (Windows NT 6.1; WOW64) AppleWebKit/537.36 (KHTML, like Gecko) Chrome/46.0.2490.71 Safari/537.36"
77.111.90.197 - - [24/Dec/2015:04:21:29 +0100] "GET / HTTP/1.0" 200 1178 "-" "-"
66.249.64.7 - - [24/Dec/2015:04:25:04 +0100] "GET /doc/hu_aps_positivbeispiele_aufl2_070622_klein.pdf HTTP/1.1" 200 2887217 "-" "Mozilla/5.0 (compatible; Googlebot/2.1; +http://www.google.com/bot.html)"
66.249.64.127 - - [24/Dec/2015:04:47:47 +0100] "GET /doc/vasuttal-budapest-kornyeken.pdf HTTP/1.1" 404 1181 "-" "DoCoMo/2.0 N905i(c100;TB;W24H16) (compatible; Googlebot-Mobile/2.1; +http://www.google.com/bot.html)"
130.193.51.56 - - [24/Dec/2015:05:05:21 +0100] "GET /robots.txt HTTP/1.1" 404 1181 "-" "Mozilla/5.0 (compatible; YandexBot/3.0; +http://yandex.com/bots)"
207.46.13.121 - - [24/Dec/2015:05:43:12 +0100] "GET /robots.txt HTTP/1.1" 404 1181 "-" "Mozilla/5.0 (compatible; bingbot/2.0; +http://www.bing.com/bingbot.htm)"
66.249.64.216 - - [24/Dec/2015:05:46:30 +0100] "GET /doc/ohat_201403.pdf HTTP/1.1" 200 48900 "-" "Mozilla/5.0 (compatible; Googlebot/2.1; +http://www.google.com/bot.html)"
66.249.64.211 - - [24/Dec/2015:06:01:34 +0100] "GET /doc/vonattal_tisza-tohoz_2010.pdf HTTP/1.1" 200 558271 "-" "DoCoMo/2.0 N905i(c100;TB;W24H16) (compatible; Googlebot-Mobile/2.1; +http://www.google.com/bot.html)"
66.249.64.216 - - [24/Dec/2015:06:02:49 +0100] "GET /doc/T&E_szeptember2008.pdf HTTP/1.1" 200 58273 "-" "Mozilla/5.0 (compatible; Googlebot/2.1; +http://www.google.com/bot.html)"
207.46.13.142 - - [24/Dec/2015:06:10:03 +0100] "GET /doc/allomasok_kepes_osszefoglaloja.pdf HTTP/1.1" 200 5628186 "-" "Mozilla/5.0 (iPhone; CPU iPhone OS 7_0 like Mac OS X) AppleWebKit/537.51.1 (KHTML, like Gecko) Version/7.0 Mobile/11A465 Safari/9537.53 (compatible; bingbot/2.0; http://www.bing.com/bingbot.htm)"
207.46.13.121 - - [24/Dec/2015:06:11:15 +0100] "GET /hirlevel/vonattal1004.htm HTTP/1.1" 200 51166 "-" "Mozilla/5.0 (iPhone; CPU iPhone OS 7_0 like Mac OS X) AppleWebKit/537.51.1 (KHTML, like Gecko) Version/7.0 Mobile/11A465 Safari/9537.53 (compatible; bingbot/2.0; http://www.bing.com/bingbot.htm)"
66.249.64.216 - - [24/Dec/2015:06:12:41 +0100] "GET /hirlevel/vonattal0906.htm HTTP/1.1" 200 25493 "-" "SAMSUNG-SGH-E250/1.0 Profile/MIDP-2.0 Configuration/CLDC-1.1 UP.Browser/6.2.3.3.c.1.101 (GUI) MMP/2.0 (compatible; Googlebot-Mobile/2.1; +http://www.google.com/bot.html)"
77.111.90.197 - - [24/Dec/2015:06:36:25 +0100] "GET /doc/konf_0807.pdf HTTP/1.1" 200 43450 "-" "Mozilla/5.0 (Windows NT 6.1; WOW64) AppleWebKit/537.36 (KHTML, like Gecko) Chrome/46.0.2490.71 Safari/537.36"
77.111.90.197 - - [24/Dec/2015:06:36:25 +0100] "GET /doc/konf_0807.pdf HTTP/1.0" 200 14250 "-" "-"
157.55.39.214 - - [24/Dec/2015:06:41:58 +0100] "GET /robots.txt HTTP/1.1" 404 1181 "-" "Mozilla/5.0 (compatible; bingbot/2.0; +http://www.bing.com/bingbot.htm)"
157.55.39.214 - - [24/Dec/2015:06:42:27 +0100] "GET /doc/prezentacio_20150425_tokaj.pdf HTTP/1.1" 200 214167 "-" "Mozilla/5.0 (compatible; bingbot/2.0; +http://www.bing.com/bingbot.htm)"
130.193.51.56 - - [24/Dec/2015:06:55:55 +0100] "GET /doc/utak_a_kerekparozashoz.pdf HTTP/1.1" 200 5493368 "-" "Mozilla/5.0 (compatible; YandexBot/3.0; +http://yandex.com/bots)"
65.55.210.107 - - [24/Dec/2015:07:11:24 +0100] "GET /doc/allomasok_kepes_osszefoglaloja.pdf HTTP/1.1" 200 67346 "-" "Mozilla/5.0 (iPhone; CPU iPhone OS 7_0 like Mac OS X) AppleWebKit/537.51.1 (KHTML, like Gecko) Version/7.0 Mobile/11A465 Safari/9537.53 BingPreview/1.0b"
66.249.64.216 - - [24/Dec/2015:07:15:10 +0100] "GET /doc/ttft.pdf HTTP/1.1" 200 6493253 "-" "SAMSUNG-SGH-E250/1.0 Profile/MIDP-2.0 Configuration/CLDC-1.1 UP.Browser/6.2.3.3.c.1.101 (GUI) MMP/2.0 (compatible; Googlebot-Mobile/2.1; +http://www.google.com/bot.html)"
66.249.64.211 - - [24/Dec/2015:07:36:30 +0100] "GET /hirlevel/images/1512_c.jpg HTTP/1.1" 200 48941 "-" "Googlebot-Image/1.0"
54.187.7.109 - - [24/Dec/2015:07:38:51 +0100] "GET /images/vasutterkep_n.jpg HTTP/1.1" 200 4702972 "-" "Mozilla/4.0 (compatible; MSIE 6.0; Windows NT 5.1; SV1; .NET CLR 2.0.50727; MAXTHON 2.0); Connect Us: webauth@cmcm.com"
207.241.225.244 - - [24/Dec/2015:07:45:56 +0100] "GET /doc/b2_2010.pdf HTTP/1.1" 404 1181 "-" "Mozilla/5.0 (via Wayback Save Page)"
79.121.55.98 - - [24/Dec/2015:07:57:11 +0100] "GET /images/vasutterkep_n.jpg HTTP/1.1" 200 3401573 "https://www.google.hu/" "Mozilla/5.0 (Windows NT 6.1; WOW64) AppleWebKit/537.36 (KHTML, like Gecko) Chrome/47.0.2526.106 Safari/537.36"
79.121.55.98 - - [24/Dec/2015:07:57:27 +0100] "GET /images/vasutterkep_n.jpg HTTP/1.1" 206 1 "https://www.google.hu/" "Mozilla/5.0 (Windows NT 6.1; WOW64) AppleWebKit/537.36 (KHTML, like Gecko) Chrome/47.0.2526.106 Safari/537.36"
