157.55.39.150 - - [28/Jan/2017:21:48:39 +0100] "GET /doc/vonattal_tisza-tohoz_2010.pdf HTTP/1.1" 404 1181 "-" "Mozilla/5.0 (compatible; bingbot/2.0; +http://www.bing.com/bingbot.htm)"
85.255.64.190 - - [28/Jan/2017:22:21:25 +0100] "GET /hirlevel/vonattal1103.htm HTTP/1.1" 200 36669 "-" "Mechanize/2.7.5 Ruby/2.3.1p112 (http://github.com/sparklemotion/mechanize/)"
85.255.64.190 - - [28/Jan/2017:22:22:17 +0100] "GET /hirlevel/vonattal1304.html HTTP/1.1" 200 53937 "-" "Mechanize/2.7.5 Ruby/2.3.1p112 (http://github.com/sparklemotion/mechanize/)"
46.107.118.175 - - [28/Jan/2017:22:29:24 +0100] "GET /images/vasutterkep_n.jpg HTTP/1.1" 200 4702972 "-" "Mozilla/5.0 (Windows NT 10.0; WOW64; rv:51.0) Gecko/20100101 Firefox/51.0"
46.107.118.175 - - [28/Jan/2017:22:29:51 +0100] "GET /images/vasutterkep_n.jpg HTTP/1.1" 200 34465 "https://www.google.hu/" "Mozilla/5.0 (Windows NT 10.0; WOW64; rv:51.0) Gecko/20100101 Firefox/51.0"
46.107.118.175 - - [28/Jan/2017:22:29:51 +0100] "GET /favicon.ico HTTP/1.1" 404 1181 "-" "Mozilla/5.0 (Windows NT 10.0; WOW64; rv:51.0) Gecko/20100101 Firefox/51.0"
46.107.118.175 - - [28/Jan/2017:22:29:52 +0100] "GET /favicon.ico HTTP/1.1" 404 1181 "-" "Mozilla/5.0 (Windows NT 10.0; WOW64; rv:51.0) Gecko/20100101 Firefox/51.0"
46.107.118.175 - - [28/Jan/2017:22:29:59 +0100] "HEAD /images/vasutterkep_n.jpg HTTP/1.1" 200 0 "-" "Mozilla/5.0 (X11; Linux x86_64; rv:10.0) Gecko/20150101 Firefox/44.0 (Chrome)"
46.107.118.175 - - [28/Jan/2017:22:29:59 +0100] "GET /images/vasutterkep_n.jpg HTTP/1.1" 200 34500 "-" "Mozilla/5.0 (X11; Linux x86_64; rv:10.0) Gecko/20150101 Firefox/44.0 (Chrome)"
46.107.118.175 - - [28/Jan/2017:22:30:00 +0100] "GET /images/vasutterkep_n.jpg HTTP/1.1" 200 4702972 "http://www.mkk.zpok.hu/images/vasutterkep_n.jpg" "Mozilla/5.0 (Windows NT 10.0; WOW64; rv:51.0) Gecko/20100101 Firefox/51.0"
66.249.64.70 - - [28/Jan/2017:22:51:00 +0100] "GET /doc/kisterenye_kalkapolna_menetrend.xls HTTP/1.1" 200 28160 "-" "Mozilla/5.0 (Linux; Android 6.0.1; Nexus 5X Build/MMB29P) AppleWebKit/537.36 (KHTML, like Gecko) Chrome/41.0.2272.96 Mobile Safari/537.36 (compatible; Googlebot/2.1; +http://www.google.com/bot.html)"
66.249.64.65 - - [28/Jan/2017:23:15:05 +0100] "GET /doc/hu_aps_positivbeispiele_aufl2_070622_klein.pdf HTTP/1.1" 200 2887217 "-" "Mozilla/5.0 (compatible; Googlebot/2.1; +http://www.google.com/bot.html)"
193.68.41.17 - - [28/Jan/2017:23:18:34 +0100] "GET /hirlevel/images/1504_c.jpg HTTP/1.1" 200 19893 "-" "Mozilla/5.0 (Windows NT 6.1; Trident/7.0; rv:11.0) like Gecko"
66.249.64.70 - - [28/Jan/2017:23:28:22 +0100] "GET /doc/hu_aps_positivbeispiele_aufl2_070622_klein.pdf HTTP/1.1" 200 2887217 "-" "Mozilla/5.0 (compatible; Googlebot/2.1; +http://www.google.com/bot.html)"
62.197.243.196 - - [28/Jan/2017:23:49:47 +0100] "GET /images/vasutterkep_n.jpg HTTP/1.1" 200 4702972 "-" "Mozilla/5.0 (Windows NT 10.0; WOW64; Trident/7.0; rv:11.0) like Gecko"
62.197.243.196 - - [28/Jan/2017:23:49:58 +0100] "GET /favicon.ico HTTP/1.1" 404 1181 "-" "Mozilla/5.0 (Windows NT 10.0; Win64; x64; Trident/7.0; rv:11.0) like Gecko"
66.249.64.70 - - [29/Jan/2017:00:07:22 +0100] "GET /doc/ttft.pdf HTTP/1.1" 200 6493253 "-" "Mozilla/5.0 (compatible; Googlebot/2.1; +http://www.google.com/bot.html)"
66.249.64.124 - - [29/Jan/2017:00:21:00 +0100] "GET /doc/s-bahn.pdf HTTP/1.1" 200 97892 "-" "Mozilla/5.0 (compatible; Googlebot/2.1; +http://www.google.com/bot.html)"
85.66.77.216 - - [29/Jan/2017:00:25:52 +0100] "GET /hirlevel/images/1107_e.jpg HTTP/1.1" 200 135338 "https://www.google.hu/" "Mozilla/5.0 (Windows NT 10.0) AppleWebKit/537.36 (KHTML, like Gecko) Chrome/55.0.2883.87 Safari/537.36"
66.249.64.124 - - [29/Jan/2017:00:27:00 +0100] "GET /hirlevel/jelentkezesilap_1202.doc HTTP/1.1" 200 84480 "-" "Mozilla/5.0 (Linux; Android 6.0.1; Nexus 5X Build/MMB29P) AppleWebKit/537.36 (KHTML, like Gecko) Chrome/41.0.2272.96 Mobile Safari/537.36 (compatible; Googlebot/2.1; +http://www.google.com/bot.html)"
68.180.229.121 - - [29/Jan/2017:00:36:09 +0100] "GET /hirlevel/emh-1.pdf HTTP/1.1" 304 - "-" "Mozilla/5.0 (compatible; Yahoo! Slurp; http://help.yahoo.com/help/us/ysearch/slurp)"
66.249.64.124 - - [29/Jan/2017:00:37:54 +0100] "GET /doc/konf_0807.pdf HTTP/1.1" 200 67897 "-" "Mozilla/5.0 (compatible; Googlebot/2.1; +http://www.google.com/bot.html)"
70.68.224.82 - - [29/Jan/2017:00:38:06 +0100] "GET /images/vasutterkep_n.jpg HTTP/1.1" 200 4702972 "https://www.bing.com/" "Mozilla/4.0 (compatible; MSIE 7.0; Windows NT 10.0; WOW64; Trident/7.0; .NET4.0C; .NET4.0E; .NET CLR 2.0.50727; .NET CLR 3.0.30729; .NET CLR 3.5.30729; InfoPath.3; Creative AutoUpdate v1.41.07)"
66.249.64.124 - - [29/Jan/2017:00:59:21 +0100] "GET /doc/nograd0707.pdf HTTP/1.1" 200 67054 "-" "Mozilla/5.0 (compatible; Googlebot/2.1; +http://www.google.com/bot.html)"
207.46.13.240 - - [29/Jan/2017:01:19:25 +0100] "GET /robots.txt HTTP/1.1" 404 1181 "-" "Mozilla/5.0 (compatible; bingbot/2.0; +http://www.bing.com/bingbot.htm)"
66.249.64.70 - - [29/Jan/2017:01:23:00 +0100] "GET /doc/diosjeno2007.pdf HTTP/1.1" 200 37422 "-" "Mozilla/5.0 (Linux; Android 6.0.1; Nexus 5X Build/MMB29P) AppleWebKit/537.36 (KHTML, like Gecko) Chrome/41.0.2272.96 Mobile Safari/537.36 (compatible; Googlebot/2.1; +http://www.google.com/bot.html)"
66.249.64.88 - - [29/Jan/2017:01:23:11 +0100] "GET /robots.txt HTTP/1.1" 404 1181 "-" "Mozilla/5.0 (compatible; Googlebot/2.1; +http://www.google.com/bot.html)"
66.249.64.88 - - [29/Jan/2017:01:23:11 +0100] "GET /doc/kozh06.pdf HTTP/1.1" 200 136124 "-" "Mozilla/5.0 (compatible; Googlebot/2.1; +http://www.google.com/bot.html)"
157.55.39.133 - - [29/Jan/2017:01:23:24 +0100] "GET /hirlevel/emk_102.pdf HTTP/1.1" 200 45343 "-" "msnbot-media/1.1 (+http://search.msn.com/msnbot.htm)"
157.55.39.73 - - [29/Jan/2017:01:29:32 +0100] "GET /hirlevel/vonattal0912.htm HTTP/1.1" 304 - "-" "Mozilla/5.0 (compatible; bingbot/2.0; +http://www.bing.com/bingbot.htm)"
207.46.13.130 - - [29/Jan/2017:01:30:12 +0100] "GET /doc/tersegi_polg_0803.pdf HTTP/1.1" 200 63931 "-" "Mozilla/5.0 (iPhone; CPU iPhone OS 7_0 like Mac OS X) AppleWebKit/537.51.1 (KHTML, like Gecko) Version/7.0 Mobile/11A465 Safari/9537.53 (compatible; bingbot/2.0; +http://www.bing.com/bingbot.htm)"
66.249.64.88 - - [29/Jan/2017:01:31:05 +0100] "GET /doc/kozh10.pdf HTTP/1.1" 200 407669 "-" "Mozilla/5.0 (compatible; Googlebot/2.1; +http://www.google.com/bot.html)"
157.55.39.150 - - [29/Jan/2017:01:34:01 +0100] "GET / HTTP/1.1" 200 1178 "-" "Mozilla/5.0 (compatible; bingbot/2.0; +http://www.bing.com/bingbot.htm)"
66.249.64.88 - - [29/Jan/2017:01:44:28 +0100] "GET /doc/kozh07.pdf HTTP/1.1" 200 1596223 "-" "Mozilla/5.0 (compatible; Googlebot/2.1; +http://www.google.com/bot.html)"
66.249.64.84 - - [29/Jan/2017:02:03:25 +0100] "GET /doc/kozh03.pdf HTTP/1.1" 200 76029 "-" "Mozilla/5.0 (compatible; Googlebot/2.1; +http://www.google.com/bot.html)"
66.249.64.124 - - [29/Jan/2017:02:20:54 +0100] "GET /doc/tande_1009.pdf HTTP/1.1" 200 144291 "-" "Mozilla/5.0 (compatible; Googlebot/2.1; +http://www.google.com/bot.html)"
106.120.173.81 - - [29/Jan/2017:02:21:00 +0100] "GET /doc/parameterkonyv_0804.pdf HTTP/1.1" 304 - "-" "Sogou web spider/4.0(+http://www.sogou.com/docs/help/webmasters.htm#07)"
106.120.173.81 - - [29/Jan/2017:02:21:00 +0100] "GET /robots.txt HTTP/1.1" 404 1181 "-" "Sogou web spider/4.0(+http://www.sogou.com/docs/help/webmasters.htm#07)"
66.249.64.70 - - [29/Jan/2017:02:27:00 +0100] "GET /doc/vasutbarat_urlap07.doc HTTP/1.1" 404 1181 "-" "Mozilla/5.0 (Linux; Android 6.0.1; Nexus 5X Build/MMB29P) AppleWebKit/537.36 (KHTML, like Gecko) Chrome/41.0.2272.96 Mobile Safari/537.36 (compatible; Googlebot/2.1; +http://www.google.com/bot.html)"
207.46.13.210 - - [29/Jan/2017:02:33:26 +0100] "GET /robots.txt HTTP/1.1" 404 1181 "-" "Mozilla/5.0 (compatible; bingbot/2.0; +http://www.bing.com/bingbot.htm)"
157.55.39.150 - - [29/Jan/2017:02:33:36 +0100] "GET /doc/tisza-to_szoroanyag_2012.pdf HTTP/1.1" 200 890943 "-" "Mozilla/5.0 (iPhone; CPU iPhone OS 7_0 like Mac OS X) AppleWebKit/537.51.1 (KHTML, like Gecko) Version/7.0 Mobile/11A465 Safari/9537.53 (compatible; bingbot/2.0; +http://www.bing.com/bingbot.htm)"
66.249.64.124 - - [29/Jan/2017:02:36:27 +0100] "GET /doc/tande_1102.pdf HTTP/1.1" 200 141282 "-" "Mozilla/5.0 (compatible; Googlebot/2.1; +http://www.google.com/bot.html)"
66.249.64.124 - - [29/Jan/2017:02:53:40 +0100] "GET /doc/tande_1011.pdf HTTP/1.1" 200 162997 "-" "Mozilla/5.0 (compatible; Googlebot/2.1; +http://www.google.com/bot.html)"
130.193.51.56 - - [29/Jan/2017:02:58:18 +0100] "GET /robots.txt HTTP/1.1" 404 1181 "-" "Mozilla/5.0 (compatible; YandexBot/3.0; +http://yandex.com/bots)"
93.158.152.25 - - [29/Jan/2017:02:58:18 +0100] "GET /robots.txt HTTP/1.1" 404 1181 "-" "Mozilla/5.0 (compatible; YandexBot/3.0; +http://yandex.com/bots)"
130.193.51.56 - - [29/Jan/2017:02:58:22 +0100] "GET / HTTP/1.1" 200 1178 "-" "Mozilla/5.0 (compatible; YandexBot/3.0; +http://yandex.com/bots)"
130.193.51.56 - - [29/Jan/2017:02:58:22 +0100] "GET / HTTP/1.1" 200 1178 "-" "Mozilla/5.0 (compatible; YandexBot/3.0; +http://yandex.com/bots)"
141.8.142.30 - - [29/Jan/2017:02:58:27 +0100] "GET /index.swf HTTP/1.1" 200 1451930 "-" "Mozilla/5.0 (compatible; YandexBot/3.0; +http://yandex.com/bots)"
5.255.253.80 - - [29/Jan/2017:02:58:27 +0100] "GET /index.swf HTTP/1.1" 200 1451930 "-" "Mozilla/5.0 (compatible; YandexBot/3.0; +http://yandex.com/bots)"
66.249.64.70 - - [29/Jan/2017:02:59:00 +0100] "GET /doc/feketebalog.pdf HTTP/1.1" 200 36866 "-" "Mozilla/5.0 (Linux; Android 6.0.1; Nexus 5X Build/MMB29P) AppleWebKit/537.36 (KHTML, like Gecko) Chrome/41.0.2272.96 Mobile Safari/537.36 (compatible; Googlebot/2.1; +http://www.google.com/bot.html)"
66.249.64.70 - - [29/Jan/2017:03:10:22 +0100] "GET /doc/tande_1010.pdf HTTP/1.1" 200 129997 "-" "Mozilla/5.0 (compatible; Googlebot/2.1; +http://www.google.com/bot.html)"
66.249.64.65 - - [29/Jan/2017:03:15:07 +0100] "GET /doc/tiszato0707.pdf HTTP/1.1" 200 64543 "-" "Mozilla/5.0 (Linux; Android 6.0.1; Nexus 5X Build/MMB29P) AppleWebKit/537.36 (KHTML, like Gecko) Chrome/41.0.2272.96 Mobile Safari/537.36 (compatible; Googlebot/2.1; +http://www.google.com/bot.html)"
66.249.64.84 - - [29/Jan/2017:03:22:33 +0100] "GET /doc/kozh05.pdf HTTP/1.1" 200 97320 "-" "Mozilla/5.0 (compatible; Googlebot/2.1; +http://www.google.com/bot.html)"
93.158.152.25 - - [29/Jan/2017:03:25:57 +0100] "GET /hirlevel/K%C3%A9rd%C5%91%C3%ADv201604.doc HTTP/1.1" 200 115200 "-" "Mozilla/5.0 (compatible; YandexBot/3.0; +http://yandex.com/bots)"
130.193.51.56 - - [29/Jan/2017:03:26:01 +0100] "GET /doc/200702turaterv.pdf HTTP/1.1" 200 61674 "-" "Mozilla/5.0 (compatible; YandexBot/3.0; +http://yandex.com/bots)"
130.193.51.56 - - [29/Jan/2017:03:26:04 +0100] "GET /doc/vasutbaratszolgaltato.doc HTTP/1.1" 404 1181 "-" "Mozilla/5.0 (compatible; YandexBot/3.0; +http://yandex.com/bots)"
180.76.15.29 - - [29/Jan/2017:03:31:14 +0100] "GET /doc/tisza-to_szoroanyag_2012.pdf HTTP/1.1" 200 622592 "-" "Mozilla/5.0 (compatible; Baiduspider/2.0; +http://www.baidu.com/search/spider.html)"
66.249.64.70 - - [29/Jan/2017:03:39:10 +0100] "GET /doc/tande_1105.pdf HTTP/1.1" 200 200124 "-" "Mozilla/5.0 (compatible; Googlebot/2.1; +http://www.google.com/bot.html)"
66.249.64.88 - - [29/Jan/2017:03:54:40 +0100] "GET /doc/kozh08.pdf HTTP/1.1" 200 1915516 "-" "Mozilla/5.0 (compatible; Googlebot/2.1; +http://www.google.com/bot.html)"
66.249.64.92 - - [29/Jan/2017:04:12:08 +0100] "GET /doc/kozh11.pdf HTTP/1.1" 200 280053 "-" "Mozilla/5.0 (compatible; Googlebot/2.1; +http://www.google.com/bot.html)"
66.249.64.84 - - [29/Jan/2017:04:21:23 +0100] "GET /doc/kozh12.pdf HTTP/1.1" 200 7842223 "-" "Mozilla/5.0 (compatible; Googlebot/2.1; +http://www.google.com/bot.html)"
66.249.64.84 - - [29/Jan/2017:04:38:03 +0100] "GET /doc/bevasar.pdf HTTP/1.1" 200 3063780 "-" "Mozilla/5.0 (compatible; Googlebot/2.1; +http://www.google.com/bot.html)"
52.3.127.144 - - [29/Jan/2017:04:53:54 +0100] "GET /robots.txt HTTP/1.1" 404 1181 "-" "ltx71 - (http://ltx71.com/)"
52.3.127.144 - - [29/Jan/2017:04:58:40 +0100] "GET /robots.txt HTTP/1.1" 404 1181 "-" "ltx71 - (http://ltx71.com/)"
52.3.127.144 - - [29/Jan/2017:04:59:01 +0100] "GET /images/vasutterkep_n.jpg HTTP/1.1" 200 368956 "-" "ltx71 - (http://ltx71.com/)"
52.3.127.144 - - [29/Jan/2017:04:59:25 +0100] "GET /images/vasutterkep_n.jpg HTTP/1.1" 200 364548 "-" "ltx71 - (http://ltx71.com/)"
66.249.64.70 - - [29/Jan/2017:05:00:05 +0100] "GET /doc/szecseny_04.pdf HTTP/1.1" 200 70592 "-" "Mozilla/5.0 (compatible; Googlebot/2.1; +http://www.google.com/bot.html)"
52.3.127.144 - - [29/Jan/2017:05:00:54 +0100] "GET /images/vasutterkep_n.jpg HTTP/1.1" 200 364548 "-" "ltx71 - (http://ltx71.com/)"
66.249.64.124 - - [29/Jan/2017:05:15:11 +0100] "GET /doc/tande_1103-4.pdf HTTP/1.1" 200 280273 "-" "Mozilla/5.0 (compatible; Googlebot/2.1; +http://www.google.com/bot.html)"
5.255.253.80 - - [29/Jan/2017:05:22:05 +0100] "GET /favicon.ico HTTP/1.1" 404 1181 "-" "Mozilla/5.0 (compatible; YandexBot/3.0; +http://yandex.com/bots)"
52.3.127.144 - - [29/Jan/2017:05:27:17 +0100] "GET /robots.txt HTTP/1.1" 404 1181 "-" "ltx71 - (http://ltx71.com/)"
52.3.127.144 - - [29/Jan/2017:05:28:37 +0100] "GET /doc/nctazaro.pdf HTTP/1.1" 404 1181 "-" "ltx71 - (http://ltx71.com/)"
66.249.64.65 - - [29/Jan/2017:05:32:12 +0100] "GET /doc/ipoly_201109.pdf HTTP/1.1" 200 5592654 "-" "Mozilla/5.0 (compatible; Googlebot/2.1; +http://www.google.com/bot.html)"
66.249.64.70 - - [29/Jan/2017:05:34:50 +0100] "GET /hirlevel/fk_tartalomroviden.pdf HTTP/1.1" 200 554372 "-" "Mozilla/5.0 (Linux; Android 6.0.1; Nexus 5X Build/MMB29P) AppleWebKit/537.36 (KHTML, like Gecko) Chrome/41.0.2272.96 Mobile Safari/537.36 (compatible; Googlebot/2.1; +http://www.google.com/bot.html)"
94.21.238.39 - - [29/Jan/2017:05:44:45 +0100] "GET /doc/vonatrafel_c.pdf HTTP/1.1" 404 1181 "-" "Mozilla/5.0 (Linux; Android 4.4.2; ZTE Kis II Max Build/KOT49H) AppleWebKit/537.36 (KHTML, like Gecko) Version/4.0 Chrome/30.0.0.0 Mobile Safari/537.36 ACHEETAHI/1"
94.21.238.39 - - [29/Jan/2017:05:44:46 +0100] "GET /favicon.ico HTTP/1.1" 404 1181 "-" "Mozilla/5.0 (Linux; Android 4.4.2; ZTE Kis II Max Build/KOT49H) AppleWebKit/537.36 (KHTML, like Gecko) Version/4.0 Chrome/30.0.0.0 Mobile Safari/537.36"
94.21.238.39 - - [29/Jan/2017:05:44:47 +0100] "GET /favicon.ico HTTP/1.1" 404 1181 "-" "Dalvik/1.6.0 (Linux; U; Android 4.4.2; ZTE Kis II Max Build/KOT49H)"
66.249.64.65 - - [29/Jan/2017:05:52:23 +0100] "GET /doc/sikeres_varos.pdf HTTP/1.1" 200 1149217 "-" "Mozilla/5.0 (compatible; Googlebot/2.1; +http://www.google.com/bot.html)"
52.3.127.144 - - [29/Jan/2017:05:58:27 +0100] "GET /robots.txt HTTP/1.1" 404 1181 "-" "ltx71 - (http://ltx71.com/)"
52.3.127.144 - - [29/Jan/2017:06:06:16 +0100] "GET /robots.txt HTTP/1.1" 404 1181 "-" "ltx71 - (http://ltx71.com/)"
52.3.127.144 - - [29/Jan/2017:06:07:45 +0100] "GET /doc/nctazaro.pdf HTTP/1.1" 404 1181 "-" "ltx71 - (http://ltx71.com/)"
66.249.64.70 - - [29/Jan/2017:06:09:19 +0100] "GET /doc/mkk_plakat_rgb.pdf HTTP/1.1" 200 406491 "-" "Mozilla/5.0 (compatible; Googlebot/2.1; +http://www.google.com/bot.html)"
66.249.64.65 - - [29/Jan/2017:06:09:24 +0100] "GET /hirlevel/vonattal1105-6.html HTTP/1.1" 200 24904 "-" "Mozilla/5.0 (compatible; Googlebot/2.1; +http://www.google.com/bot.html)"
66.249.64.65 - - [29/Jan/2017:06:13:37 +0100] "GET /hirlevel/images/1105_a.jpg HTTP/1.1" 200 15818 "-" "Googlebot-Image/1.0"
66.249.64.70 - - [29/Jan/2017:06:19:00 +0100] "GET /doc/memorandum_0807.pdf HTTP/1.1" 200 48899 "-" "Mozilla/5.0 (compatible; Googlebot/2.1; +http://www.google.com/bot.html)"
195.154.199.145 - - [29/Jan/2017:06:29:31 +0100] "GET //wp-admin/admin-ajax.php?action=revslider_show_image&img=../wp-config.php HTTP/1.0" 404 1181 "-" "Mozilla/5.0 (Windows NT 6.1) AppleWebKit/537.36 (KHTML, like Gecko) Chrome/41.0.2228.0 Safari/537.36"
195.154.199.145 - - [29/Jan/2017:06:29:32 +0100] "GET //wp-admin/admin-ajax.php?action=revslider_show_image&img=../wp-config.php HTTP/1.0" 404 1181 "-" "Mozilla/5.0 (Windows NT 6.1) AppleWebKit/537.36 (KHTML, like Gecko) Chrome/41.0.2228.0 Safari/537.36"
59.91.86.89 - - [29/Jan/2017:06:33:34 +0100] "GET /wp-login.php HTTP/1.1" 404 1181 "-" "Mozilla/5.0 (Windows NT 6.1; WOW64; rv:40.0) Gecko/20100101 Firefox/40.1"
207.46.13.12 - - [29/Jan/2017:06:34:26 +0100] "GET /hirlevel/vonattal1103.htm HTTP/1.1" 200 36669 "-" "Mozilla/5.0 (iPhone; CPU iPhone OS 7_0 like Mac OS X) AppleWebKit/537.51.1 (KHTML, like Gecko) Version/7.0 Mobile/11A465 Safari/9537.53 (compatible; bingbot/2.0; +http://www.bing.com/bingbot.htm)"
66.249.64.65 - - [29/Jan/2017:06:36:34 +0100] "GET /docT&E_december2008.pdf HTTP/1.1" 404 1181 "-" "Mozilla/5.0 (compatible; Googlebot/2.1; +http://www.google.com/bot.html)"
66.249.64.124 - - [29/Jan/2017:07:02:33 +0100] "GET /doc/mkk%20plakat_rgb.pdf HTTP/1.1" 200 406491 "-" "Mozilla/5.0 (compatible; Googlebot/2.1; +http://www.google.com/bot.html)"
66.249.64.70 - - [29/Jan/2017:07:16:55 +0100] "GET /hirlevel/hajozas_dunakanyar_szili_131216.pdf HTTP/1.1" 200 313172 "-" "Mozilla/5.0 (Linux; Android 6.0.1; Nexus 5X Build/MMB29P) AppleWebKit/537.36 (KHTML, like Gecko) Chrome/41.0.2272.96 Mobile Safari/537.36 (compatible; Googlebot/2.1; +http://www.google.com/bot.html)"
66.249.64.88 - - [29/Jan/2017:07:17:51 +0100] "GET /doc/media_070622.pdf HTTP/1.1" 404 1181 "-" "Mozilla/5.0 (compatible; Googlebot/2.1; +http://www.google.com/bot.html)"
178.255.168.26 - - [29/Jan/2017:07:21:12 +0100] "GET /wp-login.php HTTP/1.1" 404 1181 "-" "Mozilla/5.0 (Windows NT 6.1; WOW64; rv:40.0) Gecko/20100101 Firefox/40.1"
178.255.168.26 - - [29/Jan/2017:07:21:13 +0100] "GET / HTTP/1.1" 200 1178 "-" "Mozilla/5.0 (Windows NT 6.1; WOW64; rv:40.0) Gecko/20100101 Firefox/40.1"
66.249.64.65 - - [29/Jan/2017:07:22:17 +0100] "GET /hirlevel/reszveteli_feltetelek.pdf HTTP/1.1" 200 37929 "-" "Mozilla/5.0 (Linux; Android 6.0.1; Nexus 5X Build/MMB29P) AppleWebKit/537.36 (KHTML, like Gecko) Chrome/41.0.2272.96 Mobile Safari/537.36 (compatible; Googlebot/2.1; +http://www.google.com/bot.html)"
113.53.125.40 - - [29/Jan/2017:07:31:10 +0100] "GET /images/vasutterkep_n.jpg HTTP/1.1" 200 4702972 "-" "Mozilla/5.0 (Windows NT 6.1) AppleWebKit/537.36 (KHTML, like Gecko) Chrome/55.0.2883.87 Safari/537.36"
131.253.25.201 - - [29/Jan/2017:07:35:44 +0100] "GET /hirlevel/images/vonattal.swf HTTP/1.1" 200 697 "-" "Mozilla/5.0 (iPhone; CPU iPhone OS 7_0 like Mac OS X) AppleWebKit/537.51.1 (KHTML, like Gecko) Version/7.0 Mobile/11A465 Safari/9537.53 BingPreview/1.0b"
66.249.64.70 - - [29/Jan/2017:07:44:39 +0100] "GET /robots.txt HTTP/1.1" 404 1181 "-" "Mozilla/5.0 (compatible; Googlebot/2.1; +http://www.google.com/bot.html)"
66.249.64.124 - - [29/Jan/2017:07:44:39 +0100] "GET /hirlevel/vonattal1012.htm HTTP/1.1" 200 40274 "-" "Mozilla/5.0 (compatible; Googlebot/2.1; +http://www.google.com/bot.html)"
157.55.39.150 - - [29/Jan/2017:07:53:25 +0100] "GET /hirlevel/vonattal1306.html HTTP/1.1" 200 50271 "-" "Mozilla/5.0 (compatible; bingbot/2.0; +http://www.bing.com/bingbot.htm)"
66.249.64.124 - - [29/Jan/2017:07:54:31 +0100] "GET /doc/fogadj_orokbe_egy_allomast.doc HTTP/1.1" 304 - "-" "Mozilla/5.0 (compatible; Googlebot/2.1; +http://www.google.com/bot.html)"
77.111.90.197 - - [29/Jan/2017:07:56:12 +0100] "GET /doc/konf_0807.pdf HTTP/1.1" 200 17170 "-" "Mozilla/5.0 (Windows NT 6.1; WOW64) AppleWebKit/537.36 (KHTML, like Gecko) Chrome/46.0.2490.71 Safari/537.36"
77.111.90.197 - - [29/Jan/2017:07:56:12 +0100] "GET /doc/konf_0807.pdf HTTP/1.0" 200 15710 "-" "-"
178.137.83.79 - - [29/Jan/2017:07:56:59 +0100] "GET /robots.txt HTTP/1.1" 404 1181 "-" "Mozilla/5.0 (Windows NT 10.0; WOW64) AppleWebKit/537.36 (KHTML, like Gecko) Chrome/49.0.2623.75 Safari/537.36 OPR/36.0.2130.32"
178.137.83.79 - - [29/Jan/2017:07:56:59 +0100] "GET / HTTP/1.1" 200 1178 "-" "Mozilla/5.0 (Windows NT 10.0; WOW64) AppleWebKit/537.36 (KHTML, like Gecko) Chrome/49.0.2623.75 Safari/537.36 OPR/36.0.2130.32"
178.137.83.79 - - [29/Jan/2017:07:56:59 +0100] "GET /xmlrpc.php?rsd HTTP/1.1" 404 1181 "-" "Mozilla/5.0 (Windows NT 10.0; WOW64) AppleWebKit/537.36 (KHTML, like Gecko) Chrome/49.0.2623.75 Safari/537.36 OPR/36.0.2130.32"
178.137.83.79 - - [29/Jan/2017:07:56:59 +0100] "GET /blog/robots.txt HTTP/1.1" 404 1181 "-" "Mozilla/5.0 (Windows NT 10.0; WOW64) AppleWebKit/537.36 (KHTML, like Gecko) Chrome/49.0.2623.75 Safari/537.36 OPR/36.0.2130.32"
178.137.83.79 - - [29/Jan/2017:07:56:59 +0100] "GET /blog/ HTTP/1.1" 404 1181 "-" "Mozilla/5.0 (Windows NT 10.0; WOW64) AppleWebKit/537.36 (KHTML, like Gecko) Chrome/49.0.2623.75 Safari/537.36 OPR/36.0.2130.32"
178.137.83.79 - - [29/Jan/2017:07:56:59 +0100] "GET /wordpress/ HTTP/1.1" 404 1181 "-" "Mozilla/5.0 (Windows NT 10.0; WOW64) AppleWebKit/537.36 (KHTML, like Gecko) Chrome/49.0.2623.75 Safari/537.36 OPR/36.0.2130.32"
178.137.83.79 - - [29/Jan/2017:07:56:59 +0100] "GET /wp/ HTTP/1.1" 404 1181 "-" "Mozilla/5.0 (Windows NT 10.0; WOW64) AppleWebKit/537.36 (KHTML, like Gecko) Chrome/49.0.2623.75 Safari/537.36 OPR/36.0.2130.32"
157.55.39.150 - - [29/Jan/2017:08:00:22 +0100] "GET / HTTP/1.1" 200 1178 "-" "Mozilla/5.0 (compatible; bingbot/2.0; +http://www.bing.com/bingbot.htm)"
66.249.64.65 - - [29/Jan/2017:08:03:36 +0100] "GET /hirlevel/vonattal1207.htm HTTP/1.1" 200 57936 "-" "Mozilla/5.0 (compatible; Googlebot/2.1; +http://www.google.com/bot.html)"
66.249.64.92 - - [29/Jan/2017:08:17:56 +0100] "GET /doc/alapsz03.pdf HTTP/1.1" 404 1181 "-" "Googlebot/2.1 (+http://www.google.com/bot.html)"
66.249.64.65 - - [29/Jan/2017:08:20:40 +0100] "GET /hirlevel/vasuttal0803.htm HTTP/1.1" 200 31521 "-" "Mozilla/5.0 (compatible; Googlebot/2.1; +http://www.google.com/bot.html)"
157.55.39.150 - - [29/Jan/2017:08:34:30 +0100] "GET /doc/vasuttal-budapest-kornyeken.pdf HTTP/1.1" 404 1181 "-" "Mozilla/5.0 (iPhone; CPU iPhone OS 7_0 like Mac OS X) AppleWebKit/537.51.1 (KHTML, like Gecko) Version/7.0 Mobile/11A465 Safari/9537.53 (compatible; bingbot/2.0; +http://www.bing.com/bingbot.htm)"
66.249.64.70 - - [29/Jan/2017:08:37:40 +0100] "GET /hirlevel/vasuttal0711.htm HTTP/1.1" 200 14258 "-" "Mozilla/5.0 (compatible; Googlebot/2.1; +http://www.google.com/bot.html)"
89.186.110.20 - - [29/Jan/2017:08:41:36 +0100] "GET /doc/feketebalog.jpg HTTP/1.1" 200 907718 "https://www.google.hu/" "Mozilla/5.0 (Windows NT 10.0; Win64; x64) AppleWebKit/537.36 (KHTML, like Gecko) Chrome/55.0.2883.87 Safari/537.36"
66.249.64.65 - - [29/Jan/2017:08:52:43 +0100] "GET /doc/tersegi_polg_0803.pdf HTTP/1.1" 200 63931 "-" "Googlebot/2.1 (+http://www.google.com/bot.html)"
130.193.51.56 - - [29/Jan/2017:08:56:22 +0100] "GET /doc/kalkapolnakisterenye.pdf HTTP/1.1" 200 33472 "-" "Mozilla/5.0 (compatible; YandexBot/3.0; +http://yandex.com/bots)"
162.210.196.129 - - [29/Jan/2017:08:56:53 +0100] "GET /robots.txt HTTP/1.1" 404 1181 "-" "Mozilla/5.0 (compatible; MJ12bot/v1.4.7; http://mj12bot.com/)"
162.210.196.129 - - [29/Jan/2017:08:56:56 +0100] "GET / HTTP/1.1" 200 1178 "-" "Mozilla/5.0 (compatible; MJ12bot/v1.4.7; http://mj12bot.com/)"
178.195.170.46 - - [29/Jan/2017:09:02:14 +0100] "GET /images/vasutterkep_n.jpg HTTP/1.1" 200 4702972 "-" "Mozilla/5.0 (Linux; Android 4.4.2; LIFETAB_E732X Build/KOT49H) AppleWebKit/537.36 (KHTML, like Gecko) Version/4.0 Chrome/30.0.0.0 Safari/537.36 GSA/3.3.12.1106182.arm"
66.249.64.124 - - [29/Jan/2017:09:08:23 +0100] "GET /hirlevel/vonattal1009.htm HTTP/1.1" 200 40861 "-" "Mozilla/5.0 (compatible; Googlebot/2.1; +http://www.google.com/bot.html)"
66.249.64.70 - - [29/Jan/2017:09:17:49 +0100] "GET /hirlevel/vonattal1010.htm HTTP/1.1" 200 41354 "-" "Mozilla/5.0 (compatible; Googlebot/2.1; +http://www.google.com/bot.html)"
66.249.64.65 - - [29/Jan/2017:09:20:31 +0100] "GET /hirlevel/ahol_kerekparozni_jo.pdf HTTP/1.1" 200 1029472 "-" "Mozilla/5.0 (Linux; Android 6.0.1; Nexus 5X Build/MMB29P) AppleWebKit/537.36 (KHTML, like Gecko) Chrome/41.0.2272.96 Mobile Safari/537.36 (compatible; Googlebot/2.1; +http://www.google.com/bot.html)"
134.255.50.12 - - [29/Jan/2017:09:23:45 +0100] "GET / HTTP/1.1" 200 1178 "-" "Mozilla/5.0 (Windows NT 6.3; Win64; x64) AppleWebKit/537.36 (KHTML, like Gecko) Chrome/55.0.2883.87 Safari/537.36"
134.255.50.12 - - [29/Jan/2017:09:23:45 +0100] "GET /favicon.ico HTTP/1.1" 404 1181 "http://mkk.zpok.hu/" "Mozilla/5.0 (Windows NT 6.3; Win64; x64) AppleWebKit/537.36 (KHTML, like Gecko) Chrome/55.0.2883.87 Safari/537.36"
134.255.50.12 - - [29/Jan/2017:09:23:46 +0100] "GET /index.swf HTTP/1.1" 200 1451930 "http://mkk.zpok.hu/" "Mozilla/5.0 (Windows NT 6.3; Win64; x64) AppleWebKit/537.36 (KHTML, like Gecko) Chrome/55.0.2883.87 Safari/537.36"
66.249.64.65 - - [29/Jan/2017:09:42:36 +0100] "GET /hirlevel/vonattal1204.htm HTTP/1.1" 200 31657 "-" "Mozilla/5.0 (compatible; Googlebot/2.1; +http://www.google.com/bot.html)"
109.129.172.90 - - [29/Jan/2017:09:47:03 +0100] "GET /images/vasutterkep_n.jpg HTTP/1.1" 200 4702972 "http://images.search.yahoo.com/yhs/search?p=szeged+t%C3%A9rk%C3%A9pe&fr=yhs-iba-1&hspart=iba&hsimp=yhs-1&imgurl=http%3A%2F%2Fegykor.hu%2Fimages%2F2010%2Foriginal%2Fszeged-szeged-belsosegenek-terkepe.jpg" "Mozilla/5.0 (Windows NT 5.1) AppleWebKit/537.36 (KHTML, like Gecko) Chrome/49.0.2623.112 Safari/537.36"
66.249.64.70 - - [29/Jan/2017:09:58:07 +0100] "GET /hirlevel/telepulesek.pdf HTTP/1.1" 200 80502 "-" "Mozilla/5.0 (Linux; Android 6.0.1; Nexus 5X Build/MMB29P) AppleWebKit/537.36 (KHTML, like Gecko) Chrome/41.0.2272.96 Mobile Safari/537.36 (compatible; Googlebot/2.1; +http://www.google.com/bot.html)"
80.98.193.22 - - [29/Jan/2017:10:03:22 +0100] "GET /images/vasutterkep_n.jpg HTTP/1.1" 200 4702972 "http://www.bing.com/images/search?q=magyarorszag+terkep&view=detailv2&&id=ABE69416F1D7F1B0507150BE2C13FE462F18D6CE&selectedIndex=0&ccid=xH8rG21t&simid=608043194361907463&thid=OIP.xH8rG21tOZ8qFZQ6cp4D7AEsC6&mode=overlay" "Mozilla/5.0 (Windows NT 10.0; WOW64; Trident/7.0; rv:11.0) like Gecko"
66.249.64.124 - - [29/Jan/2017:10:03:52 +0100] "GET /hirlevel/vonattal0907.htm HTTP/1.1" 200 33088 "-" "Mozilla/5.0 (compatible; Googlebot/2.1; +http://www.google.com/bot.html)"
178.137.83.79 - - [29/Jan/2017:10:15:07 +0100] "GET /robots.txt HTTP/1.1" 404 1181 "-" "Mozilla/5.0 (Windows NT 10.0; WOW64) AppleWebKit/537.36 (KHTML, like Gecko) Chrome/49.0.2623.75 Safari/537.36 OPR/36.0.2130.32"
178.137.83.79 - - [29/Jan/2017:10:15:07 +0100] "GET / HTTP/1.1" 200 1178 "-" "Mozilla/5.0 (Windows NT 10.0; WOW64) AppleWebKit/537.36 (KHTML, like Gecko) Chrome/49.0.2623.75 Safari/537.36 OPR/36.0.2130.32"
178.137.83.79 - - [29/Jan/2017:10:15:07 +0100] "GET /xmlrpc.php?rsd HTTP/1.1" 404 1181 "-" "Mozilla/5.0 (Windows NT 10.0; WOW64) AppleWebKit/537.36 (KHTML, like Gecko) Chrome/49.0.2623.75 Safari/537.36 OPR/36.0.2130.32"
178.137.83.79 - - [29/Jan/2017:10:15:07 +0100] "GET /blog/robots.txt HTTP/1.1" 404 1181 "-" "Mozilla/5.0 (Windows NT 10.0; WOW64) AppleWebKit/537.36 (KHTML, like Gecko) Chrome/49.0.2623.75 Safari/537.36 OPR/36.0.2130.32"
178.137.83.79 - - [29/Jan/2017:10:15:07 +0100] "GET /blog/ HTTP/1.1" 404 1181 "-" "Mozilla/5.0 (Windows NT 10.0; WOW64) AppleWebKit/537.36 (KHTML, like Gecko) Chrome/49.0.2623.75 Safari/537.36 OPR/36.0.2130.32"
178.137.83.79 - - [29/Jan/2017:10:15:07 +0100] "GET /wordpress/ HTTP/1.1" 404 1181 "-" "Mozilla/5.0 (Windows NT 10.0; WOW64) AppleWebKit/537.36 (KHTML, like Gecko) Chrome/49.0.2623.75 Safari/537.36 OPR/36.0.2130.32"
178.137.83.79 - - [29/Jan/2017:10:15:08 +0100] "GET /wp/ HTTP/1.1" 404 1181 "-" "Mozilla/5.0 (Windows NT 10.0; WOW64) AppleWebKit/537.36 (KHTML, like Gecko) Chrome/49.0.2623.75 Safari/537.36 OPR/36.0.2130.32"
77.111.90.197 - - [29/Jan/2017:10:16:19 +0100] "GET / HTTP/1.1" 200 1178 "-" "Mozilla/5.0 (Windows NT 6.1; WOW64) AppleWebKit/537.36 (KHTML, like Gecko) Chrome/46.0.2490.71 Safari/537.36"
77.111.90.197 - - [29/Jan/2017:10:16:19 +0100] "GET / HTTP/1.0" 200 1178 "-" "-"
68.180.229.121 - - [29/Jan/2017:10:16:19 +0100] "GET /hirlevel/vonattal1504.html HTTP/1.1" 304 - "-" "Mozilla/5.0 (compatible; Yahoo! Slurp; http://help.yahoo.com/help/us/ysearch/slurp)"
66.249.64.124 - - [29/Jan/2017:10:16:53 +0100] "GET /hirlevel/vonattal1112.htm HTTP/1.1" 200 21986 "-" "Mozilla/5.0 (compatible; Googlebot/2.1; +http://www.google.com/bot.html)"
66.249.64.70 - - [29/Jan/2017:10:35:37 +0100] "GET /hirlevel/vonattal1007.htm HTTP/1.1" 200 27837 "-" "Mozilla/5.0 (compatible; Googlebot/2.1; +http://www.google.com/bot.html)"
46.35.192.39 - - [29/Jan/2017:10:41:11 +0100] "GET /favicon.ico HTTP/1.1" 404 1181 "http://mkk.zpok.hu/doc/eletet-a-vasutnak.pdf" "Mozilla/5.0 (Windows NT 6.1; WOW64) AppleWebKit/537.36 (KHTML, like Gecko) Chrome/55.0.2883.87 Safari/537.36"
46.35.192.39 - - [29/Jan/2017:10:41:11 +0100] "GET /doc/eletet-a-vasutnak.pdf HTTP/1.1" 200 2326528 "http://kereso.startlap.hu/index.php?q=mez%C5%91tur%20mez%C5%91hegyes%20vasutvonal%20%C3%A9pit%C3%A9se%2019%20sz%C3%A1zad&sise=a&search=google&inpage=1&sticky=0&nhash=startlap_26a4415469fdc6718af8bf68bb717b7d_TWpreU1ERTNNakF3TVRFd01qazNNVEkyTkRjME5EZzVOalkzTkRZNU5Ua3hPRFU1TWpVM09EZ3lOell4T0RjNU5qTTVOVEV6&page=1" "Mozilla/5.0 (Windows NT 6.1; WOW64) AppleWebKit/537.36 (KHTML, like Gecko) Chrome/55.0.2883.87 Safari/537.36"
46.35.192.39 - - [29/Jan/2017:10:41:13 +0100] "GET /doc/eletet-a-vasutnak.pdf HTTP/1.1" 206 2873001 "http://mkk.zpok.hu/doc/eletet-a-vasutnak.pdf" "Mozilla/5.0 (Windows NT 6.1; WOW64) AppleWebKit/537.36 (KHTML, like Gecko) Chrome/55.0.2883.87 Safari/537.36"
85.67.114.223 - - [29/Jan/2017:10:47:37 +0100] "GET /images/vasutterkep_n.jpg HTTP/1.1" 200 4702972 "https://www.google.hu/" "Mozilla/5.0 (Windows NT 6.1; WOW64; rv:51.0) Gecko/20100101 Firefox/51.0"
178.168.90.72 - - [29/Jan/2017:10:54:34 +0100] "GET /robots.txt HTTP/1.1" 404 1181 "-" "izsearch.com"
178.168.90.72 - - [29/Jan/2017:10:54:34 +0100] "GET /hirlevel/images/1208_lentiszombathely.jpg HTTP/1.1" 200 53507 "-" "izsearch.com"
178.168.90.72 - - [29/Jan/2017:10:54:36 +0100] "GET /hirlevel/images/1208_tisza-to.jpg HTTP/1.1" 200 70728 "-" "izsearch.com"
178.168.90.72 - - [29/Jan/2017:10:54:37 +0100] "GET /hirlevel/images/1208_EMH_logo_2012_szlogen.jpg HTTP/1.1" 200 59958 "-" "izsearch.com"
178.168.90.72 - - [29/Jan/2017:10:54:39 +0100] "GET /hirlevel/images/1208_katyuk.jpg HTTP/1.1" 200 46554 "-" "izsearch.com"
178.168.90.72 - - [29/Jan/2017:10:54:40 +0100] "GET /hirlevel/images/1208_kapostuskevar.jpg HTTP/1.1" 200 53080 "-" "izsearch.com"
178.168.90.72 - - [29/Jan/2017:10:54:40 +0100] "GET /hirlevel/images/1208_gadoros.jpg HTTP/1.1" 200 57871 "-" "izsearch.com"
178.168.90.72 - - [29/Jan/2017:10:54:42 +0100] "GET /hirlevel/images/1208_jaszboldoghaza.jpg HTTP/1.1" 200 65684 "-" "izsearch.com"
178.168.90.72 - - [29/Jan/2017:10:54:42 +0100] "GET /hirlevel/images/1208_tokaj.jpg HTTP/1.1" 200 47474 "-" "izsearch.com"
178.168.90.72 - - [29/Jan/2017:10:54:43 +0100] "GET /hirlevel/images/_1208_ludas.jpg HTTP/1.1" 200 57344 "-" "izsearch.com"
178.168.90.72 - - [29/Jan/2017:10:54:43 +0100] "GET /hirlevel/images/1208_pesa.png HTTP/1.1" 200 101881 "-" "izsearch.com"
86.59.158.170 - - [29/Jan/2017:10:56:28 +0100] "GET / HTTP/1.1" 200 1178 "-" "Mozilla/5.0 (Windows NT 6.1; WOW64; rv:51.0) Gecko/20100101 Firefox/51.0"
86.59.158.170 - - [29/Jan/2017:10:56:29 +0100] "GET /index.swf HTTP/1.1" 200 1451930 "http://mkk.zpok.hu/" "Mozilla/5.0 (Windows NT 6.1; WOW64; rv:51.0) Gecko/20100101 Firefox/51.0"
86.59.158.170 - - [29/Jan/2017:10:56:29 +0100] "GET /favicon.ico HTTP/1.1" 404 1181 "-" "Mozilla/5.0 (Windows NT 6.1; WOW64; rv:51.0) Gecko/20100101 Firefox/51.0"
86.59.158.170 - - [29/Jan/2017:10:56:29 +0100] "GET /favicon.ico HTTP/1.1" 404 1181 "-" "Mozilla/5.0 (Windows NT 6.1; WOW64; rv:51.0) Gecko/20100101 Firefox/51.0"
86.59.158.170 - - [29/Jan/2017:10:56:33 +0100] "GET /popupsys%20elemei/main.txt HTTP/1.1" 200 342 "http://mkk.zpok.hu/index.swf" "Mozilla/5.0 (Windows NT 6.1; WOW64; rv:51.0) Gecko/20100101 Firefox/51.0"
86.59.158.170 - - [29/Jan/2017:10:56:33 +0100] "GET /hirek.xml HTTP/1.1" 200 51504 "http://mkk.zpok.hu/index.swf" "Mozilla/5.0 (Windows NT 6.1; WOW64; rv:51.0) Gecko/20100101 Firefox/51.0"
86.59.158.170 - - [29/Jan/2017:10:56:55 +0100] "GET /doc/allomasok_kepes_osszefoglaloja.pdf HTTP/1.1" 404 1181 "http://mkk.zpok.hu/" "Mozilla/5.0 (Windows NT 6.1; WOW64; rv:51.0) Gecko/20100101 Firefox/51.0"
86.59.158.170 - - [29/Jan/2017:10:56:55 +0100] "GET /favicon.ico HTTP/1.1" 404 1181 "-" "Mozilla/5.0 (Windows NT 6.1; WOW64; rv:51.0) Gecko/20100101 Firefox/51.0"
86.59.158.170 - - [29/Jan/2017:10:56:55 +0100] "GET /favicon.ico HTTP/1.1" 404 1181 "-" "Mozilla/5.0 (Windows NT 6.1; WOW64; rv:51.0) Gecko/20100101 Firefox/51.0"
84.245.120.220 - - [29/Jan/2017:11:00:15 +0100] "GET /images/vasutterkep_n.jpg HTTP/1.1" 200 1310720 "https://www.google.sk/" "Mozilla/5.0 (Windows NT 10.0; Win64; x64) AppleWebKit/537.36 (KHTML, like Gecko) Chrome/55.0.2883.87 Safari/537.36"
46.35.192.39 - - [29/Jan/2017:11:03:56 +0100] "GET /doc/eletet-a-vasutnak.pdf HTTP/1.1" 206 1925120 "http://kereso.startlap.hu/index.php?q=mez%C5%91tur%20mez%C5%91hegyes%20vasutvonal%20%C3%A9pit%C3%A9se%2019%20sz%C3%A1zad&sise=a&search=google&inpage=1&sticky=0&nhash=startlap_26a4415469fdc6718af8bf68bb717b7d_TWpreU1ERTNNakF3TVRFd01qazNNVEkyTkRjME5EZzVOalkzTkRZNU5Ua3hPRFU1TWpVM09EZ3lOell4T0RjNU5qTTVOVEV6&page=1" "Mozilla/5.0 (Windows NT 6.1; WOW64) AppleWebKit/537.36 (KHTML, like Gecko) Chrome/55.0.2883.87 Safari/537.36"
46.35.192.39 - - [29/Jan/2017:11:03:56 +0100] "GET /doc/eletet-a-vasutnak.pdf HTTP/1.1" 206 429360 "http://mkk.zpok.hu/doc/eletet-a-vasutnak.pdf" "Mozilla/5.0 (Windows NT 6.1; WOW64) AppleWebKit/537.36 (KHTML, like Gecko) Chrome/55.0.2883.87 Safari/537.36"
66.249.64.65 - - [29/Jan/2017:11:04:14 +0100] "GET /hirlevel/vasuttal0701.htm HTTP/1.1" 200 12640 "-" "Mozilla/5.0 (compatible; Googlebot/2.1; +http://www.google.com/bot.html)"
92.249.245.40 - - [29/Jan/2017:11:05:34 +0100] "GET / HTTP/1.1" 200 1178 "-" "Mozilla/5.0 (Windows NT 6.1; WOW64; rv:51.0) Gecko/20100101 Firefox/51.0"
92.249.245.40 - - [29/Jan/2017:11:05:34 +0100] "GET /index.swf HTTP/1.1" 200 37350 "http://www.mkk.zpok.hu/" "Mozilla/5.0 (Windows NT 6.1; WOW64; rv:51.0) Gecko/20100101 Firefox/51.0"
92.249.245.40 - - [29/Jan/2017:11:05:34 +0100] "GET /favicon.ico HTTP/1.1" 404 1181 "-" "Mozilla/5.0 (Windows NT 6.1; WOW64; rv:51.0) Gecko/20100101 Firefox/51.0"
92.249.245.40 - - [29/Jan/2017:11:05:34 +0100] "GET /favicon.ico HTTP/1.1" 404 1181 "-" "Mozilla/5.0 (Windows NT 6.1; WOW64; rv:51.0) Gecko/20100101 Firefox/51.0"
66.249.64.70 - - [29/Jan/2017:11:13:16 +0100] "GET /hirlevel/vonattal1202.htm HTTP/1.1" 200 29926 "-" "Mozilla/5.0 (compatible; Googlebot/2.1; +http://www.google.com/bot.html)"
180.76.15.32 - - [29/Jan/2017:11:16:34 +0100] "GET /robots.txt HTTP/1.1" 404 1181 "-" "Mozilla/5.0 (Windows NT 5.1; rv:6.0.2) Gecko/20100101 Firefox/6.0.2"
180.76.15.163 - - [29/Jan/2017:11:16:35 +0100] "GET /robots.txt HTTP/1.1" 404 1181 "-" "Mozilla/5.0 (Windows NT 5.1; rv:6.0.2) Gecko/20100101 Firefox/6.0.2"
188.6.155.46 - - [29/Jan/2017:11:17:01 +0100] "GET /images/vasutterkep_n.jpg HTTP/1.1" 200 541213 "https://www.google.hu/" "Mozilla/5.0 (Windows NT 6.1) AppleWebKit/537.36 (KHTML, like Gecko) Chrome/55.0.2883.87 Safari/537.36"
180.76.15.148 - - [29/Jan/2017:11:18:53 +0100] "GET /hirlevel/miskolc_1109.doc HTTP/1.1" 200 589824 "-" "Mozilla/5.0 (compatible; Baiduspider/2.0; +http://www.baidu.com/search/spider.html)"
176.63.25.135 - - [29/Jan/2017:11:19:34 +0100] "GET /images/vasutterkep_n.jpg HTTP/1.1" 200 4702972 "https://www.google.hu/" "Mozilla/5.0 (Windows NT 6.1; WOW64) AppleWebKit/537.36 (KHTML, like Gecko) Chrome/55.0.2883.87 Safari/537.36"
81.183.52.52 - - [29/Jan/2017:11:23:16 +0100] "GET /images/vasutterkep_n.jpg HTTP/1.1" 200 4702972 "https://www.google.hu/" "Mozilla/5.0 (Windows NT 6.3; WOW64) AppleWebKit/537.36 (KHTML, like Gecko) Chrome/55.0.2883.87 Safari/537.36"
134.255.81.133 - - [29/Jan/2017:11:30:56 +0100] "GET /hirlevel/vonattal1207.htm HTTP/1.1" 200 57936 "http://www.google.hu/url?sa=t&rct=j&q=&esrc=s&source=web&cd=10&ved=0ahUKEwjcl4nBkufRAhWrFJoKHZuWAe0QFgh8MAk&url=http%3A%2F%2Fmkk.zpok.hu%2Fhirlevel%2Fvonattal1207.htm&usg=AFQjCNHydoR64aEGrouqntGeOhqMJgkzNg" "Mozilla/5.0 (Windows NT 6.1; Trident/7.0; rv:11.0) like Gecko"
134.255.81.133 - - [29/Jan/2017:11:30:56 +0100] "GET /hirlevel/images/1208_tokaj.jpg HTTP/1.1" 200 47474 "http://mkk.zpok.hu/hirlevel/vonattal1207.htm" "Mozilla/5.0 (Windows NT 6.1; Trident/7.0; rv:11.0) like Gecko"
134.255.81.133 - - [29/Jan/2017:11:30:56 +0100] "GET /hirlevel/images/1208_EMH_logo_2012_szlogen.jpg HTTP/1.1" 200 59958 "http://mkk.zpok.hu/hirlevel/vonattal1207.htm" "Mozilla/5.0 (Windows NT 6.1; Trident/7.0; rv:11.0) like Gecko"
134.255.81.133 - - [29/Jan/2017:11:30:56 +0100] "GET /hirlevel/images/1208_katyuk.jpg HTTP/1.1" 200 46554 "http://mkk.zpok.hu/hirlevel/vonattal1207.htm" "Mozilla/5.0 (Windows NT 6.1; Trident/7.0; rv:11.0) like Gecko"
134.255.81.133 - - [29/Jan/2017:11:30:56 +0100] "GET /hirlevel/images/1208_gadoros.jpg HTTP/1.1" 200 57871 "http://mkk.zpok.hu/hirlevel/vonattal1207.htm" "Mozilla/5.0 (Windows NT 6.1; Trident/7.0; rv:11.0) like Gecko"
134.255.81.133 - - [29/Jan/2017:11:30:57 +0100] "GET /hirlevel/images/1208_jaszboldoghaza.jpg HTTP/1.1" 200 65684 "http://mkk.zpok.hu/hirlevel/vonattal1207.htm" "Mozilla/5.0 (Windows NT 6.1; Trident/7.0; rv:11.0) like Gecko"
134.255.81.133 - - [29/Jan/2017:11:30:57 +0100] "GET /hirlevel/images/1208_pesa.png HTTP/1.1" 200 101881 "http://mkk.zpok.hu/hirlevel/vonattal1207.htm" "Mozilla/5.0 (Windows NT 6.1; Trident/7.0; rv:11.0) like Gecko"
134.255.81.133 - - [29/Jan/2017:11:30:57 +0100] "GET /hirlevel/images/_1208_ludas.jpg HTTP/1.1" 200 57344 "http://mkk.zpok.hu/hirlevel/vonattal1207.htm" "Mozilla/5.0 (Windows NT 6.1; Trident/7.0; rv:11.0) like Gecko"
134.255.81.133 - - [29/Jan/2017:11:30:57 +0100] "GET /hirlevel/images/1208_tisza-to.jpg HTTP/1.1" 200 70728 "http://mkk.zpok.hu/hirlevel/vonattal1207.htm" "Mozilla/5.0 (Windows NT 6.1; Trident/7.0; rv:11.0) like Gecko"
134.255.81.133 - - [29/Jan/2017:11:30:57 +0100] "GET /hirlevel/images/Videkfejlesztesi_miniszterium-P-arany.jpg HTTP/1.1" 200 10497 "http://mkk.zpok.hu/hirlevel/vonattal1207.htm" "Mozilla/5.0 (Windows NT 6.1; Trident/7.0; rv:11.0) like Gecko"
134.255.81.133 - - [29/Jan/2017:11:30:58 +0100] "GET /hirlevel/images/Okotars_fekvo_szines.jpg HTTP/1.1" 200 98627 "http://mkk.zpok.hu/hirlevel/vonattal1207.htm" "Mozilla/5.0 (Windows NT 6.1; Trident/7.0; rv:11.0) like Gecko"
134.255.81.133 - - [29/Jan/2017:11:30:58 +0100] "HEAD /hirlevel/images/vonattal.swf HTTP/1.1" 200 0 "-" "Mozilla/5.0 (Windows NT 6.1; Trident/7.0; rv:11.0) like Gecko"
134.255.81.133 - - [29/Jan/2017:11:30:58 +0100] "GET /hirlevel/images/1208_kapostuskevar.jpg HTTP/1.1" 200 53080 "http://mkk.zpok.hu/hirlevel/vonattal1207.htm" "Mozilla/5.0 (Windows NT 6.1; Trident/7.0; rv:11.0) like Gecko"
134.255.81.133 - - [29/Jan/2017:11:30:58 +0100] "GET /hirlevel/images/1208_lentiszombathely.jpg HTTP/1.1" 200 53507 "http://mkk.zpok.hu/hirlevel/vonattal1207.htm" "Mozilla/5.0 (Windows NT 6.1; Trident/7.0; rv:11.0) like Gecko"
134.255.81.133 - - [29/Jan/2017:11:30:58 +0100] "GET /hirlevel/images/vonattal.swf HTTP/1.1" 200 697 "http://mkk.zpok.hu/hirlevel/vonattal1207.htm" "Mozilla/5.0 (Windows NT 6.1; Trident/7.0; rv:11.0) like Gecko"
134.255.81.133 - - [29/Jan/2017:11:30:59 +0100] "GET /favicon.ico HTTP/1.1" 404 1181 "-" "Mozilla/5.0 (Windows NT 6.1; Trident/7.0; rv:11.0) like Gecko"
66.249.64.65 - - [29/Jan/2017:11:34:26 +0100] "GET /hirlevel/vonattal0906.htm HTTP/1.1" 200 25493 "-" "Mozilla/5.0 (compatible; Googlebot/2.1; +http://www.google.com/bot.html)"
176.63.17.78 - - [29/Jan/2017:11:34:54 +0100] "GET /images/vasutterkep_n.jpg HTTP/1.1" 200 4702972 "https://www.google.hu/" "Mozilla/5.0 (Windows NT 10.0; WOW64; rv:51.0) Gecko/20100101 Firefox/51.0"
88.132.79.171 - - [29/Jan/2017:11:37:44 +0100] "GET /images/vasutterkep_n.jpg HTTP/1.1" 200 4702972 "https://www.google.hu/" "Mozilla/5.0 (Windows NT 6.1; Win64; x64) AppleWebKit/537.36 (KHTML, like Gecko) Chrome/56.0.2924.76 Safari/537.36"
62.212.73.211 - - [29/Jan/2017:11:49:52 +0100] "GET /robots.txt HTTP/1.1" 404 1181 "-" "Mozilla/5.0 (compatible; MJ12bot/v1.4.7; http://mj12bot.com/)"
62.212.73.211 - - [29/Jan/2017:11:49:57 +0100] "GET / HTTP/1.1" 200 1178 "-" "Mozilla/5.0 (compatible; MJ12bot/v1.4.7; http://mj12bot.com/)"
157.55.39.150 - - [29/Jan/2017:11:57:12 +0100] "GET / HTTP/1.1" 200 1178 "-" "Mozilla/5.0 (iPhone; CPU iPhone OS 7_0 like Mac OS X) AppleWebKit/537.51.1 (KHTML, like Gecko) Version/7.0 Mobile/11A465 Safari/9537.53 (compatible; bingbot/2.0; +http://www.bing.com/bingbot.htm)"
66.249.64.124 - - [29/Jan/2017:11:57:13 +0100] "GET /hirlevel/vasuttal0712.htm HTTP/1.1" 200 16632 "-" "Mozilla/5.0 (compatible; Googlebot/2.1; +http://www.google.com/bot.html)"
199.30.24.221 - - [29/Jan/2017:11:57:17 +0100] "GET /index.swf HTTP/1.1" 200 1451930 "http://mkk.zpok.hu/index.swf" "Mozilla/5.0 (iPhone; CPU iPhone OS 7_0 like Mac OS X) AppleWebKit/537.51.1 (KHTML, like Gecko) Version/7.0 Mobile/11A465 Safari/9537.53 BingPreview/1.0b"
207.46.13.130 - - [29/Jan/2017:11:57:31 +0100] "GET /robots.txt HTTP/1.1" 404 1181 "-" "Mozilla/5.0 (compatible; bingbot/2.0; +http://www.bing.com/bingbot.htm)"
173.252.115.197 - - [29/Jan/2017:12:08:02 +0100] "GET /doc/legyel_te_is_buszke_kerekparos.pdf HTTP/1.1" 200 185843 "-" "-"
66.249.64.124 - - [29/Jan/2017:12:10:37 +0100] "GET /hirlevel/vonattal1109.htm HTTP/1.1" 200 47571 "-" "Mozilla/5.0 (compatible; Googlebot/2.1; +http://www.google.com/bot.html)"
207.46.13.54 - - [29/Jan/2017:12:26:12 +0100] "GET /hirlevel/vonattal0909.htm HTTP/1.1" 200 17252 "-" "Mozilla/5.0 (compatible; bingbot/2.0; +http://www.bing.com/bingbot.htm)"
207.46.13.54 - - [29/Jan/2017:12:26:13 +0100] "GET /hirlevel/vonattal1304.html HTTP/1.1" 200 53937 "-" "Mozilla/5.0 (compatible; bingbot/2.0; +http://www.bing.com/bingbot.htm)"
207.46.13.54 - - [29/Jan/2017:12:26:13 +0100] "GET /hirlevel/vonattal1207.htm HTTP/1.1" 200 57936 "-" "Mozilla/5.0 (compatible; bingbot/2.0; +http://www.bing.com/bingbot.htm)"
207.46.13.54 - - [29/Jan/2017:12:26:14 +0100] "GET /hirlevel/vonattal1105-6.html HTTP/1.1" 200 24904 "-" "Mozilla/5.0 (compatible; bingbot/2.0; +http://www.bing.com/bingbot.htm)"
207.46.13.54 - - [29/Jan/2017:12:26:14 +0100] "GET /hirlevel/vonattal1101-02.htm HTTP/1.1" 200 29113 "-" "Mozilla/5.0 (compatible; bingbot/2.0; +http://www.bing.com/bingbot.htm)"
207.46.13.54 - - [29/Jan/2017:12:26:14 +0100] "GET /hirlevel/vonattal1108.htm HTTP/1.1" 200 26684 "-" "Mozilla/5.0 (compatible; bingbot/2.0; +http://www.bing.com/bingbot.htm)"
207.46.13.54 - - [29/Jan/2017:12:26:14 +0100] "GET /hirlevel/vonattal1007.htm HTTP/1.1" 200 27837 "-" "Mozilla/5.0 (compatible; bingbot/2.0; +http://www.bing.com/bingbot.htm)"
207.46.13.54 - - [29/Jan/2017:12:26:14 +0100] "GET /hirlevel/vonattal0912.htm HTTP/1.1" 200 55120 "-" "Mozilla/5.0 (compatible; bingbot/2.0; +http://www.bing.com/bingbot.htm)"
157.55.39.150 - - [29/Jan/2017:12:26:20 +0100] "GET /hirlevel/vonattal1309.html HTTP/1.1" 200 41258 "-" "Mozilla/5.0 (compatible; bingbot/2.0; +http://www.bing.com/bingbot.htm)"
157.55.39.150 - - [29/Jan/2017:12:26:20 +0100] "GET /hirlevel/vonattal1209.htm HTTP/1.1" 200 45089 "-" "Mozilla/5.0 (compatible; bingbot/2.0; +http://www.bing.com/bingbot.htm)"
157.55.39.150 - - [29/Jan/2017:12:26:20 +0100] "GET /hirlevel/vonattal1306.html HTTP/1.1" 200 50271 "-" "Mozilla/5.0 (compatible; bingbot/2.0; +http://www.bing.com/bingbot.htm)"
157.55.39.150 - - [29/Jan/2017:12:26:21 +0100] "GET /hirlevel/vonattal1012.htm HTTP/1.1" 200 40274 "-" "Mozilla/5.0 (compatible; bingbot/2.0; +http://www.bing.com/bingbot.htm)"
157.55.39.150 - - [29/Jan/2017:12:26:21 +0100] "GET /hirlevel/vonattal1003.htm HTTP/1.1" 200 28228 "-" "Mozilla/5.0 (compatible; bingbot/2.0; +http://www.bing.com/bingbot.htm)"
157.55.39.150 - - [29/Jan/2017:12:26:22 +0100] "GET /hirlevel/vonattal1009.htm HTTP/1.1" 200 40861 "-" "Mozilla/5.0 (compatible; bingbot/2.0; +http://www.bing.com/bingbot.htm)"
157.55.39.150 - - [29/Jan/2017:12:26:22 +0100] "GET /hirlevel/vonattal1505.html HTTP/1.1" 200 31133 "-" "Mozilla/5.0 (compatible; bingbot/2.0; +http://www.bing.com/bingbot.htm)"
157.55.39.150 - - [29/Jan/2017:12:26:22 +0100] "GET /hirlevel/vonattal1408.html HTTP/1.1" 200 22601 "-" "Mozilla/5.0 (compatible; bingbot/2.0; +http://www.bing.com/bingbot.htm)"
207.46.13.12 - - [29/Jan/2017:12:26:28 +0100] "GET /hirlevel/vonattal1206.htm HTTP/1.1" 200 47612 "-" "Mozilla/5.0 (compatible; bingbot/2.0; +http://www.bing.com/bingbot.htm)"
207.46.13.12 - - [29/Jan/2017:12:26:29 +0100] "GET /hirlevel/vonattal1103.htm HTTP/1.1" 200 36669 "-" "Mozilla/5.0 (compatible; bingbot/2.0; +http://www.bing.com/bingbot.htm)"
207.46.13.12 - - [29/Jan/2017:12:26:29 +0100] "GET /hirlevel/vonattal1501.html HTTP/1.1" 200 25759 "-" "Mozilla/5.0 (compatible; bingbot/2.0; +http://www.bing.com/bingbot.htm)"
207.46.13.12 - - [29/Jan/2017:12:26:29 +0100] "GET /hirlevel/vonattal0810.htm HTTP/1.1" 200 36363 "-" "Mozilla/5.0 (compatible; bingbot/2.0; +http://www.bing.com/bingbot.htm)"
207.46.13.12 - - [29/Jan/2017:12:26:30 +0100] "GET /hirlevel/vonattal1006.htm HTTP/1.1" 200 43254 "-" "Mozilla/5.0 (compatible; bingbot/2.0; +http://www.bing.com/bingbot.htm)"
207.46.13.12 - - [29/Jan/2017:12:26:30 +0100] "GET /hirlevel/vonattal1410.html HTTP/1.1" 200 34691 "-" "Mozilla/5.0 (compatible; bingbot/2.0; +http://www.bing.com/bingbot.htm)"
207.46.13.12 - - [29/Jan/2017:12:26:31 +0100] "GET /hirlevel/vonattal1311.html HTTP/1.1" 200 34365 "-" "Mozilla/5.0 (compatible; bingbot/2.0; +http://www.bing.com/bingbot.htm)"
66.249.64.65 - - [29/Jan/2017:12:26:36 +0100] "GET /hirlevel/vasuttal0702.htm HTTP/1.1" 200 24655 "-" "Mozilla/5.0 (compatible; Googlebot/2.1; +http://www.google.com/bot.html)"
207.46.13.130 - - [29/Jan/2017:12:26:41 +0100] "GET /hirlevel/vonattal1204.htm HTTP/1.1" 200 31657 "-" "Mozilla/5.0 (compatible; bingbot/2.0; +http://www.bing.com/bingbot.htm)"
207.46.13.130 - - [29/Jan/2017:12:26:42 +0100] "GET /hirlevel/vonattal1107.htm HTTP/1.1" 200 26917 "-" "Mozilla/5.0 (compatible; bingbot/2.0; +http://www.bing.com/bingbot.htm)"
207.46.13.130 - - [29/Jan/2017:12:26:42 +0100] "GET /hirlevel/vonattal1412.html HTTP/1.1" 200 20581 "-" "Mozilla/5.0 (compatible; bingbot/2.0; +http://www.bing.com/bingbot.htm)"
207.46.13.130 - - [29/Jan/2017:12:26:43 +0100] "GET /hirlevel/vasuttal0707.htm HTTP/1.1" 200 30203 "-" "Mozilla/5.0 (compatible; bingbot/2.0; +http://www.bing.com/bingbot.htm)"
207.46.13.130 - - [29/Jan/2017:12:26:43 +0100] "GET /hirlevel/vonattal1409.html HTTP/1.1" 200 32865 "-" "Mozilla/5.0 (compatible; bingbot/2.0; +http://www.bing.com/bingbot.htm)"
207.46.13.130 - - [29/Jan/2017:12:26:43 +0100] "GET /hirlevel/vonattal0911.htm HTTP/1.1" 200 41812 "-" "Mozilla/5.0 (compatible; bingbot/2.0; +http://www.bing.com/bingbot.htm)"
207.46.13.130 - - [29/Jan/2017:12:26:44 +0100] "GET /hirlevel/vonattal1004.htm HTTP/1.1" 200 51166 "-" "Mozilla/5.0 (compatible; bingbot/2.0; +http://www.bing.com/bingbot.htm)"
207.46.13.130 - - [29/Jan/2017:12:26:44 +0100] "GET /hirlevel/vonattal0812.htm HTTP/1.1" 200 33272 "-" "Mozilla/5.0 (compatible; bingbot/2.0; +http://www.bing.com/bingbot.htm)"
66.249.64.124 - - [29/Jan/2017:12:51:59 +0100] "GET /hirlevel/vasuttal0703.htm HTTP/1.1" 200 25859 "-" "Mozilla/5.0 (compatible; Googlebot/2.1; +http://www.google.com/bot.html)"
207.46.13.54 - - [29/Jan/2017:12:55:58 +0100] "GET /doc/vonatrafel_c.pdf HTTP/1.1" 404 1181 "-" "Mozilla/5.0 (iPhone; CPU iPhone OS 7_0 like Mac OS X) AppleWebKit/537.51.1 (KHTML, like Gecko) Version/7.0 Mobile/11A465 Safari/9537.53 (compatible; bingbot/2.0; +http://www.bing.com/bingbot.htm)"
157.55.39.150 - - [29/Jan/2017:12:56:46 +0100] "GET /hirlevel/miskolc_1109.doc HTTP/1.1" 200 702464 "-" "Mozilla/5.0 (iPhone; CPU iPhone OS 7_0 like Mac OS X) AppleWebKit/537.51.1 (KHTML, like Gecko) Version/7.0 Mobile/11A465 Safari/9537.53 (compatible; bingbot/2.0; +http://www.bing.com/bingbot.htm)"
157.55.39.150 - - [29/Jan/2017:13:05:28 +0100] "GET / HTTP/1.1" 200 1178 "-" "Mozilla/5.0 (compatible; bingbot/2.0; +http://www.bing.com/bingbot.htm)"
66.249.64.70 - - [29/Jan/2017:13:09:31 +0100] "GET /hirlevel/vonattal1209.htm HTTP/1.1" 200 45089 "-" "Mozilla/5.0 (compatible; Googlebot/2.1; +http://www.google.com/bot.html)"
212.40.119.34 - - [29/Jan/2017:13:29:34 +0100] "GET / HTTP/1.1" 200 1178 "-" "Mozilla/5.0 (Windows NT 5.1; rv:50.0) Gecko/20100101 Firefox/50.0"
212.40.119.34 - - [29/Jan/2017:13:29:35 +0100] "GET /index.swf HTTP/1.1" 200 35598 "http://www.mkk.zpok.hu/" "Mozilla/5.0 (Windows NT 5.1; rv:50.0) Gecko/20100101 Firefox/50.0"
212.40.119.34 - - [29/Jan/2017:13:29:35 +0100] "GET /favicon.ico HTTP/1.1" 404 1181 "-" "Mozilla/5.0 (Windows NT 5.1; rv:50.0) Gecko/20100101 Firefox/50.0"
212.40.119.34 - - [29/Jan/2017:13:29:35 +0100] "GET /favicon.ico HTTP/1.1" 404 1181 "-" "Mozilla/5.0 (Windows NT 5.1; rv:50.0) Gecko/20100101 Firefox/50.0"
212.40.119.34 - - [29/Jan/2017:13:30:00 +0100] "GET /index.swf HTTP/1.1" 200 248718 "http://www.mkk.zpok.hu/" "Mozilla/5.0 (Windows NT 5.1; rv:50.0) Gecko/20100101 Firefox/50.0"
176.63.12.245 - - [29/Jan/2017:13:34:42 +0100] "GET /hirlevel/images/1410_a.jpg HTTP/1.1" 200 42627 "https://www.google.hu/" "Mozilla/5.0 (Linux; Android 5.1.1; SM-G361F Build/LMY48B) AppleWebKit/537.36 (KHTML, like Gecko) Chrome/55.0.2883.91 Mobile Safari/537.36"
66.249.64.70 - - [29/Jan/2017:13:36:24 +0100] "GET /hirlevel/vasuttal0809.htm HTTP/1.1" 200 24446 "-" "Mozilla/5.0 (compatible; Googlebot/2.1; +http://www.google.com/bot.html)"
157.55.39.150 - - [29/Jan/2017:13:45:08 +0100] "GET /hirlevel/images/okotars.jpg HTTP/1.1" 200 8312 "-" "Mozilla/5.0 (compatible; bingbot/2.0; +http://www.bing.com/bingbot.htm)"
157.55.39.150 - - [29/Jan/2017:13:59:15 +0100] "GET /hirlevel/images/0812e.jpg HTTP/1.1" 200 43006 "-" "Mozilla/5.0 (compatible; bingbot/2.0; +http://www.bing.com/bingbot.htm)"
