66.249.66.198 - - [19/Jan/2017:16:35:51 +0100] "GET /images/b2_2012_03_+terkepkep.pdf HTTP/1.1" 200 16489934 "-" "Mozilla/5.0 (Linux; Android 6.0.1; Nexus 5X Build/MMB29P) AppleWebKit/537.36 (KHTML, like Gecko) Chrome/41.0.2272.96 Mobile Safari/537.36 (compatible; Googlebot/2.1; +http://www.google.com/bot.html)"
66.249.66.198 - - [19/Jan/2017:16:46:03 +0100] "GET /hirlevel/vonattal1306.html HTTP/1.1" 200 50271 "-" "Mozilla/5.0 (compatible; Googlebot/2.1; +http://www.google.com/bot.html)"
66.249.66.251 - - [19/Jan/2017:16:46:04 +0100] "GET /hirlevel/images/karpatok_1.jpg HTTP/1.1" 200 11811 "-" "Googlebot-Image/1.0"
40.77.167.32 - - [19/Jan/2017:16:52:52 +0100] "GET / HTTP/1.1" 200 1178 "-" "Mozilla/5.0 (iPhone; CPU iPhone OS 7_0 like Mac OS X) AppleWebKit/537.51.1 (KHTML, like Gecko) Version/7.0 Mobile/11A465 Safari/9537.53 (compatible; bingbot/2.0; +http://www.bing.com/bingbot.htm)"
91.82.170.104 - - [19/Jan/2017:16:59:47 +0100] "GET /images/vasutterkep_n.jpg HTTP/1.1" 200 4702972 "https://www.google.hu/" "Mozilla/5.0 (Windows NT 6.1; rv:50.0) Gecko/20100101 Firefox/50.0"
66.249.66.251 - - [19/Jan/2017:17:05:50 +0100] "GET /hirlevel/vonattal1311.html HTTP/1.1" 200 34365 "-" "Mozilla/5.0 (compatible; Googlebot/2.1; +http://www.google.com/bot.html)"
85.238.82.250 - - [19/Jan/2017:17:08:07 +0100] "GET /images/vasutterkep_n.jpg HTTP/1.1" 200 4702972 "-" "Mozilla/5.0 (compatible; MSIE 10.0; Windows Phone 8.0; Trident/6.0; IEMobile/10.0; ARM; Touch; Microsoft; Lumia 640 LTE)"
176.63.187.198 - - [19/Jan/2017:17:10:54 +0100] "GET / HTTP/1.1" 200 1178 "-" "Mozilla/5.0"
176.63.187.198 - - [19/Jan/2017:17:10:58 +0100] "GET / HTTP/1.1" 200 1178 "-" "Mozilla/5.0"
66.249.66.198 - - [19/Jan/2017:17:26:45 +0100] "GET /hirlevel/vonattal1602.html HTTP/1.1" 200 28174 "-" "Mozilla/5.0 (compatible; Googlebot/2.1; +http://www.google.com/bot.html)"
84.0.186.153 - - [19/Jan/2017:17:27:48 +0100] "GET /images/vasutterkep_n.jpg HTTP/1.1" 200 4702972 "https://www.google.hu/" "Mozilla/5.0 (Windows NT 10.0; WOW64) AppleWebKit/537.36 (KHTML, like Gecko) Chrome/55.0.2883.87 Safari/537.36"
94.21.22.93 - - [19/Jan/2017:17:36:33 +0100] "GET /images/vasutterkep_n.jpg HTTP/1.1" 200 4702972 "-" "Mozilla/5.0 (Windows NT 6.1; WOW64; rv:50.0) Gecko/20100101 Firefox/50.0"
66.249.66.198 - - [19/Jan/2017:17:54:50 +0100] "GET /hirlevel/vonattal1401.html HTTP/1.1" 200 16168 "-" "Mozilla/5.0 (compatible; Googlebot/2.1; +http://www.google.com/bot.html)"
80.95.78.52 - - [19/Jan/2017:17:57:27 +0100] "GET /images/vasutterkep_n.jpg HTTP/1.1" 200 1118785 "http://www.bing.com/images/search?q=terkep&view=detailv2&&id=5B345D79DA1142735BF4DD8618A8D196486057BE&selectedIndex=7&ccid=Oo2rxlr%2b&simid=608043769856394983&thid=OIP.M3a8dabc65afeca9f3f42e14f086a579dH0" "Mozilla/5.0 (Windows NT 6.1; Trident/7.0; rv:11.0) like Gecko"
66.249.66.219 - - [19/Jan/2017:18:10:26 +0100] "GET /doc/meszaros_peter.ppt HTTP/1.1" 200 75776 "-" "Mozilla/5.0 (compatible; Googlebot/2.1; +http://www.google.com/bot.html)"
66.249.66.251 - - [19/Jan/2017:18:23:10 +0100] "GET /hirlevel/images/kvvm_1.jpg HTTP/1.1" 200 11772 "-" "Googlebot-Image/1.0"
66.249.66.219 - - [19/Jan/2017:18:28:47 +0100] "GET /doc/kommunike_2011.pdf HTTP/1.1" 200 61630 "-" "Mozilla/5.0 (compatible; Googlebot/2.1; +http://www.google.com/bot.html)"
88.132.72.114 - - [19/Jan/2017:18:34:54 +0100] "GET /images/vasutterkep_n.jpg HTTP/1.1" 200 4702972 "-" "Mozilla/5.0 (Windows NT 6.3; WOW64; Trident/7.0; rv:11.0) like Gecko/20100101 Firefox/12.0"
85.66.1.33 - - [19/Jan/2017:18:38:25 +0100] "GET /images/vasutterkep_n.jpg HTTP/1.1" 200 4702972 "https://www.bing.com/" "Mozilla/5.0 (Windows NT 10.0) AppleWebKit/537.36 (KHTML, like Gecko) Chrome/46.0.2486.0 Safari/537.36 Edge/13.10586"
157.55.39.134 - - [19/Jan/2017:18:43:26 +0100] "GET /hirlevel/tapolca_jelentkez%C3%83%C2%A9si_lap.pdf HTTP/1.1" 404 1181 "-" "Mozilla/5.0 (compatible; bingbot/2.0; +http://www.bing.com/bingbot.htm)"
66.249.66.251 - - [19/Jan/2017:18:46:20 +0100] "GET /hirlevel/vonattal1505.html HTTP/1.1" 200 31133 "-" "Mozilla/5.0 (compatible; Googlebot/2.1; +http://www.google.com/bot.html)"
178.48.138.160 - - [19/Jan/2017:18:59:50 +0100] "GET /images/vasutterkep_n.jpg HTTP/1.1" 200 4702972 "https://www.google.hu/" "Mozilla/5.0 (iPad; CPU OS 9_3_5 like Mac OS X) AppleWebKit/601.1 (KHTML, like Gecko) CriOS/55.0.2883.79 Mobile/13G36 Safari/601.1.46"
66.249.66.193 - - [19/Jan/2017:19:01:02 +0100] "GET /hirlevel/vonattal1508.html HTTP/1.1" 200 24080 "-" "Mozilla/5.0 (compatible; Googlebot/2.1; +http://www.google.com/bot.html)"
40.77.167.32 - - [19/Jan/2017:19:07:18 +0100] "GET /hirlevel/zujvarosautomentesnap_201410.pdf HTTP/1.1" 200 25545 "-" "Mozilla/5.0 (compatible; bingbot/2.0; +http://www.bing.com/bingbot.htm)"
207.46.13.48 - - [19/Jan/2017:19:10:09 +0100] "GET /hirlevel/vonattal1508.html HTTP/1.1" 200 24080 "-" "Mozilla/5.0 (iPhone; CPU iPhone OS 7_0 like Mac OS X) AppleWebKit/537.51.1 (KHTML, like Gecko) Version/7.0 Mobile/11A465 Safari/9537.53 (compatible; bingbot/2.0; +http://www.bing.com/bingbot.htm)"
207.46.13.234 - - [19/Jan/2017:19:10:23 +0100] "GET /robots.txt HTTP/1.1" 404 1181 "-" "Mozilla/5.0 (compatible; bingbot/2.0; +http://www.bing.com/bingbot.htm)"
207.46.13.234 - - [19/Jan/2017:19:10:23 +0100] "GET /robots.txt HTTP/1.1" 404 1181 "-" "Mozilla/5.0 (compatible; bingbot/2.0; +http://www.bing.com/bingbot.htm)"
207.46.13.97 - - [19/Jan/2017:19:10:44 +0100] "GET /hirlevel/NCTA_tamogato_es_lebonyolito_logosor.jpg HTTP/1.1" 200 22139 "-" "Mozilla/5.0 (iPhone; CPU iPhone OS 7_0 like Mac OS X) AppleWebKit/537.51.1 (KHTML, like Gecko) Version/7.0 Mobile/11A465 Safari/9537.53 (compatible; bingbot/2.0; +http://www.bing.com/bingbot.htm)"
157.55.39.134 - - [19/Jan/2017:19:10:48 +0100] "GET /hirlevel/images/avidekkozlekedeseert.swf HTTP/1.1" 200 5063 "-" "Mozilla/5.0 (iPhone; CPU iPhone OS 7_0 like Mac OS X) AppleWebKit/537.51.1 (KHTML, like Gecko) Version/7.0 Mobile/11A465 Safari/9537.53 (compatible; bingbot/2.0; +http://www.bing.com/bingbot.htm)"
66.249.66.193 - - [19/Jan/2017:19:12:07 +0100] "GET /hirlevel/vonattal1512.html HTTP/1.1" 200 36609 "-" "Mozilla/5.0 (compatible; Googlebot/2.1; +http://www.google.com/bot.html)"
89.132.102.219 - - [19/Jan/2017:19:16:37 +0100] "GET /images/vasutterkep_n.jpg HTTP/1.1" 200 4702972 "https://www.google.hu/" "Mozilla/5.0 (Windows NT 10.0; WOW64) AppleWebKit/537.36 (KHTML, like Gecko) Chrome/55.0.2883.87 Safari/537.36"
79.122.63.207 - - [19/Jan/2017:19:24:34 +0100] "GET /images/vasutterkep_n.jpg HTTP/1.1" 200 4702972 "https://www.bing.com/" "Mozilla/5.0 (Windows NT 10.0) AppleWebKit/537.36 (KHTML, like Gecko) Chrome/51.0.2704.79 Safari/537.36 Edge/14.14393"
66.249.66.193 - - [19/Jan/2017:19:24:42 +0100] "GET /hirlevel/vonattal1110.html HTTP/1.1" 200 30080 "-" "Mozilla/5.0 (compatible; Googlebot/2.1; +http://www.google.com/bot.html)"
148.251.2.68 - - [19/Jan/2017:19:29:00 +0100] "GET /robots.txt HTTP/1.1" 404 1181 "-" "Mozilla/5.0 (compatible; BLEXBot/1.0; +http://webmeup-crawler.com/)"
148.251.2.68 - - [19/Jan/2017:19:29:01 +0100] "GET /robots.txt HTTP/1.1" 404 1181 "-" "Mozilla/5.0 (compatible; BLEXBot/1.0; +http://webmeup-crawler.com/)"
148.251.2.68 - - [19/Jan/2017:19:29:01 +0100] "GET / HTTP/1.1" 200 1178 "-" "Mozilla/5.0 (compatible; BLEXBot/1.0; +http://webmeup-crawler.com/)"
148.251.2.68 - - [19/Jan/2017:19:29:05 +0100] "GET /sitemap.xml HTTP/1.1" 404 1181 "-" "Mozilla/5.0 (compatible; BLEXBot/1.0; +http://webmeup-crawler.com/)"
148.251.2.68 - - [19/Jan/2017:19:29:10 +0100] "GET /sitemap.xml HTTP/1.1" 404 1181 "-" "Mozilla/5.0 (compatible; BLEXBot/1.0; +http://webmeup-crawler.com/)"
148.251.2.68 - - [19/Jan/2017:19:29:15 +0100] "GET / HTTP/1.1" 200 1178 "-" "Mozilla/5.0 (compatible; BLEXBot/1.0; +http://webmeup-crawler.com/)"
148.251.2.68 - - [19/Jan/2017:19:29:20 +0100] "GET /hirlevel/vonattal1107.htm HTTP/1.1" 200 26917 "-" "Mozilla/5.0 (compatible; BLEXBot/1.0; +http://webmeup-crawler.com/)"
148.251.2.68 - - [19/Jan/2017:19:29:25 +0100] "GET /hirlevel/vonattal1207.htm HTTP/1.1" 200 57936 "-" "Mozilla/5.0 (compatible; BLEXBot/1.0; +http://webmeup-crawler.com/)"
148.251.2.68 - - [19/Jan/2017:19:29:30 +0100] "GET /hirlevel/vonattal1408.html HTTP/1.1" 200 22601 "-" "Mozilla/5.0 (compatible; BLEXBot/1.0; +http://webmeup-crawler.com/)"
148.251.2.68 - - [19/Jan/2017:19:29:35 +0100] "GET /hirlevel/vonattal1109.htm HTTP/1.1" 200 47571 "-" "Mozilla/5.0 (compatible; BLEXBot/1.0; +http://webmeup-crawler.com/)"
148.251.2.68 - - [19/Jan/2017:19:29:40 +0100] "GET /hirlevel/vonattal1109.htm HTTP/1.1" 200 47571 "-" "Mozilla/5.0 (compatible; BLEXBot/1.0; +http://webmeup-crawler.com/)"
148.251.2.68 - - [19/Jan/2017:19:29:44 +0100] "GET /hirlevel/vonattal1209.htm HTTP/1.1" 200 45089 "-" "Mozilla/5.0 (compatible; BLEXBot/1.0; +http://webmeup-crawler.com/)"
148.251.2.68 - - [19/Jan/2017:19:29:49 +0100] "GET /hirlevel/vonattal1206.htm HTTP/1.1" 200 47612 "-" "Mozilla/5.0 (compatible; BLEXBot/1.0; +http://webmeup-crawler.com/)"
148.251.2.68 - - [19/Jan/2017:19:29:55 +0100] "GET /hirlevel/mkk_allasf_120413 HTTP/1.1" 200 22702 "-" "Mozilla/5.0 (compatible; BLEXBot/1.0; +http://webmeup-crawler.com/)"
148.251.2.68 - - [19/Jan/2017:19:30:00 +0100] "GET /hirlevel/vonattal1105-6.html HTTP/1.1" 200 24904 "-" "Mozilla/5.0 (compatible; BLEXBot/1.0; +http://webmeup-crawler.com/)"
148.251.2.68 - - [19/Jan/2017:19:30:06 +0100] "GET /hirlevel/vonattal1304.html HTTP/1.1" 200 53937 "-" "Mozilla/5.0 (compatible; BLEXBot/1.0; +http://webmeup-crawler.com/)"
148.251.2.68 - - [19/Jan/2017:19:30:11 +0100] "GET /hirlevel/vonattal1409.html HTTP/1.1" 200 32865 "-" "Mozilla/5.0 (compatible; BLEXBot/1.0; +http://webmeup-crawler.com/)"
66.249.66.193 - - [19/Jan/2017:19:38:22 +0100] "GET /hirlevel/vonattal1506.html HTTP/1.1" 200 19070 "-" "Mozilla/5.0 (compatible; Googlebot/2.1; +http://www.google.com/bot.html)"
66.249.66.219 - - [19/Jan/2017:19:38:51 +0100] "GET /doc/VM%202010%2012.pdf HTTP/1.1" 404 1181 "-" "Mozilla/5.0 (compatible; Googlebot/2.1; +http://www.google.com/bot.html)"
188.36.59.220 - - [19/Jan/2017:19:46:37 +0100] "GET /doc/vonatrafel_c.pdf HTTP/1.1" 200 705296 "android-app://com.google.android.googlequicksearchbox" "Mozilla/5.0 (Linux; Android 5.1.1; SM-J500FN Build/LMY48B) AppleWebKit/537.36 (KHTML, like Gecko) Chrome/55.0.2883.91 Mobile Safari/537.36"
188.36.59.220 - - [19/Jan/2017:19:46:45 +0100] "GET /doc/vonatrafel_c.pdf HTTP/1.1" 200 705296 "android-app://com.google.android.googlequicksearchbox" "Mozilla/5.0 (Linux; Android 5.1.1; SM-J500FN Build/LMY48B) AppleWebKit/537.36 (KHTML, like Gecko) Chrome/55.0.2883.91 Mobile Safari/537.36"
66.249.66.198 - - [19/Jan/2017:19:51:08 +0100] "GET /hirlevel/vonattal1501.html HTTP/1.1" 200 25759 "-" "Mozilla/5.0 (compatible; Googlebot/2.1; +http://www.google.com/bot.html)"
66.249.66.193 - - [19/Jan/2017:20:04:50 +0100] "GET /hirlevel/vonattal1409.html HTTP/1.1" 200 32865 "-" "Mozilla/5.0 (compatible; Googlebot/2.1; +http://www.google.com/bot.html)"
40.77.167.32 - - [19/Jan/2017:20:06:08 +0100] "GET /doc/b2_2012_03.pdf HTTP/1.1" 200 1080459 "-" "Mozilla/5.0 (compatible; bingbot/2.0; +http://www.bing.com/bingbot.htm)"
131.253.27.24 - - [19/Jan/2017:20:11:28 +0100] "GET /hirlevel/NCTA_tamogato_es_lebonyolito_logosor.jpg HTTP/1.1" 200 22139 "-" "Mozilla/5.0 (iPhone; CPU iPhone OS 7_0 like Mac OS X) AppleWebKit/537.51.1 (KHTML, like Gecko) Version/7.0 Mobile/11A465 Safari/9537.53 BingPreview/1.0b"
131.253.27.24 - - [19/Jan/2017:20:11:29 +0100] "GET /hirlevel/images/avidekkozlekedeseert.swf HTTP/1.1" 200 5063 "-" "Mozilla/5.0 (iPhone; CPU iPhone OS 7_0 like Mac OS X) AppleWebKit/537.51.1 (KHTML, like Gecko) Version/7.0 Mobile/11A465 Safari/9537.53 BingPreview/1.0b"
66.249.66.251 - - [19/Jan/2017:20:17:44 +0100] "GET /hirlevel/vonattal1410.html HTTP/1.1" 200 34691 "-" "Mozilla/5.0 (compatible; Googlebot/2.1; +http://www.google.com/bot.html)"
66.249.66.251 - - [19/Jan/2017:20:25:05 +0100] "GET /hirlevel/images/1409d.png HTTP/1.1" 200 136768 "-" "Googlebot-Image/1.0"
66.249.66.193 - - [19/Jan/2017:20:28:33 +0100] "GET /hirlevel/vonattal1304.html HTTP/1.1" 200 53937 "-" "Mozilla/5.0 (compatible; Googlebot/2.1; +http://www.google.com/bot.html)"
17.102.37.172 - - [19/Jan/2017:20:30:33 +0100] "GET /doc/b2_2010.pdf HTTP/1.1" 404 1181 "-" "Mozilla/5.0 (Macintosh; Intel Mac OS X 10_12_2) AppleWebKit/602.3.12 (KHTML, like Gecko) Version/10.0.2 Safari/602.3.12"
17.102.37.172 - - [19/Jan/2017:20:30:33 +0100] "GET /favicon.ico HTTP/1.1" 404 1181 "http://mkk.zpok.hu/doc/b2_2010.pdf" "Mozilla/5.0 (Macintosh; Intel Mac OS X 10_12_2) AppleWebKit/602.3.12 (KHTML, like Gecko) Version/10.0.2 Safari/602.3.12"
90.170.111.7 - - [19/Jan/2017:20:30:38 +0100] "GET /images/vasutterkep_n.jpg HTTP/1.1" 200 67673 "http://map1701.xsl.pt/hungary-map/" "Mozilla/5.0 (Macintosh; Intel Mac OS X 10.12; rv:50.0) Gecko/20100101 Firefox/50.0"
40.77.167.32 - - [19/Jan/2017:20:36:28 +0100] "GET /doc/b2_2012_03.pdf HTTP/1.1" 200 1080459 "-" "Mozilla/5.0 (iPhone; CPU iPhone OS 7_0 like Mac OS X) AppleWebKit/537.51.1 (KHTML, like Gecko) Version/7.0 Mobile/11A465 Safari/9537.53 (compatible; bingbot/2.0; +http://www.bing.com/bingbot.htm)"
40.77.167.32 - - [19/Jan/2017:20:37:43 +0100] "GET /doc/b2_2012_03.pdf HTTP/1.1" 200 1080459 "-" "Mozilla/5.0 (iPhone; CPU iPhone OS 7_0 like Mac OS X) AppleWebKit/537.51.1 (KHTML, like Gecko) Version/7.0 Mobile/11A465 Safari/9537.53 (compatible; bingbot/2.0; +http://www.bing.com/bingbot.htm)"
66.249.66.211 - - [19/Jan/2017:20:41:06 +0100] "GET /doc/bibok_zsuzsanna.ppt HTTP/1.1" 404 1181 "-" "Mozilla/5.0 (compatible; Googlebot/2.1; +http://www.google.com/bot.html)"
66.249.66.193 - - [19/Jan/2017:20:45:24 +0100] "GET /hirlevel/images/1409c.png HTTP/1.1" 200 104715 "-" "Googlebot-Image/1.0"
157.55.39.134 - - [19/Jan/2017:20:50:08 +0100] "GET /doc/hu_aps_positivbeispiele_aufl2_070622_klein.pdf HTTP/1.1" 200 2887217 "-" "Mozilla/5.0 (iPhone; CPU iPhone OS 7_0 like Mac OS X) AppleWebKit/537.51.1 (KHTML, like Gecko) Version/7.0 Mobile/11A465 Safari/9537.53 (compatible; bingbot/2.0; +http://www.bing.com/bingbot.htm)"
207.46.13.97 - - [19/Jan/2017:20:50:41 +0100] "GET /robots.txt HTTP/1.1" 404 1181 "-" "Mozilla/5.0 (compatible; bingbot/2.0; +http://www.bing.com/bingbot.htm)"
148.251.2.68 - - [19/Jan/2017:20:52:19 +0100] "GET /robots.txt HTTP/1.1" 404 1181 "-" "Mozilla/5.0 (compatible; BLEXBot/1.0; +http://webmeup-crawler.com/)"
148.251.2.68 - - [19/Jan/2017:20:52:19 +0100] "GET /robots.txt HTTP/1.1" 404 1181 "-" "Mozilla/5.0 (compatible; BLEXBot/1.0; +http://webmeup-crawler.com/)"
148.251.2.68 - - [19/Jan/2017:20:52:20 +0100] "GET /hirlevel/vonattal1410.html HTTP/1.1" 200 34691 "-" "Mozilla/5.0 (compatible; BLEXBot/1.0; +http://webmeup-crawler.com/)"
148.251.2.68 - - [19/Jan/2017:20:52:44 +0100] "GET /hirlevel/vonattal1412.html HTTP/1.1" 200 20581 "-" "Mozilla/5.0 (compatible; BLEXBot/1.0; +http://webmeup-crawler.com/)"
148.251.2.68 - - [19/Jan/2017:20:52:59 +0100] "GET /hirlevel/vonattal1501.html HTTP/1.1" 200 25759 "-" "Mozilla/5.0 (compatible; BLEXBot/1.0; +http://webmeup-crawler.com/)"
148.251.2.68 - - [19/Jan/2017:20:54:34 +0100] "GET /hirlevel/vonattal1503.html HTTP/1.1" 200 21721 "-" "Mozilla/5.0 (compatible; BLEXBot/1.0; +http://webmeup-crawler.com/)"
148.251.2.68 - - [19/Jan/2017:20:54:39 +0100] "GET /hirlevel/vonattal1504.html HTTP/1.1" 200 22577 "-" "Mozilla/5.0 (compatible; BLEXBot/1.0; +http://webmeup-crawler.com/)"
148.251.2.68 - - [19/Jan/2017:20:54:47 +0100] "GET /hirlevel/vonattal1505.html HTTP/1.1" 200 31133 "-" "Mozilla/5.0 (compatible; BLEXBot/1.0; +http://webmeup-crawler.com/)"
148.251.2.68 - - [19/Jan/2017:20:54:53 +0100] "GET /hirlevel/vonattal1506.html HTTP/1.1" 200 19070 "-" "Mozilla/5.0 (compatible; BLEXBot/1.0; +http://webmeup-crawler.com/)"
148.251.2.68 - - [19/Jan/2017:20:54:58 +0100] "GET /hirlevel/vonattal1508.html HTTP/1.1" 200 24080 "-" "Mozilla/5.0 (compatible; BLEXBot/1.0; +http://webmeup-crawler.com/)"
148.251.2.68 - - [19/Jan/2017:20:55:03 +0100] "GET /hirlevel/vonattal1512.html HTTP/1.1" 200 36609 "-" "Mozilla/5.0 (compatible; BLEXBot/1.0; +http://webmeup-crawler.com/)"
148.251.2.68 - - [19/Jan/2017:20:55:08 +0100] "GET /hirlevel/vonattal1601.html HTTP/1.1" 200 20444 "-" "Mozilla/5.0 (compatible; BLEXBot/1.0; +http://webmeup-crawler.com/)"
148.251.2.68 - - [19/Jan/2017:20:55:13 +0100] "GET /hirlevel/vonattal1602.html HTTP/1.1" 200 28174 "-" "Mozilla/5.0 (compatible; BLEXBot/1.0; +http://webmeup-crawler.com/)"
148.251.2.68 - - [19/Jan/2017:20:55:18 +0100] "GET /hirlevel/vonattal1603.html HTTP/1.1" 200 31488 "-" "Mozilla/5.0 (compatible; BLEXBot/1.0; +http://webmeup-crawler.com/)"
148.251.2.68 - - [19/Jan/2017:20:55:23 +0100] "GET /hirlevel/vonattal1605.html HTTP/1.1" 200 43541 "-" "Mozilla/5.0 (compatible; BLEXBot/1.0; +http://webmeup-crawler.com/)"
148.251.2.68 - - [19/Jan/2017:20:55:28 +0100] "GET /hirlevel/vonattal0912.htm HTTP/1.1" 200 55120 "-" "Mozilla/5.0 (compatible; BLEXBot/1.0; +http://webmeup-crawler.com/)"
148.251.2.68 - - [19/Jan/2017:20:55:32 +0100] "GET /hirlevel/vonattal0812.htm HTTP/1.1" 200 33272 "-" "Mozilla/5.0 (compatible; BLEXBot/1.0; +http://webmeup-crawler.com/)"
66.249.66.193 - - [19/Jan/2017:20:55:34 +0100] "GET /hirlevel/images/1409i.png HTTP/1.1" 200 100574 "-" "Googlebot-Image/1.0"
89.143.186.196 - - [19/Jan/2017:20:55:43 +0100] "GET /doc/b2_2010.pdf HTTP/1.1" 404 1181 "https://en.wikipedia.org/" "Mozilla/5.0 (Windows NT 10.0; WOW64; rv:50.0) Gecko/20100101 Firefox/50.0"
89.143.186.196 - - [19/Jan/2017:20:55:43 +0100] "GET /favicon.ico HTTP/1.1" 404 1181 "-" "Mozilla/5.0 (Windows NT 10.0; WOW64; rv:50.0) Gecko/20100101 Firefox/50.0"
89.143.186.196 - - [19/Jan/2017:20:55:44 +0100] "GET /favicon.ico HTTP/1.1" 404 1181 "-" "Mozilla/5.0 (Windows NT 10.0; WOW64; rv:50.0) Gecko/20100101 Firefox/50.0"
66.249.66.198 - - [19/Jan/2017:20:56:08 +0100] "GET /hirlevel/vasuttal0806-7.htm HTTP/1.1" 200 20641 "-" "Mozilla/5.0 (compatible; Googlebot/2.1; +http://www.google.com/bot.html)"
178.164.158.237 - - [19/Jan/2017:20:58:41 +0100] "GET /images/vasutterkep_n.jpg HTTP/1.1" 200 4702972 "https://www.google.hu/" "Mozilla/5.0 (Windows NT 6.0) AppleWebKit/537.36 (KHTML, like Gecko) Chrome/49.0.2623.112 Safari/537.36"
178.164.158.237 - - [19/Jan/2017:20:58:43 +0100] "GET /favicon.ico HTTP/1.1" 404 1181 "http://www.mkk.zpok.hu/images/vasutterkep_n.jpg" "Mozilla/5.0 (Windows NT 6.0) AppleWebKit/537.36 (KHTML, like Gecko) Chrome/49.0.2623.112 Safari/537.36"
80.187.113.31 - - [19/Jan/2017:21:03:09 +0100] "GET /images/vasutterkep_n.jpg HTTP/1.1" 200 3485568 "http://de.wow.com/image?q=karte+bahnstrecken+%C3%BCbersicht&s_it=img-ans&imgId=69E9675F9C1033F10096A15D847A31B891171EDC&s_chn=1&s_pt=source2&v_t=aolsem" "Mozilla/5.0 (Linux; Android 6.0.1; SAMSUNG SM-G903F Build/MMB29K) AppleWebKit/537.36 (KHTML, like Gecko) SamsungBrowser/4.0 Chrome/44.0.2403.133 Mobile Safari/537.36"
66.249.66.193 - - [19/Jan/2017:21:10:27 +0100] "GET /doc/parameterkonyv_0804.pdf HTTP/1.1" 200 83510 "-" "Mozilla/5.0 (compatible; Googlebot/2.1; +http://www.google.com/bot.html)"
199.193.251.133 - - [19/Jan/2017:21:25:20 +0100] "HEAD / HTTP/1.1" 200 0 "https://www.inboundlinks.win/InboundLinks/mkk.zpok.hu" "Mozilla/5.0 (compatible; MSIE 9.0; Windows NT 6.1; WOW64; Trident/5.0)"
66.249.66.251 - - [19/Jan/2017:21:28:29 +0100] "GET /hirlevel/vonattal1105-6.htm HTTP/1.1" 200 24904 "-" "Mozilla/5.0 (compatible; Googlebot/2.1; +http://www.google.com/bot.html)"
66.249.66.251 - - [19/Jan/2017:21:31:44 +0100] "GET /doc/osszefoglalo_070622.pdf HTTP/1.1" 200 67689 "-" "Mozilla/5.0 (compatible; Googlebot/2.1; +http://www.google.com/bot.html)"
144.76.102.105 - - [19/Jan/2017:21:35:57 +0100] "GET /images/vasutterkep_n.jpg HTTP/1.1" 200 4702972 "-" "Mozilla/5.0 (Macintosh; Intel Mac OS X 10_9_5) AppleWebKit 537.36(KHTML, like Gecko) Chrome"
66.249.66.251 - - [19/Jan/2017:21:40:49 +0100] "GET /hirlevel/vonattal1101-02.htm HTTP/1.1" 200 29113 "-" "Mozilla/5.0 (compatible; Googlebot/2.1; +http://www.google.com/bot.html)"
84.3.20.145 - - [19/Jan/2017:21:44:48 +0100] "GET /hirlevel/images/1105_a.jpg HTTP/1.1" 200 15818 "https://www.google.hu/" "Mozilla/5.0 (Windows NT 10.0; Win64; x64) AppleWebKit/537.36 (KHTML, like Gecko) Chrome/55.0.2883.87 Safari/537.36"
66.249.66.215 - - [19/Jan/2017:21:52:56 +0100] "GET /doc/ideigl_vedettseg.pdf HTTP/1.1" 200 864830 "-" "Mozilla/5.0 (compatible; Googlebot/2.1; +http://www.google.com/bot.html)"
207.46.13.48 - - [19/Jan/2017:22:00:20 +0100] "GET /hirlevel/vonattal0912.htm HTTP/1.1" 200 55120 "-" "msnbot-media/1.1 (+http://search.msn.com/msnbot.htm)"
84.0.115.225 - - [19/Jan/2017:22:01:53 +0100] "GET /images/vasutterkep_n.jpg HTTP/1.1" 200 4702972 "https://www.google.hu/" "Mozilla/5.0 (Windows NT 6.3; WOW64) AppleWebKit/537.36 (KHTML, like Gecko) Chrome/55.0.2883.87 Safari/537.36"
85.67.247.45 - - [19/Jan/2017:22:02:11 +0100] "GET /hirlevel/vonattal1307.html HTTP/1.1" 200 33563 "https://www.google.hu/" "Mozilla/5.0 (Windows NT 5.1; rv:50.0) Gecko/20100101 Firefox/50.0"
85.67.247.45 - - [19/Jan/2017:22:02:11 +0100] "GET /hirlevel/images/Videkfejlesztesi_miniszterium-P-arany.jpg HTTP/1.1" 200 10497 "http://mkk.zpok.hu/hirlevel/vonattal1307.html" "Mozilla/5.0 (Windows NT 5.1; rv:50.0) Gecko/20100101 Firefox/50.0"
85.67.247.45 - - [19/Jan/2017:22:02:11 +0100] "GET /hirlevel/images/1307_1.jpg HTTP/1.1" 200 85992 "http://mkk.zpok.hu/hirlevel/vonattal1307.html" "Mozilla/5.0 (Windows NT 5.1; rv:50.0) Gecko/20100101 Firefox/50.0"
85.67.247.45 - - [19/Jan/2017:22:02:11 +0100] "GET /hirlevel/images/1307_2.jpg HTTP/1.1" 200 72177 "http://mkk.zpok.hu/hirlevel/vonattal1307.html" "Mozilla/5.0 (Windows NT 5.1; rv:50.0) Gecko/20100101 Firefox/50.0"
85.67.247.45 - - [19/Jan/2017:22:02:11 +0100] "GET /hirlevel/images/1307_3.jpg HTTP/1.1" 200 173750 "http://mkk.zpok.hu/hirlevel/vonattal1307.html" "Mozilla/5.0 (Windows NT 5.1; rv:50.0) Gecko/20100101 Firefox/50.0"
85.67.247.45 - - [19/Jan/2017:22:02:11 +0100] "GET /hirlevel/images/nea_fobutton_uj.png HTTP/1.1" 200 8113 "http://mkk.zpok.hu/hirlevel/vonattal1307.html" "Mozilla/5.0 (Windows NT 5.1; rv:50.0) Gecko/20100101 Firefox/50.0"
85.67.247.45 - - [19/Jan/2017:22:02:11 +0100] "GET /hirlevel/images/Okotars_fekvo_szines.jpg HTTP/1.1" 200 98627 "http://mkk.zpok.hu/hirlevel/vonattal1307.html" "Mozilla/5.0 (Windows NT 5.1; rv:50.0) Gecko/20100101 Firefox/50.0"
85.67.247.45 - - [19/Jan/2017:22:02:11 +0100] "GET /hirlevel/images/1307_4.jpg HTTP/1.1" 200 183594 "http://mkk.zpok.hu/hirlevel/vonattal1307.html" "Mozilla/5.0 (Windows NT 5.1; rv:50.0) Gecko/20100101 Firefox/50.0"
85.67.247.45 - - [19/Jan/2017:22:02:12 +0100] "GET /hirlevel/images/vonattal.swf HTTP/1.1" 200 697 "http://mkk.zpok.hu/hirlevel/vonattal1307.html" "Mozilla/5.0 (Windows NT 5.1; rv:50.0) Gecko/20100101 Firefox/50.0"
85.67.247.45 - - [19/Jan/2017:22:02:12 +0100] "GET /favicon.ico HTTP/1.1" 404 1181 "-" "Mozilla/5.0 (Windows NT 5.1; rv:50.0) Gecko/20100101 Firefox/50.0"
85.67.247.45 - - [19/Jan/2017:22:02:12 +0100] "GET /favicon.ico HTTP/1.1" 404 1181 "-" "Mozilla/5.0 (Windows NT 5.1; rv:50.0) Gecko/20100101 Firefox/50.0"
66.249.66.198 - - [19/Jan/2017:22:03:14 +0100] "GET /hirlevel/szecseny_201006.pdf HTTP/1.1" 200 269892 "-" "Mozilla/5.0 (compatible; Googlebot/2.1; +http://www.google.com/bot.html)"
40.77.167.32 - - [19/Jan/2017:22:09:34 +0100] "GET /doc/varos-videk_2009.pdf HTTP/1.1" 200 1636386 "-" "Mozilla/5.0 (iPhone; CPU iPhone OS 7_0 like Mac OS X) AppleWebKit/537.51.1 (KHTML, like Gecko) Version/7.0 Mobile/11A465 Safari/9537.53 (compatible; bingbot/2.0; +http://www.bing.com/bingbot.htm)"
173.252.108.114 - - [19/Jan/2017:22:11:41 +0100] "GET / HTTP/1.1" 200 1178 "-" "-"
40.77.167.32 - - [19/Jan/2017:22:16:40 +0100] "GET /hirlevel/vonattal1309.html HTTP/1.1" 200 41258 "-" "Mozilla/5.0 (iPhone; CPU iPhone OS 7_0 like Mac OS X) AppleWebKit/537.51.1 (KHTML, like Gecko) Version/7.0 Mobile/11A465 Safari/9537.53 (compatible; bingbot/2.0; +http://www.bing.com/bingbot.htm)"
66.249.66.211 - - [19/Jan/2017:22:16:40 +0100] "GET /doc/andreas_geissler.ppt HTTP/1.1" 404 1181 "-" "Mozilla/5.0 (compatible; Googlebot/2.1; +http://www.google.com/bot.html)"
40.77.167.32 - - [19/Jan/2017:22:18:47 +0100] "GET /hirlevel/images/vonattal.swf HTTP/1.1" 200 697 "-" "Mozilla/5.0 (iPhone; CPU iPhone OS 7_0 like Mac OS X) AppleWebKit/537.51.1 (KHTML, like Gecko) Version/7.0 Mobile/11A465 Safari/9537.53 (compatible; bingbot/2.0; +http://www.bing.com/bingbot.htm)"
207.46.13.239 - - [19/Jan/2017:22:24:33 +0100] "GET /robots.txt HTTP/1.1" 404 1181 "-" "Mozilla/5.0 (compatible; bingbot/2.0; +http://www.bing.com/bingbot.htm)"
207.46.13.239 - - [19/Jan/2017:22:24:33 +0100] "GET /robots.txt HTTP/1.1" 404 1181 "-" "Mozilla/5.0 (compatible; bingbot/2.0; +http://www.bing.com/bingbot.htm)"
66.249.66.70 - - [19/Jan/2017:22:27:02 +0100] "GET /hirlevel/images/1409a.png HTTP/1.1" 200 118981 "-" "Googlebot-Image/1.0"
40.77.167.32 - - [19/Jan/2017:22:27:18 +0100] "GET / HTTP/1.1" 200 1178 "-" "Mozilla/5.0 (compatible; bingbot/2.0; +http://www.bing.com/bingbot.htm)"
66.249.66.219 - - [19/Jan/2017:22:31:24 +0100] "GET /doc/ocsi_bela_070622.ppt HTTP/1.1" 200 5619200 "-" "Mozilla/5.0 (compatible; Googlebot/2.1; +http://www.google.com/bot.html)"
66.249.66.211 - - [19/Jan/2017:22:46:36 +0100] "GET /robots.txt HTTP/1.1" 404 1181 "-" "Mozilla/5.0 (compatible; Googlebot/2.1; +http://www.google.com/bot.html)"
66.249.66.215 - - [19/Jan/2017:22:46:39 +0100] "GET /doc/kerparoskozlekedes.pdf HTTP/1.1" 200 2540119 "-" "Mozilla/5.0 (compatible; Googlebot/2.1; +http://www.google.com/bot.html)"
66.249.66.251 - - [19/Jan/2017:22:47:22 +0100] "GET /hirlevel/images/1409k.png HTTP/1.1" 304 - "-" "Googlebot-Image/1.0"
84.224.29.112 - - [19/Jan/2017:22:48:41 +0100] "GET /images/vasutterkep_n.jpg HTTP/1.1" 200 4702972 "https://www.google.hu/" "Mozilla/5.0 (Windows NT 6.1) AppleWebKit/537.36 (KHTML, like Gecko) Chrome/55.0.2883.87 Safari/537.36"
94.21.85.26 - - [19/Jan/2017:22:48:51 +0100] "GET /images/vasutterkep_n.jpg HTTP/1.1" 200 4702972 "-" "Mozilla/5.0 (Windows NT 10.0; WOW64; rv:50.0) Gecko/20100101 Firefox/50.0"
66.249.66.193 - - [19/Jan/2017:22:57:31 +0100] "GET /hirlevel/images/1409f.png HTTP/1.1" 304 - "-" "Googlebot-Image/1.0"
66.249.66.251 - - [19/Jan/2017:23:01:05 +0100] "GET /doc/varos-videk.vasut_2009.pdf HTTP/1.1" 200 4406284 "-" "Mozilla/5.0 (compatible; Googlebot/2.1; +http://www.google.com/bot.html)"
66.249.66.198 - - [19/Jan/2017:23:07:26 +0100] "GET /hirlevel/images/1409b.png HTTP/1.1" 200 119954 "-" "Googlebot-Image/1.0"
66.249.66.211 - - [19/Jan/2017:23:14:42 +0100] "GET /doc/belepesinyilatkozat.pdf HTTP/1.1" 200 403816 "-" "Mozilla/5.0 (compatible; Googlebot/2.1; +http://www.google.com/bot.html)"
131.253.25.154 - - [19/Jan/2017:23:17:57 +0100] "GET /hirlevel/images/vonattal.swf HTTP/1.1" 200 697 "-" "Mozilla/5.0 (iPhone; CPU iPhone OS 7_0 like Mac OS X) AppleWebKit/537.51.1 (KHTML, like Gecko) Version/7.0 Mobile/11A465 Safari/9537.53 BingPreview/1.0b"
66.249.66.219 - - [19/Jan/2017:23:26:12 +0100] "GET /doc/mkk_allasfogl070622.pdf HTTP/1.1" 200 62326 "-" "Mozilla/5.0 (compatible; Googlebot/2.1; +http://www.google.com/bot.html)"
66.249.66.215 - - [19/Jan/2017:23:33:54 +0100] "GET /doc/osszefoglalo_070622.pdf HTTP/1.1" 200 67689 "-" "Mozilla/5.0 (compatible; Googlebot/2.1; +http://www.google.com/bot.html)"
66.249.66.215 - - [19/Jan/2017:23:42:27 +0100] "GET /doc/barkorichard_0706222.pdf HTTP/1.1" 200 67772 "-" "Mozilla/5.0 (compatible; Googlebot/2.1; +http://www.google.com/bot.html)"
66.249.66.215 - - [19/Jan/2017:23:51:05 +0100] "GET /doc/orszaggyul_allasfogl.pdf HTTP/1.1" 200 59817 "-" "Mozilla/5.0 (compatible; Googlebot/2.1; +http://www.google.com/bot.html)"
207.46.13.197 - - [19/Jan/2017:23:51:16 +0100] "GET /robots.txt HTTP/1.1" 404 1181 "-" "Mozilla/5.0 (compatible; bingbot/2.0; +http://www.bing.com/bingbot.htm)"
178.137.83.79 - - [19/Jan/2017:23:54:15 +0100] "GET /robots.txt HTTP/1.1" 404 1181 "-" "Mozilla/5.0 (Windows NT 10.0; WOW64) AppleWebKit/537.36 (KHTML, like Gecko) Chrome/49.0.2623.75 Safari/537.36 OPR/36.0.2130.32"
178.137.83.79 - - [19/Jan/2017:23:54:15 +0100] "GET / HTTP/1.1" 200 1178 "-" "Mozilla/5.0 (Windows NT 10.0; WOW64) AppleWebKit/537.36 (KHTML, like Gecko) Chrome/49.0.2623.75 Safari/537.36 OPR/36.0.2130.32"
178.137.83.79 - - [19/Jan/2017:23:54:15 +0100] "GET /xmlrpc.php?rsd HTTP/1.1" 404 1181 "-" "Mozilla/5.0 (Windows NT 10.0; WOW64) AppleWebKit/537.36 (KHTML, like Gecko) Chrome/49.0.2623.75 Safari/537.36 OPR/36.0.2130.32"
178.137.83.79 - - [19/Jan/2017:23:54:15 +0100] "GET /blog/robots.txt HTTP/1.1" 404 1181 "-" "Mozilla/5.0 (Windows NT 10.0; WOW64) AppleWebKit/537.36 (KHTML, like Gecko) Chrome/49.0.2623.75 Safari/537.36 OPR/36.0.2130.32"
178.137.83.79 - - [19/Jan/2017:23:54:15 +0100] "GET /blog/ HTTP/1.1" 404 1181 "-" "Mozilla/5.0 (Windows NT 10.0; WOW64) AppleWebKit/537.36 (KHTML, like Gecko) Chrome/49.0.2623.75 Safari/537.36 OPR/36.0.2130.32"
178.137.83.79 - - [19/Jan/2017:23:54:16 +0100] "GET /wordpress/ HTTP/1.1" 404 1181 "-" "Mozilla/5.0 (Windows NT 10.0; WOW64) AppleWebKit/537.36 (KHTML, like Gecko) Chrome/49.0.2623.75 Safari/537.36 OPR/36.0.2130.32"
178.137.83.79 - - [19/Jan/2017:23:54:16 +0100] "GET /wp/ HTTP/1.1" 404 1181 "-" "Mozilla/5.0 (Windows NT 10.0; WOW64) AppleWebKit/537.36 (KHTML, like Gecko) Chrome/49.0.2623.75 Safari/537.36 OPR/36.0.2130.32"
66.249.66.215 - - [20/Jan/2017:00:00:11 +0100] "GET /doc/utak_a_kerekparozashoz.pdf HTTP/1.1" 200 5493368 "-" "Mozilla/5.0 (compatible; Googlebot/2.1; +http://www.google.com/bot.html)"
157.55.39.240 - - [20/Jan/2017:00:06:51 +0100] "GET /doc/vonatrafel_c.pdf HTTP/1.1" 200 705296 "-" "Mozilla/5.0 (iPhone; CPU iPhone OS 7_0 like Mac OS X) AppleWebKit/537.51.1 (KHTML, like Gecko) Version/7.0 Mobile/11A465 Safari/9537.53 (compatible; bingbot/2.0; +http://www.bing.com/bingbot.htm)"
66.249.66.251 - - [20/Jan/2017:00:08:14 +0100] "GET /robots.txt HTTP/1.1" 404 1181 "-" "Mozilla/5.0 (compatible; Googlebot/2.1; +http://www.google.com/bot.html)"
66.249.66.198 - - [20/Jan/2017:00:08:15 +0100] "GET /doc/vasuttal-budapest-kornyeken.pdf HTTP/1.1" 404 1181 "-" "Mozilla/5.0 (compatible; Googlebot/2.1; +http://www.google.com/bot.html)"
183.39.126.61 - - [20/Jan/2017:00:11:32 +0100] "GET / HTTP/1.1" 200 1178 "-" "Mozilla/5.0 (Windows; U; Windows NT 6.1; en-us; rv:1.9.2.3) Gecko/20100401 YFF35 Firefox/3.6.3"
183.39.126.61 - - [20/Jan/2017:00:11:56 +0100] "GET /contact.html HTTP/1.1" 404 1181 "-" "Mozilla/5.0 (Windows; U; Windows NT 6.1; en-us; rv:1.9.2.3) Gecko/20100401 YFF35 Firefox/3.6.3"
183.39.126.61 - - [20/Jan/2017:00:11:56 +0100] "GET /contact.htm HTTP/1.1" 404 1181 "-" "Mozilla/5.0 (Windows; U; Windows NT 6.1; en-us; rv:1.9.2.3) Gecko/20100401 YFF35 Firefox/3.6.3"
183.39.126.61 - - [20/Jan/2017:00:11:56 +0100] "GET /contact.asp HTTP/1.1" 404 1181 "-" "Mozilla/5.0 (Windows; U; Windows NT 6.1; en-us; rv:1.9.2.3) Gecko/20100401 YFF35 Firefox/3.6.3"
183.39.126.61 - - [20/Jan/2017:00:11:56 +0100] "GET /contact.aspx HTTP/1.1" 404 1181 "-" "Mozilla/5.0 (Windows; U; Windows NT 6.1; en-us; rv:1.9.2.3) Gecko/20100401 YFF35 Firefox/3.6.3"
183.39.126.61 - - [20/Jan/2017:00:11:56 +0100] "GET /contact.php HTTP/1.1" 404 1181 "-" "Mozilla/5.0 (Windows; U; Windows NT 6.1; en-us; rv:1.9.2.3) Gecko/20100401 YFF35 Firefox/3.6.3"
183.39.126.61 - - [20/Jan/2017:00:11:56 +0100] "GET /main.jsp HTTP/1.1" 404 1181 "-" "Mozilla/5.0 (Windows; U; Windows NT 6.1; en-us; rv:1.9.2.3) Gecko/20100401 YFF35 Firefox/3.6.3"
183.39.126.61 - - [20/Jan/2017:00:11:56 +0100] "GET /main.html HTTP/1.1" 404 1181 "-" "Mozilla/5.0 (Windows; U; Windows NT 6.1; en-us; rv:1.9.2.3) Gecko/20100401 YFF35 Firefox/3.6.3"
183.39.126.61 - - [20/Jan/2017:00:11:56 +0100] "GET /main.asp HTTP/1.1" 404 1181 "-" "Mozilla/5.0 (Windows; U; Windows NT 6.1; en-us; rv:1.9.2.3) Gecko/20100401 YFF35 Firefox/3.6.3"
183.39.126.61 - - [20/Jan/2017:00:11:56 +0100] "GET /main.htm HTTP/1.1" 404 1181 "-" "Mozilla/5.0 (Windows; U; Windows NT 6.1; en-us; rv:1.9.2.3) Gecko/20100401 YFF35 Firefox/3.6.3"
183.39.126.61 - - [20/Jan/2017:00:11:56 +0100] "GET /main.aspx HTTP/1.1" 404 1181 "-" "Mozilla/5.0 (Windows; U; Windows NT 6.1; en-us; rv:1.9.2.3) Gecko/20100401 YFF35 Firefox/3.6.3"
183.39.126.61 - - [20/Jan/2017:00:11:56 +0100] "GET /main.php HTTP/1.1" 404 1181 "-" "Mozilla/5.0 (Windows; U; Windows NT 6.1; en-us; rv:1.9.2.3) Gecko/20100401 YFF35 Firefox/3.6.3"
66.249.66.198 - - [20/Jan/2017:00:16:39 +0100] "GET /doc/sajtonyilatkozat_tersegivasutak.pdf HTTP/1.1" 200 89934 "-" "Mozilla/5.0 (compatible; Googlebot/2.1; +http://www.google.com/bot.html)"
66.249.66.211 - - [20/Jan/2017:00:24:54 +0100] "GET /doc/vasuttal-budapest-kornyeken.pdf HTTP/1.1" 404 1181 "-" "Mozilla/5.0 (compatible; Googlebot/2.1; +http://www.google.com/bot.html)"
66.249.66.251 - - [20/Jan/2017:00:32:41 +0100] "GET /doc/T&E_julius.pdf HTTP/1.1" 200 162782 "-" "Mozilla/5.0 (compatible; Googlebot/2.1; +http://www.google.com/bot.html)"
66.249.66.193 - - [20/Jan/2017:00:40:30 +0100] "GET /doc/belepesi_nyilatkozat_maganszemely.doc HTTP/1.1" 404 1181 "-" "Mozilla/5.0 (compatible; Googlebot/2.1; +http://www.google.com/bot.html)"
157.55.39.134 - - [20/Jan/2017:00:43:39 +0100] "GET /doc/A_kozlekedesmenedzsment_korszeru_eszkozei.pdf HTTP/1.1" 200 8299010 "-" "Mozilla/5.0 (iPhone; CPU iPhone OS 7_0 like Mac OS X) AppleWebKit/537.51.1 (KHTML, like Gecko) Version/7.0 Mobile/11A465 Safari/9537.53 (compatible; bingbot/2.0; +http://www.bing.com/bingbot.htm)"
66.249.66.198 - - [20/Jan/2017:00:48:08 +0100] "GET /doc/T&E_majus2009.pdf HTTP/1.1" 200 66973 "-" "Mozilla/5.0 (compatible; Googlebot/2.1; +http://www.google.com/bot.html)"
66.249.66.198 - - [20/Jan/2017:00:54:59 +0100] "GET /doc/MKKE_2014_OBHGEPI_PK_142_1425021032546.pdf HTTP/1.1" 200 920605 "-" "Mozilla/5.0 (compatible; Googlebot/2.1; +http://www.google.com/bot.html)"
157.55.39.240 - - [20/Jan/2017:00:57:56 +0100] "GET /doc/b2_2010.pdf HTTP/1.1" 404 1181 "-" "Mozilla/5.0 (iPhone; CPU iPhone OS 7_0 like Mac OS X) AppleWebKit/537.51.1 (KHTML, like Gecko) Version/7.0 Mobile/11A465 Safari/9537.53 (compatible; bingbot/2.0; +http://www.bing.com/bingbot.htm)"
66.249.66.251 - - [20/Jan/2017:01:01:59 +0100] "GET /doc/T&E_junius2009.pdf HTTP/1.1" 200 68179 "-" "Mozilla/5.0 (compatible; Googlebot/2.1; +http://www.google.com/bot.html)"
66.249.66.193 - - [20/Jan/2017:01:04:12 +0100] "GET /doc/barkorichard_0706222.pdf HTTP/1.1" 200 67772 "-" "Mozilla/5.0 (compatible; Googlebot/2.1; +http://www.google.com/bot.html)"
66.249.66.193 - - [20/Jan/2017:01:08:53 +0100] "GET /doc/A_kozlekedesmenedzsment_korszeru_eszkozei.pdf HTTP/1.1" 200 8299010 "-" "Mozilla/5.0 (compatible; Googlebot/2.1; +http://www.google.com/bot.html)"
66.249.66.251 - - [20/Jan/2017:01:17:53 +0100] "GET /doc/T&E_marcius2009.pdf HTTP/1.1" 200 59278 "-" "Mozilla/5.0 (compatible; Googlebot/2.1; +http://www.google.com/bot.html)"
66.249.66.198 - - [20/Jan/2017:01:26:08 +0100] "GET /doc/T&E_aprilis2009.pdf HTTP/1.1" 200 63207 "-" "Mozilla/5.0 (compatible; Googlebot/2.1; +http://www.google.com/bot.html)"
66.249.66.193 - - [20/Jan/2017:01:34:09 +0100] "GET /doc/T&E_februar2009.pdf HTTP/1.1" 200 91217 "-" "Mozilla/5.0 (compatible; Googlebot/2.1; +http://www.google.com/bot.html)"
209.126.117.15 - - [20/Jan/2017:01:38:48 +0100] "GET / HTTP/1.1" 200 1178 "-" "Mozilla/5.0 (Windows NT 5.1; rv:5.0) Gecko/20100101 Firefox/5.0"
66.249.66.211 - - [20/Jan/2017:01:43:03 +0100] "GET /doc/hu_aps_positivbeispiele_aufl2_070622_klein.pdf HTTP/1.1" 200 2887217 "-" "Mozilla/5.0 (compatible; Googlebot/2.1; +http://www.google.com/bot.html)"
131.253.25.141 - - [20/Jan/2017:01:45:36 +0100] "GET /doc/A_kozlekedesmenedzsment_korszeru_eszkozei.pdf HTTP/1.1" 200 4317184 "-" "Mozilla/5.0 (iPhone; CPU iPhone OS 7_0 like Mac OS X) AppleWebKit/537.51.1 (KHTML, like Gecko) Version/7.0 Mobile/11A465 Safari/9537.53 BingPreview/1.0b"
108.171.129.161 - - [20/Jan/2017:02:15:29 +0100] "GET /images/vasutterkep_n.jpg HTTP/1.1" 200 4702972 "http://www.bing.com/images/search?q=Nagy+Magyarorsz%c3%a1g+T%c3%a9rk%c3%a9p&view=detailv2&&id=102F0841A44741257153F9D2286CF1A091280F77&selectedIndex=0&ccid=9jbJJkfY&simid=608023205549836685&thid=OIP.Mf636c92647d86655c2357e2c4ba6f6d1H0&mode=overlay" "Mozilla/5.0 (Windows NT 6.1; WOW64; Trident/7.0; rv:11.0) like Gecko"
66.249.66.198 - - [20/Jan/2017:02:39:58 +0100] "GET /hirlevel/images/1107-n_c.jpg HTTP/1.1" 200 642912 "-" "Googlebot-Image/1.0"
68.180.231.43 - - [20/Jan/2017:02:46:17 +0100] "GET /robots.txt HTTP/1.1" 404 1181 "-" "Mozilla/5.0 (compatible; Yahoo! Slurp; http://help.yahoo.com/help/us/ysearch/slurp)"
68.180.231.43 - - [20/Jan/2017:02:46:17 +0100] "GET / HTTP/1.1" 304 - "-" "Mozilla/5.0 (compatible; Yahoo! Slurp; http://help.yahoo.com/help/us/ysearch/slurp)"
68.180.231.43 - - [20/Jan/2017:02:46:26 +0100] "GET /index.swf HTTP/1.1" 200 688128 "-" "Mozilla/5.0 (compatible; Yahoo! Slurp; http://help.yahoo.com/help/us/ysearch/slurp)"
157.55.39.240 - - [20/Jan/2017:03:18:12 +0100] "GET /hirlevel/hatvan-eves-az-atmeno-forgalom_1110.pdf HTTP/1.1" 200 52966 "-" "Mozilla/5.0 (iPhone; CPU iPhone OS 7_0 like Mac OS X) AppleWebKit/537.51.1 (KHTML, like Gecko) Version/7.0 Mobile/11A465 Safari/9537.53 (compatible; bingbot/2.0; +http://www.bing.com/bingbot.htm)"
66.249.66.193 - - [20/Jan/2017:03:20:04 +0100] "GET /hirlevel/images/oka.jpg HTTP/1.1" 304 - "-" "Googlebot-Image/1.0"
68.180.231.43 - - [20/Jan/2017:03:35:24 +0100] "GET /doc/vonatrafel_c.pdf HTTP/1.1" 304 - "-" "Mozilla/5.0 (compatible; Yahoo! Slurp; http://help.yahoo.com/help/us/ysearch/slurp)"
77.75.79.101 - - [20/Jan/2017:03:46:29 +0100] "GET /robots.txt HTTP/1.1" 404 1181 "-" "Mozilla/5.0 (compatible; SeznamBot/3.2; +http://napoveda.seznam.cz/en/seznambot-intro/)"
77.75.79.101 - - [20/Jan/2017:03:46:29 +0100] "GET / HTTP/1.1" 304 - "-" "Mozilla/5.0 (compatible; SeznamBot/3.2; +http://napoveda.seznam.cz/en/seznambot-intro/)"
66.249.66.193 - - [20/Jan/2017:04:00:11 +0100] "GET /hirlevel/images/1107_a.jpg HTTP/1.1" 304 - "-" "Googlebot-Image/1.0"
66.249.66.251 - - [20/Jan/2017:04:35:26 +0100] "GET / HTTP/1.1" 200 1178 "-" "Mozilla/5.0 (compatible; Googlebot/2.1; +http://www.google.com/bot.html)"
66.249.66.251 - - [20/Jan/2017:04:40:19 +0100] "GET /hirlevel/images/demnet_1.jpg HTTP/1.1" 200 11355 "-" "Googlebot-Image/1.0"
66.249.66.198 - - [20/Jan/2017:04:50:06 +0100] "GET /doc/b2_2010.pdf HTTP/1.1" 404 1181 "-" "Mozilla/5.0 (compatible; Googlebot/2.1; +http://www.google.com/bot.html)"
47.147.0.39 - - [20/Jan/2017:04:52:12 +0100] "GET /hirlevel/images/1009_terkep_n.jpg HTTP/1.1" 200 557056 "https://www.google.com/" "Mozilla/5.0 (Macintosh; Intel Mac OS X 10_12_2) AppleWebKit/537.36 (KHTML, like Gecko) Chrome/55.0.2883.95 Safari/537.36"
66.249.66.198 - - [20/Jan/2017:05:00:22 +0100] "GET /hirlevel/images/eea_1.jpg HTTP/1.1" 200 16669 "-" "Googlebot-Image/1.0"
66.249.66.251 - - [20/Jan/2017:05:10:24 +0100] "GET /hirlevel/images/1107_e.jpg HTTP/1.1" 304 - "-" "Googlebot-Image/1.0"
180.76.15.26 - - [20/Jan/2017:05:21:02 +0100] "GET /robots.txt HTTP/1.1" 404 1181 "-" "Mozilla/5.0 (Windows NT 5.1; rv:6.0.2) Gecko/20100101 Firefox/6.0.2"
180.76.15.155 - - [20/Jan/2017:05:21:02 +0100] "GET /robots.txt HTTP/1.1" 404 1181 "-" "Mozilla/5.0 (Windows NT 5.1; rv:6.0.2) Gecko/20100101 Firefox/6.0.2"
180.76.15.154 - - [20/Jan/2017:05:23:00 +0100] "GET /doc/barkorichard_0706222.pdf HTTP/1.1" 200 67772 "-" "Mozilla/5.0 (compatible; Baiduspider/2.0; +http://www.baidu.com/search/spider.html)"
157.55.39.134 - - [20/Jan/2017:05:29:52 +0100] "GET /hirlevel/images/vonattal-zircrol.pdf HTTP/1.1" 200 279752 "-" "msnbot-media/1.1 (+http://search.msn.com/msnbot.htm)"
66.249.66.215 - - [20/Jan/2017:05:50:16 +0100] "GET /doc/hu_aps_positivbeispiele_aufl2_070622_klein.pdf HTTP/1.1" 200 2887217 "-" "Mozilla/5.0 (compatible; Googlebot/2.1; +http://www.google.com/bot.html)"
66.249.66.193 - - [20/Jan/2017:05:58:00 +0100] "GET /doc/T&E_oktober-november2008.pdf HTTP/1.1" 200 104246 "-" "Mozilla/5.0 (compatible; Googlebot/2.1; +http://www.google.com/bot.html)"
77.75.77.109 - - [20/Jan/2017:06:06:05 +0100] "GET /robots.txt HTTP/1.1" 404 1181 "-" "Mozilla/5.0 (compatible; SeznamBot/3.2; +http://napoveda.seznam.cz/en/seznambot-intro/)"
77.75.77.109 - - [20/Jan/2017:06:06:05 +0100] "GET /doc/b2_2010.pdf HTTP/1.1" 404 1181 "-" "Mozilla/5.0 (compatible; SeznamBot/3.2; +http://napoveda.seznam.cz/en/seznambot-intro/)"
66.249.66.193 - - [20/Jan/2017:06:06:07 +0100] "GET /doc/kelenfold_1009.pdf HTTP/1.1" 200 2455747 "-" "Mozilla/5.0 (compatible; Googlebot/2.1; +http://www.google.com/bot.html)"
66.249.66.198 - - [20/Jan/2017:06:15:04 +0100] "GET /hirlevel/heviz_1109.pdf HTTP/1.1" 200 61799 "-" "Mozilla/5.0 (compatible; Googlebot/2.1; +http://www.google.com/bot.html)"
66.249.66.198 - - [20/Jan/2017:06:22:47 +0100] "GET /doc/onkorm_nyil_0803.pdf HTTP/1.1" 200 43425 "-" "Mozilla/5.0 (compatible; Googlebot/2.1; +http://www.google.com/bot.html)"
66.249.66.215 - - [20/Jan/2017:06:30:33 +0100] "GET /doc/smk-hatarozat.pdf HTTP/1.1" 200 47493 "-" "Mozilla/5.0 (compatible; Googlebot/2.1; +http://www.google.com/bot.html)"
66.249.66.193 - - [20/Jan/2017:06:30:42 +0100] "GET /hirlevel/images/okotars_1.jpg HTTP/1.1" 304 - "-" "Googlebot-Image/1.0"
66.249.66.198 - - [20/Jan/2017:06:39:07 +0100] "GET /doc/ots_uj_0812.pdf HTTP/1.1" 200 40650 "-" "Mozilla/5.0 (compatible; Googlebot/2.1; +http://www.google.com/bot.html)"
66.249.66.198 - - [20/Jan/2017:06:47:22 +0100] "GET /doc/kaposvar_0812.pdf HTTP/1.1" 200 316585 "-" "Mozilla/5.0 (compatible; Googlebot/2.1; +http://www.google.com/bot.html)"
66.249.66.193 - - [20/Jan/2017:06:50:46 +0100] "GET /hirlevel/images/autonomia_1.jpg HTTP/1.1" 304 - "-" "Googlebot-Image/1.0"
66.249.66.251 - - [20/Jan/2017:06:55:09 +0100] "GET /doc/fogadj_orokbe.doc HTTP/1.1" 200 45568 "-" "Mozilla/5.0 (compatible; Googlebot/2.1; +http://www.google.com/bot.html)"
66.249.66.251 - - [20/Jan/2017:07:02:35 +0100] "GET /doc/tersegi_polg_0803.pdf HTTP/1.1" 200 63931 "-" "Mozilla/5.0 (compatible; Googlebot/2.1; +http://www.google.com/bot.html)"
145.236.252.35 - - [20/Jan/2017:07:07:44 +0100] "GET /images/vasutterkep_n.jpg HTTP/1.1" 200 4702972 "https://www.google.hu/" "Mozilla/5.0 (Windows NT 6.1; rv:50.0) Gecko/20100101 Firefox/50.0"
66.249.66.193 - - [20/Jan/2017:07:10:38 +0100] "GET /doc/kiiras.pdf HTTP/1.1" 200 96611 "-" "Mozilla/5.0 (compatible; Googlebot/2.1; +http://www.google.com/bot.html)"
62.210.143.245 - - [20/Jan/2017:07:10:47 +0100] "GET /robots.txt HTTP/1.1" 404 1181 "-" "Mozilla/5.0 (compatible; MJ12bot/v1.4.7; http://mj12bot.com/)"
62.210.143.245 - - [20/Jan/2017:07:10:49 +0100] "GET /hirlevel/vonattal1109.htm HTTP/1.1" 200 47571 "-" "Mozilla/5.0 (compatible; MJ12bot/v1.4.7; http://mj12bot.com/)"
68.180.231.43 - - [20/Jan/2017:07:13:38 +0100] "GET /doc/ombudsman_0711.pdf HTTP/1.1" 304 - "-" "Mozilla/5.0 (compatible; Yahoo! Slurp; http://help.yahoo.com/help/us/ysearch/slurp)"
66.249.66.193 - - [20/Jan/2017:07:16:30 +0100] "GET /doc/NFM_Fellegi_201007.pdf HTTP/1.1" 200 67167 "-" "Mozilla/5.0 (compatible; Googlebot/2.1; +http://www.google.com/bot.html)"
89.234.68.82 - - [20/Jan/2017:07:18:06 +0100] "GET / HTTP/1.1" 200 1178 "http://www.mkk.zpok.hu" "Mozilla/5.0 (Windows; U; Windows NT 5.1; en-US; rv:1.9.2.8) Gecko/20100721 Firefox/3.6.8"
66.249.66.198 - - [20/Jan/2017:07:21:55 +0100] "GET /hirlevel/emh-1.pdf HTTP/1.1" 200 193983 "-" "Mozilla/5.0 (compatible; Googlebot/2.1; +http://www.google.com/bot.html)"
66.249.66.251 - - [20/Jan/2017:07:30:47 +0100] "GET /hirlevel/images/1409e.png HTTP/1.1" 200 118402 "-" "Googlebot-Image/1.0"
66.249.66.193 - - [20/Jan/2017:07:31:16 +0100] "GET /doc/0420_program_uj.pdf HTTP/1.1" 200 257505 "-" "Mozilla/5.0 (compatible; Googlebot/2.1; +http://www.google.com/bot.html)"
66.249.66.251 - - [20/Jan/2017:07:36:49 +0100] "GET /images/b2_2012_03_+terkepkep.pdf HTTP/1.1" 304 - "-" "Mozilla/5.0 (compatible; Googlebot/2.1; +http://www.google.com/bot.html)"
66.249.66.251 - - [20/Jan/2017:07:39:08 +0100] "GET /hirlevel/szarvas_1109.doc HTTP/1.1" 200 175104 "-" "Mozilla/5.0 (compatible; Googlebot/2.1; +http://www.google.com/bot.html)"
66.249.66.251 - - [20/Jan/2017:07:40:49 +0100] "GET /hirlevel/images/1409h.png HTTP/1.1" 200 126170 "-" "Googlebot-Image/1.0"
84.206.11.64 - - [20/Jan/2017:07:48:06 +0100] "GET /hirlevel/images/0907a.jpg HTTP/1.1" 200 128186 "https://www.google.hu/" "Mozilla/5.0 (Windows NT 6.1; WOW64; rv:50.0) Gecko/20100101 Firefox/50.0"
66.249.66.193 - - [20/Jan/2017:07:48:11 +0100] "GET /hirlevel/mkk_allasf_120413 HTTP/1.1" 200 246282 "-" "Mozilla/5.0 (compatible; Googlebot/2.1; +http://www.google.com/bot.html)"
66.249.66.193 - - [20/Jan/2017:07:56:50 +0100] "GET /hirlevel/szekcio_201504.pdf HTTP/1.1" 200 169139 "-" "Mozilla/5.0 (compatible; Googlebot/2.1; +http://www.google.com/bot.html)"
66.249.66.193 - - [20/Jan/2017:08:05:11 +0100] "GET /doc/pusztatelen_0812.pdf HTTP/1.1" 200 110702 "-" "Mozilla/5.0 (compatible; Googlebot/2.1; +http://www.google.com/bot.html)"
66.249.66.193 - - [20/Jan/2017:08:12:39 +0100] "GET /doc/nogradi_terseg_1209.pdf HTTP/1.1" 200 134152 "-" "Mozilla/5.0 (compatible; Googlebot/2.1; +http://www.google.com/bot.html)"
66.249.66.198 - - [20/Jan/2017:08:20:07 +0100] "GET /hirlevel/totkomlos_1109.doc HTTP/1.1" 200 609792 "-" "Mozilla/5.0 (compatible; Googlebot/2.1; +http://www.google.com/bot.html)"
188.36.35.51 - - [20/Jan/2017:08:23:02 +0100] "GET /images/vasutterkep_n.jpg HTTP/1.1" 200 4702972 "https://www.google.hu/" "Mozilla/5.0 (Windows NT 6.1; WOW64; rv:50.0) Gecko/20100101 Firefox/50.0"
66.249.66.193 - - [20/Jan/2017:08:27:48 +0100] "GET /hirlevel/tatabanya_1109.pdf HTTP/1.1" 200 1176360 "-" "Mozilla/5.0 (compatible; Googlebot/2.1; +http://www.google.com/bot.html)"
66.249.66.193 - - [20/Jan/2017:08:35:33 +0100] "GET /doc/plakat_veszprem_1010.pdf HTTP/1.1" 200 2715630 "-" "Mozilla/5.0 (compatible; Googlebot/2.1; +http://www.google.com/bot.html)"
66.249.66.198 - - [20/Jan/2017:08:38:44 +0100] "GET /images/b2_2012_03_+terkepkep.pdf HTTP/1.1" 304 - "-" "Mozilla/5.0 (compatible; Googlebot/2.1; +http://www.google.com/bot.html)"
66.249.66.193 - - [20/Jan/2017:08:42:44 +0100] "GET /doc/igazolofuzet.pdf HTTP/1.1" 200 184716 "-" "Mozilla/5.0 (compatible; Googlebot/2.1; +http://www.google.com/bot.html)"
199.58.86.206 - - [20/Jan/2017:08:46:25 +0100] "GET /robots.txt HTTP/1.1" 404 1181 "-" "Mozilla/5.0 (compatible; MJ12bot/v1.4.7; http://mj12bot.com/)"
199.58.86.206 - - [20/Jan/2017:08:46:28 +0100] "GET / HTTP/1.1" 200 1178 "-" "Mozilla/5.0 (compatible; MJ12bot/v1.4.7; http://mj12bot.com/)"
199.58.86.206 - - [20/Jan/2017:08:46:31 +0100] "GET /robots.txt HTTP/1.1" 404 1181 "-" "Mozilla/5.0 (compatible; MJ12bot/v1.4.7; http://mj12bot.com/)"
199.58.86.206 - - [20/Jan/2017:08:46:33 +0100] "GET / HTTP/1.1" 200 1178 "-" "Mozilla/5.0 (compatible; MJ12bot/v1.4.7; http://mj12bot.com/)"
84.236.6.152 - - [20/Jan/2017:08:54:21 +0100] "GET /images/vasutterkep_n.jpg HTTP/1.1" 200 627040 "https://www.google.hu/" "Mozilla/5.0 (Windows NT 10.0; Win64; x64) AppleWebKit/537.36 (KHTML, like Gecko) Chrome/55.0.2883.87 Safari/537.36"
104.131.147.112 - - [20/Jan/2017:09:08:48 +0100] "GET / HTTP/1.1" 200 1178 "-" "Mozilla/5.0 (compatible; Gluten Free Crawler/1.0; +http://glutenfreepleasure.com/)"
213.163.4.134 - - [20/Jan/2017:09:25:25 +0100] "GET /images/vasutterkep_n.jpg HTTP/1.0" 200 4702972 "-" "Mozilla/5.0 (Windows NT 6.1) AppleWebKit/537.36 (KHTML, like Gecko) Chrome/55.0.2883.87 Safari/537.36"
157.55.39.134 - - [20/Jan/2017:09:29:13 +0100] "GET /doc/ksz-ek_alakitasa_lehetosegek.ppt HTTP/1.1" 200 3719680 "-" "Mozilla/5.0 (compatible; bingbot/2.0; +http://www.bing.com/bingbot.htm)"
94.21.110.135 - - [20/Jan/2017:09:34:24 +0100] "GET /images/vasutterkep_n.jpg HTTP/1.1" 200 4702972 "-" "Mozilla/5.0 (Linux; Android 4.4.2; HUAWEI Y625-U51 Build/HUAWEIY625-U51) AppleWebKit/537.36 (KHTML, like Gecko) Version/4.0 Chrome/30.0.0.0 Mobile Safari/537.36 GSA/6.9.36.16.arm"
46.229.164.98 - - [20/Jan/2017:09:34:44 +0100] "GET /robots.txt HTTP/1.1" 404 1181 "-" "Mozilla/5.0 (compatible; SemrushBot/1.2~bl; +http://www.semrush.com/bot.html)"
40.77.167.32 - - [20/Jan/2017:09:37:53 +0100] "GET / HTTP/1.1" 200 1178 "-" "Mozilla/5.0 (compatible; bingbot/2.0; +http://www.bing.com/bingbot.htm)"
66.249.66.193 - - [20/Jan/2017:09:42:48 +0100] "GET /hirlevel/images/201604a.jpg HTTP/1.1" 200 96462 "-" "Googlebot-Image/1.0"
82.141.152.18 - - [20/Jan/2017:09:44:19 +0100] "GET /images/vasutterkep_n.jpg HTTP/1.1" 200 4702972 "https://www.google.hu/" "Mozilla/5.0 (Windows NT 10.0; WOW64) AppleWebKit/537.36 (KHTML, like Gecko) Chrome/55.0.2883.87 Safari/537.36"
66.249.66.211 - - [20/Jan/2017:09:49:27 +0100] "GET /doc/allomasok_kepes_osszefoglaloja.pdf HTTP/1.1" 200 5628186 "-" "Mozilla/5.0 (compatible; Googlebot/2.1; +http://www.google.com/bot.html)"
91.137.242.70 - - [20/Jan/2017:09:54:59 +0100] "GET /images/vasutterkep_n.jpg HTTP/1.1" 200 4702972 "http://www.bing.com/images/search?q=magyarorsz%c3%a1g+t%c3%a9rk%c3%a9p&view=detailv2&&id=ABE69416F1D7F1B0507150BE2C13FE462F18D6CE&selectedIndex=0&ccid=xH8rG21t&simid=608043194330188228&thid=OIP.xH8rG21tOZ8qFZQ6cp4D7AEsC6&mode=overlay" "Mozilla/5.0 (Windows NT 6.1; WOW64; Trident/7.0; rv:11.0) like Gecko"
66.249.66.198 - - [20/Jan/2017:10:04:05 +0100] "GET /doc/A_kozlekedesmenedzsment_korszeru_eszkozei.pdf HTTP/1.1" 200 8299010 "-" "Mozilla/5.0 (compatible; Googlebot/2.1; +http://www.google.com/bot.html)"
157.55.39.240 - - [20/Jan/2017:10:09:34 +0100] "GET /doc/allomasok_kepes_osszefoglaloja.pdf HTTP/1.1" 200 5628186 "-" "Mozilla/5.0 (compatible; bingbot/2.0; +http://www.bing.com/bingbot.htm)"
89.134.13.49 - - [20/Jan/2017:10:09:43 +0100] "GET /hirlevel/images/1409g.png HTTP/1.1" 200 229166 "https://www.google.hu/" "Mozilla/5.0 (Windows NT 6.1; WOW64) AppleWebKit/537.36 (KHTML, like Gecko) Chrome/55.0.2883.87 Safari/537.36"
