207.46.13.230 - - [21/Jan/2017:07:17:59 +0100] "GET /robots.txt HTTP/1.1" 404 1181 "-" "Mozilla/5.0 (compatible; bingbot/2.0; +http://www.bing.com/bingbot.htm)"
207.46.13.158 - - [21/Jan/2017:07:21:40 +0100] "GET /doc/varos-videk_2009.pdf HTTP/1.1" 200 1636386 "-" "Mozilla/5.0 (iPhone; CPU iPhone OS 7_0 like Mac OS X) AppleWebKit/537.51.1 (KHTML, like Gecko) Version/7.0 Mobile/11A465 Safari/9537.53 (compatible; bingbot/2.0; +http://www.bing.com/bingbot.htm)"
66.249.66.76 - - [21/Jan/2017:07:31:32 +0100] "GET /hirlevel/majdan_janos_a_kozlekedes_tortenete_nagy_laszlo.pdf HTTP/1.1" 304 - "-" "Mozilla/5.0 (compatible; Googlebot/2.1; +http://www.google.com/bot.html)"
66.249.66.76 - - [21/Jan/2017:07:36:57 +0100] "GET /hirlevel/hajozas_dunakanyar_szili_131216.pdf HTTP/1.1" 200 313172 "-" "Mozilla/5.0 (Linux; Android 6.0.1; Nexus 5X Build/MMB29P) AppleWebKit/537.36 (KHTML, like Gecko) Chrome/41.0.2272.96 Mobile Safari/537.36 (compatible; Googlebot/2.1; +http://www.google.com/bot.html)"
66.249.66.70 - - [21/Jan/2017:07:39:41 +0100] "GET /hirlevel/hajozas_dunakanyar_1128.pdf HTTP/1.1" 200 1922699 "-" "Mozilla/5.0 (Linux; Android 6.0.1; Nexus 5X Build/MMB29P) AppleWebKit/537.36 (KHTML, like Gecko) Chrome/41.0.2272.96 Mobile Safari/537.36 (compatible; Googlebot/2.1; +http://www.google.com/bot.html)"
66.249.66.219 - - [21/Jan/2017:07:41:00 +0100] "GET /doc/b2_terkep_200902_2.pdf HTTP/1.1" 404 1181 "-" "Mozilla/5.0 (Linux; Android 6.0.1; Nexus 5X Build/MMB29P) AppleWebKit/537.36 (KHTML, like Gecko) Chrome/41.0.2272.96 Mobile Safari/537.36 (compatible; Googlebot/2.1; +http://www.google.com/bot.html)"
176.63.23.218 - - [21/Jan/2017:07:43:30 +0100] "GET /hirlevel/images/1009_terkep_n.jpg HTTP/1.1" 200 598267 "https://www.google.hu/" "Mozilla/5.0 (Windows NT 6.1; rv:50.0) Gecko/20100101 Firefox/50.0"
66.249.66.70 - - [21/Jan/2017:07:46:59 +0100] "GET /hirlevel/plakat_ajandekjegy_megszuntetes.pdf HTTP/1.1" 200 30340 "-" "Mozilla/5.0 (Linux; Android 6.0.1; Nexus 5X Build/MMB29P) AppleWebKit/537.36 (KHTML, like Gecko) Chrome/41.0.2272.96 Mobile Safari/537.36 (compatible; Googlebot/2.1; +http://www.google.com/bot.html)"
94.44.254.31 - - [21/Jan/2017:07:54:13 +0100] "GET /doc/vonattal_tisza-tohoz_2010.pdf HTTP/1.1" 200 558271 "-" "Dalvik/2.1.0 (Linux; U; Android 6.0; VFD 1100 Build/MRA58K)"
66.249.66.70 - - [21/Jan/2017:07:54:56 +0100] "GET /doc/T&E_majus2009.pdf HTTP/1.1" 200 66973 "-" "Mozilla/5.0 (Linux; Android 6.0.1; Nexus 5X Build/MMB29P) AppleWebKit/537.36 (KHTML, like Gecko) Chrome/41.0.2272.96 Mobile Safari/537.36 (compatible; Googlebot/2.1; +http://www.google.com/bot.html)"
66.249.66.70 - - [21/Jan/2017:07:58:54 +0100] "GET /doc/belepesi_nyilatkozat_maganszemely.doc HTTP/1.1" 404 1181 "-" "Mozilla/5.0 (Linux; Android 6.0.1; Nexus 5X Build/MMB29P) AppleWebKit/537.36 (KHTML, like Gecko) Chrome/41.0.2272.96 Mobile Safari/537.36 (compatible; Googlebot/2.1; +http://www.google.com/bot.html)"
77.111.90.197 - - [21/Jan/2017:08:01:52 +0100] "GET /doc/konf_0807.pdf HTTP/1.1" 200 14250 "-" "Mozilla/5.0 (Windows NT 6.1; WOW64) AppleWebKit/537.36 (KHTML, like Gecko) Chrome/46.0.2490.71 Safari/537.36"
77.111.90.197 - - [21/Jan/2017:08:01:52 +0100] "GET /doc/konf_0807.pdf HTTP/1.0" 200 14250 "-" "-"
149.202.89.186 - - [21/Jan/2017:08:05:52 +0100] "GET /doc/A_kozlekedesmenedzsment_korszeru_eszkozei.pdf HTTP/1.1" 200 8299010 "-" "HttpComponents/1.1"
66.249.66.219 - - [21/Jan/2017:08:10:17 +0100] "GET /doc/alapsz03.pdf HTTP/1.1" 200 6009944 "-" "Googlebot/2.1 (+http://www.google.com/bot.html)"
180.76.15.9 - - [21/Jan/2017:08:10:39 +0100] "GET /doc/barkorichard_0706222.pdf HTTP/1.1" 200 67772 "-" "Mozilla/5.0 (compatible; Baiduspider/2.0; +http://www.baidu.com/search/spider.html)"
207.46.13.122 - - [21/Jan/2017:08:21:27 +0100] "GET /doc/A_kozlekedesmenedzsment_korszeru_eszkozei.pdf HTTP/1.1" 200 8299010 "-" "Mozilla/5.0 (iPhone; CPU iPhone OS 7_0 like Mac OS X) AppleWebKit/537.51.1 (KHTML, like Gecko) Version/7.0 Mobile/11A465 Safari/9537.53 (compatible; bingbot/2.0; +http://www.bing.com/bingbot.htm)"
85.67.87.160 - - [21/Jan/2017:08:27:29 +0100] "GET /images/vasutterkep_n.jpg HTTP/1.1" 200 4702972 "https://www.bing.com/" "Mozilla/5.0 (Windows NT 10.0; Win64; x64) AppleWebKit/537.36 (KHTML, like Gecko) Chrome/46.0.2486.0 Safari/537.36 Edge/13.10586"
66.249.66.70 - - [21/Jan/2017:08:30:05 +0100] "GET /hirlevel/images/201604d.jpg HTTP/1.1" 200 86523 "-" "Googlebot-Image/1.0"
66.249.66.70 - - [21/Jan/2017:08:48:40 +0100] "GET /doc/tande_1102.pdf HTTP/1.1" 200 141282 "-" "Mozilla/5.0 (Linux; Android 6.0.1; Nexus 5X Build/MMB29P) AppleWebKit/537.36 (KHTML, like Gecko) Chrome/41.0.2272.96 Mobile Safari/537.36 (compatible; Googlebot/2.1; +http://www.google.com/bot.html)"
66.249.66.70 - - [21/Jan/2017:08:50:39 +0100] "GET /hirlevel/vasuttal0703.htm HTTP/1.1" 200 25859 "-" "Mozilla/5.0 (Linux; Android 6.0.1; Nexus 5X Build/MMB29P) AppleWebKit/537.36 (KHTML, like Gecko) Chrome/41.0.2272.96 Mobile Safari/537.36 (compatible; Googlebot/2.1; +http://www.google.com/bot.html)"
66.249.66.215 - - [21/Jan/2017:09:02:35 +0100] "GET /doc/vonatrafel_c.pdf HTTP/1.1" 304 - "-" "Mozilla/5.0 (compatible; Googlebot/2.1; +http://www.google.com/bot.html)"
213.222.186.219 - - [21/Jan/2017:09:04:44 +0100] "GET /images/vasutterkep_n.jpg HTTP/1.1" 200 4702972 "-" "Mozilla/5.0 (Windows NT 10.0; WOW64; rv:50.0) Gecko/20100101 Firefox/50.0"
40.77.167.78 - - [21/Jan/2017:09:05:57 +0100] "GET /hirlevel/szentgotthardon_1410.pdf HTTP/1.1" 200 32715 "-" "Mozilla/5.0 (compatible; bingbot/2.0; +http://www.bing.com/bingbot.htm)"
66.249.66.76 - - [21/Jan/2017:09:08:44 +0100] "GET /doc/fogadj_orokbe_egy_allomast.doc HTTP/1.1" 200 195072 "-" "Mozilla/5.0 (Linux; Android 6.0.1; Nexus 5X Build/MMB29P) AppleWebKit/537.36 (KHTML, like Gecko) Chrome/41.0.2272.96 Mobile Safari/537.36 (compatible; Googlebot/2.1; +http://www.google.com/bot.html)"
66.249.66.73 - - [21/Jan/2017:09:18:30 +0100] "GET /hirlevel/vonattal1108_b.htm HTTP/1.1" 200 11475 "-" "Mozilla/5.0 (compatible; Googlebot/2.1; +http://www.google.com/bot.html)"
131.253.25.233 - - [21/Jan/2017:09:23:07 +0100] "GET /doc/A_kozlekedesmenedzsment_korszeru_eszkozei.pdf HTTP/1.1" 200 4317184 "-" "Mozilla/5.0 (iPhone; CPU iPhone OS 7_0 like Mac OS X) AppleWebKit/537.51.1 (KHTML, like Gecko) Version/7.0 Mobile/11A465 Safari/9537.53 BingPreview/1.0b"
141.8.142.30 - - [21/Jan/2017:09:25:26 +0100] "GET / HTTP/1.1" 200 1178 "-" "Mozilla/5.0 (compatible; YandexBot/3.0; +http://yandex.com/bots)"
130.193.51.56 - - [21/Jan/2017:09:25:27 +0100] "GET /robots.txt HTTP/1.1" 404 1181 "-" "Mozilla/5.0 (compatible; YandexBot/3.0; +http://yandex.com/bots)"
130.193.51.56 - - [21/Jan/2017:09:25:30 +0100] "GET / HTTP/1.1" 200 1178 "-" "Mozilla/5.0 (compatible; YandexBot/3.0; +http://yandex.com/bots)"
130.193.37.15 - - [21/Jan/2017:09:25:31 +0100] "GET /index.swf HTTP/1.1" 200 1451930 "-" "Mozilla/5.0 (compatible; YandexBot/3.0; +http://yandex.com/bots)"
93.158.152.25 - - [21/Jan/2017:09:25:35 +0100] "GET /index.swf HTTP/1.1" 200 1451930 "-" "Mozilla/5.0 (compatible; YandexBot/3.0; +http://yandex.com/bots)"
37.44.207.165 - - [21/Jan/2017:09:29:10 +0100] "GET /doc/takaritonap_1009.pdf HTTP/1.1" 200 2455028 "http://mkk.zpok.hu/doc/takaritonap_1009.pdf" "Mozilla/5.0 (compatible; Googlebot/2.1; +http://www.google.com/bot.html)"
207.46.13.230 - - [21/Jan/2017:09:30:57 +0100] "GET /robots.txt HTTP/1.1" 404 1181 "-" "Mozilla/5.0 (compatible; bingbot/2.0; +http://www.bing.com/bingbot.htm)"
40.77.167.78 - - [21/Jan/2017:09:31:26 +0100] "GET /hirlevel/vonattal1508.html HTTP/1.1" 200 24080 "-" "Mozilla/5.0 (iPhone; CPU iPhone OS 7_0 like Mac OS X) AppleWebKit/537.51.1 (KHTML, like Gecko) Version/7.0 Mobile/11A465 Safari/9537.53 (compatible; bingbot/2.0; +http://www.bing.com/bingbot.htm)"
207.46.13.122 - - [21/Jan/2017:09:31:48 +0100] "GET /hirlevel/images/avidekkozlekedeseert.swf HTTP/1.1" 200 5063 "-" "Mozilla/5.0 (iPhone; CPU iPhone OS 7_0 like Mac OS X) AppleWebKit/537.51.1 (KHTML, like Gecko) Version/7.0 Mobile/11A465 Safari/9537.53 (compatible; bingbot/2.0; +http://www.bing.com/bingbot.htm)"
54.146.139.201 - - [21/Jan/2017:09:51:33 +0100] "GET /robots.txt HTTP/1.0" 404 1181 "-" "CCBot/2.0 (http://commoncrawl.org/faq/)"
54.146.139.201 - - [21/Jan/2017:09:51:33 +0100] "GET / HTTP/1.0" 200 1178 "-" "CCBot/2.0 (http://commoncrawl.org/faq/)"
66.249.66.70 - - [21/Jan/2017:09:54:18 +0100] "GET /doc/tour_201107.pdf HTTP/1.1" 200 71652 "-" "Mozilla/5.0 (compatible; Googlebot/2.1; +http://www.google.com/bot.html)"
193.201.224.205 - - [21/Jan/2017:09:56:27 +0100] "GET / HTTP/1.1" 200 1178 "-" "Mozilla/5.0 (Windows NT 6.1; rv:34.0) Gecko/20100101 Firefox/34.0"
193.201.224.205 - - [21/Jan/2017:09:56:30 +0100] "GET /blog/secondaryphase/mdocs-posts/?mdocs-img-preview=../../../wp-config.php HTTP/1.1" 404 1181 "-" "Mozilla/5.0 (Windows NT 6.1; rv:34.0) Gecko/20100101 Firefox/34.0"
193.201.224.205 - - [21/Jan/2017:09:56:37 +0100] "GET /wp-content/plugins/revslider/temp/update_extract/revslider/xxx.php HTTP/1.1" 404 1181 "-" "Mozilla/5.0 (Windows NT 6.1; rv:34.0) Gecko/20100101 Firefox/34.0"
193.201.224.205 - - [21/Jan/2017:09:56:43 +0100] "GET /blog/wp-admin/admin-ajax.php?action=revslider_show_image&img=../wp-config.php HTTP/1.1" 404 1181 "-" "Mozilla/5.0 (Windows NT 6.1; rv:34.0) Gecko/20100101 Firefox/34.0"
193.201.224.205 - - [21/Jan/2017:09:56:49 +0100] "GET /index.php/mdocs-posts/?mdocs-img-preview=../../../wp-config.php HTTP/1.1" 404 1181 "-" "Mozilla/5.0 (Windows NT 6.1; rv:34.0) Gecko/20100101 Firefox/34.0"
193.201.224.205 - - [21/Jan/2017:09:56:56 +0100] "GET /index.php/photocrati_ajax?action=upload_image&gallery_id=0&gallery_name=../../../../wp-config.php HTTP/1.1" 404 1181 "-" "Mozilla/5.0 (Windows NT 6.1; rv:34.0) Gecko/20100101 Firefox/34.0"
193.201.224.205 - - [21/Jan/2017:09:57:02 +0100] "GET /magmi/web/plugin_upload.php HTTP/1.1" 404 1181 "-" "Mozilla/5.0 (Windows NT 6.1; rv:34.0) Gecko/20100101 Firefox/34.0"
193.201.224.205 - - [21/Jan/2017:09:57:09 +0100] "GET /mdocs-posts/?mdocs-img-preview=../../../wp-config.php HTTP/1.1" 404 1181 "-" "Mozilla/5.0 (Windows NT 6.1; rv:34.0) Gecko/20100101 Firefox/34.0"
193.201.224.205 - - [21/Jan/2017:09:57:15 +0100] "GET /wordpress/wp-admin/admin-ajax.php?action=cpabc_appointments_calendar_update&cpabc_calendar_update=1&id=../../../../../../wp-config.php HTTP/1.1" 404 1181 "-" "Mozilla/5.0 (Windows NT 6.1; rv:34.0) Gecko/20100101 Firefox/34.0"
193.201.224.205 - - [21/Jan/2017:09:57:21 +0100] "GET /wordpress/wp-admin/admin.php?page=multi_metabox_listing&action=edit&id=../../../../../../wp-config.php HTTP/1.1" 404 1181 "-" "Mozilla/5.0 (Windows NT 6.1; rv:34.0) Gecko/20100101 Firefox/34.0"
193.201.224.205 - - [21/Jan/2017:09:57:27 +0100] "GET /wp-admin/admin-ajax.php?action=cpabc_appointments_calendar_update&cpabc_calendar_update=1&id=../../../../../../wp-config.php HTTP/1.1" 404 1181 "-" "Mozilla/5.0 (Windows NT 6.1; rv:34.0) Gecko/20100101 Firefox/34.0"
193.201.224.205 - - [21/Jan/2017:09:57:34 +0100] "GET /wp-admin/admin-ajax.php?action=fe_get_sv_html&video=../wp-config.php HTTP/1.1" 404 1181 "-" "Mozilla/5.0 (Windows NT 6.1; rv:34.0) Gecko/20100101 Firefox/34.0"
193.201.224.205 - - [21/Jan/2017:09:57:41 +0100] "GET /wp-admin/admin-ajax.php?action=getfile&/../../wp-config.php HTTP/1.1" 404 1181 "-" "Mozilla/5.0 (Windows NT 6.1; rv:34.0) Gecko/20100101 Firefox/34.0"
193.201.224.205 - - [21/Jan/2017:09:57:47 +0100] "GET /wp-admin/admin-ajax.php?action=kbslider_show_image&img=../wp-config.php HTTP/1.1" 404 1181 "-" "Mozilla/5.0 (Windows NT 6.1; rv:34.0) Gecko/20100101 Firefox/34.0"
193.201.224.205 - - [21/Jan/2017:09:57:53 +0100] "GET /wp-admin/admin-ajax.php?action=pollinsertvalues HTTP/1.1" 404 1181 "-" "Mozilla/5.0 (Windows NT 6.1; rv:34.0) Gecko/20100101 Firefox/34.0"
193.201.224.205 - - [21/Jan/2017:09:58:00 +0100] "GET /wp-admin/admin-ajax.php?action=populate_download_edit_form HTTP/1.1" 404 1181 "-" "Mozilla/5.0 (Windows NT 6.1; rv:34.0) Gecko/20100101 Firefox/34.0"
193.201.224.205 - - [21/Jan/2017:09:58:06 +0100] "GET /wp-admin/admin-ajax.php?action=revolution-slider_show_image&img=../wp-config.php HTTP/1.1" 404 1181 "-" "Mozilla/5.0 (Windows NT 6.1; rv:34.0) Gecko/20100101 Firefox/34.0"
193.201.224.205 - - [21/Jan/2017:09:58:13 +0100] "GET /wp-admin/admin-ajax.php?action=revslider_show_image&img=../wp-config.php HTTP/1.1" 404 1181 "-" "Mozilla/5.0 (Windows NT 6.1; rv:34.0) Gecko/20100101 Firefox/34.0"
193.201.224.205 - - [21/Jan/2017:09:58:19 +0100] "GET /wp-admin/admin-ajax.php?action=showbiz_show_image&img=../wp-config.php HTTP/1.1" 404 1181 "-" "Mozilla/5.0 (Windows NT 6.1; rv:34.0) Gecko/20100101 Firefox/34.0"
193.201.224.205 - - [21/Jan/2017:09:58:25 +0100] "GET /wp-admin/admin.php?page=booking%2Fwpdev-booking.phpwpdev-booking&wh_approved&wh_is_new=1&wh_booking_date=3&view_mode=vm_listing HTTP/1.1" 404 1181 "-" "Mozilla/5.0 (Windows NT 6.1; rv:34.0) Gecko/20100101 Firefox/34.0"
193.201.224.205 - - [21/Jan/2017:09:58:32 +0100] "GET /wp-admin/blog/admin-ajax.php?action=revslider_show_image&img=../wp-config.php HTTP/1.1" 404 1181 "-" "Mozilla/5.0 (Windows NT 6.1; rv:34.0) Gecko/20100101 Firefox/34.0"
193.201.224.205 - - [21/Jan/2017:09:58:38 +0100] "GET /wp-admin/tools.php?page=backup_manager&download_backup_file=../wp-config.php HTTP/1.1" 404 1181 "-" "Mozilla/5.0 (Windows NT 6.1; rv:34.0) Gecko/20100101 Firefox/34.0"
193.201.224.205 - - [21/Jan/2017:09:58:45 +0100] "GET /wp-content/assets/themes/plugins/uploadify/uploadify.php HTTP/1.1" 404 1181 "-" "Mozilla/5.0 (Windows NT 6.1; rv:34.0) Gecko/20100101 Firefox/34.0"
193.201.224.205 - - [21/Jan/2017:09:58:51 +0100] "GET /wp-content/plugins/s3bubble-amazon-s3-html-5-video-with-adverts/assets/plugins/ultimate/content/downloader.php?path=../../../../../../../wp-config.php HTTP/1.1" 404 1181 "-" "Mozilla/5.0 (Windows NT 6.1; rv:34.0) Gecko/20100101 Firefox/34.0"
193.201.224.205 - - [21/Jan/2017:09:58:57 +0100] "GET /wp-content/blog/secondaryphase/mdocs-posts/?mdocs-img-preview=../../../wp-config.php HTTP/1.1" 404 1181 "-" "Mozilla/5.0 (Windows NT 6.1; rv:34.0) Gecko/20100101 Firefox/34.0"
193.201.224.205 - - [21/Jan/2017:09:59:04 +0100] "GET /wp-content/force-download.php?file=../wp-config.php HTTP/1.1" 404 1181 "-" "Mozilla/5.0 (Windows NT 6.1; rv:34.0) Gecko/20100101 Firefox/34.0"
193.201.224.205 - - [21/Jan/2017:09:59:10 +0100] "GET /wp-content/plugins/db-backup/download.php?file=../../../wp-config.php HTTP/1.1" 404 1181 "-" "Mozilla/5.0 (Windows NT 6.1; rv:34.0) Gecko/20100101 Firefox/34.0"
193.201.224.205 - - [21/Jan/2017:09:59:16 +0100] "GET /wp-content/plugins/dukapress/lib/dp_image.php?src=../../../../wp-config.php HTTP/1.1" 404 1181 "-" "Mozilla/5.0 (Windows NT 6.1; rv:34.0) Gecko/20100101 Firefox/34.0"
193.201.224.205 - - [21/Jan/2017:09:59:22 +0100] "GET /wp-content/plugins/google-mp3-audio-player/direct_download.php?file=../../../wp-config.php HTTP/1.1" 404 1181 "-" "Mozilla/5.0 (Windows NT 6.1; rv:34.0) Gecko/20100101 Firefox/34.0"
193.201.224.205 - - [21/Jan/2017:09:59:28 +0100] "GET /wp-content/plugins/pica-photo-gallery/picadownload.php?imgname=../../../wp-config.php HTTP/1.1" 404 1181 "-" "Mozilla/5.0 (Windows NT 6.1; rv:34.0) Gecko/20100101 Firefox/34.0"
193.201.224.205 - - [21/Jan/2017:09:59:34 +0100] "GET /wp-content/plugins/plugin-newsletter/preview.php?data=../../../../wp-config.php HTTP/1.1" 404 1181 "-" "Mozilla/5.0 (Windows NT 6.1; rv:34.0) Gecko/20100101 Firefox/34.0"
193.201.224.205 - - [21/Jan/2017:09:59:40 +0100] "GET /wp-content/plugins/simple-download-button-shortcode/simple-download-button_dl.php?file=../../../../wp-config.php HTTP/1.1" 404 1181 "-" "Mozilla/5.0 (Windows NT 6.1; rv:34.0) Gecko/20100101 Firefox/34.0"
193.201.224.205 - - [21/Jan/2017:09:59:46 +0100] "GET /wp-content/plugins/tinymce-thumbnail-gallery/php/download-image.php?href=../../../../wp-config.php HTTP/1.1" 404 1181 "-" "Mozilla/5.0 (Windows NT 6.1; rv:34.0) Gecko/20100101 Firefox/34.0"
193.201.224.205 - - [21/Jan/2017:09:59:52 +0100] "GET /wp-content/plugins/wp-filemanager/incl/libfile.php?&path=../../&filename=wp-config.php&action=download HTTP/1.1" 404 1181 "-" "Mozilla/5.0 (Windows NT 6.1; rv:34.0) Gecko/20100101 Firefox/34.0"
193.201.224.205 - - [21/Jan/2017:09:59:59 +0100] "GET /wp-content/themes/NativeChurch/download/download.php?file=../../../../wp-config.php HTTP/1.1" 404 1181 "-" "Mozilla/5.0 (Windows NT 6.1; rv:34.0) Gecko/20100101 Firefox/34.0"
193.201.224.205 - - [21/Jan/2017:10:00:05 +0100] "GET /wp-content/themes/Avada/framework/plugins/revslider/temp/update_extract/revslider/.libs.php HTTP/1.1" 404 1181 "-" "Mozilla/5.0 (Windows NT 6.1; rv:34.0) Gecko/20100101 Firefox/34.0"
193.201.224.205 - - [21/Jan/2017:10:00:11 +0100] "GET /wp-content/themes/antioch/lib/scripts/download.php?file=../../../../../wp-config.php HTTP/1.1" 404 1181 "-" "Mozilla/5.0 (Windows NT 6.1; rv:34.0) Gecko/20100101 Firefox/34.0"
193.201.224.205 - - [21/Jan/2017:10:00:17 +0100] "GET /wp-content/plugins/wp-ecommerce-shop-styling/includes/download.php?filename=../../../../wp-config.php HTTP/1.1" 404 1181 "-" "Mozilla/5.0 (Windows NT 6.1; rv:34.0) Gecko/20100101 Firefox/34.0"
193.201.224.205 - - [21/Jan/2017:10:00:23 +0100] "GET /wp-content/themes/authentic/includes/download.php?file=../../../../wp-config.php HTTP/1.1" 404 1181 "-" "Mozilla/5.0 (Windows NT 6.1; rv:34.0) Gecko/20100101 Firefox/34.0"
193.201.224.205 - - [21/Jan/2017:10:00:29 +0100] "POST /wp-content/themes/awake/lib/scripts/dl-skin.php HTTP/1.1" 404 1181 "-" "Mozilla/5.0 (Windows NT 6.1; rv:34.0) Gecko/20100101 Firefox/34.0"
193.201.224.205 - - [21/Jan/2017:10:00:35 +0100] "GET /wp-content/themes/churchope/lib/downloadlink.php?file=../../../../wp-config.php HTTP/1.1" 404 1181 "-" "Mozilla/5.0 (Windows NT 6.1; rv:34.0) Gecko/20100101 Firefox/34.0"
193.201.224.205 - - [21/Jan/2017:10:00:42 +0100] "POST /wp-content/themes/construct/lib/scripts/dl-skin.php HTTP/1.1" 404 1181 "-" "Mozilla/5.0 (Windows NT 6.1; rv:34.0) Gecko/20100101 Firefox/34.0"
193.201.224.205 - - [21/Jan/2017:10:00:47 +0100] "POST /wp-content/themes/dejavu/lib/scripts/dl-skin.php HTTP/1.1" 404 1181 "-" "Mozilla/5.0 (Windows NT 6.1; rv:34.0) Gecko/20100101 Firefox/34.0"
193.201.224.205 - - [21/Jan/2017:10:00:54 +0100] "POST /wp-content/themes/echelon/lib/scripts/dl-skin.php HTTP/1.1" 404 1181 "-" "Mozilla/5.0 (Windows NT 6.1; rv:34.0) Gecko/20100101 Firefox/34.0"
193.201.224.205 - - [21/Jan/2017:10:01:00 +0100] "POST /wp-content/themes/elegance/lib/scripts/dl-skin.php HTTP/1.1" 404 1181 "-" "Mozilla/5.0 (Windows NT 6.1; rv:34.0) Gecko/20100101 Firefox/34.0"
193.201.224.205 - - [21/Jan/2017:10:01:07 +0100] "GET /wp-content/themes/epic/includes/download.php?file=../../../../wp-config.php HTTP/1.1" 404 1181 "-" "Mozilla/5.0 (Windows NT 6.1; rv:34.0) Gecko/20100101 Firefox/34.0"
193.201.224.205 - - [21/Jan/2017:10:01:13 +0100] "POST /wp-content/themes/fusion/lib/scripts/dl-skin.php HTTP/1.1" 404 1181 "-" "Mozilla/5.0 (Windows NT 6.1; rv:34.0) Gecko/20100101 Firefox/34.0"
193.201.224.205 - - [21/Jan/2017:10:01:19 +0100] "GET /wp-content/themes/infocus/lib/scripts/dl-skin.php HTTP/1.1" 404 1181 "-" "Mozilla/5.0 (Windows NT 6.1; rv:34.0) Gecko/20100101 Firefox/34.0"
193.201.224.205 - - [21/Jan/2017:10:01:25 +0100] "POST /wp-content/themes/infocus/lib/scripts/dl-skin.php HTTP/1.1" 404 1181 "-" "Mozilla/5.0 (Windows NT 6.1; rv:34.0) Gecko/20100101 Firefox/34.0"
193.201.224.205 - - [21/Jan/2017:10:01:31 +0100] "GET /wp-admin/admin.php?page=miwoftp&option=com_miwoftp&action=download&dir=/&item=wp-config.php&order=name&sr HTTP/1.1" 404 1181 "-" "Mozilla/5.0 (Windows NT 6.1; rv:34.0) Gecko/20100101 Firefox/34.0"
193.201.224.205 - - [21/Jan/2017:10:01:37 +0100] "POST /wp-content/themes/infocus2/lib/scripts/dl-skin.php HTTP/1.1" 404 1181 "-" "Mozilla/5.0 (Windows NT 6.1; rv:34.0) Gecko/20100101 Firefox/34.0"
193.201.224.205 - - [21/Jan/2017:10:01:43 +0100] "GET /wp-content/themes/linenity/functions/download.php?imgurl=../../../../wp-config.php HTTP/1.1" 404 1181 "-" "Mozilla/5.0 (Windows NT 6.1; rv:34.0) Gecko/20100101 Firefox/34.0"
193.201.224.205 - - [21/Jan/2017:10:01:50 +0100] "GET /wp-content/themes/lote27/download.php?download=../../../wp-config.php HTTP/1.1" 404 1181 "-" "Mozilla/5.0 (Windows NT 6.1; rv:34.0) Gecko/20100101 Firefox/34.0"
193.201.224.205 - - [21/Jan/2017:10:01:56 +0100] "POST /wp-content/themes/method/lib/scripts/dl-skin.php HTTP/1.1" 404 1181 "-" "Mozilla/5.0 (Windows NT 6.1; rv:34.0) Gecko/20100101 Firefox/34.0"
193.201.224.205 - - [21/Jan/2017:10:02:03 +0100] "POST /wp-content/themes/modular/lib/scripts/dl-skin.php HTTP/1.1" 404 1181 "-" "Mozilla/5.0 (Windows NT 6.1; rv:34.0) Gecko/20100101 Firefox/34.0"
193.201.224.205 - - [21/Jan/2017:10:02:08 +0100] "POST /wp-content/themes/myriad/lib/scripts/dl-skin.php HTTP/1.1" 404 1181 "-" "Mozilla/5.0 (Windows NT 6.1; rv:34.0) Gecko/20100101 Firefox/34.0"
193.201.224.205 - - [21/Jan/2017:10:02:15 +0100] "GET /wp-content/themes/parallelus-mingle/framework/utilities/download/getfile.php?file=../../../../../../wp-config.php HTTP/1.1" 404 1181 "-" "Mozilla/5.0 (Windows NT 6.1; rv:34.0) Gecko/20100101 Firefox/34.0"
77.111.90.197 - - [21/Jan/2017:10:02:18 +0100] "GET / HTTP/1.1" 200 1178 "-" "Mozilla/5.0 (Windows NT 6.1; WOW64) AppleWebKit/537.36 (KHTML, like Gecko) Chrome/46.0.2490.71 Safari/537.36"
77.111.90.197 - - [21/Jan/2017:10:02:18 +0100] "GET / HTTP/1.0" 200 1178 "-" "-"
193.201.224.205 - - [21/Jan/2017:10:02:21 +0100] "GET /wp-content/themes/parallelus-salutation/framework/utilities/download/getfile.php?file=../../../../../../wp-config.php HTTP/1.1" 404 1181 "-" "Mozilla/5.0 (Windows NT 6.1; rv:34.0) Gecko/20100101 Firefox/34.0"
193.201.224.205 - - [21/Jan/2017:10:02:28 +0100] "POST /wp-content/themes/persuasion/lib/scripts/dl-skin.php HTTP/1.1" 404 1181 "-" "Mozilla/5.0 (Windows NT 6.1; rv:34.0) Gecko/20100101 Firefox/34.0"
193.201.224.205 - - [21/Jan/2017:10:02:34 +0100] "GET /wp-content/themes/trinity/lib/scripts/download.php?file=../../../../../wp-config.php HTTP/1.1" 404 1181 "-" "Mozilla/5.0 (Windows NT 6.1; rv:34.0) Gecko/20100101 Firefox/34.0"
193.201.224.205 - - [21/Jan/2017:10:02:41 +0100] "GET /wp-content/themes/urbancity/lib/scripts/download.php?file=../../../../../wp-config.php HTTP/1.1" 404 1181 "-" "Mozilla/5.0 (Windows NT 6.1; rv:34.0) Gecko/20100101 Firefox/34.0"
66.249.66.215 - - [21/Jan/2017:10:10:13 +0100] "GET /doc/vasuttal-budapest-kornyeken.pdf HTTP/1.1" 404 1181 "-" "Mozilla/5.0 (compatible; Googlebot/2.1; +http://www.google.com/bot.html)"
66.249.66.70 - - [21/Jan/2017:10:14:11 +0100] "GET /hirlevel/reszveteli_feltetelek.pdf HTTP/1.1" 200 37929 "-" "Mozilla/5.0 (Linux; Android 6.0.1; Nexus 5X Build/MMB29P) AppleWebKit/537.36 (KHTML, like Gecko) Chrome/41.0.2272.96 Mobile Safari/537.36 (compatible; Googlebot/2.1; +http://www.google.com/bot.html)"
66.249.66.70 - - [21/Jan/2017:10:18:10 +0100] "GET /doc/ot_szekcio_jelentkezesi_lap.doc HTTP/1.1" 200 99840 "-" "Mozilla/5.0 (Linux; Android 6.0.1; Nexus 5X Build/MMB29P) AppleWebKit/537.36 (KHTML, like Gecko) Chrome/41.0.2272.96 Mobile Safari/537.36 (compatible; Googlebot/2.1; +http://www.google.com/bot.html)"
66.249.66.76 - - [21/Jan/2017:10:20:10 +0100] "GET /doc/fogadj_orokbe_egy_allomast.doc HTTP/1.1" 200 195072 "-" "Mozilla/5.0 (Linux; Android 6.0.1; Nexus 5X Build/MMB29P) AppleWebKit/537.36 (KHTML, like Gecko) Chrome/41.0.2272.96 Mobile Safari/537.36 (compatible; Googlebot/2.1; +http://www.google.com/bot.html)"
40.77.167.78 - - [21/Jan/2017:10:25:28 +0100] "GET /doc/b2_2010.pdf HTTP/1.1" 404 1181 "-" "Mozilla/5.0 (iPhone; CPU iPhone OS 7_0 like Mac OS X) AppleWebKit/537.51.1 (KHTML, like Gecko) Version/7.0 Mobile/11A465 Safari/9537.53 (compatible; bingbot/2.0; +http://www.bing.com/bingbot.htm)"
207.46.13.158 - - [21/Jan/2017:10:37:47 +0100] "GET / HTTP/1.1" 200 1178 "-" "Mozilla/5.0 (compatible; bingbot/2.0; +http://www.bing.com/bingbot.htm)"
163.172.54.139 - - [21/Jan/2017:10:45:04 +0100] "GET /doc/varos-videk_2009.pdf HTTP/1.1" 200 1636386 "-" "HttpComponents/1.1"
195.154.184.120 - - [21/Jan/2017:10:49:25 +0100] "GET /doc/varos-videk_2009.pdf HTTP/1.1" 200 1636386 "-" "HttpComponents/1.1"
130.193.51.56 - - [21/Jan/2017:10:57:27 +0100] "GET /robots.txt HTTP/1.1" 404 1181 "-" "Mozilla/5.0 (compatible; YandexBot/3.0; +http://yandex.com/bots)"
130.193.51.56 - - [21/Jan/2017:10:57:31 +0100] "GET /hirlevel/vonattal1307.html HTTP/1.1" 200 33563 "-" "Mozilla/5.0 (compatible; YandexBot/3.0; +http://yandex.com/bots)"
183.39.124.209 - - [21/Jan/2017:11:11:30 +0100] "GET / HTTP/1.1" 200 1178 "-" "Mozilla/5.0 (Windows; U; Windows NT 6.1; en-us; rv:1.9.2.3) Gecko/20100401 YFF35 Firefox/3.6.3"
66.249.66.219 - - [21/Jan/2017:11:11:52 +0100] "GET /doc/vonatrafel_c.pdf HTTP/1.1" 304 - "-" "Mozilla/5.0 (compatible; Googlebot/2.1; +http://www.google.com/bot.html)"
183.39.124.209 - - [21/Jan/2017:11:12:11 +0100] "GET /contact.htm HTTP/1.1" 404 1181 "-" "Mozilla/5.0 (Windows; U; Windows NT 6.1; en-us; rv:1.9.2.3) Gecko/20100401 YFF35 Firefox/3.6.3"
183.39.124.209 - - [21/Jan/2017:11:12:11 +0100] "GET /contact.html HTTP/1.1" 404 1181 "-" "Mozilla/5.0 (Windows; U; Windows NT 6.1; en-us; rv:1.9.2.3) Gecko/20100401 YFF35 Firefox/3.6.3"
183.39.124.209 - - [21/Jan/2017:11:12:11 +0100] "GET /contact.asp HTTP/1.1" 404 1181 "-" "Mozilla/5.0 (Windows; U; Windows NT 6.1; en-us; rv:1.9.2.3) Gecko/20100401 YFF35 Firefox/3.6.3"
183.39.124.209 - - [21/Jan/2017:11:12:11 +0100] "GET /contact.php HTTP/1.1" 404 1181 "-" "Mozilla/5.0 (Windows; U; Windows NT 6.1; en-us; rv:1.9.2.3) Gecko/20100401 YFF35 Firefox/3.6.3"
183.39.124.209 - - [21/Jan/2017:11:12:11 +0100] "GET /main.htm HTTP/1.1" 404 1181 "-" "Mozilla/5.0 (Windows; U; Windows NT 6.1; en-us; rv:1.9.2.3) Gecko/20100401 YFF35 Firefox/3.6.3"
183.39.124.209 - - [21/Jan/2017:11:12:11 +0100] "GET /contact.aspx HTTP/1.1" 404 1181 "-" "Mozilla/5.0 (Windows; U; Windows NT 6.1; en-us; rv:1.9.2.3) Gecko/20100401 YFF35 Firefox/3.6.3"
183.39.124.209 - - [21/Jan/2017:11:12:11 +0100] "GET /main.jsp HTTP/1.1" 404 1181 "-" "Mozilla/5.0 (Windows; U; Windows NT 6.1; en-us; rv:1.9.2.3) Gecko/20100401 YFF35 Firefox/3.6.3"
183.39.124.209 - - [21/Jan/2017:11:12:11 +0100] "GET /main.asp HTTP/1.1" 404 1181 "-" "Mozilla/5.0 (Windows; U; Windows NT 6.1; en-us; rv:1.9.2.3) Gecko/20100401 YFF35 Firefox/3.6.3"
183.39.124.209 - - [21/Jan/2017:11:12:11 +0100] "GET /main.html HTTP/1.1" 404 1181 "-" "Mozilla/5.0 (Windows; U; Windows NT 6.1; en-us; rv:1.9.2.3) Gecko/20100401 YFF35 Firefox/3.6.3"
183.39.124.209 - - [21/Jan/2017:11:12:11 +0100] "GET /main.aspx HTTP/1.1" 404 1181 "-" "Mozilla/5.0 (Windows; U; Windows NT 6.1; en-us; rv:1.9.2.3) Gecko/20100401 YFF35 Firefox/3.6.3"
183.39.124.209 - - [21/Jan/2017:11:12:11 +0100] "GET /main.php HTTP/1.1" 404 1181 "-" "Mozilla/5.0 (Windows; U; Windows NT 6.1; en-us; rv:1.9.2.3) Gecko/20100401 YFF35 Firefox/3.6.3"
66.249.66.70 - - [21/Jan/2017:11:15:44 +0100] "GET /hirlevel/elment.pdf HTTP/1.1" 200 38340 "-" "Mozilla/5.0 (Linux; Android 6.0.1; Nexus 5X Build/MMB29P) AppleWebKit/537.36 (KHTML, like Gecko) Chrome/41.0.2272.96 Mobile Safari/537.36 (compatible; Googlebot/2.1; +http://www.google.com/bot.html)"
93.158.152.25 - - [21/Jan/2017:11:17:16 +0100] "GET /hirlevel/images/0711a.jpg HTTP/1.1" 200 44184 "-" "Mozilla/5.0 (compatible; YandexImages/3.0; +http://yandex.com/bots)"
82.143.85.76 - - [21/Jan/2017:11:17:30 +0100] "GET /hirlevel/images/1009_terkep_n.jpg HTTP/1.1" 200 598267 "https://www.google.be/" "Mozilla/5.0 (Macintosh; Intel Mac OS X 10_10) AppleWebKit/600.2.5 (KHTML, like Gecko) Version/8.0.2 Safari/600.2.5"
89.135.2.107 - - [21/Jan/2017:11:44:59 +0100] "GET /images/vasutterkep_n.jpg HTTP/1.1" 200 4702972 "https://www.bing.com/" "Mozilla/5.0 (Windows NT 10.0; Win64; x64) AppleWebKit/537.36 (KHTML, like Gecko) Chrome/51.0.2704.79 Safari/537.36 Edge/14.14393"
66.249.66.73 - - [21/Jan/2017:11:49:40 +0100] "GET /hirlevel/palyamester.pdf HTTP/1.1" 200 44762 "-" "Mozilla/5.0 (Linux; Android 6.0.1; Nexus 5X Build/MMB29P) AppleWebKit/537.36 (KHTML, like Gecko) Chrome/41.0.2272.96 Mobile Safari/537.36 (compatible; Googlebot/2.1; +http://www.google.com/bot.html)"
91.219.69.1 - - [21/Jan/2017:11:59:17 +0100] "GET /images/vasutterkep_n.jpg HTTP/1.1" 200 4702972 "-" "Mozilla/5.0 (Windows NT 6.1; Win64; x64) AppleWebKit/537.36 (KHTML, like Gecko) Chrome/55.0.2883.87 Safari/537.36"
91.219.69.1 - - [21/Jan/2017:11:59:18 +0100] "GET /favicon.ico HTTP/1.1" 404 1181 "http://www.mkk.zpok.hu/images/vasutterkep_n.jpg" "Mozilla/5.0 (Windows NT 6.1; Win64; x64) AppleWebKit/537.36 (KHTML, like Gecko) Chrome/55.0.2883.87 Safari/537.36"
141.8.142.30 - - [21/Jan/2017:12:05:28 +0100] "GET /hirlevel/images/1107_d.jpg HTTP/1.1" 200 89472 "-" "Mozilla/5.0 (compatible; YandexImages/3.0; +http://yandex.com/bots)"
66.249.66.76 - - [21/Jan/2017:12:05:34 +0100] "GET /hirlevel/vonattal1512.html HTTP/1.1" 200 36609 "-" "Mozilla/5.0 (compatible; Googlebot/2.1; +http://www.google.com/bot.html)"
66.249.66.73 - - [21/Jan/2017:12:05:40 +0100] "GET /hirlevel/images/avidekkozlekedeseert.swf HTTP/1.1" 200 5063 "-" "Mozilla/5.0 (compatible; Googlebot/2.1; +http://www.google.com/bot.html)"
95.105.198.197 - - [21/Jan/2017:12:08:30 +0100] "GET /images/vasutterkep_n.jpg HTTP/1.1" 200 4702972 "https://www.google.sk/" "Mozilla/5.0 (Windows NT 5.1; rv:50.0) Gecko/20100101 Firefox/50.0"
95.105.198.197 - - [21/Jan/2017:12:08:30 +0100] "GET /favicon.ico HTTP/1.1" 404 1181 "-" "Mozilla/5.0 (Windows NT 5.1; rv:50.0) Gecko/20100101 Firefox/50.0"
95.105.198.197 - - [21/Jan/2017:12:08:30 +0100] "GET /favicon.ico HTTP/1.1" 404 1181 "-" "Mozilla/5.0 (Windows NT 5.1; rv:50.0) Gecko/20100101 Firefox/50.0"
66.249.66.73 - - [21/Jan/2017:12:15:35 +0100] "GET /hirlevel/molnar_katalin_hianyzo_kapcs.ppt HTTP/1.1" 200 3846144 "-" "Mozilla/5.0 (Linux; Android 6.0.1; Nexus 5X Build/MMB29P) AppleWebKit/537.36 (KHTML, like Gecko) Chrome/41.0.2272.96 Mobile Safari/537.36 (compatible; Googlebot/2.1; +http://www.google.com/bot.html)"
84.3.145.255 - - [21/Jan/2017:12:19:53 +0100] "GET /images/vasutterkep_n.jpg HTTP/1.1" 200 4702972 "-" "Mozilla/5.0 (Windows NT 10.0; Win64; x64) AppleWebKit/537.36 (KHTML, like Gecko) Chrome/51.0.2704.79 Safari/537.36 Edge/14.14393"
157.55.39.42 - - [21/Jan/2017:12:28:18 +0100] "GET /hirlevel/vonattal1108_b.htm HTTP/1.1" 200 11475 "-" "msnbot-media/1.1 (+http://search.msn.com/msnbot.htm)"
207.46.13.158 - - [21/Jan/2017:12:30:07 +0100] "GET / HTTP/1.1" 200 1178 "-" "Mozilla/5.0 (iPhone; CPU iPhone OS 7_0 like Mac OS X) AppleWebKit/537.51.1 (KHTML, like Gecko) Version/7.0 Mobile/11A465 Safari/9537.53 (compatible; bingbot/2.0; +http://www.bing.com/bingbot.htm)"
108.59.8.80 - - [21/Jan/2017:13:26:04 +0100] "GET /robots.txt HTTP/1.1" 404 1181 "-" "Mozilla/5.0 (compatible; MJ12bot/v1.4.7; http://mj12bot.com/)"
108.59.8.80 - - [21/Jan/2017:13:26:06 +0100] "GET / HTTP/1.1" 200 1178 "-" "Mozilla/5.0 (compatible; MJ12bot/v1.4.7; http://mj12bot.com/)"
108.59.8.80 - - [21/Jan/2017:13:26:18 +0100] "GET /robots.txt HTTP/1.1" 404 1181 "-" "Mozilla/5.0 (compatible; MJ12bot/v1.4.7; http://mj12bot.com/)"
108.59.8.80 - - [21/Jan/2017:13:26:20 +0100] "GET / HTTP/1.1" 200 1178 "-" "Mozilla/5.0 (compatible; MJ12bot/v1.4.7; http://mj12bot.com/)"
195.154.181.168 - - [21/Jan/2017:13:36:59 +0100] "GET / HTTP/1.1" 200 1178 "-" "Mozilla/5.0 (Windows NT 6.1; Trident/7.0; rv:11.0) like Gecko"
157.55.39.42 - - [21/Jan/2017:13:43:03 +0100] "GET /hirlevel/images/autonomia.jpg HTTP/1.1" 200 11530 "-" "Mozilla/5.0 (compatible; bingbot/2.0; +http://www.bing.com/bingbot.htm)"
40.77.167.78 - - [21/Jan/2017:14:00:24 +0100] "GET /hirlevel/images/nca_logo_1.jpg HTTP/1.1" 200 189245 "-" "Mozilla/5.0 (compatible; bingbot/2.0; +http://www.bing.com/bingbot.htm)"
66.249.66.73 - - [21/Jan/2017:14:08:53 +0100] "GET /robots.txt HTTP/1.1" 404 1181 "-" "Mozilla/5.0 (compatible; Googlebot/2.1; +http://www.google.com/bot.html)"
66.249.66.73 - - [21/Jan/2017:14:08:54 +0100] "GET /hirlevel/kulonvonat.pdf HTTP/1.1" 200 105640 "-" "Mozilla/5.0 (Linux; Android 6.0.1; Nexus 5X Build/MMB29P) AppleWebKit/537.36 (KHTML, like Gecko) Chrome/41.0.2272.96 Mobile Safari/537.36 (compatible; Googlebot/2.1; +http://www.google.com/bot.html)"
66.249.66.73 - - [21/Jan/2017:14:12:55 +0100] "GET /doc/plakat_veszprem_1010.pdf HTTP/1.1" 200 2715630 "-" "Mozilla/5.0 (Linux; Android 6.0.1; Nexus 5X Build/MMB29P) AppleWebKit/537.36 (KHTML, like Gecko) Chrome/41.0.2272.96 Mobile Safari/537.36 (compatible; Googlebot/2.1; +http://www.google.com/bot.html)"
138.201.30.66 - - [21/Jan/2017:14:32:02 +0100] "GET /robots.txt HTTP/1.0" 404 1181 "-" "Mozilla/5.0 (compatible; SEOkicks-Robot; +http://www.seokicks.de/robot.html)"
138.201.30.66 - - [21/Jan/2017:14:32:03 +0100] "GET / HTTP/1.0" 200 1178 "-" "Mozilla/5.0 (compatible; SEOkicks-Robot; +http://www.seokicks.de/robot.html)"
77.111.90.197 - - [21/Jan/2017:14:36:39 +0100] "GET / HTTP/1.1" 200 1178 "-" "Mozilla/5.0 (Windows NT 6.1; WOW64) AppleWebKit/537.36 (KHTML, like Gecko) Chrome/46.0.2490.71 Safari/537.36"
77.111.90.197 - - [21/Jan/2017:14:36:39 +0100] "GET / HTTP/1.0" 200 1178 "-" "-"
212.83.140.88 - - [21/Jan/2017:14:50:00 +0100] "GET / HTTP/1.1" 200 1178 "-" "Java/1.6.0_04"
52.207.224.143 - - [21/Jan/2017:14:52:51 +0100] "GET /robots.txt HTTP/1.1" 404 1181 "-" "ltx71 - (http://ltx71.com/)"
180.76.15.134 - - [21/Jan/2017:15:06:39 +0100] "GET /doc/forumemlekezteto_0903.pdf HTTP/1.1" 200 176704 "-" "Mozilla/5.0 (compatible; Baiduspider/2.0; +http://www.baidu.com/search/spider.html)"
54.236.1.11 - - [21/Jan/2017:15:35:47 +0100] "GET /doc/b2_201203.jpg HTTP/1.1" 404 1181 "-" "Pinterest/0.2 (+http://www.pinterest.com/)"
62.216.207.27 - - [21/Jan/2017:15:39:57 +0100] "GET /doc/b2_2010.pdf HTTP/1.1" 404 1181 "https://de.wikipedia.org/" "Mozilla/5.0 (Windows NT 10.0; WOW64) AppleWebKit/537.36 (KHTML, like Gecko) Chrome/55.0.2883.87 Safari/537.36"
62.216.207.27 - - [21/Jan/2017:15:39:57 +0100] "GET /favicon.ico HTTP/1.1" 404 1181 "http://mkk.zpok.hu/doc/b2_2010.pdf" "Mozilla/5.0 (Windows NT 10.0; WOW64) AppleWebKit/537.36 (KHTML, like Gecko) Chrome/55.0.2883.87 Safari/537.36"
66.249.66.219 - - [21/Jan/2017:16:04:15 +0100] "GET /robots.txt HTTP/1.1" 404 1181 "-" "Mozilla/5.0 (compatible; Googlebot/2.1; +http://www.google.com/bot.html)"
66.249.66.215 - - [21/Jan/2017:16:04:15 +0100] "GET /doc/vonatrafel_c.pdf HTTP/1.1" 304 - "-" "Mozilla/5.0 (compatible; Googlebot/2.1; +http://www.google.com/bot.html)"
95.91.229.116 - - [21/Jan/2017:16:42:32 +0100] "GET /images/vasutterkep_n.jpg HTTP/1.1" 200 4702972 "http://images.google.de/imgres?imgurl=http%3A%2F%2Fwww.mkk.zpok.hu%2Fimages%2Fvasutterkep_n.jpg&imgrefurl=http%3A%2F%2Fhoeckmann.de%2Fkarten%2Feuropa%2Fungarn%2Findex.htm&h=2626&w=3691&tbnid=4fwFdAcnNRDXvM%3A&vet=1&docid=D5U4lJETq0oMWM&hl=de&ei=PYGDWJi4IMzsUtebiqgD&tbm=isch&iact=rc&uact=3&dur=4951&page=0&start=0&ndsp=30&ved=0ahUKEwjYyrTWydPRAhVMthQKHdeNAjUQMwgsKA8wDw&bih=893&biw=1280" "Mozilla/5.0 (Windows NT 5.1; rv:50.0) Gecko/20100101 Firefox/50.0"
95.91.229.116 - - [21/Jan/2017:16:42:32 +0100] "GET /favicon.ico HTTP/1.1" 404 1181 "-" "Mozilla/5.0 (Windows NT 5.1; rv:50.0) Gecko/20100101 Firefox/50.0"
95.91.229.116 - - [21/Jan/2017:16:42:32 +0100] "GET /favicon.ico HTTP/1.1" 404 1181 "-" "Mozilla/5.0 (Windows NT 5.1; rv:50.0) Gecko/20100101 Firefox/50.0"
66.249.66.73 - - [21/Jan/2017:16:49:03 +0100] "GET /doc/vonattal_tisza-tohoz_2010.pdf HTTP/1.1" 200 558271 "-" "Mozilla/5.0 (Linux; Android 6.0.1; Nexus 5X Build/MMB29P) AppleWebKit/537.36 (KHTML, like Gecko) Chrome/41.0.2272.96 Mobile Safari/537.36 (compatible; Googlebot/2.1; +http://www.google.com/bot.html)"
207.46.13.158 - - [21/Jan/2017:16:52:37 +0100] "GET / HTTP/1.1" 200 1178 "-" "Mozilla/5.0 (compatible; bingbot/2.0; +http://www.bing.com/bingbot.htm)"
89.133.58.68 - - [21/Jan/2017:16:57:37 +0100] "GET /images/vasutterkep_n.jpg HTTP/1.1" 200 4702972 "https://www.google.hu/" "Mozilla/5.0 (Linux; Android 4.4.4; T1-A21w Build/HuaweiMediaPad) AppleWebKit/537.36 (KHTML, like Gecko) Chrome/55.0.2883.91 Safari/537.36"
89.133.58.68 - - [21/Jan/2017:16:58:08 +0100] "GET /images/vasutterkep_n.jpg HTTP/1.1" 200 4702972 "https://www.google.hu/" "Mozilla/5.0 (Linux; Android 4.4.4; T1-A21w Build/HuaweiMediaPad) AppleWebKit/537.36 (KHTML, like Gecko) Chrome/55.0.2883.91 Safari/537.36"
130.193.51.56 - - [21/Jan/2017:17:12:35 +0100] "GET /doc/b2_2012_03.pdf HTTP/1.1" 200 1080459 "-" "Mozilla/5.0 (compatible; YandexBot/3.0; +http://yandex.com/bots)"
213.222.184.58 - - [21/Jan/2017:17:15:54 +0100] "GET /images/vasutterkep_n.jpg HTTP/1.1" 200 4702972 "https://www.google.hu/" "Mozilla/5.0 (Windows NT 6.1; rv:50.0) Gecko/20100101 Firefox/50.0"
84.236.70.150 - - [21/Jan/2017:17:31:58 +0100] "GET /images/vasutterkep_n.jpg HTTP/1.1" 200 3186337 "https://www.google.hu/" "Mozilla/5.0 (Windows NT 6.1) AppleWebKit/537.36 (KHTML, like Gecko) Chrome/55.0.2883.87 Safari/537.36"
66.249.66.211 - - [21/Jan/2017:17:49:02 +0100] "GET /doc/vonatrafel_c.pdf HTTP/1.1" 304 - "-" "Mozilla/5.0 (compatible; Googlebot/2.1; +http://www.google.com/bot.html)"
79.121.42.226 - - [21/Jan/2017:18:09:38 +0100] "GET /hirlevel/fehergyarmat_1309.jpg HTTP/1.1" 200 66333 "https://www.google.hu/" "Mozilla/5.0 (Windows NT 5.1) AppleWebKit/537.36 (KHTML, like Gecko) Chrome/49.0.2623.112 Safari/537.36 OPR/36.0.2130.80 (Edition Campaign 16)"
79.121.42.226 - - [21/Jan/2017:18:11:43 +0100] "GET /hirlevel/images/0911b.jpg HTTP/1.1" 200 43236 "https://www.google.hu/" "Mozilla/5.0 (Windows NT 5.1) AppleWebKit/537.36 (KHTML, like Gecko) Chrome/49.0.2623.112 Safari/537.36 OPR/36.0.2130.80 (Edition Campaign 16)"
68.180.229.121 - - [21/Jan/2017:18:15:57 +0100] "GET /robots.txt HTTP/1.1" 404 1181 "-" "Mozilla/5.0 (compatible; Yahoo! Slurp; http://help.yahoo.com/help/us/ysearch/slurp)"
68.180.229.121 - - [21/Jan/2017:18:15:58 +0100] "GET /doc/konf_0807.pdf HTTP/1.1" 200 67897 "-" "Mozilla/5.0 (compatible; Yahoo! Slurp; http://help.yahoo.com/help/us/ysearch/slurp)"
176.63.31.104 - - [21/Jan/2017:18:16:51 +0100] "GET / HTTP/1.1" 200 1178 "-" "Mozilla/5.0 (Windows NT 6.1; WOW64; rv:50.0) Gecko/20100101 Firefox/50.0"
176.63.31.104 - - [21/Jan/2017:18:17:01 +0100] "GET /index.swf HTTP/1.1" 200 1451930 "http://www.mkk.zpok.hu/" "Mozilla/5.0 (Windows NT 6.1; WOW64; rv:50.0) Gecko/20100101 Firefox/50.0"
176.63.31.104 - - [21/Jan/2017:18:17:01 +0100] "GET /favicon.ico HTTP/1.1" 404 1181 "-" "Mozilla/5.0 (Windows NT 6.1; WOW64; rv:50.0) Gecko/20100101 Firefox/50.0"
176.63.31.104 - - [21/Jan/2017:18:17:01 +0100] "GET /favicon.ico HTTP/1.1" 404 1181 "-" "Mozilla/5.0 (Windows NT 6.1; WOW64; rv:50.0) Gecko/20100101 Firefox/50.0"
176.63.31.104 - - [21/Jan/2017:18:17:12 +0100] "GET /popupsys%20elemei/main.txt HTTP/1.1" 200 342 "http://www.mkk.zpok.hu/index.swf" "Mozilla/5.0 (Windows NT 6.1; WOW64; rv:50.0) Gecko/20100101 Firefox/50.0"
176.63.31.104 - - [21/Jan/2017:18:17:12 +0100] "GET /hirek.xml HTTP/1.1" 200 51504 "http://www.mkk.zpok.hu/index.swf" "Mozilla/5.0 (Windows NT 6.1; WOW64; rv:50.0) Gecko/20100101 Firefox/50.0"
176.63.31.104 - - [21/Jan/2017:18:17:58 +0100] "GET /doc/b2_2012_03.pdf HTTP/1.1" 200 1080459 "http://www.mkk.zpok.hu/" "Mozilla/5.0 (Windows NT 6.1; WOW64; rv:50.0) Gecko/20100101 Firefox/50.0"
176.63.31.104 - - [21/Jan/2017:18:17:59 +0100] "GET /favicon.ico HTTP/1.1" 404 1181 "-" "Mozilla/5.0 (Windows NT 6.1; WOW64; rv:50.0) Gecko/20100101 Firefox/50.0"
176.63.31.104 - - [21/Jan/2017:18:17:59 +0100] "GET /favicon.ico HTTP/1.1" 404 1181 "-" "Mozilla/5.0 (Windows NT 6.1; WOW64; rv:50.0) Gecko/20100101 Firefox/50.0"
66.249.76.64 - - [21/Jan/2017:18:18:22 +0100] "GET /hirlevel/images/FazekasLevel301.jpg HTTP/1.1" 200 410291 "-" "Googlebot-Image/1.0"
176.63.31.104 - - [21/Jan/2017:18:18:27 +0100] "GET /hirlevel/vonattal1602.html HTTP/1.1" 200 28174 "http://www.mkk.zpok.hu/" "Mozilla/5.0 (Windows NT 6.1; WOW64; rv:50.0) Gecko/20100101 Firefox/50.0"
176.63.31.104 - - [21/Jan/2017:18:18:28 +0100] "GET /hirlevel/1601_files/NCTA_tamogato_es_lebonyolito_logosor.jpg HTTP/1.1" 404 1181 "http://mkk.zpok.hu/hirlevel/vonattal1602.html" "Mozilla/5.0 (Windows NT 6.1; WOW64; rv:50.0) Gecko/20100101 Firefox/50.0"
176.63.31.104 - - [21/Jan/2017:18:18:28 +0100] "GET /hirlevel/images/1602a.jpg HTTP/1.1" 200 165369 "http://mkk.zpok.hu/hirlevel/vonattal1602.html" "Mozilla/5.0 (Windows NT 6.1; WOW64; rv:50.0) Gecko/20100101 Firefox/50.0"
176.63.31.104 - - [21/Jan/2017:18:18:28 +0100] "GET /hirlevel/images/1602g.jpg HTTP/1.1" 200 79247 "http://mkk.zpok.hu/hirlevel/vonattal1602.html" "Mozilla/5.0 (Windows NT 6.1; WOW64; rv:50.0) Gecko/20100101 Firefox/50.0"
176.63.31.104 - - [21/Jan/2017:18:18:28 +0100] "GET /hirlevel/images/1602f.jpg HTTP/1.1" 200 209707 "http://mkk.zpok.hu/hirlevel/vonattal1602.html" "Mozilla/5.0 (Windows NT 6.1; WOW64; rv:50.0) Gecko/20100101 Firefox/50.0"
176.63.31.104 - - [21/Jan/2017:18:18:28 +0100] "GET /hirlevel/images/1602c.jpg HTTP/1.1" 200 176128 "http://mkk.zpok.hu/hirlevel/vonattal1602.html" "Mozilla/5.0 (Windows NT 6.1; WOW64; rv:50.0) Gecko/20100101 Firefox/50.0"
176.63.31.104 - - [21/Jan/2017:18:18:28 +0100] "GET /hirlevel/images/1602b.jpg HTTP/1.1" 200 208896 "http://mkk.zpok.hu/hirlevel/vonattal1602.html" "Mozilla/5.0 (Windows NT 6.1; WOW64; rv:50.0) Gecko/20100101 Firefox/50.0"
176.63.31.104 - - [21/Jan/2017:18:18:28 +0100] "GET /hirlevel/images/1602e.jpg HTTP/1.1" 200 216049 "http://mkk.zpok.hu/hirlevel/vonattal1602.html" "Mozilla/5.0 (Windows NT 6.1; WOW64; rv:50.0) Gecko/20100101 Firefox/50.0"
176.63.31.104 - - [21/Jan/2017:18:18:28 +0100] "GET /hirlevel/images/1602d.jpg HTTP/1.1" 200 393216 "http://mkk.zpok.hu/hirlevel/vonattal1602.html" "Mozilla/5.0 (Windows NT 6.1; WOW64; rv:50.0) Gecko/20100101 Firefox/50.0"
176.63.31.104 - - [21/Jan/2017:18:18:29 +0100] "GET /hirlevel/images/avidekkozlekedeseert.swf HTTP/1.1" 200 5063 "http://mkk.zpok.hu/hirlevel/vonattal1602.html" "Mozilla/5.0 (Windows NT 6.1; WOW64; rv:50.0) Gecko/20100101 Firefox/50.0"
176.63.31.104 - - [21/Jan/2017:18:18:29 +0100] "GET /hirlevel/1601_files/NCTA_tamogato_es_lebonyolito_logosor.jpg HTTP/1.1" 404 1181 "http://mkk.zpok.hu/hirlevel/vonattal1602.html" "Mozilla/5.0 (Windows NT 6.1; WOW64; rv:50.0) Gecko/20100101 Firefox/50.0"
66.249.66.70 - - [21/Jan/2017:18:21:29 +0100] "GET /doc/sajtonyilatkozat_tersegivasutak.pdf HTTP/1.1" 200 89934 "-" "Mozilla/5.0 (Linux; Android 6.0.1; Nexus 5X Build/MMB29P) AppleWebKit/537.36 (KHTML, like Gecko) Chrome/41.0.2272.96 Mobile Safari/537.36 (compatible; Googlebot/2.1; +http://www.google.com/bot.html)"
68.180.231.43 - - [21/Jan/2017:18:22:12 +0100] "GET /robots.txt HTTP/1.1" 404 1181 "-" "Mozilla/5.0 (compatible; Yahoo! Slurp; http://help.yahoo.com/help/us/ysearch/slurp)"
68.180.231.43 - - [21/Jan/2017:18:22:15 +0100] "GET /doc/meszaros.pdf HTTP/1.1" 200 1012883 "-" "Mozilla/5.0 (compatible; Yahoo! Slurp; http://help.yahoo.com/help/us/ysearch/slurp)"
66.249.66.70 - - [21/Jan/2017:18:22:16 +0100] "GET /hirlevel/images/1606c.jpg HTTP/1.1" 200 197490 "-" "Googlebot-Image/1.0"
130.193.51.56 - - [21/Jan/2017:18:54:52 +0100] "GET /robots.txt HTTP/1.1" 404 1181 "-" "Mozilla/5.0 (compatible; YandexBot/3.0; +http://yandex.com/bots)"
130.193.51.56 - - [21/Jan/2017:18:54:56 +0100] "GET /images/vasutterkep_n.jpg HTTP/1.1" 304 - "-" "Mozilla/5.0 (compatible; YandexImages/3.0; +http://yandex.com/bots)"
130.193.51.56 - - [21/Jan/2017:18:56:11 +0100] "GET /robots.txt HTTP/1.1" 404 1181 "-" "Mozilla/5.0 (compatible; YandexBot/3.0; +http://yandex.com/bots)"
130.193.51.56 - - [21/Jan/2017:18:56:15 +0100] "GET /hirlevel/images/ti-to_2012-06-27.jpg HTTP/1.1" 304 - "-" "Mozilla/5.0 (compatible; YandexImages/3.0; +http://yandex.com/bots)"
79.114.208.57 - - [21/Jan/2017:18:59:45 +0100] "GET /images/vasutterkep_n.jpg HTTP/1.1" 200 4702972 "https://www.google.ro/" "Mozilla/5.0 (Windows NT 5.1) AppleWebKit/537.36 (KHTML, like Gecko) Chrome/49.0.2623.112 Safari/537.36"
66.249.66.73 - - [21/Jan/2017:19:02:18 +0100] "GET /hirlevel/images/okotars_1.jpg HTTP/1.1" 304 - "-" "Googlebot-Image/1.0"
66.249.66.215 - - [21/Jan/2017:19:03:38 +0100] "GET /doc/vonatrafel_c.pdf HTTP/1.1" 304 - "-" "Mozilla/5.0 (compatible; Googlebot/2.1; +http://www.google.com/bot.html)"
79.237.143.124 - - [21/Jan/2017:19:08:46 +0100] "GET /doc/b2_2010.pdf HTTP/1.1" 404 1181 "https://de.wikipedia.org/" "Mozilla/5.0 (Windows NT 10.0; WOW64) AppleWebKit/537.36 (KHTML, like Gecko) Chrome/55.0.2883.87 Safari/537.36"
79.237.143.124 - - [21/Jan/2017:19:08:46 +0100] "GET /favicon.ico HTTP/1.1" 404 1181 "http://mkk.zpok.hu/doc/b2_2010.pdf" "Mozilla/5.0 (Windows NT 10.0; WOW64) AppleWebKit/537.36 (KHTML, like Gecko) Chrome/55.0.2883.87 Safari/537.36"
66.249.76.94 - - [21/Jan/2017:19:14:25 +0100] "GET /hirlevel/images/autonomia_1.jpg HTTP/1.1" 304 - "-" "Googlebot-Image/1.0"
207.46.13.158 - - [21/Jan/2017:19:24:14 +0100] "GET /hirlevel/vonattal1603.html HTTP/1.1" 200 31488 "-" "Mozilla/5.0 (iPhone; CPU iPhone OS 7_0 like Mac OS X) AppleWebKit/537.51.1 (KHTML, like Gecko) Version/7.0 Mobile/11A465 Safari/9537.53 (compatible; bingbot/2.0; +http://www.bing.com/bingbot.htm)"
157.55.39.42 - - [21/Jan/2017:19:24:23 +0100] "GET /robots.txt HTTP/1.1" 404 1181 "-" "Mozilla/5.0 (compatible; bingbot/2.0; +http://www.bing.com/bingbot.htm)"
207.46.13.122 - - [21/Jan/2017:19:24:33 +0100] "GET /hirlevel/images/avidekkozlekedeseert.swf HTTP/1.1" 200 5063 "-" "Mozilla/5.0 (iPhone; CPU iPhone OS 7_0 like Mac OS X) AppleWebKit/537.51.1 (KHTML, like Gecko) Version/7.0 Mobile/11A465 Safari/9537.53 (compatible; bingbot/2.0; +http://www.bing.com/bingbot.htm)"
207.46.13.158 - - [21/Jan/2017:19:25:00 +0100] "GET /1601_files/NCTA_tamogato_es_lebonyolito_logosor.jpg HTTP/1.1" 404 1181 "-" "Mozilla/5.0 (iPhone; CPU iPhone OS 7_0 like Mac OS X) AppleWebKit/537.51.1 (KHTML, like Gecko) Version/7.0 Mobile/11A465 Safari/9537.53 (compatible; bingbot/2.0; +http://www.bing.com/bingbot.htm)"
66.249.66.70 - - [21/Jan/2017:19:26:20 +0100] "GET /doc/kerdoiv_kozlekedesi_szokasokrol_es_ismeretekrol.doc HTTP/1.1" 200 29696 "-" "Mozilla/5.0 (compatible; Googlebot/2.1; +http://www.google.com/bot.html)"
66.249.66.73 - - [21/Jan/2017:19:57:47 +0100] "GET /doc/vonattal_tisza-tohoz_2010.pdf HTTP/1.1" 200 558271 "-" "Mozilla/5.0 (Linux; Android 6.0.1; Nexus 5X Build/MMB29P) AppleWebKit/537.36 (KHTML, like Gecko) Chrome/41.0.2272.96 Mobile Safari/537.36 (compatible; Googlebot/2.1; +http://www.google.com/bot.html)"
90.180.85.205 - - [21/Jan/2017:20:01:31 +0100] "GET /hirlevel/images/1009_terkep_n.jpg HTTP/1.1" 200 598267 "https://www.google.cz/" "Mozilla/5.0 (Windows NT 6.1; WOW64; rv:50.0) Gecko/20100101 Firefox/50.0"
84.0.13.102 - - [21/Jan/2017:20:11:40 +0100] "GET /hirlevel/images/201604a.jpg HTTP/1.1" 200 96462 "https://www.google.hu/" "Mozilla/5.0 (Windows NT 6.3; WOW64) AppleWebKit/537.36 (KHTML, like Gecko) Chrome/55.0.2883.87 Safari/537.36"
40.77.162.31 - - [21/Jan/2017:20:15:21 +0100] "GET /images/vasutterkep_n.jpg HTTP/1.1" 200 4702972 "-" "Mozilla/5.0 (Windows NT 6.1; WOW64) AppleWebKit/534+ (KHTML, like Gecko) BingPreview/1.0b"
66.249.66.76 - - [21/Jan/2017:20:17:22 +0100] "GET /hirlevel/images/eea_1.jpg HTTP/1.1" 304 - "-" "Googlebot-Image/1.0"
188.143.21.195 - - [21/Jan/2017:20:23:28 +0100] "GET /images/vasutterkep_n.jpg HTTP/1.1" 200 4702972 "https://www.google.nl/" "Mozilla/5.0 (iPad; CPU OS 10_1_1 like Mac OS X) AppleWebKit/602.2.14 (KHTML, like Gecko) Version/10.0 Mobile/14B100 Safari/602.1"
199.30.24.94 - - [21/Jan/2017:20:24:18 +0100] "GET /hirlevel/images/1206_6.jpg HTTP/1.1" 200 181989 "http://tourhongrie.blog.hu/" "Mozilla/5.0 (Windows NT 6.1; WOW64) AppleWebKit/534+ (KHTML, like Gecko) BingPreview/1.0b"
66.249.66.215 - - [21/Jan/2017:20:28:46 +0100] "GET / HTTP/1.1" 200 1178 "-" "Mozilla/5.0 (compatible; Googlebot/2.1; +http://www.google.com/bot.html)"
66.249.76.7 - - [21/Jan/2017:20:29:34 +0100] "GET /doc/fejezetek_delbuda_kozlekedesebol.pdf HTTP/1.1" 404 1181 "-" "Mozilla/5.0 (compatible; Googlebot/2.1; +http://www.google.com/bot.html)"
151.80.31.184 - - [21/Jan/2017:20:55:50 +0100] "GET /robots.txt HTTP/1.1" 404 1181 "-" "Mozilla/5.0 (compatible; AhrefsBot/5.2; +http://ahrefs.com/robot/)"
163.172.64.183 - - [21/Jan/2017:20:55:51 +0100] "GET /doc/A_kozlekedesmenedzsment_korszeru_eszkozei.htm HTTP/1.1" 200 3925 "-" "Mozilla/5.0 (compatible; AhrefsBot/5.2; +http://ahrefs.com/robot/)"
66.240.236.119 - - [21/Jan/2017:21:14:42 +0100] "GET / HTTP/1.1" 200 1178 "-" "Mozilla/5.0 (Windows NT 6.1) AppleWebKit/537.36 (KHTML, like Gecko) Chrome/41.0.2228.0 Safari/537.36"
66.249.66.76 - - [21/Jan/2017:21:23:06 +0100] "GET /hirlevel/2014-2015_3%20%20sz%20%20m%C3%B3dos%C3%ADt%C3%A1s.pdf HTTP/1.1" 200 99549 "-" "Mozilla/5.0 (compatible; Googlebot/2.1; +http://www.google.com/bot.html)"
163.172.54.140 - - [21/Jan/2017:21:28:52 +0100] "GET /doc/menetrendi-koncepcio_090831.pdf HTTP/1.1" 200 99401 "-" "HttpComponents/1.1"
207.46.13.158 - - [21/Jan/2017:21:59:22 +0100] "GET / HTTP/1.1" 200 1178 "-" "Mozilla/5.0 (compatible; bingbot/2.0; +http://www.bing.com/bingbot.htm)"
66.249.66.76 - - [21/Jan/2017:22:05:15 +0100] "GET /doc/kerdoiv_kozlekedesi_szokasokrol_es_ismeretekrol.doc HTTP/1.1" 304 - "-" "Mozilla/5.0 (compatible; Googlebot/2.1; +http://www.google.com/bot.html)"
157.55.39.42 - - [21/Jan/2017:22:08:10 +0100] "GET /doc/hatarmenti_infrastruktura.pdf HTTP/1.1" 200 555972 "-" "Mozilla/5.0 (iPhone; CPU iPhone OS 7_0 like Mac OS X) AppleWebKit/537.51.1 (KHTML, like Gecko) Version/7.0 Mobile/11A465 Safari/9537.53 (compatible; bingbot/2.0; +http://www.bing.com/bingbot.htm)"
192.157.254.197 - - [21/Jan/2017:22:12:17 +0100] "HEAD / HTTP/1.1" 200 0 "https://www.inboundlinks.win/InboundLinks/mkk.zpok.hu" "Mozilla/5.0 (compatible; MSIE 9.0; Windows NT 6.1; WOW64; Trident/5.0)"
81.183.79.103 - - [21/Jan/2017:22:21:25 +0100] "GET /hirlevel/images/1108_b.jpg HTTP/1.1" 200 101243 "-" "Mozilla/5.0 (Linux; Android 6.0.1; SM-G935F Build/MMB29K; wv) AppleWebKit/537.36 (KHTML, like Gecko) Version/4.0 Chrome/55.0.2883.91 Mobile Safari/537.36 GSA/6.9.36.21.arm64"
