66.249.64.34 - - [30/Jan/2017:02:18:25 +0100] "GET /hirlevel/vonattal1505.html HTTP/1.1" 200 31133 "-" "Mozilla/5.0 (compatible; Googlebot/2.1; +http://www.google.com/bot.html)"
66.249.64.70 - - [30/Jan/2017:02:44:05 +0100] "GET /hirlevel/vonattal1508.html HTTP/1.1" 200 24080 "-" "Mozilla/5.0 (compatible; Googlebot/2.1; +http://www.google.com/bot.html)"
180.76.15.155 - - [30/Jan/2017:02:46:21 +0100] "GET /doc/allampolgari_jogok_ogy_bizt.pdf HTTP/1.1" 200 168952 "-" "Mozilla/5.0 (compatible; Baiduspider/2.0; +http://www.baidu.com/search/spider.html)"
66.249.64.65 - - [30/Jan/2017:02:56:08 +0100] "GET /hirlevel/vonattal1512.html HTTP/1.1" 200 36609 "-" "Mozilla/5.0 (compatible; Googlebot/2.1; +http://www.google.com/bot.html)"
157.55.39.150 - - [30/Jan/2017:03:06:12 +0100] "GET / HTTP/1.1" 200 1178 "-" "Mozilla/5.0 (iPhone; CPU iPhone OS 7_0 like Mac OS X) AppleWebKit/537.51.1 (KHTML, like Gecko) Version/7.0 Mobile/11A465 Safari/9537.53 (compatible; bingbot/2.0; +http://www.bing.com/bingbot.htm)"
207.46.13.12 - - [30/Jan/2017:03:06:29 +0100] "GET /index.swf HTTP/1.1" 200 1451930 "-" "Mozilla/5.0 (iPhone; CPU iPhone OS 7_0 like Mac OS X) AppleWebKit/537.51.1 (KHTML, like Gecko) Version/7.0 Mobile/11A465 Safari/9537.53 (compatible; bingbot/2.0; +http://www.bing.com/bingbot.htm)"
66.249.64.188 - - [30/Jan/2017:03:09:59 +0100] "GET /hirlevel/vonattal1110.html HTTP/1.1" 200 30080 "-" "Mozilla/5.0 (compatible; Googlebot/2.1; +http://www.google.com/bot.html)"
207.46.13.130 - - [30/Jan/2017:03:16:23 +0100] "GET /doc/s-bahn.pdf HTTP/1.1" 200 97892 "-" "Mozilla/5.0 (iPhone; CPU iPhone OS 7_0 like Mac OS X) AppleWebKit/537.51.1 (KHTML, like Gecko) Version/7.0 Mobile/11A465 Safari/9537.53 (compatible; bingbot/2.0; +http://www.bing.com/bingbot.htm)"
192.157.254.197 - - [30/Jan/2017:03:36:54 +0100] "HEAD / HTTP/1.1" 200 0 "https://www.inboundlinks.win/InboundLinks/mkk.zpok.hu" "Mozilla/5.0 (compatible; MSIE 9.0; Windows NT 6.1; WOW64; Trident/5.0)"
66.249.64.34 - - [30/Jan/2017:03:42:43 +0100] "GET /doc/emlekezteto_tatabanya_0327.pdf HTTP/1.1" 304 - "-" "Mozilla/5.0 (compatible; Googlebot/2.1; +http://www.google.com/bot.html)"
66.249.64.34 - - [30/Jan/2017:03:44:36 +0100] "GET /hirlevel/vonattal1506.html HTTP/1.1" 200 19070 "-" "Mozilla/5.0 (compatible; Googlebot/2.1; +http://www.google.com/bot.html)"
66.249.64.65 - - [30/Jan/2017:03:53:06 +0100] "GET /doc/emlekezteto_tatabanya_0327.pdf HTTP/1.1" 304 - "-" "Mozilla/5.0 (compatible; Googlebot/2.1; +http://www.google.com/bot.html)"
66.249.64.124 - - [30/Jan/2017:03:57:29 +0100] "GET /hirlevel/vonattal1501.html HTTP/1.1" 200 25759 "-" "Mozilla/5.0 (compatible; Googlebot/2.1; +http://www.google.com/bot.html)"
66.249.64.31 - - [30/Jan/2017:04:17:20 +0100] "GET /hirlevel/vonattal1409.html HTTP/1.1" 200 32865 "-" "Mozilla/5.0 (compatible; Googlebot/2.1; +http://www.google.com/bot.html)"
66.249.64.124 - - [30/Jan/2017:04:36:29 +0100] "GET /hirlevel/vonattal1410.html HTTP/1.1" 200 34691 "-" "Mozilla/5.0 (compatible; Googlebot/2.1; +http://www.google.com/bot.html)"
130.193.51.56 - - [30/Jan/2017:04:52:19 +0100] "GET /robots.txt HTTP/1.1" 404 1181 "-" "Mozilla/5.0 (compatible; YandexBot/3.0; +http://yandex.com/bots)"
130.193.51.56 - - [30/Jan/2017:04:52:23 +0100] "GET /hirlevel/images/1209_f.jpg HTTP/1.1" 304 - "-" "Mozilla/5.0 (compatible; YandexImages/3.0; +http://yandex.com/bots)"
66.249.64.124 - - [30/Jan/2017:05:25:52 +0100] "GET /hirlevel/vasuttal0806-7.htm HTTP/1.1" 200 20641 "-" "Mozilla/5.0 (compatible; Googlebot/2.1; +http://www.google.com/bot.html)"
66.249.64.124 - - [30/Jan/2017:05:44:00 +0100] "GET /doc/parameterkonyv_0804.pdf HTTP/1.1" 200 83510 "-" "Mozilla/5.0 (compatible; Googlebot/2.1; +http://www.google.com/bot.html)"
93.158.152.25 - - [30/Jan/2017:05:57:33 +0100] "GET /doc/b2_20102.jpg HTTP/1.1" 404 1181 "-" "Mozilla/5.0 (compatible; YandexImages/3.0; +http://yandex.com/bots)"
66.249.64.70 - - [30/Jan/2017:06:06:23 +0100] "GET /hirlevel/vonattal1101-02.htm HTTP/1.1" 200 29113 "-" "Mozilla/5.0 (compatible; Googlebot/2.1; +http://www.google.com/bot.html)"
36.72.99.105 - - [30/Jan/2017:06:11:42 +0100] "GET /hirlevel/vonattal1504.html HTTP/1.1" 200 22577 "-" "Mozilla/5.0 (Windows NT 6.1; WOW64; rv:40.0) Gecko/20100101 Firefox/40.1"
36.72.99.105 - - [30/Jan/2017:06:11:44 +0100] "GET /hirlevel/images/1504_d.jpg HTTP/1.1" 200 27814 "http://mkk.zpok.hu/hirlevel/vonattal1504.html" "Mozilla/5.0 (Windows NT 6.1; WOW64; rv:40.0) Gecko/20100101 Firefox/40.1"
36.72.99.105 - - [30/Jan/2017:06:11:44 +0100] "GET /hirlevel/images/1504_c.jpg HTTP/1.1" 200 31000 "http://mkk.zpok.hu/hirlevel/vonattal1504.html" "Mozilla/5.0 (Windows NT 6.1; WOW64; rv:40.0) Gecko/20100101 Firefox/40.1"
36.72.99.105 - - [30/Jan/2017:06:11:46 +0100] "GET /hirlevel/images/1504_a.jpg HTTP/1.1" 200 35929 "http://mkk.zpok.hu/hirlevel/vonattal1504.html" "Mozilla/5.0 (Windows NT 6.1; WOW64; rv:40.0) Gecko/20100101 Firefox/40.1"
36.72.99.105 - - [30/Jan/2017:06:11:47 +0100] "GET /hirlevel/NCTA_tamogato_es_lebonyolito_logosor.jpg HTTP/1.1" 200 22139 "http://mkk.zpok.hu/hirlevel/vonattal1504.html" "Mozilla/5.0 (Windows NT 6.1; WOW64; rv:40.0) Gecko/20100101 Firefox/40.1"
36.72.99.105 - - [30/Jan/2017:06:11:49 +0100] "GET /hirlevel/images/1504_e.jpg HTTP/1.1" 200 97937 "http://mkk.zpok.hu/hirlevel/vonattal1504.html" "Mozilla/5.0 (Windows NT 6.1; WOW64; rv:40.0) Gecko/20100101 Firefox/40.1"
36.72.99.105 - - [30/Jan/2017:06:11:49 +0100] "GET /hirlevel/images/1504_b.jpg HTTP/1.1" 200 72218 "http://mkk.zpok.hu/hirlevel/vonattal1504.html" "Mozilla/5.0 (Windows NT 6.1; WOW64; rv:40.0) Gecko/20100101 Firefox/40.1"
157.55.39.150 - - [30/Jan/2017:06:27:13 +0100] "GET / HTTP/1.1" 200 1178 "-" "Mozilla/5.0 (compatible; bingbot/2.0; +http://www.bing.com/bingbot.htm)"
66.249.64.84 - - [30/Jan/2017:06:31:26 +0100] "GET /robots.txt HTTP/1.1" 404 1181 "-" "Mozilla/5.0 (compatible; Googlebot/2.1; +http://www.google.com/bot.html)"
66.249.64.88 - - [30/Jan/2017:06:31:28 +0100] "GET /doc/ideigl_vedettseg.pdf HTTP/1.1" 200 864830 "-" "Mozilla/5.0 (compatible; Googlebot/2.1; +http://www.google.com/bot.html)"
106.120.173.81 - - [30/Jan/2017:06:39:30 +0100] "GET / HTTP/1.1" 304 - "-" "Sogou web spider/4.0(+http://www.sogou.com/docs/help/webmasters.htm#07)"
106.120.173.81 - - [30/Jan/2017:06:39:31 +0100] "GET /robots.txt HTTP/1.1" 404 1181 "-" "Sogou web spider/4.0(+http://www.sogou.com/docs/help/webmasters.htm#07)"
130.193.37.15 - - [30/Jan/2017:06:43:28 +0100] "GET /hirlevel/images/1209_b.jpg HTTP/1.1" 304 - "-" "Mozilla/5.0 (compatible; YandexImages/3.0; +http://yandex.com/bots)"
148.251.2.68 - - [30/Jan/2017:06:43:34 +0100] "GET /robots.txt HTTP/1.1" 404 1181 "-" "Mozilla/5.0 (compatible; BLEXBot/1.0; +http://webmeup-crawler.com/)"
148.251.2.68 - - [30/Jan/2017:06:43:34 +0100] "GET /robots.txt HTTP/1.1" 404 1181 "-" "Mozilla/5.0 (compatible; BLEXBot/1.0; +http://webmeup-crawler.com/)"
148.251.2.68 - - [30/Jan/2017:06:43:34 +0100] "GET / HTTP/1.1" 200 1178 "-" "Mozilla/5.0 (compatible; BLEXBot/1.0; +http://webmeup-crawler.com/)"
148.251.2.68 - - [30/Jan/2017:06:43:45 +0100] "GET /hirlevel/vonattal1408.html HTTP/1.1" 200 22601 "-" "Mozilla/5.0 (compatible; BLEXBot/1.0; +http://webmeup-crawler.com/)"
148.251.2.68 - - [30/Jan/2017:06:44:00 +0100] "GET /hirlevel/vonattal1109.htm HTTP/1.1" 200 47571 "-" "Mozilla/5.0 (compatible; BLEXBot/1.0; +http://webmeup-crawler.com/)"
148.251.2.68 - - [30/Jan/2017:06:44:41 +0100] "GET /hirlevel/vonattal1209.htm HTTP/1.1" 200 45089 "-" "Mozilla/5.0 (compatible; BLEXBot/1.0; +http://webmeup-crawler.com/)"
148.251.2.68 - - [30/Jan/2017:06:45:07 +0100] "GET /doc/A_kozlekedesmenedzsment_korszeru_eszkozei.htm HTTP/1.1" 200 3925 "-" "Mozilla/5.0 (compatible; BLEXBot/1.0; +http://webmeup-crawler.com/)"
148.251.2.68 - - [30/Jan/2017:06:45:11 +0100] "GET /hirlevel/vonattal1206.htm HTTP/1.1" 200 47612 "-" "Mozilla/5.0 (compatible; BLEXBot/1.0; +http://webmeup-crawler.com/)"
148.251.2.68 - - [30/Jan/2017:06:45:21 +0100] "GET /hirlevel/vonattal1409.html HTTP/1.1" 200 32865 "-" "Mozilla/5.0 (compatible; BLEXBot/1.0; +http://webmeup-crawler.com/)"
148.251.2.68 - - [30/Jan/2017:06:45:26 +0100] "GET /hirlevel/vonattal1410.html HTTP/1.1" 200 34691 "-" "Mozilla/5.0 (compatible; BLEXBot/1.0; +http://webmeup-crawler.com/)"
148.251.2.68 - - [30/Jan/2017:06:45:31 +0100] "GET /hirlevel/vonattal1412.html HTTP/1.1" 200 20581 "-" "Mozilla/5.0 (compatible; BLEXBot/1.0; +http://webmeup-crawler.com/)"
148.251.2.68 - - [30/Jan/2017:06:45:36 +0100] "GET /hirlevel/vonattal1501.html HTTP/1.1" 200 25759 "-" "Mozilla/5.0 (compatible; BLEXBot/1.0; +http://webmeup-crawler.com/)"
148.251.2.68 - - [30/Jan/2017:06:45:47 +0100] "GET /hirlevel/vonattal1503.html HTTP/1.1" 200 21721 "-" "Mozilla/5.0 (compatible; BLEXBot/1.0; +http://webmeup-crawler.com/)"
148.251.2.68 - - [30/Jan/2017:06:46:42 +0100] "GET /hirlevel/vonattal1504.html HTTP/1.1" 200 22577 "-" "Mozilla/5.0 (compatible; BLEXBot/1.0; +http://webmeup-crawler.com/)"
148.251.2.68 - - [30/Jan/2017:06:46:59 +0100] "GET /hirlevel/vonattal1505.html HTTP/1.1" 200 31133 "-" "Mozilla/5.0 (compatible; BLEXBot/1.0; +http://webmeup-crawler.com/)"
148.251.2.68 - - [30/Jan/2017:06:48:37 +0100] "GET /hirlevel/vonattal1506.html HTTP/1.1" 200 19070 "-" "Mozilla/5.0 (compatible; BLEXBot/1.0; +http://webmeup-crawler.com/)"
148.251.2.68 - - [30/Jan/2017:06:48:53 +0100] "GET /hirlevel/vonattal1508.html HTTP/1.1" 200 24080 "-" "Mozilla/5.0 (compatible; BLEXBot/1.0; +http://webmeup-crawler.com/)"
148.251.2.68 - - [30/Jan/2017:06:49:00 +0100] "GET /hirlevel/vonattal1601.html HTTP/1.1" 200 20444 "-" "Mozilla/5.0 (compatible; BLEXBot/1.0; +http://webmeup-crawler.com/)"
148.251.2.68 - - [30/Jan/2017:06:49:04 +0100] "GET /hirlevel/vonattal1602.html HTTP/1.1" 200 28174 "-" "Mozilla/5.0 (compatible; BLEXBot/1.0; +http://webmeup-crawler.com/)"
148.251.2.68 - - [30/Jan/2017:06:49:12 +0100] "GET /hirlevel/vonattal1605.html HTTP/1.1" 200 43541 "-" "Mozilla/5.0 (compatible; BLEXBot/1.0; +http://webmeup-crawler.com/)"
148.251.2.68 - - [30/Jan/2017:06:49:17 +0100] "GET /Eudora-Ersatzteile/index.php/;focus=W4YPRD_cm4all_com_widgets_Shop_3382587?subAction=showCart HTTP/1.1" 404 1181 "-" "Mozilla/5.0 (compatible; BLEXBot/1.0; +http://webmeup-crawler.com/)"
148.251.2.68 - - [30/Jan/2017:06:49:24 +0100] "GET /Eudora-Ersatzteile/index.php/;session=da21474cc3608945&focus=W4YPRD_cm4all_com_widgets_Shop_3382587$3aW4YPRD_cm4all_com_widgets_Shop_3382587_viewcart&path=&frame=W4YPRD_cm4all_com_widgets_Shop_3382587$3aW4YPRD_cm4all_com_widgets_Shop_3382587_viewcart?subAction=updateCart HTTP/1.1" 404 1181 "-" "Mozilla/5.0 (compatible; BLEXBot/1.0; +http://webmeup-crawler.com/)"
66.249.64.70 - - [30/Jan/2017:06:50:33 +0100] "GET /hirlevel/szecseny_201006.pdf HTTP/1.1" 200 269892 "-" "Mozilla/5.0 (compatible; Googlebot/2.1; +http://www.google.com/bot.html)"
66.249.64.88 - - [30/Jan/2017:07:10:41 +0100] "GET /doc/andreas_geissler.ppt HTTP/1.1" 404 1181 "-" "Mozilla/5.0 (compatible; Googlebot/2.1; +http://www.google.com/bot.html)"
89.135.175.129 - - [30/Jan/2017:07:11:06 +0100] "GET /hirlevel/images/1105_g.jpg HTTP/1.1" 200 122421 "https://www.google.hu/" "Mozilla/5.0 (Windows NT 6.1) AppleWebKit/537.36 (KHTML, like Gecko) Chrome/55.0.2883.87 Safari/537.36"
66.249.64.88 - - [30/Jan/2017:07:33:35 +0100] "GET /doc/ocsi_bela_070622.ppt HTTP/1.1" 200 5619200 "-" "Mozilla/5.0 (compatible; Googlebot/2.1; +http://www.google.com/bot.html)"
178.255.215.87 - - [30/Jan/2017:07:33:54 +0100] "GET /robots.txt HTTP/1.1" 404 1181 "-" "Mozilla/5.0 (compatible; Exabot/3.0; +http://www.exabot.com/go/robot)"
178.255.215.87 - - [30/Jan/2017:07:33:54 +0100] "GET /hirlevel/vonattal1101-02.htm HTTP/1.1" 200 29113 "-" "Mozilla/5.0 (compatible; Exabot/3.0; +http://www.exabot.com/go/robot)"
157.55.39.103 - - [30/Jan/2017:07:34:04 +0100] "GET /doc/kelenfold_1009.pdf HTTP/1.1" 200 2455747 "-" "Mozilla/5.0 (iPhone; CPU iPhone OS 7_0 like Mac OS X) AppleWebKit/537.51.1 (KHTML, like Gecko) Version/7.0 Mobile/11A465 Safari/9537.53 (compatible; bingbot/2.0; +http://www.bing.com/bingbot.htm)"
207.46.13.12 - - [30/Jan/2017:07:37:35 +0100] "GET /hirlevel/vonattal1506.html HTTP/1.1" 304 - "-" "Mozilla/5.0 (compatible; bingbot/2.0; +http://www.bing.com/bingbot.htm)"
84.2.167.54 - - [30/Jan/2017:07:45:05 +0100] "GET /hirlevel/images/ti-to_2012-06-27.jpg HTTP/1.1" 200 1071059 "https://www.google.hu/" "Mozilla/5.0 (Windows NT 6.1; WOW64) AppleWebKit/537.36 (KHTML, like Gecko) Chrome/55.0.2883.87 Safari/537.36"
66.249.64.84 - - [30/Jan/2017:07:51:08 +0100] "GET /doc/kerparoskozlekedes.pdf HTTP/1.1" 200 2540119 "-" "Mozilla/5.0 (compatible; Googlebot/2.1; +http://www.google.com/bot.html)"
157.55.39.150 - - [30/Jan/2017:07:51:26 +0100] "GET /doc/b2_2012_03.pdf HTTP/1.1" 404 1181 "-" "Mozilla/5.0 (iPhone; CPU iPhone OS 7_0 like Mac OS X) AppleWebKit/537.51.1 (KHTML, like Gecko) Version/7.0 Mobile/11A465 Safari/9537.53 (compatible; bingbot/2.0; +http://www.bing.com/bingbot.htm)"
157.55.39.103 - - [30/Jan/2017:07:56:50 +0100] "GET /doc/kelenfold_1009.pdf HTTP/1.1" 200 2455747 "-" "Mozilla/5.0 (iPhone; CPU iPhone OS 7_0 like Mac OS X) AppleWebKit/537.51.1 (KHTML, like Gecko) Version/7.0 Mobile/11A465 Safari/9537.53 (compatible; bingbot/2.0; +http://www.bing.com/bingbot.htm)"
66.249.64.65 - - [30/Jan/2017:08:09:57 +0100] "GET /doc/varos-videk.vasut_2009.pdf HTTP/1.1" 200 4406284 "-" "Mozilla/5.0 (compatible; Googlebot/2.1; +http://www.google.com/bot.html)"
193.201.224.205 - - [30/Jan/2017:08:22:49 +0100] "GET / HTTP/1.1" 200 1178 "-" "Mozilla/5.0 (Windows NT 6.1; rv:34.0) Gecko/20100101 Firefox/34.0"
193.201.224.205 - - [30/Jan/2017:08:22:52 +0100] "GET /blog/secondaryphase/mdocs-posts/?mdocs-img-preview=../../../wp-config.php HTTP/1.1" 404 1181 "-" "Mozilla/5.0 (Windows NT 6.1; rv:34.0) Gecko/20100101 Firefox/34.0"
193.201.224.205 - - [30/Jan/2017:08:22:58 +0100] "GET /wp-content/plugins/revslider/temp/update_extract/revslider/xxx.php HTTP/1.1" 404 1181 "-" "Mozilla/5.0 (Windows NT 6.1; rv:34.0) Gecko/20100101 Firefox/34.0"
193.201.224.205 - - [30/Jan/2017:08:23:04 +0100] "GET /blog/wp-admin/admin-ajax.php?action=revslider_show_image&img=../wp-config.php HTTP/1.1" 404 1181 "-" "Mozilla/5.0 (Windows NT 6.1; rv:34.0) Gecko/20100101 Firefox/34.0"
193.201.224.205 - - [30/Jan/2017:08:23:09 +0100] "GET /index.php/mdocs-posts/?mdocs-img-preview=../../../wp-config.php HTTP/1.1" 404 1181 "-" "Mozilla/5.0 (Windows NT 6.1; rv:34.0) Gecko/20100101 Firefox/34.0"
193.201.224.205 - - [30/Jan/2017:08:23:15 +0100] "GET /index.php/photocrati_ajax?action=upload_image&gallery_id=0&gallery_name=../../../../wp-config.php HTTP/1.1" 404 1181 "-" "Mozilla/5.0 (Windows NT 6.1; rv:34.0) Gecko/20100101 Firefox/34.0"
193.201.224.205 - - [30/Jan/2017:08:23:21 +0100] "GET /magmi/web/plugin_upload.php HTTP/1.1" 404 1181 "-" "Mozilla/5.0 (Windows NT 6.1; rv:34.0) Gecko/20100101 Firefox/34.0"
193.201.224.205 - - [30/Jan/2017:08:23:27 +0100] "GET /mdocs-posts/?mdocs-img-preview=../../../wp-config.php HTTP/1.1" 404 1181 "-" "Mozilla/5.0 (Windows NT 6.1; rv:34.0) Gecko/20100101 Firefox/34.0"
193.201.224.205 - - [30/Jan/2017:08:23:32 +0100] "GET /wordpress/wp-admin/admin-ajax.php?action=cpabc_appointments_calendar_update&cpabc_calendar_update=1&id=../../../../../../wp-config.php HTTP/1.1" 404 1181 "-" "Mozilla/5.0 (Windows NT 6.1; rv:34.0) Gecko/20100101 Firefox/34.0"
193.201.224.205 - - [30/Jan/2017:08:23:37 +0100] "GET /wordpress/wp-admin/admin.php?page=multi_metabox_listing&action=edit&id=../../../../../../wp-config.php HTTP/1.1" 404 1181 "-" "Mozilla/5.0 (Windows NT 6.1; rv:34.0) Gecko/20100101 Firefox/34.0"
193.201.224.205 - - [30/Jan/2017:08:23:43 +0100] "GET /wp-admin/admin-ajax.php?action=cpabc_appointments_calendar_update&cpabc_calendar_update=1&id=../../../../../../wp-config.php HTTP/1.1" 404 1181 "-" "Mozilla/5.0 (Windows NT 6.1; rv:34.0) Gecko/20100101 Firefox/34.0"
193.201.224.205 - - [30/Jan/2017:08:23:48 +0100] "GET /wp-admin/admin-ajax.php?action=fe_get_sv_html&video=../wp-config.php HTTP/1.1" 404 1181 "-" "Mozilla/5.0 (Windows NT 6.1; rv:34.0) Gecko/20100101 Firefox/34.0"
193.201.224.205 - - [30/Jan/2017:08:23:54 +0100] "GET /wp-admin/admin-ajax.php?action=getfile&/../../wp-config.php HTTP/1.1" 404 1181 "-" "Mozilla/5.0 (Windows NT 6.1; rv:34.0) Gecko/20100101 Firefox/34.0"
193.201.224.205 - - [30/Jan/2017:08:24:00 +0100] "GET /wp-admin/admin-ajax.php?action=kbslider_show_image&img=../wp-config.php HTTP/1.1" 404 1181 "-" "Mozilla/5.0 (Windows NT 6.1; rv:34.0) Gecko/20100101 Firefox/34.0"
193.201.224.205 - - [30/Jan/2017:08:24:06 +0100] "GET /wp-admin/admin-ajax.php?action=pollinsertvalues HTTP/1.1" 404 1181 "-" "Mozilla/5.0 (Windows NT 6.1; rv:34.0) Gecko/20100101 Firefox/34.0"
193.201.224.205 - - [30/Jan/2017:08:24:11 +0100] "GET /wp-admin/admin-ajax.php?action=populate_download_edit_form HTTP/1.1" 404 1181 "-" "Mozilla/5.0 (Windows NT 6.1; rv:34.0) Gecko/20100101 Firefox/34.0"
193.201.224.205 - - [30/Jan/2017:08:24:18 +0100] "GET /wp-admin/admin-ajax.php?action=revolution-slider_show_image&img=../wp-config.php HTTP/1.1" 404 1181 "-" "Mozilla/5.0 (Windows NT 6.1; rv:34.0) Gecko/20100101 Firefox/34.0"
193.201.224.205 - - [30/Jan/2017:08:24:25 +0100] "GET /wp-admin/admin-ajax.php?action=revslider_show_image&img=../wp-config.php HTTP/1.1" 404 1181 "-" "Mozilla/5.0 (Windows NT 6.1; rv:34.0) Gecko/20100101 Firefox/34.0"
193.201.224.205 - - [30/Jan/2017:08:24:32 +0100] "GET /wp-admin/admin-ajax.php?action=showbiz_show_image&img=../wp-config.php HTTP/1.1" 404 1181 "-" "Mozilla/5.0 (Windows NT 6.1; rv:34.0) Gecko/20100101 Firefox/34.0"
193.201.224.205 - - [30/Jan/2017:08:24:37 +0100] "GET /wp-admin/admin.php?page=booking%2Fwpdev-booking.phpwpdev-booking&wh_approved&wh_is_new=1&wh_booking_date=3&view_mode=vm_listing HTTP/1.1" 404 1181 "-" "Mozilla/5.0 (Windows NT 6.1; rv:34.0) Gecko/20100101 Firefox/34.0"
193.201.224.205 - - [30/Jan/2017:08:24:44 +0100] "GET /wp-admin/blog/admin-ajax.php?action=revslider_show_image&img=../wp-config.php HTTP/1.1" 404 1181 "-" "Mozilla/5.0 (Windows NT 6.1; rv:34.0) Gecko/20100101 Firefox/34.0"
193.201.224.205 - - [30/Jan/2017:08:24:51 +0100] "GET /wp-admin/tools.php?page=backup_manager&download_backup_file=../wp-config.php HTTP/1.1" 404 1181 "-" "Mozilla/5.0 (Windows NT 6.1; rv:34.0) Gecko/20100101 Firefox/34.0"
193.201.224.205 - - [30/Jan/2017:08:24:58 +0100] "GET /wp-content/assets/themes/plugins/uploadify/uploadify.php HTTP/1.1" 404 1181 "-" "Mozilla/5.0 (Windows NT 6.1; rv:34.0) Gecko/20100101 Firefox/34.0"
193.201.224.205 - - [30/Jan/2017:08:25:03 +0100] "GET /wp-content/plugins/s3bubble-amazon-s3-html-5-video-with-adverts/assets/plugins/ultimate/content/downloader.php?path=../../../../../../../wp-config.php HTTP/1.1" 404 1181 "-" "Mozilla/5.0 (Windows NT 6.1; rv:34.0) Gecko/20100101 Firefox/34.0"
193.201.224.205 - - [30/Jan/2017:08:25:11 +0100] "GET /wp-content/blog/secondaryphase/mdocs-posts/?mdocs-img-preview=../../../wp-config.php HTTP/1.1" 404 1181 "-" "Mozilla/5.0 (Windows NT 6.1; rv:34.0) Gecko/20100101 Firefox/34.0"
193.201.224.205 - - [30/Jan/2017:08:25:19 +0100] "GET /wp-content/force-download.php?file=../wp-config.php HTTP/1.1" 404 1181 "-" "Mozilla/5.0 (Windows NT 6.1; rv:34.0) Gecko/20100101 Firefox/34.0"
193.201.224.205 - - [30/Jan/2017:08:25:24 +0100] "GET /wp-content/plugins/db-backup/download.php?file=../../../wp-config.php HTTP/1.1" 404 1181 "-" "Mozilla/5.0 (Windows NT 6.1; rv:34.0) Gecko/20100101 Firefox/34.0"
193.201.224.205 - - [30/Jan/2017:08:25:30 +0100] "GET /wp-content/plugins/dukapress/lib/dp_image.php?src=../../../../wp-config.php HTTP/1.1" 404 1181 "-" "Mozilla/5.0 (Windows NT 6.1; rv:34.0) Gecko/20100101 Firefox/34.0"
193.201.224.205 - - [30/Jan/2017:08:25:36 +0100] "GET /wp-content/plugins/google-mp3-audio-player/direct_download.php?file=../../../wp-config.php HTTP/1.1" 404 1181 "-" "Mozilla/5.0 (Windows NT 6.1; rv:34.0) Gecko/20100101 Firefox/34.0"
193.201.224.205 - - [30/Jan/2017:08:25:42 +0100] "GET /wp-content/plugins/pica-photo-gallery/picadownload.php?imgname=../../../wp-config.php HTTP/1.1" 404 1181 "-" "Mozilla/5.0 (Windows NT 6.1; rv:34.0) Gecko/20100101 Firefox/34.0"
193.201.224.205 - - [30/Jan/2017:08:25:48 +0100] "GET /wp-content/plugins/plugin-newsletter/preview.php?data=../../../../wp-config.php HTTP/1.1" 404 1181 "-" "Mozilla/5.0 (Windows NT 6.1; rv:34.0) Gecko/20100101 Firefox/34.0"
193.201.224.205 - - [30/Jan/2017:08:25:54 +0100] "GET /wp-content/plugins/simple-download-button-shortcode/simple-download-button_dl.php?file=../../../../wp-config.php HTTP/1.1" 404 1181 "-" "Mozilla/5.0 (Windows NT 6.1; rv:34.0) Gecko/20100101 Firefox/34.0"
193.201.224.205 - - [30/Jan/2017:08:26:00 +0100] "GET /wp-content/plugins/tinymce-thumbnail-gallery/php/download-image.php?href=../../../../wp-config.php HTTP/1.1" 404 1181 "-" "Mozilla/5.0 (Windows NT 6.1; rv:34.0) Gecko/20100101 Firefox/34.0"
193.201.224.205 - - [30/Jan/2017:08:26:05 +0100] "GET /wp-content/plugins/wp-filemanager/incl/libfile.php?&path=../../&filename=wp-config.php&action=download HTTP/1.1" 404 1181 "-" "Mozilla/5.0 (Windows NT 6.1; rv:34.0) Gecko/20100101 Firefox/34.0"
193.201.224.205 - - [30/Jan/2017:08:26:11 +0100] "GET /wp-content/themes/NativeChurch/download/download.php?file=../../../../wp-config.php HTTP/1.1" 404 1181 "-" "Mozilla/5.0 (Windows NT 6.1; rv:34.0) Gecko/20100101 Firefox/34.0"
193.201.224.205 - - [30/Jan/2017:08:26:17 +0100] "GET /wp-content/themes/Avada/framework/plugins/revslider/temp/update_extract/revslider/.libs.php HTTP/1.1" 404 1181 "-" "Mozilla/5.0 (Windows NT 6.1; rv:34.0) Gecko/20100101 Firefox/34.0"
193.201.224.205 - - [30/Jan/2017:08:26:22 +0100] "GET /wp-content/themes/antioch/lib/scripts/download.php?file=../../../../../wp-config.php HTTP/1.1" 404 1181 "-" "Mozilla/5.0 (Windows NT 6.1; rv:34.0) Gecko/20100101 Firefox/34.0"
193.201.224.205 - - [30/Jan/2017:08:26:28 +0100] "GET /wp-content/plugins/wp-ecommerce-shop-styling/includes/download.php?filename=../../../../wp-config.php HTTP/1.1" 404 1181 "-" "Mozilla/5.0 (Windows NT 6.1; rv:34.0) Gecko/20100101 Firefox/34.0"
193.201.224.205 - - [30/Jan/2017:08:26:34 +0100] "GET /wp-content/themes/authentic/includes/download.php?file=../../../../wp-config.php HTTP/1.1" 404 1181 "-" "Mozilla/5.0 (Windows NT 6.1; rv:34.0) Gecko/20100101 Firefox/34.0"
193.201.224.205 - - [30/Jan/2017:08:26:39 +0100] "POST /wp-content/themes/awake/lib/scripts/dl-skin.php HTTP/1.1" 404 1181 "-" "Mozilla/5.0 (Windows NT 6.1; rv:34.0) Gecko/20100101 Firefox/34.0"
193.201.224.205 - - [30/Jan/2017:08:26:46 +0100] "GET /wp-content/themes/churchope/lib/downloadlink.php?file=../../../../wp-config.php HTTP/1.1" 404 1181 "-" "Mozilla/5.0 (Windows NT 6.1; rv:34.0) Gecko/20100101 Firefox/34.0"
193.201.224.205 - - [30/Jan/2017:08:26:52 +0100] "POST /wp-content/themes/construct/lib/scripts/dl-skin.php HTTP/1.1" 404 1181 "-" "Mozilla/5.0 (Windows NT 6.1; rv:34.0) Gecko/20100101 Firefox/34.0"
193.201.224.205 - - [30/Jan/2017:08:26:58 +0100] "POST /wp-content/themes/dejavu/lib/scripts/dl-skin.php HTTP/1.1" 404 1181 "-" "Mozilla/5.0 (Windows NT 6.1; rv:34.0) Gecko/20100101 Firefox/34.0"
193.201.224.205 - - [30/Jan/2017:08:27:05 +0100] "POST /wp-content/themes/echelon/lib/scripts/dl-skin.php HTTP/1.1" 404 1181 "-" "Mozilla/5.0 (Windows NT 6.1; rv:34.0) Gecko/20100101 Firefox/34.0"
193.201.224.205 - - [30/Jan/2017:08:27:10 +0100] "POST /wp-content/themes/elegance/lib/scripts/dl-skin.php HTTP/1.1" 404 1181 "-" "Mozilla/5.0 (Windows NT 6.1; rv:34.0) Gecko/20100101 Firefox/34.0"
193.201.224.205 - - [30/Jan/2017:08:27:16 +0100] "GET /wp-content/themes/epic/includes/download.php?file=../../../../wp-config.php HTTP/1.1" 404 1181 "-" "Mozilla/5.0 (Windows NT 6.1; rv:34.0) Gecko/20100101 Firefox/34.0"
193.201.224.205 - - [30/Jan/2017:08:27:22 +0100] "POST /wp-content/themes/fusion/lib/scripts/dl-skin.php HTTP/1.1" 404 1181 "-" "Mozilla/5.0 (Windows NT 6.1; rv:34.0) Gecko/20100101 Firefox/34.0"
193.201.224.205 - - [30/Jan/2017:08:27:28 +0100] "GET /wp-content/themes/infocus/lib/scripts/dl-skin.php HTTP/1.1" 404 1181 "-" "Mozilla/5.0 (Windows NT 6.1; rv:34.0) Gecko/20100101 Firefox/34.0"
193.201.224.205 - - [30/Jan/2017:08:27:34 +0100] "POST /wp-content/themes/infocus/lib/scripts/dl-skin.php HTTP/1.1" 404 1181 "-" "Mozilla/5.0 (Windows NT 6.1; rv:34.0) Gecko/20100101 Firefox/34.0"
193.201.224.205 - - [30/Jan/2017:08:27:40 +0100] "GET /wp-admin/admin.php?page=miwoftp&option=com_miwoftp&action=download&dir=/&item=wp-config.php&order=name&sr HTTP/1.1" 404 1181 "-" "Mozilla/5.0 (Windows NT 6.1; rv:34.0) Gecko/20100101 Firefox/34.0"
193.201.224.205 - - [30/Jan/2017:08:27:46 +0100] "POST /wp-content/themes/infocus2/lib/scripts/dl-skin.php HTTP/1.1" 404 1181 "-" "Mozilla/5.0 (Windows NT 6.1; rv:34.0) Gecko/20100101 Firefox/34.0"
193.201.224.205 - - [30/Jan/2017:08:27:53 +0100] "GET /wp-content/themes/linenity/functions/download.php?imgurl=../../../../wp-config.php HTTP/1.1" 404 1181 "-" "Mozilla/5.0 (Windows NT 6.1; rv:34.0) Gecko/20100101 Firefox/34.0"
193.201.224.205 - - [30/Jan/2017:08:27:58 +0100] "GET /wp-content/themes/lote27/download.php?download=../../../wp-config.php HTTP/1.1" 404 1181 "-" "Mozilla/5.0 (Windows NT 6.1; rv:34.0) Gecko/20100101 Firefox/34.0"
193.201.224.205 - - [30/Jan/2017:08:28:03 +0100] "POST /wp-content/themes/method/lib/scripts/dl-skin.php HTTP/1.1" 404 1181 "-" "Mozilla/5.0 (Windows NT 6.1; rv:34.0) Gecko/20100101 Firefox/34.0"
193.201.224.205 - - [30/Jan/2017:08:28:10 +0100] "POST /wp-content/themes/modular/lib/scripts/dl-skin.php HTTP/1.1" 404 1181 "-" "Mozilla/5.0 (Windows NT 6.1; rv:34.0) Gecko/20100101 Firefox/34.0"
193.201.224.205 - - [30/Jan/2017:08:28:15 +0100] "POST /wp-content/themes/myriad/lib/scripts/dl-skin.php HTTP/1.1" 404 1181 "-" "Mozilla/5.0 (Windows NT 6.1; rv:34.0) Gecko/20100101 Firefox/34.0"
66.249.64.84 - - [30/Jan/2017:08:28:18 +0100] "GET /doc/belepesinyilatkozat.pdf HTTP/1.1" 200 403816 "-" "Mozilla/5.0 (compatible; Googlebot/2.1; +http://www.google.com/bot.html)"
193.201.224.205 - - [30/Jan/2017:08:28:21 +0100] "GET /wp-content/themes/parallelus-mingle/framework/utilities/download/getfile.php?file=../../../../../../wp-config.php HTTP/1.1" 404 1181 "-" "Mozilla/5.0 (Windows NT 6.1; rv:34.0) Gecko/20100101 Firefox/34.0"
193.201.224.205 - - [30/Jan/2017:08:28:26 +0100] "GET /wp-content/themes/parallelus-salutation/framework/utilities/download/getfile.php?file=../../../../../../wp-config.php HTTP/1.1" 404 1181 "-" "Mozilla/5.0 (Windows NT 6.1; rv:34.0) Gecko/20100101 Firefox/34.0"
193.201.224.205 - - [30/Jan/2017:08:28:32 +0100] "POST /wp-content/themes/persuasion/lib/scripts/dl-skin.php HTTP/1.1" 404 1181 "-" "Mozilla/5.0 (Windows NT 6.1; rv:34.0) Gecko/20100101 Firefox/34.0"
193.201.224.205 - - [30/Jan/2017:08:28:38 +0100] "GET /wp-content/themes/trinity/lib/scripts/download.php?file=../../../../../wp-config.php HTTP/1.1" 404 1181 "-" "Mozilla/5.0 (Windows NT 6.1; rv:34.0) Gecko/20100101 Firefox/34.0"
193.201.224.205 - - [30/Jan/2017:08:28:44 +0100] "GET /wp-content/themes/urbancity/lib/scripts/download.php?file=../../../../../wp-config.php HTTP/1.1" 404 1181 "-" "Mozilla/5.0 (Windows NT 6.1; rv:34.0) Gecko/20100101 Firefox/34.0"
195.199.156.206 - - [30/Jan/2017:08:31:51 +0100] "GET /hirlevel/images/1009_terkep_n.jpg HTTP/1.1" 200 164339 "https://www.google.hu/" "Mozilla/5.0 (Windows NT 10.0; WOW64) AppleWebKit/537.36 (KHTML, like Gecko) Chrome/55.0.2883.87 Safari/537.36"
207.46.13.12 - - [30/Jan/2017:08:43:42 +0100] "GET /doc/hu_aps_positivbeispiele_aufl2_070622_klein.pdf HTTP/1.1" 200 2887217 "-" "Mozilla/5.0 (iPhone; CPU iPhone OS 7_0 like Mac OS X) AppleWebKit/537.51.1 (KHTML, like Gecko) Version/7.0 Mobile/11A465 Safari/9537.53 (compatible; bingbot/2.0; +http://www.bing.com/bingbot.htm)"
46.251.22.34 - - [30/Jan/2017:08:49:59 +0100] "GET /images/vasutterkep_n.jpg HTTP/1.1" 200 3178496 "https://www.google.hu/" "Mozilla/5.0 (Windows NT 6.1; Win64; x64) AppleWebKit/537.36 (KHTML, like Gecko) Chrome/55.0.2883.87 Safari/537.36"
66.249.64.88 - - [30/Jan/2017:08:52:53 +0100] "GET /doc/mkk_allasfogl070622.pdf HTTP/1.1" 200 62326 "-" "Mozilla/5.0 (compatible; Googlebot/2.1; +http://www.google.com/bot.html)"
46.251.22.34 - - [30/Jan/2017:08:57:20 +0100] "GET /images/vasutterkep_n.jpg HTTP/1.1" 200 2203648 "https://www.google.hu/" "Mozilla/5.0 (Windows NT 6.1; Win64; x64) AppleWebKit/537.36 (KHTML, like Gecko) Chrome/55.0.2883.87 Safari/537.36"
130.193.51.56 - - [30/Jan/2017:09:05:13 +0100] "GET /hirlevel/images/0903b.jpg HTTP/1.1" 200 64297 "-" "Mozilla/5.0 (compatible; YandexImages/3.0; +http://yandex.com/bots)"
66.249.64.84 - - [30/Jan/2017:09:12:31 +0100] "GET /doc/osszefoglalo_070622.pdf HTTP/1.1" 200 67689 "-" "Mozilla/5.0 (compatible; Googlebot/2.1; +http://www.google.com/bot.html)"
92.26.215.52 - - [30/Jan/2017:09:17:19 +0100] "GET /doc/b2_2010.pdf HTTP/1.1" 404 1181 "https://en.wikipedia.org/" "Mozilla/5.0 (Windows NT 6.1; WOW64; rv:50.0) Gecko/20100101 Firefox/50.0"
92.26.215.52 - - [30/Jan/2017:09:17:20 +0100] "GET /favicon.ico HTTP/1.1" 404 1181 "-" "Mozilla/5.0 (Windows NT 6.1; WOW64; rv:50.0) Gecko/20100101 Firefox/50.0"
92.26.215.52 - - [30/Jan/2017:09:17:20 +0100] "GET /favicon.ico HTTP/1.1" 404 1181 "-" "Mozilla/5.0 (Windows NT 6.1; WOW64; rv:50.0) Gecko/20100101 Firefox/50.0"
66.249.64.84 - - [30/Jan/2017:09:36:15 +0100] "GET /doc/barkorichard_0706222.pdf HTTP/1.1" 200 67772 "-" "Mozilla/5.0 (compatible; Googlebot/2.1; +http://www.google.com/bot.html)"
85.255.64.190 - - [30/Jan/2017:09:58:19 +0100] "GET /hirlevel/vonattal1105-6.html HTTP/1.1" 200 24904 "-" "Mechanize/2.7.5 Ruby/2.3.1p112 (http://github.com/sparklemotion/mechanize/)"
87.97.76.189 - - [30/Jan/2017:09:58:34 +0100] "GET /uj_honlap/index.htm HTTP/1.1" 200 1865 "-" "Mozilla/5.0 (Windows NT 10.0; Win64; x64) AppleWebKit/537.36 (KHTML, like Gecko) Chrome/56.0.2924.76 Safari/537.36"
87.97.76.189 - - [30/Jan/2017:09:58:34 +0100] "GET /uj_honlap/mkk_banner.png HTTP/1.1" 200 62097 "http://mkk.zpok.hu/uj_honlap/index.htm" "Mozilla/5.0 (Windows NT 10.0; Win64; x64) AppleWebKit/537.36 (KHTML, like Gecko) Chrome/56.0.2924.76 Safari/537.36"
87.97.76.189 - - [30/Jan/2017:09:58:35 +0100] "GET /favicon.ico HTTP/1.1" 404 1181 "http://mkk.zpok.hu/uj_honlap/index.htm" "Mozilla/5.0 (Windows NT 10.0; Win64; x64) AppleWebKit/537.36 (KHTML, like Gecko) Chrome/56.0.2924.76 Safari/537.36"
87.97.76.189 - - [30/Jan/2017:09:58:38 +0100] "GET /uj_honlap/kikvagyunk2.htm HTTP/1.1" 200 12559 "http://mkk.zpok.hu/uj_honlap/index.htm" "Mozilla/5.0 (Windows NT 10.0; Win64; x64) AppleWebKit/537.36 (KHTML, like Gecko) Chrome/56.0.2924.76 Safari/537.36"
87.97.76.189 - - [30/Jan/2017:09:58:39 +0100] "GET /uj_honlap/icons/icons_k/2.png HTTP/1.1" 200 4758 "http://mkk.zpok.hu/uj_honlap/kikvagyunk2.htm" "Mozilla/5.0 (Windows NT 10.0; Win64; x64) AppleWebKit/537.36 (KHTML, like Gecko) Chrome/56.0.2924.76 Safari/537.36"
87.97.76.189 - - [30/Jan/2017:09:58:39 +0100] "GET /uj_honlap/icons/icons_k/1.png HTTP/1.1" 200 3187 "http://mkk.zpok.hu/uj_honlap/kikvagyunk2.htm" "Mozilla/5.0 (Windows NT 10.0; Win64; x64) AppleWebKit/537.36 (KHTML, like Gecko) Chrome/56.0.2924.76 Safari/537.36"
87.97.76.189 - - [30/Jan/2017:09:58:39 +0100] "GET /uj_honlap/icons/icons_k/3.png HTTP/1.1" 200 4542 "http://mkk.zpok.hu/uj_honlap/kikvagyunk2.htm" "Mozilla/5.0 (Windows NT 10.0; Win64; x64) AppleWebKit/537.36 (KHTML, like Gecko) Chrome/56.0.2924.76 Safari/537.36"
87.97.76.189 - - [30/Jan/2017:09:58:39 +0100] "GET /uj_honlap/icons/icons_k/5.png HTTP/1.1" 200 3092 "http://mkk.zpok.hu/uj_honlap/kikvagyunk2.htm" "Mozilla/5.0 (Windows NT 10.0; Win64; x64) AppleWebKit/537.36 (KHTML, like Gecko) Chrome/56.0.2924.76 Safari/537.36"
87.97.76.189 - - [30/Jan/2017:09:58:39 +0100] "GET /uj_honlap/icons/icons_k/4.png HTTP/1.1" 200 3413 "http://mkk.zpok.hu/uj_honlap/kikvagyunk2.htm" "Mozilla/5.0 (Windows NT 10.0; Win64; x64) AppleWebKit/537.36 (KHTML, like Gecko) Chrome/56.0.2924.76 Safari/537.36"
87.97.76.189 - - [30/Jan/2017:09:58:39 +0100] "GET /uj_honlap/icons/icons_k/6.png HTTP/1.1" 200 2260 "http://mkk.zpok.hu/uj_honlap/kikvagyunk2.htm" "Mozilla/5.0 (Windows NT 10.0; Win64; x64) AppleWebKit/537.36 (KHTML, like Gecko) Chrome/56.0.2924.76 Safari/537.36"
87.97.76.189 - - [30/Jan/2017:09:58:46 +0100] "GET /uj_honlap/projektek2.htm HTTP/1.1" 200 5819 "http://mkk.zpok.hu/uj_honlap/index.htm" "Mozilla/5.0 (Windows NT 10.0; Win64; x64) AppleWebKit/537.36 (KHTML, like Gecko) Chrome/56.0.2924.76 Safari/537.36"
87.97.76.189 - - [30/Jan/2017:09:58:46 +0100] "GET /uj_honlap/icons/icons_k/11.png HTTP/1.1" 200 2333 "http://mkk.zpok.hu/uj_honlap/projektek2.htm" "Mozilla/5.0 (Windows NT 10.0; Win64; x64) AppleWebKit/537.36 (KHTML, like Gecko) Chrome/56.0.2924.76 Safari/537.36"
87.97.76.189 - - [30/Jan/2017:09:58:46 +0100] "GET /uj_honlap/icons/icons_k/13.png HTTP/1.1" 200 841 "http://mkk.zpok.hu/uj_honlap/projektek2.htm" "Mozilla/5.0 (Windows NT 10.0; Win64; x64) AppleWebKit/537.36 (KHTML, like Gecko) Chrome/56.0.2924.76 Safari/537.36"
87.97.76.189 - - [30/Jan/2017:09:58:46 +0100] "GET /uj_honlap/icons/icons_k/9.png HTTP/1.1" 200 2139 "http://mkk.zpok.hu/uj_honlap/projektek2.htm" "Mozilla/5.0 (Windows NT 10.0; Win64; x64) AppleWebKit/537.36 (KHTML, like Gecko) Chrome/56.0.2924.76 Safari/537.36"
87.97.76.189 - - [30/Jan/2017:09:59:06 +0100] "GET /uj_honlap/tagsag2.htm HTTP/1.1" 200 974 "http://mkk.zpok.hu/uj_honlap/index.htm" "Mozilla/5.0 (Windows NT 10.0; Win64; x64) AppleWebKit/537.36 (KHTML, like Gecko) Chrome/56.0.2924.76 Safari/537.36"
80.98.199.3 - - [30/Jan/2017:10:06:16 +0100] "GET /images/vasutterkep_n.jpg HTTP/1.1" 200 4702972 "https://www.google.hu/" "Mozilla/5.0 (Windows NT 10.0; WOW64; rv:51.0) Gecko/20100101 Firefox/51.0"
66.249.64.88 - - [30/Jan/2017:10:06:18 +0100] "GET /doc/orszaggyul_allasfogl.pdf HTTP/1.1" 200 59817 "-" "Mozilla/5.0 (compatible; Googlebot/2.1; +http://www.google.com/bot.html)"
46.35.192.212 - - [30/Jan/2017:10:07:01 +0100] "GET /images/vasutterkep_n.jpg HTTP/1.1" 200 4702972 "https://www.bing.com/" "Mozilla/5.0 (Windows NT 10.0; Win64; x64) AppleWebKit/537.36 (KHTML, like Gecko) Chrome/51.0.2704.79 Safari/537.36 Edge/14.14393"
89.135.123.41 - - [30/Jan/2017:10:12:10 +0100] "GET /images/vasutterkep_n.jpg HTTP/1.1" 200 4702972 "-" "Mozilla/5.0 (Windows NT 10.0; WOW64) AppleWebKit/537.36 (KHTML, like Gecko) Chrome/55.0.2883.87 Safari/537.36"
66.249.64.88 - - [30/Jan/2017:10:20:41 +0100] "GET /doc/utak_a_kerekparozashoz.pdf HTTP/1.1" 200 5493368 "-" "Mozilla/5.0 (compatible; Googlebot/2.1; +http://www.google.com/bot.html)"
130.193.51.56 - - [30/Jan/2017:10:27:20 +0100] "GET / HTTP/1.1" 200 1178 "-" "Mozilla/5.0 (compatible; YandexBot/3.0; +http://yandex.com/bots)"
141.8.142.30 - - [30/Jan/2017:10:27:20 +0100] "GET /robots.txt HTTP/1.1" 404 1181 "-" "Mozilla/5.0 (compatible; YandexBot/3.0; +http://yandex.com/bots)"
93.158.152.25 - - [30/Jan/2017:10:27:24 +0100] "GET / HTTP/1.1" 200 1178 "-" "Mozilla/5.0 (compatible; YandexBot/3.0; +http://yandex.com/bots)"
93.158.152.25 - - [30/Jan/2017:10:27:26 +0100] "GET /index.swf HTTP/1.1" 200 1451930 "-" "Mozilla/5.0 (compatible; YandexBot/3.0; +http://yandex.com/bots)"
130.193.37.15 - - [30/Jan/2017:10:27:29 +0100] "GET /index.swf HTTP/1.1" 200 1451930 "-" "Mozilla/5.0 (compatible; YandexBot/3.0; +http://yandex.com/bots)"
66.249.64.124 - - [30/Jan/2017:10:41:06 +0100] "GET /robots.txt HTTP/1.1" 404 1181 "-" "Mozilla/5.0 (compatible; Googlebot/2.1; +http://www.google.com/bot.html)"
66.249.64.65 - - [30/Jan/2017:10:41:07 +0100] "GET /doc/vasuttal-budapest-kornyeken.pdf HTTP/1.1" 404 1181 "-" "Mozilla/5.0 (compatible; Googlebot/2.1; +http://www.google.com/bot.html)"
213.239.205.118 - - [30/Jan/2017:10:44:41 +0100] "GET /robots.txt HTTP/1.0" 404 1181 "-" "Mozilla/5.0 (compatible; MSIE 10.0; Windows NT 6.2; Win64; x64; Trident/6.0; .NET4.0E; .NET4.0C; .NET CLR 3.5.30729; .NET CLR 3.0.30729; .NET CLR 2.0.50727; InfoPath.3; MASMJS)"
217.65.124.168 - - [30/Jan/2017:10:51:30 +0100] "GET /doc/mkk_eger_tanulmany_2014.pdf HTTP/1.1" 200 55773 "https://www.google.hu/" "Mozilla/5.0 (Linux; Android 4.2.2; ALCATEL ONE TOUCH P310X Build/JDQ39) AppleWebKit/537.36 (KHTML, like Gecko) Chrome/46.0.2490.76 Safari/537.36"
217.65.124.168 - - [30/Jan/2017:10:51:30 +0100] "GET /doc/mkk_eger_tanulmany_2014.pdf HTTP/1.1" 200 38493 "https://www.google.hu/" "Mozilla/5.0 (Linux; Android 4.2.2; ALCATEL ONE TOUCH P310X Build/JDQ39) AppleWebKit/537.36 (KHTML, like Gecko) Chrome/46.0.2490.76 Safari/537.36"
217.65.124.168 - - [30/Jan/2017:10:51:46 +0100] "GET /doc/mkk_eger_tanulmany_2014.pdf HTTP/1.1" 200 55773 "https://www.google.hu/" "Mozilla/5.0 (Linux; Android 4.2.2; ALCATEL ONE TOUCH P310X Build/JDQ39) AppleWebKit/537.36 (KHTML, like Gecko) Chrome/46.0.2490.76 Safari/537.36"
217.65.124.168 - - [30/Jan/2017:10:51:47 +0100] "GET /doc/mkk_eger_tanulmany_2014.pdf HTTP/1.1" 200 38493 "https://www.google.hu/" "Mozilla/5.0 (Linux; Android 4.2.2; ALCATEL ONE TOUCH P310X Build/JDQ39) AppleWebKit/537.36 (KHTML, like Gecko) Chrome/46.0.2490.76 Safari/537.36"
87.97.76.189 - - [30/Jan/2017:10:52:11 +0100] "GET /uj_honlap/index.htm HTTP/1.1" 200 1865 "-" "Mozilla/5.0 (Windows NT 10.0; Win64; x64) AppleWebKit/537.36 (KHTML, like Gecko) Chrome/56.0.2924.76 Safari/537.36"
86.101.92.12 - - [30/Jan/2017:10:58:23 +0100] "GET /images/vasutterkep_n.jpg HTTP/1.1" 200 4702972 "https://www.google.hu/" "Mozilla/5.0 (Windows NT 6.3; Win64; x64) AppleWebKit/537.36 (KHTML, like Gecko) Chrome/55.0.2883.87 Safari/537.36"
84.2.112.190 - - [30/Jan/2017:11:02:51 +0100] "GET /images/vasutterkep_n.jpg HTTP/1.1" 200 4702972 "https://www.google.hu/" "Mozilla/5.0 (Windows NT 10.0; rv:50.0) Gecko/20100101 Firefox/50.0"
66.249.64.124 - - [30/Jan/2017:11:12:58 +0100] "GET /doc/sajtonyilatkozat_tersegivasutak.pdf HTTP/1.1" 200 89934 "-" "Mozilla/5.0 (compatible; Googlebot/2.1; +http://www.google.com/bot.html)"
87.97.76.189 - - [30/Jan/2017:11:18:25 +0100] "GET / HTTP/1.1" 200 1178 "-" "Mozilla/5.0 (Windows NT 10.0; Win64; x64) AppleWebKit/537.36 (KHTML, like Gecko) Chrome/56.0.2924.76 Safari/537.36"
87.97.76.189 - - [30/Jan/2017:11:18:25 +0100] "GET /index.swf HTTP/1.1" 200 1451930 "http://mkk.zpok.hu/" "Mozilla/5.0 (Windows NT 10.0; Win64; x64) AppleWebKit/537.36 (KHTML, like Gecko) Chrome/56.0.2924.76 Safari/537.36"
87.97.76.189 - - [30/Jan/2017:11:18:30 +0100] "GET /popupsys%20elemei/main.txt HTTP/1.1" 200 342 "http://mkk.zpok.hu/" "Mozilla/5.0 (Windows NT 10.0; Win64; x64) AppleWebKit/537.36 (KHTML, like Gecko) Chrome/56.0.2924.76 Safari/537.36"
87.97.76.189 - - [30/Jan/2017:11:18:30 +0100] "GET /hirek.xml HTTP/1.1" 200 51504 "http://mkk.zpok.hu/" "Mozilla/5.0 (Windows NT 10.0; Win64; x64) AppleWebKit/537.36 (KHTML, like Gecko) Chrome/56.0.2924.76 Safari/537.36"
207.46.13.104 - - [30/Jan/2017:11:20:57 +0100] "GET /hirlevel/vonattal1409.html HTTP/1.1" 200 32865 "-" "Mozilla/5.0 (compatible; bingbot/2.0; +http://www.bing.com/bingbot.htm)"
157.55.39.150 - - [30/Jan/2017:11:21:26 +0100] "GET /hirlevel/images/vonattal.swf HTTP/1.1" 200 697 "-" "Mozilla/5.0 (compatible; bingbot/2.0; +http://www.bing.com/bingbot.htm)"
85.255.64.190 - - [30/Jan/2017:11:29:37 +0100] "GET /hirlevel/vonattal1503.html HTTP/1.1" 200 21721 "-" "Mechanize/2.7.5 Ruby/2.3.1p112 (http://github.com/sparklemotion/mechanize/)"
85.255.64.190 - - [30/Jan/2017:11:31:44 +0100] "GET /hirlevel/vonattal1605.html HTTP/1.1" 200 43541 "-" "Mechanize/2.7.5 Ruby/2.3.1p112 (http://github.com/sparklemotion/mechanize/)"
85.255.64.190 - - [30/Jan/2017:11:31:55 +0100] "GET /hirlevel/vonattal0812.htm HTTP/1.1" 200 33272 "-" "Mechanize/2.7.5 Ruby/2.3.1p112 (http://github.com/sparklemotion/mechanize/)"
66.249.64.92 - - [30/Jan/2017:11:31:59 +0100] "GET /doc/vasuttal-budapest-kornyeken.pdf HTTP/1.1" 404 1181 "-" "Mozilla/5.0 (compatible; Googlebot/2.1; +http://www.google.com/bot.html)"
85.255.64.190 - - [30/Jan/2017:11:33:03 +0100] "GET /hirlevel/vasuttal0707.htm HTTP/1.1" 200 30203 "-" "Mechanize/2.7.5 Ruby/2.3.1p112 (http://github.com/sparklemotion/mechanize/)"
79.120.161.57 - - [30/Jan/2017:11:36:16 +0100] "GET / HTTP/1.1" 200 1178 "https://www.facebook.com/" "Mozilla/5.0 (Windows NT 10.0; WOW64; rv:51.0) Gecko/20100101 Firefox/51.0"
79.120.161.57 - - [30/Jan/2017:11:36:16 +0100] "GET /index.swf HTTP/1.1" 200 35898 "http://www.mkk.zpok.hu/" "Mozilla/5.0 (Windows NT 10.0; WOW64; rv:51.0) Gecko/20100101 Firefox/51.0"
79.120.161.57 - - [30/Jan/2017:11:36:16 +0100] "GET /favicon.ico HTTP/1.1" 404 1181 "-" "Mozilla/5.0 (Windows NT 10.0; WOW64; rv:51.0) Gecko/20100101 Firefox/51.0"
78.239.141.120 - - [30/Jan/2017:11:45:45 +0100] "GET /doc/b2_2010.pdf HTTP/1.1" 404 1181 "https://en.wikipedia.org/" "Mozilla/5.0 (Windows NT 6.1; rv:51.0) Gecko/20100101 Firefox/51.0"
78.239.141.120 - - [30/Jan/2017:11:45:46 +0100] "GET /favicon.ico HTTP/1.1" 404 1181 "-" "Mozilla/5.0 (Windows NT 6.1; rv:51.0) Gecko/20100101 Firefox/51.0"
157.55.39.150 - - [30/Jan/2017:11:57:56 +0100] "GET / HTTP/1.1" 200 1178 "-" "Mozilla/5.0 (compatible; bingbot/2.0; +http://www.bing.com/bingbot.htm)"
157.55.39.103 - - [30/Jan/2017:12:06:03 +0100] "GET /hirlevel/vonattal1207.htm HTTP/1.1" 200 57936 "-" "Mozilla/5.0 (iPhone; CPU iPhone OS 7_0 like Mac OS X) AppleWebKit/537.51.1 (KHTML, like Gecko) Version/7.0 Mobile/11A465 Safari/9537.53 (compatible; bingbot/2.0; +http://www.bing.com/bingbot.htm)"
108.59.8.80 - - [30/Jan/2017:12:07:58 +0100] "GET /robots.txt HTTP/1.1" 404 1181 "-" "Mozilla/5.0 (compatible; MJ12bot/v1.4.7; http://mj12bot.com/)"
108.59.8.80 - - [30/Jan/2017:12:08:08 +0100] "GET / HTTP/1.1" 200 1178 "-" "Mozilla/5.0 (compatible; MJ12bot/v1.4.7; http://mj12bot.com/)"
108.59.8.80 - - [30/Jan/2017:12:08:09 +0100] "GET /robots.txt HTTP/1.1" 404 1181 "-" "Mozilla/5.0 (compatible; MJ12bot/v1.4.7; http://mj12bot.com/)"
108.59.8.80 - - [30/Jan/2017:12:08:24 +0100] "GET / HTTP/1.1" 200 1178 "-" "Mozilla/5.0 (compatible; MJ12bot/v1.4.7; http://mj12bot.com/)"
178.48.233.22 - - [30/Jan/2017:12:08:46 +0100] "GET /uj_honlap/index.htm HTTP/1.1" 200 1865 "-" "Mozilla/5.0 (X11; Ubuntu; Linux x86_64; rv:51.0) Gecko/20100101 Firefox/51.0"
178.48.233.22 - - [30/Jan/2017:12:08:47 +0100] "GET /uj_honlap/mkk_banner.png HTTP/1.1" 200 62097 "http://mkk.zpok.hu/uj_honlap/index.htm" "Mozilla/5.0 (X11; Ubuntu; Linux x86_64; rv:51.0) Gecko/20100101 Firefox/51.0"
178.48.233.22 - - [30/Jan/2017:12:08:50 +0100] "GET /favicon.ico HTTP/1.1" 404 1181 "-" "Mozilla/5.0 (X11; Ubuntu; Linux x86_64; rv:51.0) Gecko/20100101 Firefox/51.0"
178.48.233.22 - - [30/Jan/2017:12:08:50 +0100] "GET /favicon.ico HTTP/1.1" 404 1181 "-" "Mozilla/5.0 (X11; Ubuntu; Linux x86_64; rv:51.0) Gecko/20100101 Firefox/51.0"
178.48.233.22 - - [30/Jan/2017:12:09:31 +0100] "GET /uj_honlap/kikvagyunk2.htm HTTP/1.1" 200 12559 "http://mkk.zpok.hu/uj_honlap/index.htm" "Mozilla/5.0 (X11; Ubuntu; Linux x86_64; rv:51.0) Gecko/20100101 Firefox/51.0"
178.48.233.22 - - [30/Jan/2017:12:09:31 +0100] "GET /uj_honlap/icons/icons_k/1.png HTTP/1.1" 200 3187 "http://mkk.zpok.hu/uj_honlap/kikvagyunk2.htm" "Mozilla/5.0 (X11; Ubuntu; Linux x86_64; rv:51.0) Gecko/20100101 Firefox/51.0"
178.48.233.22 - - [30/Jan/2017:12:09:31 +0100] "GET /uj_honlap/icons/icons_k/2.png HTTP/1.1" 200 4758 "http://mkk.zpok.hu/uj_honlap/kikvagyunk2.htm" "Mozilla/5.0 (X11; Ubuntu; Linux x86_64; rv:51.0) Gecko/20100101 Firefox/51.0"
178.48.233.22 - - [30/Jan/2017:12:09:31 +0100] "GET /uj_honlap/icons/icons_k/3.png HTTP/1.1" 200 4542 "http://mkk.zpok.hu/uj_honlap/kikvagyunk2.htm" "Mozilla/5.0 (X11; Ubuntu; Linux x86_64; rv:51.0) Gecko/20100101 Firefox/51.0"
178.48.233.22 - - [30/Jan/2017:12:09:31 +0100] "GET /uj_honlap/icons/icons_k/4.png HTTP/1.1" 200 3413 "http://mkk.zpok.hu/uj_honlap/kikvagyunk2.htm" "Mozilla/5.0 (X11; Ubuntu; Linux x86_64; rv:51.0) Gecko/20100101 Firefox/51.0"
178.48.233.22 - - [30/Jan/2017:12:09:31 +0100] "GET /uj_honlap/icons/icons_k/5.png HTTP/1.1" 200 3092 "http://mkk.zpok.hu/uj_honlap/kikvagyunk2.htm" "Mozilla/5.0 (X11; Ubuntu; Linux x86_64; rv:51.0) Gecko/20100101 Firefox/51.0"
178.48.233.22 - - [30/Jan/2017:12:09:31 +0100] "GET /uj_honlap/icons/icons_k/6.png HTTP/1.1" 200 2260 "http://mkk.zpok.hu/uj_honlap/kikvagyunk2.htm" "Mozilla/5.0 (X11; Ubuntu; Linux x86_64; rv:51.0) Gecko/20100101 Firefox/51.0"
92.245.95.146 - - [30/Jan/2017:12:09:38 +0100] "GET /hirlevel/images/1504_d.jpg HTTP/1.1" 200 27814 "https://www.google.hu/" "Mozilla/5.0 (Windows NT 6.1) AppleWebKit/537.36 (KHTML, like Gecko) Chrome/55.0.2883.87 Safari/537.36"
207.46.13.247 - - [30/Jan/2017:12:09:51 +0100] "GET /robots.txt HTTP/1.1" 404 1181 "-" "Mozilla/5.0 (compatible; bingbot/2.0; +http://www.bing.com/bingbot.htm)"
207.46.13.12 - - [30/Jan/2017:12:09:59 +0100] "GET /doc/barkorichard_0706222.pdf HTTP/1.1" 200 67772 "-" "Mozilla/5.0 (compatible; bingbot/2.0; +http://www.bing.com/bingbot.htm)"
66.249.64.124 - - [30/Jan/2017:12:10:01 +0100] "GET /doc/T&E_julius.pdf HTTP/1.1" 200 162782 "-" "Mozilla/5.0 (compatible; Googlebot/2.1; +http://www.google.com/bot.html)"
86.149.92.211 - - [30/Jan/2017:12:16:35 +0100] "GET /images/vasutterkep_n.jpg HTTP/1.1" 200 4702972 "https://www.google.co.uk/" "Mozilla/5.0 (Windows NT 6.3; rv:51.0) Gecko/20100101 Firefox/51.0"
86.149.92.211 - - [30/Jan/2017:12:18:41 +0100] "GET /favicon.ico HTTP/1.1" 404 1181 "-" "Mozilla/5.0 (Windows NT 6.3; rv:51.0) Gecko/20100101 Firefox/51.0"
86.149.92.211 - - [30/Jan/2017:12:18:42 +0100] "GET /favicon.ico HTTP/1.1" 404 1181 "-" "Mozilla/5.0 (Windows NT 6.3; rv:51.0) Gecko/20100101 Firefox/51.0"
86.149.92.211 - - [30/Jan/2017:12:19:44 +0100] "GET /images/vasutterkep_n.jpg HTTP/1.1" 200 4702972 "http://www.mkk.zpok.hu/images/vasutterkep_n.jpg" "Mozilla/5.0 (Windows; Windows NT 6.1) AppleWebKit/534.57.2 (KHTML, like Gecko) Version/5.1.7 Safari/534.57.2"
92.249.143.185 - - [30/Jan/2017:12:22:37 +0100] "GET /images/vasutterkep_n.jpg HTTP/1.1" 200 4702972 "https://www.bing.com/" "Mozilla/5.0 (Windows NT 10.0; Win64; x64) AppleWebKit/537.36 (KHTML, like Gecko) Chrome/51.0.2704.79 Safari/537.36 Edge/14.14393"
66.249.64.70 - - [30/Jan/2017:12:25:36 +0100] "GET /doc/mkk%20plakat_rgb.pdf HTTP/1.1" 200 406491 "-" "Mozilla/5.0 (compatible; Googlebot/2.1; +http://www.google.com/bot.html)"
66.249.64.124 - - [30/Jan/2017:12:27:06 +0100] "GET /doc/belepesi_nyilatkozat_maganszemely.doc HTTP/1.1" 404 1181 "-" "Mozilla/5.0 (compatible; Googlebot/2.1; +http://www.google.com/bot.html)"
87.97.76.189 - - [30/Jan/2017:12:29:28 +0100] "GET /uj_honlap/index.htm HTTP/1.1" 304 - "-" "Mozilla/5.0 (Windows NT 10.0; Win64; x64) AppleWebKit/537.36 (KHTML, like Gecko) Chrome/56.0.2924.76 Safari/537.36"
87.97.76.189 - - [30/Jan/2017:12:29:28 +0100] "GET /uj_honlap/mkk_banner.png HTTP/1.1" 200 62097 "http://mkk.zpok.hu/uj_honlap/index.htm" "Mozilla/5.0 (Windows NT 10.0; Win64; x64) AppleWebKit/537.36 (KHTML, like Gecko) Chrome/56.0.2924.76 Safari/537.36"
87.97.76.189 - - [30/Jan/2017:12:29:31 +0100] "GET /uj_honlap/kikvagyunk2.htm HTTP/1.1" 200 12559 "http://mkk.zpok.hu/uj_honlap/index.htm" "Mozilla/5.0 (Windows NT 10.0; Win64; x64) AppleWebKit/537.36 (KHTML, like Gecko) Chrome/56.0.2924.76 Safari/537.36"
87.97.76.189 - - [30/Jan/2017:12:29:31 +0100] "GET /uj_honlap/icons/icons_k/1.png HTTP/1.1" 200 3187 "http://mkk.zpok.hu/uj_honlap/kikvagyunk2.htm" "Mozilla/5.0 (Windows NT 10.0; Win64; x64) AppleWebKit/537.36 (KHTML, like Gecko) Chrome/56.0.2924.76 Safari/537.36"
87.97.76.189 - - [30/Jan/2017:12:29:31 +0100] "GET /uj_honlap/icons/icons_k/5.png HTTP/1.1" 200 3092 "http://mkk.zpok.hu/uj_honlap/kikvagyunk2.htm" "Mozilla/5.0 (Windows NT 10.0; Win64; x64) AppleWebKit/537.36 (KHTML, like Gecko) Chrome/56.0.2924.76 Safari/537.36"
87.97.76.189 - - [30/Jan/2017:12:29:31 +0100] "GET /uj_honlap/icons/icons_k/3.png HTTP/1.1" 200 4542 "http://mkk.zpok.hu/uj_honlap/kikvagyunk2.htm" "Mozilla/5.0 (Windows NT 10.0; Win64; x64) AppleWebKit/537.36 (KHTML, like Gecko) Chrome/56.0.2924.76 Safari/537.36"
87.97.76.189 - - [30/Jan/2017:12:29:31 +0100] "GET /uj_honlap/icons/icons_k/6.png HTTP/1.1" 200 2260 "http://mkk.zpok.hu/uj_honlap/kikvagyunk2.htm" "Mozilla/5.0 (Windows NT 10.0; Win64; x64) AppleWebKit/537.36 (KHTML, like Gecko) Chrome/56.0.2924.76 Safari/537.36"
87.97.76.189 - - [30/Jan/2017:12:29:31 +0100] "GET /uj_honlap/icons/icons_k/2.png HTTP/1.1" 200 4758 "http://mkk.zpok.hu/uj_honlap/kikvagyunk2.htm" "Mozilla/5.0 (Windows NT 10.0; Win64; x64) AppleWebKit/537.36 (KHTML, like Gecko) Chrome/56.0.2924.76 Safari/537.36"
87.97.76.189 - - [30/Jan/2017:12:29:31 +0100] "GET /uj_honlap/icons/icons_k/4.png HTTP/1.1" 200 3413 "http://mkk.zpok.hu/uj_honlap/kikvagyunk2.htm" "Mozilla/5.0 (Windows NT 10.0; Win64; x64) AppleWebKit/537.36 (KHTML, like Gecko) Chrome/56.0.2924.76 Safari/537.36"
176.63.23.156 - - [30/Jan/2017:12:32:53 +0100] "GET /hirlevel/images/1504_a.jpg HTTP/1.1" 200 35929 "-" "Mozilla/5.0 (Linux; Android 4.4.4; FreeMe X4 7HD Build/KTU84Q) AppleWebKit/537.36 (KHTML, like Gecko) Version/4.0 Chrome/33.0.0.0 Safari/537.36 GSA/6.10.37.16.arm"
62.77.247.130 - - [30/Jan/2017:12:38:32 +0100] "GET /images/vasutterkep_n.jpg HTTP/1.1" 200 4702972 "https://www.google.hu" "Mozilla/5.0 (Windows NT 6.1; WOW64; rv:43.0) Gecko/20100101 Firefox/43.0"
62.77.247.130 - - [30/Jan/2017:12:41:06 +0100] "GET /images/vasutterkep_n.jpg HTTP/1.1" 200 4702972 "https://www.google.hu" "Mozilla/5.0 (Windows NT 6.1; WOW64; rv:43.0) Gecko/20100101 Firefox/43.0"
68.180.229.121 - - [30/Jan/2017:12:41:59 +0100] "GET /robots.txt HTTP/1.1" 404 1181 "-" "Mozilla/5.0 (compatible; Yahoo! Slurp; http://help.yahoo.com/help/us/ysearch/slurp)"
68.180.229.121 - - [30/Jan/2017:12:42:00 +0100] "GET /hirlevel/vonattal1602.html HTTP/1.1" 304 - "-" "Mozilla/5.0 (compatible; Yahoo! Slurp; http://help.yahoo.com/help/us/ysearch/slurp)"
66.249.64.70 - - [30/Jan/2017:12:42:42 +0100] "GET /doc/T&E_majus2009.pdf HTTP/1.1" 200 66973 "-" "Mozilla/5.0 (compatible; Googlebot/2.1; +http://www.google.com/bot.html)"
