66.249.76.64 - - [03/Jan/2017:00:06:31 +0100] "GET /hirlevel/vonattal1010_1.htm HTTP/1.1" 200 29761 "-" "Mozilla/5.0 (compatible; Googlebot/2.1; +http://www.google.com/bot.html)"
84.0.82.240 - - [03/Jan/2017:00:12:55 +0100] "GET /images/vasutterkep_n.jpg HTTP/1.1" 200 4702972 "https://www.google.hu/" "Mozilla/5.0 (Windows NT 5.1) AppleWebKit/537.36 (KHTML, like Gecko) Chrome/49.0.2623.112 Safari/537.36"
66.249.76.64 - - [03/Jan/2017:00:15:30 +0100] "GET /hirlevel/vonattal1206.htm HTTP/1.1" 200 47612 "-" "Mozilla/5.0 (compatible; Googlebot/2.1; +http://www.google.com/bot.html)"
157.55.39.65 - - [03/Jan/2017:00:19:03 +0100] "GET /doc/vonatrafel_c.pdf HTTP/1.1" 200 705296 "-" "Mozilla/5.0 (iPhone; CPU iPhone OS 7_0 like Mac OS X) AppleWebKit/537.51.1 (KHTML, like Gecko) Version/7.0 Mobile/11A465 Safari/9537.53 (compatible; bingbot/2.0; +http://www.bing.com/bingbot.htm)"
157.55.39.26 - - [03/Jan/2017:00:19:19 +0100] "GET /robots.txt HTTP/1.1" 404 1181 "-" "Mozilla/5.0 (compatible; bingbot/2.0; +http://www.bing.com/bingbot.htm)"
66.249.76.5 - - [03/Jan/2017:00:27:42 +0100] "GET / HTTP/1.1" 304 - "-" "Mozilla/5.0 (compatible; Googlebot/2.1; +http://www.google.com/bot.html)"
78.102.83.16 - - [03/Jan/2017:00:38:06 +0100] "GET /images/vasutterkep_n.jpg HTTP/1.1" 200 4702972 "-" "Mozilla/5.0 (Windows NT 10.0; WOW64; Trident/7.0; rv:11.0) like Gecko"
78.102.83.16 - - [03/Jan/2017:00:38:15 +0100] "GET /favicon.ico HTTP/1.1" 404 1181 "-" "Mozilla/5.0 (Windows NT 10.0; Win64; x64; Trident/7.0; rv:11.0) like Gecko"
78.102.83.16 - - [03/Jan/2017:00:38:34 +0100] "GET / HTTP/1.1" 200 1178 "-" "Mozilla/5.0 (Windows NT 10.0; WOW64; Trident/7.0; rv:11.0) like Gecko"
78.102.83.16 - - [03/Jan/2017:00:38:35 +0100] "GET /index.swf HTTP/1.1" 200 1451930 "http://www.mkk.zpok.hu/" "Mozilla/5.0 (Windows NT 10.0; WOW64; Trident/7.0; rv:11.0) like Gecko"
78.102.83.16 - - [03/Jan/2017:00:38:35 +0100] "GET /favicon.ico HTTP/1.1" 404 1181 "-" "Mozilla/5.0 (Windows NT 10.0; Win64; x64; Trident/7.0; rv:11.0) like Gecko"
66.249.64.134 - - [03/Jan/2017:00:38:38 +0100] "GET /doc/eletet-a-vasutnak.pdf HTTP/1.1" 200 5085257 "-" "Mozilla/5.0 (compatible; Googlebot/2.1; +http://www.google.com/bot.html)"
78.102.83.16 - - [03/Jan/2017:00:38:43 +0100] "GET /popupsys%20elemei/main.txt HTTP/1.1" 200 342 "http://www.mkk.zpok.hu/index.swf" "Mozilla/5.0 (Windows NT 10.0; WOW64; Trident/7.0; rv:11.0) like Gecko"
78.102.83.16 - - [03/Jan/2017:00:38:43 +0100] "GET /hirek.xml HTTP/1.1" 200 51504 "http://www.mkk.zpok.hu/index.swf" "Mozilla/5.0 (Windows NT 10.0; WOW64; Trident/7.0; rv:11.0) like Gecko"
78.102.83.16 - - [03/Jan/2017:00:39:09 +0100] "GET /popupsys%20elemei_ang/main.txt HTTP/1.1" 200 495 "http://www.mkk.zpok.hu/index.swf" "Mozilla/5.0 (Windows NT 10.0; WOW64; Trident/7.0; rv:11.0) like Gecko"
78.102.83.16 - - [03/Jan/2017:00:39:18 +0100] "GET /popupsys%20elemei_ang/sub1.txt HTTP/1.1" 200 2946 "http://www.mkk.zpok.hu/index.swf" "Mozilla/5.0 (Windows NT 10.0; WOW64; Trident/7.0; rv:11.0) like Gecko"
78.102.83.16 - - [03/Jan/2017:00:39:30 +0100] "GET /doc/vasuttal-budapest-kornyeken.pdf HTTP/1.1" 404 1181 "http://www.mkk.zpok.hu/index.swf" "Mozilla/5.0 (Windows NT 10.0; WOW64; Trident/7.0; rv:11.0) like Gecko"
66.249.76.94 - - [03/Jan/2017:00:56:34 +0100] "GET /hirlevel/images/vonattal.swf HTTP/1.1" 200 697 "-" "Mozilla/5.0 (compatible; Googlebot/2.1; +http://www.google.com/bot.html)"
5.13.166.14 - - [03/Jan/2017:01:04:56 +0100] "GET /doc/b2_2010.pdf HTTP/1.1" 404 1181 "https://en.wikipedia.org/" "Mozilla/5.0 (Windows NT 6.1; rv:50.0) Gecko/20100101 Firefox/50.0"
5.13.166.14 - - [03/Jan/2017:01:04:56 +0100] "GET /favicon.ico HTTP/1.1" 404 1181 "-" "Mozilla/5.0 (Windows NT 6.1; rv:50.0) Gecko/20100101 Firefox/50.0"
5.13.166.14 - - [03/Jan/2017:01:04:56 +0100] "GET /favicon.ico HTTP/1.1" 404 1181 "-" "Mozilla/5.0 (Windows NT 6.1; rv:50.0) Gecko/20100101 Firefox/50.0"
66.249.64.134 - - [03/Jan/2017:01:06:16 +0100] "GET /hirlevel/vasuttal0804.htm HTTP/1.1" 200 14711 "-" "Mozilla/5.0 (compatible; Googlebot/2.1; +http://www.google.com/bot.html)"
130.193.51.56 - - [03/Jan/2017:01:07:13 +0100] "GET /robots.txt HTTP/1.1" 404 1181 "-" "Mozilla/5.0 (compatible; YandexBot/3.0; +http://yandex.com/bots)"
93.158.152.25 - - [03/Jan/2017:01:07:17 +0100] "GET /favicon.ico HTTP/1.1" 404 1181 "-" "Mozilla/5.0 (compatible; YandexBot/3.0; +http://yandex.com/bots)"
62.165.205.158 - - [03/Jan/2017:01:22:36 +0100] "GET /images/vasutterkep_n.jpg HTTP/1.1" 200 179665 "http://www.bing.com/images/search?q=magyarorsz%c3%a1g+t%c3%a9rk%c3%a9p&view=detailv2&&id=F3DD7722509BA44D81DE36E097E95E2E021E33B3&selectedIndex=10&ccid=jcaRC1ZF&simid=608040011747426818&thid=OIP.M8dc6910b56456a9fd8adc11db53ad4d5o0&mode=overlay" "Mozilla/5.0 (Windows NT 6.3; Trident/7.0; Touch; rv:11.0) like Gecko"
66.249.76.94 - - [03/Jan/2017:01:26:50 +0100] "GET /hirlevel/vonattal1003.htm HTTP/1.1" 200 28228 "-" "Mozilla/5.0 (compatible; Googlebot/2.1; +http://www.google.com/bot.html)"
66.249.76.64 - - [03/Jan/2017:01:40:28 +0100] "GET /images/b2_2012_03_+terkepkep.pdf HTTP/1.1" 304 - "-" "Mozilla/5.0 (compatible; Googlebot/2.1; +http://www.google.com/bot.html)"
74.207.251.9 - - [03/Jan/2017:01:40:57 +0100] "HEAD / HTTP/1.1" 200 0 "https://www.inboundlinks.win/InboundLinks/mkk.zpok.hu" "Mozilla/5.0 (compatible; MSIE 9.0; Windows NT 6.1; WOW64; Trident/5.0)"
66.249.76.67 - - [03/Jan/2017:01:53:13 +0100] "GET /hirlevel/vasuttal0710.htm HTTP/1.1" 200 14364 "-" "Mozilla/5.0 (compatible; Googlebot/2.1; +http://www.google.com/bot.html)"
66.249.76.94 - - [03/Jan/2017:01:55:52 +0100] "GET /hirlevel/szentgotthard_1109.pdf HTTP/1.1" 200 90663 "-" "Mozilla/5.0 (compatible; Googlebot/2.1; +http://www.google.com/bot.html)"
157.55.39.26 - - [03/Jan/2017:02:11:26 +0100] "GET /doc/s-bahn.pdf HTTP/1.1" 200 97892 "-" "Mozilla/5.0 (iPhone; CPU iPhone OS 7_0 like Mac OS X) AppleWebKit/537.51.1 (KHTML, like Gecko) Version/7.0 Mobile/11A465 Safari/9537.53 (compatible; bingbot/2.0; +http://www.bing.com/bingbot.htm)"
66.249.64.129 - - [03/Jan/2017:02:19:26 +0100] "GET /hirlevel/vasuttal0704.htm HTTP/1.1" 200 25859 "-" "Mozilla/5.0 (compatible; Googlebot/2.1; +http://www.google.com/bot.html)"
66.249.76.94 - - [03/Jan/2017:02:33:59 +0100] "GET /doc/tisza-to_szoroanyag_2012.pdf HTTP/1.1" 200 890943 "-" "Mozilla/5.0 (Linux; Android 6.0.1; Nexus 5X Build/MMB29P) AppleWebKit/537.36 (KHTML, like Gecko) Chrome/41.0.2272.96 Mobile Safari/537.36 (compatible; Googlebot/2.1; +http://www.google.com/bot.html)"
66.249.76.94 - - [03/Jan/2017:02:45:19 +0100] "GET /hirlevel/vasuttal0805.htm HTTP/1.1" 200 14808 "-" "Mozilla/5.0 (compatible; Googlebot/2.1; +http://www.google.com/bot.html)"
207.46.13.5 - - [03/Jan/2017:03:01:07 +0100] "GET /doc/vasuttal-budapest-kornyeken.pdf HTTP/1.1" 404 1181 "-" "Mozilla/5.0 (iPhone; CPU iPhone OS 7_0 like Mac OS X) AppleWebKit/537.51.1 (KHTML, like Gecko) Version/7.0 Mobile/11A465 Safari/9537.53 (compatible; bingbot/2.0; +http://www.bing.com/bingbot.htm)"
66.249.76.64 - - [03/Jan/2017:03:11:19 +0100] "GET /hirlevel/vonattal1107.htm HTTP/1.1" 200 26917 "-" "Mozilla/5.0 (compatible; Googlebot/2.1; +http://www.google.com/bot.html)"
66.249.76.67 - - [03/Jan/2017:03:37:31 +0100] "GET /doc/tisza-to_szoroanyag_2012.pdf HTTP/1.1" 304 - "-" "Mozilla/5.0 (compatible; Googlebot/2.1; +http://www.google.com/bot.html)"
66.249.76.94 - - [03/Jan/2017:03:41:50 +0100] "GET /hirlevel/vonattal0812.htm HTTP/1.1" 200 33272 "-" "Mozilla/5.0 (compatible; Googlebot/2.1; +http://www.google.com/bot.html)"
66.249.76.94 - - [03/Jan/2017:03:51:23 +0100] "GET /hirlevel/devavanya_1109.doc HTTP/1.1" 200 683008 "-" "Mozilla/5.0 (compatible; Googlebot/2.1; +http://www.google.com/bot.html)"
66.249.76.7 - - [03/Jan/2017:04:01:23 +0100] "GET / HTTP/1.1" 304 - "-" "Mozilla/5.0 (compatible; Googlebot/2.1; +http://www.google.com/bot.html)"
207.46.13.5 - - [03/Jan/2017:04:01:45 +0100] "GET /robots.txt HTTP/1.1" 404 1181 "-" "Mozilla/5.0 (compatible; bingbot/2.0; +http://www.bing.com/bingbot.htm)"
207.46.13.5 - - [03/Jan/2017:04:02:05 +0100] "GET / HTTP/1.1" 200 1178 "-" "Mozilla/5.0 (compatible; bingbot/2.0; +http://www.bing.com/bingbot.htm)"
68.180.229.239 - - [03/Jan/2017:04:03:21 +0100] "GET /robots.txt HTTP/1.1" 404 1181 "-" "Mozilla/5.0 (compatible; Yahoo! Slurp; http://help.yahoo.com/help/us/ysearch/slurp)"
68.180.229.239 - - [03/Jan/2017:04:03:23 +0100] "GET /doc/legyel_te_is_buszke_kerekparos.pdf HTTP/1.1" 200 185843 "-" "Mozilla/5.0 (compatible; Yahoo! Slurp; http://help.yahoo.com/help/us/ysearch/slurp)"
66.249.76.94 - - [03/Jan/2017:04:08:53 +0100] "GET /hirlevel/vonattal0901.htm HTTP/1.1" 404 1181 "-" "Mozilla/5.0 (compatible; Googlebot/2.1; +http://www.google.com/bot.html)"
193.201.224.205 - - [03/Jan/2017:04:14:18 +0100] "GET / HTTP/1.1" 200 1178 "-" "Mozilla/5.0 (Windows NT 6.1; rv:34.0) Gecko/20100101 Firefox/34.0"
193.201.224.205 - - [03/Jan/2017:04:14:27 +0100] "GET /blog/secondaryphase/mdocs-posts/?mdocs-img-preview=../../../wp-config.php HTTP/1.1" 404 1181 "-" "Mozilla/5.0 (Windows NT 6.1; rv:34.0) Gecko/20100101 Firefox/34.0"
193.201.224.205 - - [03/Jan/2017:04:14:34 +0100] "GET /blog/wp-admin/admin-ajax.php?action=revslider_show_image&img=../wp-config.php HTTP/1.1" 404 1181 "-" "Mozilla/5.0 (Windows NT 6.1; rv:34.0) Gecko/20100101 Firefox/34.0"
193.201.224.205 - - [03/Jan/2017:04:14:58 +0100] "GET /index.php/mdocs-posts/?mdocs-img-preview=../../../wp-config.php HTTP/1.1" 404 1181 "-" "Mozilla/5.0 (Windows NT 6.1; rv:34.0) Gecko/20100101 Firefox/34.0"
193.201.224.205 - - [03/Jan/2017:04:15:25 +0100] "GET /index.php/photocrati_ajax?action=upload_image&gallery_id=0&gallery_name=../../../../wp-config.php HTTP/1.1" 404 1181 "-" "Mozilla/5.0 (Windows NT 6.1; rv:34.0) Gecko/20100101 Firefox/34.0"
193.201.224.205 - - [03/Jan/2017:04:16:15 +0100] "GET /magmi/web/plugin_upload.php HTTP/1.1" 404 1181 "-" "Mozilla/5.0 (Windows NT 6.1; rv:34.0) Gecko/20100101 Firefox/34.0"
193.201.224.205 - - [03/Jan/2017:04:17:20 +0100] "GET /mdocs-posts/?mdocs-img-preview=../../../wp-config.php HTTP/1.1" 404 1181 "-" "Mozilla/5.0 (Windows NT 6.1; rv:34.0) Gecko/20100101 Firefox/34.0"
193.201.224.205 - - [03/Jan/2017:04:18:49 +0100] "GET /wordpress/wp-admin/admin-ajax.php?action=cpabc_appointments_calendar_update&cpabc_calendar_update=1&id=../../../../../../wp-config.php HTTP/1.1" 404 1181 "-" "Mozilla/5.0 (Windows NT 6.1; rv:34.0) Gecko/20100101 Firefox/34.0"
193.201.224.205 - - [03/Jan/2017:04:19:09 +0100] "GET /wordpress/wp-admin/admin.php?page=multi_metabox_listing&action=edit&id=../../../../../../wp-config.php HTTP/1.1" 404 1181 "-" "Mozilla/5.0 (Windows NT 6.1; rv:34.0) Gecko/20100101 Firefox/34.0"
193.201.224.205 - - [03/Jan/2017:04:19:18 +0100] "GET /wp-admin/admin-ajax.php?action=cpabc_appointments_calendar_update&cpabc_calendar_update=1&id=../../../../../../wp-config.php HTTP/1.1" 404 1181 "-" "Mozilla/5.0 (Windows NT 6.1; rv:34.0) Gecko/20100101 Firefox/34.0"
193.201.224.205 - - [03/Jan/2017:04:19:26 +0100] "GET /wp-admin/admin-ajax.php?action=fe_get_sv_html&video=../wp-config.php HTTP/1.1" 404 1181 "-" "Mozilla/5.0 (Windows NT 6.1; rv:34.0) Gecko/20100101 Firefox/34.0"
193.201.224.205 - - [03/Jan/2017:04:19:34 +0100] "GET /wp-admin/admin-ajax.php?action=getfile&/../../wp-config.php HTTP/1.1" 404 1181 "-" "Mozilla/5.0 (Windows NT 6.1; rv:34.0) Gecko/20100101 Firefox/34.0"
193.201.224.205 - - [03/Jan/2017:04:19:41 +0100] "GET /wp-admin/admin-ajax.php?action=kbslider_show_image&img=../wp-config.php HTTP/1.1" 404 1181 "-" "Mozilla/5.0 (Windows NT 6.1; rv:34.0) Gecko/20100101 Firefox/34.0"
193.201.224.205 - - [03/Jan/2017:04:19:50 +0100] "GET /wp-admin/admin-ajax.php?action=pollinsertvalues HTTP/1.1" 404 1181 "-" "Mozilla/5.0 (Windows NT 6.1; rv:34.0) Gecko/20100101 Firefox/34.0"
193.201.224.205 - - [03/Jan/2017:04:20:01 +0100] "GET /wp-admin/admin-ajax.php?action=populate_download_edit_form HTTP/1.1" 404 1181 "-" "Mozilla/5.0 (Windows NT 6.1; rv:34.0) Gecko/20100101 Firefox/34.0"
193.201.224.205 - - [03/Jan/2017:04:20:07 +0100] "GET /wp-admin/admin-ajax.php?action=revolution-slider_show_image&img=../wp-config.php HTTP/1.1" 404 1181 "-" "Mozilla/5.0 (Windows NT 6.1; rv:34.0) Gecko/20100101 Firefox/34.0"
193.201.224.205 - - [03/Jan/2017:04:20:15 +0100] "GET /wp-admin/admin-ajax.php?action=revslider_show_image&img=../wp-config.php HTTP/1.1" 404 1181 "-" "Mozilla/5.0 (Windows NT 6.1; rv:34.0) Gecko/20100101 Firefox/34.0"
193.201.224.205 - - [03/Jan/2017:04:20:22 +0100] "GET /wp-admin/admin-ajax.php?action=showbiz_show_image&img=../wp-config.php HTTP/1.1" 404 1181 "-" "Mozilla/5.0 (Windows NT 6.1; rv:34.0) Gecko/20100101 Firefox/34.0"
193.201.224.205 - - [03/Jan/2017:04:20:29 +0100] "GET /wp-admin/admin.php?page=booking%2Fwpdev-booking.phpwpdev-booking&wh_approved&wh_is_new=1&wh_booking_date=3&view_mode=vm_listing HTTP/1.1" 404 1181 "-" "Mozilla/5.0 (Windows NT 6.1; rv:34.0) Gecko/20100101 Firefox/34.0"
193.201.224.205 - - [03/Jan/2017:04:20:36 +0100] "GET /wp-admin/blog/admin-ajax.php?action=revslider_show_image&img=../wp-config.php HTTP/1.1" 404 1181 "-" "Mozilla/5.0 (Windows NT 6.1; rv:34.0) Gecko/20100101 Firefox/34.0"
193.201.224.205 - - [03/Jan/2017:04:20:43 +0100] "GET /wp-admin/tools.php?page=backup_manager&download_backup_file=../wp-config.php HTTP/1.1" 404 1181 "-" "Mozilla/5.0 (Windows NT 6.1; rv:34.0) Gecko/20100101 Firefox/34.0"
193.201.224.205 - - [03/Jan/2017:04:20:50 +0100] "GET /wp-content/assets/themes/plugins/uploadify/uploadify.php HTTP/1.1" 404 1181 "-" "Mozilla/5.0 (Windows NT 6.1; rv:34.0) Gecko/20100101 Firefox/34.0"
193.201.224.205 - - [03/Jan/2017:04:20:56 +0100] "GET /wp-content/blog/secondaryphase/mdocs-posts/?mdocs-img-preview=../../../wp-config.php HTTP/1.1" 404 1181 "-" "Mozilla/5.0 (Windows NT 6.1; rv:34.0) Gecko/20100101 Firefox/34.0"
193.201.224.205 - - [03/Jan/2017:04:21:03 +0100] "GET /wp-content/force-download.php?file=../wp-config.php HTTP/1.1" 404 1181 "-" "Mozilla/5.0 (Windows NT 6.1; rv:34.0) Gecko/20100101 Firefox/34.0"
193.201.224.205 - - [03/Jan/2017:04:21:09 +0100] "GET /wp-content/plugins/db-backup/download.php?file=../../../wp-config.php HTTP/1.1" 404 1181 "-" "Mozilla/5.0 (Windows NT 6.1; rv:34.0) Gecko/20100101 Firefox/34.0"
193.201.224.205 - - [03/Jan/2017:04:21:15 +0100] "GET /wp-content/plugins/dukapress/lib/dp_image.php?src=../../../../wp-config.php HTTP/1.1" 404 1181 "-" "Mozilla/5.0 (Windows NT 6.1; rv:34.0) Gecko/20100101 Firefox/34.0"
193.201.224.205 - - [03/Jan/2017:04:21:22 +0100] "GET /wp-content/plugins/google-mp3-audio-player/direct_download.php?file=../../../wp-config.php HTTP/1.1" 404 1181 "-" "Mozilla/5.0 (Windows NT 6.1; rv:34.0) Gecko/20100101 Firefox/34.0"
193.201.224.205 - - [03/Jan/2017:04:21:28 +0100] "GET /wp-content/plugins/pica-photo-gallery/picadownload.php?imgname=../../../wp-config.php HTTP/1.1" 404 1181 "-" "Mozilla/5.0 (Windows NT 6.1; rv:34.0) Gecko/20100101 Firefox/34.0"
193.201.224.205 - - [03/Jan/2017:04:21:34 +0100] "GET /wp-content/plugins/plugin-newsletter/preview.php?data=../../../../wp-config.php HTTP/1.1" 404 1181 "-" "Mozilla/5.0 (Windows NT 6.1; rv:34.0) Gecko/20100101 Firefox/34.0"
193.201.224.205 - - [03/Jan/2017:04:21:39 +0100] "GET /wp-content/plugins/simple-download-button-shortcode/simple-download-button_dl.php?file=../../../../wp-config.php HTTP/1.1" 404 1181 "-" "Mozilla/5.0 (Windows NT 6.1; rv:34.0) Gecko/20100101 Firefox/34.0"
193.201.224.205 - - [03/Jan/2017:04:21:45 +0100] "GET /wp-content/plugins/tinymce-thumbnail-gallery/php/download-image.php?href=../../../../wp-config.php HTTP/1.1" 404 1181 "-" "Mozilla/5.0 (Windows NT 6.1; rv:34.0) Gecko/20100101 Firefox/34.0"
193.201.224.205 - - [03/Jan/2017:04:21:50 +0100] "GET /wp-content/plugins/wp-filemanager/incl/libfile.php?&path=../../&filename=wp-config.php&action=download HTTP/1.1" 404 1181 "-" "Mozilla/5.0 (Windows NT 6.1; rv:34.0) Gecko/20100101 Firefox/34.0"
193.201.224.205 - - [03/Jan/2017:04:21:55 +0100] "GET /wp-content/themes/NativeChurch/download/download.php?file=../../../../wp-config.php HTTP/1.1" 404 1181 "-" "Mozilla/5.0 (Windows NT 6.1; rv:34.0) Gecko/20100101 Firefox/34.0"
193.201.224.205 - - [03/Jan/2017:04:22:01 +0100] "GET /wp-content/themes/antioch/lib/scripts/download.php?file=../../../../../wp-config.php HTTP/1.1" 404 1181 "-" "Mozilla/5.0 (Windows NT 6.1; rv:34.0) Gecko/20100101 Firefox/34.0"
193.201.224.205 - - [03/Jan/2017:04:22:06 +0100] "GET /wp-content/themes/authentic/includes/download.php?file=../../../../wp-config.php HTTP/1.1" 404 1181 "-" "Mozilla/5.0 (Windows NT 6.1; rv:34.0) Gecko/20100101 Firefox/34.0"
193.201.224.205 - - [03/Jan/2017:04:22:11 +0100] "POST /wp-content/themes/awake/lib/scripts/dl-skin.php HTTP/1.1" 404 1181 "-" "Mozilla/5.0 (Windows NT 6.1; rv:34.0) Gecko/20100101 Firefox/34.0"
193.201.224.205 - - [03/Jan/2017:04:22:16 +0100] "GET /wp-content/themes/churchope/lib/downloadlink.php?file=../../../../wp-config.php HTTP/1.1" 404 1181 "-" "Mozilla/5.0 (Windows NT 6.1; rv:34.0) Gecko/20100101 Firefox/34.0"
193.201.224.205 - - [03/Jan/2017:04:22:21 +0100] "POST /wp-content/themes/construct/lib/scripts/dl-skin.php HTTP/1.1" 404 1181 "-" "Mozilla/5.0 (Windows NT 6.1; rv:34.0) Gecko/20100101 Firefox/34.0"
193.201.224.205 - - [03/Jan/2017:04:22:26 +0100] "POST /wp-content/themes/dejavu/lib/scripts/dl-skin.php HTTP/1.1" 404 1181 "-" "Mozilla/5.0 (Windows NT 6.1; rv:34.0) Gecko/20100101 Firefox/34.0"
193.201.224.205 - - [03/Jan/2017:04:22:31 +0100] "POST /wp-content/themes/echelon/lib/scripts/dl-skin.php HTTP/1.1" 404 1181 "-" "Mozilla/5.0 (Windows NT 6.1; rv:34.0) Gecko/20100101 Firefox/34.0"
193.201.224.205 - - [03/Jan/2017:04:22:36 +0100] "POST /wp-content/themes/elegance/lib/scripts/dl-skin.php HTTP/1.1" 404 1181 "-" "Mozilla/5.0 (Windows NT 6.1; rv:34.0) Gecko/20100101 Firefox/34.0"
193.201.224.205 - - [03/Jan/2017:04:22:40 +0100] "GET /wp-content/themes/epic/includes/download.php?file=../../../../wp-config.php HTTP/1.1" 404 1181 "-" "Mozilla/5.0 (Windows NT 6.1; rv:34.0) Gecko/20100101 Firefox/34.0"
193.201.224.205 - - [03/Jan/2017:04:22:46 +0100] "POST /wp-content/themes/fusion/lib/scripts/dl-skin.php HTTP/1.1" 404 1181 "-" "Mozilla/5.0 (Windows NT 6.1; rv:34.0) Gecko/20100101 Firefox/34.0"
193.201.224.205 - - [03/Jan/2017:04:22:50 +0100] "GET /wp-content/themes/infocus/lib/scripts/dl-skin.php HTTP/1.1" 404 1181 "-" "Mozilla/5.0 (Windows NT 6.1; rv:34.0) Gecko/20100101 Firefox/34.0"
193.201.224.205 - - [03/Jan/2017:04:22:54 +0100] "POST /wp-content/themes/infocus/lib/scripts/dl-skin.php HTTP/1.1" 404 1181 "-" "Mozilla/5.0 (Windows NT 6.1; rv:34.0) Gecko/20100101 Firefox/34.0"
193.201.224.205 - - [03/Jan/2017:04:22:58 +0100] "POST /wp-content/themes/infocus2/lib/scripts/dl-skin.php HTTP/1.1" 404 1181 "-" "Mozilla/5.0 (Windows NT 6.1; rv:34.0) Gecko/20100101 Firefox/34.0"
193.201.224.205 - - [03/Jan/2017:04:23:02 +0100] "GET /wp-content/themes/linenity/functions/download.php?imgurl=../../../../wp-config.php HTTP/1.1" 404 1181 "-" "Mozilla/5.0 (Windows NT 6.1; rv:34.0) Gecko/20100101 Firefox/34.0"
193.201.224.205 - - [03/Jan/2017:04:23:06 +0100] "GET /wp-content/themes/lote27/download.php?download=../../../wp-config.php HTTP/1.1" 404 1181 "-" "Mozilla/5.0 (Windows NT 6.1; rv:34.0) Gecko/20100101 Firefox/34.0"
193.201.224.205 - - [03/Jan/2017:04:23:10 +0100] "POST /wp-content/themes/method/lib/scripts/dl-skin.php HTTP/1.1" 404 1181 "-" "Mozilla/5.0 (Windows NT 6.1; rv:34.0) Gecko/20100101 Firefox/34.0"
193.201.224.205 - - [03/Jan/2017:04:23:15 +0100] "POST /wp-content/themes/modular/lib/scripts/dl-skin.php HTTP/1.1" 404 1181 "-" "Mozilla/5.0 (Windows NT 6.1; rv:34.0) Gecko/20100101 Firefox/34.0"
193.201.224.205 - - [03/Jan/2017:04:23:20 +0100] "POST /wp-content/themes/myriad/lib/scripts/dl-skin.php HTTP/1.1" 404 1181 "-" "Mozilla/5.0 (Windows NT 6.1; rv:34.0) Gecko/20100101 Firefox/34.0"
193.201.224.205 - - [03/Jan/2017:04:23:24 +0100] "GET /wp-content/themes/parallelus-mingle/framework/utilities/download/getfile.php?file=../../../../../../wp-config.php HTTP/1.1" 404 1181 "-" "Mozilla/5.0 (Windows NT 6.1; rv:34.0) Gecko/20100101 Firefox/34.0"
193.201.224.205 - - [03/Jan/2017:04:23:28 +0100] "GET /wp-content/themes/parallelus-salutation/framework/utilities/download/getfile.php?file=../../../../../../wp-config.php HTTP/1.1" 404 1181 "-" "Mozilla/5.0 (Windows NT 6.1; rv:34.0) Gecko/20100101 Firefox/34.0"
193.201.224.205 - - [03/Jan/2017:04:23:32 +0100] "POST /wp-content/themes/persuasion/lib/scripts/dl-skin.php HTTP/1.1" 404 1181 "-" "Mozilla/5.0 (Windows NT 6.1; rv:34.0) Gecko/20100101 Firefox/34.0"
193.201.224.205 - - [03/Jan/2017:04:23:36 +0100] "GET /wp-content/themes/trinity/lib/scripts/download.php?file=../../../../../wp-config.php HTTP/1.1" 404 1181 "-" "Mozilla/5.0 (Windows NT 6.1; rv:34.0) Gecko/20100101 Firefox/34.0"
193.201.224.205 - - [03/Jan/2017:04:23:39 +0100] "GET /wp-content/themes/urbancity/lib/scripts/download.php?file=../../../../../wp-config.php HTTP/1.1" 404 1181 "-" "Mozilla/5.0 (Windows NT 6.1; rv:34.0) Gecko/20100101 Firefox/34.0"
66.249.64.188 - - [03/Jan/2017:04:32:14 +0100] "GET /hirlevel/vonattal1408.html HTTP/1.1" 200 22601 "-" "Mozilla/5.0 (compatible; Googlebot/2.1; +http://www.google.com/bot.html)"
157.55.39.26 - - [03/Jan/2017:04:45:19 +0100] "GET /hirlevel/vonattal1105-6.htm HTTP/1.1" 200 24904 "-" "msnbot-media/1.1 (+http://search.msn.com/msnbot.htm)"
66.249.64.134 - - [03/Jan/2017:05:04:36 +0100] "GET /hirlevel/vonattal1309.html HTTP/1.1" 200 41258 "-" "Mozilla/5.0 (compatible; Googlebot/2.1; +http://www.google.com/bot.html)"
66.249.76.7 - - [03/Jan/2017:05:12:37 +0100] "GET /doc/kozh06.pdf HTTP/1.1" 200 136124 "-" "Mozilla/5.0 (compatible; Googlebot/2.1; +http://www.google.com/bot.html)"
141.8.142.30 - - [03/Jan/2017:05:32:42 +0100] "GET /favicon.ico HTTP/1.1" 404 1181 "-" "Mozilla/5.0 (compatible; YandexBot/3.0; +http://yandex.com/bots)"
66.249.76.67 - - [03/Jan/2017:05:33:14 +0100] "GET /hirlevel/vonattal1601.html HTTP/1.1" 200 20444 "-" "Mozilla/5.0 (compatible; Googlebot/2.1; +http://www.google.com/bot.html)"
40.77.167.92 - - [03/Jan/2017:05:54:40 +0100] "GET /hirlevel/hatarmenten_201109.pdf HTTP/1.1" 200 5596450 "-" "Mozilla/5.0 (iPhone; CPU iPhone OS 7_0 like Mac OS X) AppleWebKit/537.51.1 (KHTML, like Gecko) Version/7.0 Mobile/11A465 Safari/9537.53 (compatible; bingbot/2.0; +http://www.bing.com/bingbot.htm)"
66.249.64.188 - - [03/Jan/2017:06:01:57 +0100] "GET /robots.txt HTTP/1.1" 404 1181 "-" "Mozilla/5.0 (compatible; Googlebot/2.1; +http://www.google.com/bot.html)"
66.249.76.94 - - [03/Jan/2017:06:01:58 +0100] "GET /hirlevel/vonattal1402.html HTTP/1.1" 200 54994 "-" "Mozilla/5.0 (compatible; Googlebot/2.1; +http://www.google.com/bot.html)"
66.249.76.94 - - [03/Jan/2017:06:12:41 +0100] "GET /m/hirlevel/vonattal1209.htm HTTP/1.1" 404 1181 "-" "Mozilla/5.0 (Linux; Android 6.0.1; Nexus 5X Build/MMB29P) AppleWebKit/537.36 (KHTML, like Gecko) Chrome/41.0.2272.96 Mobile Safari/537.36 (compatible; Googlebot/2.1; +http://www.google.com/bot.html)"
207.46.13.5 - - [03/Jan/2017:06:19:09 +0100] "GET /doc/b2_2012_03.pdf HTTP/1.1" 200 1080459 "-" "Mozilla/5.0 (iPhone; CPU iPhone OS 7_0 like Mac OS X) AppleWebKit/537.51.1 (KHTML, like Gecko) Version/7.0 Mobile/11A465 Safari/9537.53 (compatible; bingbot/2.0; +http://www.bing.com/bingbot.htm)"
66.249.76.94 - - [03/Jan/2017:06:25:49 +0100] "GET /hirlevel/images/201604d.jpg HTTP/1.1" 200 86523 "-" "Googlebot-Image/1.0"
40.77.167.92 - - [03/Jan/2017:06:29:06 +0100] "GET /robots.txt HTTP/1.1" 404 1181 "-" "Mozilla/5.0 (compatible; bingbot/2.0; +http://www.bing.com/bingbot.htm)"
40.77.167.92 - - [03/Jan/2017:06:29:16 +0100] "GET /doc/hu_aps_positivbeispiele_aufl2_070622_klein.pdf HTTP/1.1" 200 2887217 "-" "Mozilla/5.0 (iPhone; CPU iPhone OS 7_0 like Mac OS X) AppleWebKit/537.51.1 (KHTML, like Gecko) Version/7.0 Mobile/11A465 Safari/9537.53 (compatible; bingbot/2.0; +http://www.bing.com/bingbot.htm)"
66.249.64.134 - - [03/Jan/2017:06:35:19 +0100] "GET /hirlevel/vonattal1307.html HTTP/1.1" 200 33563 "-" "Mozilla/5.0 (compatible; Googlebot/2.1; +http://www.google.com/bot.html)"
131.253.25.136 - - [03/Jan/2017:06:56:04 +0100] "GET /hirlevel/hatarmenten_201109.pdf HTTP/1.1" 200 4292608 "-" "Mozilla/5.0 (iPhone; CPU iPhone OS 7_0 like Mac OS X) AppleWebKit/537.51.1 (KHTML, like Gecko) Version/7.0 Mobile/11A465 Safari/9537.53 BingPreview/1.0b"
66.249.76.94 - - [03/Jan/2017:06:56:34 +0100] "GET /doc/fogadj_orokbe_egy%20allomast_20100830.pdf HTTP/1.1" 404 1181 "-" "Mozilla/5.0 (compatible; Googlebot/2.1; +http://www.google.com/bot.html)"
66.249.76.64 - - [03/Jan/2017:07:01:52 +0100] "GET /hirlevel/vonattal1412.html HTTP/1.1" 200 20581 "-" "Mozilla/5.0 (compatible; Googlebot/2.1; +http://www.google.com/bot.html)"
66.249.76.67 - - [03/Jan/2017:07:18:30 +0100] "GET /mobile/hirlevel/vonattal1209.htm HTTP/1.1" 404 1181 "-" "Mozilla/5.0 (Linux; Android 6.0.1; Nexus 5X Build/MMB29P) AppleWebKit/537.36 (KHTML, like Gecko) Chrome/41.0.2272.96 Mobile Safari/537.36 (compatible; Googlebot/2.1; +http://www.google.com/bot.html)"
66.249.64.188 - - [03/Jan/2017:07:22:35 +0100] "GET /hirlevel/vonattal1504.html HTTP/1.1" 200 22577 "-" "Mozilla/5.0 (compatible; Googlebot/2.1; +http://www.google.com/bot.html)"
66.249.76.64 - - [03/Jan/2017:07:22:50 +0100] "GET /hirlevel/tatabanya_1109.pdf HTTP/1.1" 200 1176360 "-" "Mozilla/5.0 (Linux; Android 6.0.1; Nexus 5X Build/MMB29P) AppleWebKit/537.36 (KHTML, like Gecko) Chrome/41.0.2272.96 Mobile Safari/537.36 (compatible; Googlebot/2.1; +http://www.google.com/bot.html)"
66.249.64.134 - - [03/Jan/2017:07:27:41 +0100] "GET /doc/tisza-to_szoroanyag_2012.pdf HTTP/1.1" 304 - "-" "Mozilla/5.0 (compatible; Googlebot/2.1; +http://www.google.com/bot.html)"
66.249.64.188 - - [03/Jan/2017:07:33:06 +0100] "GET /hirlevel/terezvaros_1109.doc HTTP/1.1" 200 32256 "-" "Mozilla/5.0 (compatible; Googlebot/2.1; +http://www.google.com/bot.html)"
66.249.76.67 - - [03/Jan/2017:07:34:46 +0100] "GET /hirlevel/images/201604a.jpg HTTP/1.1" 200 96462 "-" "Googlebot-Image/1.0"
157.55.39.26 - - [03/Jan/2017:07:45:03 +0100] "GET /robots.txt HTTP/1.1" 404 1181 "-" "Mozilla/5.0 (compatible; bingbot/2.0; +http://www.bing.com/bingbot.htm)"
157.55.39.26 - - [03/Jan/2017:07:45:03 +0100] "GET /robots.txt HTTP/1.1" 404 1181 "-" "Mozilla/5.0 (compatible; bingbot/2.0; +http://www.bing.com/bingbot.htm)"
157.55.39.26 - - [03/Jan/2017:07:45:36 +0100] "GET /hirlevel/vonattal0906.htm HTTP/1.1" 200 25493 "-" "msnbot-media/1.1 (+http://search.msn.com/msnbot.htm)"
66.249.76.64 - - [03/Jan/2017:07:48:32 +0100] "GET /hirlevel/images/201604g.jpg HTTP/1.1" 200 72405 "-" "Googlebot-Image/1.0"
180.76.15.26 - - [03/Jan/2017:07:53:43 +0100] "GET /robots.txt HTTP/1.1" 404 1181 "-" "Mozilla/5.0 (Windows NT 5.1; rv:6.0.2) Gecko/20100101 Firefox/6.0.2"
180.76.15.141 - - [03/Jan/2017:07:53:44 +0100] "GET /robots.txt HTTP/1.1" 404 1181 "-" "Mozilla/5.0 (Windows NT 5.1; rv:6.0.2) Gecko/20100101 Firefox/6.0.2"
180.76.15.161 - - [03/Jan/2017:07:54:11 +0100] "GET /hirlevel/miskolc_1109.doc HTTP/1.1" 200 589824 "-" "Mozilla/5.0 (compatible; Baiduspider/2.0; +http://www.baidu.com/search/spider.html)"
66.249.76.67 - - [03/Jan/2017:07:57:11 +0100] "GET /hirlevel/vonattal1503.html HTTP/1.1" 200 21721 "-" "Mozilla/5.0 (compatible; Googlebot/2.1; +http://www.google.com/bot.html)"
66.249.76.67 - - [03/Jan/2017:07:58:23 +0100] "GET /hirlevel/images/201604j.jpg HTTP/1.1" 200 108763 "-" "Googlebot-Image/1.0"
37.44.207.173 - - [03/Jan/2017:08:05:11 +0100] "GET /doc/diosjeno2007.pdf HTTP/1.1" 200 37422 "http://mkk.zpok.hu/doc/diosjeno2007.pdf" "Mozilla/5.0 (compatible; Googlebot/2.1; +http://www.google.com/bot.html)"
66.249.76.67 - - [03/Jan/2017:08:07:09 +0100] "GET /hirlevel/vonattal1009.htm HTTP/1.1" 304 - "-" "Mozilla/5.0 (compatible; Googlebot/2.1; +http://www.google.com/bot.html)"
195.199.212.5 - - [03/Jan/2017:08:17:43 +0100] "GET /images/vasutterkep_n.jpg HTTP/1.1" 200 4702972 "http://www.bing.com/images/search?q=debrecen&view=detailv2&&id=0A80AB1847DAA604B518C60B59CCC936362FF34C&selectedIndex=65&ccid=RbG2BCu5&simid=608010969172017362&thid=OIP.M45b1b6042bb9946d83701e772a4f439co0&mode=overlay" "Mozilla/5.0 (Windows NT 6.1; WOW64; Trident/7.0; rv:11.0) like Gecko"
40.77.167.92 - - [03/Jan/2017:08:19:21 +0100] "GET /doc/T&E_junius2009.pdf HTTP/1.1" 200 68179 "-" "Mozilla/5.0 (compatible; bingbot/2.0; +http://www.bing.com/bingbot.htm)"
66.249.64.129 - - [03/Jan/2017:08:22:47 +0100] "GET /hirlevel/vonattal1306.html HTTP/1.1" 200 50271 "-" "Mozilla/5.0 (compatible; Googlebot/2.1; +http://www.google.com/bot.html)"
66.249.76.94 - - [03/Jan/2017:08:27:55 +0100] "GET /hirlevel/images/norway_1.jpg HTTP/1.1" 200 17420 "-" "Googlebot-Image/1.0"
89.148.81.140 - - [03/Jan/2017:08:31:22 +0100] "GET /hirlevel/images/1009_terkep_n.jpg HTTP/1.1" 200 598267 "https://www.google.hu/" "Mozilla/5.0 (Windows NT 10.0; WOW64; rv:50.0) Gecko/20100101 Firefox/50.0"
66.249.76.64 - - [03/Jan/2017:08:45:17 +0100] "GET /hirlevel/vonattal1311.html HTTP/1.1" 200 34365 "-" "Mozilla/5.0 (compatible; Googlebot/2.1; +http://www.google.com/bot.html)"
66.249.76.3 - - [03/Jan/2017:08:55:16 +0100] "GET /doc/vonatrafel_c.pdf HTTP/1.1" 304 - "-" "Mozilla/5.0 (compatible; Googlebot/2.1; +http://www.google.com/bot.html)"
212.108.193.34 - - [03/Jan/2017:09:02:30 +0100] "GET /images/vasutterkep_n.jpg HTTP/1.1" 200 4702972 "http://www.bing.com/images/search?q=magyarorsz%c3%a1g&view=detailv2&&id=15B8C941DBE33416F150641A36F96A4833199EB1&selectedIndex=13&ccid=wWLO1Drs&simid=608034419688473577&thid=OIP.Mc162ced43aecbd662939cad3d7ed0aebo0&mode=overlay" "Mozilla/5.0 (Windows NT 6.1; WOW64; Trident/7.0; rv:11.0) like Gecko"
66.249.64.188 - - [03/Jan/2017:09:06:13 +0100] "GET /hirlevel/vonattal1602.html HTTP/1.1" 200 28174 "-" "Mozilla/5.0 (compatible; Googlebot/2.1; +http://www.google.com/bot.html)"
195.199.196.251 - - [03/Jan/2017:09:09:00 +0100] "GET /hirlevel/images/1006b.jpg HTTP/1.0" 200 50742 "https://www.google.hu/" "Mozilla/5.0 (Windows NT 5.1; rv:50.0) Gecko/20100101 Firefox/50.0"
207.46.13.5 - - [03/Jan/2017:09:17:27 +0100] "GET / HTTP/1.1" 200 1178 "-" "Mozilla/5.0 (compatible; bingbot/2.0; +http://www.bing.com/bingbot.htm)"
66.249.76.67 - - [03/Jan/2017:09:19:02 +0100] "GET /doc/mkk_eger_tanulmany_2014.pdf HTTP/1.1" 304 - "-" "Mozilla/5.0 (compatible; Googlebot/2.1; +http://www.google.com/bot.html)"
66.249.76.94 - - [03/Jan/2017:09:25:31 +0100] "GET /doc/tisza-to_szoroanyag_2012.pdf HTTP/1.1" 304 - "-" "Mozilla/5.0 (compatible; Googlebot/2.1; +http://www.google.com/bot.html)"
157.55.39.55 - - [03/Jan/2017:09:29:24 +0100] "GET /hirlevel/vasuttal0702.htm HTTP/1.1" 200 24655 "-" "Mozilla/5.0 (compatible; bingbot/2.0; +http://www.bing.com/bingbot.htm)"
157.55.39.167 - - [03/Jan/2017:09:29:31 +0100] "GET /doc/alapsz03.pdf HTTP/1.1" 200 33692 "-" "Mozilla/5.0 (compatible; bingbot/2.0; +http://www.bing.com/bingbot.htm)"
157.55.39.167 - - [03/Jan/2017:09:29:32 +0100] "GET /hirlevel/vonattal1109.htm HTTP/1.1" 200 47571 "-" "Mozilla/5.0 (compatible; bingbot/2.0; +http://www.bing.com/bingbot.htm)"
157.55.39.167 - - [03/Jan/2017:09:29:32 +0100] "GET /hirlevel/vasuttal0806-7.htm HTTP/1.1" 200 20641 "-" "Mozilla/5.0 (compatible; bingbot/2.0; +http://www.bing.com/bingbot.htm)"
66.249.76.67 - - [03/Jan/2017:09:31:28 +0100] "GET /hirlevel/szentendre_1109.pdf HTTP/1.1" 404 1181 "-" "Mozilla/5.0 (Linux; Android 6.0.1; Nexus 5X Build/MMB29P) AppleWebKit/537.36 (KHTML, like Gecko) Chrome/41.0.2272.96 Mobile Safari/537.36 (compatible; Googlebot/2.1; +http://www.google.com/bot.html)"
207.46.13.5 - - [03/Jan/2017:09:31:45 +0100] "GET / HTTP/1.1" 200 1178 "-" "Mozilla/5.0 (compatible; bingbot/2.0; +http://www.bing.com/bingbot.htm)"
66.249.64.134 - - [03/Jan/2017:09:32:33 +0100] "GET /hirlevel/heviz_1109.pdf HTTP/1.1" 200 61799 "-" "Mozilla/5.0 (Linux; Android 6.0.1; Nexus 5X Build/MMB29P) AppleWebKit/537.36 (KHTML, like Gecko) Chrome/41.0.2272.96 Mobile Safari/537.36 (compatible; Googlebot/2.1; +http://www.google.com/bot.html)"
66.249.64.134 - - [03/Jan/2017:09:33:06 +0100] "GET /hirlevel/szigethalom_1109.doc HTTP/1.1" 200 73728 "-" "Mozilla/5.0 (Linux; Android 6.0.1; Nexus 5X Build/MMB29P) AppleWebKit/537.36 (KHTML, like Gecko) Chrome/41.0.2272.96 Mobile Safari/537.36 (compatible; Googlebot/2.1; +http://www.google.com/bot.html)"
66.249.76.67 - - [03/Jan/2017:09:40:27 +0100] "GET /hirlevel/vonattal1401.html HTTP/1.1" 200 16168 "-" "Mozilla/5.0 (compatible; Googlebot/2.1; +http://www.google.com/bot.html)"
104.171.117.130 - - [03/Jan/2017:09:40:49 +0100] "GET / HTTP/1.0" 200 1178 "http://www.mkk.zpok.hu/" "Mozilla/4.0 (compatible; MSIE 6.0; Windows NT 5.1; SV1; .NET CLR 2.0.50727)"
66.249.76.67 - - [03/Jan/2017:09:50:23 +0100] "GET /doc/eletet-a-vasutnak.pdf HTTP/1.1" 304 - "-" "Mozilla/5.0 (compatible; Googlebot/2.1; +http://www.google.com/bot.html)"
66.249.64.134 - - [03/Jan/2017:09:52:38 +0100] "GET /hirlevel/images/201604e.jpg HTTP/1.1" 200 101621 "-" "Googlebot-Image/1.0"
66.249.76.67 - - [03/Jan/2017:09:57:57 +0100] "GET /hirlevel/mosonmagyarovar_1109.doc HTTP/1.1" 200 34304 "-" "Mozilla/5.0 (compatible; Googlebot/2.1; +http://www.google.com/bot.html)"
207.46.13.5 - - [03/Jan/2017:10:01:46 +0100] "GET /hirlevel/vonattal1603.html HTTP/1.1" 200 31488 "-" "Mozilla/5.0 (iPhone; CPU iPhone OS 7_0 like Mac OS X) AppleWebKit/537.51.1 (KHTML, like Gecko) Version/7.0 Mobile/11A465 Safari/9537.53 (compatible; bingbot/2.0; +http://www.bing.com/bingbot.htm)"
157.55.39.167 - - [03/Jan/2017:10:02:08 +0100] "GET /hirlevel/images/avidekkozlekedeseert.swf HTTP/1.1" 200 5063 "-" "Mozilla/5.0 (iPhone; CPU iPhone OS 7_0 like Mac OS X) AppleWebKit/537.51.1 (KHTML, like Gecko) Version/7.0 Mobile/11A465 Safari/9537.53 (compatible; bingbot/2.0; +http://www.bing.com/bingbot.htm)"
66.249.76.3 - - [03/Jan/2017:10:04:47 +0100] "GET /robots.txt HTTP/1.1" 404 1181 "-" "Mozilla/5.0 (compatible; Googlebot/2.1; +http://www.google.com/bot.html)"
66.249.76.7 - - [03/Jan/2017:10:04:47 +0100] "GET /doc/meszaros_peter.ppt HTTP/1.1" 200 75776 "-" "Mozilla/5.0 (compatible; Googlebot/2.1; +http://www.google.com/bot.html)"
207.46.13.5 - - [03/Jan/2017:10:04:56 +0100] "GET /1601_files/NCTA_tamogato_es_lebonyolito_logosor.jpg HTTP/1.1" 404 1181 "-" "Mozilla/5.0 (iPhone; CPU iPhone OS 7_0 like Mac OS X) AppleWebKit/537.51.1 (KHTML, like Gecko) Version/7.0 Mobile/11A465 Safari/9537.53 (compatible; bingbot/2.0; +http://www.bing.com/bingbot.htm)"
66.249.64.129 - - [03/Jan/2017:10:08:14 +0100] "GET /doc/recs_konf_1103.pdf HTTP/1.1" 304 - "-" "Mozilla/5.0 (compatible; Googlebot/2.1; +http://www.google.com/bot.html)"
66.249.76.5 - - [03/Jan/2017:10:25:37 +0100] "GET /doc/kommunike_2011.pdf HTTP/1.1" 200 61630 "-" "Mozilla/5.0 (compatible; Googlebot/2.1; +http://www.google.com/bot.html)"
66.249.76.94 - - [03/Jan/2017:10:32:01 +0100] "GET /hirlevel/images/zsuzsi.jpg HTTP/1.1" 200 57365 "-" "Googlebot-Image/1.0"
89.134.126.101 - - [03/Jan/2017:10:41:21 +0100] "GET /images/vasutterkep_n.jpg HTTP/1.1" 200 4702972 "https://www.google.hu/" "Mozilla/5.0 (Windows NT 6.1; Win64; x64) AppleWebKit/537.36 (KHTML, like Gecko) Chrome/55.0.2883.87 Safari/537.36"
66.249.76.94 - - [03/Jan/2017:10:46:46 +0100] "GET /hirlevel/VONATTAL%20--%20a%20Magyar%20K%C3%B6zleked%C3%A9si%20Klub%20h%C3%ADrlevele_elemei/js HTTP/1.1" 404 1181 "http://mkk.zpok.hu/hirlevel/vonattal1306.html" "Mozilla/5.0 (compatible; Googlebot/2.1; +http://www.google.com/bot.html)"
149.202.89.187 - - [03/Jan/2017:10:47:13 +0100] "GET /doc/konf_0807.pdf HTTP/1.1" 200 67897 "-" "HttpComponents/1.1"
84.206.24.162 - - [03/Jan/2017:10:49:01 +0100] "GET /images/vasutterkep_n.jpg HTTP/1.1" 200 4702972 "http://www.bing.com/images/search?q=magyarorsz%c3%a1g+t%c3%a9rk%c3%a9p&view=detailv2&&id=EED5C511B87C52DCE2F2E560B9E46BEA166E0E79&selectedIndex=13&ccid=gyoX915H&simid=608004754369613178&thid=OIP.M832a17f75e470230331c0045883e6ad3o0&mode=overlay" "Mozilla/5.0 (Windows NT 10.0; WOW64; Trident/7.0; rv:11.0) like Gecko"
66.249.76.64 - - [03/Jan/2017:10:51:46 +0100] "GET /hirlevel/vonattal1505.html HTTP/1.1" 200 31133 "-" "Mozilla/5.0 (compatible; Googlebot/2.1; +http://www.google.com/bot.html)"
193.68.41.17 - - [03/Jan/2017:10:54:30 +0100] "GET /images/vasutterkep_n.jpg HTTP/1.1" 200 4702972 "https://www.google.hu/" "Mozilla/5.0 (Windows NT 6.1) AppleWebKit/537.36 (KHTML, like Gecko) Chrome/55.0.2883.87 Safari/537.36"
66.249.64.188 - - [03/Jan/2017:10:57:25 +0100] "GET /hirlevel/vonattal1105-6.htm HTTP/1.1" 304 - "-" "Mozilla/5.0 (compatible; Googlebot/2.1; +http://www.google.com/bot.html)"
91.89.0.208 - - [03/Jan/2017:10:59:08 +0100] "GET /images/vasutterkep_n.jpg HTTP/1.1" 200 4702972 "http://hoeckmann.de/karten/europa/ungarn/index.htm" "Mozilla/5.0 (Windows NT 6.1; WOW64; rv:50.0) Gecko/20100101 Firefox/50.0"
91.89.0.208 - - [03/Jan/2017:10:59:09 +0100] "GET /favicon.ico HTTP/1.1" 404 1181 "-" "Mozilla/5.0 (Windows NT 6.1; WOW64; rv:50.0) Gecko/20100101 Firefox/50.0"
91.89.0.208 - - [03/Jan/2017:10:59:09 +0100] "GET /favicon.ico HTTP/1.1" 404 1181 "-" "Mozilla/5.0 (Windows NT 6.1; WOW64; rv:50.0) Gecko/20100101 Firefox/50.0"
157.55.39.26 - - [03/Jan/2017:11:00:56 +0100] "GET /hirlevel/Kishidasi2010.pdf HTTP/1.1" 200 129536 "-" "Mozilla/5.0 (compatible; bingbot/2.0; +http://www.bing.com/bingbot.htm)"
131.253.27.160 - - [03/Jan/2017:11:03:05 +0100] "GET /1601_files/NCTA_tamogato_es_lebonyolito_logosor.jpg HTTP/1.1" 404 1181 "-" "Mozilla/5.0 (iPhone; CPU iPhone OS 7_0 like Mac OS X) AppleWebKit/537.51.1 (KHTML, like Gecko) Version/7.0 Mobile/11A465 Safari/9537.53 BingPreview/1.0b"
188.165.207.185 - - [03/Jan/2017:11:04:43 +0100] "GET /doc/konf_0807.pdf HTTP/1.1" 200 67897 "-" "HttpComponents/1.1"
66.249.76.64 - - [03/Jan/2017:11:18:55 +0100] "GET /hirlevel/vonattal1508.html HTTP/1.1" 200 24080 "-" "Mozilla/5.0 (compatible; Googlebot/2.1; +http://www.google.com/bot.html)"
66.249.64.92 - - [03/Jan/2017:11:19:02 +0100] "GET / HTTP/1.1" 304 - "-" "Mozilla/5.0 (compatible; Googlebot/2.1; +http://www.google.com/bot.html)"
66.249.76.5 - - [03/Jan/2017:11:29:51 +0100] "GET /doc/vonatrafel_c.pdf HTTP/1.1" 304 - "-" "Mozilla/5.0 (compatible; Googlebot/2.1; +http://www.google.com/bot.html)"
195.228.171.10 - - [03/Jan/2017:11:40:26 +0100] "GET /favicon.ico HTTP/1.1" 404 1181 "http://www.mkk.zpok.hu/doc/vonatrafel_c.pdf" "Mozilla/5.0 (Windows NT 6.1; Win64; x64) AppleWebKit/537.36 (KHTML, like Gecko) Chrome/55.0.2883.87 Safari/537.36"
195.228.171.10 - - [03/Jan/2017:11:40:26 +0100] "GET /doc/vonatrafel_c.pdf HTTP/1.1" 200 705296 "https://www.google.hu/" "Mozilla/5.0 (Windows NT 6.1; Win64; x64) AppleWebKit/537.36 (KHTML, like Gecko) Chrome/55.0.2883.87 Safari/537.36"
68.180.231.43 - - [03/Jan/2017:11:41:09 +0100] "GET /robots.txt HTTP/1.1" 404 1181 "-" "Mozilla/5.0 (compatible; Yahoo! Slurp; http://help.yahoo.com/help/us/ysearch/slurp)"
68.180.231.43 - - [03/Jan/2017:11:41:10 +0100] "GET /doc/kommunike_2011.pdf HTTP/1.1" 200 61630 "-" "Mozilla/5.0 (compatible; Yahoo! Slurp; http://help.yahoo.com/help/us/ysearch/slurp)"
66.249.64.129 - - [03/Jan/2017:11:42:55 +0100] "GET /hirlevel/vonattal1512.html HTTP/1.1" 200 36609 "-" "Mozilla/5.0 (compatible; Googlebot/2.1; +http://www.google.com/bot.html)"
157.55.39.127 - - [03/Jan/2017:11:45:04 +0100] "GET /hirlevel/images/1105_d.jpg HTTP/1.1" 200 34236 "-" "Mozilla/5.0 (compatible; bingbot/2.0; +http://www.bing.com/bingbot.htm)"
104.131.147.112 - - [03/Jan/2017:11:49:09 +0100] "GET / HTTP/1.1" 200 1178 "-" "Mozilla/5.0 (compatible; Gluten Free Crawler/1.0; +http://glutenfreepleasure.com/)"
92.63.243.243 - - [03/Jan/2017:11:49:40 +0100] "GET /hirlevel/images/1009_terkep_n.jpg HTTP/1.1" 200 598267 "https://www.google.hu/" "Mozilla/5.0 (Windows NT 10.0; Win64; x64) AppleWebKit/537.36 (KHTML, like Gecko) Chrome/55.0.2883.87 Safari/537.36"
207.46.13.5 - - [03/Jan/2017:11:49:40 +0100] "GET /hirlevel/images/norway.jpg HTTP/1.1" 200 18949 "-" "Mozilla/5.0 (compatible; bingbot/2.0; +http://www.bing.com/bingbot.htm)"
188.27.18.96 - - [03/Jan/2017:11:52:59 +0100] "GET /images/vasutterkep_n.jpg HTTP/1.1" 200 4443808 "https://www.google.ro/" "Mozilla/5.0 (Windows NT 6.1) AppleWebKit/537.36 (KHTML, like Gecko) Chrome/55.0.2883.87 Safari/537.36"
66.249.76.64 - - [03/Jan/2017:11:53:38 +0100] "GET /images/b2_2012_03_+terkepkep.pdf HTTP/1.1" 304 - "-" "Mozilla/5.0 (compatible; Googlebot/2.1; +http://www.google.com/bot.html)"
195.199.197.73 - - [03/Jan/2017:11:55:39 +0100] "GET /images/vasutterkep_n.jpg HTTP/1.1" 200 4702972 "http://www.bing.com/images/search?q=magyarorsz%c3%a1g&view=detailv2&&id=ABE69416F1D7F1B0507150BE2C13FE462F18D6CE&selectedIndex=0&ccid=xH8rG21t&simid=608043194319571851&thid=OIP.xH8rG21tOZ8qFZQ6cp4D7AEsC6&mode=overlay" "Mozilla/5.0 (Windows NT 6.3; WOW64; Trident/7.0; rv:11.0) like Gecko"
66.249.64.188 - - [03/Jan/2017:11:59:02 +0100] "GET /doc/mkk_eger_tanulmany_2014.pdf HTTP/1.1" 304 - "-" "Mozilla/5.0 (compatible; Googlebot/2.1; +http://www.google.com/bot.html)"
157.55.39.26 - - [03/Jan/2017:12:01:38 +0100] "GET /hirlevel/NCTA_tamogato_es_lebonyolito_logosor.jpg HTTP/1.1" 200 22139 "-" "Mozilla/5.0 (compatible; bingbot/2.0; +http://www.bing.com/bingbot.htm)"
66.249.76.67 - - [03/Jan/2017:12:04:10 +0100] "GET /hirlevel/vonattal1110.html HTTP/1.1" 200 30080 "-" "Mozilla/5.0 (compatible; Googlebot/2.1; +http://www.google.com/bot.html)"
193.68.41.17 - - [03/Jan/2017:12:07:22 +0100] "GET /doc/helyierdeku_vasutak2009.ppt HTTP/1.1" 200 2578944 "http://vasut.kteam.hu/link.html" "Mozilla/5.0 (Windows NT 6.1; rv:50.0) Gecko/20100101 Firefox/50.0"
130.193.51.56 - - [03/Jan/2017:12:08:12 +0100] "GET /robots.txt HTTP/1.1" 404 1181 "-" "Mozilla/5.0 (compatible; YandexBot/3.0; +http://yandex.com/bots)"
130.193.51.56 - - [03/Jan/2017:12:08:17 +0100] "GET /hirlevel/images/zajta_201012.jpg HTTP/1.1" 200 1004287 "-" "Mozilla/5.0 (compatible; YandexImages/3.0; +http://yandex.com/bots)"
66.249.64.129 - - [03/Jan/2017:12:09:51 +0100] "GET /hirlevel/dombovar_1109.pdf HTTP/1.1" 200 57973 "-" "Mozilla/5.0 (Linux; Android 6.0.1; Nexus 5X Build/MMB29P) AppleWebKit/537.36 (KHTML, like Gecko) Chrome/41.0.2272.96 Mobile Safari/537.36 (compatible; Googlebot/2.1; +http://www.google.com/bot.html)"
93.158.152.25 - - [03/Jan/2017:12:10:18 +0100] "GET /hirlevel/images/karpatok_1.jpg HTTP/1.1" 200 11811 "-" "Mozilla/5.0 (compatible; YandexImages/3.0; +http://yandex.com/bots)"
66.249.64.129 - - [03/Jan/2017:12:11:45 +0100] "GET /hirlevel/hatarmenten_201109.pdf HTTP/1.1" 200 5596450 "-" "Mozilla/5.0 (compatible; Googlebot/2.1; +http://www.google.com/bot.html)"
162.210.196.129 - - [03/Jan/2017:12:12:00 +0100] "GET /robots.txt HTTP/1.1" 404 1181 "-" "Mozilla/5.0 (compatible; MJ12bot/v1.4.7; http://mj12bot.com/)"
162.210.196.129 - - [03/Jan/2017:12:12:23 +0100] "GET / HTTP/1.1" 200 1178 "-" "Mozilla/5.0 (compatible; MJ12bot/v1.4.7; http://mj12bot.com/)"
195.199.243.233 - - [03/Jan/2017:12:16:11 +0100] "GET /images/vasutterkep_n.jpg HTTP/1.1" 200 4702972 "https://www.bing.com/" "Mozilla/5.0 (Windows NT 10.0; Win64; x64) AppleWebKit/537.36 (KHTML, like Gecko) Chrome/51.0.2704.79 Safari/537.36 Edge/14.14393"
104.171.117.130 - - [03/Jan/2017:12:26:47 +0100] "GET / HTTP/1.0" 200 1178 "http://www.mkk.zpok.hu/" "Mozilla/4.0 (compatible; MSIE 6.0; Windows NT 5.1; SV1; .NET CLR 2.0.50727)"
157.55.39.53 - - [03/Jan/2017:12:29:00 +0100] "GET /images/b2_2012_03_+terkepkep.pdf HTTP/1.1" 200 10763211 "-" "Mozilla/5.0 (iPhone; CPU iPhone OS 7_0 like Mac OS X) AppleWebKit/537.51.1 (KHTML, like Gecko) Version/7.0 Mobile/11A465 Safari/9537.53 (compatible; bingbot/2.0; +http://www.bing.com/bingbot.htm)"
66.249.76.94 - - [03/Jan/2017:12:33:38 +0100] "GET /doc/eletet-a-vasutnak.pdf HTTP/1.1" 304 - "-" "Mozilla/5.0 (compatible; Googlebot/2.1; +http://www.google.com/bot.html)"
66.249.76.94 - - [03/Jan/2017:12:36:21 +0100] "GET /hirlevel/vonattal1506.html HTTP/1.1" 200 19070 "-" "Mozilla/5.0 (compatible; Googlebot/2.1; +http://www.google.com/bot.html)"
195.199.215.182 - - [03/Jan/2017:12:45:55 +0100] "GET /images/vasutterkep_n.jpg HTTP/1.1" 200 256637 "https://www.google.hu/" "Mozilla/5.0 (Windows NT 10.0; Win64; x64) AppleWebKit/537.36 (KHTML, like Gecko) Chrome/55.0.2883.87 Safari/537.36"
66.249.76.64 - - [03/Jan/2017:12:48:46 +0100] "GET /doc/tisza-to_szoroanyag_2012.pdf HTTP/1.1" 304 - "-" "Mozilla/5.0 (compatible; Googlebot/2.1; +http://www.google.com/bot.html)"
104.131.147.112 - - [03/Jan/2017:12:50:32 +0100] "GET / HTTP/1.1" 200 1178 "-" "Mozilla/5.0 (compatible; Gluten Free Crawler/1.0; +http://glutenfreepleasure.com/)"
89.133.121.3 - - [03/Jan/2017:12:51:47 +0100] "GET /images/vasutterkep_n.jpg HTTP/1.1" 200 4702972 "https://www.bing.com/" "Mozilla/5.0 (Windows NT 10.0; Win64; x64) AppleWebKit/537.36 (KHTML, like Gecko) Chrome/46.0.2486.0 Safari/537.36 Edge/13.10586"
157.55.39.167 - - [03/Jan/2017:13:02:02 +0100] "GET /doc/a_kozlekedesmenedzsment_korszeru_eszkozei.pdf HTTP/1.1" 404 1181 "-" "Mozilla/5.0 (iPhone; CPU iPhone OS 7_0 like Mac OS X) AppleWebKit/537.51.1 (KHTML, like Gecko) Version/7.0 Mobile/11A465 Safari/9537.53 (compatible; bingbot/2.0; +http://www.bing.com/bingbot.htm)"
66.249.76.64 - - [03/Jan/2017:13:02:34 +0100] "GET /hirlevel/vonattal1501.html HTTP/1.1" 200 25759 "-" "Mozilla/5.0 (compatible; Googlebot/2.1; +http://www.google.com/bot.html)"
85.66.224.224 - - [03/Jan/2017:13:02:39 +0100] "GET /hirlevel/majdan_janos_a_kozlekedes_tortenete_nagy_laszlo.pdf HTTP/1.1" 200 77184 "https://www.google.hu/" "Mozilla/5.0 (Windows NT 6.1; Win64; x64) AppleWebKit/537.36 (KHTML, like Gecko) Chrome/55.0.2883.87 Safari/537.36"
85.66.224.224 - - [03/Jan/2017:13:02:39 +0100] "GET /favicon.ico HTTP/1.1" 404 1181 "http://mkk.zpok.hu/hirlevel/majdan_janos_a_kozlekedes_tortenete_nagy_laszlo.pdf" "Mozilla/5.0 (Windows NT 6.1; Win64; x64) AppleWebKit/537.36 (KHTML, like Gecko) Chrome/55.0.2883.87 Safari/537.36"
163.172.68.123 - - [03/Jan/2017:13:03:20 +0100] "GET /robots.txt HTTP/1.1" 404 1181 "-" "Mozilla/5.0 (compatible; MJ12bot/v1.4.7; http://mj12bot.com/)"
163.172.68.123 - - [03/Jan/2017:13:03:24 +0100] "GET /hirlevel/vonattal1206.htm HTTP/1.1" 200 47612 "-" "Mozilla/5.0 (compatible; MJ12bot/v1.4.7; http://mj12bot.com/)"
31.13.110.121 - - [03/Jan/2017:13:03:29 +0100] "GET /hirlevel/majdan_janos_a_kozlekedes_tortenete_nagy_laszlo.pdf HTTP/1.1" 206 77184 "-" "facebookexternalhit/1.1 (+http://www.facebook.com/externalhit_uatext.php)"
31.13.112.116 - - [03/Jan/2017:13:03:46 +0100] "GET /hirlevel/majdan_janos_a_kozlekedes_tortenete_nagy_laszlo.pdf HTTP/1.1" 206 77184 "-" "facebookexternalhit/1.1"
31.13.114.79 - - [03/Jan/2017:13:03:46 +0100] "GET /hirlevel/majdan_janos_a_kozlekedes_tortenete_nagy_laszlo.pdf HTTP/1.1" 206 77184 "-" "facebookexternalhit/1.1"
66.249.76.67 - - [03/Jan/2017:13:14:43 +0100] "GET /hirlevel/vonattal1409.html HTTP/1.1" 304 - "-" "Mozilla/5.0 (compatible; Googlebot/2.1; +http://www.google.com/bot.html)"
91.114.82.46 - - [03/Jan/2017:13:14:47 +0100] "GET /images/vasutterkep_n.jpg HTTP/1.1" 200 4702972 "https://www.facebook.com/" "Mozilla/5.0 (Windows NT 6.1; WOW64) AppleWebKit/537.36 (KHTML, like Gecko) Chrome/55.0.2883.87 Safari/537.36"
91.114.82.46 - - [03/Jan/2017:13:14:48 +0100] "GET /favicon.ico HTTP/1.1" 404 1181 "http://www.mkk.zpok.hu/images/vasutterkep_n.jpg" "Mozilla/5.0 (Windows NT 6.1; WOW64) AppleWebKit/537.36 (KHTML, like Gecko) Chrome/55.0.2883.87 Safari/537.36"
66.249.76.67 - - [03/Jan/2017:13:17:57 +0100] "GET /hirlevel/vonattal1603.html HTTP/1.1" 304 - "-" "Mozilla/5.0 (compatible; Googlebot/2.1; +http://www.google.com/bot.html)"
66.249.76.67 - - [03/Jan/2017:13:21:50 +0100] "GET /hirlevel/vonattal1409.html HTTP/1.1" 200 32865 "-" "Mozilla/5.0 (compatible; Googlebot/2.1; +http://www.google.com/bot.html)"
131.253.27.41 - - [03/Jan/2017:13:30:30 +0100] "GET /images/b2_2012_03_+terkepkep.pdf HTTP/1.1" 200 4317184 "-" "Mozilla/5.0 (iPhone; CPU iPhone OS 7_0 like Mac OS X) AppleWebKit/537.51.1 (KHTML, like Gecko) Version/7.0 Mobile/11A465 Safari/9537.53 BingPreview/1.0b"
66.249.76.67 - - [03/Jan/2017:13:40:42 +0100] "GET /hirlevel/vonattal1410.html HTTP/1.1" 200 34691 "-" "Mozilla/5.0 (compatible; Googlebot/2.1; +http://www.google.com/bot.html)"
84.206.24.162 - - [03/Jan/2017:13:45:32 +0100] "GET /images/vasutterkep_n.jpg HTTP/1.1" 304 - "http://www.bing.com/images/search?q=magyarorsz%c3%a1g+t%c3%a9rk%c3%a9p&view=detailv2&&id=FFAC0DC173481E5E513723C491A4CA2751948B46&selectedIndex=12&ccid=CmWuNdWP&simid=608008710018174096&thid=OIP.M0a65ae35d58f916aeeb78974eb8e19d7H0&mode=overlay" "Mozilla/5.0 (Windows NT 10.0; WOW64; Trident/7.0; rv:11.0) like Gecko"
66.249.76.5 - - [03/Jan/2017:13:56:53 +0100] "GET / HTTP/1.1" 304 - "-" "Mozilla/5.0 (compatible; Googlebot/2.1; +http://www.google.com/bot.html)"
46.229.164.102 - - [03/Jan/2017:14:02:47 +0100] "GET /robots.txt HTTP/1.1" 404 1181 "-" "Mozilla/5.0 (compatible; SemrushBot/1.1~bl; +http://www.semrush.com/bot.html)"
188.6.92.74 - - [03/Jan/2017:14:04:56 +0100] "GET /hirlevel/images/1410_u.jpg HTTP/1.1" 200 248000 "-" "Mozilla/5.0 (Linux; Android 5.1.1; SM-G531F Build/LMY48B; wv) AppleWebKit/537.36 (KHTML, like Gecko) Version/4.0 Chrome/55.0.2883.91 Mobile Safari/537.36 GSA/6.9.36.21.arm"
66.249.76.94 - - [03/Jan/2017:14:08:30 +0100] "GET /hirlevel/vonattal1304.html HTTP/1.1" 200 53937 "-" "Mozilla/5.0 (compatible; Googlebot/2.1; +http://www.google.com/bot.html)"
68.180.231.43 - - [03/Jan/2017:14:16:54 +0100] "GET /robots.txt HTTP/1.1" 404 1181 "-" "Mozilla/5.0 (compatible; Yahoo! Slurp; http://help.yahoo.com/help/us/ysearch/slurp)"
68.180.231.43 - - [03/Jan/2017:14:16:55 +0100] "GET /doc/ombudsman_0711.pdf HTTP/1.1" 200 39434 "-" "Mozilla/5.0 (compatible; Yahoo! Slurp; http://help.yahoo.com/help/us/ysearch/slurp)"
212.24.168.133 - - [03/Jan/2017:14:18:12 +0100] "GET /images/vasutterkep_n.jpg HTTP/1.1" 200 4702972 "https://www.google.hu/" "Mozilla/5.0 (Windows NT 6.1; WOW64) AppleWebKit/537.36 (KHTML, like Gecko) Chrome/55.0.2883.87 Safari/537.36"
