207.46.13.54 - - [29/Jan/2017:14:00:55 +0100] "GET /hirlevel/images/1203_1.jpg HTTP/1.1" 200 15022 "-" "Mozilla/5.0 (compatible; bingbot/2.0; +http://www.bing.com/bingbot.htm)"
207.46.13.254 - - [29/Jan/2017:14:01:06 +0100] "GET /robots.txt HTTP/1.1" 404 1181 "-" "Mozilla/5.0 (compatible; bingbot/2.0; +http://www.bing.com/bingbot.htm)"
157.55.39.150 - - [29/Jan/2017:14:01:14 +0100] "GET /hirlevel/images/1007d.jpg HTTP/1.1" 200 108627 "-" "Mozilla/5.0 (compatible; bingbot/2.0; +http://www.bing.com/bingbot.htm)"
157.55.39.150 - - [29/Jan/2017:14:03:43 +0100] "GET /hirlevel/images/jaszboldoghaza.jpg HTTP/1.1" 200 101033 "-" "Mozilla/5.0 (compatible; bingbot/2.0; +http://www.bing.com/bingbot.htm)"
85.119.12.32 - - [29/Jan/2017:14:04:24 +0100] "GET /images/vasutterkep_n.jpg HTTP/1.1" 200 2224657 "https://www.bing.com/" "Mozilla/5.0 (Windows NT 10.0; Win64; x64) AppleWebKit/537.36 (KHTML, like Gecko) Chrome/51.0.2704.79 Safari/537.36 Edge/14.14393"
66.249.64.124 - - [29/Jan/2017:14:05:05 +0100] "GET /hirlevel/vonattal0810.htm HTTP/1.1" 200 36363 "-" "Mozilla/5.0 (compatible; Googlebot/2.1; +http://www.google.com/bot.html)"
85.238.65.114 - - [29/Jan/2017:14:07:52 +0100] "GET /images/vasutterkep_n.jpg HTTP/1.1" 200 4702972 "https://www.google.hu/" "Mozilla/5.0 (Windows NT 10.0; WOW64) AppleWebKit/537.36 (KHTML, like Gecko) Chrome/55.0.2883.87 Safari/537.36"
66.249.64.65 - - [29/Jan/2017:14:19:50 +0100] "GET /hirlevel/vonattal1103.htm HTTP/1.1" 200 36669 "-" "Mozilla/5.0 (compatible; Googlebot/2.1; +http://www.google.com/bot.html)"
66.249.64.84 - - [29/Jan/2017:14:20:38 +0100] "GET /robots.txt HTTP/1.1" 404 1181 "-" "Mozilla/5.0 (compatible; Googlebot/2.1; +http://www.google.com/bot.html)"
66.249.64.84 - - [29/Jan/2017:14:20:39 +0100] "GET /doc/mellekvonalak2006.pdf HTTP/1.1" 200 62040 "-" "Mozilla/5.0 (Linux; Android 6.0.1; Nexus 5X Build/MMB29P) AppleWebKit/537.36 (KHTML, like Gecko) Chrome/41.0.2272.96 Mobile Safari/537.36 (compatible; Googlebot/2.1; +http://www.google.com/bot.html)"
66.249.64.65 - - [29/Jan/2017:14:38:18 +0100] "GET /hirlevel/vasuttal0801.htm HTTP/1.1" 200 23813 "-" "Mozilla/5.0 (compatible; Googlebot/2.1; +http://www.google.com/bot.html)"
109.61.45.54 - - [29/Jan/2017:14:40:38 +0100] "GET /images/vasutterkep_n.jpg HTTP/1.1" 200 3571712 "https://www.google.hu/" "Mozilla/5.0 (Windows NT 6.3; WOW64; rv:50.0) Gecko/20100101 Firefox/50.0"
151.251.0.6 - - [29/Jan/2017:14:47:14 +0100] "GET /images/vasutterkep_n.jpg HTTP/1.1" 200 4120576 "https://www.google.bg/" "Mozilla/5.0 (Windows NT 10.0; WOW64) AppleWebKit/537.36 (KHTML, like Gecko) Chrome/55.0.2883.87 Safari/537.36 OPR/42.0.2393.137"
77.111.90.197 - - [29/Jan/2017:14:52:06 +0100] "GET / HTTP/1.1" 200 1178 "-" "Mozilla/5.0 (Windows NT 6.1; WOW64) AppleWebKit/537.36 (KHTML, like Gecko) Chrome/46.0.2490.71 Safari/537.36"
77.111.90.197 - - [29/Jan/2017:14:52:06 +0100] "GET / HTTP/1.0" 200 1178 "-" "-"
188.62.165.255 - - [29/Jan/2017:14:56:06 +0100] "GET /images/vasutterkep_n.jpg HTTP/1.1" 200 4702972 "https://www.google.ch/" "Mozilla/5.0 (iPad; CPU OS 10_2_1 like Mac OS X) AppleWebKit/602.4.6 (KHTML, like Gecko) Version/10.0 Mobile/14D27 Safari/602.1"
66.249.64.70 - - [29/Jan/2017:14:59:23 +0100] "GET /hirlevel/vasuttal0707.htm HTTP/1.1" 200 30203 "-" "Mozilla/5.0 (compatible; Googlebot/2.1; +http://www.google.com/bot.html)"
95.90.195.65 - - [29/Jan/2017:15:05:01 +0100] "GET /images/vasutterkep_n.jpg HTTP/1.1" 200 4702972 "https://www.bing.com/" "Mozilla/5.0 (Windows NT 10.0; Win64; x64) AppleWebKit/537.36 (KHTML, like Gecko) Chrome/51.0.2704.79 Safari/537.36 Edge/14.14393"
66.249.64.70 - - [29/Jan/2017:15:11:37 +0100] "GET /hirlevel/vonattal0911.htm HTTP/1.1" 200 41812 "-" "Mozilla/5.0 (compatible; Googlebot/2.1; +http://www.google.com/bot.html)"
66.249.64.84 - - [29/Jan/2017:15:23:39 +0100] "GET /doc/pontverseny.xls HTTP/1.1" 200 17408 "-" "Mozilla/5.0 (Linux; Android 6.0.1; Nexus 5X Build/MMB29P) AppleWebKit/537.36 (KHTML, like Gecko) Chrome/41.0.2272.96 Mobile Safari/537.36 (compatible; Googlebot/2.1; +http://www.google.com/bot.html)"
66.249.64.65 - - [29/Jan/2017:15:30:09 +0100] "GET /hirlevel/vonattal0909.htm HTTP/1.1" 200 17252 "-" "Mozilla/5.0 (compatible; Googlebot/2.1; +http://www.google.com/bot.html)"
86.59.158.170 - - [29/Jan/2017:15:34:07 +0100] "GET / HTTP/1.1" 200 1178 "-" "Mozilla/5.0 (Windows NT 6.1; WOW64; rv:51.0) Gecko/20100101 Firefox/51.0"
86.59.158.170 - - [29/Jan/2017:15:34:09 +0100] "GET /index.swf HTTP/1.1" 200 1451930 "http://mkk.zpok.hu/" "Mozilla/5.0 (Windows NT 6.1; WOW64; rv:51.0) Gecko/20100101 Firefox/51.0"
86.59.158.170 - - [29/Jan/2017:15:34:11 +0100] "GET /popupsys%20elemei/main.txt HTTP/1.1" 200 342 "http://mkk.zpok.hu/index.swf" "Mozilla/5.0 (Windows NT 6.1; WOW64; rv:51.0) Gecko/20100101 Firefox/51.0"
86.59.158.170 - - [29/Jan/2017:15:34:11 +0100] "GET /hirek.xml HTTP/1.1" 200 51504 "http://mkk.zpok.hu/index.swf" "Mozilla/5.0 (Windows NT 6.1; WOW64; rv:51.0) Gecko/20100101 Firefox/51.0"
94.21.112.79 - - [29/Jan/2017:15:38:00 +0100] "GET /images/vasutterkep_n.jpg HTTP/1.1" 200 4702972 "http://www.terkepkalauz.hu/index.php?option=com_content&task=view&id=396" "Mozilla/5.0 (X11; Linux i686) AppleWebKit/537.36 (KHTML, like Gecko) Chrome/48.0.2564.116 Safari/537.36"
94.21.112.79 - - [29/Jan/2017:15:38:00 +0100] "GET /favicon.ico HTTP/1.1" 404 1181 "http://www.mkk.zpok.hu/images/vasutterkep_n.jpg" "Mozilla/5.0 (X11; Linux i686) AppleWebKit/537.36 (KHTML, like Gecko) Chrome/48.0.2564.116 Safari/537.36"
89.121.137.212 - - [29/Jan/2017:15:38:59 +0100] "GET /images/vasutterkep_n.jpg HTTP/1.1" 200 3201417 "https://www.google.ro/" "Mozilla/5.0 (Windows NT 5.1; rv:51.0) Gecko/20100101 Firefox/51.0"
145.236.209.31 - - [29/Jan/2017:15:41:11 +0100] "GET /hirlevel/images/1307_4.jpg HTTP/1.1" 200 183594 "https://www.google.hu/" "Mozilla/5.0 (Windows NT 6.1; WOW64) AppleWebKit/537.36 (KHTML, like Gecko) Chrome/55.0.2883.87 Safari/537.36"
86.59.158.170 - - [29/Jan/2017:15:41:36 +0100] "GET /uj_honlap/index.htm HTTP/1.1" 200 1865 "-" "Mozilla/5.0 (Windows NT 6.1; WOW64; Trident/7.0; rv:11.0) like Gecko"
86.59.158.170 - - [29/Jan/2017:15:41:36 +0100] "GET /uj_honlap/mkk_banner.png HTTP/1.1" 200 62097 "http://mkk.zpok.hu/uj_honlap/index.htm" "Mozilla/5.0 (Windows NT 6.1; WOW64; Trident/7.0; rv:11.0) like Gecko"
86.59.158.170 - - [29/Jan/2017:15:41:43 +0100] "GET /uj_honlap/kikvagyunk2.htm HTTP/1.1" 200 12559 "http://mkk.zpok.hu/uj_honlap/index.htm" "Mozilla/5.0 (Windows NT 6.1; WOW64; Trident/7.0; rv:11.0) like Gecko"
86.59.158.170 - - [29/Jan/2017:15:41:43 +0100] "GET /uj_honlap/icons/icons_k/1.png HTTP/1.1" 200 3187 "http://mkk.zpok.hu/uj_honlap/kikvagyunk2.htm" "Mozilla/5.0 (Windows NT 6.1; WOW64; Trident/7.0; rv:11.0) like Gecko"
86.59.158.170 - - [29/Jan/2017:15:41:43 +0100] "GET /uj_honlap/icons/icons_k/4.png HTTP/1.1" 200 3413 "http://mkk.zpok.hu/uj_honlap/kikvagyunk2.htm" "Mozilla/5.0 (Windows NT 6.1; WOW64; Trident/7.0; rv:11.0) like Gecko"
86.59.158.170 - - [29/Jan/2017:15:41:43 +0100] "GET /uj_honlap/icons/icons_k/2.png HTTP/1.1" 200 4758 "http://mkk.zpok.hu/uj_honlap/kikvagyunk2.htm" "Mozilla/5.0 (Windows NT 6.1; WOW64; Trident/7.0; rv:11.0) like Gecko"
86.59.158.170 - - [29/Jan/2017:15:41:43 +0100] "GET /uj_honlap/icons/icons_k/6.png HTTP/1.1" 200 2260 "http://mkk.zpok.hu/uj_honlap/kikvagyunk2.htm" "Mozilla/5.0 (Windows NT 6.1; WOW64; Trident/7.0; rv:11.0) like Gecko"
86.59.158.170 - - [29/Jan/2017:15:41:43 +0100] "GET /uj_honlap/icons/icons_k/5.png HTTP/1.1" 200 3092 "http://mkk.zpok.hu/uj_honlap/kikvagyunk2.htm" "Mozilla/5.0 (Windows NT 6.1; WOW64; Trident/7.0; rv:11.0) like Gecko"
86.59.158.170 - - [29/Jan/2017:15:41:43 +0100] "GET /uj_honlap/icons/icons_k/3.png HTTP/1.1" 200 4542 "http://mkk.zpok.hu/uj_honlap/kikvagyunk2.htm" "Mozilla/5.0 (Windows NT 6.1; WOW64; Trident/7.0; rv:11.0) like Gecko"
86.59.158.170 - - [29/Jan/2017:15:41:53 +0100] "GET /uj_honlap/projektek2.htm HTTP/1.1" 200 5819 "http://mkk.zpok.hu/uj_honlap/index.htm" "Mozilla/5.0 (Windows NT 6.1; WOW64; Trident/7.0; rv:11.0) like Gecko"
86.59.158.170 - - [29/Jan/2017:15:41:53 +0100] "GET /uj_honlap/icons/icons_k/11.png HTTP/1.1" 200 2333 "http://mkk.zpok.hu/uj_honlap/projektek2.htm" "Mozilla/5.0 (Windows NT 6.1; WOW64; Trident/7.0; rv:11.0) like Gecko"
86.59.158.170 - - [29/Jan/2017:15:41:53 +0100] "GET /uj_honlap/icons/icons_k/13.png HTTP/1.1" 200 841 "http://mkk.zpok.hu/uj_honlap/projektek2.htm" "Mozilla/5.0 (Windows NT 6.1; WOW64; Trident/7.0; rv:11.0) like Gecko"
86.59.158.170 - - [29/Jan/2017:15:41:53 +0100] "GET /uj_honlap/icons/icons_k/9.png HTTP/1.1" 200 2139 "http://mkk.zpok.hu/uj_honlap/projektek2.htm" "Mozilla/5.0 (Windows NT 6.1; WOW64; Trident/7.0; rv:11.0) like Gecko"
86.59.158.170 - - [29/Jan/2017:15:41:57 +0100] "GET /uj_honlap/kikvagyunk2.htm HTTP/1.1" 304 - "http://mkk.zpok.hu/uj_honlap/index.htm" "Mozilla/5.0 (Windows NT 6.1; WOW64; Trident/7.0; rv:11.0) like Gecko"
86.59.158.170 - - [29/Jan/2017:15:41:57 +0100] "GET /uj_honlap/icons/icons_k/1.png HTTP/1.1" 304 - "http://mkk.zpok.hu/uj_honlap/kikvagyunk2.htm" "Mozilla/5.0 (Windows NT 6.1; WOW64; Trident/7.0; rv:11.0) like Gecko"
86.59.158.170 - - [29/Jan/2017:15:41:57 +0100] "GET /uj_honlap/icons/icons_k/2.png HTTP/1.1" 304 - "http://mkk.zpok.hu/uj_honlap/kikvagyunk2.htm" "Mozilla/5.0 (Windows NT 6.1; WOW64; Trident/7.0; rv:11.0) like Gecko"
86.59.158.170 - - [29/Jan/2017:15:41:57 +0100] "GET /uj_honlap/icons/icons_k/4.png HTTP/1.1" 304 - "http://mkk.zpok.hu/uj_honlap/kikvagyunk2.htm" "Mozilla/5.0 (Windows NT 6.1; WOW64; Trident/7.0; rv:11.0) like Gecko"
86.59.158.170 - - [29/Jan/2017:15:41:57 +0100] "GET /uj_honlap/icons/icons_k/5.png HTTP/1.1" 304 - "http://mkk.zpok.hu/uj_honlap/kikvagyunk2.htm" "Mozilla/5.0 (Windows NT 6.1; WOW64; Trident/7.0; rv:11.0) like Gecko"
86.59.158.170 - - [29/Jan/2017:15:41:57 +0100] "GET /uj_honlap/icons/icons_k/3.png HTTP/1.1" 304 - "http://mkk.zpok.hu/uj_honlap/kikvagyunk2.htm" "Mozilla/5.0 (Windows NT 6.1; WOW64; Trident/7.0; rv:11.0) like Gecko"
86.59.158.170 - - [29/Jan/2017:15:41:57 +0100] "GET /uj_honlap/icons/icons_k/6.png HTTP/1.1" 304 - "http://mkk.zpok.hu/uj_honlap/kikvagyunk2.htm" "Mozilla/5.0 (Windows NT 6.1; WOW64; Trident/7.0; rv:11.0) like Gecko"
86.59.158.170 - - [29/Jan/2017:15:42:09 +0100] "GET /uj_honlap/projektek2.htm HTTP/1.1" 304 - "http://mkk.zpok.hu/uj_honlap/index.htm" "Mozilla/5.0 (Windows NT 6.1; WOW64; Trident/7.0; rv:11.0) like Gecko"
86.59.158.170 - - [29/Jan/2017:15:42:09 +0100] "GET /uj_honlap/icons/icons_k/11.png HTTP/1.1" 304 - "http://mkk.zpok.hu/uj_honlap/projektek2.htm" "Mozilla/5.0 (Windows NT 6.1; WOW64; Trident/7.0; rv:11.0) like Gecko"
86.59.158.170 - - [29/Jan/2017:15:42:09 +0100] "GET /uj_honlap/icons/icons_k/9.png HTTP/1.1" 304 - "http://mkk.zpok.hu/uj_honlap/projektek2.htm" "Mozilla/5.0 (Windows NT 6.1; WOW64; Trident/7.0; rv:11.0) like Gecko"
86.59.158.170 - - [29/Jan/2017:15:42:09 +0100] "GET /uj_honlap/icons/icons_k/13.png HTTP/1.1" 304 - "http://mkk.zpok.hu/uj_honlap/projektek2.htm" "Mozilla/5.0 (Windows NT 6.1; WOW64; Trident/7.0; rv:11.0) like Gecko"
86.59.158.170 - - [29/Jan/2017:15:42:18 +0100] "GET /uj_honlap/tagsag2.htm HTTP/1.1" 200 974 "http://mkk.zpok.hu/uj_honlap/index.htm" "Mozilla/5.0 (Windows NT 6.1; WOW64; Trident/7.0; rv:11.0) like Gecko"
86.59.158.170 - - [29/Jan/2017:15:42:27 +0100] "GET /uj_honlap/projektek2.htm HTTP/1.1" 304 - "http://mkk.zpok.hu/uj_honlap/index.htm" "Mozilla/5.0 (Windows NT 6.1; WOW64; Trident/7.0; rv:11.0) like Gecko"
86.59.158.170 - - [29/Jan/2017:15:42:27 +0100] "GET /uj_honlap/icons/icons_k/9.png HTTP/1.1" 304 - "http://mkk.zpok.hu/uj_honlap/projektek2.htm" "Mozilla/5.0 (Windows NT 6.1; WOW64; Trident/7.0; rv:11.0) like Gecko"
86.59.158.170 - - [29/Jan/2017:15:42:27 +0100] "GET /uj_honlap/icons/icons_k/13.png HTTP/1.1" 304 - "http://mkk.zpok.hu/uj_honlap/projektek2.htm" "Mozilla/5.0 (Windows NT 6.1; WOW64; Trident/7.0; rv:11.0) like Gecko"
86.59.158.170 - - [29/Jan/2017:15:42:27 +0100] "GET /uj_honlap/icons/icons_k/11.png HTTP/1.1" 304 - "http://mkk.zpok.hu/uj_honlap/projektek2.htm" "Mozilla/5.0 (Windows NT 6.1; WOW64; Trident/7.0; rv:11.0) like Gecko"
86.59.158.170 - - [29/Jan/2017:15:42:30 +0100] "GET /uj_honlap/kikvagyunk2.htm HTTP/1.1" 304 - "http://mkk.zpok.hu/uj_honlap/index.htm" "Mozilla/5.0 (Windows NT 6.1; WOW64; Trident/7.0; rv:11.0) like Gecko"
86.59.158.170 - - [29/Jan/2017:15:42:30 +0100] "GET /uj_honlap/icons/icons_k/1.png HTTP/1.1" 304 - "http://mkk.zpok.hu/uj_honlap/kikvagyunk2.htm" "Mozilla/5.0 (Windows NT 6.1; WOW64; Trident/7.0; rv:11.0) like Gecko"
86.59.158.170 - - [29/Jan/2017:15:42:30 +0100] "GET /uj_honlap/icons/icons_k/2.png HTTP/1.1" 304 - "http://mkk.zpok.hu/uj_honlap/kikvagyunk2.htm" "Mozilla/5.0 (Windows NT 6.1; WOW64; Trident/7.0; rv:11.0) like Gecko"
86.59.158.170 - - [29/Jan/2017:15:42:30 +0100] "GET /uj_honlap/icons/icons_k/4.png HTTP/1.1" 304 - "http://mkk.zpok.hu/uj_honlap/kikvagyunk2.htm" "Mozilla/5.0 (Windows NT 6.1; WOW64; Trident/7.0; rv:11.0) like Gecko"
86.59.158.170 - - [29/Jan/2017:15:42:30 +0100] "GET /uj_honlap/icons/icons_k/5.png HTTP/1.1" 304 - "http://mkk.zpok.hu/uj_honlap/kikvagyunk2.htm" "Mozilla/5.0 (Windows NT 6.1; WOW64; Trident/7.0; rv:11.0) like Gecko"
86.59.158.170 - - [29/Jan/2017:15:42:30 +0100] "GET /uj_honlap/icons/icons_k/6.png HTTP/1.1" 304 - "http://mkk.zpok.hu/uj_honlap/kikvagyunk2.htm" "Mozilla/5.0 (Windows NT 6.1; WOW64; Trident/7.0; rv:11.0) like Gecko"
86.59.158.170 - - [29/Jan/2017:15:42:30 +0100] "GET /uj_honlap/icons/icons_k/3.png HTTP/1.1" 304 - "http://mkk.zpok.hu/uj_honlap/kikvagyunk2.htm" "Mozilla/5.0 (Windows NT 6.1; WOW64; Trident/7.0; rv:11.0) like Gecko"
52.91.184.228 - - [29/Jan/2017:15:43:00 +0100] "GET /uj_honlap/index.htm HTTP/1.1" 206 1865 "-" "Slackbot-LinkExpanding 1.0 (+https://api.slack.com/robots)"
54.209.231.248 - - [29/Jan/2017:15:43:00 +0100] "GET /favicon.ico HTTP/1.1" 404 1181 "https://slack.com" "Slackbot-LinkExpanding 1.0 (+https://api.slack.com/robots)"
31.46.245.40 - - [29/Jan/2017:15:45:26 +0100] "GET /doc/b2_201203.jpg HTTP/1.1" 404 1181 "http://vasut.kteam.hu/indexde.html" "Mozilla/5.0 (Windows NT 6.1; WOW64) AppleWebKit/537.36 (KHTML, like Gecko) Chrome/55.0.2883.87 Safari/537.36"
31.46.245.40 - - [29/Jan/2017:15:45:26 +0100] "GET /favicon.ico HTTP/1.1" 404 1181 "http://mkk.zpok.hu/doc/b2_201203.jpg" "Mozilla/5.0 (Windows NT 6.1; WOW64) AppleWebKit/537.36 (KHTML, like Gecko) Chrome/55.0.2883.87 Safari/537.36"
185.10.127.41 - - [29/Jan/2017:15:45:30 +0100] "GET /uj_honlap/index.htm HTTP/1.1" 200 1865 "-" "Mozilla/5.0 (iPhone; CPU iPhone OS 10_2_1 like Mac OS X) AppleWebKit/602.4.6 (KHTML, like Gecko) Version/10.0 Mobile/14D27 Safari/602.1"
185.10.127.41 - - [29/Jan/2017:15:45:30 +0100] "GET /uj_honlap/mkk_banner.png HTTP/1.1" 200 62097 "http://mkk.zpok.hu/uj_honlap/index.htm" "Mozilla/5.0 (iPhone; CPU iPhone OS 10_2_1 like Mac OS X) AppleWebKit/602.4.6 (KHTML, like Gecko) Version/10.0 Mobile/14D27 Safari/602.1"
31.46.245.40 - - [29/Jan/2017:15:45:47 +0100] "GET /doc/b2_2010.pdf HTTP/1.1" 404 1181 "http://vasut.kteam.hu/indexde.html" "Mozilla/5.0 (Windows NT 6.1; WOW64) AppleWebKit/537.36 (KHTML, like Gecko) Chrome/55.0.2883.87 Safari/537.36"
84.236.109.51 - - [29/Jan/2017:15:45:52 +0100] "GET /hirlevel/images/1409g.png HTTP/1.1" 200 229166 "-" "Mozilla/5.0 (Linux; Android 4.4.2; Lenovo A5500-H Build/KOT49H) AppleWebKit/537.36 (KHTML, like Gecko) Version/4.0 Chrome/30.0.0.0 Safari/537.36 GSA/6.10.37.16.arm"
178.148.1.207 - - [29/Jan/2017:15:55:23 +0100] "GET /doc/vonatrafel_c.pdf HTTP/1.1" 404 1181 "https://www.google.it/" "Mozilla/5.0 (iPad; CPU OS 10_1_1 like Mac OS X) AppleWebKit/602.2.14 (KHTML, like Gecko) Version/10.0 Mobile/14B100 Safari/602.1"
66.249.64.124 - - [29/Jan/2017:15:55:36 +0100] "GET /hirlevel/vonattal0903.htm HTTP/1.1" 200 32511 "-" "Mozilla/5.0 (compatible; Googlebot/2.1; +http://www.google.com/bot.html)"
66.249.64.70 - - [29/Jan/2017:16:01:26 +0100] "GET /hirlevel/plakat_ajandekjegy_megszuntetes.pdf HTTP/1.1" 200 30340 "-" "Mozilla/5.0 (Linux; Android 6.0.1; Nexus 5X Build/MMB29P) AppleWebKit/537.36 (KHTML, like Gecko) Chrome/41.0.2272.96 Mobile Safari/537.36 (compatible; Googlebot/2.1; +http://www.google.com/bot.html)"
92.76.35.213 - - [29/Jan/2017:16:03:05 +0100] "GET /images/vasutterkep_n.jpg HTTP/1.1" 200 4702972 "http://www.bing.com/images/search?q=bahnstrecken+deutschland+%c3%b6sterreich+karte&view=detailv2&&id=56EA6F18158486E1BA7EBE033A1FB0E3BC8CEA46&selectedIndex=2&ccid=vgk6Pn4F&simid=608003556109975732&thid=OIP.Mbe093a3e7e052df83b1b98604cd98edaH0&mode=overlay" "Mozilla/5.0 (Windows NT 10.0; WOW64; Trident/7.0; rv:11.0) like Gecko"
85.238.91.182 - - [29/Jan/2017:16:08:03 +0100] "GET /uj_honlap/index.htm HTTP/1.1" 200 1865 "-" "Mozilla/5.0 (Windows Phone 10.0; Android 6.0.1; Microsoft; Lumia 550) AppleWebKit/537.36 (KHTML, like Gecko) Chrome/51.0.2704.79 Mobile Safari/537.36 Edge/14.14393"
66.249.64.124 - - [29/Jan/2017:16:08:03 +0100] "GET /hirlevel/vonattal1006.htm HTTP/1.1" 200 43254 "-" "Mozilla/5.0 (compatible; Googlebot/2.1; +http://www.google.com/bot.html)"
85.238.91.182 - - [29/Jan/2017:16:08:03 +0100] "GET /uj_honlap/mkk_banner.png HTTP/1.1" 200 62097 "http://mkk.zpok.hu/uj_honlap/index.htm" "Mozilla/5.0 (Windows Phone 10.0; Android 6.0.1; Microsoft; Lumia 550) AppleWebKit/537.36 (KHTML, like Gecko) Chrome/51.0.2704.79 Mobile Safari/537.36 Edge/14.14393"
85.238.91.182 - - [29/Jan/2017:16:08:04 +0100] "GET /favicon.ico HTTP/1.1" 404 1181 "-" "Mozilla/5.0 (Windows Phone 10.0; Android 6.0.1; Microsoft; Lumia 550) AppleWebKit/537.36 (KHTML, like Gecko) Chrome/51.0.2704.79 Mobile Safari/537.36 Edge/14.14393"
207.46.13.54 - - [29/Jan/2017:16:20:05 +0100] "GET /hirlevel/ot_0805.pdf HTTP/1.1" 200 59428 "-" "msnbot-media/1.1 (+http://search.msn.com/msnbot.htm)"
84.139.75.205 - - [29/Jan/2017:16:26:20 +0100] "GET /images/vasutterkep_n.jpg HTTP/1.1" 200 4702972 "http://www.bing.com/images/search?q=bahnstrecken+deutschland+karte&view=detailv2&&id=41BA11396435C46FB0E58FDC5A79EA257205CC0C&selectedIndex=12&ccid=5Ux4GBUU&simid=607989429953693626&thid=OIP.Me54c78181514fa82e2b2175fdcd799f3H0&mode=overlay" "Mozilla/5.0 (Windows NT 6.3; WOW64; Trident/7.0; tb-webde/2.6.9; rv:11.0) like Gecko"
148.251.2.180 - - [29/Jan/2017:16:28:30 +0100] "HEAD / HTTP/1.1" 200 0 "-" "Mozilla/5.0 (Windows NT 6.1) AppleWebKit/537.36 (KHTML, like Gecko) Chrome/41.0.2228.0 Safari/537.36Mozilla/5.0 (Macintosh; Intel Mac OS X 10.8; rv:24.0) Gecko/20100101 Firefox/24.0"
66.249.64.70 - - [29/Jan/2017:16:30:46 +0100] "GET /hirlevel/vonattal0902.htm HTTP/1.1" 200 24321 "-" "Mozilla/5.0 (compatible; Googlebot/2.1; +http://www.google.com/bot.html)"
66.249.64.124 - - [29/Jan/2017:16:48:07 +0100] "GET /hirlevel/vonattal1206.htm HTTP/1.1" 200 47612 "-" "Mozilla/5.0 (compatible; Googlebot/2.1; +http://www.google.com/bot.html)"
66.249.64.70 - - [29/Jan/2017:16:57:04 +0100] "GET /doc/eletet-a-vasutnak.pdf HTTP/1.1" 200 5085257 "-" "Mozilla/5.0 (compatible; Googlebot/2.1; +http://www.google.com/bot.html)"
79.117.26.253 - - [29/Jan/2017:17:05:06 +0100] "GET /hirlevel/images/ti-to_2012-06-27.jpg HTTP/1.1" 200 1071059 "https://www.google.ro/" "Mozilla/5.0 (Windows NT 10.0) AppleWebKit/537.36 (KHTML, like Gecko) Chrome/55.0.2883.87 Safari/537.36 OPR/42.0.2393.517"
66.249.64.70 - - [29/Jan/2017:17:10:18 +0100] "GET /hirlevel/vasuttal0804.htm HTTP/1.1" 200 14711 "-" "Mozilla/5.0 (compatible; Googlebot/2.1; +http://www.google.com/bot.html)"
199.193.251.133 - - [29/Jan/2017:17:29:26 +0100] "HEAD / HTTP/1.1" 200 0 "https://www.inboundlinks.win/InboundLinks/mkk.zpok.hu" "Mozilla/5.0 (compatible; MSIE 9.0; Windows NT 6.1; WOW64; Trident/5.0)"
66.249.64.124 - - [29/Jan/2017:17:29:51 +0100] "GET /hirlevel/vonattal1003.htm HTTP/1.1" 200 28228 "-" "Mozilla/5.0 (compatible; Googlebot/2.1; +http://www.google.com/bot.html)"
207.46.13.130 - - [29/Jan/2017:17:41:03 +0100] "GET /doc/ttft.pdf HTTP/1.1" 200 6493253 "-" "Mozilla/5.0 (compatible; bingbot/2.0; +http://www.bing.com/bingbot.htm)"
66.249.64.70 - - [29/Jan/2017:17:50:47 +0100] "GET /hirlevel/vasuttal0710.htm HTTP/1.1" 200 14364 "-" "Mozilla/5.0 (compatible; Googlebot/2.1; +http://www.google.com/bot.html)"
213.233.85.50 - - [29/Jan/2017:17:58:40 +0100] "GET /images/vasutterkep_n.jpg HTTP/1.1" 200 4702972 "https://www.google.ro/" "Mozilla/5.0 (iPhone; CPU iPhone OS 10_2 like Mac OS X) AppleWebKit/602.3.12 (KHTML, like Gecko) Version/10.0 Mobile/14C92 Safari/602.1"
91.113.241.170 - - [29/Jan/2017:18:03:50 +0100] "GET /images/vasutterkep_n.jpg HTTP/1.1" 200 4702972 "http://www.bing.com/images/search?q=westungarn+karte&view=detailv2&qpvt=westungarn+karte&id=321A9D0D6777AECAAB880DB202CAC72843281C17&selectedIndex=32&ccid=I7qRj2gK&simid=608030558569760861&thid=OIP.I7qRj2gKNi19oxUrRdb9aQEsC6&mode=overlay" "Mozilla/5.0 (Windows NT 6.1; WOW64; Trident/7.0; rv:11.0) like Gecko"
66.249.64.70 - - [29/Jan/2017:18:05:45 +0100] "GET /hirlevel/vasuttal0805.htm HTTP/1.1" 200 14808 "-" "Mozilla/5.0 (compatible; Googlebot/2.1; +http://www.google.com/bot.html)"
92.85.209.31 - - [29/Jan/2017:18:06:01 +0100] "GET /images/vasutterkep_n.jpg HTTP/1.1" 200 4702972 "https://www.google.ro/" "Mozilla/5.0 (Windows NT 6.1; Win64; x64) AppleWebKit/537.36 (KHTML, like Gecko) Chrome/55.0.2883.87 Safari/537.36"
92.245.84.171 - - [29/Jan/2017:18:08:37 +0100] "GET /hirlevel/images/1101_b.jpg HTTP/1.1" 200 96584 "https://www.google.hu/" "Mozilla/5.0 (Windows NT 6.1; rv:51.0) Gecko/20100101 Firefox/51.0"
66.249.64.124 - - [29/Jan/2017:18:09:58 +0100] "GET /doc/plakat_veszprem_1010.pdf HTTP/1.1" 200 2715630 "-" "Mozilla/5.0 (Linux; Android 6.0.1; Nexus 5X Build/MMB29P) AppleWebKit/537.36 (KHTML, like Gecko) Chrome/41.0.2272.96 Mobile Safari/537.36 (compatible; Googlebot/2.1; +http://www.google.com/bot.html)"
23.88.37.115 - - [29/Jan/2017:18:14:51 +0100] "GET / HTTP/1.1" 200 1178 "http://www.domain2008.com/domains/mkk.zpok.hu" "Mozilla/5.0 (compatible; MSIE 9.0; Windows NT 6.1; WOW64; Trident/5.0)"
95.103.33.56 - - [29/Jan/2017:18:21:03 +0100] "GET /images/vasutterkep_n.jpg HTTP/1.1" 200 4702972 "https://www.bing.com/" "Mozilla/5.0 (Windows NT 10.0; Win64; x64) AppleWebKit/537.36 (KHTML, like Gecko) Chrome/51.0.2704.79 Safari/537.36 Edge/14.14393"
84.0.153.196 - - [29/Jan/2017:18:21:33 +0100] "GET /hirlevel/images/0907a.jpg HTTP/1.1" 200 128186 "https://www.google.hu/" "Mozilla/5.0 (Windows NT 10.0; WOW64; rv:51.0) Gecko/20100101 Firefox/51.0"
86.59.158.170 - - [29/Jan/2017:18:26:20 +0100] "GET /uj_honlap/index.htm HTTP/1.1" 304 - "-" "Mozilla/5.0 (Windows NT 6.1; WOW64; Trident/7.0; rv:11.0) like Gecko"
86.59.158.170 - - [29/Jan/2017:18:26:20 +0100] "GET /uj_honlap/mkk_banner.png HTTP/1.1" 304 - "http://mkk.zpok.hu/uj_honlap/index.htm" "Mozilla/5.0 (Windows NT 6.1; WOW64; Trident/7.0; rv:11.0) like Gecko"
66.249.64.70 - - [29/Jan/2017:18:29:44 +0100] "GET /hirlevel/vonattal1107.htm HTTP/1.1" 200 26917 "-" "Mozilla/5.0 (compatible; Googlebot/2.1; +http://www.google.com/bot.html)"
66.249.64.124 - - [29/Jan/2017:18:31:39 +0100] "GET /hirlevel/palyamester.pdf HTTP/1.1" 200 44762 "-" "Mozilla/5.0 (Linux; Android 6.0.1; Nexus 5X Build/MMB29P) AppleWebKit/537.36 (KHTML, like Gecko) Chrome/41.0.2272.96 Mobile Safari/537.36 (compatible; Googlebot/2.1; +http://www.google.com/bot.html)"
66.249.64.124 - - [29/Jan/2017:18:50:36 +0100] "GET /hirlevel/vonattal0812.htm HTTP/1.1" 200 33272 "-" "Mozilla/5.0 (compatible; Googlebot/2.1; +http://www.google.com/bot.html)"
207.46.13.12 - - [29/Jan/2017:18:53:05 +0100] "GET /hirlevel/vonattal1501.html HTTP/1.1" 304 - "-" "Mozilla/5.0 (compatible; bingbot/2.0; +http://www.bing.com/bingbot.htm)"
86.126.233.246 - - [29/Jan/2017:18:55:14 +0100] "GET /images/vasutterkep_n.jpg HTTP/1.1" 200 4702972 "-" "Mozilla/5.0 (Windows NT 10.0; WOW64; rv:51.0) Gecko/20100101 Firefox/51.0"
66.249.64.124 - - [29/Jan/2017:19:04:55 +0100] "GET /hirlevel/vonattal1408.html HTTP/1.1" 200 22601 "-" "Mozilla/5.0 (compatible; Googlebot/2.1; +http://www.google.com/bot.html)"
94.44.237.246 - - [29/Jan/2017:19:06:49 +0100] "GET /hirlevel/images/0907d.jpg HTTP/1.1" 200 130614 "-" "Mozilla/5.0 (Linux; U; Android 4.2.2; hu-hu; GSmart Roma R2 Build/JDQ39) AppleWebKit/534.30 (KHTML, like Gecko) Version/4.0 Mobile Safari/534.30 GSA/6.10.37.16.arm"
66.249.64.70 - - [29/Jan/2017:19:11:16 +0100] "GET /hirlevel/vonattal1601.html HTTP/1.1" 200 20444 "-" "Mozilla/5.0 (compatible; Googlebot/2.1; +http://www.google.com/bot.html)"
157.55.39.150 - - [29/Jan/2017:19:12:24 +0100] "GET / HTTP/1.1" 200 1178 "-" "Mozilla/5.0 (compatible; bingbot/2.0; +http://www.bing.com/bingbot.htm)"
180.76.15.158 - - [29/Jan/2017:19:14:15 +0100] "GET /doc/vonatrafel_c.pdf HTTP/1.1" 404 1181 "-" "Mozilla/5.0 (compatible; Baiduspider/2.0; +http://www.baidu.com/search/spider.html)"
66.249.64.65 - - [29/Jan/2017:19:17:37 +0100] "GET /hirlevel/vonattal1402.html HTTP/1.1" 200 54994 "-" "Mozilla/5.0 (compatible; Googlebot/2.1; +http://www.google.com/bot.html)"
5.9.17.118 - - [29/Jan/2017:19:18:46 +0100] "GET /hirlevel/klimakonf_0810.pdf HTTP/1.1" 200 208313 "-" "Mozilla/5.0 (Windows NT 6.1; rv:21.0) Gecko/20130328 Firefox/21.0"
80.99.139.89 - - [29/Jan/2017:19:24:20 +0100] "GET /hirlevel/images/201604h.jpg HTTP/1.1" 200 84831 "-" "Mozilla/5.0 (Windows NT 6.1; Trident/7.0; rv:11.0) like Gecko"
68.180.229.121 - - [29/Jan/2017:19:25:16 +0100] "GET /hirlevel/EMH_karta.pdf HTTP/1.1" 200 1049722 "-" "Mozilla/5.0 (compatible; Yahoo! Slurp; http://help.yahoo.com/help/us/ysearch/slurp)"
62.165.251.187 - - [29/Jan/2017:19:29:48 +0100] "GET /hirlevel/images/ti-to_2012-06-27.jpg HTTP/1.1" 200 1071059 "https://www.google.hu/" "Mozilla/5.0 (Windows NT 6.3; Win64; x64) AppleWebKit/537.36 (KHTML, like Gecko) Chrome/55.0.2883.87 Safari/537.36"
87.143.200.188 - - [29/Jan/2017:19:34:06 +0100] "GET /images/vasutterkep_n.jpg HTTP/1.1" 200 4702972 "https://www.bing.com/" "Mozilla/5.0 (Windows NT 6.1) AppleWebKit/537.36 (KHTML, like Gecko) Chrome/55.0.2883.87 Safari/537.36"
68.180.229.121 - - [29/Jan/2017:19:51:14 +0100] "GET /hirlevel/vonattal1412.html HTTP/1.1" 304 - "-" "Mozilla/5.0 (compatible; Yahoo! Slurp; http://help.yahoo.com/help/us/ysearch/slurp)"
188.142.205.221 - - [29/Jan/2017:19:53:32 +0100] "GET /uj_honlap/index.htm HTTP/1.1" 200 1865 "-" "Mozilla/5.0 (Windows NT 10.0; Win64; x64) AppleWebKit/537.36 (KHTML, like Gecko) Chrome/55.0.2883.87 Safari/537.36"
188.142.205.221 - - [29/Jan/2017:19:53:32 +0100] "GET /uj_honlap/mkk_banner.png HTTP/1.1" 200 62097 "http://mkk.zpok.hu/uj_honlap/index.htm" "Mozilla/5.0 (Windows NT 10.0; Win64; x64) AppleWebKit/537.36 (KHTML, like Gecko) Chrome/55.0.2883.87 Safari/537.36"
188.142.205.221 - - [29/Jan/2017:19:53:46 +0100] "GET /uj_honlap/kikvagyunk2.htm HTTP/1.1" 200 12559 "http://mkk.zpok.hu/uj_honlap/index.htm" "Mozilla/5.0 (Windows NT 10.0; Win64; x64) AppleWebKit/537.36 (KHTML, like Gecko) Chrome/55.0.2883.87 Safari/537.36"
188.142.205.221 - - [29/Jan/2017:19:53:46 +0100] "GET /uj_honlap/icons/icons_k/2.png HTTP/1.1" 200 4758 "http://mkk.zpok.hu/uj_honlap/kikvagyunk2.htm" "Mozilla/5.0 (Windows NT 10.0; Win64; x64) AppleWebKit/537.36 (KHTML, like Gecko) Chrome/55.0.2883.87 Safari/537.36"
188.142.205.221 - - [29/Jan/2017:19:53:46 +0100] "GET /uj_honlap/icons/icons_k/3.png HTTP/1.1" 200 4542 "http://mkk.zpok.hu/uj_honlap/kikvagyunk2.htm" "Mozilla/5.0 (Windows NT 10.0; Win64; x64) AppleWebKit/537.36 (KHTML, like Gecko) Chrome/55.0.2883.87 Safari/537.36"
188.142.205.221 - - [29/Jan/2017:19:53:46 +0100] "GET /uj_honlap/icons/icons_k/5.png HTTP/1.1" 200 3092 "http://mkk.zpok.hu/uj_honlap/kikvagyunk2.htm" "Mozilla/5.0 (Windows NT 10.0; Win64; x64) AppleWebKit/537.36 (KHTML, like Gecko) Chrome/55.0.2883.87 Safari/537.36"
188.142.205.221 - - [29/Jan/2017:19:53:46 +0100] "GET /uj_honlap/icons/icons_k/1.png HTTP/1.1" 200 3187 "http://mkk.zpok.hu/uj_honlap/kikvagyunk2.htm" "Mozilla/5.0 (Windows NT 10.0; Win64; x64) AppleWebKit/537.36 (KHTML, like Gecko) Chrome/55.0.2883.87 Safari/537.36"
188.142.205.221 - - [29/Jan/2017:19:53:46 +0100] "GET /uj_honlap/icons/icons_k/4.png HTTP/1.1" 200 3413 "http://mkk.zpok.hu/uj_honlap/kikvagyunk2.htm" "Mozilla/5.0 (Windows NT 10.0; Win64; x64) AppleWebKit/537.36 (KHTML, like Gecko) Chrome/55.0.2883.87 Safari/537.36"
188.142.205.221 - - [29/Jan/2017:19:53:46 +0100] "GET /uj_honlap/icons/icons_k/6.png HTTP/1.1" 200 2260 "http://mkk.zpok.hu/uj_honlap/kikvagyunk2.htm" "Mozilla/5.0 (Windows NT 10.0; Win64; x64) AppleWebKit/537.36 (KHTML, like Gecko) Chrome/55.0.2883.87 Safari/537.36"
207.46.13.54 - - [29/Jan/2017:19:54:42 +0100] "GET /hirlevel/hatvan-eves-az-atmeno-forgalom_1110.pdf HTTP/1.1" 200 52966 "-" "Mozilla/5.0 (iPhone; CPU iPhone OS 7_0 like Mac OS X) AppleWebKit/537.51.1 (KHTML, like Gecko) Version/7.0 Mobile/11A465 Safari/9537.53 (compatible; bingbot/2.0; +http://www.bing.com/bingbot.htm)"
157.55.39.150 - - [29/Jan/2017:20:05:10 +0100] "GET /hirlevel/vonattal1603.html HTTP/1.1" 200 31488 "-" "Mozilla/5.0 (iPhone; CPU iPhone OS 7_0 like Mac OS X) AppleWebKit/537.51.1 (KHTML, like Gecko) Version/7.0 Mobile/11A465 Safari/9537.53 (compatible; bingbot/2.0; +http://www.bing.com/bingbot.htm)"
207.46.13.12 - - [29/Jan/2017:20:05:35 +0100] "GET /hirlevel/images/avidekkozlekedeseert.swf HTTP/1.1" 200 5063 "-" "Mozilla/5.0 (iPhone; CPU iPhone OS 7_0 like Mac OS X) AppleWebKit/537.51.1 (KHTML, like Gecko) Version/7.0 Mobile/11A465 Safari/9537.53 (compatible; bingbot/2.0; +http://www.bing.com/bingbot.htm)"
157.55.39.150 - - [29/Jan/2017:20:05:41 +0100] "GET /1601_files/NCTA_tamogato_es_lebonyolito_logosor.jpg HTTP/1.1" 404 1181 "-" "Mozilla/5.0 (iPhone; CPU iPhone OS 7_0 like Mac OS X) AppleWebKit/537.51.1 (KHTML, like Gecko) Version/7.0 Mobile/11A465 Safari/9537.53 (compatible; bingbot/2.0; +http://www.bing.com/bingbot.htm)"
178.48.116.254 - - [29/Jan/2017:20:15:09 +0100] "GET /images/vasutterkep_n.jpg HTTP/1.1" 200 4702972 "http://www.terkepkalauz.hu/index.php?option=com_content&task=view&id=396" "Mozilla/5.0 (Windows NT 10.0; Win64; x64) AppleWebKit/537.36 (KHTML, like Gecko) Chrome/55.0.2883.87 Safari/537.36"
178.48.116.254 - - [29/Jan/2017:20:15:10 +0100] "GET /favicon.ico HTTP/1.1" 404 1181 "http://www.mkk.zpok.hu/images/vasutterkep_n.jpg" "Mozilla/5.0 (Windows NT 10.0; Win64; x64) AppleWebKit/537.36 (KHTML, like Gecko) Chrome/55.0.2883.87 Safari/537.36"
207.46.13.12 - - [29/Jan/2017:20:15:24 +0100] "GET /doc/mkk_allasf_120413 HTTP/1.1" 200 44168 "-" "Mozilla/5.0 (compatible; bingbot/2.0; +http://www.bing.com/bingbot.htm)"
84.3.151.7 - - [29/Jan/2017:20:21:07 +0100] "GET /hirlevel/images/0912a.jpg HTTP/1.1" 200 39999 "https://www.google.hu/" "Mozilla/5.0 (Windows NT 6.1; rv:51.0) Gecko/20100101 Firefox/51.0"
87.229.73.156 - - [29/Jan/2017:20:22:38 +0100] "GET / HTTP/1.1" 200 1178 "-" "Python-urllib/2.6"
66.249.64.124 - - [29/Jan/2017:20:48:12 +0100] "GET /robots.txt HTTP/1.1" 404 1181 "-" "Mozilla/5.0 (compatible; Googlebot/2.1; +http://www.google.com/bot.html)"
66.249.64.124 - - [29/Jan/2017:20:48:12 +0100] "GET /hirlevel/tiszaszentimre_level_1309.pdf HTTP/1.1" 200 63182 "-" "Mozilla/5.0 (compatible; Googlebot/2.1; +http://www.google.com/bot.html)"
91.13.54.130 - - [29/Jan/2017:20:50:07 +0100] "GET /images/vasutterkep_n.jpg HTTP/1.1" 200 4702972 "https://www.bing.com/" "Mozilla/5.0 (Windows NT 10.0; Win64; x64) AppleWebKit/537.36 (KHTML, like Gecko) Chrome/51.0.2704.79 Safari/537.36 Edge/14.14393"
89.133.22.169 - - [29/Jan/2017:20:50:45 +0100] "GET /uj_honlap/index.htm HTTP/1.1" 200 1865 "-" "Mozilla/5.0 (Macintosh; Intel Mac OS X 10_12_3) AppleWebKit/602.4.8 (KHTML, like Gecko) Version/10.0.3 Safari/602.4.8"
89.133.22.169 - - [29/Jan/2017:20:50:45 +0100] "GET /uj_honlap/mkk_banner.png HTTP/1.1" 200 62097 "http://mkk.zpok.hu/uj_honlap/index.htm" "Mozilla/5.0 (Macintosh; Intel Mac OS X 10_12_3) AppleWebKit/602.4.8 (KHTML, like Gecko) Version/10.0.3 Safari/602.4.8"
89.133.22.169 - - [29/Jan/2017:20:51:04 +0100] "GET /uj_honlap/kikvagyunk2.htm HTTP/1.1" 200 12559 "http://mkk.zpok.hu/uj_honlap/index.htm" "Mozilla/5.0 (Macintosh; Intel Mac OS X 10_12_3) AppleWebKit/602.4.8 (KHTML, like Gecko) Version/10.0.3 Safari/602.4.8"
89.133.22.169 - - [29/Jan/2017:20:51:04 +0100] "GET /uj_honlap/icons/icons_k/1.png HTTP/1.1" 200 3187 "http://mkk.zpok.hu/uj_honlap/kikvagyunk2.htm" "Mozilla/5.0 (Macintosh; Intel Mac OS X 10_12_3) AppleWebKit/602.4.8 (KHTML, like Gecko) Version/10.0.3 Safari/602.4.8"
89.133.22.169 - - [29/Jan/2017:20:51:04 +0100] "GET /uj_honlap/icons/icons_k/5.png HTTP/1.1" 200 3092 "http://mkk.zpok.hu/uj_honlap/kikvagyunk2.htm" "Mozilla/5.0 (Macintosh; Intel Mac OS X 10_12_3) AppleWebKit/602.4.8 (KHTML, like Gecko) Version/10.0.3 Safari/602.4.8"
89.133.22.169 - - [29/Jan/2017:20:51:04 +0100] "GET /uj_honlap/icons/icons_k/2.png HTTP/1.1" 200 4758 "http://mkk.zpok.hu/uj_honlap/kikvagyunk2.htm" "Mozilla/5.0 (Macintosh; Intel Mac OS X 10_12_3) AppleWebKit/602.4.8 (KHTML, like Gecko) Version/10.0.3 Safari/602.4.8"
89.133.22.169 - - [29/Jan/2017:20:51:04 +0100] "GET /uj_honlap/icons/icons_k/4.png HTTP/1.1" 200 3413 "http://mkk.zpok.hu/uj_honlap/kikvagyunk2.htm" "Mozilla/5.0 (Macintosh; Intel Mac OS X 10_12_3) AppleWebKit/602.4.8 (KHTML, like Gecko) Version/10.0.3 Safari/602.4.8"
89.133.22.169 - - [29/Jan/2017:20:51:04 +0100] "GET /uj_honlap/icons/icons_k/3.png HTTP/1.1" 200 4542 "http://mkk.zpok.hu/uj_honlap/kikvagyunk2.htm" "Mozilla/5.0 (Macintosh; Intel Mac OS X 10_12_3) AppleWebKit/602.4.8 (KHTML, like Gecko) Version/10.0.3 Safari/602.4.8"
89.133.22.169 - - [29/Jan/2017:20:51:04 +0100] "GET /uj_honlap/icons/icons_k/6.png HTTP/1.1" 200 2260 "http://mkk.zpok.hu/uj_honlap/kikvagyunk2.htm" "Mozilla/5.0 (Macintosh; Intel Mac OS X 10_12_3) AppleWebKit/602.4.8 (KHTML, like Gecko) Version/10.0.3 Safari/602.4.8"
91.13.54.130 - - [29/Jan/2017:20:52:12 +0100] "GET /favicon.ico HTTP/1.1" 404 1181 "-" "Mozilla/5.0 (Windows NT 10.0; Win64; x64) AppleWebKit/537.36 (KHTML, like Gecko) Chrome/51.0.2704.79 Safari/537.36 Edge/14.14393"
89.133.70.69 - - [29/Jan/2017:20:52:30 +0100] "GET /images/vasutterkep_n.jpg HTTP/1.1" 200 4702972 "https://www.google.hu/" "Mozilla/5.0 (Windows NT 6.1; WOW64; rv:51.0) Gecko/20100101 Firefox/51.0"
89.133.22.169 - - [29/Jan/2017:20:57:33 +0100] "GET /uj_honlap/projektek2.htm HTTP/1.1" 200 5819 "http://mkk.zpok.hu/uj_honlap/index.htm" "Mozilla/5.0 (Macintosh; Intel Mac OS X 10_12_3) AppleWebKit/602.4.8 (KHTML, like Gecko) Version/10.0.3 Safari/602.4.8"
89.133.22.169 - - [29/Jan/2017:20:57:34 +0100] "GET /uj_honlap/icons/icons_k/9.png HTTP/1.1" 200 2139 "http://mkk.zpok.hu/uj_honlap/projektek2.htm" "Mozilla/5.0 (Macintosh; Intel Mac OS X 10_12_3) AppleWebKit/602.4.8 (KHTML, like Gecko) Version/10.0.3 Safari/602.4.8"
89.133.22.169 - - [29/Jan/2017:20:57:34 +0100] "GET /uj_honlap/icons/icons_k/13.png HTTP/1.1" 200 841 "http://mkk.zpok.hu/uj_honlap/projektek2.htm" "Mozilla/5.0 (Macintosh; Intel Mac OS X 10_12_3) AppleWebKit/602.4.8 (KHTML, like Gecko) Version/10.0.3 Safari/602.4.8"
89.133.22.169 - - [29/Jan/2017:20:57:34 +0100] "GET /uj_honlap/icons/icons_k/11.png HTTP/1.1" 200 2333 "http://mkk.zpok.hu/uj_honlap/projektek2.htm" "Mozilla/5.0 (Macintosh; Intel Mac OS X 10_12_3) AppleWebKit/602.4.8 (KHTML, like Gecko) Version/10.0.3 Safari/602.4.8"
89.133.22.169 - - [29/Jan/2017:20:57:59 +0100] "GET /uj_honlap/tagsag2.htm HTTP/1.1" 200 974 "http://mkk.zpok.hu/uj_honlap/index.htm" "Mozilla/5.0 (Macintosh; Intel Mac OS X 10_12_3) AppleWebKit/602.4.8 (KHTML, like Gecko) Version/10.0.3 Safari/602.4.8"
207.46.13.54 - - [29/Jan/2017:21:07:39 +0100] "GET /hirlevel/charta_hun_teljes_net.pdf HTTP/1.1" 200 586482 "-" "msnbot-media/1.1 (+http://search.msn.com/msnbot.htm)"
66.249.64.88 - - [29/Jan/2017:21:36:08 +0100] "GET /doc/kozh09.pdf HTTP/1.1" 200 1980543 "-" "Mozilla/5.0 (compatible; Googlebot/2.1; +http://www.google.com/bot.html)"
85.67.34.204 - - [29/Jan/2017:21:38:55 +0100] "GET / HTTP/1.1" 200 1178 "https://www.google.hu/" "Mozilla/5.0 (Windows NT 6.1) AppleWebKit/537.36 (KHTML, like Gecko) Chrome/55.0.2883.87 Safari/537.36"
85.67.34.204 - - [29/Jan/2017:21:38:55 +0100] "GET /favicon.ico HTTP/1.1" 404 1181 "http://www.mkk.zpok.hu/" "Mozilla/5.0 (Windows NT 6.1) AppleWebKit/537.36 (KHTML, like Gecko) Chrome/55.0.2883.87 Safari/537.36"
85.67.34.204 - - [29/Jan/2017:21:38:57 +0100] "GET /index.swf HTTP/1.1" 200 1451930 "http://www.mkk.zpok.hu/" "Mozilla/5.0 (Windows NT 6.1) AppleWebKit/537.36 (KHTML, like Gecko) Chrome/55.0.2883.87 Safari/537.36"
85.67.34.204 - - [29/Jan/2017:21:39:02 +0100] "GET /popupsys%20elemei/main.txt HTTP/1.1" 200 342 "http://www.mkk.zpok.hu/" "Mozilla/5.0 (Windows NT 6.1) AppleWebKit/537.36 (KHTML, like Gecko) Chrome/55.0.2883.87 Safari/537.36"
85.67.34.204 - - [29/Jan/2017:21:39:02 +0100] "GET /hirek.xml HTTP/1.1" 200 51504 "http://www.mkk.zpok.hu/" "Mozilla/5.0 (Windows NT 6.1) AppleWebKit/537.36 (KHTML, like Gecko) Chrome/55.0.2883.87 Safari/537.36"
85.67.34.204 - - [29/Jan/2017:21:39:22 +0100] "GET /favicon.ico HTTP/1.1" 404 1181 "http://mkk.zpok.hu/doc/ttft.pdf" "Mozilla/5.0 (Windows NT 6.1) AppleWebKit/537.36 (KHTML, like Gecko) Chrome/55.0.2883.87 Safari/537.36"
85.67.34.204 - - [29/Jan/2017:21:39:23 +0100] "GET /doc/ttft.pdf HTTP/1.1" 200 1852704 "http://www.mkk.zpok.hu/" "Mozilla/5.0 (Windows NT 6.1) AppleWebKit/537.36 (KHTML, like Gecko) Chrome/55.0.2883.87 Safari/537.36"
85.67.34.204 - - [29/Jan/2017:21:39:25 +0100] "GET /doc/ttft.pdf HTTP/1.1" 206 4823049 "http://mkk.zpok.hu/doc/ttft.pdf" "Mozilla/5.0 (Windows NT 6.1) AppleWebKit/537.36 (KHTML, like Gecko) Chrome/55.0.2883.87 Safari/537.36"
157.55.39.150 - - [29/Jan/2017:21:43:11 +0100] "GET /hirlevel/vonattal1012.htm HTTP/1.1" 200 40274 "-" "Mozilla/5.0 (iPhone; CPU iPhone OS 7_0 like Mac OS X) AppleWebKit/537.51.1 (KHTML, like Gecko) Version/7.0 Mobile/11A465 Safari/9537.53 (compatible; bingbot/2.0; +http://www.bing.com/bingbot.htm)"
92.249.143.4 - - [29/Jan/2017:21:48:17 +0100] "GET /images/vasutterkep_n.jpg HTTP/1.1" 200 4702972 "https://www.google.hu/" "Mozilla/5.0 (Windows NT 6.3; WOW64) AppleWebKit/537.36 (KHTML, like Gecko) Chrome/30.0.1573.2 Safari/537.36"
85.67.34.204 - - [29/Jan/2017:21:50:23 +0100] "GET /doc/ttft.pdf HTTP/1.1" 200 1984088 "http://www.mkk.zpok.hu/" "Mozilla/5.0 (Windows NT 6.1) AppleWebKit/537.36 (KHTML, like Gecko) Chrome/55.0.2883.87 Safari/537.36"
85.67.34.204 - - [29/Jan/2017:21:50:25 +0100] "GET /doc/ttft.pdf HTTP/1.1" 206 4674629 "http://mkk.zpok.hu/doc/ttft.pdf" "Mozilla/5.0 (Windows NT 6.1) AppleWebKit/537.36 (KHTML, like Gecko) Chrome/55.0.2883.87 Safari/537.36"
66.249.64.84 - - [29/Jan/2017:21:52:02 +0100] "GET /doc/kozh13.pdf HTTP/1.1" 200 2523554 "-" "Mozilla/5.0 (compatible; Googlebot/2.1; +http://www.google.com/bot.html)"
66.249.64.124 - - [29/Jan/2017:22:06:06 +0100] "GET /hirlevel/vonattal1108.htm HTTP/1.1" 200 26684 "-" "Mozilla/5.0 (compatible; Googlebot/2.1; +http://www.google.com/bot.html)"
86.59.158.170 - - [29/Jan/2017:22:10:05 +0100] "GET /uj_honlap/index.htm HTTP/1.1" 304 - "-" "Mozilla/5.0 (Windows NT 6.1; WOW64; Trident/7.0; rv:11.0) like Gecko"
86.59.158.170 - - [29/Jan/2017:22:10:05 +0100] "GET /uj_honlap/mkk_banner.png HTTP/1.1" 304 - "http://mkk.zpok.hu/uj_honlap/index.htm" "Mozilla/5.0 (Windows NT 6.1; WOW64; Trident/7.0; rv:11.0) like Gecko"
86.59.158.170 - - [29/Jan/2017:22:10:08 +0100] "GET /uj_honlap/kikvagyunk2.htm HTTP/1.1" 304 - "http://mkk.zpok.hu/uj_honlap/index.htm" "Mozilla/5.0 (Windows NT 6.1; WOW64; Trident/7.0; rv:11.0) like Gecko"
86.59.158.170 - - [29/Jan/2017:22:10:08 +0100] "GET /uj_honlap/icons/icons_k/1.png HTTP/1.1" 304 - "http://mkk.zpok.hu/uj_honlap/kikvagyunk2.htm" "Mozilla/5.0 (Windows NT 6.1; WOW64; Trident/7.0; rv:11.0) like Gecko"
86.59.158.170 - - [29/Jan/2017:22:10:09 +0100] "GET /uj_honlap/icons/icons_k/2.png HTTP/1.1" 304 - "http://mkk.zpok.hu/uj_honlap/kikvagyunk2.htm" "Mozilla/5.0 (Windows NT 6.1; WOW64; Trident/7.0; rv:11.0) like Gecko"
86.59.158.170 - - [29/Jan/2017:22:10:09 +0100] "GET /uj_honlap/icons/icons_k/4.png HTTP/1.1" 304 - "http://mkk.zpok.hu/uj_honlap/kikvagyunk2.htm" "Mozilla/5.0 (Windows NT 6.1; WOW64; Trident/7.0; rv:11.0) like Gecko"
86.59.158.170 - - [29/Jan/2017:22:10:09 +0100] "GET /uj_honlap/icons/icons_k/5.png HTTP/1.1" 304 - "http://mkk.zpok.hu/uj_honlap/kikvagyunk2.htm" "Mozilla/5.0 (Windows NT 6.1; WOW64; Trident/7.0; rv:11.0) like Gecko"
86.59.158.170 - - [29/Jan/2017:22:10:09 +0100] "GET /uj_honlap/icons/icons_k/3.png HTTP/1.1" 304 - "http://mkk.zpok.hu/uj_honlap/kikvagyunk2.htm" "Mozilla/5.0 (Windows NT 6.1; WOW64; Trident/7.0; rv:11.0) like Gecko"
86.59.158.170 - - [29/Jan/2017:22:10:09 +0100] "GET /uj_honlap/icons/icons_k/6.png HTTP/1.1" 304 - "http://mkk.zpok.hu/uj_honlap/kikvagyunk2.htm" "Mozilla/5.0 (Windows NT 6.1; WOW64; Trident/7.0; rv:11.0) like Gecko"
86.59.158.170 - - [29/Jan/2017:22:10:16 +0100] "GET /uj_honlap/projektek2.htm HTTP/1.1" 304 - "http://mkk.zpok.hu/uj_honlap/index.htm" "Mozilla/5.0 (Windows NT 6.1; WOW64; Trident/7.0; rv:11.0) like Gecko"
86.59.158.170 - - [29/Jan/2017:22:10:16 +0100] "GET /uj_honlap/icons/icons_k/9.png HTTP/1.1" 304 - "http://mkk.zpok.hu/uj_honlap/projektek2.htm" "Mozilla/5.0 (Windows NT 6.1; WOW64; Trident/7.0; rv:11.0) like Gecko"
86.59.158.170 - - [29/Jan/2017:22:10:16 +0100] "GET /uj_honlap/icons/icons_k/11.png HTTP/1.1" 304 - "http://mkk.zpok.hu/uj_honlap/projektek2.htm" "Mozilla/5.0 (Windows NT 6.1; WOW64; Trident/7.0; rv:11.0) like Gecko"
86.59.158.170 - - [29/Jan/2017:22:10:16 +0100] "GET /uj_honlap/icons/icons_k/13.png HTTP/1.1" 304 - "http://mkk.zpok.hu/uj_honlap/projektek2.htm" "Mozilla/5.0 (Windows NT 6.1; WOW64; Trident/7.0; rv:11.0) like Gecko"
185.27.61.51 - - [29/Jan/2017:22:31:59 +0100] "GET /hirlevel/images/ti-to_2012-06-27.jpg HTTP/1.1" 200 885217 "https://www.google.hu/" "Mozilla/5.0 (Windows NT 5.1; rv:51.0) Gecko/20100101 Firefox/51.0"
66.249.64.124 - - [29/Jan/2017:22:33:26 +0100] "GET /hirlevel/vonattal0908.htm HTTP/1.1" 200 17434 "-" "Mozilla/5.0 (compatible; Googlebot/2.1; +http://www.google.com/bot.html)"
207.46.13.130 - - [29/Jan/2017:22:41:15 +0100] "GET /doc/varos-videk.vasut_2009.pdf HTTP/1.1" 200 4406284 "-" "Mozilla/5.0 (iPhone; CPU iPhone OS 7_0 like Mac OS X) AppleWebKit/537.51.1 (KHTML, like Gecko) Version/7.0 Mobile/11A465 Safari/9537.53 (compatible; bingbot/2.0; +http://www.bing.com/bingbot.htm)"
66.249.64.70 - - [29/Jan/2017:22:59:04 +0100] "GET /hirlevel/vonattal1004.htm HTTP/1.1" 200 51166 "-" "Mozilla/5.0 (compatible; Googlebot/2.1; +http://www.google.com/bot.html)"
180.76.15.16 - - [29/Jan/2017:23:08:47 +0100] "GET / HTTP/1.1" 200 1178 "-" "Mozilla/5.0 (compatible; Baiduspider/2.0; +http://www.baidu.com/search/spider.html)"
66.249.64.65 - - [29/Jan/2017:23:21:37 +0100] "GET /hirlevel/vonattal0912.htm HTTP/1.1" 200 55120 "-" "Mozilla/5.0 (compatible; Googlebot/2.1; +http://www.google.com/bot.html)"
37.76.112.217 - - [29/Jan/2017:23:30:39 +0100] "GET /images/vasutterkep_n.jpg HTTP/1.1" 200 4702972 "http://www.bing.com/images/search?q=magyarorsz%c3%a1g&view=detailv2&&id=ABE69416F1D7F1B0507150BE2C13FE462F18D6CE&selectedIndex=1&ccid=xH8rG21t&simid=608043194361907463&thid=OIP.xH8rG21tOZ8qFZQ6cp4D7AEsC6&mode=overlay" "Mozilla/5.0 (Windows NT 5.1; rv:51.0) Gecko/20100101 Firefox/51.0"
180.76.15.19 - - [29/Jan/2017:23:32:30 +0100] "GET / HTTP/1.1" 200 1178 "-" "Mozilla/5.0 (compatible; Baiduspider/2.0; +http://www.baidu.com/search/spider.html)"
178.164.199.219 - - [29/Jan/2017:23:32:58 +0100] "GET / HTTP/1.1" 200 1178 "-" "Mozilla/5.0 (Windows NT 10.0; WOW64) AppleWebKit/537.36 (KHTML, like Gecko) Chrome/55.0.2883.87 Safari/537.36"
178.164.199.219 - - [29/Jan/2017:23:32:59 +0100] "GET /favicon.ico HTTP/1.1" 404 1181 "http://www.mkk.zpok.hu/" "Mozilla/5.0 (Windows NT 10.0; WOW64) AppleWebKit/537.36 (KHTML, like Gecko) Chrome/55.0.2883.87 Safari/537.36"
178.164.199.219 - - [29/Jan/2017:23:33:18 +0100] "GET /index.swf HTTP/1.1" 200 1451930 "http://www.mkk.zpok.hu/" "Mozilla/5.0 (Windows NT 10.0; WOW64) AppleWebKit/537.36 (KHTML, like Gecko) Chrome/55.0.2883.87 Safari/537.36"
178.164.199.219 - - [29/Jan/2017:23:33:24 +0100] "GET /popupsys%20elemei/main.txt HTTP/1.1" 200 342 "http://www.mkk.zpok.hu/" "Mozilla/5.0 (Windows NT 10.0; WOW64) AppleWebKit/537.36 (KHTML, like Gecko) Chrome/55.0.2883.87 Safari/537.36"
178.164.199.219 - - [29/Jan/2017:23:33:24 +0100] "GET /hirek.xml HTTP/1.1" 200 51504 "http://www.mkk.zpok.hu/" "Mozilla/5.0 (Windows NT 10.0; WOW64) AppleWebKit/537.36 (KHTML, like Gecko) Chrome/55.0.2883.87 Safari/537.36"
178.164.199.219 - - [29/Jan/2017:23:33:35 +0100] "GET /doc/Deli-pu_MKK.pdf HTTP/1.1" 200 68806 "http://www.mkk.zpok.hu/" "Mozilla/5.0 (Windows NT 10.0; WOW64) AppleWebKit/537.36 (KHTML, like Gecko) Chrome/55.0.2883.87 Safari/537.36"
178.164.199.219 - - [29/Jan/2017:23:33:35 +0100] "GET /favicon.ico HTTP/1.1" 404 1181 "http://mkk.zpok.hu/doc/Deli-pu_MKK.pdf" "Mozilla/5.0 (Windows NT 10.0; WOW64) AppleWebKit/537.36 (KHTML, like Gecko) Chrome/55.0.2883.87 Safari/537.36"
66.249.64.124 - - [29/Jan/2017:23:35:22 +0100] "GET /hirlevel/vasuttal0704.htm HTTP/1.1" 200 25859 "-" "Mozilla/5.0 (compatible; Googlebot/2.1; +http://www.google.com/bot.html)"
185.93.183.215 - - [29/Jan/2017:23:37:17 +0100] "GET /hirlevel/vonattal1505.html HTTP/1.0" 200 31133 "http://mkk.zpok.hu/hirlevel/vonattal1505.html" "Mozilla/5.0 (Windows NT 6.1; rv:44.0) Gecko/20100101 Firefox/44.0"
131.253.25.247 - - [29/Jan/2017:23:42:51 +0100] "GET /doc/varos-videk.vasut_2009.pdf HTTP/1.1" 200 4317184 "-" "Mozilla/5.0 (iPhone; CPU iPhone OS 7_0 like Mac OS X) AppleWebKit/537.51.1 (KHTML, like Gecko) Version/7.0 Mobile/11A465 Safari/9537.53 BingPreview/1.0b"
176.241.38.108 - - [29/Jan/2017:23:44:10 +0100] "GET /images/vasutterkep_n.jpg HTTP/1.1" 200 671893 "https://www.google.hu/" "Mozilla/5.0 (Windows NT 6.3) AppleWebKit/537.36 (KHTML, like Gecko) Chrome/55.0.2883.87 Safari/537.36"
66.249.64.124 - - [29/Jan/2017:23:50:57 +0100] "GET /hirlevel/vonattal1307.html HTTP/1.1" 200 33563 "-" "Mozilla/5.0 (compatible; Googlebot/2.1; +http://www.google.com/bot.html)"
66.249.64.124 - - [30/Jan/2017:00:10:03 +0100] "GET /doc/ttft.pdf HTTP/1.1" 200 6493253 "-" "Mozilla/5.0 (compatible; Googlebot/2.1; +http://www.google.com/bot.html)"
157.55.39.150 - - [30/Jan/2017:00:19:16 +0100] "GET / HTTP/1.1" 200 1178 "-" "Mozilla/5.0 (compatible; bingbot/2.0; +http://www.bing.com/bingbot.htm)"
123.125.71.104 - - [30/Jan/2017:00:20:20 +0100] "GET /robots.txt HTTP/1.1" 404 1181 "-" "Mozilla/5.0 (compatible; Baiduspider/2.0; +http://www.baidu.com/search/spider.html)"
66.249.64.124 - - [30/Jan/2017:00:20:40 +0100] "GET /hirlevel/vonattal1412.html HTTP/1.1" 200 20581 "-" "Mozilla/5.0 (compatible; Googlebot/2.1; +http://www.google.com/bot.html)"
157.55.39.150 - - [30/Jan/2017:00:27:26 +0100] "GET /images/b2_2012_03_+terkepkep.pdf HTTP/1.1" 200 10720611 "-" "Mozilla/5.0 (iPhone; CPU iPhone OS 7_0 like Mac OS X) AppleWebKit/537.51.1 (KHTML, like Gecko) Version/7.0 Mobile/11A465 Safari/9537.53 (compatible; bingbot/2.0; +http://www.bing.com/bingbot.htm)"
186.125.190.156 - - [30/Jan/2017:00:28:35 +0100] "GET / HTTP/1.1" 200 1178 "-" "Mozilla/4.0 (compatible; MSIE 5.0; Windows NT; DigExt; DTS Agent"
178.200.236.178 - - [30/Jan/2017:00:30:26 +0100] "GET /images/vasutterkep_n.jpg HTTP/1.1" 200 4702972 "http://www.bing.com/images/search?q=ungarn&view=detailv2&&id=96352B7D41B76F3373FDD13933FA42A1B3BF7913&selectedIndex=395&ccid=rSCvLYB2&simid=608002997760429071&thid=OIP.rSCvLYB2gwSIGn73w48imQEsDV&mode=overlay" "Mozilla/5.0 (Windows NT 6.1; WOW64; Trident/7.0; rv:11.0) like Gecko"
178.200.236.178 - - [30/Jan/2017:00:30:29 +0100] "GET /favicon.ico HTTP/1.1" 404 1181 "-" "Mozilla/5.0 (Windows NT 6.1; Win64; x64; Trident/7.0; rv:11.0) like Gecko"
66.249.64.65 - - [30/Jan/2017:00:44:59 +0100] "GET /hirlevel/vonattal1504.html HTTP/1.1" 200 22577 "-" "Mozilla/5.0 (compatible; Googlebot/2.1; +http://www.google.com/bot.html)"
66.249.64.124 - - [30/Jan/2017:00:50:16 +0100] "GET /hirlevel/vonattal1304.html HTTP/1.1" 200 53937 "-" "Mozilla/5.0 (compatible; Googlebot/2.1; +http://www.google.com/bot.html)"
66.249.64.70 - - [30/Jan/2017:01:00:45 +0100] "GET /hirlevel/vonattal1503.html HTTP/1.1" 200 21721 "-" "Mozilla/5.0 (compatible; Googlebot/2.1; +http://www.google.com/bot.html)"
37.9.122.201 - - [30/Jan/2017:01:02:17 +0100] "GET /robots.txt HTTP/1.1" 404 1181 "-" "Mozilla/5.0 (compatible; YandexBot/3.0; +http://yandex.com/bots)"
37.9.122.201 - - [30/Jan/2017:01:02:21 +0100] "GET /doc/szandeknyilatkozat_0711.doc HTTP/1.1" 200 20480 "-" "Mozilla/5.0 (compatible; YandexBot/3.0; +http://yandex.com/bots)"
125.209.235.182 - - [30/Jan/2017:01:16:44 +0100] "GET /robots.txt HTTP/1.1" 404 1181 "-" "Mozilla/5.0 (compatible; Yeti/1.1; +http://naver.me/bot)"
125.209.235.183 - - [30/Jan/2017:01:16:46 +0100] "GET / HTTP/1.1" 200 1178 "-" "Mozilla/5.0 (compatible; Yeti/1.1; +http://naver.me/bot)"
37.9.122.203 - - [30/Jan/2017:01:22:23 +0100] "GET /doc/kalkapolnakisterenye.pdf HTTP/1.1" 200 33472 "-" "Mozilla/5.0 (compatible; YandexBot/3.0; +http://yandex.com/bots)"
66.249.64.152 - - [30/Jan/2017:01:24:05 +0100] "GET /doc/meszaros_peter.ppt HTTP/1.1" 200 75776 "-" "Mozilla/5.0 (compatible; Googlebot/2.1; +http://www.google.com/bot.html)"
131.253.27.44 - - [30/Jan/2017:01:29:07 +0100] "GET /images/b2_2012_03_+terkepkep.pdf HTTP/1.1" 200 4317184 "-" "Mozilla/5.0 (iPhone; CPU iPhone OS 7_0 like Mac OS X) AppleWebKit/537.51.1 (KHTML, like Gecko) Version/7.0 Mobile/11A465 Safari/9537.53 BingPreview/1.0b"
66.249.64.124 - - [30/Jan/2017:01:54:45 +0100] "GET /doc/vandorbottal_a_vasparipaert_1010.pdf HTTP/1.1" 200 630826 "-" "Mozilla/5.0 (Linux; Android 6.0.1; Nexus 5X Build/MMB29P) AppleWebKit/537.36 (KHTML, like Gecko) Chrome/41.0.2272.96 Mobile Safari/537.36 (compatible; Googlebot/2.1; +http://www.google.com/bot.html)"
66.249.64.92 - - [30/Jan/2017:01:58:59 +0100] "GET /doc/kommunike_2011.pdf HTTP/1.1" 200 61630 "-" "Mozilla/5.0 (compatible; Googlebot/2.1; +http://www.google.com/bot.html)"
