193.201.224.205 - - [18/Jan/2017:21:29:33 +0100] "GET /wp-content/plugins/wp-ecommerce-shop-styling/includes/download.php?filename=../../../../wp-config.php HTTP/1.1" 404 1181 "-" "Mozilla/5.0 (Windows NT 6.1; rv:34.0) Gecko/20100101 Firefox/34.0"
193.201.224.205 - - [18/Jan/2017:21:29:45 +0100] "GET /wp-content/themes/authentic/includes/download.php?file=../../../../wp-config.php HTTP/1.1" 404 1181 "-" "Mozilla/5.0 (Windows NT 6.1; rv:34.0) Gecko/20100101 Firefox/34.0"
193.201.224.205 - - [18/Jan/2017:21:29:54 +0100] "POST /wp-content/themes/awake/lib/scripts/dl-skin.php HTTP/1.1" 404 1181 "-" "Mozilla/5.0 (Windows NT 6.1; rv:34.0) Gecko/20100101 Firefox/34.0"
193.201.224.205 - - [18/Jan/2017:21:30:05 +0100] "GET /wp-content/themes/churchope/lib/downloadlink.php?file=../../../../wp-config.php HTTP/1.1" 404 1181 "-" "Mozilla/5.0 (Windows NT 6.1; rv:34.0) Gecko/20100101 Firefox/34.0"
193.201.224.205 - - [18/Jan/2017:21:30:15 +0100] "POST /wp-content/themes/construct/lib/scripts/dl-skin.php HTTP/1.1" 404 1181 "-" "Mozilla/5.0 (Windows NT 6.1; rv:34.0) Gecko/20100101 Firefox/34.0"
193.201.224.205 - - [18/Jan/2017:21:30:26 +0100] "POST /wp-content/themes/dejavu/lib/scripts/dl-skin.php HTTP/1.1" 404 1181 "-" "Mozilla/5.0 (Windows NT 6.1; rv:34.0) Gecko/20100101 Firefox/34.0"
193.201.224.205 - - [18/Jan/2017:21:30:35 +0100] "POST /wp-content/themes/echelon/lib/scripts/dl-skin.php HTTP/1.1" 404 1181 "-" "Mozilla/5.0 (Windows NT 6.1; rv:34.0) Gecko/20100101 Firefox/34.0"
193.201.224.205 - - [18/Jan/2017:21:30:46 +0100] "POST /wp-content/themes/elegance/lib/scripts/dl-skin.php HTTP/1.1" 404 1181 "-" "Mozilla/5.0 (Windows NT 6.1; rv:34.0) Gecko/20100101 Firefox/34.0"
193.201.224.205 - - [18/Jan/2017:21:30:58 +0100] "GET /wp-content/themes/epic/includes/download.php?file=../../../../wp-config.php HTTP/1.1" 404 1181 "-" "Mozilla/5.0 (Windows NT 6.1; rv:34.0) Gecko/20100101 Firefox/34.0"
193.201.224.205 - - [18/Jan/2017:21:31:08 +0100] "POST /wp-content/themes/fusion/lib/scripts/dl-skin.php HTTP/1.1" 404 1181 "-" "Mozilla/5.0 (Windows NT 6.1; rv:34.0) Gecko/20100101 Firefox/34.0"
193.201.224.205 - - [18/Jan/2017:21:31:19 +0100] "GET /wp-content/themes/infocus/lib/scripts/dl-skin.php HTTP/1.1" 404 1181 "-" "Mozilla/5.0 (Windows NT 6.1; rv:34.0) Gecko/20100101 Firefox/34.0"
193.201.224.205 - - [18/Jan/2017:21:31:28 +0100] "POST /wp-content/themes/infocus/lib/scripts/dl-skin.php HTTP/1.1" 404 1181 "-" "Mozilla/5.0 (Windows NT 6.1; rv:34.0) Gecko/20100101 Firefox/34.0"
193.201.224.205 - - [18/Jan/2017:21:31:39 +0100] "GET /wp-admin/admin.php?page=miwoftp&option=com_miwoftp&action=download&dir=/&item=wp-config.php&order=name&sr HTTP/1.1" 404 1181 "-" "Mozilla/5.0 (Windows NT 6.1; rv:34.0) Gecko/20100101 Firefox/34.0"
193.201.224.205 - - [18/Jan/2017:21:31:50 +0100] "POST /wp-content/themes/infocus2/lib/scripts/dl-skin.php HTTP/1.1" 404 1181 "-" "Mozilla/5.0 (Windows NT 6.1; rv:34.0) Gecko/20100101 Firefox/34.0"
193.201.224.205 - - [18/Jan/2017:21:32:01 +0100] "GET /wp-content/themes/linenity/functions/download.php?imgurl=../../../../wp-config.php HTTP/1.1" 404 1181 "-" "Mozilla/5.0 (Windows NT 6.1; rv:34.0) Gecko/20100101 Firefox/34.0"
193.201.224.205 - - [18/Jan/2017:21:32:12 +0100] "GET /wp-content/themes/lote27/download.php?download=../../../wp-config.php HTTP/1.1" 404 1181 "-" "Mozilla/5.0 (Windows NT 6.1; rv:34.0) Gecko/20100101 Firefox/34.0"
193.201.224.205 - - [18/Jan/2017:21:32:23 +0100] "POST /wp-content/themes/method/lib/scripts/dl-skin.php HTTP/1.1" 404 1181 "-" "Mozilla/5.0 (Windows NT 6.1; rv:34.0) Gecko/20100101 Firefox/34.0"
193.201.224.205 - - [18/Jan/2017:21:32:34 +0100] "POST /wp-content/themes/modular/lib/scripts/dl-skin.php HTTP/1.1" 404 1181 "-" "Mozilla/5.0 (Windows NT 6.1; rv:34.0) Gecko/20100101 Firefox/34.0"
193.201.224.205 - - [18/Jan/2017:21:32:45 +0100] "POST /wp-content/themes/myriad/lib/scripts/dl-skin.php HTTP/1.1" 404 1181 "-" "Mozilla/5.0 (Windows NT 6.1; rv:34.0) Gecko/20100101 Firefox/34.0"
193.201.224.205 - - [18/Jan/2017:21:32:55 +0100] "GET /wp-content/themes/parallelus-mingle/framework/utilities/download/getfile.php?file=../../../../../../wp-config.php HTTP/1.1" 404 1181 "-" "Mozilla/5.0 (Windows NT 6.1; rv:34.0) Gecko/20100101 Firefox/34.0"
193.201.224.205 - - [18/Jan/2017:21:33:06 +0100] "GET /wp-content/themes/parallelus-salutation/framework/utilities/download/getfile.php?file=../../../../../../wp-config.php HTTP/1.1" 404 1181 "-" "Mozilla/5.0 (Windows NT 6.1; rv:34.0) Gecko/20100101 Firefox/34.0"
193.201.224.205 - - [18/Jan/2017:21:33:17 +0100] "POST /wp-content/themes/persuasion/lib/scripts/dl-skin.php HTTP/1.1" 404 1181 "-" "Mozilla/5.0 (Windows NT 6.1; rv:34.0) Gecko/20100101 Firefox/34.0"
193.201.224.205 - - [18/Jan/2017:21:33:28 +0100] "GET /wp-content/themes/trinity/lib/scripts/download.php?file=../../../../../wp-config.php HTTP/1.1" 404 1181 "-" "Mozilla/5.0 (Windows NT 6.1; rv:34.0) Gecko/20100101 Firefox/34.0"
193.201.224.205 - - [18/Jan/2017:21:33:38 +0100] "GET /wp-content/themes/urbancity/lib/scripts/download.php?file=../../../../../wp-config.php HTTP/1.1" 404 1181 "-" "Mozilla/5.0 (Windows NT 6.1; rv:34.0) Gecko/20100101 Firefox/34.0"
108.15.247.4 - - [18/Jan/2017:21:45:18 +0100] "GET /images/vasutterkep_n.jpg HTTP/1.1" 200 3489792 "https://www.google.com/" "Mozilla/5.0 (Windows NT 6.0) AppleWebKit/537.36 (KHTML, like Gecko) Chrome/49.0.2623.112 Safari/537.36"
84.21.4.122 - - [18/Jan/2017:21:47:17 +0100] "GET /hirlevel/images/1009_terkep_n.jpg HTTP/1.1" 200 598267 "-" "Mozilla/5.0 (Windows NT 6.1; WOW64; Trident/7.0; rv:11.0) like Gecko"
157.55.39.193 - - [18/Jan/2017:21:52:25 +0100] "GET /doc/tersegi_polg_0803.pdf HTTP/1.1" 200 63931 "-" "Mozilla/5.0 (iPhone; CPU iPhone OS 7_0 like Mac OS X) AppleWebKit/537.51.1 (KHTML, like Gecko) Version/7.0 Mobile/11A465 Safari/9537.53 (compatible; bingbot/2.0; +http://www.bing.com/bingbot.htm)"
195.154.181.162 - - [18/Jan/2017:22:01:17 +0100] "GET /logo_img.php HTTP/1.1" 404 1181 "http://www.mkk.zpok.hu/logo_img.php" "Mozilla/5.0 (Windows NT 6.1; WOW64) AppleWebKit/537.36 (KHTML, like Gecko) Chrome/42.0.2311.152 Safari/537.36"
207.46.13.202 - - [18/Jan/2017:22:33:34 +0100] "GET /robots.txt HTTP/1.1" 404 1181 "-" "Mozilla/5.0 (compatible; bingbot/2.0; +http://www.bing.com/bingbot.htm)"
40.77.167.32 - - [18/Jan/2017:22:33:39 +0100] "GET / HTTP/1.1" 200 1178 "-" "Mozilla/5.0 (compatible; bingbot/2.0; +http://www.bing.com/bingbot.htm)"
66.249.66.198 - - [18/Jan/2017:22:39:22 +0100] "GET /doc/s-bahn.pdf HTTP/1.1" 200 97892 "-" "Mozilla/5.0 (compatible; Googlebot/2.1; +http://www.google.com/bot.html)"
95.168.111.241 - - [18/Jan/2017:22:39:56 +0100] "GET /images/vasutterkep_n.jpg HTTP/1.1" 200 4702972 "https://www.google.hr/" "Mozilla/5.0 (Windows NT 10.0; WOW64) AppleWebKit/537.36 (KHTML, like Gecko) Chrome/55.0.2883.87 Safari/537.36"
180.76.15.6 - - [18/Jan/2017:22:42:59 +0100] "GET /doc/varos-videk_2009.pdf HTTP/1.1" 200 589824 "-" "Mozilla/5.0 (compatible; Baiduspider/2.0; +http://www.baidu.com/search/spider.html)"
66.249.66.198 - - [18/Jan/2017:22:48:39 +0100] "GET /doc/nograd0707.pdf HTTP/1.1" 200 67054 "-" "Mozilla/5.0 (compatible; Googlebot/2.1; +http://www.google.com/bot.html)"
66.249.66.193 - - [18/Jan/2017:22:59:45 +0100] "GET /hirlevel/vonattal1107.htm HTTP/1.1" 200 26917 "-" "Mozilla/5.0 (compatible; Googlebot/2.1; +http://www.google.com/bot.html)"
178.137.83.79 - - [18/Jan/2017:23:09:10 +0100] "GET /robots.txt HTTP/1.1" 404 1181 "-" "Mozilla/5.0 (Windows NT 10.0; WOW64) AppleWebKit/537.36 (KHTML, like Gecko) Chrome/49.0.2623.75 Safari/537.36 OPR/36.0.2130.32"
178.137.83.79 - - [18/Jan/2017:23:09:10 +0100] "GET / HTTP/1.1" 200 1178 "-" "Mozilla/5.0 (Windows NT 10.0; WOW64) AppleWebKit/537.36 (KHTML, like Gecko) Chrome/49.0.2623.75 Safari/537.36 OPR/36.0.2130.32"
178.137.83.79 - - [18/Jan/2017:23:09:10 +0100] "GET /xmlrpc.php?rsd HTTP/1.1" 404 1181 "-" "Mozilla/5.0 (Windows NT 10.0; WOW64) AppleWebKit/537.36 (KHTML, like Gecko) Chrome/49.0.2623.75 Safari/537.36 OPR/36.0.2130.32"
178.137.83.79 - - [18/Jan/2017:23:09:10 +0100] "GET /blog/robots.txt HTTP/1.1" 404 1181 "-" "Mozilla/5.0 (Windows NT 10.0; WOW64) AppleWebKit/537.36 (KHTML, like Gecko) Chrome/49.0.2623.75 Safari/537.36 OPR/36.0.2130.32"
178.137.83.79 - - [18/Jan/2017:23:09:10 +0100] "GET /blog/ HTTP/1.1" 404 1181 "-" "Mozilla/5.0 (Windows NT 10.0; WOW64) AppleWebKit/537.36 (KHTML, like Gecko) Chrome/49.0.2623.75 Safari/537.36 OPR/36.0.2130.32"
178.137.83.79 - - [18/Jan/2017:23:09:10 +0100] "GET /wordpress/ HTTP/1.1" 404 1181 "-" "Mozilla/5.0 (Windows NT 10.0; WOW64) AppleWebKit/537.36 (KHTML, like Gecko) Chrome/49.0.2623.75 Safari/537.36 OPR/36.0.2130.32"
178.137.83.79 - - [18/Jan/2017:23:09:10 +0100] "GET /wp/ HTTP/1.1" 404 1181 "-" "Mozilla/5.0 (Windows NT 10.0; WOW64) AppleWebKit/537.36 (KHTML, like Gecko) Chrome/49.0.2623.75 Safari/537.36 OPR/36.0.2130.32"
66.249.66.215 - - [18/Jan/2017:23:14:15 +0100] "GET /doc/kozh07.pdf HTTP/1.1" 200 1596223 "-" "Mozilla/5.0 (compatible; Googlebot/2.1; +http://www.google.com/bot.html)"
68.180.231.43 - - [18/Jan/2017:23:16:52 +0100] "GET /robots.txt HTTP/1.1" 404 1181 "-" "Mozilla/5.0 (compatible; Yahoo! Slurp; http://help.yahoo.com/help/us/ysearch/slurp)"
68.180.231.43 - - [18/Jan/2017:23:16:53 +0100] "GET /doc/allasf_091027.pdf HTTP/1.1" 404 1181 "-" "Mozilla/5.0 (compatible; Yahoo! Slurp; http://help.yahoo.com/help/us/ysearch/slurp)"
66.249.66.215 - - [18/Jan/2017:23:30:40 +0100] "GET /doc/kozh03.pdf HTTP/1.1" 200 76029 "-" "Mozilla/5.0 (compatible; Googlebot/2.1; +http://www.google.com/bot.html)"
130.193.51.56 - - [18/Jan/2017:23:31:32 +0100] "GET /robots.txt HTTP/1.1" 404 1181 "-" "Mozilla/5.0 (compatible; YandexBot/3.0; +http://yandex.com/bots)"
130.193.51.56 - - [18/Jan/2017:23:31:36 +0100] "GET /hirlevel/images/1601cc.jpg HTTP/1.1" 200 147632 "-" "Mozilla/5.0 (compatible; YandexImages/3.0; +http://yandex.com/bots)"
66.249.66.193 - - [18/Jan/2017:23:40:56 +0100] "GET /robots.txt HTTP/1.1" 404 1181 "-" "Mozilla/5.0 (compatible; Googlebot/2.1; +http://www.google.com/bot.html)"
66.249.66.193 - - [18/Jan/2017:23:40:56 +0100] "GET /doc/tande_1009.pdf HTTP/1.1" 200 144291 "-" "Mozilla/5.0 (compatible; Googlebot/2.1; +http://www.google.com/bot.html)"
66.249.66.215 - - [18/Jan/2017:23:51:28 +0100] "GET /doc/kozh04.pdf HTTP/1.1" 200 136111 "-" "Mozilla/5.0 (compatible; Googlebot/2.1; +http://www.google.com/bot.html)"
83.254.51.172 - - [18/Jan/2017:23:57:41 +0100] "GET /images/vasutterkep_n.jpg HTTP/1.1" 200 4702972 "https://www.google.se/" "Mozilla/5.0 (Macintosh; Intel Mac OS X 10_12_2) AppleWebKit/602.3.12 (KHTML, like Gecko) Version/10.0.2 Safari/602.3.12"
83.254.51.172 - - [18/Jan/2017:23:58:10 +0100] "GET /images/vasutterkep_n.jpg HTTP/1.1" 200 4702972 "http://www.hoeckmann.de/karten/europa/ungarn/index-en.htm" "Mozilla/5.0 (Macintosh; Intel Mac OS X 10_12_2) AppleWebKit/602.3.12 (KHTML, like Gecko) Version/10.0.2 Safari/602.3.12"
83.254.51.172 - - [18/Jan/2017:23:58:10 +0100] "GET /favicon.ico HTTP/1.1" 404 1181 "http://www.mkk.zpok.hu/images/vasutterkep_n.jpg" "Mozilla/5.0 (Macintosh; Intel Mac OS X 10_12_2) AppleWebKit/602.3.12 (KHTML, like Gecko) Version/10.0.2 Safari/602.3.12"
89.134.87.245 - - [19/Jan/2017:00:00:10 +0100] "GET /images/vasutterkep_n.jpg HTTP/1.1" 200 4702972 "http://www.bing.com/images/search?q=terkepek&view=detailv2&&id=4D7BEEA6AB5806D6D1594D91CE35373F5F835285&selectedIndex=12&ccid=NrRV1z3b&simid=608055074207173856&thid=OIP.M36b455d73ddb420602b5951d2c2e1084o0&mode=overlay" "Mozilla/5.0 (Windows NT 6.3; WOW64; Trident/7.0; rv:11.0) like Gecko"
157.55.39.193 - - [19/Jan/2017:00:00:42 +0100] "GET /doc/tersegi_polg_0803.pdf HTTP/1.1" 200 63931 "-" "Mozilla/5.0 (iPhone; CPU iPhone OS 7_0 like Mac OS X) AppleWebKit/537.51.1 (KHTML, like Gecko) Version/7.0 Mobile/11A465 Safari/9537.53 (compatible; bingbot/2.0; +http://www.bing.com/bingbot.htm)"
66.249.66.251 - - [19/Jan/2017:00:00:51 +0100] "GET /doc/tande_1105.pdf HTTP/1.1" 200 200124 "-" "Mozilla/5.0 (compatible; Googlebot/2.1; +http://www.google.com/bot.html)"
66.249.66.215 - - [19/Jan/2017:00:09:21 +0100] "GET /doc/kozh08.pdf HTTP/1.1" 200 1915516 "-" "Mozilla/5.0 (compatible; Googlebot/2.1; +http://www.google.com/bot.html)"
66.249.66.215 - - [19/Jan/2017:00:17:56 +0100] "GET /doc/kozh12.pdf HTTP/1.1" 200 7842223 "-" "Mozilla/5.0 (compatible; Googlebot/2.1; +http://www.google.com/bot.html)"
66.249.66.198 - - [19/Jan/2017:00:26:17 +0100] "GET /doc/tande_1103-4.pdf HTTP/1.1" 200 280273 "-" "Mozilla/5.0 (compatible; Googlebot/2.1; +http://www.google.com/bot.html)"
66.249.66.215 - - [19/Jan/2017:00:34:27 +0100] "GET /doc/meszaros.pdf HTTP/1.1" 200 1012883 "-" "Mozilla/5.0 (compatible; Googlebot/2.1; +http://www.google.com/bot.html)"
66.249.66.193 - - [19/Jan/2017:00:44:03 +0100] "GET /hirlevel/vonattal1012.htm HTTP/1.1" 200 40274 "-" "Mozilla/5.0 (compatible; Googlebot/2.1; +http://www.google.com/bot.html)"
66.249.66.251 - - [19/Jan/2017:00:52:46 +0100] "GET /hirlevel/vasuttal0803.htm HTTP/1.1" 200 31521 "-" "Mozilla/5.0 (compatible; Googlebot/2.1; +http://www.google.com/bot.html)"
66.249.66.219 - - [19/Jan/2017:01:00:00 +0100] "GET /doc/kozh10.pdf HTTP/1.1" 200 407669 "-" "Mozilla/5.0 (compatible; Googlebot/2.1; +http://www.google.com/bot.html)"
66.249.66.198 - - [19/Jan/2017:01:11:44 +0100] "GET /doc/sikeres_varos.pdf HTTP/1.1" 200 1149217 "-" "Mozilla/5.0 (compatible; Googlebot/2.1; +http://www.google.com/bot.html)"
40.77.167.32 - - [19/Jan/2017:01:15:48 +0100] "GET /doc/vasuttal-budapest-kornyeken.pdf HTTP/1.1" 404 1181 "-" "Mozilla/5.0 (iPhone; CPU iPhone OS 7_0 like Mac OS X) AppleWebKit/537.51.1 (KHTML, like Gecko) Version/7.0 Mobile/11A465 Safari/9537.53 (compatible; bingbot/2.0; +http://www.bing.com/bingbot.htm)"
93.158.152.25 - - [19/Jan/2017:01:25:15 +0100] "GET /hirlevel/images/1512_b.jpg HTTP/1.1" 200 129334 "-" "Mozilla/5.0 (compatible; YandexImages/3.0; +http://yandex.com/bots)"
141.8.142.30 - - [19/Jan/2017:01:27:20 +0100] "GET /hirlevel/images/1307_4.jpg HTTP/1.1" 200 183594 "-" "Mozilla/5.0 (compatible; YandexImages/3.0; +http://yandex.com/bots)"
66.249.66.198 - - [19/Jan/2017:01:37:49 +0100] "GET /doc/tande_1012.pdf HTTP/1.1" 200 289952 "-" "Mozilla/5.0 (compatible; Googlebot/2.1; +http://www.google.com/bot.html)"
149.18.15.47 - - [19/Jan/2017:01:41:08 +0100] "GET /hirlevel/images/1009_terkep_n.jpg HTTP/1.1" 200 598267 "https://www.google.co.uk/" "Mozilla/5.0 (Linux; Android 6.0.1; ONEPLUS A3003 Build/MMB29M) AppleWebKit/537.36 (KHTML, like Gecko) Chrome/54.0.2840.85 Mobile Safari/537.36"
66.249.66.251 - - [19/Jan/2017:01:49:56 +0100] "GET /doc/tande_1011.pdf HTTP/1.1" 200 162997 "-" "Mozilla/5.0 (compatible; Googlebot/2.1; +http://www.google.com/bot.html)"
66.249.66.193 - - [19/Jan/2017:02:09:50 +0100] "GET /doc/ttft.pdf HTTP/1.1" 200 6493253 "-" "Mozilla/5.0 (compatible; Googlebot/2.1; +http://www.google.com/bot.html)"
66.249.66.251 - - [19/Jan/2017:02:20:31 +0100] "GET /doc/tande_1010.pdf HTTP/1.1" 200 129997 "-" "Mozilla/5.0 (compatible; Googlebot/2.1; +http://www.google.com/bot.html)"
66.249.66.215 - - [19/Jan/2017:02:30:14 +0100] "GET /doc/kozh05.pdf HTTP/1.1" 200 97320 "-" "Mozilla/5.0 (compatible; Googlebot/2.1; +http://www.google.com/bot.html)"
66.249.66.198 - - [19/Jan/2017:02:48:23 +0100] "GET /doc/b2_201203.jpg HTTP/1.1" 404 1181 "-" "Googlebot-Image/1.0"
40.77.167.32 - - [19/Jan/2017:03:29:15 +0100] "GET /doc/tisza-to_szoroanyag_2012.pdf HTTP/1.1" 200 890943 "-" "Mozilla/5.0 (iPhone; CPU iPhone OS 7_0 like Mac OS X) AppleWebKit/537.51.1 (KHTML, like Gecko) Version/7.0 Mobile/11A465 Safari/9537.53 (compatible; bingbot/2.0; +http://www.bing.com/bingbot.htm)"
66.249.66.215 - - [19/Jan/2017:03:30:16 +0100] "GET /doc/kozh11.pdf HTTP/1.1" 200 280053 "-" "Mozilla/5.0 (compatible; Googlebot/2.1; +http://www.google.com/bot.html)"
207.46.13.226 - - [19/Jan/2017:03:51:05 +0100] "GET /robots.txt HTTP/1.1" 404 1181 "-" "Mozilla/5.0 (compatible; bingbot/2.0; +http://www.bing.com/bingbot.htm)"
40.77.167.32 - - [19/Jan/2017:03:51:27 +0100] "GET /images/b2_2012_03_+terkepkep.pdf HTTP/1.1" 200 10757531 "-" "Mozilla/5.0 (iPhone; CPU iPhone OS 7_0 like Mac OS X) AppleWebKit/537.51.1 (KHTML, like Gecko) Version/7.0 Mobile/11A465 Safari/9537.53 (compatible; bingbot/2.0; +http://www.bing.com/bingbot.htm)"
66.249.66.219 - - [19/Jan/2017:03:51:49 +0100] "GET /doc/kozh12.pdf HTTP/1.1" 200 7842223 "-" "Mozilla/5.0 (compatible; Googlebot/2.1; +http://www.google.com/bot.html)"
68.180.229.121 - - [19/Jan/2017:03:53:12 +0100] "GET /robots.txt HTTP/1.1" 404 1181 "-" "Mozilla/5.0 (compatible; Yahoo! Slurp; http://help.yahoo.com/help/us/ysearch/slurp)"
68.180.229.121 - - [19/Jan/2017:03:53:13 +0100] "GET /hirlevel/vonattal0812.htm HTTP/1.1" 200 33272 "-" "Mozilla/5.0 (compatible; Yahoo! Slurp; http://help.yahoo.com/help/us/ysearch/slurp)"
66.249.66.211 - - [19/Jan/2017:04:02:51 +0100] "GET /doc/kozh06.pdf HTTP/1.1" 200 136124 "-" "Mozilla/5.0 (compatible; Googlebot/2.1; +http://www.google.com/bot.html)"
66.249.66.215 - - [19/Jan/2017:04:13:23 +0100] "GET /doc/bevasar.pdf HTTP/1.1" 200 3063780 "-" "Mozilla/5.0 (compatible; Googlebot/2.1; +http://www.google.com/bot.html)"
192.157.254.197 - - [19/Jan/2017:04:23:11 +0100] "HEAD / HTTP/1.1" 200 0 "https://www.inboundlinks.win/InboundLinks/mkk.zpok.hu" "Mozilla/5.0 (compatible; MSIE 9.0; Windows NT 6.1; WOW64; Trident/5.0)"
66.249.66.193 - - [19/Jan/2017:04:25:15 +0100] "GET /doc/szecseny_04.pdf HTTP/1.1" 200 70592 "-" "Mozilla/5.0 (compatible; Googlebot/2.1; +http://www.google.com/bot.html)"
157.55.39.193 - - [19/Jan/2017:04:28:37 +0100] "GET /robots.txt HTTP/1.1" 404 1181 "-" "Mozilla/5.0 (compatible; bingbot/2.0; +http://www.bing.com/bingbot.htm)"
40.77.167.32 - - [19/Jan/2017:04:28:50 +0100] "GET /images/vasutterkep_n.jpg HTTP/1.1" 200 4702972 "-" "Mozilla/5.0 (compatible; bingbot/2.0; +http://www.bing.com/bingbot.htm)"
40.77.167.32 - - [19/Jan/2017:04:42:57 +0100] "GET / HTTP/1.1" 200 1178 "-" "Mozilla/5.0 (compatible; bingbot/2.0; +http://www.bing.com/bingbot.htm)"
66.249.66.251 - - [19/Jan/2017:04:47:30 +0100] "GET /doc/ipoly_201109.pdf HTTP/1.1" 200 5592654 "-" "Mozilla/5.0 (compatible; Googlebot/2.1; +http://www.google.com/bot.html)"
66.249.66.211 - - [19/Jan/2017:04:59:02 +0100] "GET /doc/alapsz03.pdf HTTP/1.1" 200 6009944 "-" "Mozilla/5.0 (compatible; Googlebot/2.1; +http://www.google.com/bot.html)"
66.249.66.198 - - [19/Jan/2017:05:09:04 +0100] "GET /doc/mkk_plakat_rgb.pdf HTTP/1.1" 200 406491 "-" "Mozilla/5.0 (compatible; Googlebot/2.1; +http://www.google.com/bot.html)"
66.249.66.251 - - [19/Jan/2017:05:19:34 +0100] "GET /doc/memorandum_0807.pdf HTTP/1.1" 200 48899 "-" "Mozilla/5.0 (compatible; Googlebot/2.1; +http://www.google.com/bot.html)"
66.249.66.193 - - [19/Jan/2017:05:29:26 +0100] "GET /doc/mkk%20plakat_rgb.pdf HTTP/1.1" 200 406491 "-" "Mozilla/5.0 (compatible; Googlebot/2.1; +http://www.google.com/bot.html)"
131.253.25.188 - - [19/Jan/2017:05:29:50 +0100] "GET /images/vasutterkep_n.jpg HTTP/1.1" 200 4317184 "-" "Mozilla/5.0 (Windows NT 6.1; WOW64) AppleWebKit/534+ (KHTML, like Gecko) BingPreview/1.0b"
66.249.66.219 - - [19/Jan/2017:05:39:45 +0100] "GET /doc/media_070622.pdf HTTP/1.1" 404 1181 "-" "Mozilla/5.0 (compatible; Googlebot/2.1; +http://www.google.com/bot.html)"
66.249.66.251 - - [19/Jan/2017:05:47:32 +0100] "GET /hirlevel/vonattal1207.htm HTTP/1.1" 200 57936 "-" "Mozilla/5.0 (compatible; Googlebot/2.1; +http://www.google.com/bot.html)"
40.77.167.32 - - [19/Jan/2017:06:07:14 +0100] "GET /doc/vonattal_tisza-tohoz_2010.pdf HTTP/1.1" 200 558271 "-" "Mozilla/5.0 (iPhone; CPU iPhone OS 7_0 like Mac OS X) AppleWebKit/537.51.1 (KHTML, like Gecko) Version/7.0 Mobile/11A465 Safari/9537.53 (compatible; bingbot/2.0; +http://www.bing.com/bingbot.htm)"
66.249.66.198 - - [19/Jan/2017:06:09:31 +0100] "GET /hirlevel/vonattal1108.htm HTTP/1.1" 200 26684 "-" "Mozilla/5.0 (compatible; Googlebot/2.1; +http://www.google.com/bot.html)"
66.249.66.251 - - [19/Jan/2017:06:12:00 +0100] "GET /hirlevel/utasf_1205.pdf HTTP/1.1" 200 543636 "-" "Mozilla/5.0 (compatible; Googlebot/2.1; +http://www.google.com/bot.html)"
66.249.66.198 - - [19/Jan/2017:06:19:32 +0100] "GET /hirlevel/vasuttal0711.htm HTTP/1.1" 200 14258 "-" "Mozilla/5.0 (compatible; Googlebot/2.1; +http://www.google.com/bot.html)"
66.249.66.193 - - [19/Jan/2017:06:33:19 +0100] "GET /hirlevel/Volnerlevel_120227.pdf HTTP/1.1" 200 243228 "-" "Mozilla/5.0 (Linux; Android 6.0.1; Nexus 5X Build/MMB29P) AppleWebKit/537.36 (KHTML, like Gecko) Chrome/41.0.2272.96 Mobile Safari/537.36 (compatible; Googlebot/2.1; +http://www.google.com/bot.html)"
66.249.66.251 - - [19/Jan/2017:06:49:51 +0100] "GET /hirlevel/vonattal1009.htm HTTP/1.1" 200 40861 "-" "Mozilla/5.0 (compatible; Googlebot/2.1; +http://www.google.com/bot.html)"
66.249.66.251 - - [19/Jan/2017:06:59:28 +0100] "GET /hirlevel/vonattal1010.htm HTTP/1.1" 200 41354 "-" "Mozilla/5.0 (compatible; Googlebot/2.1; +http://www.google.com/bot.html)"
66.249.66.193 - - [19/Jan/2017:07:04:10 +0100] "GET /doc/halalraitelve.pdf HTTP/1.1" 200 37180 "-" "Mozilla/5.0 (compatible; Googlebot/2.1; +http://www.google.com/bot.html)"
66.249.66.251 - - [19/Jan/2017:07:09:29 +0100] "GET /hirlevel/vonattal0907.htm HTTP/1.1" 200 33088 "-" "Mozilla/5.0 (compatible; Googlebot/2.1; +http://www.google.com/bot.html)"
66.249.66.198 - - [19/Jan/2017:07:18:02 +0100] "GET /hirlevel/vonattal1112.htm HTTP/1.1" 200 21986 "-" "Mozilla/5.0 (compatible; Googlebot/2.1; +http://www.google.com/bot.html)"
85.115.53.201 - - [19/Jan/2017:07:21:24 +0100] "GET /doc/tisza-to_szoroanyag_2012.pdf HTTP/1.1" 200 890943 "https://www.google.co.uk/" "Mozilla/5.0 (Windows NT 6.1; WOW64; rv:50.0) Gecko/20100101 Firefox/50.0"
85.115.53.201 - - [19/Jan/2017:07:21:24 +0100] "GET /doc/tisza-to_szoroanyag_2012.pdf HTTP/1.1" 206 38975 "https://www.google.co.uk/" "Mozilla/5.0 (Windows NT 6.1; WOW64; rv:50.0) Gecko/20100101 Firefox/50.0"
85.115.53.201 - - [19/Jan/2017:07:21:24 +0100] "GET /doc/tisza-to_szoroanyag_2012.pdf HTTP/1.1" 206 65536 "https://www.google.co.uk/" "Mozilla/5.0 (Windows NT 6.1; WOW64; rv:50.0) Gecko/20100101 Firefox/50.0"
85.115.53.201 - - [19/Jan/2017:07:21:26 +0100] "GET /favicon.ico HTTP/1.1" 404 1181 "-" "Mozilla/5.0 (Windows NT 6.1; WOW64; rv:50.0) Gecko/20100101 Firefox/50.0"
94.44.253.204 - - [19/Jan/2017:07:23:46 +0100] "GET / HTTP/1.1" 200 1178 "-" "Mozilla/5.0 (Linux; Android 4.4.4; Lenovo P90 Build/S100) AppleWebKit/537.36 (KHTML, like Gecko) Chrome/55.0.2883.91 Mobile Safari/537.36"
94.44.253.204 - - [19/Jan/2017:07:23:46 +0100] "GET /favicon.ico HTTP/1.1" 404 1181 "http://mkk.zpok.hu/" "Mozilla/5.0 (Linux; Android 4.4.4; Lenovo P90 Build/S100) AppleWebKit/537.36 (KHTML, like Gecko) Chrome/55.0.2883.91 Mobile Safari/537.36"
130.193.51.56 - - [19/Jan/2017:07:25:28 +0100] "GET /robots.txt HTTP/1.1" 404 1181 "-" "Mozilla/5.0 (compatible; YandexBot/3.0; +http://yandex.com/bots)"
130.193.51.56 - - [19/Jan/2017:07:25:32 +0100] "GET /hirlevel/1601_files/NCTA_tamogato_es_lebonyolito_logosor.jpg HTTP/1.1" 404 1181 "-" "Mozilla/5.0 (compatible; YandexImages/3.0; +http://yandex.com/bots)"
66.249.66.193 - - [19/Jan/2017:07:27:25 +0100] "GET /hirlevel/vonattal1007.htm HTTP/1.1" 200 27837 "-" "Mozilla/5.0 (compatible; Googlebot/2.1; +http://www.google.com/bot.html)"
66.249.66.193 - - [19/Jan/2017:07:36:45 +0100] "GET /hirlevel/vasuttal0701.htm HTTP/1.1" 200 12640 "-" "Mozilla/5.0 (compatible; Googlebot/2.1; +http://www.google.com/bot.html)"
82.77.51.147 - - [19/Jan/2017:07:42:15 +0100] "GET /images/vasutterkep_n.jpg HTTP/1.1" 200 4702972 "https://www.google.ro/" "Mozilla/5.0 (Windows NT 10.0) AppleWebKit/537.36 (KHTML, like Gecko) Chrome/55.0.2883.87 Safari/537.36"
66.249.66.251 - - [19/Jan/2017:07:45:09 +0100] "GET /hirlevel/vonattal0908.htm HTTP/1.1" 200 17434 "-" "Mozilla/5.0 (compatible; Googlebot/2.1; +http://www.google.com/bot.html)"
37.76.9.234 - - [19/Jan/2017:07:50:29 +0100] "GET /doc/ti-to20120627.jpg HTTP/1.1" 200 1071059 "https://www.google.hu/" "Mozilla/5.0 (iPhone; CPU iPhone OS 10_2 like Mac OS X) AppleWebKit/602.3.12 (KHTML, like Gecko) Version/10.0 Mobile/14C92 Safari/602.1"
66.249.66.251 - - [19/Jan/2017:07:54:30 +0100] "GET /hirlevel/vonattal1202.htm HTTP/1.1" 200 29926 "-" "Mozilla/5.0 (compatible; Googlebot/2.1; +http://www.google.com/bot.html)"
157.55.39.193 - - [19/Jan/2017:08:04:05 +0100] "GET /doc/kaposvar_0812.pdf HTTP/1.1" 200 316585 "-" "Mozilla/5.0 (compatible; bingbot/2.0; +http://www.bing.com/bingbot.htm)"
66.249.66.251 - - [19/Jan/2017:08:06:20 +0100] "GET /hirlevel/vonattal0906.htm HTTP/1.1" 200 25493 "-" "Mozilla/5.0 (compatible; Googlebot/2.1; +http://www.google.com/bot.html)"
217.12.48.22 - - [19/Jan/2017:08:09:42 +0100] "GET /images/vasutterkep_n.jpg HTTP/1.1" 200 4702972 "-" "Mozilla/5.0 (Windows NT 6.1; Trident/7.0; rv:11.0) like Gecko"
66.249.66.251 - - [19/Jan/2017:08:14:52 +0100] "GET /hirlevel/vasuttal0712.htm HTTP/1.1" 200 16632 "-" "Mozilla/5.0 (compatible; Googlebot/2.1; +http://www.google.com/bot.html)"
171.19.10.2 - - [19/Jan/2017:08:15:30 +0100] "GET /images/vasutterkep_n.jpg HTTP/1.1" 200 4702972 "https://www.google.hu/" "Mozilla/5.0 (Windows NT 6.3; WOW64) AppleWebKit/537.36 (KHTML, like Gecko) Chrome/55.0.2883.87 Safari/537.36"
23.244.19.143 - - [19/Jan/2017:08:16:36 +0100] "GET / HTTP/1.1" 200 1178 "http://www.domain2008.com/domains/mkk.zpok.hu" "Mozilla/5.0 (compatible; MSIE 9.0; Windows NT 6.1; WOW64; Trident/5.0)"
66.249.66.198 - - [19/Jan/2017:08:23:40 +0100] "GET /hirlevel/vasuttal0702.htm HTTP/1.1" 200 24655 "-" "Mozilla/5.0 (compatible; Googlebot/2.1; +http://www.google.com/bot.html)"
68.180.229.121 - - [19/Jan/2017:08:33:04 +0100] "GET /doc/prezentacio_20150425_tokaj.pdf HTTP/1.1" 200 214167 "-" "Mozilla/5.0 (compatible; Yahoo! Slurp; http://help.yahoo.com/help/us/ysearch/slurp)"
66.249.66.193 - - [19/Jan/2017:08:33:10 +0100] "GET /hirlevel/vasuttal0703.htm HTTP/1.1" 200 25859 "-" "Mozilla/5.0 (compatible; Googlebot/2.1; +http://www.google.com/bot.html)"
91.228.212.86 - - [19/Jan/2017:08:34:22 +0100] "GET /hirlevel/images/1206_6.jpg HTTP/1.1" 200 181989 "http://tourhongrie.blog.hu/" "Mozilla/5.0 (Windows NT 6.1) AppleWebKit/537.36 (KHTML, like Gecko) Chrome/55.0.2883.87 Safari/537.36"
195.199.10.78 - - [19/Jan/2017:08:37:06 +0100] "GET /hirlevel/images/1206_6.jpg HTTP/1.1" 200 181989 "https://www.google.hu/" "Mozilla/5.0 (Windows NT 10.0; WOW64) AppleWebKit/537.36 (KHTML, like Gecko) Chrome/55.0.2883.87 Safari/537.36"
66.249.66.198 - - [19/Jan/2017:08:42:03 +0100] "GET /hirlevel/vonattal1209.htm HTTP/1.1" 200 45089 "-" "Mozilla/5.0 (compatible; Googlebot/2.1; +http://www.google.com/bot.html)"
66.249.66.193 - - [19/Jan/2017:08:43:34 +0100] "GET /hirlevel/vonattal1107.htm HTTP/1.1" 304 - "-" "Mozilla/5.0 (compatible; Googlebot/2.1; +http://www.google.com/bot.html)"
66.249.66.251 - - [19/Jan/2017:08:52:24 +0100] "GET /hirlevel/vasuttal0809.htm HTTP/1.1" 200 24446 "-" "Mozilla/5.0 (compatible; Googlebot/2.1; +http://www.google.com/bot.html)"
66.249.66.251 - - [19/Jan/2017:08:55:59 +0100] "GET /hirlevel/images/201604j.jpg HTTP/1.1" 200 108763 "-" "Googlebot-Image/1.0"
66.249.66.198 - - [19/Jan/2017:09:02:50 +0100] "GET /hirlevel/vonattal1004.htm HTTP/1.1" 200 51166 "-" "Mozilla/5.0 (compatible; Googlebot/2.1; +http://www.google.com/bot.html)"
82.208.129.21 - - [19/Jan/2017:09:06:46 +0100] "GET /images/vasutterkep_n.jpg HTTP/1.1" 200 4702972 "-" "Mozilla/5.0 (Windows NT 6.1; WOW64) AppleWebKit/537.36 (KHTML, like Gecko) Chrome/55.0.2883.87 Safari/537.36"
37.76.31.109 - - [19/Jan/2017:09:26:13 +0100] "GET /doc/kerdoiv_kozlekedesi_szokasokrol_es_ismeretekrol.doc HTTP/1.1" 200 29696 "https://www.google.hu/" "Mozilla/5.0 (Linux; Android 5.1.1; SM-P605 Build/LMY47X) AppleWebKit/537.36 (KHTML, like Gecko) Chrome/55.0.2883.91 Safari/537.36"
66.249.66.193 - - [19/Jan/2017:09:33:56 +0100] "GET /hirlevel/vonattal0810.htm HTTP/1.1" 200 36363 "-" "Mozilla/5.0 (compatible; Googlebot/2.1; +http://www.google.com/bot.html)"
66.249.66.251 - - [19/Jan/2017:09:42:36 +0100] "GET /hirlevel/vonattal1103.htm HTTP/1.1" 200 36669 "-" "Mozilla/5.0 (compatible; Googlebot/2.1; +http://www.google.com/bot.html)"
94.23.40.23 - - [19/Jan/2017:09:46:21 +0100] "GET /robots.txt HTTP/1.0" 404 1181 "-" ""
94.23.40.23 - - [19/Jan/2017:09:46:21 +0100] "GET / HTTP/1.1" 206 1178 "-" "Mozilla/5.0 (X11; Linux i686) AppleWebKit/534.30 (KHTML, like Gecko) Ubuntu/10.04 Chromium/12.0.742.112 Chrome/12.0.742.112 Safari/534.30"
66.249.66.251 - - [19/Jan/2017:09:51:58 +0100] "GET /doc/tande_1102.pdf HTTP/1.1" 200 141282 "-" "Mozilla/5.0 (compatible; Googlebot/2.1; +http://www.google.com/bot.html)"
195.228.58.252 - - [19/Jan/2017:10:00:51 +0100] "GET /images/vasutterkep_n.jpg HTTP/1.1" 200 4702972 "-" "Mozilla/5.0 (Windows NT 6.1; rv:50.0) Gecko/20100101 Firefox/50.0"
195.228.58.252 - - [19/Jan/2017:10:00:51 +0100] "GET /favicon.ico HTTP/1.1" 404 1181 "-" "Mozilla/5.0 (Windows NT 6.1; rv:50.0) Gecko/20100101 Firefox/50.0"
66.249.66.198 - - [19/Jan/2017:10:01:44 +0100] "GET /doc/honig-ceges.pdf HTTP/1.1" 200 114708 "-" "Mozilla/5.0 (Linux; Android 6.0.1; Nexus 5X Build/MMB29P) AppleWebKit/537.36 (KHTML, like Gecko) Chrome/41.0.2272.96 Mobile Safari/537.36 (compatible; Googlebot/2.1; +http://www.google.com/bot.html)"
66.249.66.193 - - [19/Jan/2017:10:01:50 +0100] "GET /hirlevel/vasuttal0801.htm HTTP/1.1" 200 23813 "-" "Mozilla/5.0 (compatible; Googlebot/2.1; +http://www.google.com/bot.html)"
66.249.66.198 - - [19/Jan/2017:10:05:59 +0100] "GET / HTTP/1.1" 200 1178 "-" "Mozilla/5.0 (compatible; Googlebot/2.1; +http://www.google.com/bot.html)"
66.249.66.198 - - [19/Jan/2017:10:06:14 +0100] "GET /index.swf HTTP/1.1" 200 1451930 "-" "Mozilla/5.0 (compatible; Googlebot/2.1; +http://www.google.com/bot.html)"
66.249.66.193 - - [19/Jan/2017:10:06:17 +0100] "GET /popupsys%20elemei_ang/main.txt HTTP/1.1" 200 495 "-" "Mozilla/5.0 (compatible; Googlebot/2.1; +http://www.google.com/bot.html)"
66.249.66.251 - - [19/Jan/2017:10:06:19 +0100] "GET /hirek.xml HTTP/1.1" 200 51504 "-" "Mozilla/5.0 (compatible; Googlebot/2.1; +http://www.google.com/bot.html)"
66.249.66.251 - - [19/Jan/2017:10:06:19 +0100] "GET /popupsys%20elemei/main.txt HTTP/1.1" 200 342 "-" "Mozilla/5.0 (compatible; Googlebot/2.1; +http://www.google.com/bot.html)"
66.249.66.193 - - [19/Jan/2017:10:14:39 +0100] "GET /hirlevel/vasuttal0707.htm HTTP/1.1" 200 30203 "-" "Mozilla/5.0 (compatible; Googlebot/2.1; +http://www.google.com/bot.html)"
89.135.145.97 - - [19/Jan/2017:10:17:56 +0100] "GET /images/vasutterkep_n.jpg HTTP/1.1" 200 4702972 "https://www.google.hu/" "Mozilla/5.0 (Windows NT 10.0; Win64; x64) AppleWebKit/537.36 (KHTML, like Gecko) Chrome/55.0.2883.87 Safari/537.36"
157.55.39.193 - - [19/Jan/2017:10:20:36 +0100] "GET /hirlevel/vonattal1503.html HTTP/1.1" 200 21721 "-" "Mozilla/5.0 (iPhone; CPU iPhone OS 7_0 like Mac OS X) AppleWebKit/537.51.1 (KHTML, like Gecko) Version/7.0 Mobile/11A465 Safari/9537.53 (compatible; bingbot/2.0; +http://www.bing.com/bingbot.htm)"
193.68.41.17 - - [19/Jan/2017:10:23:31 +0100] "GET /images/vasutterkep_n.jpg HTTP/1.1" 200 4702972 "https://www.google.hu/" "Mozilla/5.0 (Windows NT 6.1) AppleWebKit/537.36 (KHTML, like Gecko) Chrome/55.0.2883.87 Safari/537.36"
66.249.66.193 - - [19/Jan/2017:10:25:28 +0100] "GET /hirlevel/vonattal0912.htm HTTP/1.1" 200 55120 "-" "Mozilla/5.0 (compatible; Googlebot/2.1; +http://www.google.com/bot.html)"
180.76.15.141 - - [19/Jan/2017:10:28:28 +0100] "GET /hirlevel/miskolc_1109.doc HTTP/1.1" 200 557056 "-" "Mozilla/5.0 (compatible; Baiduspider/2.0; +http://www.baidu.com/search/spider.html)"
106.120.173.81 - - [19/Jan/2017:10:36:05 +0100] "GET /robots.txt HTTP/1.1" 404 1181 "-" "Sogou web spider/4.0(+http://www.sogou.com/docs/help/webmasters.htm#07)"
106.120.173.81 - - [19/Jan/2017:10:36:16 +0100] "GET / HTTP/1.1" 304 - "-" "Sogou web spider/4.0(+http://www.sogou.com/docs/help/webmasters.htm#07)"
66.249.66.215 - - [19/Jan/2017:10:37:03 +0100] "GET /robots.txt HTTP/1.1" 404 1181 "-" "Mozilla/5.0 (compatible; Googlebot/2.1; +http://www.google.com/bot.html)"
66.249.66.215 - - [19/Jan/2017:10:37:06 +0100] "GET /doc/kozh13.pdf HTTP/1.1" 200 2523554 "-" "Mozilla/5.0 (compatible; Googlebot/2.1; +http://www.google.com/bot.html)"
31.46.151.165 - - [19/Jan/2017:10:39:07 +0100] "GET /hirlevel/images/1009_terkep_n.jpg HTTP/1.1" 200 598267 "https://www.google.hu/" "Mozilla/5.0 (Windows NT 6.1; WOW64; rv:50.0) Gecko/20100101 Firefox/50.0"
31.46.151.165 - - [19/Jan/2017:10:39:33 +0100] "GET /hirlevel/images/1010a.jpg HTTP/1.1" 200 52624 "https://www.google.hu/" "Mozilla/5.0 (Windows NT 6.1; WOW64; rv:50.0) Gecko/20100101 Firefox/50.0"
66.249.66.198 - - [19/Jan/2017:10:48:24 +0100] "GET /docT&E_december2008.pdf HTTP/1.1" 404 1181 "-" "Mozilla/5.0 (compatible; Googlebot/2.1; +http://www.google.com/bot.html)"
66.249.66.193 - - [19/Jan/2017:10:59:40 +0100] "GET /hirlevel/vonattal1109.htm HTTP/1.1" 200 47571 "-" "Mozilla/5.0 (compatible; Googlebot/2.1; +http://www.google.com/bot.html)"
40.77.167.32 - - [19/Jan/2017:11:01:43 +0100] "GET / HTTP/1.1" 200 1178 "-" "Mozilla/5.0 (compatible; bingbot/2.0; +http://www.bing.com/bingbot.htm)"
66.249.66.193 - - [19/Jan/2017:11:10:43 +0100] "GET /hirlevel/vonattal0911.htm HTTP/1.1" 200 41812 "-" "Mozilla/5.0 (compatible; Googlebot/2.1; +http://www.google.com/bot.html)"
66.249.66.193 - - [19/Jan/2017:11:21:15 +0100] "GET /hirlevel/vonattal0909.htm HTTP/1.1" 200 17252 "-" "Mozilla/5.0 (compatible; Googlebot/2.1; +http://www.google.com/bot.html)"
199.30.24.67 - - [19/Jan/2017:11:21:48 +0100] "GET /hirlevel/images/avidekkozlekedeseert.swf HTTP/1.1" 200 5063 "http://mkk.zpok.hu/hirlevel/images/avidekkozlekedeseert.swf" "Mozilla/5.0 (iPhone; CPU iPhone OS 7_0 like Mac OS X) AppleWebKit/537.51.1 (KHTML, like Gecko) Version/7.0 Mobile/11A465 Safari/9537.53 BingPreview/1.0b"
66.249.66.251 - - [19/Jan/2017:11:33:07 +0100] "GET /hirlevel/vonattal0903.htm HTTP/1.1" 200 32511 "-" "Mozilla/5.0 (compatible; Googlebot/2.1; +http://www.google.com/bot.html)"
66.249.66.198 - - [19/Jan/2017:11:44:18 +0100] "GET /robots.txt HTTP/1.1" 404 1181 "-" "Mozilla/5.0 (compatible; Googlebot/2.1; +http://www.google.com/bot.html)"
66.249.66.193 - - [19/Jan/2017:11:44:18 +0100] "GET /hirlevel/vonattal1006.htm HTTP/1.1" 200 43254 "-" "Mozilla/5.0 (compatible; Googlebot/2.1; +http://www.google.com/bot.html)"
66.249.66.251 - - [19/Jan/2017:11:54:53 +0100] "GET /hirlevel/vonattal0902.htm HTTP/1.1" 200 24321 "-" "Mozilla/5.0 (compatible; Googlebot/2.1; +http://www.google.com/bot.html)"
109.74.54.77 - - [19/Jan/2017:11:57:15 +0100] "GET /images/vasutterkep_n.jpg HTTP/1.1" 200 4702972 "https://www.google.hu/" "Mozilla/5.0 (Windows NT 6.1; WOW64) AppleWebKit/537.36 (KHTML, like Gecko) Chrome/55.0.2883.87 Safari/537.36"
89.133.102.218 - - [19/Jan/2017:11:59:30 +0100] "GET /images/vasutterkep_n.jpg HTTP/1.1" 200 4702972 "https://www.google.hu/" "Mozilla/5.0 (Linux; Android 6.0; HUAWEI VNS-L21 Build/HUAWEIVNS-L21) AppleWebKit/537.36 (KHTML, like Gecko) Chrome/55.0.2883.91 Mobile Safari/537.36"
87.229.11.222 - - [19/Jan/2017:12:03:50 +0100] "GET /images/vasutterkep_n.jpg HTTP/1.1" 200 4702972 "http://www.terkepkalauz.hu/index.php?option=com_alphacontent§ion=4&cat=32&task=view&id=396&Itemid=99999999" "Mozilla/5.0 (Windows NT 10.0; WOW64; rv:49.0) Gecko/20100101 Firefox/49.0 SeaMonkey/2.46"
195.199.191.105 - - [19/Jan/2017:12:07:55 +0100] "GET /images/vasutterkep_n.jpg HTTP/1.1" 200 4702972 "http://www.bing.com/images/search?q=magyarorszag+terkep&view=detailv2&&id=1499A9908B8444537083AE70B6FC814C9616D498&selectedIndex=4&ccid=bgnjIJz7&simid=608044817831298341&thid=OIP.M6e09e3209cfb4774bfd809be37f9bcddH0&mode=overlay" "Mozilla/5.0 (Windows NT 6.3; WOW64) AppleWebKit/537.36 (KHTML, like Gecko) Chrome/55.0.2883.87 Safari/537.36"
66.249.66.251 - - [19/Jan/2017:12:17:54 +0100] "GET /hirlevel/vonattal1603.html HTTP/1.1" 304 - "-" "Mozilla/5.0 (compatible; Googlebot/2.1; +http://www.google.com/bot.html)"
62.235.113.120 - - [19/Jan/2017:12:28:54 +0100] "GET /doc/b2_2010.pdf HTTP/1.1" 404 1181 "https://en.wikipedia.org/" "Mozilla/5.0 (Windows NT 10.0; WOW64) AppleWebKit/537.36 (KHTML, like Gecko) Chrome/55.0.2883.87 Safari/537.36"
62.235.113.120 - - [19/Jan/2017:12:28:54 +0100] "GET /favicon.ico HTTP/1.1" 404 1181 "http://mkk.zpok.hu/doc/b2_2010.pdf" "Mozilla/5.0 (Windows NT 10.0; WOW64) AppleWebKit/537.36 (KHTML, like Gecko) Chrome/55.0.2883.87 Safari/537.36"
66.249.66.198 - - [19/Jan/2017:12:37:18 +0100] "GET /hirlevel/vonattal1307.html HTTP/1.1" 200 33563 "-" "Mozilla/5.0 (compatible; Googlebot/2.1; +http://www.google.com/bot.html)"
66.249.66.198 - - [19/Jan/2017:12:42:35 +0100] "GET /hirlevel/vonattal1204.htm HTTP/1.1" 200 31657 "-" "Mozilla/5.0 (compatible; Googlebot/2.1; +http://www.google.com/bot.html)"
66.249.66.198 - - [19/Jan/2017:12:51:25 +0100] "GET /hirlevel/vonattal1410.html HTTP/1.1" 304 - "-" "Mozilla/5.0 (compatible; Googlebot/2.1; +http://www.google.com/bot.html)"
80.98.254.124 - - [19/Jan/2017:12:52:17 +0100] "GET /hirlevel/vonattal1307.html HTTP/1.1" 200 33563 "https://www.google.hu/" "Mozilla/5.0 (Windows NT 6.1) AppleWebKit/537.36 (KHTML, like Gecko) Chrome/55.0.2883.87 Safari/537.36"
80.98.254.124 - - [19/Jan/2017:12:52:17 +0100] "GET /hirlevel/images/1307_2.jpg HTTP/1.1" 200 72177 "http://mkk.zpok.hu/hirlevel/vonattal1307.html" "Mozilla/5.0 (Windows NT 6.1) AppleWebKit/537.36 (KHTML, like Gecko) Chrome/55.0.2883.87 Safari/537.36"
80.98.254.124 - - [19/Jan/2017:12:52:17 +0100] "GET /hirlevel/images/Videkfejlesztesi_miniszterium-P-arany.jpg HTTP/1.1" 200 10497 "http://mkk.zpok.hu/hirlevel/vonattal1307.html" "Mozilla/5.0 (Windows NT 6.1) AppleWebKit/537.36 (KHTML, like Gecko) Chrome/55.0.2883.87 Safari/537.36"
80.98.254.124 - - [19/Jan/2017:12:52:17 +0100] "GET /hirlevel/images/nea_fobutton_uj.png HTTP/1.1" 200 8113 "http://mkk.zpok.hu/hirlevel/vonattal1307.html" "Mozilla/5.0 (Windows NT 6.1) AppleWebKit/537.36 (KHTML, like Gecko) Chrome/55.0.2883.87 Safari/537.36"
80.98.254.124 - - [19/Jan/2017:12:52:17 +0100] "GET /hirlevel/images/1307_1.jpg HTTP/1.1" 200 85992 "http://mkk.zpok.hu/hirlevel/vonattal1307.html" "Mozilla/5.0 (Windows NT 6.1) AppleWebKit/537.36 (KHTML, like Gecko) Chrome/55.0.2883.87 Safari/537.36"
80.98.254.124 - - [19/Jan/2017:12:52:18 +0100] "GET /hirlevel/images/Okotars_fekvo_szines.jpg HTTP/1.1" 200 98627 "http://mkk.zpok.hu/hirlevel/vonattal1307.html" "Mozilla/5.0 (Windows NT 6.1) AppleWebKit/537.36 (KHTML, like Gecko) Chrome/55.0.2883.87 Safari/537.36"
80.98.254.124 - - [19/Jan/2017:12:52:18 +0100] "GET /hirlevel/images/1307_3.jpg HTTP/1.1" 200 173750 "http://mkk.zpok.hu/hirlevel/vonattal1307.html" "Mozilla/5.0 (Windows NT 6.1) AppleWebKit/537.36 (KHTML, like Gecko) Chrome/55.0.2883.87 Safari/537.36"
80.98.254.124 - - [19/Jan/2017:12:52:18 +0100] "GET /hirlevel/images/1307_4.jpg HTTP/1.1" 200 183594 "http://mkk.zpok.hu/hirlevel/vonattal1307.html" "Mozilla/5.0 (Windows NT 6.1) AppleWebKit/537.36 (KHTML, like Gecko) Chrome/55.0.2883.87 Safari/537.36"
80.98.254.124 - - [19/Jan/2017:12:52:18 +0100] "GET /favicon.ico HTTP/1.1" 404 1181 "http://mkk.zpok.hu/hirlevel/vonattal1307.html" "Mozilla/5.0 (Windows NT 6.1) AppleWebKit/537.36 (KHTML, like Gecko) Chrome/55.0.2883.87 Safari/537.36"
80.98.254.124 - - [19/Jan/2017:12:52:18 +0100] "GET /hirlevel/images/vonattal.swf HTTP/1.1" 200 697 "http://mkk.zpok.hu/hirlevel/vonattal1307.html" "Mozilla/5.0 (Windows NT 6.1) AppleWebKit/537.36 (KHTML, like Gecko) Chrome/55.0.2883.87 Safari/537.36"
66.249.66.193 - - [19/Jan/2017:12:55:24 +0100] "GET /hirlevel/vonattal1206.htm HTTP/1.1" 200 47612 "-" "Mozilla/5.0 (compatible; Googlebot/2.1; +http://www.google.com/bot.html)"
66.249.66.198 - - [19/Jan/2017:12:57:02 +0100] "GET /images/b2_2012_03_+terkepkep.pdf HTTP/1.1" 200 16489934 "-" "Mozilla/5.0 (compatible; Googlebot/2.1; +http://www.google.com/bot.html)"
46.165.197.142 - - [19/Jan/2017:13:05:50 +0100] "GET /robots.txt HTTP/1.1" 404 1181 "-" "Mozilla/5.0 (compatible; MJ12bot/v1.4.7; http://mj12bot.com/)"
46.165.197.142 - - [19/Jan/2017:13:05:52 +0100] "GET / HTTP/1.1" 200 1178 "-" "Mozilla/5.0 (compatible; MJ12bot/v1.4.7; http://mj12bot.com/)"
46.165.197.142 - - [19/Jan/2017:13:05:53 +0100] "GET /robots.txt HTTP/1.1" 404 1181 "-" "Mozilla/5.0 (compatible; MJ12bot/v1.4.7; http://mj12bot.com/)"
46.165.197.142 - - [19/Jan/2017:13:06:45 +0100] "GET / HTTP/1.1" 200 1178 "-" "Mozilla/5.0 (compatible; MJ12bot/v1.4.7; http://mj12bot.com/)"
66.249.66.193 - - [19/Jan/2017:13:08:03 +0100] "GET /doc/eletet-a-vasutnak.pdf HTTP/1.1" 200 5085257 "-" "Mozilla/5.0 (compatible; Googlebot/2.1; +http://www.google.com/bot.html)"
66.249.66.251 - - [19/Jan/2017:13:18:29 +0100] "GET /hirlevel/vasuttal0804.htm HTTP/1.1" 200 14711 "-" "Mozilla/5.0 (compatible; Googlebot/2.1; +http://www.google.com/bot.html)"
62.100.255.178 - - [19/Jan/2017:13:22:40 +0100] "GET /images/vasutterkep_n.jpg HTTP/1.1" 200 4702972 "https://www.bing.com/" "Mozilla/5.0 (Windows NT 10.0; Win64; x64) AppleWebKit/537.36 (KHTML, like Gecko) Chrome/51.0.2704.79 Safari/537.36 Edge/14.14393"
195.199.243.246 - - [19/Jan/2017:13:24:54 +0100] "GET /images/vasutterkep_n.jpg HTTP/1.1" 200 4702972 "https://www.bing.com/" "Mozilla/5.0 (Windows NT 10.0; Win64; x64) AppleWebKit/537.36 (KHTML, like Gecko) Chrome/46.0.2486.0 Safari/537.36 Edge/13.10586"
66.249.66.198 - - [19/Jan/2017:13:30:10 +0100] "GET /hirlevel/vonattal1003.htm HTTP/1.1" 200 28228 "-" "Mozilla/5.0 (compatible; Googlebot/2.1; +http://www.google.com/bot.html)"
66.249.66.219 - - [19/Jan/2017:13:43:45 +0100] "GET /doc/kozh09.pdf HTTP/1.1" 200 1980543 "-" "Mozilla/5.0 (compatible; Googlebot/2.1; +http://www.google.com/bot.html)"
66.249.66.193 - - [19/Jan/2017:13:55:44 +0100] "GET /hirlevel/vasuttal0710.htm HTTP/1.1" 200 14364 "-" "Mozilla/5.0 (compatible; Googlebot/2.1; +http://www.google.com/bot.html)"
66.249.66.198 - - [19/Jan/2017:14:07:31 +0100] "GET /hirlevel/vasuttal0704.htm HTTP/1.1" 200 25859 "-" "Mozilla/5.0 (compatible; Googlebot/2.1; +http://www.google.com/bot.html)"
40.77.167.32 - - [19/Jan/2017:14:11:09 +0100] "GET /doc/b2_201203.jpg HTTP/1.1" 404 1181 "-" "Mozilla/5.0 (compatible; bingbot/2.0; +http://www.bing.com/bingbot.htm)"
130.193.51.56 - - [19/Jan/2017:14:18:59 +0100] "GET /robots.txt HTTP/1.1" 404 1181 "-" "Mozilla/5.0 (compatible; YandexBot/3.0; +http://yandex.com/bots)"
130.193.51.56 - - [19/Jan/2017:14:19:03 +0100] "GET /hirlevel/images/0912j.jpg HTTP/1.1" 200 34753 "-" "Mozilla/5.0 (compatible; YandexImages/3.0; +http://yandex.com/bots)"
66.249.66.193 - - [19/Jan/2017:14:19:39 +0100] "GET /doc/hatarmenti_infrastruktura.pdf HTTP/1.1" 304 - "-" "Mozilla/5.0 (compatible; Googlebot/2.1; +http://www.google.com/bot.html)"
66.249.66.193 - - [19/Jan/2017:14:21:19 +0100] "GET /hirlevel/vasuttal0805.htm HTTP/1.1" 200 14808 "-" "Mozilla/5.0 (compatible; Googlebot/2.1; +http://www.google.com/bot.html)"
91.82.156.2 - - [19/Jan/2017:14:23:29 +0100] "GET / HTTP/1.1" 200 1178 "https://www.google.hu/" "Mozilla/5.0 (Windows NT 6.1; Win64; x64) AppleWebKit/537.36 (KHTML, like Gecko) Chrome/55.0.2883.87 Safari/537.36"
91.82.156.2 - - [19/Jan/2017:14:23:29 +0100] "GET /favicon.ico HTTP/1.1" 404 1181 "http://www.mkk.zpok.hu/" "Mozilla/5.0 (Windows NT 6.1; Win64; x64) AppleWebKit/537.36 (KHTML, like Gecko) Chrome/55.0.2883.87 Safari/537.36"
91.82.156.2 - - [19/Jan/2017:14:23:31 +0100] "GET /index.swf HTTP/1.1" 200 1451930 "http://www.mkk.zpok.hu/" "Mozilla/5.0 (Windows NT 6.1; Win64; x64) AppleWebKit/537.36 (KHTML, like Gecko) Chrome/55.0.2883.87 Safari/537.36"
91.82.156.2 - - [19/Jan/2017:14:23:35 +0100] "GET /popupsys%20elemei/main.txt HTTP/1.1" 200 342 "http://www.mkk.zpok.hu/" "Mozilla/5.0 (Windows NT 6.1; Win64; x64) AppleWebKit/537.36 (KHTML, like Gecko) Chrome/55.0.2883.87 Safari/537.36"
91.82.156.2 - - [19/Jan/2017:14:23:34 +0100] "GET /hirek.xml HTTP/1.1" 200 51504 "http://www.mkk.zpok.hu/" "Mozilla/5.0 (Windows NT 6.1; Win64; x64) AppleWebKit/537.36 (KHTML, like Gecko) Chrome/55.0.2883.87 Safari/537.36"
40.77.167.32 - - [19/Jan/2017:14:26:18 +0100] "GET /hirlevel/images/0912g.jpg HTTP/1.1" 200 45621 "-" "Mozilla/5.0 (compatible; bingbot/2.0; +http://www.bing.com/bingbot.htm)"
66.249.66.198 - - [19/Jan/2017:14:34:45 +0100] "GET /hirlevel/vonattal1107.htm HTTP/1.1" 200 26917 "-" "Mozilla/5.0 (compatible; Googlebot/2.1; +http://www.google.com/bot.html)"
66.249.66.219 - - [19/Jan/2017:14:46:07 +0100] "GET / HTTP/1.1" 200 1178 "-" "Mozilla/5.0 (Linux; Android 6.0.1; Nexus 5X Build/MMB29P) AppleWebKit/537.36 (KHTML, like Gecko) Chrome/41.0.2272.96 Mobile Safari/537.36 (compatible; Googlebot/2.1; +http://www.google.com/bot.html)"
66.249.66.198 - - [19/Jan/2017:14:46:47 +0100] "GET /hirlevel/vonattal0812.htm HTTP/1.1" 200 33272 "-" "Mozilla/5.0 (compatible; Googlebot/2.1; +http://www.google.com/bot.html)"
66.249.66.198 - - [19/Jan/2017:14:59:06 +0100] "GET /hirlevel/vonattal0901.htm HTTP/1.1" 404 1181 "-" "Mozilla/5.0 (compatible; Googlebot/2.1; +http://www.google.com/bot.html)"
52.207.224.143 - - [19/Jan/2017:15:10:23 +0100] "GET /robots.txt HTTP/1.1" 404 1181 "-" "ltx71 - (http://ltx71.com/)"
66.249.66.193 - - [19/Jan/2017:15:10:51 +0100] "GET /hirlevel/vonattal1408.html HTTP/1.1" 200 22601 "-" "Mozilla/5.0 (compatible; Googlebot/2.1; +http://www.google.com/bot.html)"
193.68.41.17 - - [19/Jan/2017:15:10:53 +0100] "GET /favicon.ico HTTP/1.1" 404 1181 "http://mkk.zpok.hu/images/b2_2012_03_+terkepkep.pdf" "Mozilla/5.0 (Windows NT 6.1) AppleWebKit/537.36 (KHTML, like Gecko) Chrome/55.0.2883.87 Safari/537.36 OPR/42.0.2393.94"
193.68.41.17 - - [19/Jan/2017:15:10:54 +0100] "GET /images/b2_2012_03_+terkepkep.pdf HTTP/1.1" 200 2102016 "https://www.google.hu/" "Mozilla/5.0 (Windows NT 6.1) AppleWebKit/537.36 (KHTML, like Gecko) Chrome/55.0.2883.87 Safari/537.36 OPR/42.0.2393.94"
193.68.41.17 - - [19/Jan/2017:15:11:00 +0100] "GET /images/b2_2012_03_+terkepkep.pdf HTTP/1.1" 206 14713265 "http://mkk.zpok.hu/images/b2_2012_03_+terkepkep.pdf" "Mozilla/5.0 (Windows NT 6.1) AppleWebKit/537.36 (KHTML, like Gecko) Chrome/55.0.2883.87 Safari/537.36 OPR/42.0.2393.94"
213.21.16.179 - - [19/Jan/2017:15:11:15 +0100] "GET /images/vasutterkep_n.jpg HTTP/1.1" 200 4702972 "http://abcimagess.com/hungary%20railway%20map" "Mozilla/5.0 (Windows NT 10.0; WOW64) AppleWebKit/537.36 (KHTML, like Gecko) Chrome/55.0.2883.87 Safari/537.36 OPR/42.0.2393.94"
193.68.41.17 - - [19/Jan/2017:15:11:20 +0100] "GET /images/b2_2012_03 HTTP/1.1" 404 1181 "-" "Mozilla/5.0 (Windows NT 6.1) AppleWebKit/537.36 (KHTML, like Gecko) Chrome/55.0.2883.87 Safari/537.36 OPR/42.0.2393.94"
193.68.41.17 - - [19/Jan/2017:15:11:27 +0100] "GET /images HTTP/1.1" 301 310 "-" "Mozilla/5.0 (Windows NT 6.1) AppleWebKit/537.36 (KHTML, like Gecko) Chrome/55.0.2883.87 Safari/537.36 OPR/42.0.2393.94"
193.68.41.17 - - [19/Jan/2017:15:11:27 +0100] "GET /images/ HTTP/1.1" 403 1172 "-" "Mozilla/5.0 (Windows NT 6.1) AppleWebKit/537.36 (KHTML, like Gecko) Chrome/55.0.2883.87 Safari/537.36 OPR/42.0.2393.94"
193.68.41.17 - - [19/Jan/2017:15:11:32 +0100] "GET / HTTP/1.1" 200 1178 "-" "Mozilla/5.0 (Windows NT 6.1) AppleWebKit/537.36 (KHTML, like Gecko) Chrome/55.0.2883.87 Safari/537.36 OPR/42.0.2393.94"
193.68.41.17 - - [19/Jan/2017:15:11:40 +0100] "GET /images/b2_2012_03_+terkepkep.pdf HTTP/1.1" 206 1777664 "https://www.google.hu/" "Mozilla/5.0 (Windows NT 6.1) AppleWebKit/537.36 (KHTML, like Gecko) Chrome/55.0.2883.87 Safari/537.36 OPR/42.0.2393.94"
52.207.224.143 - - [19/Jan/2017:15:11:43 +0100] "GET / HTTP/1.1" 200 1178 "-" "ltx71 - (http://ltx71.com/)"
66.249.66.193 - - [19/Jan/2017:15:22:02 +0100] "GET /hirlevel/vonattal1309.html HTTP/1.1" 200 41258 "-" "Mozilla/5.0 (compatible; Googlebot/2.1; +http://www.google.com/bot.html)"
66.249.66.193 - - [19/Jan/2017:15:34:37 +0100] "GET /hirlevel/vonattal1601.html HTTP/1.1" 200 20444 "-" "Mozilla/5.0 (compatible; Googlebot/2.1; +http://www.google.com/bot.html)"
66.249.66.251 - - [19/Jan/2017:15:46:14 +0100] "GET /hirlevel/vonattal1402.html HTTP/1.1" 200 54994 "-" "Mozilla/5.0 (compatible; Googlebot/2.1; +http://www.google.com/bot.html)"
81.169.144.135 - - [19/Jan/2017:15:54:41 +0100] "GET /wp-admin/ HTTP/1.1" 404 1181 "-" "-"
31.24.33.250 - - [19/Jan/2017:16:02:42 +0100] "GET /test/wp-admin/ HTTP/1.1" 404 1181 "-" "-"
207.46.13.48 - - [19/Jan/2017:16:03:51 +0100] "GET /hirlevel/vonattal1101-02.htm HTTP/1.1" 200 29113 "-" "Mozilla/5.0 (iPhone; CPU iPhone OS 7_0 like Mac OS X) AppleWebKit/537.51.1 (KHTML, like Gecko) Version/7.0 Mobile/11A465 Safari/9537.53 (compatible; bingbot/2.0; +http://www.bing.com/bingbot.htm)"
207.46.13.240 - - [19/Jan/2017:16:06:49 +0100] "GET /robots.txt HTTP/1.1" 404 1181 "-" "Mozilla/5.0 (compatible; bingbot/2.0; +http://www.bing.com/bingbot.htm)"
40.77.167.32 - - [19/Jan/2017:16:07:11 +0100] "GET / HTTP/1.1" 200 1178 "-" "Mozilla/5.0 (compatible; bingbot/2.0; +http://www.bing.com/bingbot.htm)"
66.249.66.193 - - [19/Jan/2017:16:09:58 +0100] "GET /hirlevel/vonattal1412.html HTTP/1.1" 200 20581 "-" "Mozilla/5.0 (compatible; Googlebot/2.1; +http://www.google.com/bot.html)"
79.98.25.230 - - [19/Jan/2017:16:10:38 +0100] "GET /wordpress/wp-admin/ HTTP/1.1" 404 1181 "-" "-"
66.249.66.193 - - [19/Jan/2017:16:10:50 +0100] "GET /hirlevel/kerekparos_konferencia_20130919.xls HTTP/1.1" 200 29696 "-" "Mozilla/5.0 (compatible; Googlebot/2.1; +http://www.google.com/bot.html)"
217.160.63.157 - - [19/Jan/2017:16:18:36 +0100] "GET /blog/wp-admin/ HTTP/1.1" 404 1181 "-" "-"
66.249.66.193 - - [19/Jan/2017:16:21:29 +0100] "GET /hirlevel/vonattal1504.html HTTP/1.1" 200 22577 "-" "Mozilla/5.0 (compatible; Googlebot/2.1; +http://www.google.com/bot.html)"
208.113.184.5 - - [19/Jan/2017:16:26:25 +0100] "GET /wp/wp-admin/ HTTP/1.1" 404 1181 "-" "-"
66.249.66.251 - - [19/Jan/2017:16:32:30 +0100] "GET /hirlevel/vonattal1503.html HTTP/1.1" 200 21721 "-" "Mozilla/5.0 (compatible; Googlebot/2.1; +http://www.google.com/bot.html)"
74.6.53.160 - - [19/Jan/2017:16:34:13 +0100] "GET /old/wp-admin/ HTTP/1.1" 404 1181 "-" "-"
