148.251.2.68 - - [27/Jan/2017:04:42:38 +0100] "GET /hirlevel/vonattal1506.html HTTP/1.1" 200 19070 "-" "Mozilla/5.0 (compatible; BLEXBot/1.0; +http://webmeup-crawler.com/)"
148.251.2.68 - - [27/Jan/2017:04:42:44 +0100] "GET /hirlevel/vonattal1508.html HTTP/1.1" 200 24080 "-" "Mozilla/5.0 (compatible; BLEXBot/1.0; +http://webmeup-crawler.com/)"
148.251.2.68 - - [27/Jan/2017:04:42:48 +0100] "GET /hirlevel/vonattal1512.html HTTP/1.1" 200 36609 "-" "Mozilla/5.0 (compatible; BLEXBot/1.0; +http://webmeup-crawler.com/)"
148.251.2.68 - - [27/Jan/2017:04:42:54 +0100] "GET /hirlevel/vonattal1601.html HTTP/1.1" 200 20444 "-" "Mozilla/5.0 (compatible; BLEXBot/1.0; +http://webmeup-crawler.com/)"
148.251.2.68 - - [27/Jan/2017:04:43:01 +0100] "GET /hirlevel/vonattal1602.html HTTP/1.1" 200 28174 "-" "Mozilla/5.0 (compatible; BLEXBot/1.0; +http://webmeup-crawler.com/)"
148.251.2.68 - - [27/Jan/2017:04:43:37 +0100] "GET /hirlevel/vonattal1603.html HTTP/1.1" 200 31488 "-" "Mozilla/5.0 (compatible; BLEXBot/1.0; +http://webmeup-crawler.com/)"
148.251.2.68 - - [27/Jan/2017:04:43:42 +0100] "GET /hirlevel/vonattal1605.html HTTP/1.1" 200 43541 "-" "Mozilla/5.0 (compatible; BLEXBot/1.0; +http://webmeup-crawler.com/)"
66.249.73.49 - - [27/Jan/2017:06:01:32 +0100] "GET /robots.txt HTTP/1.1" 404 1181 "-" "Mozilla/5.0 (compatible; Googlebot/2.1; +http://www.google.com/bot.html)"
66.249.73.49 - - [27/Jan/2017:06:01:33 +0100] "GET /hirlevel/palyamester.pdf HTTP/1.1" 200 44762 "-" "Mozilla/5.0 (Linux; Android 6.0.1; Nexus 5X Build/MMB29P) AppleWebKit/537.36 (KHTML, like Gecko) Chrome/41.0.2272.96 Mobile Safari/537.36 (compatible; Googlebot/2.1; +http://www.google.com/bot.html)"
151.80.31.154 - - [27/Jan/2017:06:03:01 +0100] "GET /robots.txt HTTP/1.1" 404 1181 "-" "Mozilla/5.0 (compatible; AhrefsBot/5.2; +http://ahrefs.com/robot/)"
180.76.15.5 - - [27/Jan/2017:06:06:58 +0100] "GET /hirlevel/hajozas_dunakanyar_1128.pdf HTTP/1.1" 200 622592 "-" "Mozilla/5.0 (compatible; Baiduspider/2.0; +http://www.baidu.com/search/spider.html)"
78.97.114.159 - - [27/Jan/2017:06:10:20 +0100] "GET /images/vasutterkep_n.jpg HTTP/1.1" 200 4702972 "https://www.google.ro/" "Mozilla/5.0 (Windows NT 10.0) AppleWebKit/537.36 (KHTML, like Gecko) Chrome/55.0.2883.87 Safari/537.36"
66.249.65.107 - - [27/Jan/2017:06:11:01 +0100] "GET /doc/recsk200702.pdf HTTP/1.1" 200 49849 "-" "Mozilla/5.0 (Linux; Android 6.0.1; Nexus 5X Build/MMB29P) AppleWebKit/537.36 (KHTML, like Gecko) Chrome/41.0.2272.96 Mobile Safari/537.36 (compatible; Googlebot/2.1; +http://www.google.com/bot.html)"
212.83.140.88 - - [27/Jan/2017:06:11:11 +0100] "GET / HTTP/1.1" 200 1178 "-" "Java/1.6.0_04"
40.77.167.73 - - [27/Jan/2017:06:14:12 +0100] "GET /doc/b2_2010.pdf HTTP/1.1" 404 1181 "-" "Mozilla/5.0 (compatible; bingbot/2.0; +http://www.bing.com/bingbot.htm)"
66.249.73.49 - - [27/Jan/2017:06:34:43 +0100] "GET /doc/vandorbottal_a_vasparipaert_1010.pdf HTTP/1.1" 200 630826 "-" "Mozilla/5.0 (Linux; Android 6.0.1; Nexus 5X Build/MMB29P) AppleWebKit/537.36 (KHTML, like Gecko) Chrome/41.0.2272.96 Mobile Safari/537.36 (compatible; Googlebot/2.1; +http://www.google.com/bot.html)"
176.195.116.13 - - [27/Jan/2017:07:06:29 +0100] "GET /doc/b2_2016.pdf HTTP/1.1" 404 1181 "http://yandex.ru/clck/jsredir?from=yandex.ru%3Bsearch%3Bweb%3B%3B&text=&etext=1314.B7kBQoPF7ZrCTajPIIcPQbep51r5SwU3Vwp0Y4Z7lmdQbJmci-f5RsGXMyl-CbAF.623f11f4c1215507376452c220a3be23be8526ce&uuid=&state=_BLhILn4SxNIvvL0W45KSic66uCIg23qh8iRG98qeIXmeppkgUc0YM1sNxN_KHOPADPyHdOKa1Y&data=UlNrNmk5WktYejR0eWJFYk1LdmtxZ3l0WnFqTm00dHpnN05HaGVMR01PalRjUzJWcy10VElwN1dQR3U1ZExpc2NTdlppSGIxMzhpM3FMY2JzUEdqbUgzUElZWDZHUGlaVkFibWxTczU3enZZbGZxeDMzeHNfdw&b64e=2&sign=7641bdc29c34b32bfb9cbaa34326c4e3&keyno=0&cst=AiuY0DBWFJ7IXge4WdYJQaYgAYq7Jarru5GH-8a_7i_BVuduSX0xtS5EHCIGS4tNkp9dkHai5D7xmGAFx1oYNtFrbuwvc77k-61cxV2GsQM0hYpQmTnnnSKcnaiLggoVsut5M7EYb8qkgY7_kzmFawoujQoi1ZHT&ref=orjY4mGPRjk5boDnW0uvlrrd71vZw9kp5uQozpMtKCVwKdyQ4GQurvKA9IgmHRaO5TZCZgZ_hd6-r9mKjZp9D_Wympy1_kW5llPdzrDVre63ZufeSLWHAQ&l10n=ru&cts=1485496703743&mc=6.19260600378" "Opera/9.80 (Windows NT 6.1) Presto/2.12.388 Version/12.16"
37.44.207.188 - - [27/Jan/2017:07:30:05 +0100] "GET /doc/mellekvonal-bajnai_0912.pdf HTTP/1.1" 200 92411 "http://www.mkk.zpok.hu/doc/mellekvonal-bajnai_0912.pdf" "Mozilla/5.0 (compatible; Googlebot/2.1; +http://www.google.com/bot.html)"
157.55.39.150 - - [27/Jan/2017:07:44:39 +0100] "GET /doc/varos-videk_2009.pdf HTTP/1.1" 200 1636386 "-" "Mozilla/5.0 (iPhone; CPU iPhone OS 7_0 like Mac OS X) AppleWebKit/537.51.1 (KHTML, like Gecko) Version/7.0 Mobile/11A465 Safari/9537.53 (compatible; bingbot/2.0; +http://www.bing.com/bingbot.htm)"
84.225.199.221 - - [27/Jan/2017:07:48:49 +0100] "GET /uj_honlap/index.htm HTTP/1.1" 200 1624 "-" "Mozilla/5.0 (Windows Phone 10.0; Android 6.0.1; Microsoft; Lumia 550) AppleWebKit/537.36 (KHTML, like Gecko) Chrome/51.0.2704.79 Mobile Safari/537.36 Edge/14.14393"
84.225.199.221 - - [27/Jan/2017:07:48:49 +0100] "GET /uj_honlap/mkk_banner.png HTTP/1.1" 200 62097 "http://mkk.zpok.hu/uj_honlap/index.htm" "Mozilla/5.0 (Windows Phone 10.0; Android 6.0.1; Microsoft; Lumia 550) AppleWebKit/537.36 (KHTML, like Gecko) Chrome/51.0.2704.79 Mobile Safari/537.36 Edge/14.14393"
84.225.199.221 - - [27/Jan/2017:07:48:50 +0100] "GET /favicon.ico HTTP/1.1" 404 1181 "-" "Mozilla/5.0 (Windows Phone 10.0; Android 6.0.1; Microsoft; Lumia 550) AppleWebKit/537.36 (KHTML, like Gecko) Chrome/51.0.2704.79 Mobile Safari/537.36 Edge/14.14393"
157.55.39.187 - - [27/Jan/2017:07:59:52 +0100] "GET /doc/mellekvonal-bajnai_0912.pdf HTTP/1.1" 200 92411 "-" "Mozilla/5.0 (compatible; bingbot/2.0; +http://www.bing.com/bingbot.htm)"
68.180.231.43 - - [27/Jan/2017:08:10:20 +0100] "GET /doc/allomasok_kepes_osszefoglaloja.pdf HTTP/1.1" 404 1181 "-" "Mozilla/5.0 (compatible; Yahoo! Slurp; http://help.yahoo.com/help/us/ysearch/slurp)"
66.249.65.110 - - [27/Jan/2017:08:23:39 +0100] "GET /robots.txt HTTP/1.1" 404 1181 "-" "Mozilla/5.0 (compatible; Googlebot/2.1; +http://www.google.com/bot.html)"
66.249.65.104 - - [27/Jan/2017:08:23:39 +0100] "GET /doc/200701pusztatelen.pdf HTTP/1.1" 200 72223 "-" "Mozilla/5.0 (Linux; Android 6.0.1; Nexus 5X Build/MMB29P) AppleWebKit/537.36 (KHTML, like Gecko) Chrome/41.0.2272.96 Mobile Safari/537.36 (compatible; Googlebot/2.1; +http://www.google.com/bot.html)"
125.209.235.184 - - [27/Jan/2017:08:26:25 +0100] "GET /robots.txt HTTP/1.1" 404 1181 "-" "Mozilla/5.0 (compatible; Yeti/1.1; +http://naver.me/bot)"
125.209.235.170 - - [27/Jan/2017:08:26:26 +0100] "GET / HTTP/1.1" 200 1178 "-" "Mozilla/5.0 (compatible; Yeti/1.1; +http://naver.me/bot)"
157.55.39.150 - - [27/Jan/2017:08:33:12 +0100] "GET / HTTP/1.1" 200 1178 "-" "Mozilla/5.0 (compatible; bingbot/2.0; +http://www.bing.com/bingbot.htm)"
86.59.158.170 - - [27/Jan/2017:08:54:11 +0100] "GET /uj_honlap/index.htm HTTP/1.1" 200 1624 "-" "Mozilla/5.0 (Windows NT 6.1; WOW64; rv:50.0) Gecko/20100101 Firefox/50.0"
86.59.158.170 - - [27/Jan/2017:08:54:12 +0100] "GET /uj_honlap/mkk_banner.png HTTP/1.1" 200 62097 "http://mkk.zpok.hu/uj_honlap/index.htm" "Mozilla/5.0 (Windows NT 6.1; WOW64; rv:50.0) Gecko/20100101 Firefox/50.0"
86.59.158.170 - - [27/Jan/2017:08:54:15 +0100] "GET /uj_honlap/kikvagyunk.htm HTTP/1.1" 200 2179 "http://mkk.zpok.hu/uj_honlap/index.htm" "Mozilla/5.0 (Windows NT 6.1; WOW64; rv:50.0) Gecko/20100101 Firefox/50.0"
86.59.158.170 - - [27/Jan/2017:08:54:15 +0100] "GET /favicon.ico HTTP/1.1" 404 1181 "-" "Mozilla/5.0 (Windows NT 6.1; WOW64; rv:50.0) Gecko/20100101 Firefox/50.0"
86.59.158.170 - - [27/Jan/2017:08:54:22 +0100] "GET /uj_honlap/projektek.htm HTTP/1.1" 200 1777 "http://mkk.zpok.hu/uj_honlap/index.htm" "Mozilla/5.0 (Windows NT 6.1; WOW64; rv:50.0) Gecko/20100101 Firefox/50.0"
86.59.158.170 - - [27/Jan/2017:08:54:24 +0100] "GET /uj_honlap/tagsag.htm HTTP/1.1" 200 2088 "http://mkk.zpok.hu/uj_honlap/projektek.htm" "Mozilla/5.0 (Windows NT 6.1; WOW64; rv:50.0) Gecko/20100101 Firefox/50.0"
86.59.158.170 - - [27/Jan/2017:08:54:24 +0100] "GET /uj_honlap/pdf.png HTTP/1.1" 200 133123 "http://mkk.zpok.hu/uj_honlap/tagsag.htm" "Mozilla/5.0 (Windows NT 6.1; WOW64; rv:50.0) Gecko/20100101 Firefox/50.0"
157.55.39.150 - - [27/Jan/2017:09:05:20 +0100] "GET / HTTP/1.1" 200 1178 "-" "Mozilla/5.0 (iPhone; CPU iPhone OS 7_0 like Mac OS X) AppleWebKit/537.51.1 (KHTML, like Gecko) Version/7.0 Mobile/11A465 Safari/9537.53 (compatible; bingbot/2.0; +http://www.bing.com/bingbot.htm)"
157.55.39.41 - - [27/Jan/2017:09:09:49 +0100] "GET /index.swf HTTP/1.1" 200 1451930 "-" "Mozilla/5.0 (iPhone; CPU iPhone OS 7_0 like Mac OS X) AppleWebKit/537.51.1 (KHTML, like Gecko) Version/7.0 Mobile/11A465 Safari/9537.53 (compatible; bingbot/2.0; +http://www.bing.com/bingbot.htm)"
66.249.65.110 - - [27/Jan/2017:09:12:22 +0100] "GET /doc/vasuttal-budapest-kornyeken.pdf HTTP/1.1" 404 1181 "-" "Googlebot/2.1 (+http://www.google.com/bot.html)"
157.55.39.187 - - [27/Jan/2017:09:16:44 +0100] "GET /hirlevel/images/0903b.jpg HTTP/1.1" 200 64297 "-" "Mozilla/5.0 (compatible; bingbot/2.0; +http://www.bing.com/bingbot.htm)"
195.199.203.230 - - [27/Jan/2017:09:19:37 +0100] "GET /images/vasutterkep_n.jpg HTTP/1.1" 200 2605056 "http://www.terkepkalauz.hu/index.php?option=com_alphacontent§ion=4&cat=32&task=view&id=396&Itemid=99999999" "Mozilla/5.0 (Windows NT 5.1; rv:50.0) Gecko/20100101 Firefox/50.0"
173.252.115.8 - - [27/Jan/2017:09:33:48 +0100] "GET /doc/legyel_te_is_buszke_kerekparos.pdf HTTP/1.1" 200 185843 "-" "-"
86.101.200.235 - - [27/Jan/2017:09:41:35 +0100] "GET /images/vasutterkep_n.jpg HTTP/1.1" 200 4702972 "https://www.google.hu/" "Mozilla/5.0 (Macintosh; Intel Mac OS X 10_10_5) AppleWebKit/602.3.12 (KHTML, like Gecko) Version/10.0.2 Safari/602.3.12"
85.255.64.190 - - [27/Jan/2017:09:42:53 +0100] "GET /hirlevel/vonattal0903.htm HTTP/1.1" 200 32511 "-" "Mechanize/2.7.5 Ruby/2.3.1p112 (http://github.com/sparklemotion/mechanize/)"
5.187.132.141 - - [27/Jan/2017:09:52:15 +0100] "GET /images/vasutterkep_n.jpg HTTP/1.1" 200 3809444 "https://www.bing.com/" "Mozilla/5.0 (Windows NT 6.1; WOW64; Trident/7.0; MATM; rv:11.0) like Gecko"
66.249.73.52 - - [27/Jan/2017:10:03:07 +0100] "GET /hirlevel/bakonyivasut_0805.pdf HTTP/1.1" 200 136544 "-" "Mozilla/5.0 (Linux; Android 6.0.1; Nexus 5X Build/MMB29P) AppleWebKit/537.36 (KHTML, like Gecko) Chrome/41.0.2272.96 Mobile Safari/537.36 (compatible; Googlebot/2.1; +http://www.google.com/bot.html)"
199.58.86.211 - - [27/Jan/2017:10:04:33 +0100] "GET /robots.txt HTTP/1.1" 404 1181 "-" "Mozilla/5.0 (compatible; MJ12bot/v1.4.7; http://mj12bot.com/)"
199.58.86.211 - - [27/Jan/2017:10:04:36 +0100] "GET / HTTP/1.1" 200 1178 "-" "Mozilla/5.0 (compatible; MJ12bot/v1.4.7; http://mj12bot.com/)"
199.58.86.211 - - [27/Jan/2017:10:04:39 +0100] "GET /robots.txt HTTP/1.1" 404 1181 "-" "Mozilla/5.0 (compatible; MJ12bot/v1.4.7; http://mj12bot.com/)"
199.58.86.211 - - [27/Jan/2017:10:04:40 +0100] "GET / HTTP/1.1" 200 1178 "-" "Mozilla/5.0 (compatible; MJ12bot/v1.4.7; http://mj12bot.com/)"
91.146.133.143 - - [27/Jan/2017:10:07:41 +0100] "GET /images/vasutterkep_n.jpg HTTP/1.1" 200 4702972 "https://www.bing.com/" "Mozilla/5.0 (Windows NT 10.0; Win64; x64) AppleWebKit/537.36 (KHTML, like Gecko) Chrome/51.0.2704.79 Safari/537.36 Edge/14.14393"
40.77.162.31 - - [27/Jan/2017:10:10:39 +0100] "GET /images/vasutterkep_n.jpg HTTP/1.1" 200 4702972 "-" "Mozilla/5.0 (Windows NT 6.1; WOW64) AppleWebKit/534+ (KHTML, like Gecko) BingPreview/1.0b"
46.107.87.107 - - [27/Jan/2017:10:20:19 +0100] "GET /images/vasutterkep_n.jpg HTTP/1.1" 200 4702972 "-" "Mozilla/5.0 (Windows NT 5.1) AppleWebKit/537.36 (KHTML, like Gecko) Chrome/49.0.2623.112 Safari/537.36"
195.199.95.102 - - [27/Jan/2017:10:27:02 +0100] "GET /images/vasutterkep_n.jpg HTTP/1.1" 200 4702972 "https://www.bing.com/" "Mozilla/5.0 (Windows NT 10.0; Win64; x64) AppleWebKit/537.36 (KHTML, like Gecko) Chrome/46.0.2486.0 Safari/537.36 Edge/13.10586"
85.255.64.190 - - [27/Jan/2017:10:36:11 +0100] "GET /hirlevel/vonattal1101-02.htm HTTP/1.1" 200 29113 "-" "Mechanize/2.7.5 Ruby/2.3.1p112 (http://github.com/sparklemotion/mechanize/)"
95.168.53.116 - - [27/Jan/2017:10:50:05 +0100] "GET /images/vasutterkep_n.jpg HTTP/1.1" 200 4702972 "http://www.suggest-keywords.com/dGVya2VwIG1hZ3lhcm9yc3phZw/" "Mozilla/5.0 (Windows NT 6.1; WOW64; rv:50.0) Gecko/20100101 Firefox/50.0"
91.82.7.5 - - [27/Jan/2017:10:50:37 +0100] "GET /images/vasutterkep_n.jpg HTTP/1.1" 200 4702972 "http://www.terkepkalauz.hu/index.php?option=com_alphacontent§ion=4&cat=32&task=view&id=396&Itemid=99999999" "Mozilla/5.0 (Windows NT 6.1) AppleWebKit/537.36 (KHTML, like Gecko) Chrome/54.26.2840.71 Safari/537.36"
91.82.7.5 - - [27/Jan/2017:10:50:37 +0100] "GET /favicon.ico HTTP/1.1" 404 1181 "http://www.mkk.zpok.hu/images/vasutterkep_n.jpg" "Mozilla/5.0 (Windows NT 6.1) AppleWebKit/537.36 (KHTML, like Gecko) Chrome/54.26.2840.71 Safari/537.36"
195.199.139.70 - - [27/Jan/2017:10:55:49 +0100] "GET /images/vasutterkep_n.jpg HTTP/1.1" 200 4702972 "http://www.bing.com/images/search?q=magyarorsz%c3%a1g&view=detailv2&&id=ABE69416F1D7F1B0507150BE2C13FE462F18D6CE&selectedIndex=0&ccid=xH8rG21t&simid=608043194351421758&thid=OIP.xH8rG21tOZ8qFZQ6cp4D7AEsC6&mode=overlay" "Mozilla/5.0 (Windows NT 6.3; Trident/7.0; rv:11.0) like Gecko"
195.199.189.217 - - [27/Jan/2017:10:56:23 +0100] "GET /images/vasutterkep_n.jpg HTTP/1.1" 200 4702972 "https://www.bing.com/" "Mozilla/5.0 (Windows NT 10.0; Win64; x64) AppleWebKit/537.36 (KHTML, like Gecko) Chrome/42.0.2311.135 Safari/537.36 Edge/12.10240"
66.249.73.46 - - [27/Jan/2017:10:59:58 +0100] "GET /doc/fogadj_orokbe.doc HTTP/1.1" 200 45568 "-" "Mozilla/5.0 (Linux; Android 6.0.1; Nexus 5X Build/MMB29P) AppleWebKit/537.36 (KHTML, like Gecko) Chrome/41.0.2272.96 Mobile Safari/537.36 (compatible; Googlebot/2.1; +http://www.google.com/bot.html)"
217.91.121.50 - - [27/Jan/2017:11:04:18 +0100] "GET /images/vasutterkep_n.jpg HTTP/1.1" 200 4702972 "http://www.bing.com/images/search?q=Karte+Westungarn&view=detailv2&&id=BD11D9E5AE12A3DBA083C8D0A393CE6F3BEAFB79&selectedIndex=55&ccid=XejhVALB&simid=608012377963564912&thid=OIP.XejhVALBAq_N-37GlqwJ-gEsDz&mode=overlay" "Mozilla/5.0 (Windows NT 6.1; WOW64; Trident/7.0; rv:11.0) like Gecko"
66.249.73.52 - - [27/Jan/2017:11:04:42 +0100] "GET /hirlevel/www.zoldot.hu HTTP/1.1" 404 1181 "-" "Mozilla/5.0 (Linux; Android 6.0.1; Nexus 5X Build/MMB29P) AppleWebKit/537.36 (KHTML, like Gecko) Chrome/41.0.2272.96 Mobile Safari/537.36 (compatible; Googlebot/2.1; +http://www.google.com/bot.html)"
89.133.20.138 - - [27/Jan/2017:11:11:17 +0100] "GET / HTTP/1.1" 200 1178 "-" "Mozilla/5.0 (Windows NT 6.3; WOW64; Trident/7.0; rv:11.0) like Gecko"
86.8.184.246 - - [27/Jan/2017:11:11:21 +0100] "GET /hirlevel/images/ti-to_2012-06-27.jpg HTTP/1.1" 200 1071059 "https://www.google.hu/" "Mozilla/5.0 (Windows NT 6.1) AppleWebKit/537.36 (KHTML, like Gecko) Chrome/55.0.2883.87 Safari/537.36"
89.133.20.138 - - [27/Jan/2017:11:11:22 +0100] "GET /index.swf HTTP/1.1" 200 1451930 "http://www.mkk.zpok.hu/" "Mozilla/5.0 (Windows NT 6.3; WOW64; Trident/7.0; rv:11.0) like Gecko"
89.133.20.138 - - [27/Jan/2017:11:11:28 +0100] "GET /popupsys%20elemei/main.txt HTTP/1.1" 200 342 "http://www.mkk.zpok.hu/index.swf" "Mozilla/5.0 (Windows NT 6.3; WOW64; Trident/7.0; rv:11.0) like Gecko"
89.133.20.138 - - [27/Jan/2017:11:11:28 +0100] "GET /hirek.xml HTTP/1.1" 200 51504 "http://www.mkk.zpok.hu/index.swf" "Mozilla/5.0 (Windows NT 6.3; WOW64; Trident/7.0; rv:11.0) like Gecko"
86.8.184.246 - - [27/Jan/2017:11:12:13 +0100] "GET /favicon.ico HTTP/1.1" 404 1181 "http://mkk.zpok.hu/hirlevel/images/ti-to_2012-06-27.jpg" "Mozilla/5.0 (Windows NT 6.1) AppleWebKit/537.36 (KHTML, like Gecko) Chrome/55.0.2883.87 Safari/537.36"
89.133.20.138 - - [27/Jan/2017:11:18:38 +0100] "GET /doc/allomasok_kepes_osszefoglaloja.pdf HTTP/1.1" 404 1181 "http://www.mkk.zpok.hu/index.swf" "Mozilla/5.0 (Windows NT 6.3; WOW64; Trident/7.0; rv:11.0) like Gecko"
89.133.20.138 - - [27/Jan/2017:11:18:52 +0100] "GET /doc/allomasok_kepes_osszefoglaloja.pdf HTTP/1.1" 404 1181 "http://www.mkk.zpok.hu/index.swf" "Mozilla/5.0 (Windows NT 6.3; WOW64; Trident/7.0; rv:11.0) like Gecko"
89.133.20.138 - - [27/Jan/2017:11:18:52 +0100] "GET /doc/allomasok_kepes_osszefoglaloja.pdf HTTP/1.1" 404 1181 "http://www.mkk.zpok.hu/index.swf" "Mozilla/5.0 (Windows NT 6.3; WOW64; Trident/7.0; rv:11.0) like Gecko"
89.133.20.138 - - [27/Jan/2017:11:18:56 +0100] "GET /doc/allomasok_kepes_osszefoglaloja.pdf HTTP/1.1" 404 1181 "http://www.mkk.zpok.hu/index.swf" "Mozilla/5.0 (Windows NT 6.3; WOW64; Trident/7.0; rv:11.0) like Gecko"
89.133.20.138 - - [27/Jan/2017:11:19:03 +0100] "GET /popupsys%20elemei_ang/main.txt HTTP/1.1" 200 495 "http://www.mkk.zpok.hu/index.swf" "Mozilla/5.0 (Windows NT 6.3; WOW64; Trident/7.0; rv:11.0) like Gecko"
89.133.20.138 - - [27/Jan/2017:11:19:19 +0100] "GET /doc/vasuttal-budapest-kornyeken.pdf HTTP/1.1" 404 1181 "http://www.mkk.zpok.hu/index.swf" "Mozilla/5.0 (Windows NT 6.3; WOW64; Trident/7.0; rv:11.0) like Gecko"
89.133.20.138 - - [27/Jan/2017:11:19:33 +0100] "GET /doc/ttft.pdf HTTP/1.1" 200 721620 "http://www.mkk.zpok.hu/index.swf" "Mozilla/5.0 (Windows NT 6.3; WOW64; Trident/7.0; rv:11.0) like Gecko"
89.133.20.138 - - [27/Jan/2017:11:19:35 +0100] "GET /doc/ttft.pdf HTTP/1.1" 200 6493253 "-" "Mozilla/5.0 (Windows NT 6.3; WOW64; Trident/7.0; rv:11.0) like Gecko"
89.133.20.138 - - [27/Jan/2017:11:20:37 +0100] "GET /doc/b2_2012_03.pdf HTTP/1.1" 404 1181 "http://www.mkk.zpok.hu/index.swf" "Mozilla/5.0 (Windows NT 6.3; WOW64; Trident/7.0; rv:11.0) like Gecko"
89.133.20.138 - - [27/Jan/2017:11:20:46 +0100] "GET /doc/b2_2012_03.pdf HTTP/1.1" 404 1181 "http://www.mkk.zpok.hu/index.swf" "Mozilla/5.0 (Windows NT 6.3; WOW64; Trident/7.0; rv:11.0) like Gecko"
89.133.20.138 - - [27/Jan/2017:11:21:47 +0100] "GET /doc/b2_2012_03.pdf HTTP/1.1" 404 1181 "http://www.mkk.zpok.hu/index.swf" "Mozilla/5.0 (Windows NT 6.3; WOW64; Trident/7.0; rv:11.0) like Gecko"
89.133.20.138 - - [27/Jan/2017:11:22:41 +0100] "GET /doc/hu_aps_positivbeispiele_aufl2_070622_klein.pdf HTTP/1.1" 200 163132 "http://www.mkk.zpok.hu/index.swf" "Mozilla/5.0 (Windows NT 6.3; WOW64; Trident/7.0; rv:11.0) like Gecko"
89.133.20.138 - - [27/Jan/2017:11:22:44 +0100] "GET /doc/hu_aps_positivbeispiele_aufl2_070622_klein.pdf HTTP/1.1" 200 2887217 "-" "Mozilla/5.0 (Windows NT 6.3; WOW64; Trident/7.0; rv:11.0) like Gecko"
89.133.20.138 - - [27/Jan/2017:11:23:46 +0100] "GET /doc/A_kozlekedesmenedzsment_korszeru_eszkozei.pdf HTTP/1.1" 404 1181 "http://www.mkk.zpok.hu/index.swf" "Mozilla/5.0 (Windows NT 6.3; WOW64; Trident/7.0; rv:11.0) like Gecko"
89.133.20.138 - - [27/Jan/2017:11:23:51 +0100] "GET /doc/varos-videk.vasut_2009.pdf HTTP/1.1" 200 491520 "http://www.mkk.zpok.hu/index.swf" "Mozilla/5.0 (Windows NT 6.3; WOW64; Trident/7.0; rv:11.0) like Gecko"
89.133.20.138 - - [27/Jan/2017:11:23:53 +0100] "GET /doc/varos-videk.vasut_2009.pdf HTTP/1.1" 200 4406284 "-" "Mozilla/5.0 (Windows NT 6.3; WOW64; Trident/7.0; rv:11.0) like Gecko"
89.133.20.138 - - [27/Jan/2017:11:25:57 +0100] "GET /doc/vasuttal-budapest-kornyeken.pdf HTTP/1.1" 404 1181 "http://www.mkk.zpok.hu/index.swf" "Mozilla/5.0 (Windows NT 6.3; WOW64; Trident/7.0; rv:11.0) like Gecko"
89.133.20.138 - - [27/Jan/2017:11:26:06 +0100] "GET /doc/eletet-a-vasutnak.pdf HTTP/1.1" 200 331032 "http://www.mkk.zpok.hu/index.swf" "Mozilla/5.0 (Windows NT 6.3; WOW64; Trident/7.0; rv:11.0) like Gecko"
89.133.20.138 - - [27/Jan/2017:11:26:08 +0100] "GET /doc/eletet-a-vasutnak.pdf HTTP/1.1" 200 5085257 "-" "Mozilla/5.0 (Windows NT 6.3; WOW64; Trident/7.0; rv:11.0) like Gecko"
89.133.20.138 - - [27/Jan/2017:11:26:34 +0100] "GET /browserconfig.xml HTTP/1.1" 404 1181 "-" "Mozilla/5.0 (Windows NT 6.3; Win64; x64; Trident/7.0; rv:11.0) like Gecko"
89.133.20.138 - - [27/Jan/2017:11:27:05 +0100] "GET /doc/kerparoskozlekedes.pdf HTTP/1.1" 200 415712 "http://www.mkk.zpok.hu/index.swf" "Mozilla/5.0 (Windows NT 6.3; WOW64; Trident/7.0; rv:11.0) like Gecko"
89.133.20.138 - - [27/Jan/2017:11:27:05 +0100] "GET /doc/kerparoskozlekedes.pdf HTTP/1.1" 200 2540119 "-" "Mozilla/5.0 (Windows NT 6.3; WOW64; Trident/7.0; rv:11.0) like Gecko"
89.133.20.138 - - [27/Jan/2017:11:27:33 +0100] "GET /doc/bevasar.pdf HTTP/1.1" 200 117872 "http://www.mkk.zpok.hu/index.swf" "Mozilla/5.0 (Windows NT 6.3; WOW64; Trident/7.0; rv:11.0) like Gecko"
89.133.20.138 - - [27/Jan/2017:11:27:34 +0100] "GET /doc/bevasar.pdf HTTP/1.1" 200 3063780 "-" "Mozilla/5.0 (Windows NT 6.3; WOW64; Trident/7.0; rv:11.0) like Gecko"
89.133.20.138 - - [27/Jan/2017:11:28:07 +0100] "GET /doc/meszaros.pdf HTTP/1.1" 200 171893 "http://www.mkk.zpok.hu/index.swf" "Mozilla/5.0 (Windows NT 6.3; WOW64; Trident/7.0; rv:11.0) like Gecko"
89.133.20.138 - - [27/Jan/2017:11:28:07 +0100] "GET /doc/meszaros.pdf HTTP/1.1" 200 1012883 "-" "Mozilla/5.0 (Windows NT 6.3; WOW64; Trident/7.0; rv:11.0) like Gecko"
89.133.20.138 - - [27/Jan/2017:11:28:40 +0100] "GET /doc/utak_a_kerekparozashoz.pdf HTTP/1.1" 200 504256 "http://www.mkk.zpok.hu/index.swf" "Mozilla/5.0 (Windows NT 6.3; WOW64; Trident/7.0; rv:11.0) like Gecko"
89.133.20.138 - - [27/Jan/2017:11:28:41 +0100] "GET /doc/utak_a_kerekparozashoz.pdf HTTP/1.1" 200 5493368 "-" "Mozilla/5.0 (Windows NT 6.3; WOW64; Trident/7.0; rv:11.0) like Gecko"
89.133.20.138 - - [27/Jan/2017:11:29:49 +0100] "GET /doc/vasuttal-budapest-kornyeken.pdf HTTP/1.1" 404 1181 "http://www.mkk.zpok.hu/index.swf" "Mozilla/5.0 (Windows NT 6.3; WOW64; Trident/7.0; rv:11.0) like Gecko"
192.157.254.197 - - [27/Jan/2017:11:30:02 +0100] "HEAD / HTTP/1.1" 200 0 "https://www.inboundlinks.win/InboundLinks/mkk.zpok.hu" "Mozilla/5.0 (compatible; MSIE 9.0; Windows NT 6.1; WOW64; Trident/5.0)"
89.133.20.138 - - [27/Jan/2017:11:30:41 +0100] "GET /doc/andreas_geissler.ppt HTTP/1.1" 404 1181 "http://www.mkk.zpok.hu/index.swf" "Mozilla/5.0 (Windows NT 6.3; WOW64; Trident/7.0; rv:11.0) like Gecko"
89.133.20.138 - - [27/Jan/2017:11:30:47 +0100] "GET /doc/andreas_geissler.ppt HTTP/1.1" 404 1181 "http://www.mkk.zpok.hu/index.swf" "Mozilla/5.0 (Windows NT 6.3; WOW64; Trident/7.0; rv:11.0) like Gecko"
89.133.20.138 - - [27/Jan/2017:11:30:52 +0100] "GET /doc/meszaros_peter.ppt HTTP/1.1" 200 75776 "http://www.mkk.zpok.hu/index.swf" "Mozilla/5.0 (Windows NT 6.3; WOW64; Trident/7.0; rv:11.0) like Gecko"
89.133.20.138 - - [27/Jan/2017:11:31:31 +0100] "GET /doc/ocsi_bela_070622.ppt HTTP/1.1" 200 5619200 "http://www.mkk.zpok.hu/index.swf" "Mozilla/5.0 (Windows NT 6.3; WOW64; Trident/7.0; rv:11.0) like Gecko"
89.133.20.138 - - [27/Jan/2017:11:33:02 +0100] "GET /doc/onkentesseghete.pdf HTTP/1.1" 200 297272 "http://www.mkk.zpok.hu/index.swf" "Mozilla/5.0 (Windows NT 6.3; WOW64; Trident/7.0; rv:11.0) like Gecko"
89.133.20.138 - - [27/Jan/2017:11:33:08 +0100] "GET /doc/onkentesseghete.pdf HTTP/1.1" 200 20949676 "-" "Mozilla/5.0 (Windows NT 6.3; WOW64; Trident/7.0; rv:11.0) like Gecko"
89.133.20.138 - - [27/Jan/2017:11:33:36 +0100] "GET /doc/147.pdf HTTP/1.1" 200 350014 "http://www.mkk.zpok.hu/index.swf" "Mozilla/5.0 (Windows NT 6.3; WOW64; Trident/7.0; rv:11.0) like Gecko"
89.133.20.138 - - [27/Jan/2017:11:33:37 +0100] "GET /doc/147.pdf HTTP/1.1" 200 561340 "-" "Mozilla/5.0 (Windows NT 6.3; WOW64; Trident/7.0; rv:11.0) like Gecko"
89.133.20.138 - - [27/Jan/2017:11:36:30 +0100] "GET /doc/b2_2012_03.pdf HTTP/1.1" 404 1181 "http://www.mkk.zpok.hu/index.swf" "Mozilla/5.0 (Windows NT 6.3; WOW64; Trident/7.0; rv:11.0) like Gecko"
195.88.164.253 - - [27/Jan/2017:11:50:09 +0100] "GET /images/vasutterkep_n.jpg HTTP/1.1" 200 4702972 "http://www.terkepkalauz.hu/index.php?option=com_alphacontent§ion=4&cat=32&task=view&id=396&Itemid=99999999" "Mozilla/5.0 (Windows NT 6.1; Trident/7.0; rv:11.0) like Gecko"
195.88.164.253 - - [27/Jan/2017:11:50:09 +0100] "GET /favicon.ico HTTP/1.1" 404 1181 "-" "Mozilla/5.0 (Windows NT 6.1; Trident/7.0; rv:11.0) like Gecko"
85.255.64.190 - - [27/Jan/2017:11:56:51 +0100] "GET /hirlevel/vonattal1505.html HTTP/1.1" 200 31133 "-" "Mechanize/2.7.5 Ruby/2.3.1p112 (http://github.com/sparklemotion/mechanize/)"
89.133.20.138 - - [27/Jan/2017:12:04:03 +0100] "GET /favicon.ico HTTP/1.1" 404 1181 "-" "Mozilla/5.0 (Windows NT 6.3; Win64; x64; Trident/7.0; rv:11.0) like Gecko"
89.133.20.138 - - [27/Jan/2017:12:05:20 +0100] "GET /doc/b2_2012_03.pdf HTTP/1.1" 404 1181 "http://www.mkk.zpok.hu/index.swf" "Mozilla/5.0 (Windows NT 6.3; WOW64; Trident/7.0; rv:11.0) like Gecko"
89.133.20.138 - - [27/Jan/2017:12:06:05 +0100] "GET /hirlevel/vonattal1605.html HTTP/1.1" 200 43541 "http://www.fenntarthatokozlekedesert.hu/" "Mozilla/5.0 (Windows NT 6.3; WOW64; Trident/7.0; rv:11.0) like Gecko"
89.133.20.138 - - [27/Jan/2017:12:06:05 +0100] "GET /1601_files/NCTA_tamogato_es_lebonyolito_logosor.jpg HTTP/1.1" 404 1181 "http://mkk.zpok.hu/hirlevel/vonattal1605.html" "Mozilla/5.0 (Windows NT 6.3; WOW64; Trident/7.0; rv:11.0) like Gecko"
89.133.20.138 - - [27/Jan/2017:12:06:05 +0100] "GET /hirlevel/NCTA_tamogato_es_lebonyolito_logosor.jpg HTTP/1.1" 200 22139 "http://mkk.zpok.hu/hirlevel/vonattal1605.html" "Mozilla/5.0 (Windows NT 6.3; WOW64; Trident/7.0; rv:11.0) like Gecko"
89.133.20.138 - - [27/Jan/2017:12:06:05 +0100] "GET /hirlevel/images/1606c.jpg HTTP/1.1" 200 197490 "http://mkk.zpok.hu/hirlevel/vonattal1605.html" "Mozilla/5.0 (Windows NT 6.3; WOW64; Trident/7.0; rv:11.0) like Gecko"
89.133.20.138 - - [27/Jan/2017:12:06:06 +0100] "HEAD /hirlevel/images/avidekkozlekedeseert.swf HTTP/1.1" 200 0 "-" "Mozilla/5.0 (Windows NT 6.3; WOW64; Trident/7.0; rv:11.0) like Gecko"
89.133.20.138 - - [27/Jan/2017:12:06:07 +0100] "GET /hirlevel/images/avidekkozlekedeseert.swf HTTP/1.1" 200 5063 "http://mkk.zpok.hu/hirlevel/vonattal1605.html" "Mozilla/5.0 (Windows NT 6.3; WOW64; Trident/7.0; rv:11.0) like Gecko"
89.133.20.138 - - [27/Jan/2017:12:06:07 +0100] "GET /favicon.ico HTTP/1.1" 404 1181 "-" "Mozilla/5.0 (Windows NT 6.3; Win64; x64; Trident/7.0; rv:11.0) like Gecko"
89.133.20.138 - - [27/Jan/2017:12:06:22 +0100] "GET /hirlevel/vonattal1602.html HTTP/1.1" 200 28174 "http://www.fenntarthatokozlekedesert.hu/" "Mozilla/5.0 (Windows NT 6.3; WOW64; Trident/7.0; rv:11.0) like Gecko"
89.133.20.138 - - [27/Jan/2017:12:06:22 +0100] "GET /hirlevel/1601_files/NCTA_tamogato_es_lebonyolito_logosor.jpg HTTP/1.1" 404 1181 "http://mkk.zpok.hu/hirlevel/vonattal1602.html" "Mozilla/5.0 (Windows NT 6.3; WOW64; Trident/7.0; rv:11.0) like Gecko"
89.133.20.138 - - [27/Jan/2017:12:06:22 +0100] "GET /hirlevel/images/1602a.jpg HTTP/1.1" 200 165369 "http://mkk.zpok.hu/hirlevel/vonattal1602.html" "Mozilla/5.0 (Windows NT 6.3; WOW64; Trident/7.0; rv:11.0) like Gecko"
89.133.20.138 - - [27/Jan/2017:12:06:22 +0100] "GET /hirlevel/images/1602b.jpg HTTP/1.1" 200 208896 "http://mkk.zpok.hu/hirlevel/vonattal1602.html" "Mozilla/5.0 (Windows NT 6.3; WOW64; Trident/7.0; rv:11.0) like Gecko"
89.133.20.138 - - [27/Jan/2017:12:06:22 +0100] "GET /hirlevel/images/1602g.jpg HTTP/1.1" 200 79247 "http://mkk.zpok.hu/hirlevel/vonattal1602.html" "Mozilla/5.0 (Windows NT 6.3; WOW64; Trident/7.0; rv:11.0) like Gecko"
89.133.20.138 - - [27/Jan/2017:12:06:22 +0100] "GET /hirlevel/images/1602c.jpg HTTP/1.1" 200 176128 "http://mkk.zpok.hu/hirlevel/vonattal1602.html" "Mozilla/5.0 (Windows NT 6.3; WOW64; Trident/7.0; rv:11.0) like Gecko"
89.133.20.138 - - [27/Jan/2017:12:06:22 +0100] "GET /hirlevel/images/1602f.jpg HTTP/1.1" 200 209707 "http://mkk.zpok.hu/hirlevel/vonattal1602.html" "Mozilla/5.0 (Windows NT 6.3; WOW64; Trident/7.0; rv:11.0) like Gecko"
89.133.20.138 - - [27/Jan/2017:12:06:22 +0100] "GET /hirlevel/images/1602d.jpg HTTP/1.1" 200 393216 "http://mkk.zpok.hu/hirlevel/vonattal1602.html" "Mozilla/5.0 (Windows NT 6.3; WOW64; Trident/7.0; rv:11.0) like Gecko"
89.133.20.138 - - [27/Jan/2017:12:06:22 +0100] "GET /hirlevel/images/1602e.jpg HTTP/1.1" 200 216049 "http://mkk.zpok.hu/hirlevel/vonattal1602.html" "Mozilla/5.0 (Windows NT 6.3; WOW64; Trident/7.0; rv:11.0) like Gecko"
89.133.20.138 - - [27/Jan/2017:12:06:23 +0100] "HEAD /hirlevel/images/avidekkozlekedeseert.swf HTTP/1.1" 200 0 "-" "Mozilla/5.0 (Windows NT 6.3; WOW64; Trident/7.0; rv:11.0) like Gecko"
89.133.20.138 - - [27/Jan/2017:12:06:23 +0100] "GET /favicon.ico HTTP/1.1" 404 1181 "-" "Mozilla/5.0 (Windows NT 6.3; Win64; x64; Trident/7.0; rv:11.0) like Gecko"
157.55.39.150 - - [27/Jan/2017:12:11:11 +0100] "GET /hirlevel/vonattal1603.html HTTP/1.1" 200 31488 "-" "Mozilla/5.0 (iPhone; CPU iPhone OS 7_0 like Mac OS X) AppleWebKit/537.51.1 (KHTML, like Gecko) Version/7.0 Mobile/11A465 Safari/9537.53 (compatible; bingbot/2.0; +http://www.bing.com/bingbot.htm)"
157.55.39.150 - - [27/Jan/2017:12:11:47 +0100] "GET /1601_files/NCTA_tamogato_es_lebonyolito_logosor.jpg HTTP/1.1" 404 1181 "-" "Mozilla/5.0 (iPhone; CPU iPhone OS 7_0 like Mac OS X) AppleWebKit/537.51.1 (KHTML, like Gecko) Version/7.0 Mobile/11A465 Safari/9537.53 (compatible; bingbot/2.0; +http://www.bing.com/bingbot.htm)"
157.55.39.41 - - [27/Jan/2017:12:11:48 +0100] "GET /hirlevel/images/avidekkozlekedeseert.swf HTTP/1.1" 200 5063 "-" "Mozilla/5.0 (iPhone; CPU iPhone OS 7_0 like Mac OS X) AppleWebKit/537.51.1 (KHTML, like Gecko) Version/7.0 Mobile/11A465 Safari/9537.53 (compatible; bingbot/2.0; +http://www.bing.com/bingbot.htm)"
178.48.29.113 - - [27/Jan/2017:12:11:57 +0100] "GET /images/vasutterkep_n.jpg HTTP/1.1" 200 4702972 "https://www.bing.com/" "Mozilla/5.0 (Windows NT 10.0; Win64; x64) AppleWebKit/537.36 (KHTML, like Gecko) Chrome/51.0.2704.79 Safari/537.36 Edge/14.14393"
89.133.20.138 - - [27/Jan/2017:12:17:45 +0100] "GET /doc/b2_2012_03.pdf HTTP/1.1" 404 1181 "-" "Mozilla/5.0 (Windows NT 6.3; WOW64) AppleWebKit/537.36 (KHTML, like Gecko) Chrome/55.0.2883.87 Safari/537.36"
89.133.20.138 - - [27/Jan/2017:12:17:48 +0100] "GET /favicon.ico HTTP/1.1" 404 1181 "http://mkk.zpok.hu/doc/b2_2012_03.pdf" "Mozilla/5.0 (Windows NT 6.3; WOW64) AppleWebKit/537.36 (KHTML, like Gecko) Chrome/55.0.2883.87 Safari/537.36"
195.194.238.103 - - [27/Jan/2017:12:25:16 +0100] "GET /images/vasutterkep_n.jpg HTTP/1.1" 200 4702972 "-" "Mozilla/5.0 (Windows NT 6.1; Trident/7.0; rv:11.0) like Gecko"
195.194.238.103 - - [27/Jan/2017:12:25:42 +0100] "GET /favicon.ico HTTP/1.1" 404 1181 "-" "Mozilla/5.0 (Windows NT 6.1; Trident/7.0; rv:11.0) like Gecko"
89.133.20.138 - - [27/Jan/2017:12:33:46 +0100] "GET /doc/onkentesseghete.pdf HTTP/1.1" 200 360448 "http://www.mkk.zpok.hu/index.swf" "Mozilla/5.0 (Windows NT 6.3; WOW64; Trident/7.0; rv:11.0) like Gecko"
89.133.20.138 - - [27/Jan/2017:12:33:46 +0100] "GET /browserconfig.xml HTTP/1.1" 404 1181 "-" "Mozilla/5.0 (Windows NT 6.3; Win64; x64; Trident/7.0; rv:11.0) like Gecko"
89.133.20.138 - - [27/Jan/2017:12:33:53 +0100] "GET /doc/onkentesseghete.pdf HTTP/1.1" 200 20949676 "-" "Mozilla/5.0 (Windows NT 6.3; WOW64; Trident/7.0; rv:11.0) like Gecko"
157.55.39.244 - - [27/Jan/2017:12:41:39 +0100] "GET /hirlevel/vonattal1605.html HTTP/1.1" 200 43541 "-" "Mozilla/5.0 (iPhone; CPU iPhone OS 7_0 like Mac OS X) AppleWebKit/537.51.1 (KHTML, like Gecko) Version/7.0 Mobile/11A465 Safari/9537.53 (compatible; bingbot/2.0; +http://www.bing.com/bingbot.htm)"
89.133.20.138 - - [27/Jan/2017:12:43:54 +0100] "GET /doc/ipoly_201109.pdf HTTP/1.1" 200 423796 "http://www.mkk.zpok.hu/index.swf" "Mozilla/5.0 (Windows NT 6.3; WOW64; Trident/7.0; rv:11.0) like Gecko"
89.133.20.138 - - [27/Jan/2017:12:43:59 +0100] "GET /doc/ipoly_201109.pdf HTTP/1.1" 200 5592654 "-" "Mozilla/5.0 (Windows NT 6.3; WOW64; Trident/7.0; rv:11.0) like Gecko"
89.133.20.138 - - [27/Jan/2017:12:44:22 +0100] "GET /doc/sajtonyilatkozat_tersegivasutak.pdf HTTP/1.1" 200 89934 "http://www.mkk.zpok.hu/index.swf" "Mozilla/5.0 (Windows NT 6.3; WOW64; Trident/7.0; rv:11.0) like Gecko"
89.133.20.138 - - [27/Jan/2017:12:44:22 +0100] "GET /doc/sajtonyilatkozat_tersegivasutak.pdf HTTP/1.1" 200 89934 "-" "Mozilla/5.0 (Windows NT 6.3; WOW64; Trident/7.0; rv:11.0) like Gecko"
89.133.20.138 - - [27/Jan/2017:12:47:48 +0100] "GET /doc/bibok_zsuzsanna.ppt HTTP/1.1" 404 1181 "http://www.mkk.zpok.hu/index.swf" "Mozilla/5.0 (Windows NT 6.3; WOW64; Trident/7.0; rv:11.0) like Gecko"
89.133.20.138 - - [27/Jan/2017:12:47:54 +0100] "GET /doc/andreas_geissler.ppt HTTP/1.1" 404 1181 "http://www.mkk.zpok.hu/index.swf" "Mozilla/5.0 (Windows NT 6.3; WOW64; Trident/7.0; rv:11.0) like Gecko"
89.133.20.138 - - [27/Jan/2017:12:48:13 +0100] "GET /doc/ocsi_bela_070622.ppt HTTP/1.1" 200 5619200 "http://www.mkk.zpok.hu/index.swf" "Mozilla/5.0 (Windows NT 6.3; WOW64; Trident/7.0; rv:11.0) like Gecko"
89.133.20.138 - - [27/Jan/2017:12:48:43 +0100] "GET /doc/allomasok_kepes_osszefoglaloja.pdf HTTP/1.1" 404 1181 "http://www.mkk.zpok.hu/index.swf" "Mozilla/5.0 (Windows NT 6.3; WOW64; Trident/7.0; rv:11.0) like Gecko"
89.133.20.138 - - [27/Jan/2017:12:49:25 +0100] "GET /hirlevel/vasuttal0707.htm HTTP/1.1" 200 30203 "http://www.mkk.zpok.hu/index.swf" "Mozilla/5.0 (Windows NT 6.3; WOW64; Trident/7.0; rv:11.0) like Gecko"
89.133.20.138 - - [27/Jan/2017:12:49:25 +0100] "GET /hirlevel/images/vonattal.jpg HTTP/1.1" 200 28748 "http://www.mkk.zpok.hu/index.swf" "Mozilla/5.0 (Windows NT 6.3; WOW64; Trident/7.0; rv:11.0) like Gecko"
89.133.20.138 - - [27/Jan/2017:12:49:25 +0100] "GET /hirlevel/images/0707a.jpg HTTP/1.1" 200 59382 "http://www.mkk.zpok.hu/index.swf" "Mozilla/5.0 (Windows NT 6.3; WOW64; Trident/7.0; rv:11.0) like Gecko"
89.133.20.138 - - [27/Jan/2017:12:49:25 +0100] "GET /hirlevel/images/0707b.jpg HTTP/1.1" 200 55124 "http://www.mkk.zpok.hu/index.swf" "Mozilla/5.0 (Windows NT 6.3; WOW64; Trident/7.0; rv:11.0) like Gecko"
89.133.20.138 - - [27/Jan/2017:12:49:25 +0100] "GET /hirlevel/images/0707aa.jpg HTTP/1.1" 200 49268 "http://www.mkk.zpok.hu/index.swf" "Mozilla/5.0 (Windows NT 6.3; WOW64; Trident/7.0; rv:11.0) like Gecko"
89.133.20.138 - - [27/Jan/2017:12:49:25 +0100] "GET /hirlevel/images/0707c.jpg HTTP/1.1" 200 62441 "http://www.mkk.zpok.hu/index.swf" "Mozilla/5.0 (Windows NT 6.3; WOW64; Trident/7.0; rv:11.0) like Gecko"
89.133.20.138 - - [27/Jan/2017:12:49:25 +0100] "GET /hirlevel/images/0707d.jpg HTTP/1.1" 200 61635 "http://www.mkk.zpok.hu/index.swf" "Mozilla/5.0 (Windows NT 6.3; WOW64; Trident/7.0; rv:11.0) like Gecko"
89.133.20.138 - - [27/Jan/2017:12:49:25 +0100] "GET /hirlevel/images/okotars.jpg HTTP/1.1" 200 8312 "http://www.mkk.zpok.hu/index.swf" "Mozilla/5.0 (Windows NT 6.3; WOW64; Trident/7.0; rv:11.0) like Gecko"
89.133.20.138 - - [27/Jan/2017:12:49:55 +0100] "GET /doc/andreas_geissler.ppt HTTP/1.1" 404 1181 "http://mkk.zpok.hu/hirlevel/vasuttal0707.htm" "Mozilla/5.0 (Windows NT 6.3; WOW64; Trident/7.0; rv:11.0) like Gecko"
91.146.172.160 - - [27/Jan/2017:12:51:24 +0100] "GET /images/vasutterkep_n.jpg HTTP/1.1" 200 4702972 "https://www.google.hu/" "Mozilla/5.0 (Windows NT 6.1; WOW64; rv:50.0) Gecko/20100101 Firefox/50.0"
91.146.172.160 - - [27/Jan/2017:12:51:26 +0100] "GET /favicon.ico HTTP/1.1" 404 1181 "-" "Mozilla/5.0 (Windows NT 6.1; WOW64; rv:50.0) Gecko/20100101 Firefox/50.0"
91.146.172.160 - - [27/Jan/2017:12:51:26 +0100] "GET /favicon.ico HTTP/1.1" 404 1181 "-" "Mozilla/5.0 (Windows NT 6.1; WOW64; rv:50.0) Gecko/20100101 Firefox/50.0"
89.133.20.138 - - [27/Jan/2017:12:51:54 +0100] "GET /doc/bibok_zsuzsanna.ppt HTTP/1.1" 404 1181 "http://www.mkk.zpok.hu/index.swf" "Mozilla/5.0 (Windows NT 6.3; WOW64; Trident/7.0; rv:11.0) like Gecko"
89.133.20.138 - - [27/Jan/2017:12:52:03 +0100] "GET /doc/meszaros_peter.ppt HTTP/1.1" 200 75776 "http://www.mkk.zpok.hu/index.swf" "Mozilla/5.0 (Windows NT 6.3; WOW64; Trident/7.0; rv:11.0) like Gecko"
89.133.20.138 - - [27/Jan/2017:12:52:42 +0100] "GET /doc/barkorichard_0706222.pdf HTTP/1.1" 200 67772 "http://www.mkk.zpok.hu/index.swf" "Mozilla/5.0 (Windows NT 6.3; WOW64; Trident/7.0; rv:11.0) like Gecko"
89.133.20.138 - - [27/Jan/2017:12:52:42 +0100] "GET /doc/barkorichard_0706222.pdf HTTP/1.1" 200 67772 "-" "Mozilla/5.0 (Windows NT 6.3; WOW64; Trident/7.0; rv:11.0) like Gecko"
66.249.65.110 - - [27/Jan/2017:12:53:39 +0100] "GET /doc/kalkapolnakisterenye.pdf HTTP/1.1" 200 33472 "-" "Mozilla/5.0 (Linux; Android 6.0.1; Nexus 5X Build/MMB29P) AppleWebKit/537.36 (KHTML, like Gecko) Chrome/41.0.2272.96 Mobile Safari/537.36 (compatible; Googlebot/2.1; +http://www.google.com/bot.html)"
89.133.20.138 - - [27/Jan/2017:12:53:56 +0100] "GET /doc/orszaggyul_allasfogl.pdf HTTP/1.1" 200 59817 "http://www.mkk.zpok.hu/index.swf" "Mozilla/5.0 (Windows NT 6.3; WOW64; Trident/7.0; rv:11.0) like Gecko"
89.133.20.138 - - [27/Jan/2017:12:53:56 +0100] "GET /doc/orszaggyul_allasfogl.pdf HTTP/1.1" 200 59817 "-" "Mozilla/5.0 (Windows NT 6.3; WOW64; Trident/7.0; rv:11.0) like Gecko"
40.77.167.73 - - [27/Jan/2017:12:54:32 +0100] "GET /doc/b2_2010.pdf HTTP/1.1" 404 1181 "-" "Mozilla/5.0 (iPhone; CPU iPhone OS 7_0 like Mac OS X) AppleWebKit/537.51.1 (KHTML, like Gecko) Version/7.0 Mobile/11A465 Safari/9537.53 (compatible; bingbot/2.0; +http://www.bing.com/bingbot.htm)"
89.133.20.138 - - [27/Jan/2017:12:55:45 +0100] "GET /hirlevel/vonattal1009.htm HTTP/1.1" 200 40861 "http://www.mkk.zpok.hu/index.swf" "Mozilla/5.0 (Windows NT 6.3; WOW64; Trident/7.0; rv:11.0) like Gecko"
89.133.20.138 - - [27/Jan/2017:12:55:45 +0100] "GET /hirlevel/images/kvvm_1.jpg HTTP/1.1" 200 11772 "http://mkk.zpok.hu/hirlevel/vonattal1009.htm" "Mozilla/5.0 (Windows NT 6.3; WOW64; Trident/7.0; rv:11.0) like Gecko"
89.133.20.138 - - [27/Jan/2017:12:55:45 +0100] "GET /hirlevel/images/okotars_1.jpg HTTP/1.1" 200 8192 "http://mkk.zpok.hu/hirlevel/vonattal1009.htm" "Mozilla/5.0 (Windows NT 6.3; WOW64; Trident/7.0; rv:11.0) like Gecko"
89.133.20.138 - - [27/Jan/2017:12:55:45 +0100] "GET /hirlevel/images/nfu_logo_1.jpg HTTP/1.1" 200 8192 "http://mkk.zpok.hu/hirlevel/vonattal1009.htm" "Mozilla/5.0 (Windows NT 6.3; WOW64; Trident/7.0; rv:11.0) like Gecko"
89.133.20.138 - - [27/Jan/2017:12:55:45 +0100] "GET /hirlevel/images/1009_b.jpg.JPG HTTP/1.1" 200 119823 "http://mkk.zpok.hu/hirlevel/vonattal1009.htm" "Mozilla/5.0 (Windows NT 6.3; WOW64; Trident/7.0; rv:11.0) like Gecko"
89.133.20.138 - - [27/Jan/2017:12:55:45 +0100] "GET /hirlevel/images/1009_terkep_k.jpg HTTP/1.1" 200 75698 "http://mkk.zpok.hu/hirlevel/vonattal1009.htm" "Mozilla/5.0 (Windows NT 6.3; WOW64; Trident/7.0; rv:11.0) like Gecko"
89.133.20.138 - - [27/Jan/2017:12:55:45 +0100] "GET /hirlevel/images/demnet_1.jpg HTTP/1.1" 200 11355 "http://mkk.zpok.hu/hirlevel/vonattal1009.htm" "Mozilla/5.0 (Windows NT 6.3; WOW64; Trident/7.0; rv:11.0) like Gecko"
89.133.20.138 - - [27/Jan/2017:12:55:45 +0100] "GET /hirlevel/images/karpatok_1.jpg HTTP/1.1" 200 11811 "http://mkk.zpok.hu/hirlevel/vonattal1009.htm" "Mozilla/5.0 (Windows NT 6.3; WOW64; Trident/7.0; rv:11.0) like Gecko"
89.133.20.138 - - [27/Jan/2017:12:55:45 +0100] "GET /hirlevel/images/autonomia_1.jpg HTTP/1.1" 200 11433 "http://mkk.zpok.hu/hirlevel/vonattal1009.htm" "Mozilla/5.0 (Windows NT 6.3; WOW64; Trident/7.0; rv:11.0) like Gecko"
89.133.20.138 - - [27/Jan/2017:12:55:45 +0100] "GET /hirlevel/images/eea_1.jpg HTTP/1.1" 200 16669 "http://mkk.zpok.hu/hirlevel/vonattal1009.htm" "Mozilla/5.0 (Windows NT 6.3; WOW64; Trident/7.0; rv:11.0) like Gecko"
89.133.20.138 - - [27/Jan/2017:12:55:45 +0100] "GET /hirlevel/images/norway_1.jpg HTTP/1.1" 200 17420 "http://mkk.zpok.hu/hirlevel/vonattal1009.htm" "Mozilla/5.0 (Windows NT 6.3; WOW64; Trident/7.0; rv:11.0) like Gecko"
89.133.20.138 - - [27/Jan/2017:12:55:45 +0100] "GET /hirlevel/images/nca_logo_1.jpg HTTP/1.1" 200 189245 "http://mkk.zpok.hu/hirlevel/vonattal1009.htm" "Mozilla/5.0 (Windows NT 6.3; WOW64; Trident/7.0; rv:11.0) like Gecko"
89.133.20.138 - - [27/Jan/2017:12:55:46 +0100] "HEAD /hirlevel/images/vonattal.swf HTTP/1.1" 200 0 "-" "Mozilla/5.0 (Windows NT 6.3; WOW64; Trident/7.0; rv:11.0) like Gecko"
89.133.20.138 - - [27/Jan/2017:12:55:46 +0100] "GET /hirlevel/images/vonattal.swf HTTP/1.1" 200 697 "http://mkk.zpok.hu/hirlevel/vonattal1009.htm" "Mozilla/5.0 (Windows NT 6.3; WOW64; Trident/7.0; rv:11.0) like Gecko"
89.133.20.138 - - [27/Jan/2017:12:57:23 +0100] "GET /popupsys%20elemei_ang/main.txt HTTP/1.1" 200 495 "http://www.mkk.zpok.hu/index.swf" "Mozilla/5.0 (Windows NT 6.3; WOW64; Trident/7.0; rv:11.0) like Gecko"
89.133.20.138 - - [27/Jan/2017:12:57:32 +0100] "GET /doc/vasuttal-budapest-kornyeken.pdf HTTP/1.1" 404 1181 "http://www.mkk.zpok.hu/index.swf" "Mozilla/5.0 (Windows NT 6.3; WOW64; Trident/7.0; rv:11.0) like Gecko"
66.249.73.46 - - [27/Jan/2017:12:58:24 +0100] "GET /hirlevel/hu-ro_palyazatifelhivas0801.pdf HTTP/1.1" 200 251399 "-" "Mozilla/5.0 (Linux; Android 6.0.1; Nexus 5X Build/MMB29P) AppleWebKit/537.36 (KHTML, like Gecko) Chrome/41.0.2272.96 Mobile Safari/537.36 (compatible; Googlebot/2.1; +http://www.google.com/bot.html)"
178.48.233.22 - - [27/Jan/2017:13:03:29 +0100] "GET /doc/onkentesseghete.pdf HTTP/1.1" 200 20949676 "-" "Mozilla/5.0 (X11; Ubuntu; Linux x86_64; rv:50.0) Gecko/20100101 Firefox/50.0"
157.55.39.41 - - [27/Jan/2017:13:08:06 +0100] "GET /hirlevel/images/Okotars_fekvo_szines.jpg HTTP/1.1" 200 98627 "-" "Mozilla/5.0 (compatible; bingbot/2.0; +http://www.bing.com/bingbot.htm)"
195.199.247.26 - - [27/Jan/2017:13:10:08 +0100] "GET /images/vasutterkep_n.jpg HTTP/1.1" 200 4702972 "https://www.bing.com/" "Mozilla/5.0 (Windows NT 10.0; Win64; x64) AppleWebKit/537.36 (KHTML, like Gecko) Chrome/46.0.2486.0 Safari/537.36 Edge/13.10586"
195.199.247.26 - - [27/Jan/2017:13:10:16 +0100] "GET /images/vasutterkep_n.jpg HTTP/1.1" 200 4702972 "https://www.bing.com/" "Mozilla/5.0 (Windows NT 10.0; Win64; x64) AppleWebKit/537.36 (KHTML, like Gecko) Chrome/46.0.2486.0 Safari/537.36 Edge/13.10586"
157.55.39.244 - - [27/Jan/2017:13:10:52 +0100] "GET /hirlevel/images/1410_u.jpg HTTP/1.1" 200 248000 "-" "Mozilla/5.0 (compatible; bingbot/2.0; +http://www.bing.com/bingbot.htm)"
40.77.167.73 - - [27/Jan/2017:13:17:24 +0100] "GET /hirlevel/images/0907d.jpg HTTP/1.1" 200 130614 "-" "Mozilla/5.0 (compatible; bingbot/2.0; +http://www.bing.com/bingbot.htm)"
5.15.185.115 - - [27/Jan/2017:13:23:51 +0100] "GET /images/vasutterkep_n.jpg HTTP/1.1" 200 4702972 "-" "Mozilla/5.0 (Windows NT 6.1; rv:50.0) Gecko/20100101 Firefox/50.0"
157.55.39.41 - - [27/Jan/2017:13:26:33 +0100] "GET /hirlevel/images/0812f.jpg HTTP/1.1" 200 28022 "-" "Mozilla/5.0 (compatible; bingbot/2.0; +http://www.bing.com/bingbot.htm)"
40.77.167.73 - - [27/Jan/2017:13:26:39 +0100] "GET /hirlevel/images/norway_1.jpg HTTP/1.1" 200 17420 "-" "Mozilla/5.0 (compatible; bingbot/2.0; +http://www.bing.com/bingbot.htm)"
84.236.43.68 - - [27/Jan/2017:14:00:30 +0100] "GET /hirlevel/images/201604h.jpg HTTP/1.1" 200 84831 "https://www.google.hu/" "Mozilla/5.0 (Windows NT 6.1; Win64; x64) AppleWebKit/537.36 (KHTML, like Gecko) Chrome/55.0.2883.87 Safari/537.36"
40.77.167.73 - - [27/Jan/2017:14:01:36 +0100] "GET /hirlevel/bakonyivasut_0805.pdf HTTP/1.1" 200 136544 "-" "msnbot-media/1.1 (+http://search.msn.com/msnbot.htm)"
176.195.122.39 - - [27/Jan/2017:14:02:24 +0100] "GET /doc/b2_2016.pdf HTTP/1.1" 404 1181 "http://yandex.ru/clck/jsredir?from=yandex.ru%3Bsearch%3Bweb%3B%3B&text=&etext=1314.SpYbzPhU4mYIpJxny4SpH1xEm0jlrJxkNMtZ6XD7nfZC9CIOZLpqzmiB3jAC-214.a4233d2d4e16cc1feb8e6cf8e747d3dfd4cd539e&uuid=&state=_BLhILn4SxNIvvL0W45KSic66uCIg23qh8iRG98qeIXmeppkgUc0YGHEttDsYq_w3pSJtejupWg&data=UlNrNmk5WktYejR0eWJFYk1LdmtxZ3l0WnFqTm00dHpnN05HaGVMR01PalRjUzJWcy10VElwN1dQR3U1ZExpc2NTdlppSGIxMzhqaU1VVnk0Q1ZYWnFXT3FfM1BSRUpyeVJWSzhQMDAxbmV6dFVqelBOYlZuZw&b64e=2&sign=b17c8ca963263dd72cda77ca3017f4c4&keyno=0&cst=AiuY0DBWFJ7IXge4WdYJQYpgPUyh7uQlNc349q9-3_HE17iah43EMD3m3JcdrEBk4Pn7ZbY14D2i3HzKk2oM0M9TqvWAqFjuMWZbJCxFP3S4izF1mPcv8U_NwI0Oj_1WoIcLV8AuKMn3n6KO_umac2-yAorPAFve&ref=orjY4mGPRjk5boDnW0uvlrrd71vZw9kp5uQozpMtKCX5No9jVno6g6iRyWLqD2QHPZa7nQaWWyPm0QbNdYqcsU5ZcD9meRBiVuI5id-fD0wj9fBf92VSBA&l10n=ru&cts=1485521360165&mc=2.19554435413" "Opera/9.80 (Windows NT 6.1) Presto/2.12.388 Version/12.16"
85.66.112.135 - - [27/Jan/2017:14:15:24 +0100] "GET /images/vasutterkep_n.jpg HTTP/1.1" 200 4702972 "http://www.terkepkalauz.hu/index.php?option=com_content&task=view&id=396" "Mozilla/5.0 (Windows NT 6.1; WOW64; rv:50.0) Gecko/20100101 Firefox/50.0"
85.66.112.135 - - [27/Jan/2017:14:15:24 +0100] "GET /favicon.ico HTTP/1.1" 404 1181 "-" "Mozilla/5.0 (Windows NT 6.1; WOW64; rv:50.0) Gecko/20100101 Firefox/50.0"
94.216.183.61 - - [27/Jan/2017:14:23:36 +0100] "GET /images/vasutterkep_n.jpg HTTP/1.1" 200 1966080 "http://www.bing.com/images/search?q=magyarorszag+t%c3%a9rk%c3%a9pe&view=detailv2&&id=2CE7FCB3C1405B4957CF6EE136D23CF91C41B18E&selectedIndex=28&ccid=dBtTNThY&simid=608005312739475689&thid=OIP.dBtTNThYrqm0DFaBne5pwwEsCd&mode=overlay" "Mozilla/5.0 (Windows NT 6.3; Win64; x64; Trident/7.0; tb-webde/2.6.9; rv:11.0) like Gecko"
84.3.240.65 - - [27/Jan/2017:14:25:56 +0100] "GET /images/vasutterkep_n.jpg HTTP/1.1" 200 4702972 "-" "Mozilla/5.0 (Windows NT 6.1; WOW64; rv:50.0) Gecko/20100101 Firefox/50.0"
78.97.11.85 - - [27/Jan/2017:14:25:57 +0100] "GET /hirlevel/images/ti-to_2012-06-27.jpg HTTP/1.1" 200 1071059 "https://www.google.ro/" "Mozilla/5.0 (Windows NT 6.1; rv:50.0) Gecko/20100101 Firefox/50.0"
94.216.183.61 - - [27/Jan/2017:14:29:03 +0100] "GET /images/vasutterkep_n.jpg HTTP/1.1" 206 2835196 "http://www.bing.com/images/search?q=magyarorsz%c3%a1g+t%c3%a9rk%c3%a9p&view=detailv2&&id=09C6019623CDC84B3C5BB09F2FDFF50923FDB505&selectedIndex=1&ccid=nDu8tbvi&simid=608038190712422973&thid=OIP.M9c3bbcb5bbe2519cddd4fd6cad0df866H0&mode=overlay" "Mozilla/5.0 (Windows NT 6.3; Win64; x64; Trident/7.0; tb-webde/2.6.9; rv:11.0) like Gecko"
157.55.39.150 - - [27/Jan/2017:14:33:21 +0100] "GET /doc/b2_2012_03.pdf HTTP/1.1" 404 1181 "-" "Mozilla/5.0 (iPhone; CPU iPhone OS 7_0 like Mac OS X) AppleWebKit/537.51.1 (KHTML, like Gecko) Version/7.0 Mobile/11A465 Safari/9537.53 (compatible; bingbot/2.0; +http://www.bing.com/bingbot.htm)"
87.229.114.39 - - [27/Jan/2017:14:39:14 +0100] "GET /images/vasutterkep_n.jpg HTTP/1.1" 200 4702972 "https://www.google.hu/" "Mozilla/5.0 (Windows NT 6.1; WOW64; rv:50.0) Gecko/20100101 Firefox/50.0"
193.175.58.4 - - [27/Jan/2017:14:42:38 +0100] "GET /images/vasutterkep_n.jpg HTTP/1.1" 200 4702972 "http://www.bing.com/images/search?q=magyarorszag+terkep&view=detailv2&&id=1084002D168A04B8572916557A5D520C6E1AEE03&selectedIndex=8&ccid=34KHqx%2f9&simid=608016887683418119&thid=OIP.34KHqx_9KTRDVdWmEduBxwEsC6&mode=overlay" "Mozilla/5.0 (Windows NT 6.1; WOW64; Trident/7.0; rv:11.0) like Gecko"
157.55.39.150 - - [27/Jan/2017:15:00:44 +0100] "GET / HTTP/1.1" 200 1178 "-" "Mozilla/5.0 (compatible; bingbot/2.0; +http://www.bing.com/bingbot.htm)"
46.229.167.149 - - [27/Jan/2017:15:14:03 +0100] "GET / HTTP/1.1" 200 1178 "-" "Mozilla/5.0 (Windows; U; Windows NT 5.1; en-US; rv:1.9.2.3) Gecko/20100401 Mozilla/5.0 (X11; U; Linux i686; it-IT; rv:1.9.0.2) Gecko/2008092313 Ubuntu/9.25 (jaunty) Firefox/3.8"
157.55.39.41 - - [27/Jan/2017:15:20:00 +0100] "GET /doc/hu_aps_positivbeispiele_aufl2_070622_klein.pdf HTTP/1.1" 200 2887217 "-" "Mozilla/5.0 (iPhone; CPU iPhone OS 7_0 like Mac OS X) AppleWebKit/537.51.1 (KHTML, like Gecko) Version/7.0 Mobile/11A465 Safari/9537.53 (compatible; bingbot/2.0; +http://www.bing.com/bingbot.htm)"
40.77.167.20 - - [27/Jan/2017:15:20:14 +0100] "GET /robots.txt HTTP/1.1" 404 1181 "-" "Mozilla/5.0 (compatible; bingbot/2.0; +http://www.bing.com/bingbot.htm)"
40.77.167.20 - - [27/Jan/2017:15:46:00 +0100] "GET /doc/OT_HM.pdf HTTP/1.1" 200 1439316 "-" "Mozilla/5.0 (iPhone; CPU iPhone OS 7_0 like Mac OS X) AppleWebKit/537.51.1 (KHTML, like Gecko) Version/7.0 Mobile/11A465 Safari/9537.53 (compatible; bingbot/2.0; +http://www.bing.com/bingbot.htm)"
40.77.167.20 - - [27/Jan/2017:15:46:07 +0100] "GET /robots.txt HTTP/1.1" 404 1181 "-" "Mozilla/5.0 (compatible; bingbot/2.0; +http://www.bing.com/bingbot.htm)"
5.178.171.52 - - [27/Jan/2017:15:51:58 +0100] "GET /images/vasutterkep_n.jpg HTTP/1.1" 200 4702972 "-" "Mozilla/5.0 (Windows NT 6.1) AppleWebKit/537.36 (KHTML, like Gecko) Chrome/55.0.2883.87 Safari/537.36 OPR/42.0.2393.137 (Edition Yx 01)"
66.249.73.52 - - [27/Jan/2017:16:03:08 +0100] "GET /doc/kiiras.pdf HTTP/1.1" 200 96611 "-" "Mozilla/5.0 (Linux; Android 6.0.1; Nexus 5X Build/MMB29P) AppleWebKit/537.36 (KHTML, like Gecko) Chrome/41.0.2272.96 Mobile Safari/537.36 (compatible; Googlebot/2.1; +http://www.google.com/bot.html)"
68.180.229.121 - - [27/Jan/2017:16:05:07 +0100] "GET /hirlevel/vonattal1512.html HTTP/1.1" 304 - "-" "Mozilla/5.0 (compatible; Yahoo! Slurp; http://help.yahoo.com/help/us/ysearch/slurp)"
199.193.251.133 - - [27/Jan/2017:16:05:40 +0100] "HEAD / HTTP/1.1" 200 0 "https://www.inboundlinks.win/InboundLinks/mkk.zpok.hu" "Mozilla/5.0 (compatible; MSIE 9.0; Windows NT 6.1; WOW64; Trident/5.0)"
207.46.13.231 - - [27/Jan/2017:16:06:07 +0100] "GET /robots.txt HTTP/1.1" 404 1181 "-" "Mozilla/5.0 (compatible; bingbot/2.0; +http://www.bing.com/bingbot.htm)"
157.55.39.150 - - [27/Jan/2017:16:06:08 +0100] "GET /images/b2_2012_03_+terkepkep.pdf HTTP/1.1" 200 10762471 "-" "Mozilla/5.0 (iPhone; CPU iPhone OS 7_0 like Mac OS X) AppleWebKit/537.51.1 (KHTML, like Gecko) Version/7.0 Mobile/11A465 Safari/9537.53 (compatible; bingbot/2.0; +http://www.bing.com/bingbot.htm)"
68.180.229.121 - - [27/Jan/2017:16:15:22 +0100] "GET /hirlevel/vonattal1408.html HTTP/1.1" 304 - "-" "Mozilla/5.0 (compatible; Yahoo! Slurp; http://help.yahoo.com/help/us/ysearch/slurp)"
178.48.17.73 - - [27/Jan/2017:16:18:20 +0100] "GET /hirlevel/images/0911b.jpg HTTP/1.0" 200 43236 "https://www.google.hu" "Mozilla/5.0 (Windows NT 6.1; rv:47.0) Gecko/20100101 Firefox/47.0"
178.190.133.221 - - [27/Jan/2017:16:23:35 +0100] "GET /images/vasutterkep_n.jpg HTTP/1.1" 200 4702972 "https://www.bing.com/" "Mozilla/5.0 (Windows NT 10.0; Win64; x64) AppleWebKit/537.36 (KHTML, like Gecko) Chrome/42.0.2311.135 Safari/537.36 Edge/12.10240"
40.77.167.20 - - [27/Jan/2017:16:51:09 +0100] "GET /doc/s-bahn.pdf HTTP/1.1" 200 97892 "-" "Mozilla/5.0 (compatible; bingbot/2.0; +http://www.bing.com/bingbot.htm)"
