193.170.44.58 - - [08/Mar/2017:12:50:26 +0100] "GET /images/vasutterkep_n.jpg HTTP/1.1" 404 1181 "http://www.bing.com/images/search?view=detailV2&ccid=rRvOyflX&id=E11D82B54E261FC16BE9C942762A656FCBEF746E&q=Magyarorsz%c3%a1g&simid=608053897459075812&selectedIndex=26&mode=overlay" "Mozilla/5.0 (Windows NT 6.1; WOW64; Trident/7.0; rv:11.0) like Gecko"
157.55.39.53 - - [08/Mar/2017:12:52:28 +0100] "GET /hirlevel/vonattal0911.htm HTTP/1.1" 404 1181 "-" "Mozilla/5.0 (iPhone; CPU iPhone OS 7_0 like Mac OS X) AppleWebKit/537.51.1 (KHTML, like Gecko) Version/7.0 Mobile/11A465 Safari/9537.53 (compatible; bingbot/2.0; +http://www.bing.com/bingbot.htm)"
164.132.161.31 - - [08/Mar/2017:12:55:20 +0100] "GET / HTTP/1.1" 200 2023 "-" "Mozilla/5.0 (compatible; AhrefsBot/5.2; +http://ahrefs.com/robot/)"
37.76.43.56 - - [08/Mar/2017:13:05:52 +0100] "GET /images/vasutterkep_n.jpg HTTP/1.1" 404 1181 "http://www.bing.com/images/search?view=detailV2&ccid=%2bm9y%2bxup&id=033E34CAF8530B1C66DDCB41970BB8168950F2A1&q=magyarorszag+terkep&simid=608049383452510472&selectedIndex=10&mode=overlay" "Mozilla/5.0 (Windows NT 10.0; WOW64) AppleWebKit/537.36 (KHTML, like Gecko) Chrome/56.0.2924.87 Safari/537.36"
157.55.39.182 - - [08/Mar/2017:13:06:15 +0100] "GET /hirlevel/images/1409i.png HTTP/1.1" 404 1181 "-" "Mozilla/5.0 (compatible; bingbot/2.0; +http://www.bing.com/bingbot.htm)"
195.199.36.89 - - [08/Mar/2017:13:10:02 +0100] "GET /images/vasutterkep_n.jpg HTTP/1.1" 404 1181 "http://www.bing.com/images/search?view=detailV2&ccid=bgnjIJz7&id=1499A9908B8444537083AE70B6FC814C9616D498&q=magyarorsz%c3%a1g+t%c3%a9rk%c3%a9pe&simid=608044817904829419&selectedIndex=3&mode=overlay" "Mozilla/5.0 (Windows NT 10.0; WOW64; Trident/7.0; rv:11.0) like Gecko"
195.199.36.89 - - [08/Mar/2017:13:10:03 +0100] "GET /images/vasutterkep_n.jpg HTTP/1.1" 404 1181 "http://www.bing.com/images/search?view=detailV2&ccid=nDu8tbvi&id=AE8814080E034B4C6E304B54DA0E781046819B05&q=magyarorszag+terkepe&simid=608054000535928988&selectedIndex=2&mode=overlay" "Mozilla/5.0 (Windows NT 10.0; WOW64; Trident/7.0; rv:11.0) like Gecko"
195.199.36.89 - - [08/Mar/2017:13:10:08 +0100] "GET /images/vasutterkep_n.jpg HTTP/1.1" 404 1181 "http://www.bing.com/images/search?view=detailV2&ccid=bgnjIJz7&id=1499A9908B8444537083AE70B6FC814C9616D498&q=magyarorsz%c3%a1g+t%c3%a9rk%c3%a9p&simid=608044817904829419&selectedIndex=4&mode=overlay" "Mozilla/5.0 (Windows NT 10.0; WOW64; Trident/7.0; rv:11.0) like Gecko"
195.199.36.89 - - [08/Mar/2017:13:10:13 +0100] "GET /images/vasutterkep_n.jpg HTTP/1.1" 404 1181 "http://www.bing.com/images/search?view=detailV2&ccid=nDu8tbvi&id=E11D82B54E261FC16BE9B09F2FDFF50923FDB505&q=magyarorsz%c3%a1g+t%c3%a9rk%c3%a9p&simid=608022548491732555&selectedIndex=0&mode=overlay" "Mozilla/5.0 (Windows NT 10.0; WOW64; Trident/7.0; rv:11.0) like Gecko"
195.199.36.89 - - [08/Mar/2017:13:10:19 +0100] "GET /images/vasutterkep_n.jpg HTTP/1.1" 404 1181 "http://www.bing.com/images/search?view=detailV2&ccid=bgnjIJz7&id=1499A9908B8444537083AE70B6FC814C9616D498&q=magyarorszag+terkep&simid=608044817904829419&selectedIndex=5&mode=overlay" "Mozilla/5.0 (Windows NT 10.0; WOW64; Trident/7.0; rv:11.0) like Gecko"
195.199.36.89 - - [08/Mar/2017:13:10:22 +0100] "GET /images/vasutterkep_n.jpg HTTP/1.1" 404 1181 "http://www.bing.com/images/search?view=detailV2&ccid=nDu8tbvi&id=E11D82B54E261FC16BE9B09F2FDFF50923FDB505&q=magyarorsz%c3%a1g+t%c3%a9rk%c3%a9p&simid=608022548491732555&selectedIndex=0&mode=overlay" "Mozilla/5.0 (Windows NT 10.0; WOW64; Trident/7.0; rv:11.0) like Gecko"
195.199.36.89 - - [08/Mar/2017:13:10:25 +0100] "GET /images/vasutterkep_n.jpg HTTP/1.1" 404 1181 "http://www.bing.com/images/search?view=detailV2&ccid=bgnjIJz7&id=1499A9908B8444537083AE70B6FC814C9616D498&q=magyarorsz%c3%a1g+t%c3%a9rk%c3%a9pe&simid=608044817904829419&selectedIndex=3&mode=overlay" "Mozilla/5.0 (Windows NT 10.0; WOW64; Trident/7.0; rv:11.0) like Gecko"
195.199.36.89 - - [08/Mar/2017:13:10:33 +0100] "GET /images/vasutterkep_n.jpg HTTP/1.1" 404 1181 "http://www.bing.com/images/search?view=detailV2&ccid=nDu8tbvi&id=E11D82B54E261FC16BE9B09F2FDFF50923FDB505&q=magyarorszag+terkep&simid=608022548500907564&selectedIndex=0&mode=overlay" "Mozilla/5.0 (Windows NT 10.0; WOW64; Trident/7.0; rv:11.0) like Gecko"
195.199.36.89 - - [08/Mar/2017:13:10:44 +0100] "GET /images/vasutterkep_n.jpg HTTP/1.1" 404 1181 "http://www.bing.com/images/search?view=detailV2&ccid=nDu8tbvi&id=AE8814080E034B4C6E304B54DA0E781046819B05&q=magyarorszag+terkepe&simid=608054000535928988&selectedIndex=2&mode=overlay" "Mozilla/5.0 (Windows NT 10.0; WOW64; Trident/7.0; rv:11.0) like Gecko"
195.199.36.89 - - [08/Mar/2017:13:11:05 +0100] "GET /images/vasutterkep_n.jpg HTTP/1.1" 404 1181 "http://www.bing.com/images/search?view=detailV2&ccid=bgnjIJz7&id=1499A9908B8444537083AE70B6FC814C9616D498&q=Magyarorsz%c3%a1g+t%c3%a9rk%c3%a9pe&simid=608044817904829419&selectedIndex=3&mode=overlay" "Mozilla/5.0 (Windows NT 10.0; WOW64; Trident/7.0; rv:11.0) like Gecko"
195.199.36.89 - - [08/Mar/2017:13:11:24 +0100] "GET /images/vasutterkep_n.jpg HTTP/1.1" 404 1181 "http://www.bing.com/images/search?view=detailV2&ccid=lc%2fWxNDU&id=9292CF9D11D11EBF5F1333C80A8DB6CF68835508&q=magyarorsz%c3%a1g+t%c3%a9rk%c3%a9pe&simid=608055134416865497&selectedIndex=0&mode=overlay" "Mozilla/5.0 (Windows NT 10.0; WOW64; Trident/7.0; rv:11.0) like Gecko"
195.199.36.89 - - [08/Mar/2017:13:11:25 +0100] "GET /images/vasutterkep_n.jpg HTTP/1.1" 404 1181 "http://www.bing.com/images/search?view=detailV2&ccid=nDu8tbvi&id=E11D82B54E261FC16BE9B09F2FDFF50923FDB505&q=magyarorszag+terkep&simid=608022548500907564&selectedIndex=0&ajaxhist=0" "Mozilla/5.0 (Windows NT 10.0; WOW64; Trident/7.0; rv:11.0) like Gecko"
195.199.36.89 - - [08/Mar/2017:13:11:30 +0100] "GET /images/vasutterkep_n.jpg HTTP/1.1" 404 1181 "http://www.bing.com/images/search?view=detailV2&ccid=rSCvLYB2&id=239B902C91C9A75B0E1ED13933FA42A1B3BF7913&q=magyarorsz%c3%a1g+t%c3%a9rk%c3%a9pe&simid=608047811493957069&selectedIndex=6&mode=overlay" "Mozilla/5.0 (Windows NT 10.0; WOW64; Trident/7.0; rv:11.0) like Gecko"
195.199.36.89 - - [08/Mar/2017:13:11:45 +0100] "GET /images/vasutterkep_n.jpg HTTP/1.1" 404 1181 "http://www.bing.com/images/search?view=detailV2&ccid=bgnjIJz7&id=1499A9908B8444537083AE70B6FC814C9616D498&q=magyarorszag+terkep&simid=608044817904829419&selectedIndex=5&mode=overlay" "Mozilla/5.0 (Windows NT 10.0; WOW64; Trident/7.0; rv:11.0) like Gecko"
195.199.36.89 - - [08/Mar/2017:13:11:59 +0100] "GET /images/vasutterkep_n.jpg HTTP/1.1" 404 1181 "http://www.bing.com/images/search?view=detailV2&ccid=nDu8tbvi&id=E11D82B54E261FC16BE9B09F2FDFF50923FDB505&q=magyarorszag+terkep&simid=608022548491732555&selectedIndex=0&mode=overlay" "Mozilla/5.0 (Windows NT 10.0; WOW64; Trident/7.0; rv:11.0) like Gecko"
195.199.36.89 - - [08/Mar/2017:13:12:06 +0100] "GET /images/vasutterkep_n.jpg HTTP/1.1" 404 1181 "http://www.bing.com/images/search?view=detailV2&ccid=bgnjIJz7&id=1499A9908B8444537083AE70B6FC814C9616D498&q=magyarorszag+terkep&simid=608044817904829419&selectedIndex=5&mode=overlay" "Mozilla/5.0 (Windows NT 10.0; WOW64; Trident/7.0; rv:11.0) like Gecko"
157.55.39.53 - - [08/Mar/2017:13:12:11 +0100] "GET /hirlevel/vonattal1412.html HTTP/1.1" 404 1181 "-" "Mozilla/5.0 (compatible; bingbot/2.0; +http://www.bing.com/bingbot.htm)"
195.199.36.89 - - [08/Mar/2017:13:12:44 +0100] "GET /images/vasutterkep_n.jpg HTTP/1.1" 404 1181 "http://www.bing.com/images/search?view=detailV2&ccid=GYUAnz0A&id=A68FE1277EE5857039C7B3B87977374B4E1A4423&q=Magyarorsz%c3%a1g+t%c3%a9rk%c3%a9pe&simid=607995082188653496&selectedIndex=15&mode=overlay" "Mozilla/5.0 (Windows NT 10.0; WOW64; Trident/7.0; rv:11.0) like Gecko"
195.199.36.89 - - [08/Mar/2017:13:13:23 +0100] "GET /images/vasutterkep_n.jpg HTTP/1.1" 404 1181 "http://www.bing.com/images/search?view=detailV2&ccid=nDu8tbvi&id=E11D82B54E261FC16BE9B09F2FDFF50923FDB505&q=magyarorszag+terkep&simid=608022548500907564&selectedIndex=0&mode=overlay" "Mozilla/5.0 (Windows NT 10.0; WOW64; Trident/7.0; rv:11.0) like Gecko"
195.199.36.89 - - [08/Mar/2017:13:13:41 +0100] "GET /images/vasutterkep_n.jpg HTTP/1.1" 404 1181 "http://www.bing.com/images/search?view=detailV2&ccid=GYUAnz0A&id=93024AD15210FEFB5509B3B87977374B4E1A4423&q=magyarorszag+terkep&simid=607988996211281466&selectedIndex=11&mode=overlay" "Mozilla/5.0 (Windows NT 10.0; WOW64; Trident/7.0; rv:11.0) like Gecko"
195.199.36.89 - - [08/Mar/2017:13:14:02 +0100] "GET /images/vasutterkep_n.jpg HTTP/1.1" 404 1181 "http://www.bing.com/images/search?view=detailV2&ccid=nDu8tbvi&id=E11D82B54E261FC16BE9B09F2FDFF50923FDB505&q=magyarorszag+terkep&simid=608022548500907564&selectedIndex=0&mode=overlay" "Mozilla/5.0 (Windows NT 10.0; WOW64; Trident/7.0; rv:11.0) like Gecko"
195.199.36.89 - - [08/Mar/2017:13:14:06 +0100] "GET /images/vasutterkep_n.jpg HTTP/1.1" 404 1181 "http://www.bing.com/images/search?view=detailV2&ccid=uR3Vnk4Q&id=D238E34D3EC511B3F231FF07DCA90E2F2311EED4&q=magyarorsz%c3%a1g+t%c3%a9rk%c3%a9pe&simid=608052686273187242&selectedIndex=12&mode=overlay" "Mozilla/5.0 (Windows NT 10.0; WOW64; Trident/7.0; rv:11.0) like Gecko"
195.199.36.89 - - [08/Mar/2017:13:14:43 +0100] "GET /images/vasutterkep_n.jpg HTTP/1.1" 404 1181 "http://www.bing.com/images/search?view=detailV2&ccid=nDu8tbvi&id=AE8814080E034B4C6E304B54DA0E781046819B05&q=magyarorsz%c3%a1g+t%c3%a9rk%c3%a9pe&simid=608054000535928988&selectedIndex=2&mode=overlay" "Mozilla/5.0 (Windows NT 10.0; WOW64; Trident/7.0; rv:11.0) like Gecko"
195.199.36.89 - - [08/Mar/2017:13:14:54 +0100] "GET /images/vasutterkep_n.jpg HTTP/1.1" 404 1181 "http://www.bing.com/images/search?view=detailV2&ccid=GYUAnz0A&id=A68FE1277EE5857039C7B3B87977374B4E1A4423&q=magyarorsz%c3%a1g+t%c3%a9rk%c3%a9pe&simid=607995082188653496&selectedIndex=15&mode=overlay" "Mozilla/5.0 (Windows NT 10.0; WOW64; Trident/7.0; rv:11.0) like Gecko"
195.199.36.89 - - [08/Mar/2017:13:15:02 +0100] "GET /images/vasutterkep_n.jpg HTTP/1.1" 404 1181 "http://www.bing.com/images/search?view=detailV2&ccid=bgnjIJz7&id=1499A9908B8444537083AE70B6FC814C9616D498&q=magyarorszag+terkep&simid=608044817904829419&selectedIndex=5&vw=03116+306a9+1e459+b11b1+00e0d+b283c+7562c+ac31a+7e7d5+bdb6b+b34f6+f1c6e+20c0a+f1a25+683a3+61614+54613+bd0cc+303e5+8b831+1b764507b951f2474668dbc6d1f3e939e2cdfcc2cafe22efd81ae8567a90398218e0f79940d1a7be6730660a946cd27c6a2c0f6ca507f36db911a6885f8176a834169755af824d085e369b67b2150bfd745de74e4b1ca6f21fb6e20e427ee978618e22ef4a3616c571f30c9374deb35c5db77d676ffeb0926cd2b1a89c1f6615c52c5aee662cee7569ed4b7c51ef4f3bd1cff24dd71b&mode=overlay" "Mozilla/5.0 (Windows NT 10.0; WOW64; Trident/7.0; rv:11.0) like Gecko"
195.199.36.89 - - [08/Mar/2017:13:15:16 +0100] "GET /images/vasutterkep_n.jpg HTTP/1.1" 404 1181 "http://www.bing.com/images/search?view=detailV2&ccid=bgnjIJz7&id=1499A9908B8444537083AE70B6FC814C9616D498&q=magyarorszag+terkep&simid=608044817904829419&selectedIndex=5&mode=overlay" "Mozilla/5.0 (Windows NT 10.0; WOW64; Trident/7.0; rv:11.0) like Gecko"
195.199.36.89 - - [08/Mar/2017:13:15:52 +0100] "GET /images/vasutterkep_n.jpg HTTP/1.1" 404 1181 "http://www.bing.com/images/search?view=detailV2&ccid=Dx3N2oV5&id=BD3AD34F9708EE8A102FBD1897A7A2A0EEE30FB8&q=magyarorsz%c3%a1g+t%c3%a9rk%c3%a9p&simid=607995859577079583&selectedIndex=7&mode=overlay" "Mozilla/5.0 (Windows NT 10.0; WOW64; Trident/7.0; rv:11.0) like Gecko"
195.199.36.89 - - [08/Mar/2017:13:16:49 +0100] "GET /images/vasutterkep_n.jpg HTTP/1.1" 404 1181 "http://www.bing.com/images/search?view=detailV2&ccid=nDu8tbvi&id=AE8814080E034B4C6E304B54DA0E781046819B05&q=magyarorszag+terkepe&simid=608054000545042237&selectedIndex=2&mode=overlay" "Mozilla/5.0 (Windows NT 10.0; WOW64; Trident/7.0; rv:11.0) like Gecko"
195.199.36.89 - - [08/Mar/2017:13:19:41 +0100] "GET /images/vasutterkep_n.jpg HTTP/1.1" 404 1181 "http://www.bing.com/images/search?view=detailV2&ccid=nDu8tbvi&id=E11D82B54E261FC16BE9B09F2FDFF50923FDB505&q=magyarorszag+terkep&simid=608022548500907564&selectedIndex=0&ajaxhist=0" "Mozilla/5.0 (Windows NT 10.0; WOW64; Trident/7.0; rv:11.0) like Gecko"
195.69.193.48 - - [08/Mar/2017:13:19:54 +0100] "GET /doc/b2_2010.pdf HTTP/1.1" 404 1181 "http://vasut.kteam.hu/archivde.html" "Mozilla/5.0 (Windows NT 6.1; WOW64; Trident/7.0; rv:11.0) like Gecko"
195.199.36.89 - - [08/Mar/2017:13:20:39 +0100] "GET /images/vasutterkep_n.jpg HTTP/1.1" 404 1181 "-" "Mozilla/5.0 (Windows NT 10.0; WOW64; Trident/7.0; rv:11.0) like Gecko"
195.199.36.89 - - [08/Mar/2017:13:20:55 +0100] "GET /images/vasutterkep_n.jpg HTTP/1.1" 404 1181 "http://www.bing.com/images/search?view=detailV2&ccid=bgnjIJz7&id=1499A9908B8444537083AE70B6FC814C9616D498&q=magyarorszag+terkep+&simid=608044817904829419&selectedIndex=5&mode=overlay" "Mozilla/5.0 (Windows NT 10.0; WOW64; Trident/7.0; rv:11.0) like Gecko"
195.199.36.89 - - [08/Mar/2017:13:22:32 +0100] "GET /images/vasutterkep_n.jpg HTTP/1.1" 404 1181 "http://www.bing.com/images/search?view=detailV2&ccid=bgnjIJz7&id=1499A9908B8444537083AE70B6FC814C9616D498&q=Magyarorsz%c3%a1g+t%c3%a9rk%c3%a9pe&simid=608044817904829419&selectedIndex=3&mode=overlay" "Mozilla/5.0 (Windows NT 10.0; WOW64; Trident/7.0; rv:11.0) like Gecko"
195.199.36.89 - - [08/Mar/2017:13:25:56 +0100] "GET /images/vasutterkep_n.jpg HTTP/1.1" 404 1181 "http://www.bing.com/images/search?view=detailV2&ccid=bgnjIJz7&id=1499A9908B8444537083AE70B6FC814C9616D498&q=magyarorsz%c3%a1g+t%c3%a9rk%c3%a9p&simid=608044817904829419&selectedIndex=5&mode=overlay" "Mozilla/5.0 (Windows NT 10.0; WOW64; Trident/7.0; rv:11.0) like Gecko"
199.30.25.53 - - [08/Mar/2017:13:36:35 +0100] "GET /doc/eletet-a-vasutnak.pdf HTTP/1.1" 200 67346 "-" "Mozilla/5.0 (iPhone; CPU iPhone OS 7_0 like Mac OS X) AppleWebKit/537.51.1 (KHTML, like Gecko) Version/7.0 Mobile/11A465 Safari/9537.53 BingPreview/1.0b"
157.55.39.182 - - [08/Mar/2017:13:37:22 +0100] "GET /hirlevel/vonattal1309.html HTTP/1.1" 404 1181 "-" "Mozilla/5.0 (iPhone; CPU iPhone OS 7_0 like Mac OS X) AppleWebKit/537.51.1 (KHTML, like Gecko) Version/7.0 Mobile/11A465 Safari/9537.53 (compatible; bingbot/2.0; +http://www.bing.com/bingbot.htm)"
199.58.86.211 - - [08/Mar/2017:14:01:04 +0100] "GET /robots.txt HTTP/1.1" 404 1181 "-" "Mozilla/5.0 (compatible; MJ12bot/v1.4.8; http://mj12bot.com/)"
199.58.86.211 - - [08/Mar/2017:14:01:24 +0100] "GET / HTTP/1.1" 200 2023 "-" "Mozilla/5.0 (compatible; MJ12bot/v1.4.8; http://mj12bot.com/)"
199.58.86.211 - - [08/Mar/2017:14:01:34 +0100] "GET /robots.txt HTTP/1.1" 404 1181 "-" "Mozilla/5.0 (compatible; MJ12bot/v1.4.8; http://mj12bot.com/)"
199.58.86.211 - - [08/Mar/2017:14:01:35 +0100] "GET / HTTP/1.1" 200 2023 "-" "Mozilla/5.0 (compatible; MJ12bot/v1.4.8; http://mj12bot.com/)"
141.8.142.61 - - [08/Mar/2017:14:13:04 +0100] "GET /hirlevel/vasuttal0710.htm HTTP/1.1" 404 1181 "-" "Mozilla/5.0 (iPhone; CPU iPhone OS 8_1 like Mac OS X) AppleWebKit/600.1.4 (KHTML, like Gecko) Version/8.0 Mobile/12B411 Safari/600.1.4 (compatible; YandexMobileBot/3.0; +http://yandex.com/bots)"
80.98.98.242 - - [08/Mar/2017:14:28:19 +0100] "GET /images/vasutterkep_n.jpg HTTP/1.1" 404 1181 "-" "Mozilla/5.0 (Windows NT 10.0; WOW64) AppleWebKit/537.36 (KHTML, like Gecko) Chrome/56.0.2924.87 Safari/537.36"
80.98.98.242 - - [08/Mar/2017:14:28:22 +0100] "GET /images/vasutterkep_n.jpg HTTP/1.1" 404 1181 "-" "Mozilla/5.0 (Windows NT 10.0; WOW64) AppleWebKit/537.36 (KHTML, like Gecko) Chrome/56.0.2924.87 Safari/537.36"
80.98.98.242 - - [08/Mar/2017:14:28:27 +0100] "GET /images/vasutterkep_n.jpg HTTP/1.1" 404 1181 "-" "Mozilla/5.0 (Windows NT 10.0; WOW64) AppleWebKit/537.36 (KHTML, like Gecko) Chrome/56.0.2924.87 Safari/537.36"
80.98.98.242 - - [08/Mar/2017:14:28:28 +0100] "GET /images/vasutterkep_n.jpg HTTP/1.1" 404 1181 "-" "Mozilla/5.0 (Windows NT 10.0; WOW64) AppleWebKit/537.36 (KHTML, like Gecko) Chrome/56.0.2924.87 Safari/537.36"
80.98.98.242 - - [08/Mar/2017:14:28:29 +0100] "GET /images/vasutterkep_n.jpg HTTP/1.1" 404 1181 "-" "Mozilla/5.0 (Windows NT 10.0; WOW64) AppleWebKit/537.36 (KHTML, like Gecko) Chrome/56.0.2924.87 Safari/537.36"
80.98.98.242 - - [08/Mar/2017:14:28:30 +0100] "GET /images/vasutterkep_n.jpg HTTP/1.1" 404 1181 "-" "Mozilla/5.0 (Windows NT 10.0; WOW64) AppleWebKit/537.36 (KHTML, like Gecko) Chrome/56.0.2924.87 Safari/537.36"
80.98.98.242 - - [08/Mar/2017:14:28:36 +0100] "GET /images/vasutterkep_n.jpg HTTP/1.1" 404 1181 "-" "Mozilla/5.0 (Windows NT 10.0; WOW64) AppleWebKit/537.36 (KHTML, like Gecko) Chrome/56.0.2924.87 Safari/537.36"
104.197.241.64 - - [08/Mar/2017:14:31:42 +0100] "GET /robots.txt HTTP/1.1" 404 1181 "-" "ltx71 - (http://ltx71.com/)"
104.197.241.64 - - [08/Mar/2017:14:32:14 +0100] "GET / HTTP/1.1" 200 2023 "-" "ltx71 - (http://ltx71.com/)"
68.180.230.34 - - [08/Mar/2017:14:32:17 +0100] "GET /robots.txt HTTP/1.1" 404 1181 "-" "Mozilla/5.0 (compatible; Yahoo! Slurp; http://help.yahoo.com/help/us/ysearch/slurp)"
68.180.230.34 - - [08/Mar/2017:14:32:17 +0100] "GET /doc/konf_0807.pdf HTTP/1.1" 404 1181 "-" "Mozilla/5.0 (compatible; Yahoo! Slurp; http://help.yahoo.com/help/us/ysearch/slurp)"
68.180.230.34 - - [08/Mar/2017:14:35:34 +0100] "GET /hirlevel/vonattal1206.htm HTTP/1.1" 404 1181 "-" "Mozilla/5.0 (compatible; Yahoo! Slurp; http://help.yahoo.com/help/us/ysearch/slurp)"
87.97.76.189 - - [08/Mar/2017:14:36:01 +0100] "GET /favicon.ico HTTP/1.1" 404 1181 "http://mkk.zpok.hu/" "Mozilla/5.0 (Windows NT 10.0; Win64; x64) AppleWebKit/537.36 (KHTML, like Gecko) Chrome/56.0.2924.87 Safari/537.36"
87.97.76.189 - - [08/Mar/2017:14:36:13 +0100] "GET /projektek2.htm HTTP/1.1" 200 7634 "http://mkk.zpok.hu/" "Mozilla/5.0 (Windows NT 10.0; Win64; x64) AppleWebKit/537.36 (KHTML, like Gecko) Chrome/56.0.2924.87 Safari/537.36"
87.97.76.189 - - [08/Mar/2017:14:36:13 +0100] "GET /icons/icons_k/kiskore.png HTTP/1.1" 304 - "http://mkk.zpok.hu/projektek2.htm" "Mozilla/5.0 (Windows NT 10.0; Win64; x64) AppleWebKit/537.36 (KHTML, like Gecko) Chrome/56.0.2924.87 Safari/537.36"
87.97.76.189 - - [08/Mar/2017:14:36:13 +0100] "GET /icons/icons_k/eger.png HTTP/1.1" 200 28174 "http://mkk.zpok.hu/projektek2.htm" "Mozilla/5.0 (Windows NT 10.0; Win64; x64) AppleWebKit/537.36 (KHTML, like Gecko) Chrome/56.0.2924.87 Safari/537.36"
87.97.76.189 - - [08/Mar/2017:14:36:13 +0100] "GET /icons/icons_k/aps.png HTTP/1.1" 200 8274 "http://mkk.zpok.hu/projektek2.htm" "Mozilla/5.0 (Windows NT 10.0; Win64; x64) AppleWebKit/537.36 (KHTML, like Gecko) Chrome/56.0.2924.87 Safari/537.36"
87.97.76.189 - - [08/Mar/2017:14:36:13 +0100] "GET /icons/icons_k/ipoly.png HTTP/1.1" 200 26376 "http://mkk.zpok.hu/projektek2.htm" "Mozilla/5.0 (Windows NT 10.0; Win64; x64) AppleWebKit/537.36 (KHTML, like Gecko) Chrome/56.0.2924.87 Safari/537.36"
87.97.76.189 - - [08/Mar/2017:14:36:13 +0100] "GET /icons/icons_k/fogadj.png HTTP/1.1" 200 31018 "http://mkk.zpok.hu/projektek2.htm" "Mozilla/5.0 (Windows NT 10.0; Win64; x64) AppleWebKit/537.36 (KHTML, like Gecko) Chrome/56.0.2924.87 Safari/537.36"
87.97.76.189 - - [08/Mar/2017:14:36:13 +0100] "GET /icons/icons_k/westtakt.png HTTP/1.1" 200 8683 "http://mkk.zpok.hu/projektek2.htm" "Mozilla/5.0 (Windows NT 10.0; Win64; x64) AppleWebKit/537.36 (KHTML, like Gecko) Chrome/56.0.2924.87 Safari/537.36"
87.97.76.189 - - [08/Mar/2017:14:36:13 +0100] "GET /icons/icons_k/bringa.png HTTP/1.1" 304 - "http://mkk.zpok.hu/projektek2.htm" "Mozilla/5.0 (Windows NT 10.0; Win64; x64) AppleWebKit/537.36 (KHTML, like Gecko) Chrome/56.0.2924.87 Safari/537.36"
87.97.76.189 - - [08/Mar/2017:14:36:14 +0100] "GET /kikvagyunk2.htm HTTP/1.1" 304 - "http://mkk.zpok.hu/" "Mozilla/5.0 (Windows NT 10.0; Win64; x64) AppleWebKit/537.36 (KHTML, like Gecko) Chrome/56.0.2924.87 Safari/537.36"
87.97.76.189 - - [08/Mar/2017:14:36:14 +0100] "GET /icons/icons_k/1.png HTTP/1.1" 200 7684 "http://mkk.zpok.hu/kikvagyunk2.htm" "Mozilla/5.0 (Windows NT 10.0; Win64; x64) AppleWebKit/537.36 (KHTML, like Gecko) Chrome/56.0.2924.87 Safari/537.36"
87.97.76.189 - - [08/Mar/2017:14:36:14 +0100] "GET /icons/icons_k/mpeter.png HTTP/1.1" 304 - "http://mkk.zpok.hu/kikvagyunk2.htm" "Mozilla/5.0 (Windows NT 10.0; Win64; x64) AppleWebKit/537.36 (KHTML, like Gecko) Chrome/56.0.2924.87 Safari/537.36"
87.97.76.189 - - [08/Mar/2017:14:36:14 +0100] "GET /icons/icons_k/4.png HTTP/1.1" 200 5935 "http://mkk.zpok.hu/kikvagyunk2.htm" "Mozilla/5.0 (Windows NT 10.0; Win64; x64) AppleWebKit/537.36 (KHTML, like Gecko) Chrome/56.0.2924.87 Safari/537.36"
87.97.76.189 - - [08/Mar/2017:14:36:14 +0100] "GET /icons/icons_k/balage.png HTTP/1.1" 304 - "http://mkk.zpok.hu/kikvagyunk2.htm" "Mozilla/5.0 (Windows NT 10.0; Win64; x64) AppleWebKit/537.36 (KHTML, like Gecko) Chrome/56.0.2924.87 Safari/537.36"
87.97.76.189 - - [08/Mar/2017:14:36:14 +0100] "GET /icons/icons_k/3.png HTTP/1.1" 304 - "http://mkk.zpok.hu/kikvagyunk2.htm" "Mozilla/5.0 (Windows NT 10.0; Win64; x64) AppleWebKit/537.36 (KHTML, like Gecko) Chrome/56.0.2924.87 Safari/537.36"
87.97.76.189 - - [08/Mar/2017:14:36:14 +0100] "GET /icons/icons_k/6.png HTTP/1.1" 200 4270 "http://mkk.zpok.hu/kikvagyunk2.htm" "Mozilla/5.0 (Windows NT 10.0; Win64; x64) AppleWebKit/537.36 (KHTML, like Gecko) Chrome/56.0.2924.87 Safari/537.36"
87.97.76.189 - - [08/Mar/2017:14:36:14 +0100] "GET /icons/icons_k/2.png HTTP/1.1" 200 8020 "http://mkk.zpok.hu/kikvagyunk2.htm" "Mozilla/5.0 (Windows NT 10.0; Win64; x64) AppleWebKit/537.36 (KHTML, like Gecko) Chrome/56.0.2924.87 Safari/537.36"
87.97.76.189 - - [08/Mar/2017:14:36:14 +0100] "GET /icons/icons_k/5.png HTTP/1.1" 200 5410 "http://mkk.zpok.hu/kikvagyunk2.htm" "Mozilla/5.0 (Windows NT 10.0; Win64; x64) AppleWebKit/537.36 (KHTML, like Gecko) Chrome/56.0.2924.87 Safari/537.36"
87.97.76.189 - - [08/Mar/2017:14:36:14 +0100] "GET /kikvag1.jpg HTTP/1.1" 200 9565 "http://mkk.zpok.hu/kikvagyunk2.htm" "Mozilla/5.0 (Windows NT 10.0; Win64; x64) AppleWebKit/537.36 (KHTML, like Gecko) Chrome/56.0.2924.87 Safari/537.36"
87.97.76.189 - - [08/Mar/2017:14:36:14 +0100] "GET /pdf.png HTTP/1.1" 200 133123 "http://mkk.zpok.hu/kikvagyunk2.htm" "Mozilla/5.0 (Windows NT 10.0; Win64; x64) AppleWebKit/537.36 (KHTML, like Gecko) Chrome/56.0.2924.87 Safari/537.36"
87.97.76.189 - - [08/Mar/2017:14:40:29 +0100] "GET / HTTP/1.1" 304 - "-" "Mozilla/5.0 (Windows NT 10.0; Win64; x64) AppleWebKit/537.36 (KHTML, like Gecko) Chrome/56.0.2924.87 Safari/537.36"
207.46.13.76 - - [08/Mar/2017:14:40:33 +0100] "GET /hirlevel/hajozas_dunakanyar_szili_131216.pdf HTTP/1.1" 404 1181 "-" "Mozilla/5.0 (compatible; bingbot/2.0; +http://www.bing.com/bingbot.htm)"
188.36.222.90 - - [08/Mar/2017:14:56:03 +0100] "GET /images/vasutterkep_n.jpg HTTP/1.1" 404 1181 "https://www.bing.com/" "Mozilla/5.0 (Windows NT 10.0; Win64; x64) AppleWebKit/537.36 (KHTML, like Gecko) Chrome/46.0.2486.0 Safari/537.36 Edge/13.10586"
157.55.39.182 - - [08/Mar/2017:15:02:32 +0100] "GET / HTTP/1.1" 200 2023 "-" "Mozilla/5.0 (compatible; bingbot/2.0; +http://www.bing.com/bingbot.htm)"
157.55.39.182 - - [08/Mar/2017:15:07:55 +0100] "GET / HTTP/1.1" 200 2023 "-" "Mozilla/5.0 (iPhone; CPU iPhone OS 7_0 like Mac OS X) AppleWebKit/537.51.1 (KHTML, like Gecko) Version/7.0 Mobile/11A465 Safari/9537.53 (compatible; bingbot/2.0; +http://www.bing.com/bingbot.htm)"
157.55.39.53 - - [08/Mar/2017:15:16:27 +0100] "GET /doc/nagyvasut_tersegi_vasut.ppt HTTP/1.1" 404 1181 "-" "Mozilla/5.0 (compatible; bingbot/2.0; +http://www.bing.com/bingbot.htm)"
207.46.13.206 - - [08/Mar/2017:15:21:47 +0100] "GET /robots.txt HTTP/1.1" 404 1181 "-" "Mozilla/5.0 (compatible; bingbot/2.0; +http://www.bing.com/bingbot.htm)"
207.46.13.76 - - [08/Mar/2017:15:21:48 +0100] "GET /doc/kerparoskozlekedes.pdf HTTP/1.1" 200 2540119 "-" "Mozilla/5.0 (iPhone; CPU iPhone OS 7_0 like Mac OS X) AppleWebKit/537.51.1 (KHTML, like Gecko) Version/7.0 Mobile/11A465 Safari/9537.53 (compatible; bingbot/2.0; +http://www.bing.com/bingbot.htm)"
66.249.69.251 - - [08/Mar/2017:15:40:04 +0100] "GET /doc/eletet-a-vasutnak.pdf HTTP/1.1" 304 - "-" "Mozilla/5.0 (compatible; Googlebot/2.1; +http://www.google.com/bot.html)"
68.180.230.34 - - [08/Mar/2017:15:51:28 +0100] "GET /hirlevel/emlekezteto_hevesvezekeny_201504.pdf HTTP/1.1" 404 1181 "-" "Mozilla/5.0 (compatible; Yahoo! Slurp; http://help.yahoo.com/help/us/ysearch/slurp)"
84.0.200.35 - - [08/Mar/2017:15:56:58 +0100] "GET /images/vasutterkep_n.jpg HTTP/1.1" 404 1181 "http://oterkep.blogspot.hu/2007/11/magyarorszg-vasti-trkp.html" "Mozilla/5.0 (Windows NT 10.0; WOW64; rv:52.0) Gecko/20100101 Firefox/52.0"
84.0.200.35 - - [08/Mar/2017:15:56:59 +0100] "GET /favicon.ico HTTP/1.1" 404 1181 "-" "Mozilla/5.0 (Windows NT 10.0; WOW64; rv:52.0) Gecko/20100101 Firefox/52.0"
84.0.200.35 - - [08/Mar/2017:15:56:59 +0100] "GET /favicon.ico HTTP/1.1" 404 1181 "-" "Mozilla/5.0 (Windows NT 10.0; WOW64; rv:52.0) Gecko/20100101 Firefox/52.0"
216.244.66.231 - - [08/Mar/2017:16:08:59 +0100] "GET /robots.txt HTTP/1.1" 404 1181 "-" "Mozilla/5.0 (compatible; DotBot/1.1; http://www.opensiteexplorer.org/dotbot, help@moz.com)"
91.82.197.93 - - [08/Mar/2017:16:14:49 +0100] "GET /images/vasutterkep_n.jpg HTTP/1.1" 404 1181 "https://www.bing.com/" "Mozilla/5.0 (Windows NT 6.1; WOW64; rv:51.0) Gecko/20100101 Firefox/51.0"
68.180.230.34 - - [08/Mar/2017:16:39:50 +0100] "GET /hirlevel/vonattal1508.html HTTP/1.1" 404 1181 "-" "Mozilla/5.0 (compatible; Yahoo! Slurp; http://help.yahoo.com/help/us/ysearch/slurp)"
157.55.39.200 - - [08/Mar/2017:16:44:07 +0100] "GET /hirlevel/vonattal1508.html HTTP/1.1" 404 1181 "-" "Mozilla/5.0 (iPhone; CPU iPhone OS 7_0 like Mac OS X) AppleWebKit/537.51.1 (KHTML, like Gecko) Version/7.0 Mobile/11A465 Safari/9537.53 (compatible; bingbot/2.0; +http://www.bing.com/bingbot.htm)"
152.66.238.70 - - [08/Mar/2017:16:51:06 +0100] "GET /hirlevel/images/ti-to_2012-06-27.jpg HTTP/1.1" 404 1181 "https://www.google.hu/" "Mozilla/5.0 (Windows NT 6.3; Win64; x64) AppleWebKit/537.36 (KHTML, like Gecko) Chrome/56.0.2924.87 Safari/537.36"
176.63.19.45 - - [08/Mar/2017:16:58:09 +0100] "GET /images/vasutterkep_n.jpg HTTP/1.1" 404 1181 "-" "Mozilla/5.0 (Windows NT 6.1; Win64; x64) AppleWebKit/537.36 (KHTML, like Gecko) Chrome/56.0.2924.87 Safari/537.36"
176.63.19.45 - - [08/Mar/2017:16:58:26 +0100] "GET /images/vasutterkep_n.jpg HTTP/1.1" 404 1181 "-" "Mozilla/5.0 (Windows NT 6.1; Win64; x64) AppleWebKit/537.36 (KHTML, like Gecko) Chrome/56.0.2924.87 Safari/537.36"
207.46.13.76 - - [08/Mar/2017:16:59:03 +0100] "GET /doc/barkorichard_0706222.pdf HTTP/1.1" 404 1181 "-" "Mozilla/5.0 (compatible; bingbot/2.0; +http://www.bing.com/bingbot.htm)"
220.181.108.116 - - [08/Mar/2017:17:19:16 +0100] "GET /robots.txt HTTP/1.1" 404 1181 "-" "Mozilla/5.0 (compatible; Baiduspider/2.0; +http://www.baidu.com/search/spider.html)"
220.181.108.106 - - [08/Mar/2017:17:20:56 +0100] "GET /doc/vasuttal-budapest-kornyeken.pdf HTTP/1.1" 404 1181 "-" "Mozilla/5.0 (compatible; Baiduspider/2.0; +http://www.baidu.com/search/spider.html)"
216.244.66.231 - - [08/Mar/2017:17:26:27 +0100] "GET /hirlevel/vonattal1209.htm HTTP/1.1" 404 1181 "-" "Mozilla/5.0 (compatible; DotBot/1.1; http://www.opensiteexplorer.org/dotbot, help@moz.com)"
157.55.39.200 - - [08/Mar/2017:17:39:08 +0100] "GET /doc/sikeres_varos.pdf HTTP/1.1" 404 1181 "-" "Mozilla/5.0 (compatible; bingbot/2.0; +http://www.bing.com/bingbot.htm)"
68.180.230.34 - - [08/Mar/2017:17:41:41 +0100] "GET /hirlevel/ot-2010-kozl-allasfoglalas.pdf HTTP/1.1" 404 1181 "-" "Mozilla/5.0 (compatible; Yahoo! Slurp; http://help.yahoo.com/help/us/ysearch/slurp)"
195.199.204.42 - - [08/Mar/2017:17:44:17 +0100] "GET /images/vasutterkep_n.jpg HTTP/1.1" 404 1181 "http://www.bing.com/images/search?view=detailV2&ccid=nDu8tbvi&id=E11D82B54E261FC16BE9B09F2FDFF50923FDB505&q=magyarorszag+t%c3%a9rk%c3%a9p&simid=608022548500907564&selectedIndex=0&mode=overlay" "Mozilla/5.0 (Windows NT 6.1; Trident/7.0; rv:11.0) like Gecko"
63.141.244.250 - - [08/Mar/2017:18:01:00 +0100] "GET /wp-content/plugins/google-analytics-analyze/readme.txt HTTP/1.1" 404 1181 "-" "Mozilla/5.0 (Windows NT 6.1; Trident/7.0; rv:11.0) like Gecko"
46.229.164.101 - - [08/Mar/2017:18:05:21 +0100] "GET /robots.txt HTTP/1.1" 404 1181 "-" "Mozilla/5.0 (compatible; SemrushBot/1.2~bl; +http://www.semrush.com/bot.html)"
66.249.73.46 - - [08/Mar/2017:18:05:37 +0100] "GET /hirlevel/jelentkezesi_lap_1203.doc HTTP/1.1" 404 1181 "-" "Googlebot/2.1 (+http://www.google.com/bot.html)"
207.46.13.208 - - [08/Mar/2017:18:20:57 +0100] "GET /robots.txt HTTP/1.1" 404 1181 "-" "Mozilla/5.0 (compatible; bingbot/2.0; +http://www.bing.com/bingbot.htm)"
78.131.111.166 - - [08/Mar/2017:18:25:08 +0100] "GET /doc/ungarn_regionalbahnen_0912.pdf HTTP/1.1" 404 1181 "https://duckduckgo.com/" "Mozilla/5.0 (Windows NT 5.1; rv:51.0) Gecko/20100101 Firefox/51.0"
78.131.111.166 - - [08/Mar/2017:18:25:08 +0100] "GET /favicon.ico HTTP/1.1" 404 1181 "-" "Mozilla/5.0 (Windows NT 5.1; rv:51.0) Gecko/20100101 Firefox/51.0"
78.131.111.166 - - [08/Mar/2017:18:25:08 +0100] "GET /favicon.ico HTTP/1.1" 404 1181 "-" "Mozilla/5.0 (Windows NT 5.1; rv:51.0) Gecko/20100101 Firefox/51.0"
207.46.13.64 - - [08/Mar/2017:18:30:05 +0100] "GET /doc/s-bahn.pdf HTTP/1.1" 404 1181 "-" "Mozilla/5.0 (iPhone; CPU iPhone OS 7_0 like Mac OS X) AppleWebKit/537.51.1 (KHTML, like Gecko) Version/7.0 Mobile/11A465 Safari/9537.53 (compatible; bingbot/2.0; +http://www.bing.com/bingbot.htm)"
157.55.39.200 - - [08/Mar/2017:18:31:57 +0100] "GET /doc/mkk_allasfogl_vdszsz_20120608.pdf HTTP/1.1" 404 1181 "-" "Mozilla/5.0 (compatible; bingbot/2.0; +http://www.bing.com/bingbot.htm)"
66.249.65.104 - - [08/Mar/2017:18:36:56 +0100] "GET /robots.txt HTTP/1.1" 404 1181 "-" "Mozilla/5.0 (compatible; Googlebot/2.1; +http://www.google.com/bot.html)"
66.249.65.110 - - [08/Mar/2017:18:37:00 +0100] "GET /doc/hu_aps_positivbeispiele_aufl2_070622_klein.pdf HTTP/1.1" 200 2887217 "-" "Googlebot/2.1 (+http://www.google.com/bot.html)"
157.55.39.200 - - [08/Mar/2017:18:50:36 +0100] "GET /doc/igazolofuzet.pdf HTTP/1.1" 404 1181 "-" "Mozilla/5.0 (compatible; bingbot/2.0; +http://www.bing.com/bingbot.htm)"
207.46.13.76 - - [08/Mar/2017:19:11:29 +0100] "GET /hirlevel/hajozas_dunakanyar_1128.pdf HTTP/1.1" 404 1181 "-" "Mozilla/5.0 (compatible; bingbot/2.0; +http://www.bing.com/bingbot.htm)"
84.161.100.61 - - [08/Mar/2017:19:14:22 +0100] "GET /images/vasutterkep_n.jpg HTTP/1.1" 404 1181 "https://www.bing.com/" "Mozilla/5.0 (Windows NT 10.0; Win64; x64) AppleWebKit/537.36 (KHTML, like Gecko) Chrome/51.0.2704.79 Safari/537.36 Edge/14.14393"
188.36.243.187 - - [08/Mar/2017:19:18:02 +0100] "GET /hirlevel/images/1307_4.jpg HTTP/1.1" 404 1181 "https://www.google.hu/" "Mozilla/5.0 (Windows NT 6.1) AppleWebKit/537.36 (KHTML, like Gecko) Chrome/56.0.2924.87 Safari/537.36"
138.201.59.34 - - [08/Mar/2017:19:47:15 +0100] "GET /robots.txt HTTP/1.0" 404 1181 "-" "Mozilla/5.0 (compatible; SEOkicks-Robot; +http://www.seokicks.de/robot.html)"
138.201.59.34 - - [08/Mar/2017:19:47:16 +0100] "GET / HTTP/1.0" 200 2023 "-" "Mozilla/5.0 (compatible; SEOkicks-Robot; +http://www.seokicks.de/robot.html)"
138.201.59.34 - - [08/Mar/2017:19:47:17 +0100] "GET /kikvagyunk2.htm HTTP/1.0" 200 17375 "http://mkk.zpok.hu/" "Mozilla/5.0 (compatible; SEOkicks-Robot; +http://www.seokicks.de/robot.html)"
138.201.59.34 - - [08/Mar/2017:19:47:18 +0100] "GET /projektek2.htm HTTP/1.0" 200 7634 "http://mkk.zpok.hu/" "Mozilla/5.0 (compatible; SEOkicks-Robot; +http://www.seokicks.de/robot.html)"
138.201.59.34 - - [08/Mar/2017:19:47:20 +0100] "GET /tagsag2.htm HTTP/1.0" 200 1335 "http://mkk.zpok.hu/" "Mozilla/5.0 (compatible; SEOkicks-Robot; +http://www.seokicks.de/robot.html)"
138.201.59.34 - - [08/Mar/2017:19:47:21 +0100] "GET /doc/kozh.zip HTTP/1.0" 200 18470 "http://mkk.zpok.hu/kikvagyunk2.htm" "Mozilla/5.0 (compatible; SEOkicks-Robot; +http://www.seokicks.de/robot.html)"
138.201.59.34 - - [08/Mar/2017:19:47:22 +0100] "GET /doc/westtakt_mnr_tkp.zip HTTP/1.0" 200 18473 "http://mkk.zpok.hu/projektek2.htm" "Mozilla/5.0 (compatible; SEOkicks-Robot; +http://www.seokicks.de/robot.html)"
138.201.59.34 - - [08/Mar/2017:19:47:24 +0100] "GET /doc/ipoly_konf.zip HTTP/1.0" 200 18471 "http://mkk.zpok.hu/projektek2.htm" "Mozilla/5.0 (compatible; SEOkicks-Robot; +http://www.seokicks.de/robot.html)"
94.21.38.44 - - [08/Mar/2017:19:48:13 +0100] "GET /images/vasutterkep_n.jpg HTTP/1.1" 404 1181 "https://www.google.hu/" "Mozilla/5.0 (Windows NT 10.0) AppleWebKit/537.36 (KHTML, like Gecko) Chrome/56.0.2924.87 Safari/537.36"
157.55.39.200 - - [08/Mar/2017:19:52:40 +0100] "GET /hirlevel/hatvan-eves-az-atmeno-forgalom_1110.pdf HTTP/1.1" 404 1181 "-" "Mozilla/5.0 (iPhone; CPU iPhone OS 7_0 like Mac OS X) AppleWebKit/537.51.1 (KHTML, like Gecko) Version/7.0 Mobile/11A465 Safari/9537.53 (compatible; bingbot/2.0; +http://www.bing.com/bingbot.htm)"
207.46.13.64 - - [08/Mar/2017:20:09:32 +0100] "GET /doc/utasforum_jel_201203.doc HTTP/1.1" 404 1181 "-" "Mozilla/5.0 (compatible; bingbot/2.0; +http://www.bing.com/bingbot.htm)"
207.46.13.64 - - [08/Mar/2017:20:09:36 +0100] "GET /doc/utasforum_jel_201203.doc HTTP/1.1" 404 1181 "-" "Mozilla/5.0 (compatible; bingbot/2.0; +http://www.bing.com/bingbot.htm)"
207.46.13.64 - - [08/Mar/2017:20:09:41 +0100] "GET /doc/utasforum_jel_201203.doc HTTP/1.1" 404 1181 "-" "Mozilla/5.0 (compatible; bingbot/2.0; +http://www.bing.com/bingbot.htm)"
207.46.13.64 - - [08/Mar/2017:20:10:01 +0100] "GET /doc/utasforum_jel_201203.doc HTTP/1.1" 404 1181 "-" "Mozilla/5.0 (compatible; bingbot/2.0; +http://www.bing.com/bingbot.htm)"
207.46.13.64 - - [08/Mar/2017:20:10:06 +0100] "GET /doc/utasforum_jel_201203.doc HTTP/1.1" 404 1181 "-" "Mozilla/5.0 (compatible; bingbot/2.0; +http://www.bing.com/bingbot.htm)"
207.46.13.64 - - [08/Mar/2017:20:10:11 +0100] "GET /doc/utasforum_jel_201203.doc HTTP/1.1" 404 1181 "-" "Mozilla/5.0 (compatible; bingbot/2.0; +http://www.bing.com/bingbot.htm)"
207.46.13.64 - - [08/Mar/2017:20:15:55 +0100] "GET /doc/utasforum_jel_201203.doc HTTP/1.1" 404 1181 "-" "Mozilla/5.0 (compatible; bingbot/2.0; +http://www.bing.com/bingbot.htm)"
157.55.39.182 - - [08/Mar/2017:20:22:27 +0100] "GET /doc/gyvp_mkk_allasfoglalas_130506.pdf HTTP/1.1" 404 1181 "-" "Mozilla/5.0 (compatible; bingbot/2.0; +http://www.bing.com/bingbot.htm)"
84.236.9.37 - - [08/Mar/2017:20:31:31 +0100] "GET /images/vasutterkep_n.jpg HTTP/1.1" 404 1181 "https://www.bing.com/" "Mozilla/5.0 (Windows NT 10.0; Win64; x64) AppleWebKit/537.36 (KHTML, like Gecko) Chrome/51.0.2704.79 Safari/537.36 Edge/14.14393"
62.201.73.233 - - [08/Mar/2017:20:41:54 +0100] "GET /images/vasutterkep_n.jpg HTTP/1.1" 404 1181 "https://www.bing.com/" "Mozilla/5.0 (Windows NT 10.0; Win64; x64) AppleWebKit/537.36 (KHTML, like Gecko) Chrome/51.0.2704.79 Safari/537.36 Edge/14.14393"
207.46.13.64 - - [08/Mar/2017:20:46:19 +0100] "GET /doc/HaryMarkCikke.pdf HTTP/1.1" 404 1181 "-" "Mozilla/5.0 (compatible; bingbot/2.0; +http://www.bing.com/bingbot.htm)"
64.62.252.163 - - [08/Mar/2017:20:47:01 +0100] "GET /robots.txt HTTP/1.1" 404 1181 "-" "BUbiNG (+http://law.di.unimi.it/BUbiNG.html)"
64.62.252.163 - - [08/Mar/2017:20:47:01 +0100] "GET / HTTP/1.1" 200 2023 "-" "BUbiNG (+http://law.di.unimi.it/BUbiNG.html)"
194.38.115.108 - - [08/Mar/2017:20:47:05 +0100] "GET /hirlevel/images/1009_terkep_n.jpg HTTP/1.1" 404 1181 "https://www.google.hu/" "Mozilla/5.0 (Windows NT 6.1; WOW64) AppleWebKit/537.36 (KHTML, like Gecko) Chrome/56.0.2924.87 Safari/537.36"
157.55.39.182 - - [08/Mar/2017:20:49:08 +0100] "GET /doc/Bajnai-mellekvonal091209.pdf HTTP/1.1" 404 1181 "-" "Mozilla/5.0 (compatible; bingbot/2.0; +http://www.bing.com/bingbot.htm)"
141.8.142.197 - - [08/Mar/2017:20:50:10 +0100] "GET /robots.txt HTTP/1.1" 404 1181 "-" "Mozilla/5.0 (compatible; YandexBot/3.0; +http://yandex.com/bots)"
5.255.253.12 - - [08/Mar/2017:20:50:14 +0100] "GET /favicon.ico HTTP/1.1" 404 1181 "-" "Mozilla/5.0 (compatible; YandexBot/3.0; +http://yandex.com/bots)"
104.197.241.64 - - [08/Mar/2017:20:52:01 +0100] "GET /robots.txt HTTP/1.1" 404 1181 "-" "ltx71 - (http://ltx71.com/)"
87.135.79.64 - - [08/Mar/2017:20:54:02 +0100] "GET /images/vasutterkep_n.jpg HTTP/1.1" 404 1181 "https://www.bing.com/" "Mozilla/5.0 (Windows NT 10.0; Win64; x64) AppleWebKit/537.36 (KHTML, like Gecko) Chrome/51.0.2704.79 Safari/537.36 Edge/14.14393"
178.238.233.153 - - [08/Mar/2017:20:56:12 +0100] "GET /hirlevel/vonattal1504.html HTTP/1.1" 404 1181 "-" "GBot-DE/2.0"
87.135.79.64 - - [08/Mar/2017:21:05:12 +0100] "GET /images/vasutterkep_n.jpg HTTP/1.1" 404 1181 "https://www.bing.com/" "Mozilla/5.0 (Windows NT 10.0; Win64; x64) AppleWebKit/537.36 (KHTML, like Gecko) Chrome/51.0.2704.79 Safari/537.36 Edge/14.14393"
104.197.241.64 - - [08/Mar/2017:21:44:17 +0100] "GET /robots.txt HTTP/1.1" 404 1181 "-" "ltx71 - (http://ltx71.com/)"
173.252.74.96 - - [08/Mar/2017:21:51:26 +0100] "GET /hirlevel/images/1512_b.jpg HTTP/1.1" 404 1181 "-" "facebookexternalhit/1.1 (+http://www.facebook.com/externalhit_uatext.php)"
157.55.39.182 - - [08/Mar/2017:22:04:36 +0100] "GET / HTTP/1.1" 200 2023 "-" "Mozilla/5.0 (compatible; bingbot/2.0; +http://www.bing.com/bingbot.htm)"
216.244.66.241 - - [08/Mar/2017:22:07:49 +0100] "GET /robots.txt HTTP/1.1" 404 1181 "-" "Mozilla/5.0 (compatible; DotBot/1.1; http://www.opensiteexplorer.org/dotbot, help@moz.com)"
157.55.39.200 - - [08/Mar/2017:22:20:24 +0100] "GET /doc/kelenfold_1009.pdf HTTP/1.1" 404 1181 "-" "Mozilla/5.0 (iPhone; CPU iPhone OS 7_0 like Mac OS X) AppleWebKit/537.51.1 (KHTML, like Gecko) Version/7.0 Mobile/11A465 Safari/9537.53 (compatible; bingbot/2.0; +http://www.bing.com/bingbot.htm)"
66.249.73.49 - - [08/Mar/2017:23:00:45 +0100] "GET /robots.txt HTTP/1.1" 404 1181 "-" "Mozilla/5.0 (compatible; Googlebot/2.1; +http://www.google.com/bot.html)"
66.249.73.46 - - [08/Mar/2017:23:00:46 +0100] "GET /doc/eletet-a-vasutnak.pdf HTTP/1.1" 304 - "-" "Mozilla/5.0 (compatible; Googlebot/2.1; +http://www.google.com/bot.html)"
207.46.13.64 - - [08/Mar/2017:23:05:06 +0100] "GET /doc/ots_uj_0812.pdf HTTP/1.1" 404 1181 "-" "Mozilla/5.0 (compatible; bingbot/2.0; +http://www.bing.com/bingbot.htm)"
5.187.144.152 - - [08/Mar/2017:23:33:48 +0100] "GET /doc/allomasok_kepes_osszefoglaloja.pdf HTTP/1.1" 200 5628186 "https://www.google.hu/" "Mozilla/5.0 (Windows NT 6.1; WOW64; rv:52.0) Gecko/20100101 Firefox/52.0"
5.187.144.152 - - [08/Mar/2017:23:33:48 +0100] "GET /favicon.ico HTTP/1.1" 404 1181 "-" "Mozilla/5.0 (Windows NT 6.1; WOW64; rv:52.0) Gecko/20100101 Firefox/52.0"
5.187.144.152 - - [08/Mar/2017:23:33:48 +0100] "GET /favicon.ico HTTP/1.1" 404 1181 "-" "Mozilla/5.0 (Windows NT 6.1; WOW64; rv:52.0) Gecko/20100101 Firefox/52.0"
5.187.144.152 - - [08/Mar/2017:23:33:49 +0100] "GET /doc/allomasok_kepes_osszefoglaloja.pdf HTTP/1.1" 206 57626 "https://www.google.hu/" "Mozilla/5.0 (Windows NT 6.1; WOW64; rv:52.0) Gecko/20100101 Firefox/52.0"
5.187.144.152 - - [08/Mar/2017:23:37:04 +0100] "GET / HTTP/1.1" 200 2023 "https://www.google.hu/" "Mozilla/5.0 (Windows NT 6.1; WOW64; rv:52.0) Gecko/20100101 Firefox/52.0"
5.187.144.152 - - [08/Mar/2017:23:37:04 +0100] "GET /blog.jpg HTTP/1.1" 200 29833 "http://www.mkk.zpok.hu/" "Mozilla/5.0 (Windows NT 6.1; WOW64; rv:52.0) Gecko/20100101 Firefox/52.0"
5.187.144.152 - - [08/Mar/2017:23:37:04 +0100] "GET /facebook-logo-preview.png HTTP/1.1" 200 3924 "http://www.mkk.zpok.hu/" "Mozilla/5.0 (Windows NT 6.1; WOW64; rv:52.0) Gecko/20100101 Firefox/52.0"
5.187.144.152 - - [08/Mar/2017:23:37:04 +0100] "GET /mkk_banner.png HTTP/1.1" 200 62097 "http://www.mkk.zpok.hu/" "Mozilla/5.0 (Windows NT 6.1; WOW64; rv:52.0) Gecko/20100101 Firefox/52.0"
216.244.66.241 - - [08/Mar/2017:23:40:49 +0100] "GET /tagsag2.htm HTTP/1.1" 200 1335 "-" "Mozilla/5.0 (compatible; DotBot/1.1; http://www.opensiteexplorer.org/dotbot, help@moz.com)"
5.187.144.152 - - [08/Mar/2017:23:40:54 +0100] "GET /tagsag2.htm HTTP/1.1" 200 1335 "http://www.mkk.zpok.hu/" "Mozilla/5.0 (Windows NT 6.1; WOW64; rv:52.0) Gecko/20100101 Firefox/52.0"
5.187.144.152 - - [08/Mar/2017:23:41:11 +0100] "GET /projektek2.htm HTTP/1.1" 200 7634 "http://www.mkk.zpok.hu/" "Mozilla/5.0 (Windows NT 6.1; WOW64; rv:52.0) Gecko/20100101 Firefox/52.0"
5.187.144.152 - - [08/Mar/2017:23:41:12 +0100] "GET /icons/icons_k/eger.png HTTP/1.1" 200 28174 "http://www.mkk.zpok.hu/projektek2.htm" "Mozilla/5.0 (Windows NT 6.1; WOW64; rv:52.0) Gecko/20100101 Firefox/52.0"
5.187.144.152 - - [08/Mar/2017:23:41:12 +0100] "GET /icons/icons_k/aps.png HTTP/1.1" 200 8274 "http://www.mkk.zpok.hu/projektek2.htm" "Mozilla/5.0 (Windows NT 6.1; WOW64; rv:52.0) Gecko/20100101 Firefox/52.0"
5.187.144.152 - - [08/Mar/2017:23:41:12 +0100] "GET /icons/icons_k/fogadj.png HTTP/1.1" 200 31018 "http://www.mkk.zpok.hu/projektek2.htm" "Mozilla/5.0 (Windows NT 6.1; WOW64; rv:52.0) Gecko/20100101 Firefox/52.0"
5.187.144.152 - - [08/Mar/2017:23:41:12 +0100] "GET /icons/icons_k/kiskore.png HTTP/1.1" 200 25890 "http://www.mkk.zpok.hu/projektek2.htm" "Mozilla/5.0 (Windows NT 6.1; WOW64; rv:52.0) Gecko/20100101 Firefox/52.0"
5.187.144.152 - - [08/Mar/2017:23:41:12 +0100] "GET /icons/icons_k/ipoly.png HTTP/1.1" 200 26376 "http://www.mkk.zpok.hu/projektek2.htm" "Mozilla/5.0 (Windows NT 6.1; WOW64; rv:52.0) Gecko/20100101 Firefox/52.0"
5.187.144.152 - - [08/Mar/2017:23:41:12 +0100] "GET /icons/icons_k/westtakt.png HTTP/1.1" 200 8683 "http://www.mkk.zpok.hu/projektek2.htm" "Mozilla/5.0 (Windows NT 6.1; WOW64; rv:52.0) Gecko/20100101 Firefox/52.0"
5.187.144.152 - - [08/Mar/2017:23:41:12 +0100] "GET /icons/icons_k/bringa.png HTTP/1.1" 200 22141 "http://www.mkk.zpok.hu/projektek2.htm" "Mozilla/5.0 (Windows NT 6.1; WOW64; rv:52.0) Gecko/20100101 Firefox/52.0"
207.46.13.196 - - [08/Mar/2017:23:57:44 +0100] "GET /robots.txt HTTP/1.1" 404 1181 "-" "Mozilla/5.0 (compatible; bingbot/2.0; +http://www.bing.com/bingbot.htm)"
207.46.13.64 - - [08/Mar/2017:23:57:49 +0100] "GET /doc/varos-videk.vasut_2009.pdf HTTP/1.1" 404 1181 "-" "Mozilla/5.0 (iPhone; CPU iPhone OS 7_0 like Mac OS X) AppleWebKit/537.51.1 (KHTML, like Gecko) Version/7.0 Mobile/11A465 Safari/9537.53 (compatible; bingbot/2.0; +http://www.bing.com/bingbot.htm)"
173.252.115.6 - - [08/Mar/2017:23:59:54 +0100] "GET / HTTP/1.1" 200 2023 "-" "-"
180.76.15.152 - - [09/Mar/2017:00:19:08 +0100] "GET /doc/kerparoskozlekedes.pdf HTTP/1.1" 200 557056 "-" "Mozilla/5.0 (compatible; Baiduspider/2.0; +http://www.baidu.com/search/spider.html)"
178.238.233.153 - - [09/Mar/2017:00:38:35 +0100] "GET /hirlevel/vonattal1409.html HTTP/1.1" 404 1181 "-" "GBot-DE/2.0"
207.46.13.64 - - [09/Mar/2017:01:15:39 +0100] "GET /doc/HaryMarkCikke.pdf HTTP/1.1" 404 1181 "-" "Mozilla/5.0 (iPhone; CPU iPhone OS 7_0 like Mac OS X) AppleWebKit/537.51.1 (KHTML, like Gecko) Version/7.0 Mobile/11A465 Safari/9537.53 (compatible; bingbot/2.0; +http://www.bing.com/bingbot.htm)"
62.77.221.42 - - [09/Mar/2017:01:28:22 +0100] "GET /hirlevel/images/1009_terkep_n.jpg HTTP/1.1" 404 1181 "https://www.google.hu/" "Mozilla/5.0 (Windows NT 10.0; WOW64) AppleWebKit/537.36 (KHTML, like Gecko) Chrome/56.0.2924.87 Safari/537.36"
157.55.39.245 - - [09/Mar/2017:01:30:24 +0100] "GET /doc/A_kozlekedesmenedzsment_korszeru_eszkozei.pdf HTTP/1.1" 404 1181 "-" "Mozilla/5.0 (iPhone; CPU iPhone OS 7_0 like Mac OS X) AppleWebKit/537.51.1 (KHTML, like Gecko) Version/7.0 Mobile/11A465 Safari/9537.53 (compatible; bingbot/2.0; +http://www.bing.com/bingbot.htm)"
66.249.73.49 - - [09/Mar/2017:01:47:07 +0100] "GET /hirlevel/Prezentacio_Partners%C3%A9g%20%20a%20jobb%20vas%C3%BAt%C3%A9rt.pdf HTTP/1.1" 404 1181 "-" "Mozilla/5.0 (compatible; Googlebot/2.1; +http://www.google.com/bot.html)"
104.197.241.64 - - [09/Mar/2017:01:57:16 +0100] "GET /robots.txt HTTP/1.1" 404 1181 "-" "ltx71 - (http://ltx71.com/)"
104.197.241.64 - - [09/Mar/2017:01:57:40 +0100] "GET / HTTP/1.1" 200 2023 "-" "ltx71 - (http://ltx71.com/)"
104.197.241.64 - - [09/Mar/2017:03:18:45 +0100] "GET /robots.txt HTTP/1.1" 404 1181 "-" "ltx71 - (http://ltx71.com/)"
66.249.73.52 - - [09/Mar/2017:03:19:51 +0100] "GET /doc/eletet-a-vasutnak.pdf HTTP/1.1" 304 - "-" "Mozilla/5.0 (compatible; Googlebot/2.1; +http://www.google.com/bot.html)"
216.244.66.241 - - [09/Mar/2017:03:27:31 +0100] "GET /robots.txt HTTP/1.1" 404 1181 "-" "Mozilla/5.0 (compatible; DotBot/1.1; http://www.opensiteexplorer.org/dotbot, help@moz.com)"
43.252.231.127 - - [09/Mar/2017:03:31:50 +0100] "GET / HTTP/1.1" 200 2023 "-" "-"
43.252.231.127 - - [09/Mar/2017:03:31:50 +0100] "GET /xmlrpc.php HTTP/1.1" 404 1181 "-" "-"
43.252.231.127 - - [09/Mar/2017:03:31:51 +0100] "HEAD /wp-login.php HTTP/1.1" 404 0 "-" "-"
207.46.13.0 - - [09/Mar/2017:03:32:21 +0100] "GET /doc/miniszter_0812.pdf HTTP/1.1" 404 1181 "-" "Mozilla/5.0 (compatible; bingbot/2.0; +http://www.bing.com/bingbot.htm)"
157.55.39.182 - - [09/Mar/2017:03:35:05 +0100] "GET /hirlevel/miskolc_1109.doc HTTP/1.1" 404 1181 "-" "Mozilla/5.0 (iPhone; CPU iPhone OS 7_0 like Mac OS X) AppleWebKit/537.51.1 (KHTML, like Gecko) Version/7.0 Mobile/11A465 Safari/9537.53 (compatible; bingbot/2.0; +http://www.bing.com/bingbot.htm)"
104.197.241.64 - - [09/Mar/2017:03:35:22 +0100] "GET /robots.txt HTTP/1.1" 404 1181 "-" "ltx71 - (http://ltx71.com/)"
104.197.241.64 - - [09/Mar/2017:03:37:23 +0100] "GET / HTTP/1.1" 200 2023 "-" "ltx71 - (http://ltx71.com/)"
104.197.241.64 - - [09/Mar/2017:03:40:23 +0100] "GET /robots.txt HTTP/1.1" 404 1181 "-" "ltx71 - (http://ltx71.com/)"
104.197.241.64 - - [09/Mar/2017:03:55:48 +0100] "GET /robots.txt HTTP/1.1" 404 1181 "-" "ltx71 - (http://ltx71.com/)"
64.62.252.163 - - [09/Mar/2017:03:59:09 +0100] "GET /robots.txt HTTP/1.1" 404 1181 "-" "BUbiNG (+http://law.di.unimi.it/BUbiNG.html)"
64.62.252.163 - - [09/Mar/2017:03:59:10 +0100] "GET /kikvagyunk2.htm HTTP/1.1" 200 17375 "-" "BUbiNG (+http://law.di.unimi.it/BUbiNG.html)"
64.62.252.163 - - [09/Mar/2017:03:59:10 +0100] "GET /projektek2.htm HTTP/1.1" 200 7634 "-" "BUbiNG (+http://law.di.unimi.it/BUbiNG.html)"
64.62.252.163 - - [09/Mar/2017:03:59:24 +0100] "GET /tagsag2.htm HTTP/1.1" 200 1335 "-" "BUbiNG (+http://law.di.unimi.it/BUbiNG.html)"
104.197.241.64 - - [09/Mar/2017:04:02:59 +0100] "GET /robots.txt HTTP/1.1" 404 1181 "-" "ltx71 - (http://ltx71.com/)"
104.197.241.64 - - [09/Mar/2017:04:04:39 +0100] "GET /tagsag2.htm HTTP/1.1" 200 1335 "-" "ltx71 - (http://ltx71.com/)"
180.76.15.161 - - [09/Mar/2017:04:09:48 +0100] "GET /hirlevel/ujfehehertoautomentesnap_201410.pdf HTTP/1.1" 404 1181 "-" "Mozilla/5.0 (compatible; Baiduspider/2.0; +http://www.baidu.com/search/spider.html)"
178.255.215.87 - - [09/Mar/2017:04:27:45 +0100] "GET /robots.txt HTTP/1.1" 404 1181 "-" "Mozilla/5.0 (compatible; Exabot/3.0; +http://www.exabot.com/go/robot)"
178.255.215.87 - - [09/Mar/2017:04:27:45 +0100] "GET / HTTP/1.1" 200 2023 "-" "Mozilla/5.0 (compatible; Exabot/3.0; +http://www.exabot.com/go/robot)"
216.244.66.241 - - [09/Mar/2017:04:56:31 +0100] "GET /hirlevel/vonattal1505.html HTTP/1.1" 404 1181 "-" "Mozilla/5.0 (compatible; DotBot/1.1; http://www.opensiteexplorer.org/dotbot, help@moz.com)"
104.197.241.64 - - [09/Mar/2017:05:04:42 +0100] "GET /robots.txt HTTP/1.1" 404 1181 "-" "ltx71 - (http://ltx71.com/)"
46.229.168.71 - - [09/Mar/2017:05:45:58 +0100] "GET /hirlevel/vonattal1409.html HTTP/1.1" 404 1181 "-" "Mozilla/5.0 (compatible; SemrushBot/1.2~bl; +http://www.semrush.com/bot.html)"
46.229.168.71 - - [09/Mar/2017:05:46:09 +0100] "GET /hirlevel/vonattal1409.html HTTP/1.1" 404 1181 "-" "Mozilla/5.0 (compatible; SemrushBot/1.2~bl; +http://www.semrush.com/bot.html)"
46.229.168.72 - - [09/Mar/2017:05:46:11 +0100] "GET /hirlevel/vonattal1108.htm HTTP/1.1" 404 1181 "-" "Mozilla/5.0 (compatible; SemrushBot/1.2~bl; +http://www.semrush.com/bot.html)"
46.229.168.72 - - [09/Mar/2017:05:46:28 +0100] "GET /hirlevel/vonattal1108.htm HTTP/1.1" 404 1181 "-" "Mozilla/5.0 (compatible; SemrushBot/1.2~bl; +http://www.semrush.com/bot.html)"
46.229.168.65 - - [09/Mar/2017:05:46:39 +0100] "GET /hirlevel/vonattal1408.html HTTP/1.1" 404 1181 "-" "Mozilla/5.0 (compatible; SemrushBot/1.2~bl; +http://www.semrush.com/bot.html)"
46.229.168.66 - - [09/Mar/2017:05:46:49 +0100] "GET /hirlevel/vonattal1506.html HTTP/1.1" 404 1181 "-" "Mozilla/5.0 (compatible; SemrushBot/1.2~bl; +http://www.semrush.com/bot.html)"
46.229.168.67 - - [09/Mar/2017:05:46:58 +0100] "GET / HTTP/1.1" 200 2023 "-" "Mozilla/5.0 (compatible; SemrushBot/1.2~bl; +http://www.semrush.com/bot.html)"
46.229.168.72 - - [09/Mar/2017:05:47:28 +0100] "GET /hirlevel/vonattal1410.html HTTP/1.1" 404 1181 "-" "Mozilla/5.0 (compatible; SemrushBot/1.2~bl; +http://www.semrush.com/bot.html)"
46.229.168.67 - - [09/Mar/2017:05:47:43 +0100] "GET / HTTP/1.1" 200 2023 "-" "Mozilla/5.0 (compatible; SemrushBot/1.2~bl; +http://www.semrush.com/bot.html)"
46.229.168.69 - - [09/Mar/2017:05:47:58 +0100] "GET /hirlevel/vonattal1105-6.html HTTP/1.1" 404 1181 "-" "Mozilla/5.0 (compatible; SemrushBot/1.2~bl; +http://www.semrush.com/bot.html)"
46.229.168.73 - - [09/Mar/2017:05:49:10 +0100] "GET /hirlevel/vonattal1505.html HTTP/1.1" 404 1181 "-" "Mozilla/5.0 (compatible; SemrushBot/1.2~bl; +http://www.semrush.com/bot.html)"
84.2.67.224 - - [09/Mar/2017:05:56:02 +0100] "GET /images/vasutterkep_n.jpg HTTP/1.1" 404 1181 "https://www.bing.com/" "Mozilla/5.0 (Windows NT 10.0; Win64; x64) AppleWebKit/537.36 (KHTML, like Gecko) Chrome/51.0.2704.79 Safari/537.36 Edge/14.14393"
104.197.241.64 - - [09/Mar/2017:06:00:46 +0100] "GET /robots.txt HTTP/1.1" 404 1181 "-" "ltx71 - (http://ltx71.com/)"
173.208.244.82 - - [09/Mar/2017:06:04:20 +0100] "GET /wp/wp-admin/setup-config.php HTTP/1.1" 404 1181 "-" "Mozilla/5.0 (Windows NT 6.1; Trident/7.0; rv:11.0) like Gecko"
173.208.244.82 - - [09/Mar/2017:06:04:21 +0100] "GET /wordpress/wp-admin/setup-config.php HTTP/1.1" 404 1181 "-" "Mozilla/5.0 (Windows NT 6.1; Trident/7.0; rv:11.0) like Gecko"
173.208.244.82 - - [09/Mar/2017:06:04:21 +0100] "GET /blog/wp-admin/setup-config.php HTTP/1.1" 404 1181 "-" "Mozilla/5.0 (Windows NT 6.1; Trident/7.0; rv:11.0) like Gecko"
173.208.244.82 - - [09/Mar/2017:06:04:21 +0100] "GET /test/wp-admin/setup-config.php HTTP/1.1" 404 1181 "-" "Mozilla/5.0 (Windows NT 6.1; Trident/7.0; rv:11.0) like Gecko"
