54.172.241.121 - - [01/Mar/2017:16:30:28 +0100] "GET /robots.txt HTTP/1.1" 404 1181 "-" "ltx71 - (http://ltx71.com/)"
87.97.76.189 - - [01/Mar/2017:16:33:00 +0100] "GET / HTTP/1.1" 304 - "-" "Mozilla/5.0 (Windows NT 10.0; Win64; x64) AppleWebKit/537.36 (KHTML, like Gecko) Chrome/56.0.2924.87 Safari/537.36"
66.249.66.215 - - [01/Mar/2017:16:33:49 +0100] "GET /doc/westtakt_final_20160405.pdf HTTP/1.1" 304 - "-" "Mozilla/5.0 (compatible; Googlebot/2.1; +http://www.google.com/bot.html)"
66.249.66.211 - - [01/Mar/2017:16:34:51 +0100] "GET /doc/bartok_20160703.pdf HTTP/1.1" 304 - "-" "Mozilla/5.0 (compatible; Googlebot/2.1; +http://www.google.com/bot.html)"
66.249.66.219 - - [01/Mar/2017:16:35:54 +0100] "GET /doc/bevasar.pdf HTTP/1.1" 404 1181 "-" "Mozilla/5.0 (compatible; Googlebot/2.1; +http://www.google.com/bot.html)"
54.172.241.121 - - [01/Mar/2017:16:43:59 +0100] "GET /robots.txt HTTP/1.1" 404 1181 "-" "ltx71 - (http://ltx71.com/)"
87.97.76.189 - - [01/Mar/2017:17:01:31 +0100] "GET / HTTP/1.1" 304 - "-" "Mozilla/5.0 (Windows NT 10.0; Win64; x64) AppleWebKit/537.36 (KHTML, like Gecko) Chrome/56.0.2924.87 Safari/537.36"
87.97.76.189 - - [01/Mar/2017:17:01:33 +0100] "GET /kikvagyunk2.htm HTTP/1.1" 200 17375 "http://mkk.zpok.hu/" "Mozilla/5.0 (Windows NT 10.0; Win64; x64) AppleWebKit/537.36 (KHTML, like Gecko) Chrome/56.0.2924.87 Safari/537.36"
87.97.76.189 - - [01/Mar/2017:17:01:33 +0100] "GET /icons/icons_k/4.png HTTP/1.1" 304 - "http://mkk.zpok.hu/kikvagyunk2.htm" "Mozilla/5.0 (Windows NT 10.0; Win64; x64) AppleWebKit/537.36 (KHTML, like Gecko) Chrome/56.0.2924.87 Safari/537.36"
87.97.76.189 - - [01/Mar/2017:17:01:33 +0100] "GET /icons/icons_k/3.png HTTP/1.1" 304 - "http://mkk.zpok.hu/kikvagyunk2.htm" "Mozilla/5.0 (Windows NT 10.0; Win64; x64) AppleWebKit/537.36 (KHTML, like Gecko) Chrome/56.0.2924.87 Safari/537.36"
87.97.76.189 - - [01/Mar/2017:17:01:33 +0100] "GET /icons/icons_k/5.png HTTP/1.1" 304 - "http://mkk.zpok.hu/kikvagyunk2.htm" "Mozilla/5.0 (Windows NT 10.0; Win64; x64) AppleWebKit/537.36 (KHTML, like Gecko) Chrome/56.0.2924.87 Safari/537.36"
87.97.76.189 - - [01/Mar/2017:17:01:33 +0100] "GET /icons/icons_k/1.png HTTP/1.1" 200 7684 "http://mkk.zpok.hu/kikvagyunk2.htm" "Mozilla/5.0 (Windows NT 10.0; Win64; x64) AppleWebKit/537.36 (KHTML, like Gecko) Chrome/56.0.2924.87 Safari/537.36"
87.97.76.189 - - [01/Mar/2017:17:01:33 +0100] "GET /icons/icons_k/6.png HTTP/1.1" 200 4270 "http://mkk.zpok.hu/kikvagyunk2.htm" "Mozilla/5.0 (Windows NT 10.0; Win64; x64) AppleWebKit/537.36 (KHTML, like Gecko) Chrome/56.0.2924.87 Safari/537.36"
87.97.76.189 - - [01/Mar/2017:17:01:33 +0100] "GET /icons/icons_k/2.png HTTP/1.1" 200 8020 "http://mkk.zpok.hu/kikvagyunk2.htm" "Mozilla/5.0 (Windows NT 10.0; Win64; x64) AppleWebKit/537.36 (KHTML, like Gecko) Chrome/56.0.2924.87 Safari/537.36"
87.97.76.189 - - [01/Mar/2017:17:01:33 +0100] "GET /icons/icons_k/mpeter.png HTTP/1.1" 200 28939 "http://mkk.zpok.hu/kikvagyunk2.htm" "Mozilla/5.0 (Windows NT 10.0; Win64; x64) AppleWebKit/537.36 (KHTML, like Gecko) Chrome/56.0.2924.87 Safari/537.36"
87.97.76.189 - - [01/Mar/2017:17:01:33 +0100] "GET /pdf.png HTTP/1.1" 304 - "http://mkk.zpok.hu/kikvagyunk2.htm" "Mozilla/5.0 (Windows NT 10.0; Win64; x64) AppleWebKit/537.36 (KHTML, like Gecko) Chrome/56.0.2924.87 Safari/537.36"
87.97.76.189 - - [01/Mar/2017:17:01:33 +0100] "GET /icons/icons_k/balage.png HTTP/1.1" 200 21667 "http://mkk.zpok.hu/kikvagyunk2.htm" "Mozilla/5.0 (Windows NT 10.0; Win64; x64) AppleWebKit/537.36 (KHTML, like Gecko) Chrome/56.0.2924.87 Safari/537.36"
87.97.76.189 - - [01/Mar/2017:17:01:33 +0100] "GET /kikvag1.jpg HTTP/1.1" 304 - "http://mkk.zpok.hu/kikvagyunk2.htm" "Mozilla/5.0 (Windows NT 10.0; Win64; x64) AppleWebKit/537.36 (KHTML, like Gecko) Chrome/56.0.2924.87 Safari/537.36"
87.97.76.189 - - [01/Mar/2017:17:01:47 +0100] "GET /tagsag2.htm HTTP/1.1" 304 - "http://mkk.zpok.hu/" "Mozilla/5.0 (Windows NT 10.0; Win64; x64) AppleWebKit/537.36 (KHTML, like Gecko) Chrome/56.0.2924.87 Safari/537.36"
66.249.66.211 - - [01/Mar/2017:17:03:07 +0100] "GET /doc/vco_0912.pdf HTTP/1.1" 404 1181 "-" "Mozilla/5.0 (compatible; Googlebot/2.1; +http://www.google.com/bot.html)"
157.55.39.52 - - [01/Mar/2017:17:10:53 +0100] "GET /hirlevel/vonattal1012_1.htm HTTP/1.1" 404 1181 "-" "Mozilla/5.0 (compatible; bingbot/2.0; +http://www.bing.com/bingbot.htm)"
176.63.23.240 - - [01/Mar/2017:17:11:04 +0100] "GET /images/vasutterkep_n.jpg HTTP/1.1" 404 1181 "-" "Mozilla/5.0 (Windows NT 6.1) AppleWebKit/537.36 (KHTML, like Gecko) Chrome/56.0.2924.87 Safari/537.36"
176.63.23.240 - - [01/Mar/2017:17:11:18 +0100] "GET /images/vasutterkep_n.jpg HTTP/1.1" 404 1181 "-" "Mozilla/5.0 (Windows NT 6.1) AppleWebKit/537.36 (KHTML, like Gecko) Chrome/56.0.2924.87 Safari/537.36"
176.63.23.240 - - [01/Mar/2017:17:11:19 +0100] "GET /images/vasutterkep_n.jpg HTTP/1.1" 404 1181 "-" "Mozilla/5.0 (Windows NT 6.1) AppleWebKit/537.36 (KHTML, like Gecko) Chrome/56.0.2924.87 Safari/537.36"
68.180.230.34 - - [01/Mar/2017:17:17:24 +0100] "GET /robots.txt HTTP/1.1" 404 1181 "-" "Mozilla/5.0 (compatible; Yahoo! Slurp; http://help.yahoo.com/help/us/ysearch/slurp)"
68.180.230.34 - - [01/Mar/2017:17:17:25 +0100] "GET /doc/b2_2010.pdf HTTP/1.1" 404 1181 "-" "Mozilla/5.0 (compatible; Yahoo! Slurp; http://help.yahoo.com/help/us/ysearch/slurp)"
54.172.241.121 - - [01/Mar/2017:17:25:38 +0100] "GET /robots.txt HTTP/1.1" 404 1181 "-" "ltx71 - (http://ltx71.com/)"
66.249.66.180 - - [01/Mar/2017:17:26:09 +0100] "GET /doc/meszaros_peter.ppt HTTP/1.1" 404 1181 "-" "Mozilla/5.0 (Linux; Android 6.0.1; Nexus 5X Build/MMB29P) AppleWebKit/537.36 (KHTML, like Gecko) Chrome/41.0.2272.96 Mobile Safari/537.36 (compatible; Googlebot/2.1; +http://www.google.com/bot.html)"
66.249.93.42 - - [01/Mar/2017:17:29:38 +0100] "GET / HTTP/1.1" 200 2023 "-" "Mozilla/5.0 (X11; Linux x86_64) AppleWebKit/537.36 (KHTML, like Gecko) Chrome/49.0.2623.75 Safari/537.36 Google Favicon"
66.249.93.46 - - [01/Mar/2017:17:29:38 +0100] "GET /favicon.ico HTTP/1.1" 404 1181 "-" "Mozilla/5.0 (X11; Linux x86_64) AppleWebKit/537.36 (KHTML, like Gecko) Chrome/49.0.2623.75 Safari/537.36 Google Favicon"
54.172.241.121 - - [01/Mar/2017:17:36:27 +0100] "GET /robots.txt HTTP/1.1" 404 1181 "-" "ltx71 - (http://ltx71.com/)"
23.88.37.115 - - [01/Mar/2017:17:38:31 +0100] "GET / HTTP/1.1" 200 2023 "http://www.domain2008.com/domains/mkk.zpok.hu" "Mozilla/5.0 (compatible; MSIE 9.0; Windows NT 6.1; WOW64; Trident/5.0)"
66.249.66.136 - - [01/Mar/2017:17:39:45 +0100] "GET /doc/automentes_turizmus.pdf HTTP/1.1" 404 1181 "-" "Mozilla/5.0 (compatible; Googlebot/2.1; +http://www.google.com/bot.html)"
54.172.241.121 - - [01/Mar/2017:17:44:16 +0100] "GET /robots.txt HTTP/1.1" 404 1181 "-" "ltx71 - (http://ltx71.com/)"
66.249.66.183 - - [01/Mar/2017:18:07:40 +0100] "GET /doc/westtakt_final_20160405.pdf HTTP/1.1" 304 - "-" "Mozilla/5.0 (compatible; Googlebot/2.1; +http://www.google.com/bot.html)"
84.0.109.172 - - [01/Mar/2017:18:08:54 +0100] "GET /images/vasutterkep_n.jpg HTTP/1.1" 404 1181 "-" "Mozilla/5.0 (Windows NT 10.0) AppleWebKit/537.36 (KHTML, like Gecko) Chrome/56.0.2924.87 Safari/537.36"
5.38.207.244 - - [01/Mar/2017:18:19:58 +0100] "GET /images/vasutterkep_n.jpg HTTP/1.1" 404 1181 "http://oterkep.blogspot.hu/2007/11/magyarorszg-vasti-trkp.html" "Mozilla/5.0 (Windows NT 6.1; WOW64; rv:51.0) Gecko/20100101 Firefox/51.0"
5.38.207.244 - - [01/Mar/2017:18:19:59 +0100] "GET /favicon.ico HTTP/1.1" 404 1181 "-" "Mozilla/5.0 (Windows NT 6.1; WOW64; rv:51.0) Gecko/20100101 Firefox/51.0"
54.172.241.121 - - [01/Mar/2017:18:22:04 +0100] "GET /robots.txt HTTP/1.1" 404 1181 "-" "ltx71 - (http://ltx71.com/)"
163.172.68.99 - - [01/Mar/2017:18:33:45 +0100] "GET /robots.txt HTTP/1.1" 404 1181 "-" "Mozilla/5.0 ((Windows; U; Windows NT 6.1; fr; rv:1.9.2) Gecko/20100115 Firefox/3.6)"
163.172.68.99 - - [01/Mar/2017:18:33:45 +0100] "GET / HTTP/1.1" 200 2023 "-" "Mozilla/5.0 ((Windows; U; Windows NT 6.1; fr; rv:1.9.2) Gecko/20100115 Firefox/3.6)"
66.249.66.177 - - [01/Mar/2017:18:44:38 +0100] "GET /doc/media_070622.pdf HTTP/1.1" 404 1181 "-" "Mozilla/5.0 (compatible; Googlebot/2.1; +http://www.google.com/bot.html)"
207.46.13.39 - - [01/Mar/2017:18:50:08 +0100] "GET /hirlevel/vonattal1103.htm HTTP/1.1" 404 1181 "-" "Mozilla/5.0 (iPhone; CPU iPhone OS 7_0 like Mac OS X) AppleWebKit/537.51.1 (KHTML, like Gecko) Version/7.0 Mobile/11A465 Safari/9537.53 (compatible; bingbot/2.0; +http://www.bing.com/bingbot.htm)"
79.120.165.54 - - [01/Mar/2017:19:00:14 +0100] "GET /images/vasutterkep_n.jpg HTTP/1.1" 404 1181 "https://hu.wikipedia.org/" "Mozilla/5.0 (Windows NT 6.3; Win64; x64) AppleWebKit/537.36 (KHTML, like Gecko) Chrome/56.0.2924.87 Safari/537.36"
79.120.165.54 - - [01/Mar/2017:19:00:14 +0100] "GET /favicon.ico HTTP/1.1" 404 1181 "http://www.mkk.zpok.hu/images/vasutterkep_n.jpg" "Mozilla/5.0 (Windows NT 6.3; Win64; x64) AppleWebKit/537.36 (KHTML, like Gecko) Chrome/56.0.2924.87 Safari/537.36"
68.180.230.34 - - [01/Mar/2017:19:18:50 +0100] "GET /doc/kaposvar_0812.pdf HTTP/1.1" 404 1181 "-" "Mozilla/5.0 (compatible; Yahoo! Slurp; http://help.yahoo.com/help/us/ysearch/slurp)"
207.46.13.37 - - [01/Mar/2017:19:28:22 +0100] "GET / HTTP/1.1" 200 2023 "-" "Mozilla/5.0 (compatible; bingbot/2.0; +http://www.bing.com/bingbot.htm)"
45.55.58.241 - - [01/Mar/2017:19:31:00 +0100] "GET / HTTP/1.1" 200 2023 "-" "Python-urllib/2.7"
66.249.66.183 - - [01/Mar/2017:19:43:14 +0100] "GET /robots.txt HTTP/1.1" 404 1181 "-" "Mozilla/5.0 (compatible; Googlebot/2.1; +http://www.google.com/bot.html)"
66.249.66.180 - - [01/Mar/2017:19:43:15 +0100] "GET /doc/vco_0912.pdf HTTP/1.1" 404 1181 "-" "Mozilla/5.0 (Linux; Android 6.0.1; Nexus 5X Build/MMB29P) AppleWebKit/537.36 (KHTML, like Gecko) Chrome/41.0.2272.96 Mobile Safari/537.36 (compatible; Googlebot/2.1; +http://www.google.com/bot.html)"
46.251.25.128 - - [01/Mar/2017:20:00:35 +0100] "GET /hirlevel/images/0907a.jpg HTTP/1.1" 404 1181 "https://www.google.hu/" "Mozilla/5.0 (Windows NT 6.3; WOW64) AppleWebKit/537.36 (KHTML, like Gecko) Chrome/56.0.2924.87 Safari/537.36"
95.85.190.92 - - [01/Mar/2017:20:07:45 +0100] "GET /images/vasutterkep_n.jpg HTTP/1.1" 404 1181 "https://www.bing.com/" "Mozilla/5.0 (Windows NT 10.0; Win64; x64) AppleWebKit/537.36 (KHTML, like Gecko) Chrome/51.0.2704.79 Safari/537.36 Edge/14.14393"
95.85.190.92 - - [01/Mar/2017:20:07:58 +0100] "GET /images/vasutterkep_n.jpg HTTP/1.1" 404 1181 "https://www.bing.com/" "Mozilla/5.0 (Windows NT 10.0; Win64; x64) AppleWebKit/537.36 (KHTML, like Gecko) Chrome/51.0.2704.79 Safari/537.36 Edge/14.14393"
78.92.91.168 - - [01/Mar/2017:20:47:50 +0100] "GET /images/vasutterkep_n.jpg HTTP/1.1" 404 1181 "https://www.google.hu/" "Mozilla/5.0 (Windows NT 6.1; WOW64; rv:51.0) Gecko/20100101 Firefox/51.0"
66.249.66.180 - - [01/Mar/2017:20:51:39 +0100] "GET /doc/vco_0912.pdf HTTP/1.1" 404 1181 "-" "Googlebot/2.1 (+http://www.google.com/bot.html)"
41.189.38.42 - - [01/Mar/2017:20:55:53 +0100] "GET / HTTP/1.1" 200 2023 "-" "Mozilla/4.0 (compatible; MSIE 5.0; Windows NT; DigExt; DTS Agent"
91.83.195.135 - - [01/Mar/2017:21:09:44 +0100] "GET /hirlevel/images/1206_6.jpg HTTP/1.1" 404 1181 "https://www.google.hu/" "Mozilla/5.0 (Windows NT 6.1) AppleWebKit/537.36 (KHTML, like Gecko) Chrome/56.0.2924.87 Safari/537.36"
207.46.13.37 - - [01/Mar/2017:21:24:12 +0100] "GET / HTTP/1.1" 200 2023 "-" "Mozilla/5.0 (iPhone; CPU iPhone OS 7_0 like Mac OS X) AppleWebKit/537.51.1 (KHTML, like Gecko) Version/7.0 Mobile/11A465 Safari/9537.53 (compatible; bingbot/2.0; +http://www.bing.com/bingbot.htm)"
180.76.15.144 - - [01/Mar/2017:21:26:26 +0100] "GET /projektek2.htm HTTP/1.1" 200 7634 "-" "Mozilla/5.0 (compatible; Baiduspider/2.0; +http://www.baidu.com/search/spider.html)"
131.253.25.246 - - [01/Mar/2017:21:58:49 +0100] "GET /mkk_banner.png HTTP/1.1" 200 62097 "-" "Mozilla/5.0 (iPhone; CPU iPhone OS 7_0 like Mac OS X) AppleWebKit/537.51.1 (KHTML, like Gecko) Version/7.0 Mobile/11A465 Safari/9537.53 BingPreview/1.0b"
131.253.27.65 - - [01/Mar/2017:21:58:50 +0100] "GET /facebook-logo-preview.png HTTP/1.1" 200 3924 "-" "Mozilla/5.0 (iPhone; CPU iPhone OS 7_0 like Mac OS X) AppleWebKit/537.51.1 (KHTML, like Gecko) Version/7.0 Mobile/11A465 Safari/9537.53 BingPreview/1.0b"
207.46.13.38 - - [01/Mar/2017:21:58:53 +0100] "GET /robots.txt HTTP/1.1" 404 1181 "-" "Mozilla/5.0 (compatible; bingbot/2.0; +http://www.bing.com/bingbot.htm)"
207.46.13.38 - - [01/Mar/2017:21:58:53 +0100] "GET /robots.txt HTTP/1.1" 404 1181 "-" "Mozilla/5.0 (compatible; bingbot/2.0; +http://www.bing.com/bingbot.htm)"
207.46.13.38 - - [01/Mar/2017:21:58:53 +0100] "GET /robots.txt HTTP/1.1" 404 1181 "-" "Mozilla/5.0 (compatible; bingbot/2.0; +http://www.bing.com/bingbot.htm)"
66.249.66.177 - - [01/Mar/2017:22:09:45 +0100] "GET /hirek.xml HTTP/1.1" 404 1181 "-" "Mozilla/5.0 (compatible; Googlebot/2.1; +http://www.google.com/bot.html)"
5.187.210.117 - - [01/Mar/2017:22:13:24 +0100] "GET /images/vasutterkep_n.jpg HTTP/1.1" 404 1181 "http://oterkep.blogspot.hu/2007/11/magyarorszg-vasti-trkp.html?m=1" "Mozilla/5.0 (Linux; Android 6.0.1; ASUS_T00N Build/MMB29P) AppleWebKit/537.36 (KHTML, like Gecko) Chrome/56.0.2924.87 Mobile Safari/537.36"
5.187.210.117 - - [01/Mar/2017:22:13:24 +0100] "GET /favicon.ico HTTP/1.1" 404 1181 "http://www.mkk.zpok.hu/images/vasutterkep_n.jpg" "Mozilla/5.0 (Linux; Android 6.0.1; ASUS_T00N Build/MMB29P) AppleWebKit/537.36 (KHTML, like Gecko) Chrome/56.0.2924.87 Mobile Safari/537.36"
103.30.43.168 - - [01/Mar/2017:22:17:04 +0100] "GET / HTTP/1.1" 200 2023 "-" "-"
103.30.43.168 - - [01/Mar/2017:22:17:06 +0100] "GET /xmlrpc.php HTTP/1.1" 404 1181 "-" "-"
103.30.43.168 - - [01/Mar/2017:22:17:06 +0100] "HEAD /wp-login.php HTTP/1.1" 404 0 "-" "-"
66.249.66.140 - - [01/Mar/2017:22:26:30 +0100] "GET /robots.txt HTTP/1.1" 404 1181 "-" "Mozilla/5.0 (compatible; Googlebot/2.1; +http://www.google.com/bot.html)"
66.249.66.144 - - [01/Mar/2017:22:26:30 +0100] "GET /doc/varos-videk_2009.pdf HTTP/1.1" 304 - "-" "Mozilla/5.0 (compatible; Googlebot/2.1; +http://www.google.com/bot.html)"
54.172.241.121 - - [01/Mar/2017:22:36:55 +0100] "GET /robots.txt HTTP/1.1" 404 1181 "-" "ltx71 - (http://ltx71.com/)"
54.172.241.121 - - [01/Mar/2017:22:38:20 +0100] "GET / HTTP/1.1" 200 2023 "-" "ltx71 - (http://ltx71.com/)"
104.197.241.64 - - [01/Mar/2017:22:59:05 +0100] "GET /robots.txt HTTP/1.1" 404 1181 "-" "ltx71 - (http://ltx71.com/)"
66.249.66.140 - - [01/Mar/2017:23:02:44 +0100] "GET /doc/varos-videk_2009.pdf HTTP/1.1" 304 - "-" "Mozilla/5.0 (compatible; Googlebot/2.1; +http://www.google.com/bot.html)"
54.172.241.121 - - [01/Mar/2017:23:06:31 +0100] "GET /robots.txt HTTP/1.1" 404 1181 "-" "ltx71 - (http://ltx71.com/)"
188.142.162.136 - - [01/Mar/2017:23:23:51 +0100] "GET /doc/mkk_allasfogl070622.pdf HTTP/1.1" 404 1181 "https://www.google.hu/" "Mozilla/5.0 (Linux; Android 6.0; HUAWEI VNS-L21 Build/HUAWEIVNS-L21) AppleWebKit/537.36 (KHTML, like Gecko) Chrome/56.0.2924.87 Mobile Safari/537.36"
188.142.162.136 - - [01/Mar/2017:23:23:51 +0100] "GET /favicon.ico HTTP/1.1" 404 1181 "http://www.mkk.zpok.hu/doc/mkk_allasfogl070622.pdf" "Mozilla/5.0 (Linux; Android 6.0; HUAWEI VNS-L21 Build/HUAWEIVNS-L21) AppleWebKit/537.36 (KHTML, like Gecko) Chrome/56.0.2924.87 Mobile Safari/537.36"
188.142.162.136 - - [01/Mar/2017:23:25:23 +0100] "GET /doc/mkk_allasfogl070622.pdf HTTP/1.1" 404 1181 "https://www.google.hu/" "Mozilla/5.0 (Linux; Android 6.0; HUAWEI VNS-L21 Build/HUAWEIVNS-L21) AppleWebKit/537.36 (KHTML, like Gecko) Chrome/56.0.2924.87 Mobile Safari/537.36"
93.80.63.183 - - [01/Mar/2017:23:33:50 +0100] "GET /doc/b2_2016.pdf HTTP/1.1" 404 1181 "http://yandex.ru/clck/jsredir?from=yandex.ru%3Bsearch%3Bweb%3B%3B&text=&etext=1347.RNH36j03vwVLyLi7P5DL1-KnsBO0slLxdDVH1SnFddVn4owQ39s_caPA8q-iFX7Z.c3311fcc5e9b7fa9dd2338de59d4ad3848616b6d&uuid=&state=_BLhILn4SxNIvvL0W45KSic66uCIg23qh8iRG98qeIXmeppkgUc0YKCJkrjchpDstTwxTkjwGrA&data=UlNrNmk5WktYejR0eWJFYk1LdmtxZ3l0WnFqTm00dHpnN05HaGVMR01PalRjUzJWcy10VElwN1dQR3U1ZExpc0lrQk1mSTJiUy1IR0FDdmNGeVJaRkJiTk44TVNiZVdESWYwMFZhMEJlU2duamZnVVFlN0NuUQ&b64e=2&sign=1781c38954eef7b20042d9a88834e73f&keyno=0&cst=AiuY0DBWFJ7IXge4WdYJQYP93XfrtkbawomkjFaxRkAir2U0J9Bd6MvuElA5SQOuWpGS_AsMWlA__e967qxKfB_OE02Y3w9Nwy7XffWnBsGh4iwfcJuGFmjA4_ab2_26AQ-55ZZGJxBeTWdpxrXwIA&ref=orjY4mGPRjk5boDnW0uvlrrd71vZw9kp5uQozpMtKCXmyCrj7VrKuLX0283Ap_T1PNw5ph9ajYytOY6BxIXOTQ_DdP1zbQRWknGvj_RXQvlv6u3cmqGoKQ&l10n=ru&cts=1488407212629&mc=6.62224088562" "Opera/9.80 (Windows NT 6.1) Presto/2.12.388 Version/12.16"
68.180.230.34 - - [01/Mar/2017:23:46:13 +0100] "GET /hirlevel/vonattal1506.html HTTP/1.1" 404 1181 "-" "Mozilla/5.0 (compatible; Yahoo! Slurp; http://help.yahoo.com/help/us/ysearch/slurp)"
66.249.66.168 - - [01/Mar/2017:23:54:24 +0100] "GET /doc/ttft.pdf HTTP/1.1" 304 - "-" "Mozilla/5.0 (compatible; Googlebot/2.1; +http://www.google.com/bot.html)"
54.172.241.121 - - [01/Mar/2017:23:55:18 +0100] "GET /robots.txt HTTP/1.1" 404 1181 "-" "ltx71 - (http://ltx71.com/)"
157.55.39.52 - - [01/Mar/2017:23:57:23 +0100] "GET /doc/pontverseny.xls HTTP/1.1" 404 1181 "-" "Mozilla/5.0 (compatible; bingbot/2.0; +http://www.bing.com/bingbot.htm)"
66.249.66.168 - - [02/Mar/2017:00:03:39 +0100] "GET /doc/ttft.pdf HTTP/1.1" 304 - "-" "Mozilla/5.0 (compatible; Googlebot/2.1; +http://www.google.com/bot.html)"
104.154.192.249 - - [02/Mar/2017:00:19:50 +0100] "GET /robots.txt HTTP/1.1" 404 1181 "-" "Mozilla/5.0 (Windows NT 10.0; Win64; x64; rv:48.0) Gecko/20100101 Firefox/48.0"
104.154.192.249 - - [02/Mar/2017:00:19:50 +0100] "GET /xmlrpc.php?rsd HTTP/1.1" 404 1181 "-" "Mozilla/5.0 (Windows NT 10.0; Win64; x64; rv:48.0) Gecko/20100101 Firefox/48.0"
104.154.192.249 - - [02/Mar/2017:00:19:50 +0100] "GET / HTTP/1.1" 200 2023 "-" "Mozilla/5.0 (Windows NT 10.0; Win64; x64; rv:48.0) Gecko/20100101 Firefox/48.0"
104.154.192.249 - - [02/Mar/2017:00:19:50 +0100] "GET /blog/robots.txt HTTP/1.1" 404 1181 "-" "Mozilla/5.0 (Windows NT 10.0; Win64; x64; rv:48.0) Gecko/20100101 Firefox/48.0"
104.154.192.249 - - [02/Mar/2017:00:19:50 +0100] "GET /blog/ HTTP/1.1" 404 1181 "-" "Mozilla/5.0 (Windows NT 10.0; Win64; x64; rv:48.0) Gecko/20100101 Firefox/48.0"
104.154.192.249 - - [02/Mar/2017:00:19:50 +0100] "GET /wordpress/ HTTP/1.1" 404 1181 "-" "Mozilla/5.0 (Windows NT 10.0; Win64; x64; rv:48.0) Gecko/20100101 Firefox/48.0"
104.154.192.249 - - [02/Mar/2017:00:19:51 +0100] "GET /wp/ HTTP/1.1" 404 1181 "-" "Mozilla/5.0 (Windows NT 10.0; Win64; x64; rv:48.0) Gecko/20100101 Firefox/48.0"
157.55.39.52 - - [02/Mar/2017:00:31:13 +0100] "GET /hirlevel/vonattal0903.htm HTTP/1.1" 404 1181 "-" "Mozilla/5.0 (compatible; bingbot/2.0; +http://www.bing.com/bingbot.htm)"
125.39.222.253 - - [02/Mar/2017:00:35:53 +0100] "GET / HTTP/1.1" 200 2023 "-" "scrapy-redis (+https://github.com/rolando/scrapy-redis)"
51.255.65.74 - - [02/Mar/2017:00:40:44 +0100] "GET /hirlevel/vonattal1501.html HTTP/1.1" 404 1181 "-" "Mozilla/5.0 (compatible; AhrefsBot/5.2; +http://ahrefs.com/robot/)"
104.197.241.64 - - [02/Mar/2017:00:40:54 +0100] "GET /robots.txt HTTP/1.1" 404 1181 "-" "ltx71 - (http://ltx71.com/)"
104.197.241.64 - - [02/Mar/2017:00:42:18 +0100] "GET /kikvagyunk2.htm HTTP/1.1" 200 17375 "-" "ltx71 - (http://ltx71.com/)"
207.46.13.38 - - [02/Mar/2017:00:50:50 +0100] "GET /hirlevel/vonattal0812.htm HTTP/1.1" 404 1181 "-" "Mozilla/5.0 (compatible; bingbot/2.0; +http://www.bing.com/bingbot.htm)"
199.193.251.133 - - [02/Mar/2017:01:29:51 +0100] "HEAD / HTTP/1.1" 200 0 "https://www.inboundlinks.win/InboundLinks/mkk.zpok.hu" "Mozilla/5.0 (compatible; MSIE 9.0; Windows NT 6.1; WOW64; Trident/5.0)"
54.172.241.121 - - [02/Mar/2017:01:40:44 +0100] "GET /robots.txt HTTP/1.1" 404 1181 "-" "ltx71 - (http://ltx71.com/)"
66.249.66.180 - - [02/Mar/2017:01:47:10 +0100] "GET /doc/barkorichard_0706222.pdf HTTP/1.1" 404 1181 "-" "Mozilla/5.0 (compatible; Googlebot/2.1; +http://www.google.com/bot.html)"
207.46.13.37 - - [02/Mar/2017:01:51:16 +0100] "GET / HTTP/1.1" 200 2023 "-" "Mozilla/5.0 (compatible; bingbot/2.0; +http://www.bing.com/bingbot.htm)"
54.172.241.121 - - [02/Mar/2017:02:00:28 +0100] "GET /robots.txt HTTP/1.1" 404 1181 "-" "ltx71 - (http://ltx71.com/)"
66.249.66.136 - - [02/Mar/2017:02:06:38 +0100] "GET /doc/eletet-a-vasutnak.pdf HTTP/1.1" 304 - "-" "Mozilla/5.0 (compatible; Googlebot/2.1; +http://www.google.com/bot.html)"
68.180.231.43 - - [02/Mar/2017:02:21:19 +0100] "GET /robots.txt HTTP/1.1" 404 1181 "-" "Mozilla/5.0 (compatible; Yahoo! Slurp; http://help.yahoo.com/help/us/ysearch/slurp)"
68.180.231.43 - - [02/Mar/2017:02:21:24 +0100] "GET /doc/kerparoskozlekedes.pdf HTTP/1.1" 200 2540119 "-" "Mozilla/5.0 (compatible; Yahoo! Slurp; http://help.yahoo.com/help/us/ysearch/slurp)"
207.46.13.37 - - [02/Mar/2017:02:46:47 +0100] "GET /hirlevel/vonattal0907.htm HTTP/1.1" 404 1181 "-" "Mozilla/5.0 (compatible; bingbot/2.0; +http://www.bing.com/bingbot.htm)"
216.244.66.231 - - [02/Mar/2017:02:51:21 +0100] "GET /robots.txt HTTP/1.1" 404 1181 "-" "Mozilla/5.0 (compatible; DotBot/1.1; http://www.opensiteexplorer.org/dotbot, help@moz.com)"
216.244.66.231 - - [02/Mar/2017:03:15:17 +0100] "GET /hirlevel/vonattal1501.html HTTP/1.1" 404 1181 "-" "Mozilla/5.0 (compatible; DotBot/1.1; http://www.opensiteexplorer.org/dotbot, help@moz.com)"
104.197.241.64 - - [02/Mar/2017:03:18:25 +0100] "GET /robots.txt HTTP/1.1" 404 1181 "-" "ltx71 - (http://ltx71.com/)"
104.197.241.64 - - [02/Mar/2017:03:19:08 +0100] "GET / HTTP/1.1" 200 2023 "-" "ltx71 - (http://ltx71.com/)"
144.76.23.74 - - [02/Mar/2017:03:32:26 +0100] "GET /robots.txt HTTP/1.1" 404 1181 "-" "Mozilla/5.0 (Windows; U; Windows NT 6.0; en-GB; rv:1.0; trendictionbot0.5.0; trendiction search; http://www.trendiction.de/bot; please let us know of any problems; web at trendiction.com) Gecko/20071127 Firefox/3.0.0.11"
144.76.23.74 - - [02/Mar/2017:03:32:26 +0100] "GET / HTTP/1.1" 200 2023 "-" "Mozilla/5.0 (Windows; U; Windows NT 6.0; en-GB; rv:1.0; trendictionbot0.5.0; trendiction search; http://www.trendiction.de/bot; please let us know of any problems; web at trendiction.com) Gecko/20071127 Firefox/3.0.0.11"
54.172.241.121 - - [02/Mar/2017:03:36:50 +0100] "GET /robots.txt HTTP/1.1" 404 1181 "-" "ltx71 - (http://ltx71.com/)"
207.46.13.38 - - [02/Mar/2017:03:37:01 +0100] "GET /hirlevel/vonattal1503.html HTTP/1.1" 404 1181 "-" "Mozilla/5.0 (iPhone; CPU iPhone OS 7_0 like Mac OS X) AppleWebKit/537.51.1 (KHTML, like Gecko) Version/7.0 Mobile/11A465 Safari/9537.53 (compatible; bingbot/2.0; +http://www.bing.com/bingbot.htm)"
54.172.241.121 - - [02/Mar/2017:03:40:25 +0100] "GET /robots.txt HTTP/1.1" 404 1181 "-" "ltx71 - (http://ltx71.com/)"
178.255.215.87 - - [02/Mar/2017:03:56:30 +0100] "GET /robots.txt HTTP/1.1" 404 1181 "-" "Mozilla/5.0 (compatible; Exabot/3.0; +http://www.exabot.com/go/robot)"
178.255.215.87 - - [02/Mar/2017:03:56:30 +0100] "GET /index.swf HTTP/1.1" 404 1181 "-" "Mozilla/5.0 (compatible; Exabot/3.0; +http://www.exabot.com/go/robot)"
157.55.39.39 - - [02/Mar/2017:04:03:07 +0100] "GET /hirlevel/vonattal1311.html HTTP/1.1" 404 1181 "-" "Mozilla/5.0 (compatible; bingbot/2.0; +http://www.bing.com/bingbot.htm)"
180.76.15.144 - - [02/Mar/2017:04:25:30 +0100] "GET /doc/mkk_eger_tanulmany_2014.pdf HTTP/1.1" 200 589824 "-" "Mozilla/5.0 (compatible; Baiduspider/2.0; +http://www.baidu.com/search/spider.html)"
54.172.241.121 - - [02/Mar/2017:04:37:23 +0100] "GET /robots.txt HTTP/1.1" 404 1181 "-" "ltx71 - (http://ltx71.com/)"
66.249.66.183 - - [02/Mar/2017:04:37:31 +0100] "GET /doc/barkorichard_0706222.pdf HTTP/1.1" 404 1181 "-" "Mozilla/5.0 (compatible; Googlebot/2.1; +http://www.google.com/bot.html)"
37.187.56.47 - - [02/Mar/2017:04:54:02 +0100] "GET /robots.txt HTTP/1.0" 404 1181 "-" ""
37.187.56.47 - - [02/Mar/2017:04:54:03 +0100] "GET / HTTP/1.1" 206 2023 "-" "Mozilla/5.0 (X11; U; Linux amd64; rv:5.0) Gecko/20100101 Firefox/5.0 (Debian)"
37.187.56.47 - - [02/Mar/2017:04:54:05 +0100] "GET /kikvagyunk2.htm HTTP/1.1" 206 17375 "-" "Mozilla/5.0 (X11; U; Linux amd64; rv:5.0) Gecko/20100101 Firefox/5.0 (Debian)"
37.187.56.47 - - [02/Mar/2017:04:54:07 +0100] "GET /projektek2.htm HTTP/1.1" 206 7634 "-" "Mozilla/5.0 (X11; U; Linux amd64; rv:5.0) Gecko/20100101 Firefox/5.0 (Debian)"
37.187.56.47 - - [02/Mar/2017:04:54:09 +0100] "GET /tagsag2.htm HTTP/1.1" 206 1335 "-" "Mozilla/5.0 (X11; U; Linux amd64; rv:5.0) Gecko/20100101 Firefox/5.0 (Debian)"
52.3.127.144 - - [02/Mar/2017:04:54:11 +0100] "GET /robots.txt HTTP/1.1" 404 1181 "-" "ltx71 - (http://ltx71.com/)"
54.172.241.121 - - [02/Mar/2017:04:56:06 +0100] "GET /robots.txt HTTP/1.1" 404 1181 "-" "ltx71 - (http://ltx71.com/)"
54.172.241.121 - - [02/Mar/2017:04:56:33 +0100] "GET / HTTP/1.1" 200 2023 "-" "ltx71 - (http://ltx71.com/)"
46.229.164.101 - - [02/Mar/2017:05:12:42 +0100] "GET /robots.txt HTTP/1.1" 404 1181 "-" "Mozilla/5.0 (compatible; SemrushBot/1.2~bl; +http://www.semrush.com/bot.html)"
66.249.66.136 - - [02/Mar/2017:05:40:41 +0100] "GET /doc/eletet-a-vasutnak.pdf HTTP/1.1" 304 - "-" "Mozilla/5.0 (compatible; Googlebot/2.1; +http://www.google.com/bot.html)"
54.172.241.121 - - [02/Mar/2017:05:54:17 +0100] "GET /robots.txt HTTP/1.1" 404 1181 "-" "ltx71 - (http://ltx71.com/)"
66.249.66.183 - - [02/Mar/2017:06:00:08 +0100] "GET /doc/barkorichard_0706222.pdf HTTP/1.1" 404 1181 "-" "Mozilla/5.0 (compatible; Googlebot/2.1; +http://www.google.com/bot.html)"
54.172.241.121 - - [02/Mar/2017:06:35:11 +0100] "GET /robots.txt HTTP/1.1" 404 1181 "-" "ltx71 - (http://ltx71.com/)"
216.244.66.241 - - [02/Mar/2017:06:37:27 +0100] "GET /robots.txt HTTP/1.1" 404 1181 "-" "Mozilla/5.0 (compatible; DotBot/1.1; http://www.opensiteexplorer.org/dotbot, help@moz.com)"
66.249.66.144 - - [02/Mar/2017:06:44:07 +0100] "GET /doc/varos-videk_2009.pdf HTTP/1.1" 304 - "-" "Mozilla/5.0 (compatible; Googlebot/2.1; +http://www.google.com/bot.html)"
216.244.66.241 - - [02/Mar/2017:07:02:23 +0100] "GET /projektek2.htm HTTP/1.1" 200 7634 "-" "Mozilla/5.0 (compatible; DotBot/1.1; http://www.opensiteexplorer.org/dotbot, help@moz.com)"
157.55.39.39 - - [02/Mar/2017:07:27:22 +0100] "GET /doc/osszef_0910.pdf HTTP/1.1" 404 1181 "-" "Mozilla/5.0 (compatible; bingbot/2.0; +http://www.bing.com/bingbot.htm)"
54.172.241.121 - - [02/Mar/2017:07:36:35 +0100] "GET /robots.txt HTTP/1.1" 404 1181 "-" "ltx71 - (http://ltx71.com/)"
207.46.13.38 - - [02/Mar/2017:07:37:05 +0100] "GET /doc/eletet-a-vasutnak.pdf HTTP/1.1" 200 5085257 "-" "Mozilla/5.0 (iPhone; CPU iPhone OS 7_0 like Mac OS X) AppleWebKit/537.51.1 (KHTML, like Gecko) Version/7.0 Mobile/11A465 Safari/9537.53 (compatible; bingbot/2.0; +http://www.bing.com/bingbot.htm)"
176.63.29.40 - - [02/Mar/2017:07:42:47 +0100] "GET /favicon.ico HTTP/1.1" 404 1181 "http://mkk.zpok.hu/doc/varos-videk_2009.pdf" "Mozilla/5.0 (Windows NT 10.0; Win64; x64) AppleWebKit/537.36 (KHTML, like Gecko) Chrome/56.0.2924.87 Safari/537.36"
176.63.29.40 - - [02/Mar/2017:07:42:47 +0100] "GET /doc/varos-videk_2009.pdf HTTP/1.1" 200 1636386 "https://www.google.hu/" "Mozilla/5.0 (Windows NT 10.0; Win64; x64) AppleWebKit/537.36 (KHTML, like Gecko) Chrome/56.0.2924.87 Safari/537.36"
104.197.241.64 - - [02/Mar/2017:07:45:34 +0100] "GET /robots.txt HTTP/1.1" 404 1181 "-" "ltx71 - (http://ltx71.com/)"
54.172.241.121 - - [02/Mar/2017:07:53:18 +0100] "GET /robots.txt HTTP/1.1" 404 1181 "-" "ltx71 - (http://ltx71.com/)"
52.43.202.213 - - [02/Mar/2017:08:02:02 +0100] "GET /doc/b2_201203.jpg HTTP/1.1" 404 1181 "-" "Python-urllib/2.7"
163.172.66.144 - - [02/Mar/2017:08:06:26 +0100] "GET /hirlevel/vonattal1512.html HTTP/1.1" 404 1181 "-" "Mozilla/5.0 (compatible; AhrefsBot/5.2; +http://ahrefs.com/robot/)"
207.46.13.37 - - [02/Mar/2017:08:21:13 +0100] "GET /doc/vonattal_tisza-tohoz_2010.pdf HTTP/1.1" 404 1181 "-" "Mozilla/5.0 (iPhone; CPU iPhone OS 7_0 like Mac OS X) AppleWebKit/537.51.1 (KHTML, like Gecko) Version/7.0 Mobile/11A465 Safari/9537.53 (compatible; bingbot/2.0; +http://www.bing.com/bingbot.htm)"
104.197.241.64 - - [02/Mar/2017:08:22:44 +0100] "GET /robots.txt HTTP/1.1" 404 1181 "-" "ltx71 - (http://ltx71.com/)"
87.97.76.189 - - [02/Mar/2017:08:38:14 +0100] "GET /facebook-logo-preview.png HTTP/1.1" 304 - "http://mkk.zpok.hu/" "Mozilla/5.0 (Windows NT 10.0; Win64; x64) AppleWebKit/537.36 (KHTML, like Gecko) Chrome/56.0.2924.87 Safari/537.36"
87.97.76.189 - - [02/Mar/2017:08:38:14 +0100] "GET /mkk_banner.png HTTP/1.1" 304 - "http://mkk.zpok.hu/" "Mozilla/5.0 (Windows NT 10.0; Win64; x64) AppleWebKit/537.36 (KHTML, like Gecko) Chrome/56.0.2924.87 Safari/537.36"
87.97.76.189 - - [02/Mar/2017:08:38:14 +0100] "GET /blog.jpg HTTP/1.1" 304 - "http://mkk.zpok.hu/" "Mozilla/5.0 (Windows NT 10.0; Win64; x64) AppleWebKit/537.36 (KHTML, like Gecko) Chrome/56.0.2924.87 Safari/537.36"
87.97.76.189 - - [02/Mar/2017:08:38:16 +0100] "GET /favicon.ico HTTP/1.1" 404 1181 "http://mkk.zpok.hu/" "Mozilla/5.0 (Windows NT 10.0; Win64; x64) AppleWebKit/537.36 (KHTML, like Gecko) Chrome/56.0.2924.87 Safari/537.36"
87.97.76.189 - - [02/Mar/2017:08:38:27 +0100] "GET / HTTP/1.1" 304 - "-" "Mozilla/5.0 (Windows NT 10.0; Win64; x64) AppleWebKit/537.36 (KHTML, like Gecko) Chrome/56.0.2924.87 Safari/537.36"
87.97.76.189 - - [02/Mar/2017:08:49:16 +0100] "GET / HTTP/1.1" 304 - "-" "Mozilla/5.0 (Windows NT 10.0; Win64; x64) AppleWebKit/537.36 (KHTML, like Gecko) Chrome/56.0.2924.87 Safari/537.36"
207.46.13.37 - - [02/Mar/2017:08:57:03 +0100] "GET /doc/varos-videk_2009.pdf HTTP/1.1" 200 1636386 "-" "Mozilla/5.0 (iPhone; CPU iPhone OS 7_0 like Mac OS X) AppleWebKit/537.51.1 (KHTML, like Gecko) Version/7.0 Mobile/11A465 Safari/9537.53 (compatible; bingbot/2.0; +http://www.bing.com/bingbot.htm)"
54.172.241.121 - - [02/Mar/2017:09:03:05 +0100] "GET /robots.txt HTTP/1.1" 404 1181 "-" "ltx71 - (http://ltx71.com/)"
87.97.76.189 - - [02/Mar/2017:09:05:54 +0100] "GET / HTTP/1.1" 304 - "-" "Mozilla/5.0 (Windows NT 10.0; Win64; x64) AppleWebKit/537.36 (KHTML, like Gecko) Chrome/56.0.2924.87 Safari/537.36"
54.172.241.121 - - [02/Mar/2017:09:07:49 +0100] "GET /robots.txt HTTP/1.1" 404 1181 "-" "ltx71 - (http://ltx71.com/)"
77.111.90.197 - - [02/Mar/2017:09:15:17 +0100] "GET /doc/konf_0807.pdf HTTP/1.1" 404 1181 "-" "Mozilla/5.0 (Windows NT 6.1; WOW64) AppleWebKit/537.36 (KHTML, like Gecko) Chrome/46.0.2490.71 Safari/537.36"
77.111.90.197 - - [02/Mar/2017:09:15:17 +0100] "GET /doc/konf_0807.pdf HTTP/1.0" 404 1181 "-" "-"
54.172.241.121 - - [02/Mar/2017:09:27:14 +0100] "GET /robots.txt HTTP/1.1" 404 1181 "-" "ltx71 - (http://ltx71.com/)"
54.172.241.121 - - [02/Mar/2017:09:45:06 +0100] "GET /robots.txt HTTP/1.1" 404 1181 "-" "ltx71 - (http://ltx71.com/)"
207.46.13.38 - - [02/Mar/2017:09:48:01 +0100] "GET /robots.txt HTTP/1.1" 404 1181 "-" "Mozilla/5.0 (compatible; bingbot/2.0; +http://www.bing.com/bingbot.htm)"
87.97.76.189 - - [02/Mar/2017:09:52:27 +0100] "GET / HTTP/1.1" 304 - "-" "Mozilla/5.0 (Windows NT 10.0; Win64; x64) AppleWebKit/537.36 (KHTML, like Gecko) Chrome/56.0.2924.87 Safari/537.36"
54.172.241.121 - - [02/Mar/2017:09:58:22 +0100] "GET /robots.txt HTTP/1.1" 404 1181 "-" "ltx71 - (http://ltx71.com/)"
87.97.76.189 - - [02/Mar/2017:10:02:22 +0100] "GET / HTTP/1.1" 304 - "-" "Mozilla/5.0 (Windows NT 10.0; Win64; x64) AppleWebKit/537.36 (KHTML, like Gecko) Chrome/56.0.2924.87 Safari/537.36"
86.101.86.194 - - [02/Mar/2017:10:06:54 +0100] "GET /hirlevel/images/1009_terkep_n.jpg HTTP/1.1" 404 1181 "-" "Mozilla/5.0 (Windows NT 6.3; WOW64; Trident/7.0; rv:11.0) like Gecko"
66.249.66.140 - - [02/Mar/2017:10:16:11 +0100] "GET /hirlevel/2014-2015_3%20%20sz%20%20m%C3%B3dos%C3%ADt%C3%A1s.pdf HTTP/1.1" 404 1181 "-" "Mozilla/5.0 (compatible; Googlebot/2.1; +http://www.google.com/bot.html)"
87.97.76.189 - - [02/Mar/2017:10:16:36 +0100] "GET / HTTP/1.1" 304 - "-" "Mozilla/5.0 (Windows NT 10.0; Win64; x64) AppleWebKit/537.36 (KHTML, like Gecko) Chrome/56.0.2924.87 Safari/537.36"
66.249.66.140 - - [02/Mar/2017:10:21:06 +0100] "GET /hirlevel/a_mi_kis_allomasunk.doc HTTP/1.1" 404 1181 "-" "Mozilla/5.0 (compatible; Googlebot/2.1; +http://www.google.com/bot.html)"
66.249.66.140 - - [02/Mar/2017:10:21:27 +0100] "GET /hirlevel/a_mi_kis_allomasunk.doc HTTP/1.1" 404 1181 "-" "Mozilla/5.0 (compatible; Googlebot/2.1; +http://www.google.com/bot.html)"
84.241.248.128 - - [02/Mar/2017:10:27:53 +0100] "GET /images/vasutterkep_n.jpg HTTP/1.1" 404 1181 "https://www.bing.com/" "Mozilla/5.0 (Windows NT 6.1) AppleWebKit/537.36 (KHTML, like Gecko) Chrome/56.0.2924.88 Safari/537.36 Vivaldi/1.7.735.46"
87.97.76.189 - - [02/Mar/2017:10:31:29 +0100] "GET / HTTP/1.1" 304 - "-" "Mozilla/5.0 (Windows NT 10.0; Win64; x64) AppleWebKit/537.36 (KHTML, like Gecko) Chrome/56.0.2924.87 Safari/537.36"
87.97.76.189 - - [02/Mar/2017:10:32:21 +0100] "GET / HTTP/1.1" 304 - "-" "Mozilla/5.0 (Windows NT 10.0; Win64; x64) AppleWebKit/537.36 (KHTML, like Gecko) Chrome/56.0.2924.87 Safari/537.36"
207.46.13.37 - - [02/Mar/2017:10:40:43 +0100] "GET /hirlevel/vonattal1603.html HTTP/1.1" 404 1181 "-" "Mozilla/5.0 (iPhone; CPU iPhone OS 7_0 like Mac OS X) AppleWebKit/537.51.1 (KHTML, like Gecko) Version/7.0 Mobile/11A465 Safari/9537.53 (compatible; bingbot/2.0; +http://www.bing.com/bingbot.htm)"
157.55.39.52 - - [02/Mar/2017:10:41:00 +0100] "GET /doc/mp_utasforum1209.pdf HTTP/1.1" 404 1181 "-" "Mozilla/5.0 (compatible; bingbot/2.0; +http://www.bing.com/bingbot.htm)"
109.236.86.17 - - [02/Mar/2017:10:42:29 +0100] "GET / HTTP/1.1" 200 2023 "-" "Mozilla/5.0 (Windows NT 10.0; Win64; x64) AppleWebKit/537.36 (KHTML, like Gecko) Chrome/39.0.2180.59 Safari/537.36"
109.236.86.17 - - [02/Mar/2017:10:42:29 +0100] "GET /robots.txt HTTP/1.1" 404 1181 "-" "Mozilla/5.0 (Windows NT 6.2; Win64; x64; rv:28.0) Gecko/20100101 Firefox/28.0"
109.236.86.17 - - [02/Mar/2017:10:42:29 +0100] "GET /user HTTP/1.1" 404 1181 "-" "Mozilla/5.0 (Windows NT 6.3; rv:36.0) Gecko/20100101 Firefox/36.0"
109.236.86.17 - - [02/Mar/2017:10:42:29 +0100] "GET /admin HTTP/1.1" 404 1181 "-" "Mozilla/5.0 (X11; Linux i686; rv:47.0) Gecko/20100101 Firefox/47.0"
109.236.86.17 - - [02/Mar/2017:10:42:29 +0100] "GET /wp-login.php HTTP/1.1" 404 1181 "-" "Mozilla/5.0 (X11; Linux i686 on x86_64; rv:33.0) Gecko/20100101 Firefox/33.0"
109.236.86.17 - - [02/Mar/2017:10:42:30 +0100] "GET /blog HTTP/1.1" 200 29833 "-" "Mozilla/5.0 (compatible; MSIE 9.0; Windows NT 6.2; Win64; x64)"
109.236.86.17 - - [02/Mar/2017:10:42:30 +0100] "GET /administrator HTTP/1.1" 404 1181 "-" "Mozilla/5.0 (Windows NT 6.2; WOW64; rv:37.0) Gecko/20100101 Firefox/37.0"
109.236.86.17 - - [02/Mar/2017:10:42:30 +0100] "GET /admin.php HTTP/1.1" 404 1181 "-" "Mozilla/5.0 (X11; Ubuntu; Linux i686) AppleWebKit/537.36 (KHTML, like Gecko) Chrome/49.0.2637.63 Safari/537.36"
66.249.66.177 - - [02/Mar/2017:10:44:26 +0100] "GET /robots.txt HTTP/1.1" 404 1181 "-" "Mozilla/5.0 (compatible; Googlebot/2.1; +http://www.google.com/bot.html)"
66.249.66.180 - - [02/Mar/2017:10:44:27 +0100] "GET /doc/osszefoglalo_070622.pdf HTTP/1.1" 404 1181 "-" "Mozilla/5.0 (compatible; Googlebot/2.1; +http://www.google.com/bot.html)"
84.241.248.128 - - [02/Mar/2017:10:46:41 +0100] "GET /images/vasutterkep_n.jpg HTTP/1.1" 404 1181 "https://www.bing.com/" "Mozilla/5.0 (Windows NT 6.1) AppleWebKit/537.36 (KHTML, like Gecko) Chrome/56.0.2924.88 Safari/537.36 Vivaldi/1.7.735.46"
106.120.173.81 - - [02/Mar/2017:10:53:34 +0100] "GET /robots.txt HTTP/1.1" 404 1181 "-" "Sogou web spider/4.0(+http://www.sogou.com/docs/help/webmasters.htm#07)"
106.120.173.81 - - [02/Mar/2017:10:53:36 +0100] "GET / HTTP/1.1" 304 - "-" "Sogou web spider/4.0(+http://www.sogou.com/docs/help/webmasters.htm#07)"
157.55.39.52 - - [02/Mar/2017:10:54:23 +0100] "GET /doc/b2_2010.pdf HTTP/1.1" 404 1181 "-" "Mozilla/5.0 (iPhone; CPU iPhone OS 7_0 like Mac OS X) AppleWebKit/537.51.1 (KHTML, like Gecko) Version/7.0 Mobile/11A465 Safari/9537.53 (compatible; bingbot/2.0; +http://www.bing.com/bingbot.htm)"
87.97.76.189 - - [02/Mar/2017:10:55:52 +0100] "GET / HTTP/1.1" 304 - "-" "Mozilla/5.0 (Windows NT 10.0; Win64; x64) AppleWebKit/537.36 (KHTML, like Gecko) Chrome/56.0.2924.87 Safari/537.36"
104.131.147.112 - - [02/Mar/2017:11:01:55 +0100] "GET / HTTP/1.1" 200 2023 "-" "Mozilla/5.0 (compatible; Gluten Free Crawler/1.0; +http://glutenfreepleasure.com/)"
87.97.76.189 - - [02/Mar/2017:11:03:58 +0100] "GET / HTTP/1.1" 304 - "-" "Mozilla/5.0 (Windows NT 10.0; Win64; x64) AppleWebKit/537.36 (KHTML, like Gecko) Chrome/56.0.2924.87 Safari/537.36"
54.172.241.121 - - [02/Mar/2017:11:10:02 +0100] "GET /robots.txt HTTP/1.1" 404 1181 "-" "ltx71 - (http://ltx71.com/)"
54.172.241.121 - - [02/Mar/2017:11:10:19 +0100] "GET /kikvagyunk2.htm HTTP/1.1" 200 17375 "-" "ltx71 - (http://ltx71.com/)"
131.253.25.196 - - [02/Mar/2017:11:10:25 +0100] "GET /doc/eletet-a-vasutnak.pdf HTTP/1.1" 200 4317184 "-" "Mozilla/5.0 (iPhone; CPU iPhone OS 7_0 like Mac OS X) AppleWebKit/537.51.1 (KHTML, like Gecko) Version/7.0 Mobile/11A465 Safari/9537.53 BingPreview/1.0b"
77.111.90.197 - - [02/Mar/2017:11:14:10 +0100] "GET / HTTP/1.1" 200 2023 "-" "Mozilla/5.0 (Windows NT 6.1; WOW64) AppleWebKit/537.36 (KHTML, like Gecko) Chrome/46.0.2490.71 Safari/537.36"
77.111.90.197 - - [02/Mar/2017:11:14:10 +0100] "GET / HTTP/1.0" 200 2023 "-" "-"
87.97.76.189 - - [02/Mar/2017:11:14:37 +0100] "GET / HTTP/1.1" 304 - "-" "Mozilla/5.0 (Windows NT 10.0; Win64; x64) AppleWebKit/537.36 (KHTML, like Gecko) Chrome/56.0.2924.87 Safari/537.36"
193.6.175.34 - - [02/Mar/2017:11:14:45 +0100] "GET /images/vasutterkep_n.jpg HTTP/1.1" 404 1181 "https://www.bing.com/" "Mozilla/5.0 (Windows NT 10.0; Win64; x64) AppleWebKit/537.36 (KHTML, like Gecko) Chrome/51.0.2704.79 Safari/537.36 Edge/14.14393"
87.97.76.189 - - [02/Mar/2017:11:16:49 +0100] "GET / HTTP/1.1" 304 - "-" "Mozilla/5.0 (Windows NT 10.0; Win64; x64) AppleWebKit/537.36 (KHTML, like Gecko) Chrome/56.0.2924.87 Safari/537.36"
162.210.196.97 - - [02/Mar/2017:11:27:08 +0100] "GET /robots.txt HTTP/1.1" 404 1181 "-" "Mozilla/5.0 (compatible; MJ12bot/v1.4.8; http://mj12bot.com/)"
162.210.196.97 - - [02/Mar/2017:11:27:11 +0100] "GET / HTTP/1.1" 200 2023 "-" "Mozilla/5.0 (compatible; MJ12bot/v1.4.8; http://mj12bot.com/)"
162.210.196.97 - - [02/Mar/2017:11:27:15 +0100] "GET /robots.txt HTTP/1.1" 404 1181 "-" "Mozilla/5.0 (compatible; MJ12bot/v1.4.8; http://mj12bot.com/)"
162.210.196.97 - - [02/Mar/2017:11:27:16 +0100] "GET / HTTP/1.1" 200 2023 "-" "Mozilla/5.0 (compatible; MJ12bot/v1.4.8; http://mj12bot.com/)"
66.249.66.136 - - [02/Mar/2017:11:30:09 +0100] "GET /robots.txt HTTP/1.1" 404 1181 "-" "Mozilla/5.0 (compatible; Googlebot/2.1; +http://www.google.com/bot.html)"
66.249.66.140 - - [02/Mar/2017:11:30:09 +0100] "GET /hirlevel/dombovar_1109.pdf HTTP/1.1" 404 1181 "-" "Mozilla/5.0 (compatible; Googlebot/2.1; +http://www.google.com/bot.html)"
66.249.66.180 - - [02/Mar/2017:11:30:27 +0100] "GET /hirlevel/dombovar_1109.pdf HTTP/1.1" 404 1181 "-" "Mozilla/5.0 (compatible; Googlebot/2.1; +http://www.google.com/bot.html)"
207.46.13.38 - - [02/Mar/2017:11:34:11 +0100] "GET /doc/ungarn_regionalbahnen_0912.pdf HTTP/1.1" 404 1181 "-" "Mozilla/5.0 (compatible; bingbot/2.0; +http://www.bing.com/bingbot.htm)"
192.157.254.197 - - [02/Mar/2017:11:35:02 +0100] "HEAD / HTTP/1.1" 200 0 "https://www.inboundlinks.win/InboundLinks/mkk.zpok.hu" "Mozilla/5.0 (compatible; MSIE 9.0; Windows NT 6.1; WOW64; Trident/5.0)"
66.249.66.140 - - [02/Mar/2017:11:35:05 +0100] "GET /hirlevel/dunaujvaros_1109.pdf HTTP/1.1" 404 1181 "-" "Mozilla/5.0 (compatible; Googlebot/2.1; +http://www.google.com/bot.html)"
66.249.66.177 - - [02/Mar/2017:11:35:20 +0100] "GET /hirlevel/dunaujvaros_1109.pdf HTTP/1.1" 404 1181 "-" "Mozilla/5.0 (compatible; Googlebot/2.1; +http://www.google.com/bot.html)"
66.249.66.183 - - [02/Mar/2017:11:40:00 +0100] "GET /hirlevel/dombovar_1109.pdf HTTP/1.1" 404 1181 "-" "Mozilla/5.0 (compatible; Googlebot/2.1; +http://www.google.com/bot.html)"
66.249.66.177 - - [02/Mar/2017:11:44:56 +0100] "GET /hirlevel/dunaujvaros_1109.pdf HTTP/1.1" 404 1181 "-" "Mozilla/5.0 (compatible; Googlebot/2.1; +http://www.google.com/bot.html)"
87.97.76.189 - - [02/Mar/2017:11:50:53 +0100] "GET / HTTP/1.1" 304 - "-" "Mozilla/5.0 (Windows NT 10.0; Win64; x64) AppleWebKit/537.36 (KHTML, like Gecko) Chrome/56.0.2924.87 Safari/537.36"
66.249.66.177 - - [02/Mar/2017:11:54:51 +0100] "GET /doc/forum_valaszok_0903.pdf HTTP/1.1" 404 1181 "-" "Mozilla/5.0 (compatible; Googlebot/2.1; +http://www.google.com/bot.html)"
87.97.76.189 - - [02/Mar/2017:12:07:24 +0100] "GET / HTTP/1.1" 304 - "-" "Mozilla/5.0 (Windows NT 10.0; Win64; x64) AppleWebKit/537.36 (KHTML, like Gecko) Chrome/56.0.2924.87 Safari/537.36"
87.97.76.189 - - [02/Mar/2017:12:09:20 +0100] "GET / HTTP/1.1" 304 - "-" "Mozilla/5.0 (Windows NT 10.0; Win64; x64) AppleWebKit/537.36 (KHTML, like Gecko) Chrome/56.0.2924.87 Safari/537.36"
66.249.66.136 - - [02/Mar/2017:12:14:32 +0100] "GET /images/b2_2012_03_%2Bterkepkep.pdf HTTP/1.1" 404 1181 "-" "Mozilla/5.0 (compatible; Googlebot/2.1; +http://www.google.com/bot.html)"
54.172.241.121 - - [02/Mar/2017:12:17:10 +0100] "GET /robots.txt HTTP/1.1" 404 1181 "-" "ltx71 - (http://ltx71.com/)"
216.244.66.241 - - [02/Mar/2017:12:24:14 +0100] "GET /robots.txt HTTP/1.1" 404 1181 "-" "Mozilla/5.0 (compatible; DotBot/1.1; http://www.opensiteexplorer.org/dotbot, help@moz.com)"
54.172.241.121 - - [02/Mar/2017:12:25:32 +0100] "GET /robots.txt HTTP/1.1" 404 1181 "-" "ltx71 - (http://ltx71.com/)"
87.97.76.189 - - [02/Mar/2017:12:27:48 +0100] "GET / HTTP/1.1" 304 - "-" "Mozilla/5.0 (Windows NT 10.0; Win64; x64) AppleWebKit/537.36 (KHTML, like Gecko) Chrome/56.0.2924.87 Safari/537.36"
87.97.76.189 - - [02/Mar/2017:12:34:25 +0100] "GET / HTTP/1.1" 304 - "-" "Mozilla/5.0 (Windows NT 10.0; Win64; x64) AppleWebKit/537.36 (KHTML, like Gecko) Chrome/56.0.2924.87 Safari/537.36"
207.46.13.37 - - [02/Mar/2017:12:42:08 +0100] "GET /doc/b2_2012_03.pdf HTTP/1.1" 404 1181 "-" "Mozilla/5.0 (iPhone; CPU iPhone OS 7_0 like Mac OS X) AppleWebKit/537.51.1 (KHTML, like Gecko) Version/7.0 Mobile/11A465 Safari/9537.53 (compatible; bingbot/2.0; +http://www.bing.com/bingbot.htm)"
216.244.66.241 - - [02/Mar/2017:12:46:20 +0100] "GET /hirlevel/vonattal1505.html HTTP/1.1" 404 1181 "-" "Mozilla/5.0 (compatible; DotBot/1.1; http://www.opensiteexplorer.org/dotbot, help@moz.com)"
188.112.87.76 - - [02/Mar/2017:12:53:29 +0100] "GET /images/vasutterkep_n.jpg HTTP/1.1" 404 1181 "https://www.bing.com/" "Mozilla/5.0 (Windows NT 10.0; Win64; x64) AppleWebKit/537.36 (KHTML, like Gecko) Chrome/51.0.2704.79 Safari/537.36 Edge/14.14393"
207.46.13.38 - - [02/Mar/2017:12:57:37 +0100] "GET /hirlevel/majdan_janos_a_kozlekedes_tortenete_nagy_laszlo.pdf HTTP/1.1" 404 1181 "-" "Mozilla/5.0 (compatible; bingbot/2.0; +http://www.bing.com/bingbot.htm)"
66.249.66.136 - - [02/Mar/2017:13:03:51 +0100] "GET /doc/ttft.pdf HTTP/1.1" 304 - "-" "Mozilla/5.0 (compatible; Googlebot/2.1; +http://www.google.com/bot.html)"
157.55.39.52 - - [02/Mar/2017:13:14:20 +0100] "GET /hirlevel/godollo.jpg HTTP/1.1" 404 1181 "-" "Mozilla/5.0 (compatible; bingbot/2.0; +http://www.bing.com/bingbot.htm)"
207.46.13.38 - - [02/Mar/2017:13:15:26 +0100] "GET /hirlevel/images/1410_u.jpg HTTP/1.1" 404 1181 "-" "Mozilla/5.0 (compatible; bingbot/2.0; +http://www.bing.com/bingbot.htm)"
87.97.76.189 - - [02/Mar/2017:13:29:39 +0100] "GET / HTTP/1.1" 304 - "https://www.google.hu/" "Mozilla/5.0 (Windows NT 10.0; Win64; x64) AppleWebKit/537.36 (KHTML, like Gecko) Chrome/56.0.2924.87 Safari/537.36"
87.97.76.189 - - [02/Mar/2017:13:29:39 +0100] "GET /facebook-logo-preview.png HTTP/1.1" 304 - "http://www.mkk.zpok.hu/" "Mozilla/5.0 (Windows NT 10.0; Win64; x64) AppleWebKit/537.36 (KHTML, like Gecko) Chrome/56.0.2924.87 Safari/537.36"
87.97.76.189 - - [02/Mar/2017:13:29:39 +0100] "GET /mkk_banner.png HTTP/1.1" 304 - "http://www.mkk.zpok.hu/" "Mozilla/5.0 (Windows NT 10.0; Win64; x64) AppleWebKit/537.36 (KHTML, like Gecko) Chrome/56.0.2924.87 Safari/537.36"
87.97.76.189 - - [02/Mar/2017:13:29:39 +0100] "GET /blog.jpg HTTP/1.1" 304 - "http://www.mkk.zpok.hu/" "Mozilla/5.0 (Windows NT 10.0; Win64; x64) AppleWebKit/537.36 (KHTML, like Gecko) Chrome/56.0.2924.87 Safari/537.36"
66.249.66.136 - - [02/Mar/2017:13:31:32 +0100] "GET /doc/tour_201107.pdf HTTP/1.1" 404 1181 "-" "Mozilla/5.0 (compatible; Googlebot/2.1; +http://www.google.com/bot.html)"
216.244.66.241 - - [02/Mar/2017:13:37:14 +0100] "GET /robots.txt HTTP/1.1" 404 1181 "-" "Mozilla/5.0 (compatible; DotBot/1.1; http://www.opensiteexplorer.org/dotbot, help@moz.com)"
54.172.241.121 - - [02/Mar/2017:13:38:58 +0100] "GET /robots.txt HTTP/1.1" 404 1181 "-" "ltx71 - (http://ltx71.com/)"
87.97.76.189 - - [02/Mar/2017:13:42:21 +0100] "GET / HTTP/1.1" 304 - "-" "Mozilla/5.0 (Windows NT 10.0; Win64; x64) AppleWebKit/537.36 (KHTML, like Gecko) Chrome/56.0.2924.87 Safari/537.36"
207.46.13.38 - - [02/Mar/2017:13:47:46 +0100] "GET /hirlevel/mobilitasi_het_program_2014.pdf HTTP/1.1" 404 1181 "-" "Mozilla/5.0 (compatible; bingbot/2.0; +http://www.bing.com/bingbot.htm)"
68.180.230.34 - - [02/Mar/2017:13:48:54 +0100] "GET /robots.txt HTTP/1.1" 404 1181 "-" "Mozilla/5.0 (compatible; Yahoo! Slurp; http://help.yahoo.com/help/us/ysearch/slurp)"
68.180.230.34 - - [02/Mar/2017:13:48:55 +0100] "GET /hirlevel/rajzpalyazateredmeny_201411.pdf HTTP/1.1" 404 1181 "-" "Mozilla/5.0 (compatible; Yahoo! Slurp; http://help.yahoo.com/help/us/ysearch/slurp)"
216.244.66.241 - - [02/Mar/2017:13:58:01 +0100] "GET /tagsag2.htm HTTP/1.1" 200 1335 "-" "Mozilla/5.0 (compatible; DotBot/1.1; http://www.opensiteexplorer.org/dotbot, help@moz.com)"
66.249.66.180 - - [02/Mar/2017:13:59:14 +0100] "GET /doc/barkorichard_0706222.pdf HTTP/1.1" 404 1181 "-" "Mozilla/5.0 (compatible; Googlebot/2.1; +http://www.google.com/bot.html)"
66.249.66.144 - - [02/Mar/2017:14:03:51 +0100] "GET /doc/feketebalog.pdf HTTP/1.1" 404 1181 "-" "Mozilla/5.0 (compatible; Googlebot/2.1; +http://www.google.com/bot.html)"
87.97.76.189 - - [02/Mar/2017:14:06:13 +0100] "GET /projektek2.htm HTTP/1.1" 304 - "http://mkk.zpok.hu/" "Mozilla/5.0 (Windows NT 10.0; Win64; x64) AppleWebKit/537.36 (KHTML, like Gecko) Chrome/56.0.2924.87 Safari/537.36"
87.97.76.189 - - [02/Mar/2017:14:06:13 +0100] "GET /icons/icons_k/westtakt.png HTTP/1.1" 304 - "http://mkk.zpok.hu/projektek2.htm" "Mozilla/5.0 (Windows NT 10.0; Win64; x64) AppleWebKit/537.36 (KHTML, like Gecko) Chrome/56.0.2924.87 Safari/537.36"
87.97.76.189 - - [02/Mar/2017:14:06:13 +0100] "GET /icons/icons_k/ipoly.png HTTP/1.1" 304 - "http://mkk.zpok.hu/projektek2.htm" "Mozilla/5.0 (Windows NT 10.0; Win64; x64) AppleWebKit/537.36 (KHTML, like Gecko) Chrome/56.0.2924.87 Safari/537.36"
87.97.76.189 - - [02/Mar/2017:14:06:13 +0100] "GET /icons/icons_k/aps.png HTTP/1.1" 304 - "http://mkk.zpok.hu/projektek2.htm" "Mozilla/5.0 (Windows NT 10.0; Win64; x64) AppleWebKit/537.36 (KHTML, like Gecko) Chrome/56.0.2924.87 Safari/537.36"
87.97.76.189 - - [02/Mar/2017:14:06:13 +0100] "GET /icons/icons_k/eger.png HTTP/1.1" 304 - "http://mkk.zpok.hu/projektek2.htm" "Mozilla/5.0 (Windows NT 10.0; Win64; x64) AppleWebKit/537.36 (KHTML, like Gecko) Chrome/56.0.2924.87 Safari/537.36"
87.97.76.189 - - [02/Mar/2017:14:06:13 +0100] "GET /icons/icons_k/fogadj.png HTTP/1.1" 304 - "http://mkk.zpok.hu/projektek2.htm" "Mozilla/5.0 (Windows NT 10.0; Win64; x64) AppleWebKit/537.36 (KHTML, like Gecko) Chrome/56.0.2924.87 Safari/537.36"
87.97.76.189 - - [02/Mar/2017:14:06:13 +0100] "GET /icons/icons_k/kiskore.png HTTP/1.1" 200 25890 "http://mkk.zpok.hu/projektek2.htm" "Mozilla/5.0 (Windows NT 10.0; Win64; x64) AppleWebKit/537.36 (KHTML, like Gecko) Chrome/56.0.2924.87 Safari/537.36"
87.97.76.189 - - [02/Mar/2017:14:06:13 +0100] "GET /icons/icons_k/bringa.png HTTP/1.1" 200 22141 "http://mkk.zpok.hu/projektek2.htm" "Mozilla/5.0 (Windows NT 10.0; Win64; x64) AppleWebKit/537.36 (KHTML, like Gecko) Chrome/56.0.2924.87 Safari/537.36"
87.97.76.189 - - [02/Mar/2017:14:06:17 +0100] "GET /tagsag2.htm HTTP/1.1" 304 - "http://mkk.zpok.hu/" "Mozilla/5.0 (Windows NT 10.0; Win64; x64) AppleWebKit/537.36 (KHTML, like Gecko) Chrome/56.0.2924.87 Safari/537.36"
87.97.76.189 - - [02/Mar/2017:14:06:22 +0100] "GET /kikvagyunk2.htm HTTP/1.1" 200 17375 "http://mkk.zpok.hu/" "Mozilla/5.0 (Windows NT 10.0; Win64; x64) AppleWebKit/537.36 (KHTML, like Gecko) Chrome/56.0.2924.87 Safari/537.36"
87.97.76.189 - - [02/Mar/2017:14:06:22 +0100] "GET /icons/icons_k/6.png HTTP/1.1" 304 - "http://mkk.zpok.hu/kikvagyunk2.htm" "Mozilla/5.0 (Windows NT 10.0; Win64; x64) AppleWebKit/537.36 (KHTML, like Gecko) Chrome/56.0.2924.87 Safari/537.36"
87.97.76.189 - - [02/Mar/2017:14:06:22 +0100] "GET /icons/icons_k/1.png HTTP/1.1" 304 - "http://mkk.zpok.hu/kikvagyunk2.htm" "Mozilla/5.0 (Windows NT 10.0; Win64; x64) AppleWebKit/537.36 (KHTML, like Gecko) Chrome/56.0.2924.87 Safari/537.36"
87.97.76.189 - - [02/Mar/2017:14:06:22 +0100] "GET /icons/icons_k/4.png HTTP/1.1" 304 - "http://mkk.zpok.hu/kikvagyunk2.htm" "Mozilla/5.0 (Windows NT 10.0; Win64; x64) AppleWebKit/537.36 (KHTML, like Gecko) Chrome/56.0.2924.87 Safari/537.36"
87.97.76.189 - - [02/Mar/2017:14:06:22 +0100] "GET /icons/icons_k/5.png HTTP/1.1" 304 - "http://mkk.zpok.hu/kikvagyunk2.htm" "Mozilla/5.0 (Windows NT 10.0; Win64; x64) AppleWebKit/537.36 (KHTML, like Gecko) Chrome/56.0.2924.87 Safari/537.36"
87.97.76.189 - - [02/Mar/2017:14:06:22 +0100] "GET /icons/icons_k/2.png HTTP/1.1" 304 - "http://mkk.zpok.hu/kikvagyunk2.htm" "Mozilla/5.0 (Windows NT 10.0; Win64; x64) AppleWebKit/537.36 (KHTML, like Gecko) Chrome/56.0.2924.87 Safari/537.36"
87.97.76.189 - - [02/Mar/2017:14:06:22 +0100] "GET /icons/icons_k/3.png HTTP/1.1" 200 5625 "http://mkk.zpok.hu/kikvagyunk2.htm" "Mozilla/5.0 (Windows NT 10.0; Win64; x64) AppleWebKit/537.36 (KHTML, like Gecko) Chrome/56.0.2924.87 Safari/537.36"
87.97.76.189 - - [02/Mar/2017:14:06:22 +0100] "GET /icons/icons_k/balage.png HTTP/1.1" 304 - "http://mkk.zpok.hu/kikvagyunk2.htm" "Mozilla/5.0 (Windows NT 10.0; Win64; x64) AppleWebKit/537.36 (KHTML, like Gecko) Chrome/56.0.2924.87 Safari/537.36"
