193.224.22.162 - - [10/Apr/2017:21:40:54 +0200] "GET /icons/icons_k/aps.png HTTP/1.0" 200 8274 "http://mkk.zpok.hu/projektek2.htm" "Mozilla/5.0 (compatible; heritrix/3.3.0-SNAPSHOT-20161014-0013 +http://www.oszk.hu)"
193.224.22.162 - - [10/Apr/2017:21:40:59 +0200] "GET /icons/icons_k/fogadj.png HTTP/1.0" 200 31018 "http://mkk.zpok.hu/projektek2.htm" "Mozilla/5.0 (compatible; heritrix/3.3.0-SNAPSHOT-20161014-0013 +http://www.oszk.hu)"
104.154.58.95 - - [10/Apr/2017:21:41:07 +0200] "GET /robots.txt HTTP/1.1" 404 1181 "-" "ltx71 - (http://ltx71.com/)"
193.224.22.162 - - [10/Apr/2017:21:41:17 +0200] "GET /icons/icons_k/kiskore.png HTTP/1.0" 200 25890 "http://mkk.zpok.hu/projektek2.htm" "Mozilla/5.0 (compatible; heritrix/3.3.0-SNAPSHOT-20161014-0013 +http://www.oszk.hu)"
193.224.22.162 - - [10/Apr/2017:21:41:34 +0200] "GET /icons/icons_k/ipoly.png HTTP/1.0" 200 26376 "http://mkk.zpok.hu/projektek2.htm" "Mozilla/5.0 (compatible; heritrix/3.3.0-SNAPSHOT-20161014-0013 +http://www.oszk.hu)"
104.154.58.95 - - [10/Apr/2017:21:41:47 +0200] "GET /doc/mkk_eger_tanulmany_2014.pdf HTTP/1.1" 200 851104 "-" "ltx71 - (http://ltx71.com/)"
193.224.22.162 - - [10/Apr/2017:21:41:53 +0200] "GET /icons/icons_k/bringa.png HTTP/1.0" 200 22141 "http://mkk.zpok.hu/projektek2.htm" "Mozilla/5.0 (compatible; heritrix/3.3.0-SNAPSHOT-20161014-0013 +http://www.oszk.hu)"
193.224.22.162 - - [10/Apr/2017:21:42:06 +0200] "GET /tagsag2.htm HTTP/1.0" 200 1335 "http://mkk.zpok.hu/" "Mozilla/5.0 (compatible; heritrix/3.3.0-SNAPSHOT-20161014-0013 +http://www.oszk.hu)"
193.224.22.162 - - [10/Apr/2017:21:42:15 +0200] "GET /doc/alapsz03.pdf HTTP/1.0" 200 6009944 "http://mkk.zpok.hu/kikvagyunk2.htm" "Mozilla/5.0 (compatible; heritrix/3.3.0-SNAPSHOT-20161014-0013 +http://www.oszk.hu)"
193.224.22.162 - - [10/Apr/2017:21:42:32 +0200] "GET /doc/belepesinyilatkozat.pdf HTTP/1.0" 200 403937 "http://mkk.zpok.hu/kikvagyunk2.htm" "Mozilla/5.0 (compatible; heritrix/3.3.0-SNAPSHOT-20161014-0013 +http://www.oszk.hu)"
193.224.22.162 - - [10/Apr/2017:21:42:37 +0200] "GET /doc/kozh.zip HTTP/1.0" 200 14574903 "http://mkk.zpok.hu/kikvagyunk2.htm" "Mozilla/5.0 (compatible; heritrix/3.3.0-SNAPSHOT-20161014-0013 +http://www.oszk.hu)"
193.224.22.162 - - [10/Apr/2017:21:42:55 +0200] "GET /doc/mkk_eger_tanulmany_2014.pdf HTTP/1.0" 200 851104 "http://mkk.zpok.hu/projektek2.htm" "Mozilla/5.0 (compatible; heritrix/3.3.0-SNAPSHOT-20161014-0013 +http://www.oszk.hu)"
193.224.22.162 - - [10/Apr/2017:21:42:59 +0200] "GET /doc/80_sln_su.pdf HTTP/1.0" 200 130637 "http://mkk.zpok.hu/projektek2.htm" "Mozilla/5.0 (compatible; heritrix/3.3.0-SNAPSHOT-20161014-0013 +http://www.oszk.hu)"
193.224.22.162 - - [10/Apr/2017:21:43:19 +0200] "GET /doc/87_fa_szv.pdf HTTP/1.0" 200 56286 "http://mkk.zpok.hu/projektek2.htm" "Mozilla/5.0 (compatible; heritrix/3.3.0-SNAPSHOT-20161014-0013 +http://www.oszk.hu)"
193.224.22.162 - - [10/Apr/2017:21:43:30 +0200] "GET /doc/westtakt_final_20160405.pdf HTTP/1.0" 200 633098 "http://mkk.zpok.hu/projektek2.htm" "Mozilla/5.0 (compatible; heritrix/3.3.0-SNAPSHOT-20161014-0013 +http://www.oszk.hu)"
193.224.22.162 - - [10/Apr/2017:21:43:38 +0200] "GET /doc/westtakt_mnr_tkp.zip HTTP/1.0" 200 548715 "http://mkk.zpok.hu/projektek2.htm" "Mozilla/5.0 (compatible; heritrix/3.3.0-SNAPSHOT-20161014-0013 +http://www.oszk.hu)"
193.224.22.162 - - [10/Apr/2017:21:43:49 +0200] "GET /doc/hu_aps_positivbeispiele_aufl2_070622_klein.pdf HTTP/1.0" 200 2887217 "http://mkk.zpok.hu/projektek2.htm" "Mozilla/5.0 (compatible; heritrix/3.3.0-SNAPSHOT-20161014-0013 +http://www.oszk.hu)"
193.224.22.162 - - [10/Apr/2017:21:44:31 +0200] "GET /doc/varos-videk_2009.pdf HTTP/1.0" 200 1636386 "http://mkk.zpok.hu/projektek2.htm" "Mozilla/5.0 (compatible; heritrix/3.3.0-SNAPSHOT-20161014-0013 +http://www.oszk.hu)"
193.224.22.162 - - [10/Apr/2017:21:44:37 +0200] "GET /doc/ttft.pdf HTTP/1.0" 200 6493253 "http://mkk.zpok.hu/projektek2.htm" "Mozilla/5.0 (compatible; heritrix/3.3.0-SNAPSHOT-20161014-0013 +http://www.oszk.hu)"
193.224.22.162 - - [10/Apr/2017:21:44:50 +0200] "GET /doc/eletet-a-vasutnak.pdf HTTP/1.0" 200 5085257 "http://mkk.zpok.hu/projektek2.htm" "Mozilla/5.0 (compatible; heritrix/3.3.0-SNAPSHOT-20161014-0013 +http://www.oszk.hu)"
193.224.22.162 - - [10/Apr/2017:21:45:10 +0200] "GET /doc/ipoly_konf.zip HTTP/1.0" 200 5902441 "http://mkk.zpok.hu/projektek2.htm" "Mozilla/5.0 (compatible; heritrix/3.3.0-SNAPSHOT-20161014-0013 +http://www.oszk.hu)"
193.224.22.162 - - [10/Apr/2017:21:45:28 +0200] "GET /doc/kerparoskozlekedes.pdf HTTP/1.0" 200 2540119 "http://mkk.zpok.hu/projektek2.htm" "Mozilla/5.0 (compatible; heritrix/3.3.0-SNAPSHOT-20161014-0013 +http://www.oszk.hu)"
193.224.22.162 - - [10/Apr/2017:21:45:40 +0200] "GET /doc/bartok_20160703.pdf HTTP/1.0" 200 284990 "http://mkk.zpok.hu/projektek2.htm" "Mozilla/5.0 (compatible; heritrix/3.3.0-SNAPSHOT-20161014-0013 +http://www.oszk.hu)"
104.154.58.95 - - [10/Apr/2017:21:46:34 +0200] "GET /robots.txt HTTP/1.1" 404 1181 "-" "ltx71 - (http://ltx71.com/)"
104.154.58.95 - - [10/Apr/2017:21:47:58 +0200] "GET /doc/allomasok_kepes_osszefoglaloja.pdf HTTP/1.1" 200 343199 "-" "ltx71 - (http://ltx71.com/)"
192.157.254.197 - - [10/Apr/2017:21:53:10 +0200] "HEAD / HTTP/1.1" 200 0 "https://www.inboundlinks.win/InboundLinks/mkk.zpok.hu" "Mozilla/5.0 (compatible; MSIE 9.0; Windows NT 6.1; WOW64; Trident/5.0)"
104.154.58.95 - - [10/Apr/2017:21:54:52 +0200] "GET /robots.txt HTTP/1.1" 404 1181 "-" "ltx71 - (http://ltx71.com/)"
64.62.252.162 - - [10/Apr/2017:21:57:56 +0200] "GET /robots.txt HTTP/1.1" 404 1181 "-" "BUbiNG (+http://law.di.unimi.it/BUbiNG.html)"
64.62.252.162 - - [10/Apr/2017:21:57:56 +0200] "GET / HTTP/1.1" 200 2023 "-" "BUbiNG (+http://law.di.unimi.it/BUbiNG.html)"
104.154.58.95 - - [10/Apr/2017:22:06:25 +0200] "GET /robots.txt HTTP/1.1" 404 1181 "-" "ltx71 - (http://ltx71.com/)"
68.180.229.186 - - [10/Apr/2017:22:24:01 +0200] "GET /hirlevel/vonattal1512.html HTTP/1.1" 404 1181 "-" "Mozilla/5.0 (compatible; Yahoo! Slurp; http://help.yahoo.com/help/us/ysearch/slurp)"
203.133.170.70 - - [10/Apr/2017:22:27:22 +0200] "GET /robots.txt HTTP/1.1" 404 1181 "-" "Mozilla/5.0 (compatible; Daum/4.1; +http://cs.daum.net/faq/15/4118.html?faqId=28966)"
203.133.170.70 - - [10/Apr/2017:22:27:22 +0200] "GET / HTTP/1.1" 200 2023 "-" "Mozilla/5.0 (compatible; Daum/4.1; +http://cs.daum.net/faq/15/4118.html?faqId=28966)"
104.154.58.95 - - [10/Apr/2017:22:45:35 +0200] "GET /robots.txt HTTP/1.1" 404 1181 "-" "ltx71 - (http://ltx71.com/)"
104.154.58.95 - - [10/Apr/2017:22:47:39 +0200] "GET /doc/kerparoskozlekedes.pdf HTTP/1.1" 200 2540119 "-" "ltx71 - (http://ltx71.com/)"
68.180.231.33 - - [10/Apr/2017:22:47:51 +0200] "GET /robots.txt HTTP/1.1" 404 1181 "-" "Mozilla/5.0 (compatible; Yahoo! Slurp; http://help.yahoo.com/help/us/ysearch/slurp)"
68.180.231.33 - - [10/Apr/2017:22:47:52 +0200] "GET / HTTP/1.1" 304 - "-" "Mozilla/5.0 (compatible; Yahoo! Slurp; http://help.yahoo.com/help/us/ysearch/slurp)"
104.154.58.95 - - [10/Apr/2017:22:56:52 +0200] "GET /robots.txt HTTP/1.1" 404 1181 "-" "ltx71 - (http://ltx71.com/)"
104.154.58.95 - - [10/Apr/2017:22:58:47 +0200] "GET /doc/westtakt_final_20160405.pdf HTTP/1.1" 200 633098 "-" "ltx71 - (http://ltx71.com/)"
104.154.58.95 - - [10/Apr/2017:23:02:40 +0200] "GET /robots.txt HTTP/1.1" 404 1181 "-" "ltx71 - (http://ltx71.com/)"
180.76.15.22 - - [10/Apr/2017:23:10:26 +0200] "GET / HTTP/1.1" 304 - "-" "Mozilla/5.0 (compatible; Baiduspider/2.0; +http://www.baidu.com/search/spider.html)"
104.154.58.95 - - [10/Apr/2017:23:21:09 +0200] "GET /robots.txt HTTP/1.1" 404 1181 "-" "ltx71 - (http://ltx71.com/)"
104.154.58.95 - - [10/Apr/2017:23:22:50 +0200] "GET /doc/ttft.pdf HTTP/1.1" 200 234783 "-" "ltx71 - (http://ltx71.com/)"
104.154.58.95 - - [10/Apr/2017:23:23:41 +0200] "GET /doc/ttft.pdf HTTP/1.1" 200 299551 "-" "ltx71 - (http://ltx71.com/)"
104.154.58.95 - - [10/Apr/2017:23:43:32 +0200] "GET /robots.txt HTTP/1.1" 404 1181 "-" "ltx71 - (http://ltx71.com/)"
104.154.58.95 - - [10/Apr/2017:23:48:05 +0200] "GET /robots.txt HTTP/1.1" 404 1181 "-" "ltx71 - (http://ltx71.com/)"
104.154.58.95 - - [10/Apr/2017:23:53:09 +0200] "GET /robots.txt HTTP/1.1" 404 1181 "-" "ltx71 - (http://ltx71.com/)"
178.154.200.56 - - [11/Apr/2017:00:09:36 +0200] "GET /robots.txt HTTP/1.1" 404 1181 "-" "Mozilla/5.0 (compatible; YandexBot/3.0; +http://yandex.com/bots)"
178.154.200.56 - - [11/Apr/2017:00:09:39 +0200] "GET /favicon.ico HTTP/1.1" 404 1181 "-" "Mozilla/5.0 (compatible; YandexBot/3.0; +http://yandex.com/bots)"
104.154.58.95 - - [11/Apr/2017:00:12:16 +0200] "GET /robots.txt HTTP/1.1" 404 1181 "-" "ltx71 - (http://ltx71.com/)"
104.154.58.95 - - [11/Apr/2017:00:14:24 +0200] "GET /doc/allomasok_kepes_osszefoglaloja.pdf HTTP/1.1" 200 437407 "-" "ltx71 - (http://ltx71.com/)"
104.154.58.95 - - [11/Apr/2017:00:18:59 +0200] "GET /robots.txt HTTP/1.1" 404 1181 "-" "ltx71 - (http://ltx71.com/)"
104.154.58.95 - - [11/Apr/2017:00:25:37 +0200] "GET /robots.txt HTTP/1.1" 404 1181 "-" "ltx71 - (http://ltx71.com/)"
104.154.58.95 - - [11/Apr/2017:00:35:58 +0200] "GET /robots.txt HTTP/1.1" 404 1181 "-" "ltx71 - (http://ltx71.com/)"
104.154.58.95 - - [11/Apr/2017:00:45:28 +0200] "GET /robots.txt HTTP/1.1" 404 1181 "-" "ltx71 - (http://ltx71.com/)"
163.172.68.99 - - [11/Apr/2017:01:06:36 +0200] "GET /robots.txt HTTP/1.1" 404 1181 "-" "Mozilla/5.0 ((Windows; U; Windows NT 6.1; fr; rv:1.9.2) Gecko/20100115 Firefox/3.6)"
163.172.68.99 - - [11/Apr/2017:01:06:36 +0200] "GET / HTTP/1.1" 200 2023 "-" "Mozilla/5.0 ((Windows; U; Windows NT 6.1; fr; rv:1.9.2) Gecko/20100115 Firefox/3.6)"
104.154.58.95 - - [11/Apr/2017:01:13:56 +0200] "GET /robots.txt HTTP/1.1" 404 1181 "-" "ltx71 - (http://ltx71.com/)"
144.76.23.74 - - [11/Apr/2017:01:16:44 +0200] "GET /robots.txt HTTP/1.1" 404 1181 "-" "Mozilla/5.0 (Windows; U; Windows NT 6.0; en-GB; rv:1.0; trendictionbot0.5.0; trendiction search; http://www.trendiction.de/bot; please let us know of any problems; web at trendiction.com) Gecko/20071127 Firefox/3.0.0.11"
144.76.23.74 - - [11/Apr/2017:01:16:45 +0200] "GET / HTTP/1.1" 200 2023 "-" "Mozilla/5.0 (Windows; U; Windows NT 6.0; en-GB; rv:1.0; trendictionbot0.5.0; trendiction search; http://www.trendiction.de/bot; please let us know of any problems; web at trendiction.com) Gecko/20071127 Firefox/3.0.0.11"
144.76.23.74 - - [11/Apr/2017:01:16:47 +0200] "GET /kikvagyunk2.htm HTTP/1.1" 200 17375 "-" "Mozilla/5.0 (Windows; U; Windows NT 6.0; en-GB; rv:1.0; trendictionbot0.5.0; trendiction search; http://www.trendiction.de/bot; please let us know of any problems; web at trendiction.com) Gecko/20071127 Firefox/3.0.0.11"
144.76.23.74 - - [11/Apr/2017:01:16:48 +0200] "GET /tagsag2.htm HTTP/1.1" 200 1335 "-" "Mozilla/5.0 (Windows; U; Windows NT 6.0; en-GB; rv:1.0; trendictionbot0.5.0; trendiction search; http://www.trendiction.de/bot; please let us know of any problems; web at trendiction.com) Gecko/20071127 Firefox/3.0.0.11"
144.76.23.74 - - [11/Apr/2017:01:16:50 +0200] "GET /projektek2.htm HTTP/1.1" 200 7634 "-" "Mozilla/5.0 (Windows; U; Windows NT 6.0; en-GB; rv:1.0; trendictionbot0.5.0; trendiction search; http://www.trendiction.de/bot; please let us know of any problems; web at trendiction.com) Gecko/20071127 Firefox/3.0.0.11"
104.154.58.95 - - [11/Apr/2017:01:21:31 +0200] "GET /robots.txt HTTP/1.1" 404 1181 "-" "ltx71 - (http://ltx71.com/)"
104.154.58.95 - - [11/Apr/2017:01:27:18 +0200] "GET /robots.txt HTTP/1.1" 404 1181 "-" "ltx71 - (http://ltx71.com/)"
104.154.58.95 - - [11/Apr/2017:01:30:24 +0200] "GET /robots.txt HTTP/1.1" 404 1181 "-" "ltx71 - (http://ltx71.com/)"
178.154.200.56 - - [11/Apr/2017:01:44:07 +0200] "GET /robots.txt HTTP/1.1" 404 1181 "-" "Mozilla/5.0 (compatible; YandexBot/3.0; +http://yandex.com/bots)"
178.154.200.56 - - [11/Apr/2017:01:44:11 +0200] "GET /hirlevel/vonattal1207.htm HTTP/1.1" 404 1181 "-" "Mozilla/5.0 (compatible; YandexBot/3.0; +http://yandex.com/bots)"
104.154.58.95 - - [11/Apr/2017:01:54:29 +0200] "GET /robots.txt HTTP/1.1" 404 1181 "-" "ltx71 - (http://ltx71.com/)"
207.46.13.186 - - [11/Apr/2017:01:55:03 +0200] "GET /hirlevel/vonattal1605.html HTTP/1.1" 404 1181 "-" "Mozilla/5.0 (iPhone; CPU iPhone OS 7_0 like Mac OS X) AppleWebKit/537.51.1 (KHTML, like Gecko) Version/7.0 Mobile/11A465 Safari/9537.53 (compatible; bingbot/2.0; +http://www.bing.com/bingbot.htm)"
104.154.58.95 - - [11/Apr/2017:02:03:36 +0200] "GET /robots.txt HTTP/1.1" 404 1181 "-" "ltx71 - (http://ltx71.com/)"
108.162.140.229 - - [11/Apr/2017:02:04:24 +0200] "GET /doc/b2_2010.pdf HTTP/1.1" 404 1181 "https://en.wikipedia.org/" "Mozilla/5.0 (Windows NT 10.0; WOW64) AppleWebKit/537.36 (KHTML, like Gecko) Chrome/57.0.2987.133 Safari/537.36"
108.162.140.229 - - [11/Apr/2017:02:04:24 +0200] "GET /favicon.ico HTTP/1.1" 404 1181 "http://mkk.zpok.hu/doc/b2_2010.pdf" "Mozilla/5.0 (Windows NT 10.0; WOW64) AppleWebKit/537.36 (KHTML, like Gecko) Chrome/57.0.2987.133 Safari/537.36"
104.154.58.95 - - [11/Apr/2017:02:05:00 +0200] "GET /doc/hu_aps_positivbeispiele_aufl2_070622_klein.pdf HTTP/1.1" 200 2887217 "-" "ltx71 - (http://ltx71.com/)"
196.52.43.58 - - [11/Apr/2017:02:05:17 +0200] "GET / HTTP/1.1" 200 2023 "-" "-"
104.154.58.95 - - [11/Apr/2017:02:07:10 +0200] "GET /robots.txt HTTP/1.1" 404 1181 "-" "ltx71 - (http://ltx71.com/)"
104.154.58.95 - - [11/Apr/2017:02:08:57 +0200] "GET /doc/eletet-a-vasutnak.pdf HTTP/1.1" 200 353055 "-" "ltx71 - (http://ltx71.com/)"
104.154.58.95 - - [11/Apr/2017:02:10:19 +0200] "GET /doc/eletet-a-vasutnak.pdf HTTP/1.1" 200 436511 "-" "ltx71 - (http://ltx71.com/)"
207.46.13.227 - - [11/Apr/2017:02:31:52 +0200] "GET /hirlevel/vonattal1009.htm HTTP/1.1" 404 1181 "-" "Mozilla/5.0 (iPhone; CPU iPhone OS 7_0 like Mac OS X) AppleWebKit/537.51.1 (KHTML, like Gecko) Version/7.0 Mobile/11A465 Safari/9537.53 (compatible; bingbot/2.0; +http://www.bing.com/bingbot.htm)"
178.154.189.24 - - [11/Apr/2017:02:44:20 +0200] "GET /doc/belepesinyilatkozat.pdf HTTP/1.1" 200 403937 "-" "Mozilla/5.0 (compatible; YandexBot/3.0; +http://yandex.com/bots)"
176.195.101.109 - - [11/Apr/2017:02:54:03 +0200] "GET /doc/vasuttal-budapest-kornyeken.pdf HTTP/1.1" 404 1181 "http://yandex.ru/clck/jsredir?from=yandex.ru%3Bsearch%3Bweb%3B%3B&text=&etext=1387.TQcIyZfHP1XKxGWXW0QywIOwcfBeErY18ZKcc20f6JttHLWCCfDSNyi5RP5FKGNi.321c38a51d6a74357df549493b728f8d36de7a88&uuid=&state=_BLhILn4SxNIvvL0W45KSic66uCIg23qh8iRG98qeIXmeppkgUc0YHRNgn3KsbHJbmUkku86_mY&data=YnNFc1pRN0lTNGJLeFpGcE9VdGtoTzlHWTlQdGgtcE1NTjRsSXROOTZLa2MyUlVjNnlKME1WN3JidXA0SFpwSk9LbjVOM3lIbTlFM195Sk9SREJDdk4xYks4bWZwSFZSa3k1M2hKUnpNWEdEYlFHY1BTcjFpcUlBd0M0ZldCUUs&b64e=2&sign=994bde13edc47d776e3fc539bd0b32b6&keyno=0&cst=AiuY0DBWFJ7IXge4WdYJQe3IrxbPWIv4FLHcErPJ_ngQqIBMoutGbdIkRbKywUZCNBOkLsRTdzW-1Ozr2uqVnj8AOqxMgteEuZmR2jsLbQK5rv-6VXtpXoqqwHhE129gWDOFHmR8yNJR7w6QcO6vjgGVxZ6-a6vV&ref=orjY4mGPRjk5boDnW0uvlrrd71vZw9kp5uQozpMtKCW4RgmAu5ryJH7xJOSV4r_WXyrtFjljkI716y4kq6wSONX4REGkTIVQarsFIBe4fy7mk1GrqXqD3A&l10n=ru&cts=1491868988900&mc=6.46133069783" "Mozilla/5.0 (Windows NT 6.1) AppleWebKit/537.36 (KHTML, like Gecko) Chrome/28.0.1500.95 YaBrowser/13.10.1500.9323 Safari/537.36"
157.55.39.113 - - [11/Apr/2017:04:38:18 +0200] "GET /robots.txt HTTP/1.1" 404 1181 "-" "Mozilla/5.0 (compatible; bingbot/2.0; +http://www.bing.com/bingbot.htm)"
207.46.13.237 - - [11/Apr/2017:04:44:27 +0200] "GET /hirlevel/szekcio_201504.pdf HTTP/1.1" 404 1181 "-" "Mozilla/5.0 (iPhone; CPU iPhone OS 7_0 like Mac OS X) AppleWebKit/537.51.1 (KHTML, like Gecko) Version/7.0 Mobile/11A465 Safari/9537.53 (compatible; bingbot/2.0; +http://www.bing.com/bingbot.htm)"
157.55.39.216 - - [11/Apr/2017:04:49:51 +0200] "GET / HTTP/1.1" 200 2023 "-" "Mozilla/5.0 (compatible; bingbot/2.0; +http://www.bing.com/bingbot.htm)"
199.193.251.133 - - [11/Apr/2017:04:57:57 +0200] "HEAD / HTTP/1.1" 200 0 "https://www.inboundlinks.win/InboundLinks/mkk.zpok.hu" "Mozilla/5.0 (compatible; MSIE 9.0; Windows NT 6.1; WOW64; Trident/5.0)"
180.76.15.152 - - [11/Apr/2017:05:10:26 +0200] "GET / HTTP/1.1" 304 - "-" "Mozilla/5.0 (compatible; Baiduspider/2.0; +http://www.baidu.com/search/spider.html)"
46.229.164.102 - - [11/Apr/2017:05:28:39 +0200] "GET /robots.txt HTTP/1.1" 404 1181 "-" "Mozilla/5.0 (compatible; SemrushBot/1.2~bl; +http://www.semrush.com/bot.html)"
46.229.164.98 - - [11/Apr/2017:05:42:13 +0200] "GET /robots.txt HTTP/1.1" 404 1181 "-" "Mozilla/5.0 (compatible; SemrushBot/1.2~bl; +http://www.semrush.com/bot.html)"
157.55.39.216 - - [11/Apr/2017:05:47:11 +0200] "GET / HTTP/1.1" 200 2023 "-" "Mozilla/5.0 (iPhone; CPU iPhone OS 7_0 like Mac OS X) AppleWebKit/537.51.1 (KHTML, like Gecko) Version/7.0 Mobile/11A465 Safari/9537.53 (compatible; bingbot/2.0; +http://www.bing.com/bingbot.htm)"
157.55.39.216 - - [11/Apr/2017:05:47:11 +0200] "GET /hirlevel/miskolc_1109.doc HTTP/1.1" 404 1181 "-" "Mozilla/5.0 (iPhone; CPU iPhone OS 7_0 like Mac OS X) AppleWebKit/537.51.1 (KHTML, like Gecko) Version/7.0 Mobile/11A465 Safari/9537.53 (compatible; bingbot/2.0; +http://www.bing.com/bingbot.htm)"
77.111.90.197 - - [11/Apr/2017:06:04:32 +0200] "GET /doc/konf_0807.pdf HTTP/1.1" 404 1181 "-" "Mozilla/5.0 (Windows NT 6.1; WOW64) AppleWebKit/537.36 (KHTML, like Gecko) Chrome/46.0.2490.71 Safari/537.36"
77.111.90.197 - - [11/Apr/2017:06:04:32 +0200] "GET /doc/konf_0807.pdf HTTP/1.0" 404 1181 "-" "-"
104.154.58.95 - - [11/Apr/2017:06:05:17 +0200] "GET /robots.txt HTTP/1.1" 404 1181 "-" "ltx71 - (http://ltx71.com/)"
104.154.58.95 - - [11/Apr/2017:06:06:43 +0200] "GET / HTTP/1.1" 200 2023 "-" "ltx71 - (http://ltx71.com/)"
104.154.58.95 - - [11/Apr/2017:06:10:37 +0200] "GET /robots.txt HTTP/1.1" 404 1181 "-" "ltx71 - (http://ltx71.com/)"
104.154.58.95 - - [11/Apr/2017:06:11:50 +0200] "GET /tagsag2.htm HTTP/1.1" 200 1335 "-" "ltx71 - (http://ltx71.com/)"
104.154.58.95 - - [11/Apr/2017:06:12:14 +0200] "GET /kikvagyunk2.htm HTTP/1.1" 200 17375 "-" "ltx71 - (http://ltx71.com/)"
104.154.58.95 - - [11/Apr/2017:06:13:07 +0200] "GET /projektek2.htm HTTP/1.1" 200 7634 "-" "ltx71 - (http://ltx71.com/)"
196.52.43.54 - - [11/Apr/2017:06:21:42 +0200] "GET / HTTP/1.1" 200 2023 "-" "-"
89.133.23.3 - - [11/Apr/2017:06:24:19 +0200] "GET / HTTP/1.1" 200 2023 "https://www.google.hu/" "Mozilla/5.0 (Windows NT 6.1; WOW64) AppleWebKit/537.36 (KHTML, like Gecko) Chrome/57.0.2987.133 Safari/537.36"
89.133.23.3 - - [11/Apr/2017:06:24:19 +0200] "GET /facebook-logo-preview.png HTTP/1.1" 200 3924 "http://www.mkk.zpok.hu/" "Mozilla/5.0 (Windows NT 6.1; WOW64) AppleWebKit/537.36 (KHTML, like Gecko) Chrome/57.0.2987.133 Safari/537.36"
89.133.23.3 - - [11/Apr/2017:06:24:19 +0200] "GET /blog.jpg HTTP/1.1" 200 29833 "http://www.mkk.zpok.hu/" "Mozilla/5.0 (Windows NT 6.1; WOW64) AppleWebKit/537.36 (KHTML, like Gecko) Chrome/57.0.2987.133 Safari/537.36"
89.133.23.3 - - [11/Apr/2017:06:24:19 +0200] "GET /mkk_banner.png HTTP/1.1" 200 62097 "http://www.mkk.zpok.hu/" "Mozilla/5.0 (Windows NT 6.1; WOW64) AppleWebKit/537.36 (KHTML, like Gecko) Chrome/57.0.2987.133 Safari/537.36"
89.133.23.3 - - [11/Apr/2017:06:24:21 +0200] "GET /favicon.ico HTTP/1.1" 404 1181 "http://www.mkk.zpok.hu/" "Mozilla/5.0 (Windows NT 6.1; WOW64) AppleWebKit/537.36 (KHTML, like Gecko) Chrome/57.0.2987.133 Safari/537.36"
66.249.64.84 - - [11/Apr/2017:06:26:22 +0200] "GET /robots.txt HTTP/1.1" 404 1181 "-" "Mozilla/5.0 (compatible; Googlebot/2.1; +http://www.google.com/bot.html)"
66.249.64.84 - - [11/Apr/2017:06:26:22 +0200] "GET / HTTP/1.1" 200 2023 "-" "Mozilla/5.0 (compatible; Googlebot/2.1; +http://www.google.com/bot.html)"
84.201.17.12 - - [11/Apr/2017:06:29:51 +0200] "GET / HTTP/1.1" 200 2023 "-" "Mozilla/5.0 (Windows NT 6.1) AppleWebKit/537.36 (KHTML, like Gecko) Chrome/41.0.2228.0 Safari/537.36"
180.76.15.155 - - [11/Apr/2017:06:48:39 +0200] "GET /doc/mkk_eger_tanulmany_2014.pdf HTTP/1.1" 200 557056 "-" "Mozilla/5.0 (compatible; Baiduspider/2.0; +http://www.baidu.com/search/spider.html)"
40.77.167.34 - - [11/Apr/2017:07:02:27 +0200] "GET /hirlevel/vonattal1112.htm HTTP/1.1" 404 1181 "-" "msnbot-media/1.1 (+http://search.msn.com/msnbot.htm)"
157.55.39.130 - - [11/Apr/2017:07:29:57 +0200] "GET /hirlevel/vonattal1101-02.htm HTTP/1.1" 404 1181 "-" "Mozilla/5.0 (iPhone; CPU iPhone OS 7_0 like Mac OS X) AppleWebKit/537.51.1 (KHTML, like Gecko) Version/7.0 Mobile/11A465 Safari/9537.53 (compatible; bingbot/2.0; +http://www.bing.com/bingbot.htm)"
66.249.64.92 - - [11/Apr/2017:08:04:24 +0200] "GET /doc/b2_terkep_200902_2.pdf HTTP/1.1" 404 1181 "-" "Mozilla/5.0 (compatible; Googlebot/2.1; +http://www.google.com/bot.html)"
157.55.39.211 - - [11/Apr/2017:08:09:50 +0200] "GET /hirlevel/miskolc_1109.doc HTTP/1.1" 404 1181 "-" "Mozilla/5.0 (iPhone; CPU iPhone OS 7_0 like Mac OS X) AppleWebKit/537.51.1 (KHTML, like Gecko) Version/7.0 Mobile/11A465 Safari/9537.53 (compatible; bingbot/2.0; +http://www.bing.com/bingbot.htm)"
157.55.39.211 - - [11/Apr/2017:08:09:51 +0200] "GET /hirlevel/vonattal1603.html HTTP/1.1" 404 1181 "-" "Mozilla/5.0 (iPhone; CPU iPhone OS 7_0 like Mac OS X) AppleWebKit/537.51.1 (KHTML, like Gecko) Version/7.0 Mobile/11A465 Safari/9537.53 (compatible; bingbot/2.0; +http://www.bing.com/bingbot.htm)"
207.46.13.244 - - [11/Apr/2017:08:10:01 +0200] "GET /robots.txt HTTP/1.1" 404 1181 "-" "Mozilla/5.0 (compatible; bingbot/2.0; +http://www.bing.com/bingbot.htm)"
157.55.39.57 - - [11/Apr/2017:08:16:04 +0200] "GET /robots.txt HTTP/1.1" 404 1181 "-" "Mozilla/5.0 (compatible; bingbot/2.0; +http://www.bing.com/bingbot.htm)"
86.59.158.170 - - [11/Apr/2017:08:23:37 +0200] "GET / HTTP/1.1" 200 2023 "-" "Mozilla/5.0 (Windows NT 6.1; WOW64; rv:52.0) Gecko/20100101 Firefox/52.0"
86.59.158.170 - - [11/Apr/2017:08:23:37 +0200] "GET /blog.jpg HTTP/1.1" 200 29833 "http://mkk.zpok.hu/" "Mozilla/5.0 (Windows NT 6.1; WOW64; rv:52.0) Gecko/20100101 Firefox/52.0"
86.59.158.170 - - [11/Apr/2017:08:23:37 +0200] "GET /facebook-logo-preview.png HTTP/1.1" 200 3924 "http://mkk.zpok.hu/" "Mozilla/5.0 (Windows NT 6.1; WOW64; rv:52.0) Gecko/20100101 Firefox/52.0"
86.59.158.170 - - [11/Apr/2017:08:23:37 +0200] "GET /mkk_banner.png HTTP/1.1" 200 62097 "http://mkk.zpok.hu/" "Mozilla/5.0 (Windows NT 6.1; WOW64; rv:52.0) Gecko/20100101 Firefox/52.0"
86.59.158.170 - - [11/Apr/2017:08:23:53 +0200] "GET /favicon.ico HTTP/1.1" 404 1181 "-" "Mozilla/5.0 (Windows NT 6.1; WOW64; rv:52.0) Gecko/20100101 Firefox/52.0"
86.59.158.170 - - [11/Apr/2017:08:23:53 +0200] "GET /favicon.ico HTTP/1.1" 404 1181 "-" "Mozilla/5.0 (Windows NT 6.1; WOW64; rv:52.0) Gecko/20100101 Firefox/52.0"
163.172.71.23 - - [11/Apr/2017:08:55:12 +0200] "GET /robots.txt HTTP/1.1" 404 1181 "-" "Mozilla/5.0 ((Windows; U; Windows NT 6.1; fr; rv:1.9.2) Gecko/20100115 Firefox/3.6)"
163.172.71.23 - - [11/Apr/2017:08:55:12 +0200] "GET /hirlevel/vonattal1206.htm HTTP/1.1" 404 1181 "-" "Mozilla/5.0 ((Windows; U; Windows NT 6.1; fr; rv:1.9.2) Gecko/20100115 Firefox/3.6)"
95.24.112.107 - - [11/Apr/2017:08:55:12 +0200] "GET /hirlevel/vasuttal0804.htm HTTP/1.1" 404 1181 "http://yandex.ru/clck/jsredir?from=yandex.ru%3Bsearch%3Bweb%3B%3B&text=&etext=1388.OixrpAyOhxG3mgjd4wpAdBqXLXoflJSoBVpLH3MxKBiqP42l3-wJYhUSaakTzgoh.de9cd337c21bb95405f8a6299f8e6a1990b90012&uuid=&state=_BLhILn4SxNIvvL0W45KSic66uCIg23qh8iRG98qeIXmeppkgUc0YMIVJNtoWDTa6Ctl47TPu5I&data=YnNFc1pRN0lTNGJLeFpGcE9VdGtoRjV3Nm9BUmE2M3FFLUY3b0dFS0s0bjMydkxRdC1WNnl2Vy1zWUpjWm1qTDl6NUdaR1RHVzNBY3BNMnhQX0NxMlVkSWpNZ0lmU3BLY2dSUWlKUFJHT2d4X3pzSll0V2xHZw&b64e=2&sign=3134c5f794907e78efaf72a533c3ac87&keyno=0&cst=AiuY0DBWFJ7IXge4WdYJQULnoVAFacUfTvecfDcSjoyjzLDzuAyIhemtkkrhBL1ZI7s_oV9Tgxv5a76mdgbVQFhmhj8OkR1hsSYLSpY3xkEmiQ3TPBX2sDg-mN3LqyE4IquJJeZlKnjCXq15vFwaEJuBxQnTzoLH&ref=orjY4mGPRjk5boDnW0uvlrrd71vZw9kp5uQozpMtKCXGpvC94k0MiWHE1PamMPyZ5WoPCAM1ITnLhG8kKG_nU7iRU_Lx45q-9078A1Zz1prPEQcJ95XmAA&l10n=ru&cts=1491890610555&mc=4.05858084487" "Opera/9.80 (Windows NT 6.1; Edition Yx) Presto/2.12.388 Version/12.15"
128.68.104.228 - - [11/Apr/2017:08:55:13 +0200] "GET /hirlevel/vasuttal0804.htm HTTP/1.1" 404 1181 "http://yandex.ru/clck/jsredir?from=yandex.ru%3Bsearch%3Bweb%3B%3B&text=&etext=1388.5kMDUP6BZifUXwqL43fKUGdc7F-2te2WGdVRmmeWNSUJKW6R3KDnYEpMYuDUB7CO.9c269023efb28ee1def0051593f15d296ae9f800&uuid=&state=_BLhILn4SxNIvvL0W45KSic66uCIg23qh8iRG98qeIXmeppkgUc0YMkOSpatjLUqgxH-XWLwn-g&data=YnNFc1pRN0lTNGJLeFpGcE9VdGtoRjV3Nm9BUmE2M3FFLUY3b0dFS0s0bjMydkxRdC1WNnl2Vy1zWUpjWm1qTDl6NUdaR1RHVzNCdXdMUVdJQTl5RXNzS1B4VENtMUZJeUVwMk1DRGxIZ2dueGJoQ3FNcmxxZw&b64e=2&sign=5b2179b0a376cbcf95187e735c49ec0a&keyno=0&cst=AiuY0DBWFJ7IXge4WdYJQSaYtyyri96F5MfnCBsiA8K9dLOfT1aP-tkRGTPxtHxyoRCW2i_AvAPDP8NZmvtc63pgQqEWAEbq6dp6kcRNCnkomKJhWqwvyQKeOWRamN7JrUTtxlmIQPGgryTSWeVOLRBwxoOWSCDQ&ref=orjY4mGPRjk5boDnW0uvlrrd71vZw9kp5uQozpMtKCXEfKO1imoOE03Eu8oVdF4bl4_WFO2ZGEMSEg5S0NIsjqh-kS0Ya3jrk3A5jfQg0bfmYbBF_5CCFg&l10n=ru&cts=1491890610556&mc=7.37786609964" "Opera/9.80 (Windows NT 6.1; Edition Yx) Presto/2.12.388 Version/12.15"
125.209.235.183 - - [11/Apr/2017:09:25:40 +0200] "GET /robots.txt HTTP/1.1" 404 1181 "-" "Mozilla/5.0 (compatible; Yeti/1.1; +http://naver.me/bot)"
125.209.235.178 - - [11/Apr/2017:09:25:41 +0200] "GET /doc/b2_2010.pdf HTTP/1.1" 404 1181 "-" "Mozilla/5.0 (compatible; Yeti/1.1; +http://naver.me/bot)"
104.154.58.95 - - [11/Apr/2017:10:19:42 +0200] "GET /robots.txt HTTP/1.1" 404 1181 "-" "ltx71 - (http://ltx71.com/)"
104.154.58.95 - - [11/Apr/2017:10:20:02 +0200] "GET / HTTP/1.1" 200 2023 "-" "ltx71 - (http://ltx71.com/)"
70.39.157.197 - - [11/Apr/2017:10:30:34 +0200] "GET / HTTP/1.1" 200 2023 "-" "Mozilla/5.0 (compatible; MSIE 9.0; Windows NT 6.1; WOW64; Trident/5.0)"
66.249.64.88 - - [11/Apr/2017:10:51:00 +0200] "GET / HTTP/1.1" 200 2023 "-" "Mozilla/5.0 (compatible; Googlebot/2.1; +http://www.google.com/bot.html)"
104.154.58.95 - - [11/Apr/2017:10:51:37 +0200] "GET /robots.txt HTTP/1.1" 404 1181 "-" "ltx71 - (http://ltx71.com/)"
104.154.58.95 - - [11/Apr/2017:10:53:19 +0200] "GET /kikvagyunk2.htm HTTP/1.1" 200 17375 "-" "ltx71 - (http://ltx71.com/)"
84.1.27.227 - - [11/Apr/2017:10:57:53 +0200] "GET /images/vasutterkep_n.jpg HTTP/1.1" 404 1181 "https://www.google.hu/" "Mozilla/5.0 (Windows NT 6.1; WOW64) AppleWebKit/537.36 (KHTML, like Gecko) Chrome/57.0.2987.133 Safari/537.36"
185.46.214.91 - - [11/Apr/2017:10:58:47 +0200] "GET / HTTP/1.1" 200 2023 "https://www.google.ch/" "Mozilla/5.0 (Windows NT 6.1; WOW64) AppleWebKit/537.36 (KHTML, like Gecko) Chrome/43.0.2357.134 Safari/537.36"
185.46.214.91 - - [11/Apr/2017:10:58:47 +0200] "GET /facebook-logo-preview.png HTTP/1.1" 200 3924 "http://www.mkk.zpok.hu/" "Mozilla/5.0 (Windows NT 6.1; WOW64) AppleWebKit/537.36 (KHTML, like Gecko) Chrome/43.0.2357.134 Safari/537.36"
185.46.214.91 - - [11/Apr/2017:10:58:47 +0200] "GET /blog.jpg HTTP/1.1" 200 29833 "http://www.mkk.zpok.hu/" "Mozilla/5.0 (Windows NT 6.1; WOW64) AppleWebKit/537.36 (KHTML, like Gecko) Chrome/43.0.2357.134 Safari/537.36"
185.46.214.91 - - [11/Apr/2017:10:58:47 +0200] "GET /mkk_banner.png HTTP/1.1" 200 62097 "http://www.mkk.zpok.hu/" "Mozilla/5.0 (Windows NT 6.1; WOW64) AppleWebKit/537.36 (KHTML, like Gecko) Chrome/43.0.2357.134 Safari/537.36"
185.46.214.91 - - [11/Apr/2017:10:58:50 +0200] "GET /favicon.ico HTTP/1.1" 404 1181 "http://www.mkk.zpok.hu/" "Mozilla/5.0 (Windows NT 6.1; WOW64) AppleWebKit/537.36 (KHTML, like Gecko) Chrome/43.0.2357.134 Safari/537.36"
66.102.9.44 - - [11/Apr/2017:11:00:22 +0200] "GET / HTTP/1.1" 200 2023 "-" "Mozilla/5.0 (X11; Linux x86_64) AppleWebKit/537.36 (KHTML, like Gecko) Chrome/49.0.2623.75 Safari/537.36 Google Favicon"
66.102.9.46 - - [11/Apr/2017:11:00:22 +0200] "GET /favicon.ico HTTP/1.1" 404 1181 "-" "Mozilla/5.0 (X11; Linux x86_64) AppleWebKit/537.36 (KHTML, like Gecko) Chrome/49.0.2623.75 Safari/537.36 Google Favicon"
157.55.39.248 - - [11/Apr/2017:11:02:01 +0200] "GET /doc/s-bahn.pdf HTTP/1.1" 404 1181 "-" "Mozilla/5.0 (iPhone; CPU iPhone OS 7_0 like Mac OS X) AppleWebKit/537.51.1 (KHTML, like Gecko) Version/7.0 Mobile/11A465 Safari/9537.53 (compatible; bingbot/2.0; +http://www.bing.com/bingbot.htm)"
195.199.204.201 - - [11/Apr/2017:11:27:20 +0200] "GET /images/vasutterkep_n.jpg HTTP/1.1" 404 1181 "https://www.google.hu/" "Mozilla/5.0 (Windows NT 6.1) AppleWebKit/537.36 (KHTML, like Gecko) Chrome/57.0.2987.133 Safari/537.36"
84.201.17.12 - - [11/Apr/2017:11:54:50 +0200] "GET //wp-content/plugins/ubh/up.php HTTP/1.1" 404 1181 "-" "Mozilla/5.0 (Windows NT 6.1) AppleWebKit/537.36 (KHTML, like Gecko) Chrome/41.0.2228.0 Safari/537.36"
84.201.17.12 - - [11/Apr/2017:11:54:57 +0200] "GET //wp-content/plugins/ubh/up.php HTTP/1.1" 404 1181 "-" "Mozilla/5.0 (Windows NT 6.1) AppleWebKit/537.36 (KHTML, like Gecko) Chrome/41.0.2228.0 Safari/537.36"
89.133.62.210 - - [11/Apr/2017:12:00:01 +0200] "GET /images/vasutterkep_n.jpg HTTP/1.1" 404 1181 "http://oterkep.blogspot.hu/2007/11/magyarorszg-vasti-trkp.html" "Mozilla/5.0 (Windows NT 6.1; WOW64; Trident/7.0; rv:11.0) like Gecko"
40.77.167.115 - - [11/Apr/2017:12:46:13 +0200] "GET / HTTP/1.1" 200 2023 "-" "Mozilla/5.0 (compatible; bingbot/2.0; +http://www.bing.com/bingbot.htm)"
40.77.167.115 - - [11/Apr/2017:12:46:13 +0200] "GET /images/b2_2012_03_+terkepkep.pdf HTTP/1.1" 404 1181 "-" "Mozilla/5.0 (iPhone; CPU iPhone OS 7_0 like Mac OS X) AppleWebKit/537.51.1 (KHTML, like Gecko) Version/7.0 Mobile/11A465 Safari/9537.53 (compatible; bingbot/2.0; +http://www.bing.com/bingbot.htm)"
104.154.58.95 - - [11/Apr/2017:13:09:21 +0200] "GET /robots.txt HTTP/1.1" 404 1181 "-" "ltx71 - (http://ltx71.com/)"
40.77.167.33 - - [11/Apr/2017:13:22:49 +0200] "GET /hirlevel/vonattal1508.html HTTP/1.1" 404 1181 "-" "Mozilla/5.0 (iPhone; CPU iPhone OS 7_0 like Mac OS X) AppleWebKit/537.51.1 (KHTML, like Gecko) Version/7.0 Mobile/11A465 Safari/9537.53 (compatible; bingbot/2.0; +http://www.bing.com/bingbot.htm)"
108.59.8.70 - - [11/Apr/2017:13:32:12 +0200] "GET /robots.txt HTTP/1.1" 404 1181 "-" "Mozilla/5.0 (compatible; MJ12bot/v1.4.8; http://mj12bot.com/)"
108.59.8.70 - - [11/Apr/2017:13:32:16 +0200] "GET / HTTP/1.1" 200 2023 "-" "Mozilla/5.0 (compatible; MJ12bot/v1.4.8; http://mj12bot.com/)"
160.44.230.201 - - [11/Apr/2017:13:45:26 +0200] "GET /images/vasutterkep_n.jpg HTTP/1.1" 404 1181 "http://www.terkepkalauz.hu/index.php?option=com_alphacontent§ion=4&cat=32&task=view&id=396&Itemid=99999999" "Mozilla/5.0 (Windows NT 6.1; Trident/7.0; rv:11.0) like Gecko"
160.44.230.201 - - [11/Apr/2017:13:46:18 +0200] "GET /doc/vonatrafel_c.pdf HTTP/1.1" 404 1181 "http://www.terkepkalauz.hu/index.php?option=com_alphacontent§ion=4&cat=32&task=view&id=396&Itemid=99999999" "Mozilla/5.0 (Windows NT 6.1; Trident/7.0; rv:11.0) like Gecko"
68.180.231.33 - - [11/Apr/2017:14:09:56 +0200] "GET /robots.txt HTTP/1.1" 404 1181 "-" "Mozilla/5.0 (compatible; Yahoo! Slurp; http://help.yahoo.com/help/us/ysearch/slurp)"
68.180.231.33 - - [11/Apr/2017:14:09:57 +0200] "GET /projektek2.htm HTTP/1.1" 304 - "-" "Mozilla/5.0 (compatible; Yahoo! Slurp; http://help.yahoo.com/help/us/ysearch/slurp)"
68.180.231.33 - - [11/Apr/2017:14:12:44 +0200] "GET /doc/eletet-a-vasutnak.pdf HTTP/1.1" 304 - "-" "Mozilla/5.0 (compatible; Yahoo! Slurp; http://help.yahoo.com/help/us/ysearch/slurp)"
104.154.58.95 - - [11/Apr/2017:15:23:04 +0200] "GET /robots.txt HTTP/1.1" 404 1181 "-" "ltx71 - (http://ltx71.com/)"
84.201.18.253 - - [11/Apr/2017:15:25:42 +0200] "GET //modules/mod_simplefileuploadv1.3/elements/udd.php HTTP/1.1" 404 1181 "-" "Mozilla/5.0 (Windows NT 6.1) AppleWebKit/537.36 (KHTML, like Gecko) Chrome/41.0.2228.0 Safari/537.36"
84.201.18.253 - - [11/Apr/2017:15:25:42 +0200] "GET //modules/mod_simplefileuploadv1.3/elements/udd.php HTTP/1.1" 404 1181 "-" "Mozilla/5.0 (Windows NT 6.1) AppleWebKit/537.36 (KHTML, like Gecko) Chrome/41.0.2228.0 Safari/537.36"
84.3.172.165 - - [11/Apr/2017:15:30:04 +0200] "GET / HTTP/1.1" 200 2023 "-" "Java/1.8.0_66"
84.3.172.165 - - [11/Apr/2017:15:30:05 +0200] "GET /facebook-logo-preview.png HTTP/1.1" 200 3924 "-" "Java/1.8.0_66"
84.3.172.165 - - [11/Apr/2017:15:30:05 +0200] "GET /kikvagyunk2.htm HTTP/1.1" 200 17375 "-" "Java/1.8.0_66"
84.3.172.165 - - [11/Apr/2017:15:30:05 +0200] "GET /mkk_banner.png HTTP/1.1" 200 62097 "-" "Java/1.8.0_66"
84.3.172.165 - - [11/Apr/2017:15:30:06 +0200] "GET /projektek2.htm HTTP/1.1" 200 7634 "-" "Java/1.8.0_66"
84.3.172.165 - - [11/Apr/2017:15:30:06 +0200] "GET /tagsag2.htm HTTP/1.1" 200 1335 "-" "Java/1.8.0_66"
84.3.172.165 - - [11/Apr/2017:15:30:07 +0200] "GET /pdf.png HTTP/1.1" 200 133123 "-" "Java/1.8.0_66"
84.3.172.165 - - [11/Apr/2017:15:30:08 +0200] "GET /icons/icons_k/1.png HTTP/1.1" 200 7684 "-" "Java/1.8.0_66"
84.3.172.165 - - [11/Apr/2017:15:30:08 +0200] "GET /icons/icons_k/2.png HTTP/1.1" 200 8020 "-" "Java/1.8.0_66"
84.3.172.165 - - [11/Apr/2017:15:30:09 +0200] "GET /icons/icons_k/3.png HTTP/1.1" 200 5625 "-" "Java/1.8.0_66"
84.3.172.165 - - [11/Apr/2017:15:30:09 +0200] "GET /icons/icons_k/4.png HTTP/1.1" 200 5935 "-" "Java/1.8.0_66"
84.3.172.165 - - [11/Apr/2017:15:30:10 +0200] "GET /icons/icons_k/5.png HTTP/1.1" 200 5410 "-" "Java/1.8.0_66"
84.3.172.165 - - [11/Apr/2017:15:30:10 +0200] "GET /icons/icons_k/6.png HTTP/1.1" 200 4270 "-" "Java/1.8.0_66"
84.3.172.165 - - [11/Apr/2017:15:30:10 +0200] "GET /icons/icons_k/balage.png HTTP/1.1" 200 21667 "-" "Java/1.8.0_66"
84.3.172.165 - - [11/Apr/2017:15:30:11 +0200] "GET /icons/icons_k/mpeter.png HTTP/1.1" 200 28939 "-" "Java/1.8.0_66"
84.3.172.165 - - [11/Apr/2017:15:30:11 +0200] "GET /icons/icons_k/aps.png HTTP/1.1" 200 8274 "-" "Java/1.8.0_66"
84.3.172.165 - - [11/Apr/2017:15:30:12 +0200] "GET /icons/icons_k/bringa.png HTTP/1.1" 200 22141 "-" "Java/1.8.0_66"
84.3.172.165 - - [11/Apr/2017:15:30:12 +0200] "GET /icons/icons_k/eger.png HTTP/1.1" 200 28174 "-" "Java/1.8.0_66"
84.3.172.165 - - [11/Apr/2017:15:30:12 +0200] "GET /icons/icons_k/fogadj.png HTTP/1.1" 200 31018 "-" "Java/1.8.0_66"
84.3.172.165 - - [11/Apr/2017:15:30:13 +0200] "GET /icons/icons_k/ipoly.png HTTP/1.1" 200 26376 "-" "Java/1.8.0_66"
84.3.172.165 - - [11/Apr/2017:15:30:13 +0200] "GET /icons/icons_k/kiskore.png HTTP/1.1" 200 25890 "-" "Java/1.8.0_66"
84.3.172.165 - - [11/Apr/2017:15:30:13 +0200] "GET /icons/icons_k/westtakt.png HTTP/1.1" 200 8683 "-" "Java/1.8.0_66"
84.3.172.165 - - [11/Apr/2017:15:30:14 +0200] "GET /https://www.facebook.com/Magyar-K\xf6zleked\xe9si-Klub-211783892191832 HTTP/1.1" 404 1181 "-" "Java/1.8.0_66"
91.83.147.132 - - [11/Apr/2017:16:47:45 +0200] "GET / HTTP/1.1" 200 2023 "-" "Mozilla/5.0 (Windows NT 5.1) AppleWebKit/537.36 (KHTML, like Gecko) Chrome/49.0.2623.112 Safari/537.36"
91.83.147.132 - - [11/Apr/2017:16:47:45 +0200] "GET /facebook-logo-preview.png HTTP/1.1" 200 3924 "http://mkk.zpok.hu/" "Mozilla/5.0 (Windows NT 5.1) AppleWebKit/537.36 (KHTML, like Gecko) Chrome/49.0.2623.112 Safari/537.36"
91.83.147.132 - - [11/Apr/2017:16:47:45 +0200] "GET /blog.jpg HTTP/1.1" 200 29833 "http://mkk.zpok.hu/" "Mozilla/5.0 (Windows NT 5.1) AppleWebKit/537.36 (KHTML, like Gecko) Chrome/49.0.2623.112 Safari/537.36"
91.83.147.132 - - [11/Apr/2017:16:47:45 +0200] "GET /mkk_banner.png HTTP/1.1" 200 62097 "http://mkk.zpok.hu/" "Mozilla/5.0 (Windows NT 5.1) AppleWebKit/537.36 (KHTML, like Gecko) Chrome/49.0.2623.112 Safari/537.36"
91.83.147.132 - - [11/Apr/2017:16:47:52 +0200] "GET /favicon.ico HTTP/1.1" 404 1181 "http://mkk.zpok.hu/" "Mozilla/5.0 (Windows NT 5.1) AppleWebKit/537.36 (KHTML, like Gecko) Chrome/49.0.2623.112 Safari/537.36"
104.154.58.95 - - [11/Apr/2017:17:36:09 +0200] "GET /robots.txt HTTP/1.1" 404 1181 "-" "ltx71 - (http://ltx71.com/)"
203.133.168.29 - - [11/Apr/2017:17:54:32 +0200] "GET /robots.txt HTTP/1.1" 404 1181 "-" "Mozilla/5.0 (compatible; Daum/4.1; +http://cs.daum.net/faq/15/4118.html?faqId=28966)"
203.133.168.29 - - [11/Apr/2017:17:54:33 +0200] "GET / HTTP/1.1" 200 2023 "-" "Mozilla/5.0 (compatible; Daum/4.1; +http://cs.daum.net/faq/15/4118.html?faqId=28966)"
178.203.13.150 - - [11/Apr/2017:17:54:53 +0200] "GET /images/vasutterkep_n.jpg HTTP/1.1" 404 1181 "https://www.google.de/" "Mozilla/5.0 (Windows NT 10.0; WOW64; rv:52.0) Gecko/20100101 Firefox/52.0"
40.77.167.72 - - [11/Apr/2017:18:08:19 +0200] "GET /doc/b2_2012_03.pdf HTTP/1.1" 404 1181 "-" "Mozilla/5.0 (iPhone; CPU iPhone OS 7_0 like Mac OS X) AppleWebKit/537.51.1 (KHTML, like Gecko) Version/7.0 Mobile/11A465 Safari/9537.53 (compatible; bingbot/2.0; +http://www.bing.com/bingbot.htm)"
68.180.231.33 - - [11/Apr/2017:18:11:25 +0200] "GET /doc/varos-videk_2009.pdf HTTP/1.1" 304 - "-" "Mozilla/5.0 (compatible; Yahoo! Slurp; http://help.yahoo.com/help/us/ysearch/slurp)"
40.77.167.72 - - [11/Apr/2017:18:13:48 +0200] "GET /hirlevel/vonattal1309.html HTTP/1.1" 404 1181 "-" "Mozilla/5.0 (iPhone; CPU iPhone OS 7_0 like Mac OS X) AppleWebKit/537.51.1 (KHTML, like Gecko) Version/7.0 Mobile/11A465 Safari/9537.53 (compatible; bingbot/2.0; +http://www.bing.com/bingbot.htm)"
207.46.13.84 - - [11/Apr/2017:18:48:21 +0200] "GET /hirlevel/vonattal1010.htm HTTP/1.1" 404 1181 "-" "msnbot-media/1.1 (+http://search.msn.com/msnbot.htm)"
40.77.167.72 - - [11/Apr/2017:18:48:29 +0200] "GET / HTTP/1.1" 200 2023 "-" "Mozilla/5.0 (compatible; bingbot/2.0; +http://www.bing.com/bingbot.htm)"
5.204.77.202 - - [11/Apr/2017:18:51:53 +0200] "GET / HTTP/1.1" 200 2023 "-" "Mozilla/5.0 (Linux; Android 6.0; LG-H440n Build/MRA58K) AppleWebKit/537.36 (KHTML, like Gecko) Chrome/56.0.2924.87 Mobile Safari/537.36"
5.204.77.202 - - [11/Apr/2017:18:51:53 +0200] "GET /blog.jpg HTTP/1.1" 200 29833 "http://www.mkk.zpok.hu/" "Mozilla/5.0 (Linux; Android 6.0; LG-H440n Build/MRA58K) AppleWebKit/537.36 (KHTML, like Gecko) Chrome/56.0.2924.87 Mobile Safari/537.36"
5.204.77.202 - - [11/Apr/2017:18:51:53 +0200] "GET /facebook-logo-preview.png HTTP/1.1" 200 3924 "http://www.mkk.zpok.hu/" "Mozilla/5.0 (Linux; Android 6.0; LG-H440n Build/MRA58K) AppleWebKit/537.36 (KHTML, like Gecko) Chrome/56.0.2924.87 Mobile Safari/537.36"
5.204.77.202 - - [11/Apr/2017:18:51:53 +0200] "GET /mkk_banner.png HTTP/1.1" 200 62097 "http://www.mkk.zpok.hu/" "Mozilla/5.0 (Linux; Android 6.0; LG-H440n Build/MRA58K) AppleWebKit/537.36 (KHTML, like Gecko) Chrome/56.0.2924.87 Mobile Safari/537.36"
5.204.77.202 - - [11/Apr/2017:18:52:03 +0200] "GET /favicon.ico HTTP/1.1" 404 1181 "http://www.mkk.zpok.hu/" "Mozilla/5.0 (Linux; Android 6.0; LG-H440n Build/MRA58K) AppleWebKit/537.36 (KHTML, like Gecko) Chrome/56.0.2924.87 Mobile Safari/537.36"
5.204.77.202 - - [11/Apr/2017:18:52:05 +0200] "GET / HTTP/1.1" 304 - "-" "Mozilla/5.0 (Linux; Android 6.0; LG-H440n Build/MRA58K) AppleWebKit/537.36 (KHTML, like Gecko) Chrome/56.0.2924.87 Mobile Safari/537.36"
149.255.105.118 - - [11/Apr/2017:18:56:53 +0200] "GET //uploads.php HTTP/1.1" 404 1181 "-" "Mozilla/5.0 (Windows NT 6.1) AppleWebKit/537.36 (KHTML, like Gecko) Chrome/41.0.2228.0 Safari/537.36"
149.255.105.118 - - [11/Apr/2017:18:56:53 +0200] "GET //uploads.php HTTP/1.1" 404 1181 "-" "Mozilla/5.0 (Windows NT 6.1) AppleWebKit/537.36 (KHTML, like Gecko) Chrome/41.0.2228.0 Safari/537.36"
104.154.58.95 - - [11/Apr/2017:19:35:42 +0200] "GET /robots.txt HTTP/1.1" 404 1181 "-" "ltx71 - (http://ltx71.com/)"
106.120.173.81 - - [11/Apr/2017:19:42:42 +0200] "GET /robots.txt HTTP/1.1" 404 1181 "-" "Sogou web spider/4.0(+http://www.sogou.com/docs/help/webmasters.htm#07)"
106.120.173.81 - - [11/Apr/2017:19:42:50 +0200] "GET / HTTP/1.1" 304 - "-" "Sogou web spider/4.0(+http://www.sogou.com/docs/help/webmasters.htm#07)"
66.249.64.92 - - [11/Apr/2017:19:53:10 +0200] "GET /robots.txt HTTP/1.1" 404 1181 "-" "Mozilla/5.0 (compatible; Googlebot/2.1; +http://www.google.com/bot.html)"
66.249.64.84 - - [11/Apr/2017:19:53:10 +0200] "GET /doc/vonatozo-kiiras_1107.pdf HTTP/1.1" 404 1181 "-" "Googlebot/2.1 (+http://www.google.com/bot.html)"
104.154.58.95 - - [11/Apr/2017:19:53:39 +0200] "GET /robots.txt HTTP/1.1" 404 1181 "-" "ltx71 - (http://ltx71.com/)"
216.244.66.245 - - [11/Apr/2017:20:00:40 +0200] "GET /robots.txt HTTP/1.1" 404 1181 "-" "Mozilla/5.0 (compatible; DotBot/1.1; http://www.opensiteexplorer.org/dotbot, help@moz.com)"
216.244.66.245 - - [11/Apr/2017:20:01:59 +0200] "GET /doc/allomasok_kepes_osszefoglaloja.pdf HTTP/1.1" 200 513706 "-" "Mozilla/5.0 (compatible; DotBot/1.1; http://www.opensiteexplorer.org/dotbot, help@moz.com)"
66.249.64.84 - - [11/Apr/2017:20:03:25 +0200] "GET /doc/vasutvonalak.pdf HTTP/1.1" 404 1181 "-" "Googlebot/2.1 (+http://www.google.com/bot.html)"
66.249.64.188 - - [11/Apr/2017:20:21:50 +0200] "GET /robots.txt HTTP/1.1" 404 1181 "-" "Mozilla/5.0 (compatible; Googlebot/2.1; +http://www.google.com/bot.html)"
66.249.64.134 - - [11/Apr/2017:20:21:52 +0200] "GET /doc/vonattal_tisza-tohoz_2010.pdf HTTP/1.1" 404 1181 "-" "Googlebot/2.1 (+http://www.google.com/bot.html)"
104.154.58.95 - - [11/Apr/2017:20:30:35 +0200] "GET /robots.txt HTTP/1.1" 404 1181 "-" "ltx71 - (http://ltx71.com/)"
104.154.58.95 - - [11/Apr/2017:20:32:37 +0200] "GET / HTTP/1.1" 200 2023 "-" "ltx71 - (http://ltx71.com/)"
104.154.58.95 - - [11/Apr/2017:20:42:10 +0200] "GET /robots.txt HTTP/1.1" 404 1181 "-" "ltx71 - (http://ltx71.com/)"
194.187.170.141 - - [11/Apr/2017:20:50:16 +0200] "GET /robots.txt HTTP/1.0" 404 1181 "-" "Mozilla/5.0 (compatible; Qwantify/2.3w; +https://www.qwant.com/)/2.3w"
194.187.170.141 - - [11/Apr/2017:20:50:16 +0200] "GET / HTTP/1.0" 200 2023 "-" "Mozilla/5.0 (compatible; Qwantify/2.3w; +https://www.qwant.com/)/2.3w"
104.154.58.95 - - [11/Apr/2017:21:20:30 +0200] "GET /robots.txt HTTP/1.1" 404 1181 "-" "ltx71 - (http://ltx71.com/)"
104.154.58.95 - - [11/Apr/2017:21:45:58 +0200] "GET /robots.txt HTTP/1.1" 404 1181 "-" "ltx71 - (http://ltx71.com/)"
68.180.231.33 - - [11/Apr/2017:21:55:21 +0200] "GET /robots.txt HTTP/1.1" 404 1181 "-" "Mozilla/5.0 (compatible; Yahoo! Slurp; http://help.yahoo.com/help/us/ysearch/slurp)"
52.2.10.94 - - [11/Apr/2017:22:05:25 +0200] "GET /robots.txt HTTP/1.1" 404 1181 "-" "ltx71 - (http://ltx71.com/)"
64.62.252.164 - - [11/Apr/2017:22:07:12 +0200] "GET /robots.txt HTTP/1.1" 404 1181 "-" "BUbiNG (+http://law.di.unimi.it/BUbiNG.html)"
64.62.252.164 - - [11/Apr/2017:22:07:12 +0200] "GET / HTTP/1.1" 200 2023 "-" "BUbiNG (+http://law.di.unimi.it/BUbiNG.html)"
37.76.29.191 - - [11/Apr/2017:22:10:13 +0200] "GET /hirlevel/vonattal1108_b.htm HTTP/1.1" 404 1181 "https://www.google.hu/" "Mozilla/5.0 (Windows NT 6.1; WOW64) AppleWebKit/537.36 (KHTML, like Gecko) Chrome/57.0.2987.133 Safari/537.36"
37.76.29.191 - - [11/Apr/2017:22:10:14 +0200] "GET /favicon.ico HTTP/1.1" 404 1181 "http://mkk.zpok.hu/hirlevel/vonattal1108_b.htm" "Mozilla/5.0 (Windows NT 6.1; WOW64) AppleWebKit/537.36 (KHTML, like Gecko) Chrome/57.0.2987.133 Safari/537.36"
46.229.164.98 - - [11/Apr/2017:22:20:08 +0200] "GET /robots.txt HTTP/1.1" 404 1181 "-" "Mozilla/5.0 (compatible; SemrushBot/1.2~bl; +http://www.semrush.com/bot.html)"
213.90.61.234 - - [11/Apr/2017:22:44:35 +0200] "GET /doc/b2_201203.jpg HTTP/1.1" 404 1181 "http://vasut.kteam.hu/indexde.html" "Mozilla/5.0 (Windows NT 6.1; Trident/7.0; rv:11.0) like Gecko"
213.90.61.234 - - [11/Apr/2017:22:44:36 +0200] "GET /doc/b2_2010.pdf HTTP/1.1" 404 1181 "http://vasut.kteam.hu/indexde.html" "Mozilla/5.0 (Windows NT 6.1; Trident/7.0; rv:11.0) like Gecko"
37.76.57.188 - - [11/Apr/2017:22:53:54 +0200] "GET / HTTP/1.1" 200 2023 "https://www.google.hu/" "Mozilla/5.0 (Windows NT 6.1; WOW64; rv:52.0) Gecko/20100101 Firefox/52.0"
37.76.57.188 - - [11/Apr/2017:22:53:54 +0200] "GET /facebook-logo-preview.png HTTP/1.1" 200 3924 "http://www.mkk.zpok.hu/" "Mozilla/5.0 (Windows NT 6.1; WOW64; rv:52.0) Gecko/20100101 Firefox/52.0"
37.76.57.188 - - [11/Apr/2017:22:53:54 +0200] "GET /mkk_banner.png HTTP/1.1" 200 62097 "http://www.mkk.zpok.hu/" "Mozilla/5.0 (Windows NT 6.1; WOW64; rv:52.0) Gecko/20100101 Firefox/52.0"
37.76.57.188 - - [11/Apr/2017:22:53:54 +0200] "GET /blog.jpg HTTP/1.1" 200 29833 "http://www.mkk.zpok.hu/" "Mozilla/5.0 (Windows NT 6.1; WOW64; rv:52.0) Gecko/20100101 Firefox/52.0"
37.76.57.188 - - [11/Apr/2017:22:54:15 +0200] "GET /favicon.ico HTTP/1.1" 404 1181 "-" "Mozilla/5.0 (Windows NT 6.1; WOW64; rv:52.0) Gecko/20100101 Firefox/52.0"
37.76.57.188 - - [11/Apr/2017:22:59:04 +0200] "GET /tagsag2.htm HTTP/1.1" 200 1335 "http://www.mkk.zpok.hu/" "Mozilla/5.0 (Windows NT 6.1; WOW64; rv:52.0) Gecko/20100101 Firefox/52.0"
37.76.57.188 - - [11/Apr/2017:22:59:07 +0200] "GET /projektek2.htm HTTP/1.1" 200 7634 "http://www.mkk.zpok.hu/" "Mozilla/5.0 (Windows NT 6.1; WOW64; rv:52.0) Gecko/20100101 Firefox/52.0"
37.76.57.188 - - [11/Apr/2017:22:59:07 +0200] "GET /icons/icons_k/aps.png HTTP/1.1" 200 8274 "http://www.mkk.zpok.hu/projektek2.htm" "Mozilla/5.0 (Windows NT 6.1; WOW64; rv:52.0) Gecko/20100101 Firefox/52.0"
37.76.57.188 - - [11/Apr/2017:22:59:07 +0200] "GET /icons/icons_k/westtakt.png HTTP/1.1" 200 8683 "http://www.mkk.zpok.hu/projektek2.htm" "Mozilla/5.0 (Windows NT 6.1; WOW64; rv:52.0) Gecko/20100101 Firefox/52.0"
37.76.57.188 - - [11/Apr/2017:22:59:07 +0200] "GET /icons/icons_k/eger.png HTTP/1.1" 200 28174 "http://www.mkk.zpok.hu/projektek2.htm" "Mozilla/5.0 (Windows NT 6.1; WOW64; rv:52.0) Gecko/20100101 Firefox/52.0"
37.76.57.188 - - [11/Apr/2017:22:59:07 +0200] "GET /icons/icons_k/ipoly.png HTTP/1.1" 200 26376 "http://www.mkk.zpok.hu/projektek2.htm" "Mozilla/5.0 (Windows NT 6.1; WOW64; rv:52.0) Gecko/20100101 Firefox/52.0"
37.76.57.188 - - [11/Apr/2017:22:59:07 +0200] "GET /icons/icons_k/fogadj.png HTTP/1.1" 200 31018 "http://www.mkk.zpok.hu/projektek2.htm" "Mozilla/5.0 (Windows NT 6.1; WOW64; rv:52.0) Gecko/20100101 Firefox/52.0"
37.76.57.188 - - [11/Apr/2017:22:59:07 +0200] "GET /icons/icons_k/kiskore.png HTTP/1.1" 200 25890 "http://www.mkk.zpok.hu/projektek2.htm" "Mozilla/5.0 (Windows NT 6.1; WOW64; rv:52.0) Gecko/20100101 Firefox/52.0"
37.76.57.188 - - [11/Apr/2017:22:59:07 +0200] "GET /icons/icons_k/bringa.png HTTP/1.1" 200 22141 "http://www.mkk.zpok.hu/projektek2.htm" "Mozilla/5.0 (Windows NT 6.1; WOW64; rv:52.0) Gecko/20100101 Firefox/52.0"
207.46.13.79 - - [11/Apr/2017:23:33:17 +0200] "GET /hirlevel/vonattal1409.html HTTP/1.1" 404 1181 "-" "Mozilla/5.0 (compatible; bingbot/2.0; +http://www.bing.com/bingbot.htm)"
157.55.39.121 - - [12/Apr/2017:00:26:27 +0200] "GET / HTTP/1.1" 200 2023 "-" "Mozilla/5.0 (compatible; bingbot/2.0; +http://www.bing.com/bingbot.htm)"
40.77.167.72 - - [12/Apr/2017:00:26:37 +0200] "GET /hirlevel/vonattal1012.htm HTTP/1.1" 404 1181 "-" "Mozilla/5.0 (iPhone; CPU iPhone OS 7_0 like Mac OS X) AppleWebKit/537.51.1 (KHTML, like Gecko) Version/7.0 Mobile/11A465 Safari/9537.53 (compatible; bingbot/2.0; +http://www.bing.com/bingbot.htm)"
27.102.101.7 - - [12/Apr/2017:00:59:59 +0200] "GET / HTTP/1.1" 200 2023 "-" "Mozilla/4.0 (compatible; MSIE 5.0; Windows NT; DigExt; DTS Agent"
51.255.65.67 - - [12/Apr/2017:02:36:19 +0200] "GET /kikvagyunk2.htm HTTP/1.1" 200 17375 "-" "Mozilla/5.0 (compatible; AhrefsBot/5.2; +http://ahrefs.com/robot/)"
66.249.64.84 - - [12/Apr/2017:02:42:15 +0200] "GET /doc/mkk_allasfogl070622.pdf HTTP/1.1" 404 1181 "-" "Mozilla/5.0 (compatible; Googlebot/2.1; +http://www.google.com/bot.html)"
66.249.64.188 - - [12/Apr/2017:02:50:58 +0200] "GET /doc/87_fa_szv.pdf HTTP/1.1" 200 56286 "-" "Mozilla/5.0 (compatible; Googlebot/2.1; +http://www.google.com/bot.html)"
104.154.58.95 - - [12/Apr/2017:03:03:15 +0200] "GET /robots.txt HTTP/1.1" 404 1181 "-" "ltx71 - (http://ltx71.com/)"
52.2.10.94 - - [12/Apr/2017:03:03:50 +0200] "GET /robots.txt HTTP/1.1" 404 1181 "-" "ltx71 - (http://ltx71.com/)"
104.154.58.95 - - [12/Apr/2017:03:17:31 +0200] "GET /robots.txt HTTP/1.1" 404 1181 "-" "ltx71 - (http://ltx71.com/)"
104.154.58.95 - - [12/Apr/2017:03:26:45 +0200] "GET /robots.txt HTTP/1.1" 404 1181 "-" "ltx71 - (http://ltx71.com/)"
104.154.58.95 - - [12/Apr/2017:03:28:37 +0200] "GET / HTTP/1.1" 200 2023 "-" "ltx71 - (http://ltx71.com/)"
186.183.33.244 - - [12/Apr/2017:03:30:58 +0200] "GET /images/vasutterkep_n.jpg HTTP/1.1" 404 1181 "https://www.google.com.ar/" "Mozilla/5.0 (Windows NT 6.1; WOW64; rv:52.0) Gecko/20100101 Firefox/52.0"
66.249.64.129 - - [12/Apr/2017:03:35:50 +0200] "GET /doc/kerparoskozlekedes.pdf HTTP/1.1" 200 2540119 "-" "Mozilla/5.0 (compatible; Googlebot/2.1; +http://www.google.com/bot.html)"
51.255.65.65 - - [12/Apr/2017:03:38:01 +0200] "GET /doc/b2_201203.jpg HTTP/1.1" 404 1181 "-" "Mozilla/5.0 (compatible; AhrefsBot/5.2; +http://ahrefs.com/robot/)"
178.154.200.56 - - [12/Apr/2017:03:41:30 +0200] "GET /robots.txt HTTP/1.1" 404 1181 "-" "Mozilla/5.0 (compatible; YandexBot/3.0; +http://yandex.com/bots)"
178.154.200.56 - - [12/Apr/2017:03:41:34 +0200] "GET /hirlevel/images/vonattal.jpg HTTP/1.1" 404 1181 "-" "Mozilla/5.0 (compatible; YandexImages/3.0; +http://yandex.com/bots)"
104.154.58.95 - - [12/Apr/2017:03:43:09 +0200] "GET /robots.txt HTTP/1.1" 404 1181 "-" "ltx71 - (http://ltx71.com/)"
52.3.105.23 - - [12/Apr/2017:03:43:37 +0200] "GET /robots.txt HTTP/1.1" 404 1181 "-" "ltx71 - (http://ltx71.com/)"
104.154.58.95 - - [12/Apr/2017:03:45:01 +0200] "GET / HTTP/1.1" 200 2023 "-" "ltx71 - (http://ltx71.com/)"
104.154.58.95 - - [12/Apr/2017:03:50:35 +0200] "GET /robots.txt HTTP/1.1" 404 1181 "-" "ltx71 - (http://ltx71.com/)"
66.249.93.134 - - [12/Apr/2017:03:57:17 +0200] "GET / HTTP/1.1" 200 2023 "-" "Mozilla/5.0 (X11; Linux x86_64) AppleWebKit/537.36 (KHTML, like Gecko) Chrome/49.0.2623.75 Safari/537.36 Google Favicon"
66.249.93.130 - - [12/Apr/2017:03:57:17 +0200] "GET /favicon.ico HTTP/1.1" 404 1181 "-" "Mozilla/5.0 (X11; Linux x86_64) AppleWebKit/537.36 (KHTML, like Gecko) Chrome/49.0.2623.75 Safari/537.36 Google Favicon"
66.249.64.129 - - [12/Apr/2017:03:58:25 +0200] "GET /doc/allomasok_kepes_osszefoglaloja.pdf HTTP/1.1" 200 5628186 "-" "Mozilla/5.0 (compatible; Googlebot/2.1; +http://www.google.com/bot.html)"
104.154.58.95 - - [12/Apr/2017:04:05:09 +0200] "GET /robots.txt HTTP/1.1" 404 1181 "-" "ltx71 - (http://ltx71.com/)"
104.154.58.95 - - [12/Apr/2017:04:05:19 +0200] "GET /projektek2.htm HTTP/1.1" 200 7634 "-" "ltx71 - (http://ltx71.com/)"
104.154.58.95 - - [12/Apr/2017:04:06:34 +0200] "GET /doc/ttft.pdf HTTP/1.1" 200 64415 "-" "ltx71 - (http://ltx71.com/)"
