77.111.90.197 - - [01/Apr/2017:00:15:35 +0200] "GET / HTTP/1.1" 200 2023 "-" "Mozilla/5.0 (Windows NT 6.1; WOW64) AppleWebKit/537.36 (KHTML, like Gecko) Chrome/46.0.2490.71 Safari/537.36"
77.111.90.197 - - [01/Apr/2017:00:15:35 +0200] "GET / HTTP/1.0" 200 2023 "-" "-"
178.154.200.56 - - [01/Apr/2017:00:20:36 +0200] "GET /robots.txt HTTP/1.1" 404 1181 "-" "Mozilla/5.0 (compatible; YandexBot/3.0; +http://yandex.com/bots)"
178.154.189.24 - - [01/Apr/2017:00:20:36 +0200] "GET /robots.txt HTTP/1.1" 404 1181 "-" "Mozilla/5.0 (compatible; YandexBot/3.0; +http://yandex.com/bots)"
178.154.189.24 - - [01/Apr/2017:00:20:41 +0200] "GET / HTTP/1.1" 200 2023 "-" "Mozilla/5.0 (compatible; YandexBot/3.0; +http://yandex.com/bots)"
178.154.200.56 - - [01/Apr/2017:00:20:41 +0200] "GET / HTTP/1.1" 200 2023 "-" "Mozilla/5.0 (compatible; YandexBot/3.0; +http://yandex.com/bots)"
66.249.66.219 - - [01/Apr/2017:00:24:53 +0200] "GET / HTTP/1.1" 304 - "-" "Mozilla/5.0 (compatible; Googlebot/2.1; +http://www.google.com/bot.html)"
186.202.153.46 - - [01/Apr/2017:01:01:04 +0200] "GET /wp-admin/ HTTP/1.1" 404 1181 "-" "-"
198.57.247.218 - - [01/Apr/2017:01:10:31 +0200] "GET /test/wp-admin/ HTTP/1.1" 404 1181 "-" "-"
212.227.119.5 - - [01/Apr/2017:01:19:46 +0200] "GET /wordpress/wp-admin/ HTTP/1.1" 404 1181 "-" "-"
66.249.66.215 - - [01/Apr/2017:01:20:22 +0200] "GET /doc/ttft.pdf HTTP/1.1" 200 6493253 "-" "Mozilla/5.0 (compatible; Googlebot/2.1; +http://www.google.com/bot.html)"
23.91.70.36 - - [01/Apr/2017:01:28:51 +0200] "GET /blog/wp-admin/ HTTP/1.1" 404 1181 "-" "-"
66.249.66.215 - - [01/Apr/2017:01:31:16 +0200] "GET /doc/alapsz03.pdf HTTP/1.1" 200 6009944 "-" "Mozilla/5.0 (compatible; Googlebot/2.1; +http://www.google.com/bot.html)"
66.249.66.70 - - [01/Apr/2017:01:33:00 +0200] "GET /robots.txt HTTP/1.1" 404 1181 "-" "Mozilla/5.0 (compatible; Googlebot/2.1; +http://www.google.com/bot.html)"
66.249.66.76 - - [01/Apr/2017:01:33:00 +0200] "GET /hirlevel/vonattal1306.html HTTP/1.1" 404 1181 "-" "Mozilla/5.0 (compatible; Googlebot/2.1; +http://www.google.com/bot.html)"
46.229.164.102 - - [01/Apr/2017:01:33:08 +0200] "GET /robots.txt HTTP/1.1" 404 1181 "-" "Mozilla/5.0 (compatible; SemrushBot/1.2~bl; +http://www.semrush.com/bot.html)"
66.249.66.219 - - [01/Apr/2017:01:33:43 +0200] "GET / HTTP/1.1" 200 2023 "-" "Mozilla/5.0 (Linux; Android 6.0.1; Nexus 5X Build/MMB29P) AppleWebKit/537.36 (KHTML, like Gecko) Chrome/41.0.2272.96 Mobile Safari/537.36 (compatible; Googlebot/2.1; +http://www.google.com/bot.html)"
173.192.38.18 - - [01/Apr/2017:01:37:52 +0200] "GET /wp/wp-admin/ HTTP/1.1" 404 1181 "-" "-"
207.46.13.110 - - [01/Apr/2017:01:40:39 +0200] "GET /images/b2_2012_03_+terkepkep.pdf HTTP/1.1" 404 1181 "-" "Mozilla/5.0 (iPhone; CPU iPhone OS 7_0 like Mac OS X) AppleWebKit/537.51.1 (KHTML, like Gecko) Version/7.0 Mobile/11A465 Safari/9537.53 (compatible; bingbot/2.0; +http://www.bing.com/bingbot.htm)"
66.249.66.215 - - [01/Apr/2017:01:41:18 +0200] "GET /doc/87_fa_szv.pdf HTTP/1.1" 200 56286 "-" "Mozilla/5.0 (compatible; Googlebot/2.1; +http://www.google.com/bot.html)"
193.106.92.207 - - [01/Apr/2017:01:46:57 +0200] "GET /old/wp-admin/ HTTP/1.1" 404 1181 "-" "-"
66.249.66.219 - - [01/Apr/2017:01:50:39 +0200] "GET /doc/80_sln_su.pdf HTTP/1.1" 200 130637 "-" "Mozilla/5.0 (compatible; Googlebot/2.1; +http://www.google.com/bot.html)"
66.249.66.211 - - [01/Apr/2017:01:59:37 +0200] "GET /doc/bartok_20160703.pdf HTTP/1.1" 200 284990 "-" "Mozilla/5.0 (compatible; Googlebot/2.1; +http://www.google.com/bot.html)"
66.249.66.211 - - [01/Apr/2017:02:10:05 +0200] "GET /doc/varos-videk_2009.pdf HTTP/1.1" 200 1636386 "-" "Mozilla/5.0 (compatible; Googlebot/2.1; +http://www.google.com/bot.html)"
66.249.66.215 - - [01/Apr/2017:02:21:00 +0200] "GET /doc/eletet-a-vasutnak.pdf HTTP/1.1" 200 5085257 "-" "Mozilla/5.0 (compatible; Googlebot/2.1; +http://www.google.com/bot.html)"
66.249.66.211 - - [01/Apr/2017:02:21:03 +0200] "GET /doc/westtakt_final_20160405.pdf HTTP/1.1" 304 - "-" "Mozilla/5.0 (compatible; Googlebot/2.1; +http://www.google.com/bot.html)"
66.249.66.215 - - [01/Apr/2017:02:30:37 +0200] "GET /doc/kerparoskozlekedes.pdf HTTP/1.1" 200 2540119 "-" "Mozilla/5.0 (compatible; Googlebot/2.1; +http://www.google.com/bot.html)"
52.2.10.94 - - [01/Apr/2017:02:30:44 +0200] "GET /robots.txt HTTP/1.1" 404 1181 "-" "ltx71 - (http://ltx71.com/)"
66.249.66.211 - - [01/Apr/2017:02:36:06 +0200] "GET / HTTP/1.1" 200 2023 "-" "Mozilla/5.0 (Linux; Android 6.0.1; Nexus 5X Build/MMB29P) AppleWebKit/537.36 (KHTML, like Gecko) Chrome/41.0.2272.96 Mobile Safari/537.36 (compatible; Googlebot/2.1; +http://www.google.com/bot.html)"
66.249.66.211 - - [01/Apr/2017:02:41:28 +0200] "GET /doc/mkk_eger_tanulmany_2014.pdf HTTP/1.1" 200 851104 "-" "Mozilla/5.0 (compatible; Googlebot/2.1; +http://www.google.com/bot.html)"
104.154.58.95 - - [01/Apr/2017:02:48:31 +0200] "GET /robots.txt HTTP/1.1" 404 1181 "-" "ltx71 - (http://ltx71.com/)"
104.154.58.95 - - [01/Apr/2017:02:49:47 +0200] "GET / HTTP/1.1" 200 2023 "-" "ltx71 - (http://ltx71.com/)"
66.249.66.219 - - [01/Apr/2017:02:53:34 +0200] "GET /doc/westtakt_final_20160405.pdf HTTP/1.1" 200 633098 "-" "Mozilla/5.0 (compatible; Googlebot/2.1; +http://www.google.com/bot.html)"
66.249.66.219 - - [01/Apr/2017:02:54:02 +0200] "GET /doc/ocsi_bela_070622.ppt HTTP/1.1" 404 1181 "-" "Mozilla/5.0 (compatible; Googlebot/2.1; +http://www.google.com/bot.html)"
66.249.66.211 - - [01/Apr/2017:03:05:15 +0200] "GET /doc/allomasok_kepes_osszefoglaloja.pdf HTTP/1.1" 200 5628186 "-" "Mozilla/5.0 (compatible; Googlebot/2.1; +http://www.google.com/bot.html)"
66.249.66.215 - - [01/Apr/2017:03:15:10 +0200] "GET /doc/hu_aps_positivbeispiele_aufl2_070622_klein.pdf HTTP/1.1" 200 2887217 "-" "Mozilla/5.0 (compatible; Googlebot/2.1; +http://www.google.com/bot.html)"
77.111.90.197 - - [01/Apr/2017:04:04:45 +0200] "GET / HTTP/1.1" 200 2023 "-" "Mozilla/5.0 (Windows NT 6.1; WOW64) AppleWebKit/537.36 (KHTML, like Gecko) Chrome/46.0.2490.71 Safari/537.36"
77.111.90.197 - - [01/Apr/2017:04:04:45 +0200] "GET / HTTP/1.0" 200 2023 "-" "-"
66.249.66.70 - - [01/Apr/2017:04:51:43 +0200] "GET / HTTP/1.1" 200 2023 "-" "Mozilla/5.0 (compatible; Googlebot/2.1; +http://www.google.com/bot.html)"
66.249.66.73 - - [01/Apr/2017:05:02:49 +0200] "GET /doc/kelenfold_1009.pdf HTTP/1.1" 404 1181 "-" "Mozilla/5.0 (compatible; Googlebot/2.1; +http://www.google.com/bot.html)"
66.249.66.219 - - [01/Apr/2017:05:14:12 +0200] "GET /doc/VM%202010%2012.pdf HTTP/1.1" 404 1181 "-" "Mozilla/5.0 (compatible; Googlebot/2.1; +http://www.google.com/bot.html)"
157.55.39.252 - - [01/Apr/2017:05:28:04 +0200] "GET /robots.txt HTTP/1.1" 404 1181 "-" "Mozilla/5.0 (compatible; bingbot/2.0; +http://www.bing.com/bingbot.htm)"
66.249.66.211 - - [01/Apr/2017:05:51:51 +0200] "GET / HTTP/1.1" 200 2023 "http://e-unio.com/open.php?link=http://www.mkk.zpok.hu/" "Mozilla/5.0 (compatible; Googlebot/2.1; +http://www.google.com/bot.html)"
50.197.87.249 - - [01/Apr/2017:06:16:56 +0200] "GET /doc/b2_2010.pdf HTTP/1.1" 404 1181 "https://en.wikipedia.org/" "Mozilla/5.0 (Windows NT 6.2; WOW64) AppleWebKit/537.36 (KHTML, like Gecko) Chrome/56.0.2924.87 Safari/537.36"
50.197.87.249 - - [01/Apr/2017:06:16:56 +0200] "GET /favicon.ico HTTP/1.1" 404 1181 "http://mkk.zpok.hu/doc/b2_2010.pdf" "Mozilla/5.0 (Windows NT 6.2; WOW64) AppleWebKit/537.36 (KHTML, like Gecko) Chrome/56.0.2924.87 Safari/537.36"
107.167.112.43 - - [01/Apr/2017:06:35:51 +0200] "GET /images/vasutterkep_n.jpg HTTP/1.1" 404 1181 "http://pekolejo.tk/hungary-map/" "Opera/9.80 (Android; Opera Mini/21.0.2254/60.271; U; en) Presto/2.12.423 Version/12.16"
66.249.66.76 - - [01/Apr/2017:07:03:44 +0200] "GET /projektek2.htm HTTP/1.1" 200 7634 "-" "Mozilla/5.0 (compatible; Googlebot/2.1; +http://www.google.com/bot.html)"
52.2.10.94 - - [01/Apr/2017:08:01:39 +0200] "GET /robots.txt HTTP/1.1" 404 1181 "-" "ltx71 - (http://ltx71.com/)"
66.249.66.215 - - [01/Apr/2017:08:06:35 +0200] "GET /doc/mkk_eger_tanulmany_2014.pdf HTTP/1.1" 200 851104 "-" "Googlebot/2.1 (+http://www.google.com/bot.html)"
52.2.10.94 - - [01/Apr/2017:08:38:40 +0200] "GET /robots.txt HTTP/1.1" 404 1181 "-" "ltx71 - (http://ltx71.com/)"
52.2.10.94 - - [01/Apr/2017:08:39:14 +0200] "GET /hirlevel/Kevesbbauto.pdf HTTP/1.1" 404 1181 "-" "ltx71 - (http://ltx71.com/)"
157.55.39.252 - - [01/Apr/2017:09:36:15 +0200] "GET /robots.txt HTTP/1.1" 404 1181 "-" "Mozilla/5.0 (compatible; bingbot/2.0; +http://www.bing.com/bingbot.htm)"
157.55.39.252 - - [01/Apr/2017:09:36:15 +0200] "GET /robots.txt HTTP/1.1" 404 1181 "-" "Mozilla/5.0 (compatible; bingbot/2.0; +http://www.bing.com/bingbot.htm)"
68.180.230.34 - - [01/Apr/2017:09:37:21 +0200] "GET /robots.txt HTTP/1.1" 404 1181 "-" "Mozilla/5.0 (compatible; Yahoo! Slurp; http://help.yahoo.com/help/us/ysearch/slurp)"
68.180.230.34 - - [01/Apr/2017:09:37:22 +0200] "GET /hirlevel/vonattal1408.html HTTP/1.1" 404 1181 "-" "Mozilla/5.0 (compatible; Yahoo! Slurp; http://help.yahoo.com/help/us/ysearch/slurp)"
157.55.39.70 - - [01/Apr/2017:09:38:03 +0200] "GET /doc/varos-videk_2009.pdf HTTP/1.1" 200 1636386 "-" "Mozilla/5.0 (iPhone; CPU iPhone OS 7_0 like Mac OS X) AppleWebKit/537.51.1 (KHTML, like Gecko) Version/7.0 Mobile/11A465 Safari/9537.53 (compatible; bingbot/2.0; +http://www.bing.com/bingbot.htm)"
125.209.235.172 - - [01/Apr/2017:09:39:44 +0200] "GET /robots.txt HTTP/1.1" 404 1181 "-" "Mozilla/5.0 (compatible; Yeti/1.1; +http://naver.me/bot)"
125.209.235.178 - - [01/Apr/2017:09:39:45 +0200] "GET /doc/b2_2010.pdf HTTP/1.1" 404 1181 "-" "Mozilla/5.0 (compatible; Yeti/1.1; +http://naver.me/bot)"
106.120.173.81 - - [01/Apr/2017:09:56:38 +0200] "GET /robots.txt HTTP/1.1" 404 1181 "-" "Sogou web spider/4.0(+http://www.sogou.com/docs/help/webmasters.htm#07)"
106.120.173.81 - - [01/Apr/2017:09:56:48 +0200] "GET / HTTP/1.1" 304 - "-" "Sogou web spider/4.0(+http://www.sogou.com/docs/help/webmasters.htm#07)"
157.55.39.70 - - [01/Apr/2017:09:57:28 +0200] "GET /hirlevel/vonattal1408.html HTTP/1.1" 404 1181 "-" "msnbot-media/1.1 (+http://search.msn.com/msnbot.htm)"
77.222.97.131 - - [01/Apr/2017:10:34:43 +0200] "GET / HTTP/1.1" 200 2023 "-" "Mozilla/4.0 (compatible; MSIE 7.0; Windows NT 5.1; CDSource=v3.12a.00)"
157.55.39.135 - - [01/Apr/2017:10:36:33 +0200] "GET /doc/b2_2010.pdf HTTP/1.1" 404 1181 "-" "Mozilla/5.0 (iPhone; CPU iPhone OS 7_0 like Mac OS X) AppleWebKit/537.51.1 (KHTML, like Gecko) Version/7.0 Mobile/11A465 Safari/9537.53 (compatible; bingbot/2.0; +http://www.bing.com/bingbot.htm)"
52.2.10.94 - - [01/Apr/2017:11:18:29 +0200] "GET /robots.txt HTTP/1.1" 404 1181 "-" "ltx71 - (http://ltx71.com/)"
199.193.251.133 - - [01/Apr/2017:11:58:37 +0200] "HEAD / HTTP/1.1" 200 0 "https://www.inboundlinks.win/InboundLinks/mkk.zpok.hu" "Mozilla/5.0 (compatible; MSIE 9.0; Windows NT 6.1; WOW64; Trident/5.0)"
176.195.230.50 - - [01/Apr/2017:12:08:22 +0200] "GET /hirlevel/vasuttal0804.htm HTTP/1.1" 404 1181 "http://yandex.ru/clck/jsredir?from=yandex.ru%3Bsearch%3Bweb%3B%3B&text=&etext=1378.NHutQtr7WJUCC5xwNrMNxLMedOicQhrdTcFCUDkFl0GmzT69YnU8Ob86FeE_MWaG.1f9a0d42ea308d59c14a14eb524018dffd6ab6fd&uuid=&state=_BLhILn4SxNIvvL0W45KSic66uCIg23qh8iRG98qeIXmeppkgUc0YG-XUIUpxKrkaoPisARVvB8&data=UlNrNmk5WktYejR0eWJFYk1LdmtxZ3l0WnFqTm00dHpBbEZwZnhHTXlMM3pIcjFMRG9fdnRuMWlLRWpDeGNLLXdVUzY3amFiUERIdkdUczdQR1pHYlU2Z0oxS0RNYXByN0lkSHdKblJFT05Cb3dJbi1LdU9qT2hxNUlXdGRuanM&b64e=2&sign=36e9bd25ee573e4e3cf24157eebe1d71&keyno=0&cst=AiuY0DBWFJ7IXge4WdYJQULnoVAFacUfPDXB39HDBI_9p0ipF9fCzhHIhejlYmy0Hn5udRxqVuPb1R6hJeR2uBa7X9rd_lmgWD9Zw18_JBmulPbsa5JjDBdCbr589kN2Z1qKKRDorI0_6uZOKx2j2S3QUWOMdcJU&ref=orjY4mGPRjk5boDnW0uvlrrd71vZw9kp5uQozpMtKCVwjJVQHb9Cs-86V2l6an8gWZBXApBXCxR5usHrcRQaXnocCFaHMwp70DI9Een_vJBmQA2lkqqSvg&l10n=ru&cts=1491040606428&mc=5.07514040089" "Opera/9.80 (Windows NT 6.1; Edition Yx) Presto/2.12.388 Version/12.15"
163.172.66.158 - - [01/Apr/2017:12:31:49 +0200] "GET / HTTP/1.1" 200 2023 "-" "Mozilla/5.0 (compatible; AhrefsBot/5.2; +http://ahrefs.com/robot/)"
5.196.87.61 - - [01/Apr/2017:12:32:25 +0200] "GET /robots.txt HTTP/1.1" 404 1181 "-" "Mozilla/5.0 (compatible; AhrefsBot/5.2; +http://ahrefs.com/robot/)"
77.111.90.197 - - [01/Apr/2017:12:36:58 +0200] "GET /doc/konf_0807.pdf HTTP/1.1" 404 1181 "-" "Mozilla/5.0 (Windows NT 6.1; WOW64) AppleWebKit/537.36 (KHTML, like Gecko) Chrome/46.0.2490.71 Safari/537.36"
77.111.90.197 - - [01/Apr/2017:12:36:58 +0200] "GET /doc/konf_0807.pdf HTTP/1.0" 404 1181 "-" "-"
66.249.66.219 - - [01/Apr/2017:13:56:13 +0200] "GET /robots.txt HTTP/1.1" 404 1181 "-" "Mozilla/5.0 (compatible; Googlebot/2.1; +http://www.google.com/bot.html)"
66.249.66.215 - - [01/Apr/2017:13:56:14 +0200] "GET /images/vasutterkep_n.jpg HTTP/1.1" 404 1181 "-" "Googlebot-Image/1.0"
188.143.100.254 - - [01/Apr/2017:13:56:28 +0200] "GET / HTTP/1.1" 200 2023 "https://www.facebook.com/" "Mozilla/5.0 (Windows NT 10.0; WOW64) AppleWebKit/537.36 (KHTML, like Gecko) Chrome/56.0.2924.87 Safari/537.36"
188.143.100.254 - - [01/Apr/2017:13:56:28 +0200] "GET /facebook-logo-preview.png HTTP/1.1" 200 3924 "http://www.mkk.zpok.hu/" "Mozilla/5.0 (Windows NT 10.0; WOW64) AppleWebKit/537.36 (KHTML, like Gecko) Chrome/56.0.2924.87 Safari/537.36"
188.143.100.254 - - [01/Apr/2017:13:56:28 +0200] "GET /blog.jpg HTTP/1.1" 200 29833 "http://www.mkk.zpok.hu/" "Mozilla/5.0 (Windows NT 10.0; WOW64) AppleWebKit/537.36 (KHTML, like Gecko) Chrome/56.0.2924.87 Safari/537.36"
188.143.100.254 - - [01/Apr/2017:13:56:28 +0200] "GET /mkk_banner.png HTTP/1.1" 200 62097 "http://www.mkk.zpok.hu/" "Mozilla/5.0 (Windows NT 10.0; WOW64) AppleWebKit/537.36 (KHTML, like Gecko) Chrome/56.0.2924.87 Safari/537.36"
188.143.100.254 - - [01/Apr/2017:13:56:30 +0200] "GET /favicon.ico HTTP/1.1" 404 1181 "http://www.mkk.zpok.hu/" "Mozilla/5.0 (Windows NT 10.0; WOW64) AppleWebKit/537.36 (KHTML, like Gecko) Chrome/56.0.2924.87 Safari/537.36"
206.253.226.7 - - [01/Apr/2017:14:02:08 +0200] "GET /robots.txt HTTP/1.1" 404 1181 "-" "Mozilla/5.0 (compatible; oBot/2.3.1; http://filterdb.iss.net/crawler/)"
206.253.226.7 - - [01/Apr/2017:14:02:08 +0200] "HEAD /doc/b2_2012_03.pdf HTTP/1.1" 404 0 "-" "Mozilla/5.0 (compatible; oBot/2.3.1; http://filterdb.iss.net/crawler/)"
178.154.200.56 - - [01/Apr/2017:14:14:44 +0200] "GET /robots.txt HTTP/1.1" 404 1181 "-" "Mozilla/5.0 (compatible; YandexBot/3.0; +http://yandex.com/bots)"
178.154.200.56 - - [01/Apr/2017:14:14:48 +0200] "GET /favicon.ico HTTP/1.1" 404 1181 "-" "Mozilla/5.0 (compatible; YandexBot/3.0; +http://yandex.com/bots)"
162.210.196.97 - - [01/Apr/2017:14:43:39 +0200] "GET /robots.txt HTTP/1.1" 404 1181 "-" "Mozilla/5.0 (compatible; MJ12bot/v1.4.8; http://mj12bot.com/)"
162.210.196.97 - - [01/Apr/2017:14:43:41 +0200] "GET / HTTP/1.1" 200 2023 "-" "Mozilla/5.0 (compatible; MJ12bot/v1.4.8; http://mj12bot.com/)"
162.210.196.97 - - [01/Apr/2017:14:44:01 +0200] "GET /robots.txt HTTP/1.1" 404 1181 "-" "Mozilla/5.0 (compatible; MJ12bot/v1.4.8; http://mj12bot.com/)"
162.210.196.97 - - [01/Apr/2017:14:44:04 +0200] "GET / HTTP/1.1" 200 2023 "-" "Mozilla/5.0 (compatible; MJ12bot/v1.4.8; http://mj12bot.com/)"
157.55.39.70 - - [01/Apr/2017:14:47:06 +0200] "GET /doc/vonattal_tisza-tohoz_2010.pdf HTTP/1.1" 404 1181 "-" "Mozilla/5.0 (iPhone; CPU iPhone OS 7_0 like Mac OS X) AppleWebKit/537.51.1 (KHTML, like Gecko) Version/7.0 Mobile/11A465 Safari/9537.53 (compatible; bingbot/2.0; +http://www.bing.com/bingbot.htm)"
163.172.65.199 - - [01/Apr/2017:15:00:00 +0200] "GET /tagsag2.htm HTTP/1.1" 200 1335 "-" "Mozilla/5.0 (compatible; AhrefsBot/5.2; +http://ahrefs.com/robot/)"
151.80.39.150 - - [01/Apr/2017:15:00:20 +0200] "GET /robots.txt HTTP/1.1" 404 1181 "-" "Mozilla/5.0 (compatible; AhrefsBot/5.2; +http://ahrefs.com/robot/)"
178.154.189.24 - - [01/Apr/2017:15:18:43 +0200] "GET /images/vasutterkep_n.jpg HTTP/1.1" 404 1181 "-" "Mozilla/5.0 (compatible; YandexBot/3.0; +http://yandex.com/bots)"
52.2.10.94 - - [01/Apr/2017:15:23:25 +0200] "GET /robots.txt HTTP/1.1" 404 1181 "-" "ltx71 - (http://ltx71.com/)"
52.2.10.94 - - [01/Apr/2017:15:24:19 +0200] "GET /doc/b2_2012_03.pdf HTTP/1.1" 404 1181 "-" "ltx71 - (http://ltx71.com/)"
192.157.254.197 - - [01/Apr/2017:16:06:55 +0200] "HEAD / HTTP/1.1" 200 0 "https://www.inboundlinks.win/InboundLinks/mkk.zpok.hu" "Mozilla/5.0 (compatible; MSIE 9.0; Windows NT 6.1; WOW64; Trident/5.0)"
207.46.13.102 - - [01/Apr/2017:16:32:05 +0200] "GET /doc/b2_terkep_200902.jpg HTTP/1.1" 404 1181 "-" "Mozilla/5.0 (compatible; bingbot/2.0; +http://www.bing.com/bingbot.htm)"
52.2.10.94 - - [01/Apr/2017:16:56:29 +0200] "GET /robots.txt HTTP/1.1" 404 1181 "-" "ltx71 - (http://ltx71.com/)"
89.204.139.125 - - [01/Apr/2017:17:03:39 +0200] "GET /doc/b2_2010.pdf HTTP/1.1" 404 1181 "https://de.m.wikipedia.org/" "Mozilla/5.0 (Linux; Android 6.0; ALE-L21 Build/HuaweiALE-L21) AppleWebKit/537.36 (KHTML, like Gecko) Chrome/56.0.2924.87 Mobile Safari/537.36"
89.204.139.125 - - [01/Apr/2017:17:03:39 +0200] "GET /favicon.ico HTTP/1.1" 404 1181 "http://mkk.zpok.hu/doc/b2_2010.pdf" "Mozilla/5.0 (Linux; Android 6.0; ALE-L21 Build/HuaweiALE-L21) AppleWebKit/537.36 (KHTML, like Gecko) Chrome/56.0.2924.87 Mobile Safari/537.36"
89.204.139.125 - - [01/Apr/2017:17:06:30 +0200] "GET /doc/b2_201203.jpg HTTP/1.1" 404 1181 "http://vasut.kteam.hu/indexde.html" "Mozilla/5.0 (Linux; Android 6.0; ALE-L21 Build/HuaweiALE-L21) AppleWebKit/537.36 (KHTML, like Gecko) Chrome/56.0.2924.87 Mobile Safari/537.36"
89.204.139.125 - - [01/Apr/2017:17:06:35 +0200] "GET /doc/b2_2010.pdf HTTP/1.1" 404 1181 "http://vasut.kteam.hu/indexde.html" "Mozilla/5.0 (Linux; Android 6.0; ALE-L21 Build/HuaweiALE-L21) AppleWebKit/537.36 (KHTML, like Gecko) Chrome/56.0.2924.87 Mobile Safari/537.36"
52.2.10.94 - - [01/Apr/2017:17:10:53 +0200] "GET /robots.txt HTTP/1.1" 404 1181 "-" "ltx71 - (http://ltx71.com/)"
52.2.10.94 - - [01/Apr/2017:17:11:47 +0200] "GET /hirlevel/vonattal1508.html HTTP/1.1" 404 1181 "-" "ltx71 - (http://ltx71.com/)"
85.238.68.153 - - [01/Apr/2017:17:37:48 +0200] "GET /images/vasutterkep_n.jpg HTTP/1.1" 404 1181 "-" "Mozilla/4.0 (compatible; MSIE 7.0; Windows NT 6.1; Trident/7.0; SLCC2; .NET CLR 2.0.50727; .NET CLR 3.5.30729; .NET CLR 3.0.30729; Media Center PC 6.0; .NET4.0C; .NET4.0E; InfoPath.2; Tablet PC 2.0)"
85.238.68.153 - - [01/Apr/2017:17:37:56 +0200] "GET /images/vasutterkep_n.jpg HTTP/1.1" 404 1181 "-" "Mozilla/5.0 (Windows NT 6.1) AppleWebKit/537.36 (KHTML, like Gecko) Chrome/56.0.2924.87 Safari/537.36"
85.238.68.153 - - [01/Apr/2017:17:37:56 +0200] "GET /favicon.ico HTTP/1.1" 404 1181 "http://www.mkk.zpok.hu/images/vasutterkep_n.jpg" "Mozilla/5.0 (Windows NT 6.1) AppleWebKit/537.36 (KHTML, like Gecko) Chrome/56.0.2924.87 Safari/537.36"
207.46.13.184 - - [01/Apr/2017:17:52:03 +0200] "GET /hirlevel/vonattal1503.html HTTP/1.1" 404 1181 "-" "Mozilla/5.0 (iPhone; CPU iPhone OS 7_0 like Mac OS X) AppleWebKit/537.51.1 (KHTML, like Gecko) Version/7.0 Mobile/11A465 Safari/9537.53 (compatible; bingbot/2.0; +http://www.bing.com/bingbot.htm)"
207.46.13.44 - - [01/Apr/2017:17:59:09 +0200] "GET /robots.txt HTTP/1.1" 404 1181 "-" "Mozilla/5.0 (compatible; bingbot/2.0; +http://www.bing.com/bingbot.htm)"
40.77.167.10 - - [01/Apr/2017:17:59:17 +0200] "GET /hirlevel/szentgotthard_1109.pdf HTTP/1.1" 404 1181 "-" "Mozilla/5.0 (compatible; bingbot/2.0; +http://www.bing.com/bingbot.htm)"
180.76.15.156 - - [01/Apr/2017:18:03:58 +0200] "GET /hirlevel/ahol_kerekparozni_jo.pdf HTTP/1.1" 404 1181 "-" "Mozilla/5.0 (compatible; Baiduspider/2.0; +http://www.baidu.com/search/spider.html)"
52.2.10.94 - - [01/Apr/2017:18:14:33 +0200] "GET /robots.txt HTTP/1.1" 404 1181 "-" "ltx71 - (http://ltx71.com/)"
52.2.10.94 - - [01/Apr/2017:18:23:23 +0200] "GET /robots.txt HTTP/1.1" 404 1181 "-" "ltx71 - (http://ltx71.com/)"
104.154.58.95 - - [01/Apr/2017:18:30:58 +0200] "GET /robots.txt HTTP/1.1" 404 1181 "-" "ltx71 - (http://ltx71.com/)"
178.140.84.249 - - [01/Apr/2017:18:41:13 +0200] "GET /hirlevel/vasuttal0804.htm HTTP/1.1" 404 1181 "http://yandex.ru/clck/jsredir?from=yandex.ru%3Bsearch%3Bweb%3B%3B&text=&etext=1378.zSo3hAIC6DI2eiYingdlSfyBVzkhPZqC-CETIuN4de-LV2SA7f0HSAAyhwfWzba0.17f5c7ad33383ce992c6b6ff29e301c549d56a72&uuid=&state=_BLhILn4SxNIvvL0W45KSic66uCIg23qh8iRG98qeIXmeppkgUc0YM1sNxN_KHOPADPyHdOKa1Y&data=UlNrNmk5WktYejR0eWJFYk1LdmtxZ3l0WnFqTm00dHpBbEZwZnhHTXlMM3pIcjFMRG9fdnRuMWlLRWpDeGNLLXdVUzY3amFiUERIdkdUczdQR1pHYlFJY0xXRjRzSWVHSG51RHlscGRsa1Z2TENrdXVwblB4RXctRWJ6U3Nlamc&b64e=2&sign=e51dd3e9a6a72397c6cd82a26de11502&keyno=0&cst=AiuY0DBWFJ7IXge4WdYJQa9gkHE_3kbi5aNgHu6fK1Z4Jnmeu1dZwFV5TzD2Gef3BMEa0oQs3nhdlrHA4Q4q1-gKWpjbbOybS5wIke31nAuYrfgkrXMER_GjEheojdocMTeREq5C5j4_FTqfH_qXRHPH9oT4EWyf&ref=orjY4mGPRjk5boDnW0uvlrrd71vZw9kp5uQozpMtKCWjhRAArzKePcDj2OOyVAIUIsmYDajkPcLcjiByk9GtWUacoGL5hz80mEFolxtmFd_zr1sgCmRj2w&l10n=ru&cts=1491061264876&mc=3.63854076161" "Mozilla/5.0 (compatible; MSIE 10.0; Windows NT 6.1; WOW64; Trident/6.0; Touch; MALNJS)"
157.55.39.141 - - [01/Apr/2017:18:58:18 +0200] "GET /hirlevel/vonattal1409.html HTTP/1.1" 404 1181 "-" "Mozilla/5.0 (iPhone; CPU iPhone OS 7_0 like Mac OS X) AppleWebKit/537.51.1 (KHTML, like Gecko) Version/7.0 Mobile/11A465 Safari/9537.53 (compatible; bingbot/2.0; +http://www.bing.com/bingbot.htm)"
52.2.10.94 - - [01/Apr/2017:19:00:15 +0200] "GET /robots.txt HTTP/1.1" 404 1181 "-" "ltx71 - (http://ltx71.com/)"
23.88.37.115 - - [01/Apr/2017:20:19:38 +0200] "GET / HTTP/1.1" 200 2023 "http://www.domain2008.com/domains/mkk.zpok.hu" "Mozilla/5.0 (compatible; MSIE 9.0; Windows NT 6.1; WOW64; Trident/5.0)"
157.55.39.141 - - [01/Apr/2017:20:24:51 +0200] "GET /hirlevel/vonattal1605.html HTTP/1.1" 404 1181 "-" "Mozilla/5.0 (iPhone; CPU iPhone OS 7_0 like Mac OS X) AppleWebKit/537.51.1 (KHTML, like Gecko) Version/7.0 Mobile/11A465 Safari/9537.53 (compatible; bingbot/2.0; +http://www.bing.com/bingbot.htm)"
94.21.49.138 - - [01/Apr/2017:21:15:02 +0200] "GET / HTTP/1.1" 200 2023 "https://www.google.hu/" "Mozilla/5.0 (Windows NT 10.0; WOW64; rv:51.0) Gecko/20100101 Firefox/51.0"
94.21.49.138 - - [01/Apr/2017:21:15:03 +0200] "GET /facebook-logo-preview.png HTTP/1.1" 200 3924 "http://www.mkk.zpok.hu/" "Mozilla/5.0 (Windows NT 10.0; WOW64; rv:51.0) Gecko/20100101 Firefox/51.0"
94.21.49.138 - - [01/Apr/2017:21:15:03 +0200] "GET /blog.jpg HTTP/1.1" 200 29833 "http://www.mkk.zpok.hu/" "Mozilla/5.0 (Windows NT 10.0; WOW64; rv:51.0) Gecko/20100101 Firefox/51.0"
94.21.49.138 - - [01/Apr/2017:21:15:03 +0200] "GET /mkk_banner.png HTTP/1.1" 200 62097 "http://www.mkk.zpok.hu/" "Mozilla/5.0 (Windows NT 10.0; WOW64; rv:51.0) Gecko/20100101 Firefox/51.0"
94.21.49.138 - - [01/Apr/2017:21:15:06 +0200] "GET /favicon.ico HTTP/1.1" 404 1181 "-" "Mozilla/5.0 (Windows NT 10.0; WOW64; rv:51.0) Gecko/20100101 Firefox/51.0"
94.21.49.138 - - [01/Apr/2017:21:15:07 +0200] "GET /kikvagyunk2.htm HTTP/1.1" 200 17375 "http://www.mkk.zpok.hu/" "Mozilla/5.0 (Windows NT 10.0; WOW64; rv:51.0) Gecko/20100101 Firefox/51.0"
94.21.49.138 - - [01/Apr/2017:21:15:07 +0200] "GET /icons/icons_k/1.png HTTP/1.1" 200 7684 "http://www.mkk.zpok.hu/kikvagyunk2.htm" "Mozilla/5.0 (Windows NT 10.0; WOW64; rv:51.0) Gecko/20100101 Firefox/51.0"
94.21.49.138 - - [01/Apr/2017:21:15:07 +0200] "GET /icons/icons_k/3.png HTTP/1.1" 200 5625 "http://www.mkk.zpok.hu/kikvagyunk2.htm" "Mozilla/5.0 (Windows NT 10.0; WOW64; rv:51.0) Gecko/20100101 Firefox/51.0"
94.21.49.138 - - [01/Apr/2017:21:15:07 +0200] "GET /icons/icons_k/4.png HTTP/1.1" 200 5935 "http://www.mkk.zpok.hu/kikvagyunk2.htm" "Mozilla/5.0 (Windows NT 10.0; WOW64; rv:51.0) Gecko/20100101 Firefox/51.0"
94.21.49.138 - - [01/Apr/2017:21:15:07 +0200] "GET /icons/icons_k/6.png HTTP/1.1" 200 4270 "http://www.mkk.zpok.hu/kikvagyunk2.htm" "Mozilla/5.0 (Windows NT 10.0; WOW64; rv:51.0) Gecko/20100101 Firefox/51.0"
94.21.49.138 - - [01/Apr/2017:21:15:07 +0200] "GET /icons/icons_k/5.png HTTP/1.1" 200 5410 "http://www.mkk.zpok.hu/kikvagyunk2.htm" "Mozilla/5.0 (Windows NT 10.0; WOW64; rv:51.0) Gecko/20100101 Firefox/51.0"
94.21.49.138 - - [01/Apr/2017:21:15:07 +0200] "GET /icons/icons_k/2.png HTTP/1.1" 200 8020 "http://www.mkk.zpok.hu/kikvagyunk2.htm" "Mozilla/5.0 (Windows NT 10.0; WOW64; rv:51.0) Gecko/20100101 Firefox/51.0"
94.21.49.138 - - [01/Apr/2017:21:15:07 +0200] "GET /icons/icons_k/mpeter.png HTTP/1.1" 200 28939 "http://www.mkk.zpok.hu/kikvagyunk2.htm" "Mozilla/5.0 (Windows NT 10.0; WOW64; rv:51.0) Gecko/20100101 Firefox/51.0"
94.21.49.138 - - [01/Apr/2017:21:15:07 +0200] "GET /kikvag1.jpg HTTP/1.1" 200 9565 "http://www.mkk.zpok.hu/kikvagyunk2.htm" "Mozilla/5.0 (Windows NT 10.0; WOW64; rv:51.0) Gecko/20100101 Firefox/51.0"
94.21.49.138 - - [01/Apr/2017:21:15:07 +0200] "GET /icons/icons_k/balage.png HTTP/1.1" 200 21667 "http://www.mkk.zpok.hu/kikvagyunk2.htm" "Mozilla/5.0 (Windows NT 10.0; WOW64; rv:51.0) Gecko/20100101 Firefox/51.0"
94.21.49.138 - - [01/Apr/2017:21:15:07 +0200] "GET /pdf.png HTTP/1.1" 200 133123 "http://www.mkk.zpok.hu/kikvagyunk2.htm" "Mozilla/5.0 (Windows NT 10.0; WOW64; rv:51.0) Gecko/20100101 Firefox/51.0"
66.249.66.76 - - [01/Apr/2017:21:15:50 +0200] "GET /robots.txt HTTP/1.1" 404 1181 "-" "Mozilla/5.0 (compatible; Googlebot/2.1; +http://www.google.com/bot.html)"
66.249.66.70 - - [01/Apr/2017:21:15:50 +0200] "GET /doc/rakoskert_vasuti_kozlekedese_201011.pdf HTTP/1.1" 404 1181 "-" "Mozilla/5.0 (compatible; Googlebot/2.1; +http://www.google.com/bot.html)"
94.21.49.138 - - [01/Apr/2017:21:15:52 +0200] "GET /projektek2.htm HTTP/1.1" 200 7634 "http://www.mkk.zpok.hu/" "Mozilla/5.0 (Windows NT 10.0; WOW64; rv:51.0) Gecko/20100101 Firefox/51.0"
94.21.49.138 - - [01/Apr/2017:21:15:53 +0200] "GET /icons/icons_k/eger.png HTTP/1.1" 200 28174 "http://www.mkk.zpok.hu/projektek2.htm" "Mozilla/5.0 (Windows NT 10.0; WOW64; rv:51.0) Gecko/20100101 Firefox/51.0"
94.21.49.138 - - [01/Apr/2017:21:15:53 +0200] "GET /icons/icons_k/westtakt.png HTTP/1.1" 200 8683 "http://www.mkk.zpok.hu/projektek2.htm" "Mozilla/5.0 (Windows NT 10.0; WOW64; rv:51.0) Gecko/20100101 Firefox/51.0"
94.21.49.138 - - [01/Apr/2017:21:15:53 +0200] "GET /icons/icons_k/aps.png HTTP/1.1" 200 8274 "http://www.mkk.zpok.hu/projektek2.htm" "Mozilla/5.0 (Windows NT 10.0; WOW64; rv:51.0) Gecko/20100101 Firefox/51.0"
94.21.49.138 - - [01/Apr/2017:21:15:53 +0200] "GET /icons/icons_k/ipoly.png HTTP/1.1" 200 26376 "http://www.mkk.zpok.hu/projektek2.htm" "Mozilla/5.0 (Windows NT 10.0; WOW64; rv:51.0) Gecko/20100101 Firefox/51.0"
94.21.49.138 - - [01/Apr/2017:21:15:53 +0200] "GET /icons/icons_k/kiskore.png HTTP/1.1" 200 25890 "http://www.mkk.zpok.hu/projektek2.htm" "Mozilla/5.0 (Windows NT 10.0; WOW64; rv:51.0) Gecko/20100101 Firefox/51.0"
94.21.49.138 - - [01/Apr/2017:21:15:53 +0200] "GET /icons/icons_k/bringa.png HTTP/1.1" 200 22141 "http://www.mkk.zpok.hu/projektek2.htm" "Mozilla/5.0 (Windows NT 10.0; WOW64; rv:51.0) Gecko/20100101 Firefox/51.0"
94.21.49.138 - - [01/Apr/2017:21:15:53 +0200] "GET /icons/icons_k/fogadj.png HTTP/1.1" 200 31018 "http://www.mkk.zpok.hu/projektek2.htm" "Mozilla/5.0 (Windows NT 10.0; WOW64; rv:51.0) Gecko/20100101 Firefox/51.0"
94.21.49.138 - - [01/Apr/2017:21:16:00 +0200] "GET /doc/kozh.zip HTTP/1.1" 200 14574903 "http://www.mkk.zpok.hu/kikvagyunk2.htm" "Mozilla/5.0 (Windows NT 10.0; WOW64; rv:51.0) Gecko/20100101 Firefox/51.0"
94.21.49.138 - - [01/Apr/2017:21:16:55 +0200] "GET /doc/bartok_20160703.pdf HTTP/1.1" 200 284990 "http://www.mkk.zpok.hu/projektek2.htm" "Mozilla/5.0 (Windows NT 10.0; WOW64; rv:51.0) Gecko/20100101 Firefox/51.0"
94.21.49.138 - - [01/Apr/2017:21:16:55 +0200] "GET /doc/bartok_20160703.pdf HTTP/1.1" 206 22846 "http://www.mkk.zpok.hu/projektek2.htm" "Mozilla/5.0 (Windows NT 10.0; WOW64; rv:51.0) Gecko/20100101 Firefox/51.0"
66.249.66.70 - - [01/Apr/2017:21:33:17 +0200] "GET /doc/mkk_allasf_120413.pdf HTTP/1.1" 404 1181 "-" "Mozilla/5.0 (Linux; Android 6.0.1; Nexus 5X Build/MMB29P) AppleWebKit/537.36 (KHTML, like Gecko) Chrome/41.0.2272.96 Mobile Safari/537.36 (compatible; Googlebot/2.1; +http://www.google.com/bot.html)"
180.76.15.10 - - [01/Apr/2017:21:47:31 +0200] "GET /doc/kerparoskozlekedes.pdf HTTP/1.1" 200 589824 "-" "Mozilla/5.0 (compatible; Baiduspider/2.0; +http://www.baidu.com/search/spider.html)"
46.229.164.99 - - [01/Apr/2017:22:46:09 +0200] "GET /robots.txt HTTP/1.1" 404 1181 "-" "Mozilla/5.0 (compatible; SemrushBot/1.2~bl; +http://www.semrush.com/bot.html)"
92.223.220.9 - - [01/Apr/2017:22:52:20 +0200] "GET /images/vasutterkep_n.jpg HTTP/1.1" 404 1181 "https://www.google.com/" "Mozilla/5.0 (Linux; Android 6.0.1; SM-N920S Build/MMB29K) AppleWebKit/537.36 (KHTML, like Gecko) Chrome/55.0.2883.91 Mobile Safari/537.36 OPR/42.6.2246.114522"
157.55.39.141 - - [01/Apr/2017:23:01:17 +0200] "GET /doc/OT_HM.pdf HTTP/1.1" 404 1181 "-" "Mozilla/5.0 (iPhone; CPU iPhone OS 7_0 like Mac OS X) AppleWebKit/537.51.1 (KHTML, like Gecko) Version/7.0 Mobile/11A465 Safari/9537.53 (compatible; bingbot/2.0; +http://www.bing.com/bingbot.htm)"
157.55.39.141 - - [01/Apr/2017:23:01:30 +0200] "GET /hirlevel/vonattal0906.htm HTTP/1.1" 404 1181 "-" "Mozilla/5.0 (compatible; bingbot/2.0; +http://www.bing.com/bingbot.htm)"
66.249.66.215 - - [01/Apr/2017:23:40:15 +0200] "GET /images/vasutterkep_n.jpg HTTP/1.1" 404 1181 "-" "Googlebot-Image/1.0"
178.154.200.56 - - [01/Apr/2017:23:52:41 +0200] "GET /robots.txt HTTP/1.1" 404 1181 "-" "Mozilla/5.0 (compatible; YandexBot/3.0; +http://yandex.com/bots)"
178.154.200.56 - - [01/Apr/2017:23:52:44 +0200] "GET /doc/b2_201203.jpg HTTP/1.1" 404 1181 "-" "Mozilla/5.0 (compatible; YandexImages/3.0; +http://yandex.com/bots)"
66.249.66.76 - - [02/Apr/2017:00:17:42 +0200] "GET / HTTP/1.1" 200 2023 "-" "Mozilla/5.0 (compatible; Googlebot/2.1; +http://www.google.com/bot.html)"
52.2.10.94 - - [02/Apr/2017:00:25:31 +0200] "GET /robots.txt HTTP/1.1" 404 1181 "-" "ltx71 - (http://ltx71.com/)"
178.154.189.24 - - [02/Apr/2017:00:27:55 +0200] "GET /hirlevel/images/1110_c.jpg HTTP/1.1" 404 1181 "-" "Mozilla/5.0 (compatible; YandexImages/3.0; +http://yandex.com/bots)"
141.8.183.15 - - [02/Apr/2017:00:27:56 +0200] "GET /hirlevel/images/1209_f.jpg HTTP/1.1" 404 1181 "-" "Mozilla/5.0 (compatible; YandexImages/3.0; +http://yandex.com/bots)"
52.2.10.94 - - [02/Apr/2017:01:00:32 +0200] "GET /robots.txt HTTP/1.1" 404 1181 "-" "ltx71 - (http://ltx71.com/)"
157.55.39.219 - - [02/Apr/2017:01:08:17 +0200] "GET / HTTP/1.1" 200 2023 "-" "Mozilla/5.0 (iPhone; CPU iPhone OS 7_0 like Mac OS X) AppleWebKit/537.51.1 (KHTML, like Gecko) Version/7.0 Mobile/11A465 Safari/9537.53 (compatible; bingbot/2.0; +http://www.bing.com/bingbot.htm)"
52.2.10.94 - - [02/Apr/2017:01:42:40 +0200] "GET /robots.txt HTTP/1.1" 404 1181 "-" "ltx71 - (http://ltx71.com/)"
157.55.39.219 - - [02/Apr/2017:01:44:29 +0200] "GET / HTTP/1.1" 200 2023 "-" "Mozilla/5.0 (iPhone; CPU iPhone OS 7_0 like Mac OS X) AppleWebKit/537.51.1 (KHTML, like Gecko) Version/7.0 Mobile/11A465 Safari/9537.53 (compatible; bingbot/2.0; +http://www.bing.com/bingbot.htm)"
207.46.13.221 - - [02/Apr/2017:01:44:48 +0200] "GET /robots.txt HTTP/1.1" 404 1181 "-" "Mozilla/5.0 (compatible; bingbot/2.0; +http://www.bing.com/bingbot.htm)"
157.55.39.219 - - [02/Apr/2017:01:46:22 +0200] "GET /hirlevel/vonattal1603.html HTTP/1.1" 404 1181 "-" "Mozilla/5.0 (iPhone; CPU iPhone OS 7_0 like Mac OS X) AppleWebKit/537.51.1 (KHTML, like Gecko) Version/7.0 Mobile/11A465 Safari/9537.53 (compatible; bingbot/2.0; +http://www.bing.com/bingbot.htm)"
157.55.39.219 - - [02/Apr/2017:02:00:34 +0200] "GET / HTTP/1.1" 200 2023 "-" "Mozilla/5.0 (iPhone; CPU iPhone OS 7_0 like Mac OS X) AppleWebKit/537.51.1 (KHTML, like Gecko) Version/7.0 Mobile/11A465 Safari/9537.53 (compatible; bingbot/2.0; +http://www.bing.com/bingbot.htm)"
52.2.10.94 - - [02/Apr/2017:02:26:49 +0200] "GET /robots.txt HTTP/1.1" 404 1181 "-" "ltx71 - (http://ltx71.com/)"
207.46.13.221 - - [02/Apr/2017:02:46:16 +0200] "GET /robots.txt HTTP/1.1" 404 1181 "-" "Mozilla/5.0 (compatible; bingbot/2.0; +http://www.bing.com/bingbot.htm)"
157.55.39.219 - - [02/Apr/2017:02:48:53 +0200] "GET / HTTP/1.1" 200 2023 "-" "Mozilla/5.0 (iPhone; CPU iPhone OS 7_0 like Mac OS X) AppleWebKit/537.51.1 (KHTML, like Gecko) Version/7.0 Mobile/11A465 Safari/9537.53 (compatible; bingbot/2.0; +http://www.bing.com/bingbot.htm)"
207.46.13.102 - - [02/Apr/2017:02:58:25 +0200] "GET /hirlevel/vonattal1101-02.htm HTTP/1.1" 404 1181 "-" "msnbot-media/1.1 (+http://search.msn.com/msnbot.htm)"
180.76.15.160 - - [02/Apr/2017:03:06:00 +0200] "GET / HTTP/1.1" 304 - "-" "Mozilla/5.0 (compatible; Baiduspider/2.0; +http://www.baidu.com/search/spider.html)"
87.115.237.202 - - [02/Apr/2017:03:15:29 +0200] "GET /robots.txt HTTP/1.1" 404 1181 "-" "HELLO Crawler"
87.115.237.202 - - [02/Apr/2017:03:15:32 +0200] "GET / HTTP/1.1" 200 2023 "-" "HELLO Crawler"
40.77.167.96 - - [02/Apr/2017:03:30:10 +0200] "GET /hirlevel/vonattal1501.html HTTP/1.1" 404 1181 "-" "Mozilla/5.0 (iPhone; CPU iPhone OS 7_0 like Mac OS X) AppleWebKit/537.51.1 (KHTML, like Gecko) Version/7.0 Mobile/11A465 Safari/9537.53 (compatible; bingbot/2.0; +http://www.bing.com/bingbot.htm)"
157.55.39.219 - - [02/Apr/2017:03:50:56 +0200] "GET /doc/b2_2012_03.pdf HTTP/1.1" 404 1181 "-" "Mozilla/5.0 (iPhone; CPU iPhone OS 7_0 like Mac OS X) AppleWebKit/537.51.1 (KHTML, like Gecko) Version/7.0 Mobile/11A465 Safari/9537.53 (compatible; bingbot/2.0; +http://www.bing.com/bingbot.htm)"
157.55.39.141 - - [02/Apr/2017:03:57:53 +0200] "GET /hirlevel/vonattal1307.html HTTP/1.1" 404 1181 "-" "Mozilla/5.0 (iPhone; CPU iPhone OS 7_0 like Mac OS X) AppleWebKit/537.51.1 (KHTML, like Gecko) Version/7.0 Mobile/11A465 Safari/9537.53 (compatible; bingbot/2.0; +http://www.bing.com/bingbot.htm)"
40.77.167.112 - - [02/Apr/2017:04:01:54 +0200] "GET /doc/elovarosi_201301.pdf HTTP/1.1" 404 1181 "-" "Mozilla/5.0 (iPhone; CPU iPhone OS 7_0 like Mac OS X) AppleWebKit/537.51.1 (KHTML, like Gecko) Version/7.0 Mobile/11A465 Safari/9537.53 (compatible; bingbot/2.0; +http://www.bing.com/bingbot.htm)"
157.55.39.219 - - [02/Apr/2017:04:19:06 +0200] "GET / HTTP/1.1" 200 2023 "-" "Mozilla/5.0 (iPhone; CPU iPhone OS 7_0 like Mac OS X) AppleWebKit/537.51.1 (KHTML, like Gecko) Version/7.0 Mobile/11A465 Safari/9537.53 (compatible; bingbot/2.0; +http://www.bing.com/bingbot.htm)"
178.137.83.79 - - [02/Apr/2017:04:42:38 +0200] "GET /robots.txt HTTP/1.1" 404 1181 "-" "Mozilla/5.0 (Windows NT 10.0; WOW64) AppleWebKit/537.36 (KHTML, like Gecko) Chrome/49.0.2623.75 Safari/537.36 OPR/36.0.2130.32"
178.137.83.79 - - [02/Apr/2017:04:42:38 +0200] "GET / HTTP/1.1" 200 2023 "-" "Mozilla/5.0 (Windows NT 10.0; WOW64) AppleWebKit/537.36 (KHTML, like Gecko) Chrome/49.0.2623.75 Safari/537.36 OPR/36.0.2130.32"
178.137.83.79 - - [02/Apr/2017:04:42:38 +0200] "GET /xmlrpc.php?rsd HTTP/1.1" 404 1181 "-" "Mozilla/5.0 (Windows NT 10.0; WOW64) AppleWebKit/537.36 (KHTML, like Gecko) Chrome/49.0.2623.75 Safari/537.36 OPR/36.0.2130.32"
178.137.83.79 - - [02/Apr/2017:04:42:38 +0200] "GET /blog/robots.txt HTTP/1.1" 404 1181 "-" "Mozilla/5.0 (Windows NT 10.0; WOW64) AppleWebKit/537.36 (KHTML, like Gecko) Chrome/49.0.2623.75 Safari/537.36 OPR/36.0.2130.32"
178.137.83.79 - - [02/Apr/2017:04:42:38 +0200] "GET /blog/ HTTP/1.1" 404 1181 "-" "Mozilla/5.0 (Windows NT 10.0; WOW64) AppleWebKit/537.36 (KHTML, like Gecko) Chrome/49.0.2623.75 Safari/537.36 OPR/36.0.2130.32"
178.137.83.79 - - [02/Apr/2017:04:42:38 +0200] "GET /wordpress/ HTTP/1.1" 404 1181 "-" "Mozilla/5.0 (Windows NT 10.0; WOW64) AppleWebKit/537.36 (KHTML, like Gecko) Chrome/49.0.2623.75 Safari/537.36 OPR/36.0.2130.32"
178.137.83.79 - - [02/Apr/2017:04:42:38 +0200] "GET /wp/ HTTP/1.1" 404 1181 "-" "Mozilla/5.0 (Windows NT 10.0; WOW64) AppleWebKit/537.36 (KHTML, like Gecko) Chrome/49.0.2623.75 Safari/537.36 OPR/36.0.2130.32"
40.77.167.114 - - [02/Apr/2017:04:46:05 +0200] "GET /hirlevel/vonattal1501.html HTTP/1.1" 404 1181 "-" "Mozilla/5.0 (iPhone; CPU iPhone OS 7_0 like Mac OS X) AppleWebKit/537.51.1 (KHTML, like Gecko) Version/7.0 Mobile/11A465 Safari/9537.53 (compatible; bingbot/2.0; +http://www.bing.com/bingbot.htm)"
66.249.66.70 - - [02/Apr/2017:05:03:13 +0200] "GET /doc/tisza-to_szoroanyag_2012.pdf HTTP/1.1" 404 1181 "-" "Mozilla/5.0 (compatible; Googlebot/2.1; +http://www.google.com/bot.html)"
157.55.39.219 - - [02/Apr/2017:05:22:55 +0200] "GET /hirlevel/vonattal1309.html HTTP/1.1" 404 1181 "-" "Mozilla/5.0 (iPhone; CPU iPhone OS 7_0 like Mac OS X) AppleWebKit/537.51.1 (KHTML, like Gecko) Version/7.0 Mobile/11A465 Safari/9537.53 (compatible; bingbot/2.0; +http://www.bing.com/bingbot.htm)"
157.55.39.141 - - [02/Apr/2017:05:36:13 +0200] "GET /hirlevel/konferencia_program-szallasok_tapolca.pdf HTTP/1.1" 404 1181 "-" "Mozilla/5.0 (compatible; bingbot/2.0; +http://www.bing.com/bingbot.htm)"
157.55.39.141 - - [02/Apr/2017:05:51:15 +0200] "GET /hirlevel/konferencia_program-szallasok_tapolca.pdf HTTP/1.1" 404 1181 "-" "Mozilla/5.0 (compatible; bingbot/2.0; +http://www.bing.com/bingbot.htm)"
58.50.76.158 - - [02/Apr/2017:05:56:55 +0200] "GET / HTTP/1.1" 200 2023 "-" "BaiduSpider"
157.55.39.141 - - [02/Apr/2017:06:10:47 +0200] "GET /hirlevel/konferencia_program-szallasok_tapolca.pdf HTTP/1.1" 404 1181 "-" "Mozilla/5.0 (compatible; bingbot/2.0; +http://www.bing.com/bingbot.htm)"
52.2.10.94 - - [02/Apr/2017:06:36:24 +0200] "GET /robots.txt HTTP/1.1" 404 1181 "-" "ltx71 - (http://ltx71.com/)"
66.249.66.76 - - [02/Apr/2017:07:05:37 +0200] "GET /doc/NFM_Fellegi_201007.pdf HTTP/1.1" 404 1181 "-" "Mozilla/5.0 (Linux; Android 6.0.1; Nexus 5X Build/MMB29P) AppleWebKit/537.36 (KHTML, like Gecko) Chrome/41.0.2272.96 Mobile Safari/537.36 (compatible; Googlebot/2.1; +http://www.google.com/bot.html)"
46.229.164.102 - - [02/Apr/2017:08:28:07 +0200] "GET /robots.txt HTTP/1.1" 404 1181 "-" "Mozilla/5.0 (compatible; SemrushBot/1.2~bl; +http://www.semrush.com/bot.html)"
157.55.39.10 - - [02/Apr/2017:08:48:24 +0200] "GET /hirlevel/vonattal1508.html HTTP/1.1" 404 1181 "-" "Mozilla/5.0 (iPhone; CPU iPhone OS 7_0 like Mac OS X) AppleWebKit/537.51.1 (KHTML, like Gecko) Version/7.0 Mobile/11A465 Safari/9537.53 (compatible; bingbot/2.0; +http://www.bing.com/bingbot.htm)"
157.55.39.10 - - [02/Apr/2017:10:34:39 +0200] "GET /hirlevel/hatvan-eves-az-atmeno-forgalom_1110.pdf HTTP/1.1" 404 1181 "-" "Mozilla/5.0 (iPhone; CPU iPhone OS 7_0 like Mac OS X) AppleWebKit/537.51.1 (KHTML, like Gecko) Version/7.0 Mobile/11A465 Safari/9537.53 (compatible; bingbot/2.0; +http://www.bing.com/bingbot.htm)"
87.97.41.161 - - [02/Apr/2017:10:41:58 +0200] "GET /doc/b2_2010.pdf HTTP/1.1" 404 1181 "-" "Mozilla/5.0 (Windows NT 10.0; WOW64; Trident/7.0; rv:11.0) like Gecko"
207.46.13.207 - - [02/Apr/2017:10:42:01 +0200] "GET /robots.txt HTTP/1.1" 404 1181 "-" "Mozilla/5.0 (compatible; bingbot/2.0; +http://www.bing.com/bingbot.htm)"
157.55.39.99 - - [02/Apr/2017:10:42:06 +0200] "GET / HTTP/1.1" 200 2023 "-" "Mozilla/5.0 (compatible; bingbot/2.0; +http://www.bing.com/bingbot.htm)"
104.206.99.42 - - [02/Apr/2017:10:51:06 +0200] "GET / HTTP/1.1" 200 2023 "-" "Mozilla/5.0 (BlackBerry; U; BlackBerry 9900; en) AppleWebKit/534.11+ (KHTML, like Gecko) Version/7.1.0.346 Mobile Safari/534.11+"
104.206.99.42 - - [02/Apr/2017:10:51:07 +0200] "GET /projektek2.htm HTTP/1.1" 200 7634 "-" "UniversalFeedParser/3.3 +http://feedparser.org/"
104.206.99.42 - - [02/Apr/2017:10:51:09 +0200] "GET /kikvagyunk2.htm HTTP/1.1" 200 17375 "-" "UniversalFeedParser/3.3 +http://feedparser.org/"
104.206.99.42 - - [02/Apr/2017:10:52:57 +0200] "GET /icons/icons_k/mpeter.png HTTP/1.1" 200 28939 "-" "Mozilla/5.0 (Windows NT 10.0; WOW64; rv:40.0) Gecko/20100101 Firefox/40.0"
104.206.99.42 - - [02/Apr/2017:10:52:58 +0200] "GET /icons/icons_k/2.png HTTP/1.1" 200 8020 "-" "Mozilla/5.0 (Windows NT 10.0; WOW64; rv:40.0) Gecko/20100101 Firefox/40.0"
104.206.99.42 - - [02/Apr/2017:10:53:00 +0200] "GET /mkk_banner.png HTTP/1.1" 200 62097 "-" "UniversalFeedParser/3.3 +http://feedparser.org/"
104.206.99.42 - - [02/Apr/2017:10:53:03 +0200] "GET /icons/icons_k/kiskore.png HTTP/1.1" 200 25890 "-" "Windows-Media-Player/11.0.5721.5145"
104.206.99.42 - - [02/Apr/2017:10:53:04 +0200] "GET /icons/icons_k/fogadj.png HTTP/1.1" 200 31018 "-" "UniversalFeedParser/3.3 +http://feedparser.org/"
104.206.99.42 - - [02/Apr/2017:10:53:04 +0200] "GET /icons/icons_k/aps.png HTTP/1.1" 200 8274 "-" "Mozilla/5.0 (Windows; U; Windows NT 6.1; rv:2.2) Gecko/20110201"
104.206.99.42 - - [02/Apr/2017:10:53:06 +0200] "GET /icons/icons_k/westtakt.png HTTP/1.1" 200 8683 "-" "UniversalFeedParser/3.3 +http://feedparser.org/"
104.206.99.42 - - [02/Apr/2017:10:53:06 +0200] "GET /facebook-logo-preview.png HTTP/1.1" 200 3924 "-" "Mozilla/5.0 (Windows; U; Windows NT 6.1; rv:2.2) Gecko/20110201"
104.206.99.42 - - [02/Apr/2017:10:53:08 +0200] "GET /icons/icons_k/6.png HTTP/1.1" 200 4270 "-" "Mozilla/5.0 (Windows NT 10.0; WOW64; rv:40.0) Gecko/20100101 Firefox/40.0"
104.206.99.42 - - [02/Apr/2017:10:53:09 +0200] "GET /icons/icons_k/balage.png HTTP/1.1" 200 21667 "-" "Mozilla/5.0 (BlackBerry; U; BlackBerry 9900; en) AppleWebKit/534.11+ (KHTML, like Gecko) Version/7.1.0.346 Mobile Safari/534.11+"
104.206.99.42 - - [02/Apr/2017:10:53:12 +0200] "GET /kikvag1.jpg HTTP/1.1" 200 9565 "-" "UniversalFeedParser/3.3 +http://feedparser.org/"
104.206.99.42 - - [02/Apr/2017:10:53:13 +0200] "GET /icons/icons_k/3.png HTTP/1.1" 200 5625 "-" "Windows-Media-Player/11.0.5721.5145"
104.206.99.42 - - [02/Apr/2017:10:53:14 +0200] "GET /icons/icons_k/eger.png HTTP/1.1" 200 28174 "-" "Mozilla/5.0 (BlackBerry; U; BlackBerry 9900; en) AppleWebKit/534.11+ (KHTML, like Gecko) Version/7.1.0.346 Mobile Safari/534.11+"
104.206.99.42 - - [02/Apr/2017:10:53:15 +0200] "GET /icons/icons_k/5.png HTTP/1.1" 200 5410 "-" "Mozilla/5.0 (Windows NT 10.0; WOW64; rv:40.0) Gecko/20100101 Firefox/40.0"
104.206.99.42 - - [02/Apr/2017:10:53:16 +0200] "GET /blog.jpg HTTP/1.1" 200 29833 "-" "Mozilla/5.0 (BlackBerry; U; BlackBerry 9900; en) AppleWebKit/534.11+ (KHTML, like Gecko) Version/7.1.0.346 Mobile Safari/534.11+"
104.206.99.42 - - [02/Apr/2017:10:53:16 +0200] "GET /icons/icons_k/bringa.png HTTP/1.1" 200 22141 "-" "Mozilla/5.0 (Windows NT 10.0; WOW64; rv:40.0) Gecko/20100101 Firefox/40.0"
104.206.99.42 - - [02/Apr/2017:10:53:16 +0200] "GET /icons/icons_k/ipoly.png HTTP/1.1" 200 26376 "-" "Windows-Media-Player/11.0.5721.5145"
104.206.99.42 - - [02/Apr/2017:10:53:17 +0200] "GET /icons/icons_k/4.png HTTP/1.1" 200 5935 "-" "Windows-Media-Player/11.0.5721.5145"
104.206.99.42 - - [02/Apr/2017:10:53:25 +0200] "GET /pdf.png HTTP/1.1" 200 133123 "-" "UniversalFeedParser/3.3 +http://feedparser.org/"
104.206.99.42 - - [02/Apr/2017:10:53:29 +0200] "GET /icons/icons_k/1.png HTTP/1.1" 200 7684 "-" "Windows-Media-Player/11.0.5721.5145"
180.76.15.160 - - [02/Apr/2017:10:53:32 +0200] "GET /doc/utaspanasz_1305.pdf HTTP/1.1" 404 1181 "-" "Mozilla/5.0 (compatible; Baiduspider/2.0; +http://www.baidu.com/search/spider.html)"
104.206.99.42 - - [02/Apr/2017:10:55:18 +0200] "GET /doc/westtakt_mnr_tkp.zip HTTP/1.1" 200 548715 "-" "Mozilla/5.0 (BlackBerry; U; BlackBerry 9900; en) AppleWebKit/534.11+ (KHTML, like Gecko) Version/7.1.0.346 Mobile Safari/534.11+"
104.206.99.42 - - [02/Apr/2017:10:55:27 +0200] "GET /doc/ipoly_konf.zip HTTP/1.1" 200 5902441 "-" "Mozilla/5.0 (Windows NT 10.0; WOW64; rv:40.0) Gecko/20100101 Firefox/40.0"
104.206.99.42 - - [02/Apr/2017:10:55:45 +0200] "GET /doc/kozh.zip HTTP/1.1" 200 11419272 "-" "Mozilla/5.0 (Windows NT 10.0; WOW64; rv:40.0) Gecko/20100101 Firefox/40.0"
64.62.252.164 - - [02/Apr/2017:11:06:29 +0200] "GET /robots.txt HTTP/1.1" 404 1181 "-" "BUbiNG (+http://law.di.unimi.it/BUbiNG.html)"
64.62.252.164 - - [02/Apr/2017:11:06:29 +0200] "GET / HTTP/1.1" 200 2023 "-" "BUbiNG (+http://law.di.unimi.it/BUbiNG.html)"
178.154.200.56 - - [02/Apr/2017:11:13:01 +0200] "GET /robots.txt HTTP/1.1" 404 1181 "-" "Mozilla/5.0 (compatible; YandexBot/3.0; +http://yandex.com/bots)"
178.154.200.56 - - [02/Apr/2017:11:13:05 +0200] "GET /doc/kozh06.pdf HTTP/1.1" 404 1181 "-" "Mozilla/5.0 (compatible; YandexBot/3.0; +http://yandex.com/bots)"
178.154.189.24 - - [02/Apr/2017:11:13:09 +0200] "GET /doc/T&E_szeptember2008.pdf HTTP/1.1" 404 1181 "-" "Mozilla/5.0 (compatible; YandexBot/3.0; +http://yandex.com/bots)"
178.154.189.24 - - [02/Apr/2017:11:13:13 +0200] "GET /doc/T&E_junius2009.pdf HTTP/1.1" 404 1181 "-" "Mozilla/5.0 (compatible; YandexBot/3.0; +http://yandex.com/bots)"
141.8.183.15 - - [02/Apr/2017:11:13:17 +0200] "GET /doc/belepesi_nyilatkozat_maganszemely.doc HTTP/1.1" 404 1181 "-" "Mozilla/5.0 (compatible; YandexBot/3.0; +http://yandex.com/bots)"
141.8.142.74 - - [02/Apr/2017:11:13:21 +0200] "GET /doc/nosztalgia-kisvasutak.pdf HTTP/1.1" 404 1181 "-" "Mozilla/5.0 (compatible; YandexBot/3.0; +http://yandex.com/bots)"
5.255.253.46 - - [02/Apr/2017:11:13:24 +0200] "GET /hirlevel/images/vonattal.swf HTTP/1.1" 404 1181 "-" "Mozilla/5.0 (compatible; YandexBot/3.0; +http://yandex.com/bots)"
141.8.142.176 - - [02/Apr/2017:11:13:28 +0200] "GET /hirlevel/vasuttal0801.htm HTTP/1.1" 404 1181 "-" "Mozilla/5.0 (compatible; YandexBot/3.0; +http://yandex.com/bots)"
141.8.183.12 - - [02/Apr/2017:11:13:32 +0200] "GET /doc/A_kozlekedesmenedzsment_korszeru_eszkozei.pdf HTTP/1.1" 404 1181 "-" "Mozilla/5.0 (compatible; YandexBot/3.0; +http://yandex.com/bots)"
157.55.39.99 - - [02/Apr/2017:11:15:12 +0200] "GET / HTTP/1.1" 200 2023 "-" "Mozilla/5.0 (compatible; bingbot/2.0; +http://www.bing.com/bingbot.htm)"
40.77.167.119 - - [02/Apr/2017:11:15:19 +0200] "GET /robots.txt HTTP/1.1" 404 1181 "-" "Mozilla/5.0 (compatible; bingbot/2.0; +http://www.bing.com/bingbot.htm)"
5.9.112.6 - - [02/Apr/2017:11:17:53 +0200] "GET /doc/varos-videk_2009.pdf HTTP/1.1" 200 238567 "-" "Mozilla/5.0 (Macintosh; Intel Mac OS X 10_8_3) AppleWebKit/537.36 (KHTML, like Gecko) Chrome/27.0.1453.93 Safari/537.36"
5.9.112.6 - - [02/Apr/2017:11:17:55 +0200] "GET /doc/varos-videk_2009.pdf HTTP/1.1" 200 1636386 "-" "Mozilla/5.0 (compatible; MSIE 10.0; Windows NT 6.1; Trident/5.0)"
5.9.17.118 - - [02/Apr/2017:11:17:56 +0200] "GET /doc/varos-videk_2009.pdf HTTP/1.1" 200 1636386 "-" "Mozilla/5.0 (Macintosh; Intel Mac OS X 1084) AppleWebKit/536.28.10 (KHTML like Gecko) Version/6.0.3 Safari/536.28.10"
178.154.149.7 - - [02/Apr/2017:11:24:26 +0200] "GET /doc/meszaros.pdf HTTP/1.1" 404 1181 "-" "Mozilla/5.0 (compatible; YandexBot/3.0; +http://yandex.com/bots)"
157.55.39.99 - - [02/Apr/2017:11:25:54 +0200] "GET / HTTP/1.1" 200 2023 "-" "Mozilla/5.0 (compatible; bingbot/2.0; +http://www.bing.com/bingbot.htm)"
52.2.10.94 - - [02/Apr/2017:11:26:53 +0200] "GET /robots.txt HTTP/1.1" 404 1181 "-" "ltx71 - (http://ltx71.com/)"
52.2.10.94 - - [02/Apr/2017:11:28:07 +0200] "GET /doc/87_fa_szv.pdf HTTP/1.1" 200 56286 "-" "ltx71 - (http://ltx71.com/)"
199.193.251.133 - - [02/Apr/2017:11:29:50 +0200] "HEAD / HTTP/1.1" 200 0 "https://www.inboundlinks.win/InboundLinks/mkk.zpok.hu" "Mozilla/5.0 (compatible; MSIE 9.0; Windows NT 6.1; WOW64; Trident/5.0)"
157.55.39.99 - - [02/Apr/2017:11:34:31 +0200] "GET / HTTP/1.1" 200 2023 "-" "Mozilla/5.0 (compatible; bingbot/2.0; +http://www.bing.com/bingbot.htm)"
40.77.167.119 - - [02/Apr/2017:11:34:35 +0200] "GET /robots.txt HTTP/1.1" 404 1181 "-" "Mozilla/5.0 (compatible; bingbot/2.0; +http://www.bing.com/bingbot.htm)"
157.55.39.99 - - [02/Apr/2017:11:43:19 +0200] "GET / HTTP/1.1" 200 2023 "-" "Mozilla/5.0 (compatible; bingbot/2.0; +http://www.bing.com/bingbot.htm)"
5.255.253.73 - - [02/Apr/2017:11:49:13 +0200] "GET /doc/kozh10.pdf HTTP/1.1" 404 1181 "-" "Mozilla/5.0 (compatible; YandexBot/3.0; +http://yandex.com/bots)"
141.8.132.4 - - [02/Apr/2017:11:49:17 +0200] "GET /doc/tande_1012.pdf HTTP/1.1" 404 1181 "-" "Mozilla/5.0 (compatible; YandexBot/3.0; +http://yandex.com/bots)"
157.55.39.99 - - [02/Apr/2017:11:51:41 +0200] "GET / HTTP/1.1" 200 2023 "-" "Mozilla/5.0 (compatible; bingbot/2.0; +http://www.bing.com/bingbot.htm)"
207.46.13.207 - - [02/Apr/2017:11:59:31 +0200] "GET /robots.txt HTTP/1.1" 404 1181 "-" "Mozilla/5.0 (compatible; bingbot/2.0; +http://www.bing.com/bingbot.htm)"
40.77.167.6 - - [02/Apr/2017:11:59:38 +0200] "GET /hirlevel/vonattal1101-02.htm HTTP/1.1" 404 1181 "-" "Mozilla/5.0 (iPhone; CPU iPhone OS 7_0 like Mac OS X) AppleWebKit/537.51.1 (KHTML, like Gecko) Version/7.0 Mobile/11A465 Safari/9537.53 (compatible; bingbot/2.0; +http://www.bing.com/bingbot.htm)"
157.55.39.99 - - [02/Apr/2017:12:01:39 +0200] "GET / HTTP/1.1" 200 2023 "-" "Mozilla/5.0 (compatible; bingbot/2.0; +http://www.bing.com/bingbot.htm)"
93.92.63.223 - - [02/Apr/2017:12:08:07 +0200] "GET / HTTP/1.1" 200 2023 "https://www.google.hu/" "Mozilla/5.0 (Macintosh; Intel Mac OS X 10_12_3) AppleWebKit/602.4.8 (KHTML, like Gecko) Version/10.0.3 Safari/602.4.8"
93.92.63.223 - - [02/Apr/2017:12:08:07 +0200] "GET /mkk_banner.png HTTP/1.1" 200 62097 "http://www.mkk.zpok.hu/" "Mozilla/5.0 (Macintosh; Intel Mac OS X 10_12_3) AppleWebKit/602.4.8 (KHTML, like Gecko) Version/10.0.3 Safari/602.4.8"
93.92.63.223 - - [02/Apr/2017:12:08:07 +0200] "GET /facebook-logo-preview.png HTTP/1.1" 200 3924 "http://www.mkk.zpok.hu/" "Mozilla/5.0 (Macintosh; Intel Mac OS X 10_12_3) AppleWebKit/602.4.8 (KHTML, like Gecko) Version/10.0.3 Safari/602.4.8"
93.92.63.223 - - [02/Apr/2017:12:08:07 +0200] "GET /blog.jpg HTTP/1.1" 200 29833 "http://www.mkk.zpok.hu/" "Mozilla/5.0 (Macintosh; Intel Mac OS X 10_12_3) AppleWebKit/602.4.8 (KHTML, like Gecko) Version/10.0.3 Safari/602.4.8"
93.92.63.223 - - [02/Apr/2017:12:08:08 +0200] "GET /favicon.ico HTTP/1.1" 404 1181 "http://www.mkk.zpok.hu/" "Mozilla/5.0 (Macintosh; Intel Mac OS X 10_12_3) AppleWebKit/602.4.8 (KHTML, like Gecko) Version/10.0.3 Safari/602.4.8"
93.92.63.223 - - [02/Apr/2017:12:08:14 +0200] "GET /kikvagyunk2.htm HTTP/1.1" 200 17375 "http://www.mkk.zpok.hu/" "Mozilla/5.0 (Macintosh; Intel Mac OS X 10_12_3) AppleWebKit/602.4.8 (KHTML, like Gecko) Version/10.0.3 Safari/602.4.8"
93.92.63.223 - - [02/Apr/2017:12:08:14 +0200] "GET /icons/icons_k/1.png HTTP/1.1" 200 7684 "http://www.mkk.zpok.hu/kikvagyunk2.htm" "Mozilla/5.0 (Macintosh; Intel Mac OS X 10_12_3) AppleWebKit/602.4.8 (KHTML, like Gecko) Version/10.0.3 Safari/602.4.8"
