180.76.15.7 - - [19/Apr/2017:01:42:42 +0200] "GET / HTTP/1.1" 304 - "-" "Mozilla/5.0 (compatible; Baiduspider/2.0; +http://www.baidu.com/search/spider.html)"
104.154.58.95 - - [19/Apr/2017:02:38:57 +0200] "GET /robots.txt HTTP/1.1" 404 1181 "-" "ltx71 - (http://ltx71.com/)"
178.154.200.56 - - [19/Apr/2017:03:09:52 +0200] "GET /robots.txt HTTP/1.1" 404 1181 "-" "Mozilla/5.0 (compatible; YandexBot/3.0; +http://yandex.com/bots)"
178.154.200.56 - - [19/Apr/2017:03:09:55 +0200] "GET /images/vasutterkep_n.jpg HTTP/1.1" 404 1181 "-" "Mozilla/5.0 (compatible; YandexBot/3.0; +http://yandex.com/bots)"
64.62.252.164 - - [19/Apr/2017:03:17:02 +0200] "GET /robots.txt HTTP/1.1" 404 1181 "-" "BUbiNG (+http://law.di.unimi.it/BUbiNG.html)"
64.62.252.164 - - [19/Apr/2017:03:17:03 +0200] "GET / HTTP/1.1" 200 2023 "-" "BUbiNG (+http://law.di.unimi.it/BUbiNG.html)"
104.154.58.95 - - [19/Apr/2017:03:23:00 +0200] "GET /robots.txt HTTP/1.1" 404 1181 "-" "ltx71 - (http://ltx71.com/)"
104.154.58.95 - - [19/Apr/2017:03:34:07 +0200] "GET /robots.txt HTTP/1.1" 404 1181 "-" "ltx71 - (http://ltx71.com/)"
104.154.58.95 - - [19/Apr/2017:03:51:30 +0200] "GET /robots.txt HTTP/1.1" 404 1181 "-" "ltx71 - (http://ltx71.com/)"
144.76.23.74 - - [19/Apr/2017:03:55:20 +0200] "GET /robots.txt HTTP/1.1" 404 1181 "-" "Mozilla/5.0 (Windows; U; Windows NT 6.0; en-GB; rv:1.0; trendictionbot0.5.0; trendiction search; http://www.trendiction.de/bot; please let us know of any problems; web at trendiction.com) Gecko/20071127 Firefox/3.0.0.11"
144.76.23.74 - - [19/Apr/2017:03:55:21 +0200] "GET / HTTP/1.1" 200 2023 "-" "Mozilla/5.0 (Windows; U; Windows NT 6.0; en-GB; rv:1.0; trendictionbot0.5.0; trendiction search; http://www.trendiction.de/bot; please let us know of any problems; web at trendiction.com) Gecko/20071127 Firefox/3.0.0.11"
104.154.58.95 - - [19/Apr/2017:04:04:24 +0200] "GET /robots.txt HTTP/1.1" 404 1181 "-" "ltx71 - (http://ltx71.com/)"
40.77.167.171 - - [19/Apr/2017:04:09:11 +0200] "GET /robots.txt HTTP/1.1" 404 1181 "-" "Mozilla/5.0 (compatible; bingbot/2.0; +http://www.bing.com/bingbot.htm)"
40.77.167.80 - - [19/Apr/2017:04:09:13 +0200] "GET /hirlevel/vonattal1109.htm HTTP/1.1" 404 1181 "-" "msnbot-media/1.1 (+http://search.msn.com/msnbot.htm)"
46.229.167.149 - - [19/Apr/2017:04:18:11 +0200] "GET / HTTP/1.1" 200 2023 "-" "Mozilla/5.0 (Windows NT 5.1; rv:6.0) Gecko/20100101 Firefox/6.0 FirePHP/0.6"
199.193.251.133 - - [19/Apr/2017:04:21:49 +0200] "HEAD / HTTP/1.1" 200 0 "https://www.inboundlinks.win/InboundLinks/mkk.zpok.hu" "Mozilla/5.0 (compatible; MSIE 9.0; Windows NT 6.1; WOW64; Trident/5.0)"
68.180.229.241 - - [19/Apr/2017:04:39:18 +0200] "GET /doc/legyel_te_is_buszke_kerekparos.pdf HTTP/1.1" 404 1181 "-" "Mozilla/5.0 (compatible; Yahoo! Slurp; http://help.yahoo.com/help/us/ysearch/slurp)"
104.154.58.95 - - [19/Apr/2017:05:17:07 +0200] "GET /robots.txt HTTP/1.1" 404 1181 "-" "ltx71 - (http://ltx71.com/)"
66.249.66.211 - - [19/Apr/2017:05:46:50 +0200] "GET /robots.txt HTTP/1.1" 404 1181 "-" "Mozilla/5.0 (compatible; Googlebot/2.1; +http://www.google.com/bot.html)"
66.249.76.5 - - [19/Apr/2017:05:46:50 +0200] "GET /doc/ombudsman_0711.pdf HTTP/1.1" 404 1181 "-" "Mozilla/5.0 (compatible; Googlebot/2.1; +http://www.google.com/bot.html)"
104.154.58.95 - - [19/Apr/2017:06:07:54 +0200] "GET /robots.txt HTTP/1.1" 404 1181 "-" "ltx71 - (http://ltx71.com/)"
216.244.66.245 - - [19/Apr/2017:06:12:30 +0200] "GET /robots.txt HTTP/1.1" 404 1181 "-" "Mozilla/5.0 (compatible; DotBot/1.1; http://www.opensiteexplorer.org/dotbot, help@moz.com)"
77.111.90.197 - - [19/Apr/2017:06:22:27 +0200] "GET /doc/konf_0807.pdf HTTP/1.1" 404 1181 "-" "Mozilla/5.0 (Windows NT 6.1; WOW64) AppleWebKit/537.36 (KHTML, like Gecko) Chrome/46.0.2490.71 Safari/537.36"
77.111.90.197 - - [19/Apr/2017:06:22:27 +0200] "GET /doc/konf_0807.pdf HTTP/1.0" 404 1181 "-" "-"
104.154.58.95 - - [19/Apr/2017:06:24:21 +0200] "GET /robots.txt HTTP/1.1" 404 1181 "-" "ltx71 - (http://ltx71.com/)"
216.244.66.245 - - [19/Apr/2017:06:26:12 +0200] "GET /doc/ecseri_ut.pdf HTTP/1.1" 404 1181 "-" "Mozilla/5.0 (compatible; DotBot/1.1; http://www.opensiteexplorer.org/dotbot, help@moz.com)"
104.154.58.95 - - [19/Apr/2017:06:28:05 +0200] "GET /robots.txt HTTP/1.1" 404 1181 "-" "ltx71 - (http://ltx71.com/)"
40.77.167.71 - - [19/Apr/2017:06:50:41 +0200] "GET / HTTP/1.1" 200 2023 "-" "Mozilla/5.0 (compatible; bingbot/2.0; +http://www.bing.com/bingbot.htm)"
104.154.58.95 - - [19/Apr/2017:07:00:27 +0200] "GET /robots.txt HTTP/1.1" 404 1181 "-" "ltx71 - (http://ltx71.com/)"
104.154.58.95 - - [19/Apr/2017:07:00:49 +0200] "GET /doc/belepesinyilatkozat.pdf HTTP/1.1" 200 403937 "-" "ltx71 - (http://ltx71.com/)"
104.154.58.95 - - [19/Apr/2017:07:16:40 +0200] "GET /robots.txt HTTP/1.1" 404 1181 "-" "ltx71 - (http://ltx71.com/)"
104.154.58.95 - - [19/Apr/2017:07:18:30 +0200] "GET / HTTP/1.1" 200 2023 "-" "ltx71 - (http://ltx71.com/)"
95.221.240.81 - - [19/Apr/2017:07:55:22 +0200] "GET /doc/b2_2010.pdf HTTP/1.1" 404 1181 "http://yandex.ru/clck/jsredir?from=yandex.ru%3Bsearch%3Bweb%3B%3B&text=&etext=1396.MW6-PhA_R1IPNenVSbIBWiOWOSGrN15grP6EofqXMVoTTPH1vasxmZvBEV9WNh56.f37772724a3476aaec6a4e2fe09cad967b6af33d&uuid=&state=_BLhILn4SxNIvvL0W45KSic66uCIg23qh8iRG98qeIXmeppkgUc0YMIVJNtoWDTa6Ctl47TPu5I&data=YnNFc1pRN0lTNGJLeFpGcE9VdGtoTzlHWTlQdGgtcE1nUklIVHJqNVNjY29VRlZRMXhsOWdMTUtGX3FFdldZellscjliYnFOMWVXUnl4bjQ0N0lRRUtZcDM4ekR5WUhIT2pVUTNKb1ZsRWM&b64e=2&sign=65e22ac8f18d8ca8de879181c0b08b14&keyno=0&cst=AiuY0DBWFJ7IXge4WdYJQa9gkHE_3kbipJ4xc-ERTFh5PxfQzhFOWUzXR5fMXQrn2pXK9GlMOD4MoB3L6aNjy-JY-3VSo9XVxh-VD2puOMs4EQP8dsDADA50TiULv7nIS3hYjmYHPbzEqU92PzWby9AHrb_xrO5a&ref=orjY4mGPRjk5boDnW0uvlrrd71vZw9kp5uQozpMtKCVD1_VsiHUAn82CMwvq0R3dAYpFkz879ukK-LowOH-KwqFkiAKubXxiPLCv0OY6PvjMHE9GPUkdtw&l10n=ru&cts=1492578450397&mc=1.74213128061" "Mozilla/5.0 (Windows NT 6.1) AppleWebKit/537.36 (KHTML, like Gecko) Chrome/28.0.1500.74 Safari/537.36 MRCHROME"
128.72.220.144 - - [19/Apr/2017:07:55:23 +0200] "GET /doc/b2_2016.pdf HTTP/1.1" 404 1181 "http://yandex.ru/clck/jsredir?from=yandex.ru%3Bsearch%3Bweb%3B%3B&text=&etext=1396.spyOJNqHIprnFO6anKMgh8Zz-RNGRxznJimXmssF7eZyvnRnzeRjZCIKbzZTwHzz.070afd8a3b370d2666dc6d7b5dec8d1f0f9a0ea7&uuid=&state=_BLhILn4SxNIvvL0W45KSic66uCIg23qh8iRG98qeIXmeppkgUc0YGftRg9cP1erjBfVTUcXDXk&data=YnNFc1pRN0lTNGJLeFpGcE9VdGtoTzlHWTlQdGgtcE1naEY2bmZ1OG9VZHZmc1g5cmwwQUhONTE2TFAtYlJ6Z3NWTGU2SmdYRVk3SE1adzVJU3dUM2FlOWNWd25ZNi1XdDVfX1hEUi1yOUU&b64e=2&sign=e1f9e31ef056cc5cc88870ec129418ed&keyno=0&cst=AiuY0DBWFJ7IXge4WdYJQSaYtyyri96FAg1CwI40aeKiDNeD1ekI59ga599dHJyuj1HxRkoRMa10IIGLrT0adFqe1DhqmhyR-_Ua8ExF4nKYtXTXqkYQeke2OWUBKuWGE-YYvwOsZ8wGkLmPTkADTra96UawFnwr&ref=orjY4mGPRjk5boDnW0uvlrrd71vZw9kp5uQozpMtKCV-HtQ36UFK0wtRsIF9rqkoVx6dTH_7rMRC6oYQVMjFgP9afnbqXXf76IAxv8wRcvLpJHqmEjIxXw&l10n=ru&cts=1492578450398&mc=3.98524041355" "Opera/9.80 (Windows NT 6.1) Presto/2.12.388 Version/12.16"
78.106.114.36 - - [19/Apr/2017:07:55:23 +0200] "GET /doc/vasuttal-budapest-kornyeken.pdf HTTP/1.1" 404 1181 "http://yandex.ru/clck/jsredir?from=yandex.ru%3Bsearch%3Bweb%3B%3B&text=&etext=1396.H4Zj2fo_4LtCMbduyevJwx1zzK5aUutBpDx8yTtLqyqwimQywbF8TLE3s147qC0m.51a20e846ca81162f968460c5fc05d1a9300b232&uuid=&state=_BLhILn4SxNIvvL0W45KSic66uCIg23qh8iRG98qeIXmeppkgUc0YLeQVNu7TCjFWhspMNrg36Y&data=YnNFc1pRN0lTNGJLeFpGcE9VdGtoTzlHWTlQdGgtcE1NTjRsSXROOTZLa2MyUlVjNnlKME1WN3JidXA0SFpwSk9LbjVOM3lIbTlHYXVUcTVFZ0YxWjhaRTg2R1BzLXhxV3Q2UE5RcXhMWURManZtOGtzVENsT1NIakc2UEZNUWY&b64e=2&sign=0c29175606104c26bff9f134724389ba&keyno=0&cst=AiuY0DBWFJ7IXge4WdYJQe3IrxbPWIv4d93DfQAvcHpw-hIhWl9Ot4AEtDqB2jQUrDgJuH3pcpih_NNxvuxAupHdRcBNYog9ueDS8zXoxEwdydugSydDt9SAhECT8Pb3LhvXFDl8rXYvtnQH3468tVT0iKRbpwi5&ref=orjY4mGPRjk5boDnW0uvlrrd71vZw9kp5uQozpMtKCUPlG4bHKQJvNi2ctGDLZD48-5ZUq0AFtN4qhxygOzmIsxEgdA_-xwnlpoy07zGSBU6hbH9U0aVig&l10n=ru&cts=1492578450398&mc=7.2314371519" "Mozilla/5.0 (Windows NT 6.1) AppleWebKit/537.36 (KHTML, like Gecko) Chrome/28.0.1500.95 YaBrowser/13.10.1500.9323 Safari/537.36"
37.110.53.14 - - [19/Apr/2017:07:55:24 +0200] "GET /hirlevel/vasuttal0804.htm HTTP/1.1" 404 1181 "http://yandex.ru/clck/jsredir?from=yandex.ru%3Bsearch%3Bweb%3B%3B&text=&etext=1396.Dff5XU55VqrIGn-0B_gan9mRdgm_t3BB6LTj5LO6aNyTdip7aDVnoPw4yH4kr7ag.7cc9fcc84162be10c24b1ecdeedd6c53a61a1398&uuid=&state=_BLhILn4SxNIvvL0W45KSic66uCIg23qh8iRG98qeIXmeppkgUc0YGv9iZwKiy-E54GYiollMFA&data=YnNFc1pRN0lTNGJLeFpGcE9VdGtoRjV3Nm9BUmE2M3FFLUY3b0dFS0s0bjMydkxRdC1WNnl2Vy1zWUpjWm1qTGFYSk03VWVOb3ZUcmMySG9VZEw5X3M1R1pHYldSZ1NQMDdsQzZrSDNhUXB5eE1STmFxRnBxUQ&b64e=2&sign=5d1908d067f764d869c2ee170dcacf89&keyno=0&cst=AiuY0DBWFJ7IXge4WdYJQYpgPUyh7uQlvftTmCZSdEMhX_ug_xMnhEy1gh_3lzG6KNHl3amq2SuDP9tufRUVPEI6srDI4sB8fLx_Nd0HMFM9Z9_4WrMOtBchGP-ARa6wKARmK_-E-sXEmwmAhTcZdw&ref=orjY4mGPRjk5boDnW0uvlrrd71vZw9kp5uQozpMtKCXN8sJ9bCiuTpqiS5rhLRx-5yTDFP5H6_vbUg26TqKaeTBXF9wEDxyjUjOrZFimYpMfajj7V1lljA&l10n=ru&cts=1492578450398&mc=5.28187159064" "Opera/9.80 (Windows NT 6.1; Edition Yx) Presto/2.12.388 Version/12.15"
194.149.37.3 - - [19/Apr/2017:07:56:00 +0200] "GET /doc/allomasok_kepes_osszefoglaloja.pdf HTTP/1.1" 200 5628186 "-" "Mozilla/5.0 (Windows NT 10.0; Win64; x64) AppleWebKit/537.36 (KHTML, like Gecko) Chrome/46.0.2486.0 Safari/537.36 Edge/13.10586"
194.149.37.3 - - [19/Apr/2017:07:56:03 +0200] "GET /favicon.ico HTTP/1.1" 404 1181 "-" "Mozilla/5.0 (Windows NT 10.0; Win64; x64) AppleWebKit/537.36 (KHTML, like Gecko) Chrome/46.0.2486.0 Safari/537.36 Edge/13.10586"
104.154.58.95 - - [19/Apr/2017:07:56:12 +0200] "GET /robots.txt HTTP/1.1" 404 1181 "-" "ltx71 - (http://ltx71.com/)"
104.154.58.95 - - [19/Apr/2017:07:56:53 +0200] "GET /tagsag2.htm HTTP/1.1" 200 1335 "-" "ltx71 - (http://ltx71.com/)"
46.229.164.99 - - [19/Apr/2017:08:01:53 +0200] "GET /robots.txt HTTP/1.1" 404 1181 "-" "Mozilla/5.0 (compatible; SemrushBot/1.2~bl; +http://www.semrush.com/bot.html)"
40.77.167.107 - - [19/Apr/2017:08:02:55 +0200] "GET /doc/hu_aps_positivbeispiele_aufl2_070622_klein.pdf HTTP/1.1" 200 2887217 "-" "Mozilla/5.0 (iPhone; CPU iPhone OS 7_0 like Mac OS X) AppleWebKit/537.51.1 (KHTML, like Gecko) Version/7.0 Mobile/11A465 Safari/9537.53 (compatible; bingbot/2.0; +http://www.bing.com/bingbot.htm)"
207.46.13.101 - - [19/Apr/2017:08:15:42 +0200] "GET /robots.txt HTTP/1.1" 404 1181 "-" "Mozilla/5.0 (compatible; bingbot/2.0; +http://www.bing.com/bingbot.htm)"
207.46.13.101 - - [19/Apr/2017:08:15:59 +0200] "GET /hirlevel/vonattal1004.htm HTTP/1.1" 404 1181 "-" "Mozilla/5.0 (iPhone; CPU iPhone OS 7_0 like Mac OS X) AppleWebKit/537.51.1 (KHTML, like Gecko) Version/7.0 Mobile/11A465 Safari/9537.53 (compatible; bingbot/2.0; +http://www.bing.com/bingbot.htm)"
104.154.58.95 - - [19/Apr/2017:08:21:14 +0200] "GET /robots.txt HTTP/1.1" 404 1181 "-" "ltx71 - (http://ltx71.com/)"
207.46.13.100 - - [19/Apr/2017:08:41:18 +0200] "GET /hirlevel/vonattal1009_1.htm HTTP/1.1" 404 1181 "-" "Mozilla/5.0 (iPhone; CPU iPhone OS 7_0 like Mac OS X) AppleWebKit/537.51.1 (KHTML, like Gecko) Version/7.0 Mobile/11A465 Safari/9537.53 (compatible; bingbot/2.0; +http://www.bing.com/bingbot.htm)"
207.46.13.154 - - [19/Apr/2017:08:50:24 +0200] "GET /doc/elovarosi_201301.pdf HTTP/1.1" 404 1181 "-" "Mozilla/5.0 (iPhone; CPU iPhone OS 7_0 like Mac OS X) AppleWebKit/537.51.1 (KHTML, like Gecko) Version/7.0 Mobile/11A465 Safari/9537.53 (compatible; bingbot/2.0; +http://www.bing.com/bingbot.htm)"
52.2.10.94 - - [19/Apr/2017:08:53:32 +0200] "GET /robots.txt HTTP/1.1" 404 1181 "-" "ltx71 - (http://ltx71.com/)"
52.2.10.94 - - [19/Apr/2017:09:00:28 +0200] "GET /robots.txt HTTP/1.1" 404 1181 "-" "ltx71 - (http://ltx71.com/)"
52.2.10.94 - - [19/Apr/2017:09:02:20 +0200] "GET / HTTP/1.1" 200 2023 "-" "ltx71 - (http://ltx71.com/)"
40.77.179.153 - - [19/Apr/2017:09:04:29 +0200] "GET /doc/hu_aps_positivbeispiele_aufl2_070622_klein.pdf HTTP/1.1" 200 2887217 "-" "Mozilla/5.0 (iPhone; CPU iPhone OS 7_0 like Mac OS X) AppleWebKit/537.51.1 (KHTML, like Gecko) Version/7.0 Mobile/11A465 Safari/9537.53 BingPreview/1.0b"
68.180.231.33 - - [19/Apr/2017:09:06:42 +0200] "GET /robots.txt HTTP/1.1" 404 1181 "-" "Mozilla/5.0 (compatible; Yahoo! Slurp; http://help.yahoo.com/help/us/ysearch/slurp)"
68.180.231.33 - - [19/Apr/2017:09:06:43 +0200] "GET /doc/allasf_091027.pdf HTTP/1.1" 404 1181 "-" "Mozilla/5.0 (compatible; Yahoo! Slurp; http://help.yahoo.com/help/us/ysearch/slurp)"
52.2.10.94 - - [19/Apr/2017:09:23:51 +0200] "GET /robots.txt HTTP/1.1" 404 1181 "-" "ltx71 - (http://ltx71.com/)"
52.2.10.94 - - [19/Apr/2017:09:25:39 +0200] "GET /projektek2.htm HTTP/1.1" 200 7634 "-" "ltx71 - (http://ltx71.com/)"
52.2.10.94 - - [19/Apr/2017:09:33:39 +0200] "GET /robots.txt HTTP/1.1" 404 1181 "-" "ltx71 - (http://ltx71.com/)"
66.249.76.64 - - [19/Apr/2017:09:34:09 +0200] "GET /robots.txt HTTP/1.1" 404 1181 "-" "Mozilla/5.0 (compatible; Googlebot/2.1; +http://www.google.com/bot.html)"
66.249.66.70 - - [19/Apr/2017:09:34:09 +0200] "GET /hirlevel/Volnerlevel_120227.pdf HTTP/1.1" 404 1181 "-" "Mozilla/5.0 (compatible; Googlebot/2.1; +http://www.google.com/bot.html)"
52.2.10.94 - - [19/Apr/2017:09:34:40 +0200] "GET /doc/allomasok_kepes_osszefoglaloja.pdf HTTP/1.1" 200 317903 "-" "ltx71 - (http://ltx71.com/)"
52.2.10.94 - - [19/Apr/2017:09:39:15 +0200] "GET /robots.txt HTTP/1.1" 404 1181 "-" "ltx71 - (http://ltx71.com/)"
52.2.10.94 - - [19/Apr/2017:09:40:00 +0200] "GET /doc/allomasok_kepes_osszefoglaloja.pdf HTTP/1.1" 200 353735 "-" "ltx71 - (http://ltx71.com/)"
104.154.58.95 - - [19/Apr/2017:09:49:23 +0200] "GET /robots.txt HTTP/1.1" 404 1181 "-" "ltx71 - (http://ltx71.com/)"
104.154.58.95 - - [19/Apr/2017:09:55:03 +0200] "GET /robots.txt HTTP/1.1" 404 1181 "-" "ltx71 - (http://ltx71.com/)"
207.46.13.154 - - [19/Apr/2017:10:10:17 +0200] "GET /hirlevel/vonattal1207.htm HTTP/1.1" 404 1181 "-" "Mozilla/5.0 (iPhone; CPU iPhone OS 7_0 like Mac OS X) AppleWebKit/537.51.1 (KHTML, like Gecko) Version/7.0 Mobile/11A465 Safari/9537.53 (compatible; bingbot/2.0; +http://www.bing.com/bingbot.htm)"
104.154.58.95 - - [19/Apr/2017:10:16:05 +0200] "GET /robots.txt HTTP/1.1" 404 1181 "-" "ltx71 - (http://ltx71.com/)"
104.154.58.95 - - [19/Apr/2017:10:16:58 +0200] "GET / HTTP/1.1" 200 2023 "-" "ltx71 - (http://ltx71.com/)"
216.244.66.245 - - [19/Apr/2017:10:42:46 +0200] "GET /robots.txt HTTP/1.1" 404 1181 "-" "Mozilla/5.0 (compatible; DotBot/1.1; http://www.opensiteexplorer.org/dotbot, help@moz.com)"
52.2.10.94 - - [19/Apr/2017:10:43:11 +0200] "GET /robots.txt HTTP/1.1" 404 1181 "-" "ltx71 - (http://ltx71.com/)"
52.2.10.94 - - [19/Apr/2017:10:45:52 +0200] "GET /robots.txt HTTP/1.1" 404 1181 "-" "ltx71 - (http://ltx71.com/)"
216.244.66.245 - - [19/Apr/2017:10:47:51 +0200] "GET /hirlevel/UtasforumJegyzkonyv141121.pdf HTTP/1.1" 404 1181 "-" "Mozilla/5.0 (compatible; DotBot/1.1; http://www.opensiteexplorer.org/dotbot, help@moz.com)"
104.154.58.95 - - [19/Apr/2017:10:55:14 +0200] "GET /robots.txt HTTP/1.1" 404 1181 "-" "ltx71 - (http://ltx71.com/)"
104.154.58.95 - - [19/Apr/2017:11:02:43 +0200] "GET /robots.txt HTTP/1.1" 404 1181 "-" "ltx71 - (http://ltx71.com/)"
195.228.58.201 - - [19/Apr/2017:11:06:03 +0200] "GET /images/vasutterkep_n.jpg HTTP/1.1" 404 1181 "http://www.terkepkalauz.hu/index.php?option=com_content&task=view&id=396" "Mozilla/5.0 (Windows NT 6.1; Trident/7.0; rv:11.0) like Gecko"
104.154.58.95 - - [19/Apr/2017:11:24:06 +0200] "GET /robots.txt HTTP/1.1" 404 1181 "-" "ltx71 - (http://ltx71.com/)"
104.154.58.95 - - [19/Apr/2017:11:24:21 +0200] "GET /doc/alapsz03.pdf HTTP/1.1" 200 253568 "-" "ltx71 - (http://ltx71.com/)"
52.2.10.94 - - [19/Apr/2017:11:30:48 +0200] "GET /robots.txt HTTP/1.1" 404 1181 "-" "ltx71 - (http://ltx71.com/)"
52.2.10.94 - - [19/Apr/2017:11:37:13 +0200] "GET /robots.txt HTTP/1.1" 404 1181 "-" "ltx71 - (http://ltx71.com/)"
52.2.10.94 - - [19/Apr/2017:11:38:15 +0200] "GET /doc/allomasok_kepes_osszefoglaloja.pdf HTTP/1.1" 200 30055 "-" "ltx71 - (http://ltx71.com/)"
52.2.10.94 - - [19/Apr/2017:11:55:38 +0200] "GET /robots.txt HTTP/1.1" 404 1181 "-" "ltx71 - (http://ltx71.com/)"
52.2.10.94 - - [19/Apr/2017:11:55:49 +0200] "GET /images/vasutterkep_n.jpg HTTP/1.1" 404 1181 "-" "ltx71 - (http://ltx71.com/)"
104.154.58.95 - - [19/Apr/2017:12:04:21 +0200] "GET /robots.txt HTTP/1.1" 404 1181 "-" "ltx71 - (http://ltx71.com/)"
104.154.58.95 - - [19/Apr/2017:12:04:48 +0200] "GET /doc/kozh.zip HTTP/1.1" 200 274206 "-" "ltx71 - (http://ltx71.com/)"
104.154.58.95 - - [19/Apr/2017:12:09:56 +0200] "GET /robots.txt HTTP/1.1" 404 1181 "-" "ltx71 - (http://ltx71.com/)"
68.180.229.241 - - [19/Apr/2017:12:49:09 +0200] "GET /robots.txt HTTP/1.1" 404 1181 "-" "Mozilla/5.0 (compatible; Yahoo! Slurp; http://help.yahoo.com/help/us/ysearch/slurp)"
68.180.229.241 - - [19/Apr/2017:12:49:10 +0200] "GET / HTTP/1.1" 200 2023 "-" "Mozilla/5.0 (compatible; Yahoo! Slurp; http://help.yahoo.com/help/us/ysearch/slurp)"
52.2.10.94 - - [19/Apr/2017:12:49:33 +0200] "GET /robots.txt HTTP/1.1" 404 1181 "-" "ltx71 - (http://ltx71.com/)"
108.59.8.80 - - [19/Apr/2017:13:00:54 +0200] "GET /robots.txt HTTP/1.1" 404 1181 "-" "Mozilla/5.0 (compatible; MJ12bot/v1.4.8; http://mj12bot.com/)"
108.59.8.80 - - [19/Apr/2017:13:00:56 +0200] "GET / HTTP/1.1" 200 2023 "-" "Mozilla/5.0 (compatible; MJ12bot/v1.4.8; http://mj12bot.com/)"
66.249.66.73 - - [19/Apr/2017:13:05:22 +0200] "GET /doc/elovarosi_201301.pdf HTTP/1.1" 404 1181 "-" "Mozilla/5.0 (compatible; Googlebot/2.1; +http://www.google.com/bot.html)"
52.2.10.94 - - [19/Apr/2017:13:06:22 +0200] "GET /robots.txt HTTP/1.1" 404 1181 "-" "ltx71 - (http://ltx71.com/)"
52.2.10.94 - - [19/Apr/2017:13:06:37 +0200] "GET /doc/80_sln_su.pdf HTTP/1.1" 200 130637 "-" "ltx71 - (http://ltx71.com/)"
104.154.58.95 - - [19/Apr/2017:13:07:34 +0200] "GET /robots.txt HTTP/1.1" 404 1181 "-" "ltx71 - (http://ltx71.com/)"
104.154.58.95 - - [19/Apr/2017:13:16:32 +0200] "GET /robots.txt HTTP/1.1" 404 1181 "-" "ltx71 - (http://ltx71.com/)"
5.9.17.118 - - [19/Apr/2017:13:19:06 +0200] "GET /doc/kozh05.pdf HTTP/1.1" 404 1181 "-" "Mozilla/5.0 (Windows NT 6.1; U;WOW64; de;rv:11.0) Gecko Firefox/11.0"
68.180.229.241 - - [19/Apr/2017:13:21:39 +0200] "GET /doc/sikeres_varos.pdf HTTP/1.1" 404 1181 "-" "Mozilla/5.0 (compatible; Yahoo! Slurp; http://help.yahoo.com/help/us/ysearch/slurp)"
195.228.58.201 - - [19/Apr/2017:13:31:49 +0200] "GET /images/vasutterkep_n.jpg HTTP/1.1" 404 1181 "http://www.terkepkalauz.hu/index.php?option=com_content&task=view&id=396" "Mozilla/5.0 (Windows NT 6.1; Trident/7.0; rv:11.0) like Gecko"
157.55.39.242 - - [19/Apr/2017:13:34:25 +0200] "GET / HTTP/1.1" 200 2023 "-" "Mozilla/5.0 (iPhone; CPU iPhone OS 7_0 like Mac OS X) AppleWebKit/537.51.1 (KHTML, like Gecko) Version/7.0 Mobile/11A465 Safari/9537.53 (compatible; bingbot/2.0; +http://www.bing.com/bingbot.htm)"
199.30.24.249 - - [19/Apr/2017:13:34:30 +0200] "GET /mkk_banner.png HTTP/1.1" 200 62097 "-" "Mozilla/5.0 (iPhone; CPU iPhone OS 7_0 like Mac OS X) AppleWebKit/537.51.1 (KHTML, like Gecko) Version/7.0 Mobile/11A465 Safari/9537.53 BingPreview/1.0b"
199.30.25.167 - - [19/Apr/2017:13:34:33 +0200] "GET /blog.jpg HTTP/1.1" 200 29833 "-" "Mozilla/5.0 (iPhone; CPU iPhone OS 7_0 like Mac OS X) AppleWebKit/537.51.1 (KHTML, like Gecko) Version/7.0 Mobile/11A465 Safari/9537.53 BingPreview/1.0b"
65.55.210.90 - - [19/Apr/2017:13:34:33 +0200] "GET /facebook-logo-preview.png HTTP/1.1" 200 3924 "-" "Mozilla/5.0 (iPhone; CPU iPhone OS 7_0 like Mac OS X) AppleWebKit/537.51.1 (KHTML, like Gecko) Version/7.0 Mobile/11A465 Safari/9537.53 BingPreview/1.0b"
157.55.39.242 - - [19/Apr/2017:13:55:43 +0200] "GET / HTTP/1.1" 200 2023 "-" "Mozilla/5.0 (compatible; bingbot/2.0; +http://www.bing.com/bingbot.htm)"
178.154.189.24 - - [19/Apr/2017:13:59:24 +0200] "GET /robots.txt HTTP/1.1" 404 1181 "-" "Mozilla/5.0 (compatible; YandexBot/3.0; +http://yandex.com/bots)"
178.154.200.56 - - [19/Apr/2017:13:59:28 +0200] "GET /favicon.ico HTTP/1.1" 404 1181 "-" "Mozilla/5.0 (compatible; YandexBot/3.0; +http://yandex.com/bots)"
157.55.39.242 - - [19/Apr/2017:14:00:28 +0200] "GET /doc/vasuttal-budapest-kornyeken.pdf HTTP/1.1" 404 1181 "-" "Mozilla/5.0 (iPhone; CPU iPhone OS 7_0 like Mac OS X) AppleWebKit/537.51.1 (KHTML, like Gecko) Version/7.0 Mobile/11A465 Safari/9537.53 (compatible; bingbot/2.0; +http://www.bing.com/bingbot.htm)"
89.0.84.143 - - [19/Apr/2017:14:17:27 +0200] "GET /doc/b2_201203.jpg HTTP/1.1" 404 1181 "http://www.vasut.kteam.hu/indexde.html" "Mozilla/5.0 (Windows NT 10.0; Win64; x64; rv:52.0) Gecko/20100101 Firefox/52.0"
89.0.84.143 - - [19/Apr/2017:14:17:27 +0200] "GET /favicon.ico HTTP/1.1" 404 1181 "-" "Mozilla/5.0 (Windows NT 10.0; Win64; x64; rv:52.0) Gecko/20100101 Firefox/52.0"
89.0.84.143 - - [19/Apr/2017:14:17:27 +0200] "GET /favicon.ico HTTP/1.1" 404 1181 "-" "Mozilla/5.0 (Windows NT 10.0; Win64; x64; rv:52.0) Gecko/20100101 Firefox/52.0"
52.2.10.94 - - [19/Apr/2017:14:17:57 +0200] "GET /robots.txt HTTP/1.1" 404 1181 "-" "ltx71 - (http://ltx71.com/)"
89.0.84.143 - - [19/Apr/2017:14:17:59 +0200] "GET /doc/b2_2010.pdf HTTP/1.1" 404 1181 "http://www.vasut.kteam.hu/indexde.html" "Mozilla/5.0 (Windows NT 10.0; Win64; x64; rv:52.0) Gecko/20100101 Firefox/52.0"
193.154.15.154 - - [19/Apr/2017:14:22:43 +0200] "GET /doc/b2_2010.pdf HTTP/1.1" 404 1181 "http://vasut.kteam.hu/indexde.html" "Mozilla/5.0 (Windows NT 10.0; WOW64; rv:52.0) Gecko/20100101 Firefox/52.0"
193.154.15.154 - - [19/Apr/2017:14:22:43 +0200] "GET /favicon.ico HTTP/1.1" 404 1181 "-" "Mozilla/5.0 (Windows NT 10.0; WOW64; rv:52.0) Gecko/20100101 Firefox/52.0"
193.154.15.154 - - [19/Apr/2017:14:22:44 +0200] "GET /favicon.ico HTTP/1.1" 404 1181 "-" "Mozilla/5.0 (Windows NT 10.0; WOW64; rv:52.0) Gecko/20100101 Firefox/52.0"
193.154.15.154 - - [19/Apr/2017:14:22:48 +0200] "GET /doc/b2_201203.jpg HTTP/1.1" 404 1181 "http://vasut.kteam.hu/indexde.html" "Mozilla/5.0 (Windows NT 10.0; WOW64; rv:52.0) Gecko/20100101 Firefox/52.0"
104.154.58.95 - - [19/Apr/2017:14:24:31 +0200] "GET /robots.txt HTTP/1.1" 404 1181 "-" "ltx71 - (http://ltx71.com/)"
104.154.58.95 - - [19/Apr/2017:14:25:53 +0200] "GET / HTTP/1.1" 200 2023 "-" "ltx71 - (http://ltx71.com/)"
118.165.77.239 - - [19/Apr/2017:14:31:06 +0200] "GET /doc/b2_2010.pdf HTTP/1.1" 404 1181 "https://en.wikipedia.org/" "Mozilla/5.0 (Windows NT 6.2; WOW64) AppleWebKit/537.36 (KHTML, like Gecko) Chrome/57.0.2987.133 Safari/537.36"
118.165.77.239 - - [19/Apr/2017:14:31:07 +0200] "GET /favicon.ico HTTP/1.1" 404 1181 "http://mkk.zpok.hu/doc/b2_2010.pdf" "Mozilla/5.0 (Windows NT 6.2; WOW64) AppleWebKit/537.36 (KHTML, like Gecko) Chrome/57.0.2987.133 Safari/537.36"
101.226.89.115 - - [19/Apr/2017:14:31:17 +0200] "GET /doc/b2_2010.pdf HTTP/1.1" 404 1181 "https://en.wikipedia.org/" "Mozilla/5.0 (Windows NT 6.1; WOW64) AppleWebKit/537.36 (KHTML, like Gecko) Chrome/43.0.2357.124 Safari/537.36"
52.2.10.94 - - [19/Apr/2017:14:33:25 +0200] "GET /robots.txt HTTP/1.1" 404 1181 "-" "ltx71 - (http://ltx71.com/)"
207.46.13.154 - - [19/Apr/2017:14:37:03 +0200] "GET /robots.txt HTTP/1.1" 404 1181 "-" "Mozilla/5.0 (compatible; bingbot/2.0; +http://www.bing.com/bingbot.htm)"
207.46.13.154 - - [19/Apr/2017:14:37:10 +0200] "GET /doc/vonatrafel_c.pdf HTTP/1.1" 404 1181 "-" "Mozilla/5.0 (iPhone; CPU iPhone OS 7_0 like Mac OS X) AppleWebKit/537.51.1 (KHTML, like Gecko) Version/7.0 Mobile/11A465 Safari/9537.53 (compatible; bingbot/2.0; +http://www.bing.com/bingbot.htm)"
104.154.58.95 - - [19/Apr/2017:14:42:57 +0200] "GET /robots.txt HTTP/1.1" 404 1181 "-" "ltx71 - (http://ltx71.com/)"
104.154.58.95 - - [19/Apr/2017:14:44:24 +0200] "GET /doc/alapsz03.pdf HTTP/1.1" 200 236191 "-" "ltx71 - (http://ltx71.com/)"
104.154.58.95 - - [19/Apr/2017:14:51:58 +0200] "GET /robots.txt HTTP/1.1" 404 1181 "-" "ltx71 - (http://ltx71.com/)"
104.154.58.95 - - [19/Apr/2017:14:52:32 +0200] "GET / HTTP/1.1" 200 2023 "-" "ltx71 - (http://ltx71.com/)"
104.154.58.95 - - [19/Apr/2017:15:01:17 +0200] "GET /robots.txt HTTP/1.1" 404 1181 "-" "ltx71 - (http://ltx71.com/)"
66.249.76.94 - - [19/Apr/2017:15:05:40 +0200] "GET /doc/A_kozlekedesmenedzsment_korszeru_eszkozei.pdf HTTP/1.1" 404 1181 "-" "Mozilla/5.0 (compatible; Googlebot/2.1; +http://www.google.com/bot.html)"
104.154.58.95 - - [19/Apr/2017:15:10:30 +0200] "GET /robots.txt HTTP/1.1" 404 1181 "-" "ltx71 - (http://ltx71.com/)"
216.244.66.245 - - [19/Apr/2017:15:21:23 +0200] "GET /robots.txt HTTP/1.1" 404 1181 "-" "Mozilla/5.0 (compatible; DotBot/1.1; http://www.opensiteexplorer.org/dotbot, help@moz.com)"
216.244.66.245 - - [19/Apr/2017:15:26:12 +0200] "GET /hirlevel/prezentacio_hv_201504.pdf HTTP/1.1" 404 1181 "-" "Mozilla/5.0 (compatible; DotBot/1.1; http://www.opensiteexplorer.org/dotbot, help@moz.com)"
125.209.235.181 - - [19/Apr/2017:15:35:26 +0200] "GET /robots.txt HTTP/1.1" 404 1181 "-" "Mozilla/5.0 (compatible; Yeti/1.1; +http://naver.me/bot)"
125.209.235.170 - - [19/Apr/2017:15:35:28 +0200] "GET / HTTP/1.1" 200 2023 "-" "Mozilla/5.0 (compatible; Yeti/1.1; +http://naver.me/bot)"
125.209.235.186 - - [19/Apr/2017:15:55:32 +0200] "GET /mkk_banner.png HTTP/1.1" 200 62097 "-" "Mozilla/5.0 (compatible; Yeti/1.1; +http://naver.me/bot)"
125.209.235.181 - - [19/Apr/2017:16:15:35 +0200] "GET /facebook-logo-preview.png HTTP/1.1" 200 3924 "-" "Mozilla/5.0 (compatible; Yeti/1.1; +http://naver.me/bot)"
104.154.58.95 - - [19/Apr/2017:16:17:44 +0200] "GET /robots.txt HTTP/1.1" 404 1181 "-" "ltx71 - (http://ltx71.com/)"
193.68.41.10 - - [19/Apr/2017:16:20:35 +0200] "GET /hirlevel/vonattal1207.htm HTTP/1.1" 404 1181 "http://www.vasutallomasok.hu/allomas.php?az=toka" "Mozilla/5.0 (Windows NT 6.1) AppleWebKit/537.36 (KHTML, like Gecko) Chrome/56.0.2924.87 Safari/537.36"
193.68.41.10 - - [19/Apr/2017:16:20:35 +0200] "GET /favicon.ico HTTP/1.1" 404 1181 "http://mkk.zpok.hu/hirlevel/vonattal1207.htm" "Mozilla/5.0 (Windows NT 6.1) AppleWebKit/537.36 (KHTML, like Gecko) Chrome/56.0.2924.87 Safari/537.36"
52.2.10.94 - - [19/Apr/2017:16:23:43 +0200] "GET /robots.txt HTTP/1.1" 404 1181 "-" "ltx71 - (http://ltx71.com/)"
52.2.10.94 - - [19/Apr/2017:16:23:57 +0200] "GET /doc/allomasok_kepes_osszefoglaloja.pdf HTTP/1.1" 200 331239 "-" "ltx71 - (http://ltx71.com/)"
52.2.10.94 - - [19/Apr/2017:16:36:17 +0200] "GET /robots.txt HTTP/1.1" 404 1181 "-" "ltx71 - (http://ltx71.com/)"
52.2.10.94 - - [19/Apr/2017:16:53:51 +0200] "GET /robots.txt HTTP/1.1" 404 1181 "-" "ltx71 - (http://ltx71.com/)"
52.2.10.94 - - [19/Apr/2017:16:58:12 +0200] "GET /robots.txt HTTP/1.1" 404 1181 "-" "ltx71 - (http://ltx71.com/)"
5.165.246.245 - - [19/Apr/2017:17:00:50 +0200] "GET /doc/b2_2010.pdf HTTP/1.1" 404 1181 "http://yandex.ru/clck/jsredir?from=yandex.ru%3Bsearch%3Bweb%3B%3B&text=&etext=1396.kgD44bIJdYspNX-YOZ5nk9SZIUt5zu0SDD2TGa7hEQKlVjpIhIMqLTRzUN3rTHLI.9c0613ff071f758ba37cadcf5f104425f258781c&uuid=&state=_BLhILn4SxNIvvL0W45KSic66uCIg23qh8iRG98qeIXmeppkgUc0YOm24rr5dkiDnIjpu2TfUVc&data=YnNFc1pRN0lTNGJLeFpGcE9VdGtoTzlHWTlQdGgtcE1nUklIVHJqNVNjY29VRlZRMXhsOWdPSjVHVFM5d0t6amVVYmlnYnFhLXZPb3ZRM2FremxSNnZfRnJZeGxMQTdHQ09ELUJ0QVlpRU0&b64e=2&sign=a2597e5a5b85f48b3b9c8ca90a1465e2&keyno=0&cst=AiuY0DBWFJ7IXge4WdYJQSaYtyyri96F4RqQpMafdrcPdc0RCvmPwpld4BTjcK2Sc1wUAyWuSZNS6Fkatd9i1iVdYbN1cVp1654fy8zzEAgKzJ3ecVbEY8KXlOHVizE6-1xslJu2B4sKJEoaneB_LdEQWF6TX9E1&ref=orjY4mGPRjk5boDnW0uvlrrd71vZw9kp5uQozpMtKCW8s5kfnNkNj2UHRuZBzSINw63Cm3HY59MF2AQnVMmSgbPIaCSnEwd66oZqTsO7Fb0UFqgdOi62_w&l10n=ru&cts=1492613528184&mc=1.88503869455" "Mozilla/5.0 (Windows NT 6.1) AppleWebKit/537.36 (KHTML, like Gecko) Chrome/31.0.1650.57 Safari/537.36 OPR/18.0.1284.63"
104.154.58.95 - - [19/Apr/2017:17:12:39 +0200] "GET /robots.txt HTTP/1.1" 404 1181 "-" "ltx71 - (http://ltx71.com/)"
104.154.58.95 - - [19/Apr/2017:17:13:39 +0200] "GET /tagsag2.htm HTTP/1.1" 200 1335 "-" "ltx71 - (http://ltx71.com/)"
125.209.235.171 - - [19/Apr/2017:18:01:55 +0200] "GET /blog.jpg HTTP/1.1" 200 29833 "-" "Mozilla/5.0 (compatible; Yeti/1.1; +http://naver.me/bot)"
104.154.58.95 - - [19/Apr/2017:18:13:16 +0200] "GET /robots.txt HTTP/1.1" 404 1181 "-" "ltx71 - (http://ltx71.com/)"
104.154.58.95 - - [19/Apr/2017:18:13:35 +0200] "GET /doc/kozh.zip HTTP/1.1" 200 246046 "-" "ltx71 - (http://ltx71.com/)"
52.2.10.94 - - [19/Apr/2017:18:17:22 +0200] "GET /robots.txt HTTP/1.1" 404 1181 "-" "ltx71 - (http://ltx71.com/)"
52.2.10.94 - - [19/Apr/2017:18:19:16 +0200] "GET /doc/westtakt_final_20160405.pdf HTTP/1.1" 200 633098 "-" "ltx71 - (http://ltx71.com/)"
104.154.58.95 - - [19/Apr/2017:18:40:57 +0200] "GET /robots.txt HTTP/1.1" 404 1181 "-" "ltx71 - (http://ltx71.com/)"
104.154.58.95 - - [19/Apr/2017:18:41:37 +0200] "GET /tagsag2.htm HTTP/1.1" 200 1335 "-" "ltx71 - (http://ltx71.com/)"
52.2.10.94 - - [19/Apr/2017:18:41:37 +0200] "GET /robots.txt HTTP/1.1" 404 1181 "-" "ltx71 - (http://ltx71.com/)"
62.2.130.66 - - [19/Apr/2017:18:41:43 +0200] "GET /doc/b2_2010.pdf HTTP/1.1" 404 1181 "-" "Mozilla/5.0 (Windows NT 6.1; WOW64; Trident/7.0; rv:11.0) like Gecko"
104.154.58.95 - - [19/Apr/2017:18:49:09 +0200] "GET /robots.txt HTTP/1.1" 404 1181 "-" "ltx71 - (http://ltx71.com/)"
104.154.58.95 - - [19/Apr/2017:18:50:04 +0200] "GET /doc/belepesinyilatkozat.pdf HTTP/1.1" 200 403937 "-" "ltx71 - (http://ltx71.com/)"
178.164.148.120 - - [19/Apr/2017:18:55:34 +0200] "GET /images/vasutterkep_n.jpg HTTP/1.1" 404 1181 "http://www.terkepkalauz.hu/index.php?option=com_alphacontent§ion=4&cat=32&task=view&id=396&Itemid=99999999" "Mozilla/5.0 (Windows NT 6.1; rv:52.0) Gecko/20100101 Firefox/52.0"
178.164.148.120 - - [19/Apr/2017:18:55:34 +0200] "GET /favicon.ico HTTP/1.1" 404 1181 "-" "Mozilla/5.0 (Windows NT 6.1; rv:52.0) Gecko/20100101 Firefox/52.0"
178.164.148.120 - - [19/Apr/2017:18:55:34 +0200] "GET /favicon.ico HTTP/1.1" 404 1181 "-" "Mozilla/5.0 (Windows NT 6.1; rv:52.0) Gecko/20100101 Firefox/52.0"
136.243.16.208 - - [19/Apr/2017:18:56:06 +0200] "HEAD / HTTP/1.1" 200 0 "-" "Mozilla/5.0 (Windows NT 6.1) AppleWebKit/537.36 (KHTML, like Gecko) Chrome/41.0.2228.0 Safari/537.36Mozilla/5.0 (Macintosh; Intel Mac OS X 10.8; rv:24.0) Gecko/20100101 Firefox/24.0"
52.2.10.94 - - [19/Apr/2017:20:01:09 +0200] "GET /robots.txt HTTP/1.1" 404 1181 "-" "ltx71 - (http://ltx71.com/)"
52.2.10.94 - - [19/Apr/2017:20:08:36 +0200] "GET /robots.txt HTTP/1.1" 404 1181 "-" "ltx71 - (http://ltx71.com/)"
52.2.10.94 - - [19/Apr/2017:20:08:56 +0200] "GET /doc/hu_aps_positivbeispiele_aufl2_070622_klein.pdf HTTP/1.1" 200 2887217 "-" "ltx71 - (http://ltx71.com/)"
40.77.167.130 - - [19/Apr/2017:20:28:50 +0200] "GET / HTTP/1.1" 200 2023 "-" "Mozilla/5.0 (compatible; bingbot/2.0; +http://www.bing.com/bingbot.htm)"
157.55.39.78 - - [19/Apr/2017:20:30:25 +0200] "GET /doc/eletet-a-vasutnak.pdf HTTP/1.1" 200 5085257 "-" "Mozilla/5.0 (iPhone; CPU iPhone OS 7_0 like Mac OS X) AppleWebKit/537.51.1 (KHTML, like Gecko) Version/7.0 Mobile/11A465 Safari/9537.53 (compatible; bingbot/2.0; +http://www.bing.com/bingbot.htm)"
64.62.252.164 - - [19/Apr/2017:20:43:58 +0200] "GET /robots.txt HTTP/1.1" 404 1181 "-" "BUbiNG (+http://law.di.unimi.it/BUbiNG.html)"
64.62.252.164 - - [19/Apr/2017:20:43:59 +0200] "GET /kikvagyunk2.htm HTTP/1.1" 200 17375 "-" "BUbiNG (+http://law.di.unimi.it/BUbiNG.html)"
64.62.252.164 - - [19/Apr/2017:20:44:13 +0200] "GET /projektek2.htm HTTP/1.1" 200 7634 "-" "BUbiNG (+http://law.di.unimi.it/BUbiNG.html)"
64.62.252.164 - - [19/Apr/2017:20:44:14 +0200] "GET /tagsag2.htm HTTP/1.1" 200 1335 "-" "BUbiNG (+http://law.di.unimi.it/BUbiNG.html)"
78.92.92.164 - - [19/Apr/2017:20:45:08 +0200] "GET / HTTP/1.1" 200 2023 "https://www.google.hu/" "Mozilla/5.0 (Windows NT 10.0; WOW64) AppleWebKit/537.36 (KHTML, like Gecko) Chrome/57.0.2987.133 Safari/537.36"
78.92.92.164 - - [19/Apr/2017:20:45:08 +0200] "GET /blog.jpg HTTP/1.1" 200 29833 "http://www.mkk.zpok.hu/" "Mozilla/5.0 (Windows NT 10.0; WOW64) AppleWebKit/537.36 (KHTML, like Gecko) Chrome/57.0.2987.133 Safari/537.36"
78.92.92.164 - - [19/Apr/2017:20:45:08 +0200] "GET /facebook-logo-preview.png HTTP/1.1" 200 3924 "http://www.mkk.zpok.hu/" "Mozilla/5.0 (Windows NT 10.0; WOW64) AppleWebKit/537.36 (KHTML, like Gecko) Chrome/57.0.2987.133 Safari/537.36"
78.92.92.164 - - [19/Apr/2017:20:45:08 +0200] "GET /mkk_banner.png HTTP/1.1" 200 62097 "http://www.mkk.zpok.hu/" "Mozilla/5.0 (Windows NT 10.0; WOW64) AppleWebKit/537.36 (KHTML, like Gecko) Chrome/57.0.2987.133 Safari/537.36"
78.92.92.164 - - [19/Apr/2017:20:45:15 +0200] "GET /favicon.ico HTTP/1.1" 404 1181 "http://www.mkk.zpok.hu/" "Mozilla/5.0 (Windows NT 10.0; WOW64) AppleWebKit/537.36 (KHTML, like Gecko) Chrome/57.0.2987.133 Safari/537.36"
85.70.137.72 - - [19/Apr/2017:20:53:09 +0200] "GET /doc/b2_2010.pdf HTTP/1.1" 404 1181 "-" "Mozilla/5.0 (iPad; CPU OS 9_3_5 like Mac OS X) AppleWebKit/601.1.46 (KHTML, like Gecko) Version/9.0 Mobile/13G36 Safari/601.1"
85.70.137.72 - - [19/Apr/2017:20:53:17 +0200] "GET / HTTP/1.1" 200 2023 "-" "Mozilla/5.0 (iPad; CPU OS 9_3_5 like Mac OS X) AppleWebKit/601.1.46 (KHTML, like Gecko) Version/9.0 Mobile/13G36 Safari/601.1"
85.70.137.72 - - [19/Apr/2017:20:53:17 +0200] "GET /mkk_banner.png HTTP/1.1" 200 62097 "http://mkk.zpok.hu/" "Mozilla/5.0 (iPad; CPU OS 9_3_5 like Mac OS X) AppleWebKit/601.1.46 (KHTML, like Gecko) Version/9.0 Mobile/13G36 Safari/601.1"
85.70.137.72 - - [19/Apr/2017:20:53:17 +0200] "GET /facebook-logo-preview.png HTTP/1.1" 200 3924 "http://mkk.zpok.hu/" "Mozilla/5.0 (iPad; CPU OS 9_3_5 like Mac OS X) AppleWebKit/601.1.46 (KHTML, like Gecko) Version/9.0 Mobile/13G36 Safari/601.1"
85.70.137.72 - - [19/Apr/2017:20:53:17 +0200] "GET /blog.jpg HTTP/1.1" 200 29833 "http://mkk.zpok.hu/" "Mozilla/5.0 (iPad; CPU OS 9_3_5 like Mac OS X) AppleWebKit/601.1.46 (KHTML, like Gecko) Version/9.0 Mobile/13G36 Safari/601.1"
85.70.137.72 - - [19/Apr/2017:20:59:34 +0200] "GET /kikvagyunk2.htm HTTP/1.1" 200 17375 "http://mkk.zpok.hu/" "Mozilla/5.0 (iPad; CPU OS 9_3_5 like Mac OS X) AppleWebKit/601.1.46 (KHTML, like Gecko) Version/9.0 Mobile/13G36 Safari/601.1"
85.70.137.72 - - [19/Apr/2017:20:59:35 +0200] "GET /icons/icons_k/6.png HTTP/1.1" 200 4270 "http://mkk.zpok.hu/kikvagyunk2.htm" "Mozilla/5.0 (iPad; CPU OS 9_3_5 like Mac OS X) AppleWebKit/601.1.46 (KHTML, like Gecko) Version/9.0 Mobile/13G36 Safari/601.1"
85.70.137.72 - - [19/Apr/2017:20:59:35 +0200] "GET /icons/icons_k/1.png HTTP/1.1" 200 7684 "http://mkk.zpok.hu/kikvagyunk2.htm" "Mozilla/5.0 (iPad; CPU OS 9_3_5 like Mac OS X) AppleWebKit/601.1.46 (KHTML, like Gecko) Version/9.0 Mobile/13G36 Safari/601.1"
85.70.137.72 - - [19/Apr/2017:20:59:35 +0200] "GET /icons/icons_k/mpeter.png HTTP/1.1" 200 28939 "http://mkk.zpok.hu/kikvagyunk2.htm" "Mozilla/5.0 (iPad; CPU OS 9_3_5 like Mac OS X) AppleWebKit/601.1.46 (KHTML, like Gecko) Version/9.0 Mobile/13G36 Safari/601.1"
85.70.137.72 - - [19/Apr/2017:20:59:35 +0200] "GET /icons/icons_k/5.png HTTP/1.1" 200 5410 "http://mkk.zpok.hu/kikvagyunk2.htm" "Mozilla/5.0 (iPad; CPU OS 9_3_5 like Mac OS X) AppleWebKit/601.1.46 (KHTML, like Gecko) Version/9.0 Mobile/13G36 Safari/601.1"
85.70.137.72 - - [19/Apr/2017:20:59:35 +0200] "GET /icons/icons_k/3.png HTTP/1.1" 200 5625 "http://mkk.zpok.hu/kikvagyunk2.htm" "Mozilla/5.0 (iPad; CPU OS 9_3_5 like Mac OS X) AppleWebKit/601.1.46 (KHTML, like Gecko) Version/9.0 Mobile/13G36 Safari/601.1"
85.70.137.72 - - [19/Apr/2017:20:59:35 +0200] "GET /icons/icons_k/4.png HTTP/1.1" 200 5935 "http://mkk.zpok.hu/kikvagyunk2.htm" "Mozilla/5.0 (iPad; CPU OS 9_3_5 like Mac OS X) AppleWebKit/601.1.46 (KHTML, like Gecko) Version/9.0 Mobile/13G36 Safari/601.1"
85.70.137.72 - - [19/Apr/2017:20:59:35 +0200] "GET /icons/icons_k/balage.png HTTP/1.1" 200 21667 "http://mkk.zpok.hu/kikvagyunk2.htm" "Mozilla/5.0 (iPad; CPU OS 9_3_5 like Mac OS X) AppleWebKit/601.1.46 (KHTML, like Gecko) Version/9.0 Mobile/13G36 Safari/601.1"
85.70.137.72 - - [19/Apr/2017:20:59:35 +0200] "GET /icons/icons_k/2.png HTTP/1.1" 200 8020 "http://mkk.zpok.hu/kikvagyunk2.htm" "Mozilla/5.0 (iPad; CPU OS 9_3_5 like Mac OS X) AppleWebKit/601.1.46 (KHTML, like Gecko) Version/9.0 Mobile/13G36 Safari/601.1"
85.70.137.72 - - [19/Apr/2017:20:59:35 +0200] "GET /kikvag1.jpg HTTP/1.1" 200 9565 "http://mkk.zpok.hu/kikvagyunk2.htm" "Mozilla/5.0 (iPad; CPU OS 9_3_5 like Mac OS X) AppleWebKit/601.1.46 (KHTML, like Gecko) Version/9.0 Mobile/13G36 Safari/601.1"
85.70.137.72 - - [19/Apr/2017:20:59:35 +0200] "GET /pdf.png HTTP/1.1" 200 133123 "http://mkk.zpok.hu/kikvagyunk2.htm" "Mozilla/5.0 (iPad; CPU OS 9_3_5 like Mac OS X) AppleWebKit/601.1.46 (KHTML, like Gecko) Version/9.0 Mobile/13G36 Safari/601.1"
85.70.137.72 - - [19/Apr/2017:20:59:40 +0200] "GET /doc/belepesinyilatkozat.pdf HTTP/1.1" 200 403937 "http://mkk.zpok.hu/kikvagyunk2.htm" "Mozilla/5.0 (iPad; CPU OS 9_3_5 like Mac OS X) AppleWebKit/601.1.46 (KHTML, like Gecko) Version/9.0 Mobile/13G36 Safari/601.1"
85.70.137.72 - - [19/Apr/2017:20:59:44 +0200] "GET /kikvagyunk2.htm HTTP/1.1" 200 17375 "http://mkk.zpok.hu/" "Mozilla/5.0 (iPad; CPU OS 9_3_5 like Mac OS X) AppleWebKit/601.1.46 (KHTML, like Gecko) Version/9.0 Mobile/13G36 Safari/601.1"
85.70.137.72 - - [19/Apr/2017:20:59:49 +0200] "GET /projektek2.htm HTTP/1.1" 200 7634 "http://mkk.zpok.hu/" "Mozilla/5.0 (iPad; CPU OS 9_3_5 like Mac OS X) AppleWebKit/601.1.46 (KHTML, like Gecko) Version/9.0 Mobile/13G36 Safari/601.1"
85.70.137.72 - - [19/Apr/2017:20:59:49 +0200] "GET /icons/icons_k/aps.png HTTP/1.1" 200 8274 "http://mkk.zpok.hu/projektek2.htm" "Mozilla/5.0 (iPad; CPU OS 9_3_5 like Mac OS X) AppleWebKit/601.1.46 (KHTML, like Gecko) Version/9.0 Mobile/13G36 Safari/601.1"
85.70.137.72 - - [19/Apr/2017:20:59:49 +0200] "GET /icons/icons_k/westtakt.png HTTP/1.1" 200 8683 "http://mkk.zpok.hu/projektek2.htm" "Mozilla/5.0 (iPad; CPU OS 9_3_5 like Mac OS X) AppleWebKit/601.1.46 (KHTML, like Gecko) Version/9.0 Mobile/13G36 Safari/601.1"
85.70.137.72 - - [19/Apr/2017:20:59:49 +0200] "GET /icons/icons_k/eger.png HTTP/1.1" 200 28174 "http://mkk.zpok.hu/projektek2.htm" "Mozilla/5.0 (iPad; CPU OS 9_3_5 like Mac OS X) AppleWebKit/601.1.46 (KHTML, like Gecko) Version/9.0 Mobile/13G36 Safari/601.1"
85.70.137.72 - - [19/Apr/2017:20:59:49 +0200] "GET /icons/icons_k/fogadj.png HTTP/1.1" 200 31018 "http://mkk.zpok.hu/projektek2.htm" "Mozilla/5.0 (iPad; CPU OS 9_3_5 like Mac OS X) AppleWebKit/601.1.46 (KHTML, like Gecko) Version/9.0 Mobile/13G36 Safari/601.1"
85.70.137.72 - - [19/Apr/2017:20:59:49 +0200] "GET /icons/icons_k/ipoly.png HTTP/1.1" 200 26376 "http://mkk.zpok.hu/projektek2.htm" "Mozilla/5.0 (iPad; CPU OS 9_3_5 like Mac OS X) AppleWebKit/601.1.46 (KHTML, like Gecko) Version/9.0 Mobile/13G36 Safari/601.1"
85.70.137.72 - - [19/Apr/2017:20:59:50 +0200] "GET /icons/icons_k/kiskore.png HTTP/1.1" 200 25890 "http://mkk.zpok.hu/projektek2.htm" "Mozilla/5.0 (iPad; CPU OS 9_3_5 like Mac OS X) AppleWebKit/601.1.46 (KHTML, like Gecko) Version/9.0 Mobile/13G36 Safari/601.1"
85.70.137.72 - - [19/Apr/2017:20:59:50 +0200] "GET /icons/icons_k/bringa.png HTTP/1.1" 200 22141 "http://mkk.zpok.hu/projektek2.htm" "Mozilla/5.0 (iPad; CPU OS 9_3_5 like Mac OS X) AppleWebKit/601.1.46 (KHTML, like Gecko) Version/9.0 Mobile/13G36 Safari/601.1"
85.70.137.72 - - [19/Apr/2017:21:00:07 +0200] "GET /doc/allomasok_kepes_osszefoglaloja.pdf HTTP/1.1" 200 5628186 "http://mkk.zpok.hu/projektek2.htm" "Mozilla/5.0 (iPad; CPU OS 9_3_5 like Mac OS X) AppleWebKit/601.1.46 (KHTML, like Gecko) Version/9.0 Mobile/13G36 Safari/601.1"
85.70.137.72 - - [19/Apr/2017:21:00:18 +0200] "GET /projektek2.htm HTTP/1.1" 200 7634 "http://mkk.zpok.hu/" "Mozilla/5.0 (iPad; CPU OS 9_3_5 like Mac OS X) AppleWebKit/601.1.46 (KHTML, like Gecko) Version/9.0 Mobile/13G36 Safari/601.1"
85.70.137.72 - - [19/Apr/2017:21:00:22 +0200] "GET /doc/87_fa_szv.pdf HTTP/1.1" 200 56286 "http://mkk.zpok.hu/projektek2.htm" "Mozilla/5.0 (iPad; CPU OS 9_3_5 like Mac OS X) AppleWebKit/601.1.46 (KHTML, like Gecko) Version/9.0 Mobile/13G36 Safari/601.1"
208.43.225.85 - - [19/Apr/2017:21:03:17 +0200] "GET /robots.txt HTTP/1.1" 404 1181 "-" "Mozilla/5.0 (compatible; SiteExplorer/1.1b; +http://siteexplorer.info/Backlink-Checker-Spider/)"
208.43.225.85 - - [19/Apr/2017:21:03:22 +0200] "GET /hirlevel/vonattal1512.html HTTP/1.1" 404 1181 "-" "Mozilla/5.0 (compatible; SiteExplorer/1.1b; +http://siteexplorer.info/Backlink-Checker-Spider/)"
52.2.10.94 - - [19/Apr/2017:21:10:06 +0200] "GET /robots.txt HTTP/1.1" 404 1181 "-" "ltx71 - (http://ltx71.com/)"
40.77.178.164 - - [19/Apr/2017:21:32:24 +0200] "GET /doc/eletet-a-vasutnak.pdf HTTP/1.1" 200 4284416 "-" "Mozilla/5.0 (iPhone; CPU iPhone OS 7_0 like Mac OS X) AppleWebKit/537.51.1 (KHTML, like Gecko) Version/7.0 Mobile/11A465 Safari/9537.53 BingPreview/1.0b"
95.24.112.107 - - [19/Apr/2017:21:48:30 +0200] "GET /doc/b2_2016.pdf HTTP/1.1" 404 1181 "http://yandex.ru/clck/jsredir?from=yandex.ru%3Bsearch%3Bweb%3B%3B&text=&etext=1396.yLoC29eBHWYyWOkc3EerVEbvHPHRQwFDgIOib3iNL6e_kPgPQtAO_nJjM8BY-Eb7.6ad3fd2b49a57a28f4f6234e7721749b93ee6ab4&uuid=&state=_BLhILn4SxNIvvL0W45KSic66uCIg23qh8iRG98qeIXmeppkgUc0YCYBcIrWNUha-mUlBiA3OhY&data=YnNFc1pRN0lTNGJLeFpGcE9VdGtoTzlHWTlQdGgtcE1naEY2bmZ1OG9VZHZmc1g5cmwwQUhLRHhPM0ZRVUVuTm1kUWJBMlBmN252YzQxekp6clRhMUVPVXY2aTJsa2tuWGstN21QZWxqWm8&b64e=2&sign=3b74a00d01e7592a532f33aef26ea72e&keyno=0&cst=AiuY0DBWFJ7IXge4WdYJQYpgPUyh7uQlKGqFG4ezzIUFWVBZg38ud8iY9DOifCt9DbjtnC4_PQPG42UyL449P_jmyE47GxeJBqPPesnLt3HaItsWt1XUjrSo7zE1VJz1Bw914cpJhNvSVRXFsN08MD5J-FEH621E&ref=orjY4mGPRjk5boDnW0uvlrrd71vZw9kp5uQozpMtKCWblzLiN0_vdsF847FbrSHb8MGYoZd04_6ghfI38Epf9eLm19yGVl-ATzFzZSbqGAHVAvA2yUbkZw&l10n=ru&cts=1492628778443&mc=6.82030424467" "Opera/9.80 (Windows NT 6.1) Presto/2.12.388 Version/12.16"
95.221.240.79 - - [19/Apr/2017:21:48:30 +0200] "GET /doc/vasuttal-budapest-kornyeken.pdf HTTP/1.1" 404 1181 "http://yandex.ru/clck/jsredir?from=yandex.ru%3Bsearch%3Bweb%3B%3B&text=&etext=1396.aQKGMQcY4yXwekpaibeWUwJfenwcxQfZHvS_ZkXYFxWBE0MO44FhnYYljKzv4bQ7.b14b789d4303f3d8f0da4ae468cedb1168f4cb1d&uuid=&state=_BLhILn4SxNIvvL0W45KSic66uCIg23qh8iRG98qeIXmeppkgUc0YD4hgzqAYr5iuWBiLZQy-rY&data=YnNFc1pRN0lTNGJLeFpGcE9VdGtoTzlHWTlQdGgtcE1NTjRsSXROOTZLa2MyUlVjNnlKME1WN3JidXA0SFpwSk9LbjVOM3lIbTlHR3BMb01YdWU3SWtSdmJDOHR4RmtiYWpyakJjbmVVbXh5VFZWMjBKNlQzT1RxZkhBRHlnd2I&b64e=2&sign=6de2c852093a83be9e5db70935a330a3&keyno=0&cst=AiuY0DBWFJ7IXge4WdYJQaYgAYq7Jarrm7eYa7u8AiIuy0qTq7YOPfbbOUvk7HmjbTV877uNOcKq0T4vKbR1T03OoztaIg-rGb3AU2DiyuzqoFKpp7LpKdyACz0siYuDR-KvS-LIGPLQMjJQNEhMxA&ref=orjY4mGPRjk5boDnW0uvlrrd71vZw9kp5uQozpMtKCW4RgmAu5ryJBOvdF-6XWHJTSp4x_4ZNNtbLWNiDzVWbp38vAvgFj9DXGbtV9MSqqVcGZUjOEwSNw&l10n=ru&cts=1492628778443&mc=5.13158580716" "Mozilla/5.0 (Windows NT 6.1) AppleWebKit/537.36 (KHTML, like Gecko) Chrome/28.0.1500.95 YaBrowser/13.10.1500.9323 Safari/537.36"
180.76.15.156 - - [19/Apr/2017:21:57:59 +0200] "GET /doc/hu_aps_positivbeispiele_aufl2_070622_klein.pdf HTTP/1.1" 200 622592 "-" "Mozilla/5.0 (compatible; Baiduspider/2.0; +http://www.baidu.com/search/spider.html)"
208.80.155.255 - - [19/Apr/2017:22:18:15 +0200] "GET /doc/b2_2010.pdf HTTP/1.1" 404 1181 "-" "German Wikipedia Broken Weblinks Bot; contact: gifti@tools.wmflabs.org"
23.88.37.115 - - [19/Apr/2017:23:18:22 +0200] "GET / HTTP/1.1" 200 2023 "http://www.domain2008.com/domains/mkk.zpok.hu" "Mozilla/5.0 (compatible; MSIE 9.0; Windows NT 6.1; WOW64; Trident/5.0)"
109.163.234.9 - - [19/Apr/2017:23:51:18 +0200] "GET /.git/config HTTP/1.1" 404 1181 "-" "Mozilla/5.0 (Windows NT 6.2; WOW64) AppleWebKit/537.36 (KHTML, like Gecko) Chrome/39.0.2171.95 Safari/537.36"
66.249.75.46 - - [19/Apr/2017:23:59:04 +0200] "GET /robots.txt HTTP/1.1" 404 1181 "-" "Mozilla/5.0 (compatible; Googlebot/2.1; +http://www.google.com/bot.html)"
66.249.75.46 - - [19/Apr/2017:23:59:11 +0200] "GET /doc/eletet-a-vasutnak.pdf HTTP/1.1" 200 5085257 "-" "Mozilla/5.0 (compatible; Googlebot/2.1; +http://www.google.com/bot.html)"
178.137.83.79 - - [20/Apr/2017:01:22:23 +0200] "GET /robots.txt HTTP/1.1" 404 1181 "-" "Mozilla/5.0 (Windows NT 10.0; WOW64) AppleWebKit/537.36 (KHTML, like Gecko) Chrome/49.0.2623.75 Safari/537.36 OPR/36.0.2130.32"
178.137.83.79 - - [20/Apr/2017:01:22:23 +0200] "GET / HTTP/1.1" 200 2023 "-" "Mozilla/5.0 (Windows NT 10.0; WOW64) AppleWebKit/537.36 (KHTML, like Gecko) Chrome/49.0.2623.75 Safari/537.36 OPR/36.0.2130.32"
178.137.83.79 - - [20/Apr/2017:01:22:23 +0200] "GET /xmlrpc.php?rsd HTTP/1.1" 404 1181 "-" "Mozilla/5.0 (Windows NT 10.0; WOW64) AppleWebKit/537.36 (KHTML, like Gecko) Chrome/49.0.2623.75 Safari/537.36 OPR/36.0.2130.32"
178.137.83.79 - - [20/Apr/2017:01:22:23 +0200] "GET /blog/robots.txt HTTP/1.1" 404 1181 "-" "Mozilla/5.0 (Windows NT 10.0; WOW64) AppleWebKit/537.36 (KHTML, like Gecko) Chrome/49.0.2623.75 Safari/537.36 OPR/36.0.2130.32"
178.137.83.79 - - [20/Apr/2017:01:22:23 +0200] "GET /blog/ HTTP/1.1" 404 1181 "-" "Mozilla/5.0 (Windows NT 10.0; WOW64) AppleWebKit/537.36 (KHTML, like Gecko) Chrome/49.0.2623.75 Safari/537.36 OPR/36.0.2130.32"
178.137.83.79 - - [20/Apr/2017:01:22:23 +0200] "GET /wordpress/ HTTP/1.1" 404 1181 "-" "Mozilla/5.0 (Windows NT 10.0; WOW64) AppleWebKit/537.36 (KHTML, like Gecko) Chrome/49.0.2623.75 Safari/537.36 OPR/36.0.2130.32"
178.137.83.79 - - [20/Apr/2017:01:22:23 +0200] "GET /wp/ HTTP/1.1" 404 1181 "-" "Mozilla/5.0 (Windows NT 10.0; WOW64) AppleWebKit/537.36 (KHTML, like Gecko) Chrome/49.0.2623.75 Safari/537.36 OPR/36.0.2130.32"
178.137.83.79 - - [20/Apr/2017:01:22:32 +0200] "GET /robots.txt HTTP/1.1" 404 1181 "-" "Mozilla/5.0 (Windows NT 10.0; WOW64) AppleWebKit/537.36 (KHTML, like Gecko) Chrome/49.0.2623.75 Safari/537.36 OPR/36.0.2130.32"
178.137.83.79 - - [20/Apr/2017:01:22:32 +0200] "GET / HTTP/1.1" 200 2023 "-" "Mozilla/5.0 (Windows NT 10.0; WOW64) AppleWebKit/537.36 (KHTML, like Gecko) Chrome/49.0.2623.75 Safari/537.36 OPR/36.0.2130.32"
178.137.83.79 - - [20/Apr/2017:01:22:32 +0200] "GET /xmlrpc.php?rsd HTTP/1.1" 404 1181 "-" "Mozilla/5.0 (Windows NT 10.0; WOW64) AppleWebKit/537.36 (KHTML, like Gecko) Chrome/49.0.2623.75 Safari/537.36 OPR/36.0.2130.32"
178.137.83.79 - - [20/Apr/2017:01:22:32 +0200] "GET /blog/robots.txt HTTP/1.1" 404 1181 "-" "Mozilla/5.0 (Windows NT 10.0; WOW64) AppleWebKit/537.36 (KHTML, like Gecko) Chrome/49.0.2623.75 Safari/537.36 OPR/36.0.2130.32"
178.137.83.79 - - [20/Apr/2017:01:22:32 +0200] "GET /blog/ HTTP/1.1" 404 1181 "-" "Mozilla/5.0 (Windows NT 10.0; WOW64) AppleWebKit/537.36 (KHTML, like Gecko) Chrome/49.0.2623.75 Safari/537.36 OPR/36.0.2130.32"
178.137.83.79 - - [20/Apr/2017:01:22:32 +0200] "GET /wordpress/ HTTP/1.1" 404 1181 "-" "Mozilla/5.0 (Windows NT 10.0; WOW64) AppleWebKit/537.36 (KHTML, like Gecko) Chrome/49.0.2623.75 Safari/537.36 OPR/36.0.2130.32"
178.137.83.79 - - [20/Apr/2017:01:22:32 +0200] "GET /wp/ HTTP/1.1" 404 1181 "-" "Mozilla/5.0 (Windows NT 10.0; WOW64) AppleWebKit/537.36 (KHTML, like Gecko) Chrome/49.0.2623.75 Safari/537.36 OPR/36.0.2130.32"
66.249.75.48 - - [20/Apr/2017:01:59:21 +0200] "GET /doc/onkentesseghete.pdf HTTP/1.1" 404 1181 "-" "Mozilla/5.0 (compatible; Googlebot/2.1; +http://www.google.com/bot.html)"
52.2.10.94 - - [20/Apr/2017:02:22:50 +0200] "GET /robots.txt HTTP/1.1" 404 1181 "-" "ltx71 - (http://ltx71.com/)"
52.2.10.94 - - [20/Apr/2017:02:48:31 +0200] "GET /robots.txt HTTP/1.1" 404 1181 "-" "ltx71 - (http://ltx71.com/)"
52.2.10.94 - - [20/Apr/2017:02:50:19 +0200] "GET / HTTP/1.1" 200 2023 "-" "ltx71 - (http://ltx71.com/)"
217.182.132.182 - - [20/Apr/2017:03:13:02 +0200] "GET / HTTP/1.1" 200 2023 "-" "Mozilla/5.0 (compatible; AhrefsBot/5.2; +http://ahrefs.com/robot/)"
46.229.168.68 - - [20/Apr/2017:03:20:43 +0200] "GET / HTTP/1.1" 200 2023 "-" "Mozilla/5.0 (compatible; SemrushBot/1.2~bl; +http://www.semrush.com/bot.html)"
64.121.138.21 - - [20/Apr/2017:03:43:32 +0200] "GET /doc/b2_2010.pdf HTTP/1.1" 404 1181 "-" "Mozilla/5.0 (Macintosh; Intel Mac OS X 10_10_1) AppleWebKit/600.1.25 (KHTML, like Gecko) Version/8.0 Safari/600.1.25"
64.121.138.21 - - [20/Apr/2017:03:43:32 +0200] "GET /favicon.ico HTTP/1.1" 404 1181 "http://mkk.zpok.hu/doc/b2_2010.pdf" "Mozilla/5.0 (Macintosh; Intel Mac OS X 10_10_1) AppleWebKit/600.1.25 (KHTML, like Gecko) Version/8.0 Safari/600.1.25"
52.2.10.94 - - [20/Apr/2017:03:52:37 +0200] "GET /robots.txt HTTP/1.1" 404 1181 "-" "ltx71 - (http://ltx71.com/)"
217.182.132.75 - - [20/Apr/2017:04:12:10 +0200] "GET /hirlevel/vonattal1409.html HTTP/1.1" 404 1181 "-" "Mozilla/5.0 (compatible; AhrefsBot/5.2; +http://ahrefs.com/robot/)"
151.80.39.150 - - [20/Apr/2017:04:12:38 +0200] "GET /robots.txt HTTP/1.1" 404 1181 "-" "Mozilla/5.0 (compatible; AhrefsBot/5.2; +http://ahrefs.com/robot/)"
199.193.251.133 - - [20/Apr/2017:04:13:48 +0200] "HEAD / HTTP/1.1" 200 0 "https://www.inboundlinks.win/InboundLinks/mkk.zpok.hu" "Mozilla/5.0 (compatible; MSIE 9.0; Windows NT 6.1; WOW64; Trident/5.0)"
46.242.121.116 - - [20/Apr/2017:05:19:23 +0200] "GET /doc/b2_2010.pdf HTTP/1.1" 404 1181 "http://yandex.ru/clck/jsredir?from=yandex.ru%3Bsearch%3Bweb%3B%3B&text=&etext=1397.1iMQqlTSqi2Ut5GrEE0L8BzcU-HK45ArQGMc7jRR3Ych1jG4_uapWuXB8xfm3iDw.7c1befbb9f94c6ca5fc9ef6b03480a1249443007&uuid=&state=_BLhILn4SxNIvvL0W45KSic66uCIg23qh8iRG98qeIXmeppkgUc0YL_nDC5hqtEQ6WayFoZKRZE&data=YnNFc1pRN0lTNGJLeFpGcE9VdGtoTzlHWTlQdGgtcE1nUklIVHJqNVNjY29VRlZRMXhsOWdHaVAtNjRDXy1WQWMwdTlSU2VNVWgwaDJXTzNxTWFldXBKQTdFZU5aUnJBV1VBeXdMZkVUdnM&b64e=2&sign=1214ec44187da7e68ab827beae299267&keyno=0&cst=AiuY0DBWFJ7IXge4WdYJQSaYtyyri96FdmyNo2S-jMZPAp0j8sxyPGyxhC0brVOS_mW2UughasigyAn9uZWMWuEnHD1MWsnrA31PipRM1Nb6u16SerFD67sUq6E1MasXgn8b4FCOwakDYI3leOYApwyK8vXoARgG&ref=orjY4mGPRjk5boDnW0uvlrrd71vZw9kp5uQozpMtKCUano4BEc9IEVkJYItKUwhjb7CfuSIyNX9kPlNqlGwBy7r2b04CAXMcoWCIZhgakS4Ha_b4XAFHQA&l10n=ru&cts=1492657424013&mc=2.31505942748" "Mozilla/5.0 (Windows NT 6.1) AppleWebKit/537.36 (KHTML, like Gecko) Chrome/31.0.1650.57 Safari/537.36 OPR/18.0.1284.63"
64.62.252.169 - - [20/Apr/2017:05:37:38 +0200] "GET /robots.txt HTTP/1.1" 404 1181 "-" "BUbiNG (+http://law.di.unimi.it/BUbiNG.html)"
64.62.252.169 - - [20/Apr/2017:05:37:38 +0200] "GET / HTTP/1.1" 200 2023 "-" "BUbiNG (+http://law.di.unimi.it/BUbiNG.html)"
52.2.10.94 - - [20/Apr/2017:05:40:01 +0200] "GET /robots.txt HTTP/1.1" 404 1181 "-" "ltx71 - (http://ltx71.com/)"
180.76.15.29 - - [20/Apr/2017:05:51:28 +0200] "GET /robots.txt HTTP/1.1" 404 1181 "-" "Mozilla/5.0 (Windows NT 5.1; rv:6.0.2) Gecko/20100101 Firefox/6.0.2"
