199.193.251.133 - - [23/Apr/2017:23:22:32 +0200] "HEAD / HTTP/1.1" 200 0 "https://www.inboundlinks.win/InboundLinks/mkk.zpok.hu" "Mozilla/5.0 (compatible; MSIE 9.0; Windows NT 6.1; WOW64; Trident/5.0)"
104.154.58.95 - - [23/Apr/2017:23:23:14 +0200] "GET /projektek2.htm HTTP/1.1" 200 7634 "-" "ltx71 - (http://ltx71.com/)"
138.201.30.66 - - [24/Apr/2017:00:23:24 +0200] "GET /robots.txt HTTP/1.0" 404 1181 "-" "Mozilla/5.0 (compatible; SEOkicks-Robot; +http://www.seokicks.de/robot.html)"
138.201.30.66 - - [24/Apr/2017:00:23:25 +0200] "GET / HTTP/1.0" 200 2023 "-" "Mozilla/5.0 (compatible; SEOkicks-Robot; +http://www.seokicks.de/robot.html)"
138.201.30.66 - - [24/Apr/2017:00:23:27 +0200] "GET /kikvagyunk2.htm HTTP/1.0" 200 17375 "http://mkk.zpok.hu/" "Mozilla/5.0 (compatible; SEOkicks-Robot; +http://www.seokicks.de/robot.html)"
138.201.30.66 - - [24/Apr/2017:00:23:28 +0200] "GET /projektek2.htm HTTP/1.0" 200 7634 "http://mkk.zpok.hu/" "Mozilla/5.0 (compatible; SEOkicks-Robot; +http://www.seokicks.de/robot.html)"
138.201.30.66 - - [24/Apr/2017:00:23:29 +0200] "GET /tagsag2.htm HTTP/1.0" 200 1335 "http://mkk.zpok.hu/" "Mozilla/5.0 (compatible; SEOkicks-Robot; +http://www.seokicks.de/robot.html)"
138.201.30.66 - - [24/Apr/2017:00:23:30 +0200] "GET /doc/kozh.zip HTTP/1.0" 200 18470 "http://mkk.zpok.hu/kikvagyunk2.htm" "Mozilla/5.0 (compatible; SEOkicks-Robot; +http://www.seokicks.de/robot.html)"
138.201.30.66 - - [24/Apr/2017:00:23:31 +0200] "GET /doc/westtakt_mnr_tkp.zip HTTP/1.0" 200 18473 "http://mkk.zpok.hu/projektek2.htm" "Mozilla/5.0 (compatible; SEOkicks-Robot; +http://www.seokicks.de/robot.html)"
138.201.30.66 - - [24/Apr/2017:00:23:33 +0200] "GET /doc/ipoly_konf.zip HTTP/1.0" 200 18471 "http://mkk.zpok.hu/projektek2.htm" "Mozilla/5.0 (compatible; SEOkicks-Robot; +http://www.seokicks.de/robot.html)"
52.2.10.94 - - [24/Apr/2017:00:33:06 +0200] "GET /robots.txt HTTP/1.1" 404 1181 "-" "ltx71 - (http://ltx71.com/)"
104.154.58.95 - - [24/Apr/2017:01:12:35 +0200] "GET /robots.txt HTTP/1.1" 404 1181 "-" "ltx71 - (http://ltx71.com/)"
157.55.39.224 - - [24/Apr/2017:01:28:04 +0200] "GET / HTTP/1.1" 200 2023 "-" "Mozilla/5.0 (compatible; bingbot/2.0; +http://www.bing.com/bingbot.htm)"
5.9.85.245 - - [24/Apr/2017:01:39:26 +0200] "GET /robots.txt HTTP/1.1" 404 1181 "-" "Mozilla/5.0 (compatible; BLEXBot/1.0; +http://webmeup-crawler.com/)"
5.9.85.245 - - [24/Apr/2017:01:39:26 +0200] "GET /robots.txt HTTP/1.1" 404 1181 "-" "Mozilla/5.0 (compatible; BLEXBot/1.0; +http://webmeup-crawler.com/)"
5.9.85.245 - - [24/Apr/2017:01:39:26 +0200] "GET / HTTP/1.1" 200 2023 "-" "Mozilla/5.0 (compatible; BLEXBot/1.0; +http://webmeup-crawler.com/)"
5.9.85.245 - - [24/Apr/2017:01:39:39 +0200] "GET /sitemap.xml HTTP/1.1" 404 1181 "-" "Mozilla/5.0 (compatible; BLEXBot/1.0; +http://webmeup-crawler.com/)"
5.9.85.245 - - [24/Apr/2017:01:42:08 +0200] "GET /robots.txt HTTP/1.1" 404 1181 "-" "Mozilla/5.0 (compatible; BLEXBot/1.0; +http://webmeup-crawler.com/)"
5.9.85.245 - - [24/Apr/2017:01:42:08 +0200] "GET /robots.txt HTTP/1.1" 404 1181 "-" "Mozilla/5.0 (compatible; BLEXBot/1.0; +http://webmeup-crawler.com/)"
5.9.85.245 - - [24/Apr/2017:01:42:08 +0200] "GET /sitemap.xml HTTP/1.1" 404 1181 "-" "Mozilla/5.0 (compatible; BLEXBot/1.0; +http://webmeup-crawler.com/)"
5.9.85.245 - - [24/Apr/2017:01:42:23 +0200] "GET /kikvagyunk2.htm HTTP/1.1" 200 17375 "-" "Mozilla/5.0 (compatible; BLEXBot/1.0; +http://webmeup-crawler.com/)"
5.9.85.245 - - [24/Apr/2017:01:42:39 +0200] "GET /projektek2.htm HTTP/1.1" 200 7634 "-" "Mozilla/5.0 (compatible; BLEXBot/1.0; +http://webmeup-crawler.com/)"
5.9.85.245 - - [24/Apr/2017:01:43:57 +0200] "GET /tagsag2.htm HTTP/1.1" 200 1335 "-" "Mozilla/5.0 (compatible; BLEXBot/1.0; +http://webmeup-crawler.com/)"
5.9.85.245 - - [24/Apr/2017:01:44:42 +0200] "GET /hirlevel/vonattal1107.htm HTTP/1.1" 404 1181 "-" "Mozilla/5.0 (compatible; BLEXBot/1.0; +http://webmeup-crawler.com/)"
5.9.85.245 - - [24/Apr/2017:01:44:52 +0200] "GET /hirlevel/vonattal1207.htm HTTP/1.1" 404 1181 "-" "Mozilla/5.0 (compatible; BLEXBot/1.0; +http://webmeup-crawler.com/)"
5.9.85.245 - - [24/Apr/2017:01:46:15 +0200] "GET / HTTP/1.1" 200 2023 "-" "Mozilla/5.0 (compatible; BLEXBot/1.0; +http://webmeup-crawler.com/)"
5.9.85.245 - - [24/Apr/2017:01:46:26 +0200] "GET /doc/A_kozlekedesmenedzsment_korszeru_eszkozei.htm HTTP/1.1" 404 1181 "-" "Mozilla/5.0 (compatible; BLEXBot/1.0; +http://webmeup-crawler.com/)"
5.9.85.245 - - [24/Apr/2017:01:46:34 +0200] "GET /kikvagyunk2.htm HTTP/1.1" 200 17375 "-" "Mozilla/5.0 (compatible; BLEXBot/1.0; +http://webmeup-crawler.com/)"
5.9.85.245 - - [24/Apr/2017:01:46:47 +0200] "GET /projektek2.htm HTTP/1.1" 200 7634 "-" "Mozilla/5.0 (compatible; BLEXBot/1.0; +http://webmeup-crawler.com/)"
5.9.85.245 - - [24/Apr/2017:01:46:53 +0200] "GET /tagsag2.htm HTTP/1.1" 200 1335 "-" "Mozilla/5.0 (compatible; BLEXBot/1.0; +http://webmeup-crawler.com/)"
128.75.102.156 - - [24/Apr/2017:02:02:43 +0200] "GET /doc/b2_2016.pdf HTTP/1.1" 404 1181 "http://yandex.ru/clck/jsredir?from=yandex.ru%3Bsearch%3Bweb%3B%3B&text=&etext=1400.YZHQ0wwwTdYX2-JqhCtEmGWYnfkHOS_hPRXrahLREadLIDNJuC77Fg01ww7S8YYQ.4d10b752b1dfc89a65031a5d807e83d436a4ea0c&uuid=&state=_BLhILn4SxNIvvL0W45KSic66uCIg23qh8iRG98qeIXmeppkgUc0YHRNgn3KsbHJbmUkku86_mY&data=YnNFc1pRN0lTNGJLeFpGcE9VdGtoTzlHWTlQdGgtcE1naEY2bmZ1OG9VZHZmc1g5cmwwQUhCRzR6b0o2T25wQmU1ZjBwRk1waWs4blh6OThmNlZmY203OHdFeFZBWWhyNzh1NmkzeHVNZVU&b64e=2&sign=e0002e88f152544a0716bd34920c06ec&keyno=0&cst=AiuY0DBWFJ7IXge4WdYJQYP93XfrtkbaPTv1KOsCBlg3hVYFbRJCMfLBLkIzCS5k42fFOHpkDft7_KdQBG406CwxYCHxJ3fcw9QfdF9js5fcuWJzH2EVC_mrwQjtwHH8v4V7lVlBmMlEHFyBOtmgjmqEbHqQIeGn&ref=orjY4mGPRjk5boDnW0uvlrrd71vZw9kp5uQozpMtKCXmyCrj7VrKuLuyL7FSN0tRmPNc0rDEkw54oZmm0vn4K2E4QPVFnLzbKLFuaZkBB8ABes2G4AuNbg&l10n=ru&cts=1492988711415&mc=5.51475050734" "Opera/9.80 (Windows NT 6.1) Presto/2.12.388 Version/12.16"
95.28.205.142 - - [24/Apr/2017:02:02:44 +0200] "GET /doc/vasuttal-budapest-kornyeken.pdf HTTP/1.1" 404 1181 "http://yandex.ru/clck/jsredir?from=yandex.ru%3Bsearch%3Bweb%3B%3B&text=&etext=1400.M958eLpbPV6bn3P6jggeH5d-48JzWUunjsv8zvTLJ4sjPvEvhpzT9z4c5wYDfjpg.04f4c720a54e4bc2f3450f7c883748d10eea29c2&uuid=&state=_BLhILn4SxNIvvL0W45KSic66uCIg23qh8iRG98qeIXmeppkgUc0YG-XUIUpxKrkaoPisARVvB8&data=YnNFc1pRN0lTNGJLeFpGcE9VdGtoTzlHWTlQdGgtcE1NTjRsSXROOTZLa2MyUlVjNnlKME1WN3JidXA0SFpwSk9LbjVOM3lIbTlHMnEtcnpRSHNxX3pPTFlJQ1NHRmg0eFNUZDQ1MkJJeHRMWVNpSVltQndxektwcG1zN0ZoNkw&b64e=2&sign=702c717deddba26678ad8f10d91c79a3&keyno=0&cst=AiuY0DBWFJ7IXge4WdYJQXbYQp9t5VF6Uqe36Ni3evlN6YR5Yh9KDgDIjKYTEQQRMmV64vYt4-yYATB17Tv_mX8vtVnP1sqnfWLiTQdnKSZgAcgUcVrgxm4SryjXePe4LEKHo9--H1Wie_x9iLu4TZMDM33ttaUr&ref=orjY4mGPRjk5boDnW0uvlrrd71vZw9kp5uQozpMtKCV-HtQ36UFK00_jrR5dZCkHKFvBeJULkEFF-tT0u3QiLazuHaogmgOlSEfR1R-YoPytOjdsZpx8ow&l10n=ru&cts=1492988711415&mc=4.47034263672" "Mozilla/5.0 (Windows NT 6.1) AppleWebKit/537.36 (KHTML, like Gecko) Chrome/28.0.1500.95 YaBrowser/13.10.1500.9323 Safari/537.36"
23.88.37.115 - - [24/Apr/2017:03:11:52 +0200] "GET / HTTP/1.1" 200 2023 "http://www.domain2008.com/domains/mkk.zpok.hu" "Mozilla/5.0 (compatible; MSIE 9.0; Windows NT 6.1; WOW64; Trident/5.0)"
157.55.39.224 - - [24/Apr/2017:03:18:13 +0200] "GET /hirlevel/szentgotthard_1109.pdf HTTP/1.1" 404 1181 "-" "Mozilla/5.0 (compatible; bingbot/2.0; +http://www.bing.com/bingbot.htm)"
54.224.21.195 - - [24/Apr/2017:03:25:15 +0200] "GET /robots.txt HTTP/1.0" 404 1181 "-" "CCBot/2.0 (http://commoncrawl.org/faq/)"
54.224.21.195 - - [24/Apr/2017:03:25:17 +0200] "GET /doc/allomasok_kepes_osszefoglaloja.pdf HTTP/1.0" 200 1171456 "-" "CCBot/2.0 (http://commoncrawl.org/faq/)"
54.224.21.195 - - [24/Apr/2017:03:26:08 +0200] "GET /doc/hu_aps_positivbeispiele_aufl2_070622_klein.pdf HTTP/1.0" 200 1212416 "-" "CCBot/2.0 (http://commoncrawl.org/faq/)"
54.224.21.195 - - [24/Apr/2017:03:26:29 +0200] "GET /doc/kerparoskozlekedes.pdf HTTP/1.0" 200 1146880 "-" "CCBot/2.0 (http://commoncrawl.org/faq/)"
198.204.235.26 - - [24/Apr/2017:03:54:08 +0200] "GET /administrator/robots.txt HTTP/1.1" 404 1181 "-" "Mozilla/5.0 (Windows NT 10.0; WOW64) AppleWebKit/537.36 (KHTML, like Gecko) Chrome/46.0.2490.80 Safari/537.36"
144.76.23.74 - - [24/Apr/2017:04:12:43 +0200] "GET /robots.txt HTTP/1.1" 404 1181 "-" "Mozilla/5.0 (Windows; U; Windows NT 6.0; en-GB; rv:1.0; trendictionbot0.5.0; trendiction search; http://www.trendiction.de/bot; please let us know of any problems; web at trendiction.com) Gecko/20071127 Firefox/3.0.0.11"
144.76.23.74 - - [24/Apr/2017:04:12:44 +0200] "GET / HTTP/1.1" 200 2023 "-" "Mozilla/5.0 (Windows; U; Windows NT 6.0; en-GB; rv:1.0; trendictionbot0.5.0; trendiction search; http://www.trendiction.de/bot; please let us know of any problems; web at trendiction.com) Gecko/20071127 Firefox/3.0.0.11"
181.196.255.234 - - [24/Apr/2017:05:31:14 +0200] "GET / HTTP/1.1" 200 2023 "-" "Mozilla/4.0 (compatible; MSIE 5.0; Windows NT; DigExt; DTS Agent"
178.154.200.56 - - [24/Apr/2017:05:56:58 +0200] "GET /robots.txt HTTP/1.1" 404 1181 "-" "Mozilla/5.0 (compatible; YandexBot/3.0; +http://yandex.com/bots)"
178.154.200.56 - - [24/Apr/2017:05:57:02 +0200] "GET /images/vasutterkep_n.jpg HTTP/1.1" 404 1181 "-" "Mozilla/5.0 (compatible; YandexBot/3.0; +http://yandex.com/bots)"
104.154.58.95 - - [24/Apr/2017:07:20:52 +0200] "GET /robots.txt HTTP/1.1" 404 1181 "-" "ltx71 - (http://ltx71.com/)"
104.154.58.95 - - [24/Apr/2017:07:21:06 +0200] "GET /doc/kozh.zip HTTP/1.1" 200 358686 "-" "ltx71 - (http://ltx71.com/)"
104.154.58.95 - - [24/Apr/2017:07:21:23 +0200] "GET /doc/kozh.zip HTTP/1.1" 200 171904 "-" "ltx71 - (http://ltx71.com/)"
46.229.164.99 - - [24/Apr/2017:07:38:24 +0200] "GET /robots.txt HTTP/1.1" 404 1181 "-" "Mozilla/5.0 (compatible; SemrushBot/1.2~bl; +http://www.semrush.com/bot.html)"
40.77.167.64 - - [24/Apr/2017:07:43:14 +0200] "GET /doc/kozl-vb-bajnai_0912.pdf HTTP/1.1" 404 1181 "-" "Mozilla/5.0 (compatible; bingbot/2.0; +http://www.bing.com/bingbot.htm)"
106.120.173.81 - - [24/Apr/2017:07:43:30 +0200] "GET /robots.txt HTTP/1.1" 404 1181 "-" "Sogou web spider/4.0(+http://www.sogou.com/docs/help/webmasters.htm#07)"
106.120.173.81 - - [24/Apr/2017:07:43:31 +0200] "GET / HTTP/1.1" 304 - "-" "Sogou web spider/4.0(+http://www.sogou.com/docs/help/webmasters.htm#07)"
217.65.127.59 - - [24/Apr/2017:08:28:52 +0200] "GET /favicon.ico HTTP/1.1" 404 1181 "http://mkk.zpok.hu/doc/eletet-a-vasutnak.pdf" "Mozilla/5.0 (Windows NT 5.1) AppleWebKit/537.36 (KHTML, like Gecko) Chrome/49.0.2623.112 Safari/537.36"
217.65.127.59 - - [24/Apr/2017:08:28:54 +0200] "GET /doc/eletet-a-vasutnak.pdf HTTP/1.1" 200 1711520 "https://www.google.hu/" "Mozilla/5.0 (Windows NT 5.1) AppleWebKit/537.36 (KHTML, like Gecko) Chrome/49.0.2623.112 Safari/537.36"
217.65.127.59 - - [24/Apr/2017:08:28:57 +0200] "GET /doc/eletet-a-vasutnak.pdf HTTP/1.1" 206 3569757 "http://mkk.zpok.hu/doc/eletet-a-vasutnak.pdf" "Mozilla/5.0 (Windows NT 5.1) AppleWebKit/537.36 (KHTML, like Gecko) Chrome/49.0.2623.112 Safari/537.36"
104.154.58.95 - - [24/Apr/2017:08:38:35 +0200] "GET /robots.txt HTTP/1.1" 404 1181 "-" "ltx71 - (http://ltx71.com/)"
104.154.58.95 - - [24/Apr/2017:08:39:13 +0200] "GET /doc/80_sln_su.pdf HTTP/1.1" 200 130637 "-" "ltx71 - (http://ltx71.com/)"
92.249.176.246 - - [24/Apr/2017:08:47:10 +0200] "GET / HTTP/1.1" 200 2023 "https://www.google.hu/" "Mozilla/5.0 (Windows NT 6.3; WOW64) AppleWebKit/537.36 (KHTML, like Gecko) Chrome/57.0.2987.133 Safari/537.36"
92.249.176.246 - - [24/Apr/2017:08:47:10 +0200] "GET /blog.jpg HTTP/1.1" 200 29833 "http://www.mkk.zpok.hu/" "Mozilla/5.0 (Windows NT 6.3; WOW64) AppleWebKit/537.36 (KHTML, like Gecko) Chrome/57.0.2987.133 Safari/537.36"
92.249.176.246 - - [24/Apr/2017:08:47:10 +0200] "GET /facebook-logo-preview.png HTTP/1.1" 200 3924 "http://www.mkk.zpok.hu/" "Mozilla/5.0 (Windows NT 6.3; WOW64) AppleWebKit/537.36 (KHTML, like Gecko) Chrome/57.0.2987.133 Safari/537.36"
92.249.176.246 - - [24/Apr/2017:08:47:10 +0200] "GET /mkk_banner.png HTTP/1.1" 200 62097 "http://www.mkk.zpok.hu/" "Mozilla/5.0 (Windows NT 6.3; WOW64) AppleWebKit/537.36 (KHTML, like Gecko) Chrome/57.0.2987.133 Safari/537.36"
92.249.176.246 - - [24/Apr/2017:08:47:11 +0200] "GET /favicon.ico HTTP/1.1" 404 1181 "http://www.mkk.zpok.hu/" "Mozilla/5.0 (Windows NT 6.3; WOW64) AppleWebKit/537.36 (KHTML, like Gecko) Chrome/57.0.2987.133 Safari/537.36"
104.154.58.95 - - [24/Apr/2017:09:19:07 +0200] "GET /robots.txt HTTP/1.1" 404 1181 "-" "ltx71 - (http://ltx71.com/)"
104.154.58.95 - - [24/Apr/2017:09:19:50 +0200] "GET /tagsag2.htm HTTP/1.1" 200 1335 "-" "ltx71 - (http://ltx71.com/)"
178.154.189.24 - - [24/Apr/2017:10:11:25 +0200] "GET / HTTP/1.1" 200 2023 "-" "Mozilla/5.0 (compatible; YandexBot/3.0; +http://yandex.com/bots)"
178.154.200.56 - - [24/Apr/2017:10:11:25 +0200] "GET /robots.txt HTTP/1.1" 404 1181 "-" "Mozilla/5.0 (compatible; YandexBot/3.0; +http://yandex.com/bots)"
178.154.200.56 - - [24/Apr/2017:10:11:29 +0200] "GET / HTTP/1.1" 200 2023 "-" "Mozilla/5.0 (compatible; YandexBot/3.0; +http://yandex.com/bots)"
37.76.54.145 - - [24/Apr/2017:10:16:48 +0200] "GET /images/vasutterkep_n.jpg HTTP/1.1" 404 1181 "http://www.terkepkalauz.hu/index.php?option=com_content&task=view&id=396" "Mozilla/5.0 (Windows NT 6.1) AppleWebKit/537.36 (KHTML, like Gecko) Chrome/57.0.2987.133 Safari/537.36"
37.76.54.145 - - [24/Apr/2017:10:16:48 +0200] "GET /favicon.ico HTTP/1.1" 404 1181 "http://www.mkk.zpok.hu/images/vasutterkep_n.jpg" "Mozilla/5.0 (Windows NT 6.1) AppleWebKit/537.36 (KHTML, like Gecko) Chrome/57.0.2987.133 Safari/537.36"
125.209.235.183 - - [24/Apr/2017:10:22:45 +0200] "GET /robots.txt HTTP/1.1" 404 1181 "-" "Mozilla/5.0 (compatible; Yeti/1.1; +http://naver.me/bot)"
125.209.235.176 - - [24/Apr/2017:10:22:46 +0200] "GET / HTTP/1.1" 200 2023 "-" "Mozilla/5.0 (compatible; Yeti/1.1; +http://naver.me/bot)"
125.209.235.169 - - [24/Apr/2017:11:13:05 +0200] "GET /robots.txt HTTP/1.1" 404 1181 "-" "Mozilla/5.0 (compatible; Yeti/1.1; +http://naver.me/bot)"
125.209.235.178 - - [24/Apr/2017:11:13:07 +0200] "GET /doc/b2_2010.pdf HTTP/1.1" 404 1181 "-" "Mozilla/5.0 (compatible; Yeti/1.1; +http://naver.me/bot)"
52.2.10.94 - - [24/Apr/2017:11:18:02 +0200] "GET /robots.txt HTTP/1.1" 404 1181 "-" "ltx71 - (http://ltx71.com/)"
199.58.86.209 - - [24/Apr/2017:11:33:53 +0200] "GET /robots.txt HTTP/1.1" 404 1181 "-" "Mozilla/5.0 (compatible; MJ12bot/v1.4.8; http://mj12bot.com/)"
199.58.86.209 - - [24/Apr/2017:11:33:54 +0200] "GET / HTTP/1.1" 200 2023 "-" "Mozilla/5.0 (compatible; MJ12bot/v1.4.8; http://mj12bot.com/)"
199.58.86.209 - - [24/Apr/2017:11:33:56 +0200] "GET /robots.txt HTTP/1.1" 404 1181 "-" "Mozilla/5.0 (compatible; MJ12bot/v1.4.8; http://mj12bot.com/)"
199.58.86.209 - - [24/Apr/2017:11:33:57 +0200] "GET / HTTP/1.1" 200 2023 "-" "Mozilla/5.0 (compatible; MJ12bot/v1.4.8; http://mj12bot.com/)"
91.200.12.47 - - [24/Apr/2017:12:03:13 +0200] "GET / HTTP/1.1" 200 2023 "-" "-"
91.200.12.47 - - [24/Apr/2017:12:03:18 +0200] "GET / HTTP/1.1" 200 2023 "-" "-"
104.154.58.95 - - [24/Apr/2017:12:12:26 +0200] "GET /robots.txt HTTP/1.1" 404 1181 "-" "ltx71 - (http://ltx71.com/)"
104.154.58.95 - - [24/Apr/2017:12:14:06 +0200] "GET /doc/ttft.pdf HTTP/1.1" 200 316447 "-" "ltx71 - (http://ltx71.com/)"
104.154.58.95 - - [24/Apr/2017:12:38:36 +0200] "GET /robots.txt HTTP/1.1" 404 1181 "-" "ltx71 - (http://ltx71.com/)"
104.154.58.95 - - [24/Apr/2017:12:39:56 +0200] "GET /doc/ipoly_konf.zip HTTP/1.1" 200 199583 "-" "ltx71 - (http://ltx71.com/)"
104.154.58.95 - - [24/Apr/2017:12:40:38 +0200] "GET /doc/ipoly_konf.zip HTTP/1.1" 200 392479 "-" "ltx71 - (http://ltx71.com/)"
185.94.191.29 - - [24/Apr/2017:12:44:14 +0200] "GET / HTTP/1.1" 200 2023 "-" "Java/1.4.1_04"
185.94.191.29 - - [24/Apr/2017:12:44:15 +0200] "GET /facebook-logo-preview.png HTTP/1.1" 200 3924 "-" "Java/1.4.1_04"
185.94.191.29 - - [24/Apr/2017:12:44:15 +0200] "GET /kikvagyunk2.htm HTTP/1.1" 200 17375 "-" "Java/1.4.1_04"
185.94.191.29 - - [24/Apr/2017:12:44:15 +0200] "GET /mkk_banner.png HTTP/1.1" 200 62097 "-" "Java/1.4.1_04"
185.94.191.29 - - [24/Apr/2017:12:44:16 +0200] "GET /projektek2.htm HTTP/1.1" 200 7634 "-" "Java/1.4.1_04"
185.94.191.29 - - [24/Apr/2017:12:44:16 +0200] "GET /tagsag2.htm HTTP/1.1" 200 1335 "-" "Java/1.4.1_04"
185.94.191.29 - - [24/Apr/2017:12:44:16 +0200] "GET /pdf.png HTTP/1.1" 200 133123 "-" "Java/1.4.1_04"
185.94.191.29 - - [24/Apr/2017:12:44:17 +0200] "GET /icons/icons_k/1.png HTTP/1.1" 200 7684 "-" "Java/1.4.1_04"
185.94.191.29 - - [24/Apr/2017:12:44:18 +0200] "GET /icons/icons_k/2.png HTTP/1.1" 200 8020 "-" "Java/1.4.1_04"
185.94.191.29 - - [24/Apr/2017:12:44:18 +0200] "GET /icons/icons_k/3.png HTTP/1.1" 200 5625 "-" "Java/1.4.1_04"
185.94.191.29 - - [24/Apr/2017:12:44:19 +0200] "GET /icons/icons_k/4.png HTTP/1.1" 200 5935 "-" "Java/1.4.1_04"
185.94.191.29 - - [24/Apr/2017:12:44:19 +0200] "GET /icons/icons_k/5.png HTTP/1.1" 200 5410 "-" "Java/1.4.1_04"
185.94.191.29 - - [24/Apr/2017:12:44:19 +0200] "GET /icons/icons_k/6.png HTTP/1.1" 200 4270 "-" "Java/1.4.1_04"
185.94.191.29 - - [24/Apr/2017:12:44:20 +0200] "GET /icons/icons_k/balage.png HTTP/1.1" 200 21667 "-" "Java/1.4.1_04"
185.94.191.29 - - [24/Apr/2017:12:44:20 +0200] "GET /icons/icons_k/mpeter.png HTTP/1.1" 200 28939 "-" "Java/1.4.1_04"
185.94.191.29 - - [24/Apr/2017:12:44:20 +0200] "GET /icons/icons_k/aps.png HTTP/1.1" 200 8274 "-" "Java/1.4.1_04"
185.94.191.29 - - [24/Apr/2017:12:44:21 +0200] "GET /icons/icons_k/bringa.png HTTP/1.1" 200 22141 "-" "Java/1.4.1_04"
185.94.191.29 - - [24/Apr/2017:12:44:21 +0200] "GET /icons/icons_k/eger.png HTTP/1.1" 200 28174 "-" "Java/1.4.1_04"
185.94.191.29 - - [24/Apr/2017:12:44:21 +0200] "GET /icons/icons_k/fogadj.png HTTP/1.1" 200 31018 "-" "Java/1.4.1_04"
185.94.191.29 - - [24/Apr/2017:12:44:22 +0200] "GET /icons/icons_k/ipoly.png HTTP/1.1" 200 26376 "-" "Java/1.4.1_04"
185.94.191.29 - - [24/Apr/2017:12:44:23 +0200] "GET /icons/icons_k/kiskore.png HTTP/1.1" 200 25890 "-" "Java/1.4.1_04"
185.94.191.29 - - [24/Apr/2017:12:44:23 +0200] "GET /icons/icons_k/westtakt.png HTTP/1.1" 200 8683 "-" "Java/1.4.1_04"
185.94.191.29 - - [24/Apr/2017:12:44:23 +0200] "GET /https://www.facebook.com/Magyar-K\xf6zleked\xe9si-Klub-211783892191832 HTTP/1.1" 404 1181 "-" "Java/1.4.1_04"
178.255.215.87 - - [24/Apr/2017:15:10:40 +0200] "GET /robots.txt HTTP/1.1" 404 1181 "-" "Mozilla/5.0 (compatible; Exabot/3.0; +http://www.exabot.com/go/robot)"
178.255.215.87 - - [24/Apr/2017:15:10:41 +0200] "GET /doc/hu_aps_positivbeispiele_aufl2_070622_klein.pdf HTTP/1.1" 200 84463 "-" "Mozilla/5.0 (compatible; Exabot/3.0; +http://www.exabot.com/go/robot)"
178.255.215.87 - - [24/Apr/2017:15:10:43 +0200] "GET /doc/kerparoskozlekedes.pdf HTTP/1.1" 200 84463 "-" "Mozilla/5.0 (compatible; Exabot/3.0; +http://www.exabot.com/go/robot)"
178.255.215.87 - - [24/Apr/2017:15:10:46 +0200] "GET /doc/allomasok_kepes_osszefoglaloja.pdf HTTP/1.1" 200 87199 "-" "Mozilla/5.0 (compatible; Exabot/3.0; +http://www.exabot.com/go/robot)"
193.225.51.61 - - [24/Apr/2017:15:28:06 +0200] "GET / HTTP/1.1" 200 2023 "https://www.google.hu/" "Mozilla/5.0 (Windows NT 6.1; rv:52.0) Gecko/20100101 Firefox/52.0"
193.225.51.61 - - [24/Apr/2017:15:28:42 +0200] "GET /blog.jpg HTTP/1.1" 200 29833 "http://www.mkk.zpok.hu/" "Mozilla/5.0 (Windows NT 6.1; rv:52.0) Gecko/20100101 Firefox/52.0"
193.225.51.61 - - [24/Apr/2017:15:28:42 +0200] "GET /mkk_banner.png HTTP/1.1" 200 62097 "http://www.mkk.zpok.hu/" "Mozilla/5.0 (Windows NT 6.1; rv:52.0) Gecko/20100101 Firefox/52.0"
193.225.51.61 - - [24/Apr/2017:15:28:42 +0200] "GET /facebook-logo-preview.png HTTP/1.1" 200 3924 "http://www.mkk.zpok.hu/" "Mozilla/5.0 (Windows NT 6.1; rv:52.0) Gecko/20100101 Firefox/52.0"
128.69.220.93 - - [24/Apr/2017:15:35:25 +0200] "GET /doc/b2_2010.pdf HTTP/1.1" 404 1181 "http://yandex.ru/clck/jsredir?from=yandex.ru%3Bsearch%3Bweb%3B%3B&text=&etext=1401.oto5WnG3SpalfqXAtW-VsJNGmAylLjzKMkC0ubmyrMskf0xK4oTPy9cyg-ySMFKA.dba985f5c5869416da8e5fd77f6008e4d27e86e8&uuid=&state=_BLhILn4SxNIvvL0W45KSic66uCIg23qh8iRG98qeIXmeppkgUc0YKCJkrjchpDstTwxTkjwGrA&data=YnNFc1pRN0lTNGJLeFpGcE9VdGtoTzlHWTlQdGgtcE1nUklIVHJqNVNjY29VRlZRMXhsOWdDSlNIYTZJVkhoc0xxT09FNE9DMG9VOVg0emwxendIYnBINDIzRW00aFdv&b64e=2&sign=4939f0693eb7fecd1384857b509d5046&keyno=0&cst=AiuY0DBWFJ7IXge4WdYJQa9gkHE_3kbi35fzC321M-2eHLjwP09kxpn0nSPqZleBk2NvptzXAyg1JAtlqj0glL_vl35N1XOvuLNgnHDK7ru0vvJOFYgpWfIyayb2l4dqpmxHpg-OJN2Z6DU8FJU3kA&ref=orjY4mGPRjk5boDnW0uvlrrd71vZw9kp5uQozpMtKCWuAUzT58TqAdOdO4A8M5g9GodXjLYAIs8Dyvk_oIjC3abA9Jal3chbOD7SaCQSVgFtf5qqQ7H20g&l10n=ru&cts=1493038107331&mc=7.24764963008" "Mozilla/5.0 (Windows NT 6.1) AppleWebKit/537.36 (KHTML, like Gecko) Chrome/28.0.1500.74 Safari/537.36 MRCHROME"
188.255.99.234 - - [24/Apr/2017:15:35:35 +0200] "GET /hirlevel/vasuttal0804.htm HTTP/1.1" 404 1181 "http://yandex.ru/clck/jsredir?from=yandex.ru%3Bsearch%3Bweb%3B%3B&text=&etext=1401.K9tbnEO21wM-gq00TzW7f6lbgpU_29U-tCZ1wZAtlPhIV6kQJt1gtwoa6ZVWgdnM.c35903f8d9fc669412971ca07a563bddb45cf4ba&uuid=&state=_BLhILn4SxNIvvL0W45KSic66uCIg23qh8iRG98qeIXmeppkgUc0YKCJkrjchpDstTwxTkjwGrA&data=YnNFc1pRN0lTNGJLeFpGcE9VdGtoRjV3Nm9BUmE2M3FFLUY3b0dFS0s0bjMydkxRdC1WNnl2Vy1zWUpjWm1qTFNvT1NJS0hRcFJ5Ukh0TWhuR29HTVFWeHV4MlZtTzJ0SmhaeHlGWXR1Y0MwNERWMnVpdGt0Zw&b64e=2&sign=28e7746e727ded3be136f112f7d59b50&keyno=0&cst=AiuY0DBWFJ7IXge4WdYJQYP93XfrtkbaodVBUrYqJOiIEsrZyRM_pxRmLeDNnJD2VaOuP95Z3i-a6GFGrYb68HLaWzDIhPqS-VTFW1h3dFptPjcds2T54HQW8N_5oYsJEoy8G0lOY4x3Fb9nFhbuohNLzBqgsA6b&ref=orjY4mGPRjk5boDnW0uvlrrd71vZw9kp5uQozpMtKCVwjJVQHb9Cs1p_pbA44n9Zv8dAIz_ieY9Jsq1joJAnrCd1zRGFzdJ_SGeudq7QLrhG88wLkBBJ3w&l10n=ru&cts=1493038107331&mc=7.1988785623" "Opera/9.80 (Windows NT 6.1; Edition Yx) Presto/2.12.388 Version/12.15"
66.249.64.88 - - [24/Apr/2017:15:36:58 +0200] "GET /robots.txt HTTP/1.1" 404 1181 "-" "Mozilla/5.0 (compatible; Googlebot/2.1; +http://www.google.com/bot.html)"
66.249.64.92 - - [24/Apr/2017:15:36:58 +0200] "GET /doc/mkk_eger_tanulmany_2014.pdf HTTP/1.1" 304 - "-" "Mozilla/5.0 (compatible; Googlebot/2.1; +http://www.google.com/bot.html)"
180.76.15.140 - - [24/Apr/2017:15:54:51 +0200] "GET /doc/hu_aps_positivbeispiele_aufl2_070622_klein.pdf HTTP/1.1" 200 622592 "-" "Mozilla/5.0 (compatible; Baiduspider/2.0; +http://www.baidu.com/search/spider.html)"
203.133.170.33 - - [24/Apr/2017:17:05:15 +0200] "GET /robots.txt HTTP/1.1" 404 1181 "-" "Mozilla/5.0 (compatible; Daum/4.1; +http://cs.daum.net/faq/15/4118.html?faqId=28966)"
203.133.170.33 - - [24/Apr/2017:17:05:15 +0200] "GET / HTTP/1.1" 200 2023 "-" "Mozilla/5.0 (compatible; Daum/4.1; +http://cs.daum.net/faq/15/4118.html?faqId=28966)"
66.249.64.92 - - [24/Apr/2017:18:01:09 +0200] "GET / HTTP/1.1" 304 - "-" "Mozilla/5.0 (compatible; Googlebot/2.1; +http://www.google.com/bot.html)"
104.154.58.95 - - [24/Apr/2017:18:05:12 +0200] "GET /robots.txt HTTP/1.1" 404 1181 "-" "ltx71 - (http://ltx71.com/)"
104.154.58.95 - - [24/Apr/2017:18:05:43 +0200] "GET /doc/bartok_20160703.pdf HTTP/1.1" 200 284990 "-" "ltx71 - (http://ltx71.com/)"
188.32.221.162 - - [24/Apr/2017:18:12:38 +0200] "GET /doc/b2_2010.pdf HTTP/1.1" 404 1181 "http://yandex.ru/clck/jsredir?from=yandex.ru%3Bsearch%3Bweb%3B%3B&text=&etext=1401.SIn5ze6tthACY0CRTycNV5QvuNJLzfjZ_62SJ_O2jFTmiKikaUma4GaLnkg5H-8W.40abc060d8f9d5f21b4d94bc0cf4b79eacafd3f5&uuid=&state=_BLhILn4SxNIvvL0W45KSic66uCIg23qh8iRG98qeIXmeppkgUc0YMkOSpatjLUqgxH-XWLwn-g&data=YnNFc1pRN0lTNGJLeFpGcE9VdGtoTzlHWTlQdGgtcE1nUklIVHJqNVNjY29VRlZRMXhsOWdERlpHenZrcnNWNmNLb2Y2ZjkxaW9SYnlYLXgxZkVRRnh0LWVnU0JtQmF1SlpKcEE0a2VQUjQ&b64e=2&sign=50afe4c3c76e743e429b623dee2869bb&keyno=0&cst=AiuY0DBWFJ7IXge4WdYJQYP93Xfrtkbaq9CrwDLPxLJhW60MEs-3pnghAu_dPDJEnoYVrZ2M-npEp6cXH5QH_brjPS-tVs19CwTtUBGQ8rTCIx8ME4c-8-VbIxfIOEYsPi8GFircRyPnooPHtsTvjDY3EYlqfBYB&ref=orjY4mGPRjk5boDnW0uvlrrd71vZw9kp5uQozpMtKCUano4BEc9IEc2aHr11j6CechjlRoxe60ElYFWNiVI8vO1Xg87TKXWG4pShnda1NQaF338lxq6clQ&l10n=ru&cts=1493049261910&mc=6.64933004242" "Mozilla/5.0 (Windows NT 6.1) AppleWebKit/537.36 (KHTML, like Gecko) Chrome/28.0.1500.74 Safari/537.36 MRCHROME"
176.193.247.111 - - [24/Apr/2017:18:12:39 +0200] "GET /doc/b2_2016.pdf HTTP/1.1" 404 1181 "http://yandex.ru/clck/jsredir?from=yandex.ru%3Bsearch%3Bweb%3B%3B&text=&etext=1401.EPKhgJEyv6rw4g5GVrfxiBudfE4ziYOdtQDET_Lse2L4wWVKHEhpoN4dMalSX0fq.0241db73abb2d813b7cd28538dc8f1105d18d2ff&uuid=&state=_BLhILn4SxNIvvL0W45KSic66uCIg23qh8iRG98qeIXmeppkgUc0YCYBcIrWNUha-mUlBiA3OhY&data=YnNFc1pRN0lTNGJLeFpGcE9VdGtoTzlHWTlQdGgtcE1naEY2bmZ1OG9VZHZmc1g5cmwwQUhCYy05Ul9QU2ppdlpUUFRmY1JnandSTDRDTkVTNGtYZGVTMjNVRFh3V1E3c1A3M3RNX0hZM1U&b64e=2&sign=e48c7fb34ef83730182e447f585aa7ef&keyno=0&cst=AiuY0DBWFJ7IXge4WdYJQXbYQp9t5VF6kZUXfH3pAgcvBCFmAe3GAQJIZiy_WdobAIP8o8q-XvILplpbDvZ-oz-8RdJ1JbxbL3S5BcyTE624YQ9DsuXamiV3KcfApuKVO-hZ9rZXG2CuOyRBeZtJ5b4008y0W12k&ref=orjY4mGPRjk5boDnW0uvlrrd71vZw9kp5uQozpMtKCXma_RTIh0ntO9iC2gwhOpLgHLhAsPUR1fiBNli68Q-1h5bxdp-LO3Fus2HtltovPfYBQVwmpjzLw&l10n=ru&cts=1493049261910&mc=5.11912688327" "Opera/9.80 (Windows NT 6.1) Presto/2.12.388 Version/12.16"
2.92.243.197 - - [24/Apr/2017:18:12:41 +0200] "GET /doc/vasuttal-budapest-kornyeken.pdf HTTP/1.1" 404 1181 "http://yandex.ru/clck/jsredir?from=yandex.ru%3Bsearch%3Bweb%3B%3B&text=&etext=1401.ZKVYQeuECLXgoaPoftrmQjfBC3PhK47eskHlGeO5Bd_9sHZFxDPsirgco5GpTFvh.a1f1765b140c4b2c480a29a723021495184297b8&uuid=&state=_BLhILn4SxNIvvL0W45KSic66uCIg23qh8iRG98qeIXmeppkgUc0YFUVNhHyyhJgRFg5yeLMIWU&data=YnNFc1pRN0lTNGJLeFpGcE9VdGtoTzlHWTlQdGgtcE1NTjRsSXROOTZLa2MyUlVjNnlKME1WN3JidXA0SFpwSk9LbjVOM3lIbTlGWkk5YzdKTndJNTVxMklIbzk4U2o5S0dJY1hxSGJVSjNLQmVMa1BUSG40aFYyakJLVXBOVFY&b64e=2&sign=061c945c7f6142a06f9d3a09bab3e15d&keyno=0&cst=AiuY0DBWFJ7IXge4WdYJQe3IrxbPWIv4FmZ4Chw7js5rHT4h791bX-egSiLcrH3RGVfeyzW-XYmDMTyW8s9f4CKF0M2Eu4SpkStbyIDulr4tgliZ-TinLRzRHzS6WEGaWtNBFyCTddzdatCUcqXIwhRxg8lA5TNL&ref=orjY4mGPRjk5boDnW0uvlrrd71vZw9kp5uQozpMtKCViImF3hAv1WEmJ7Z8xcGjeC6npzQzaJWxoHSeeP76Tdr6TtiarQDG8h7J9V_tLcret4kf_Ks8hjg&l10n=ru&cts=1493049261910&mc=4.27765509562" "Mozilla/5.0 (Windows NT 6.1) AppleWebKit/537.36 (KHTML, like Gecko) Chrome/28.0.1500.95 YaBrowser/13.10.1500.9323 Safari/537.36"
178.140.185.28 - - [24/Apr/2017:18:12:41 +0200] "GET /hirlevel/vasuttal0804.htm HTTP/1.1" 404 1181 "http://yandex.ru/clck/jsredir?from=yandex.ru%3Bsearch%3Bweb%3B%3B&text=&etext=1401.JV4QP5vJBnik_yN4FZoaT9EgktkBCVh4_qNy7WdGptC51nfl61BfsuE8Gikj6lYB.498dae248e4097dc0357ad28a17ee501d84d40f7&uuid=&state=_BLhILn4SxNIvvL0W45KSic66uCIg23qh8iRG98qeIXmeppkgUc0YL_nDC5hqtEQ6WayFoZKRZE&data=YnNFc1pRN0lTNGJLeFpGcE9VdGtoRjV3Nm9BUmE2M3FFLUY3b0dFS0s0bjMydkxRdC1WNnl2Vy1zWUpjWm1qTGZ0Q0hSVWJsNU1memlaQW1zekxHMFBJcC1HeUVUdVQ0QkV4S1M2TTFYN0x0OHFFQlpHZjM3Zw&b64e=2&sign=eab041665e35c7f6faeaf98ea2373bc7&keyno=0&cst=AiuY0DBWFJ7IXge4WdYJQYpgPUyh7uQl3cc-3Dd3e3e11nrbUpkqFyr1I1h17Vwum0dejvH48NEdoOcjOQnbsZdiGgjpAYoP35I6VZShRyg0RaZw1csK77ubS6B8mDIPXjAanb207lCJZ74qHAvfQzBi30KVY-bP&ref=orjY4mGPRjk5boDnW0uvlrrd71vZw9kp5uQozpMtKCXboeqr305aIKAmB5_Nom7bZjz8B369pOANLmPTBbAj6mKolqz2l8rTpkn5uiTTi4fPm95QBs20jw&l10n=ru&cts=1493049261910&mc=5.50835147093" "Opera/9.80 (Windows NT 6.1; Edition Yx) Presto/2.12.388 Version/12.15"
104.154.58.95 - - [24/Apr/2017:18:12:59 +0200] "GET /robots.txt HTTP/1.1" 404 1181 "-" "ltx71 - (http://ltx71.com/)"
157.55.39.239 - - [24/Apr/2017:19:00:01 +0200] "GET /doc/kerparoskozlekedes.pdf HTTP/1.1" 200 2540119 "-" "Mozilla/5.0 (iPhone; CPU iPhone OS 7_0 like Mac OS X) AppleWebKit/537.51.1 (KHTML, like Gecko) Version/7.0 Mobile/11A465 Safari/9537.53 (compatible; bingbot/2.0; +http://www.bing.com/bingbot.htm)"
66.249.64.92 - - [24/Apr/2017:19:09:10 +0200] "GET /doc/mkk_eger_tanulmany_2014.pdf HTTP/1.1" 304 - "-" "Mozilla/5.0 (compatible; Googlebot/2.1; +http://www.google.com/bot.html)"
66.249.64.88 - - [24/Apr/2017:19:35:07 +0200] "GET / HTTP/1.1" 304 - "-" "Mozilla/5.0 (compatible; Googlebot/2.1; +http://www.google.com/bot.html)"
66.249.64.84 - - [24/Apr/2017:19:40:47 +0200] "GET / HTTP/1.1" 200 2023 "http://e-unio.com/open.php?link=http://www.mkk.zpok.hu/" "Mozilla/5.0 (compatible; Googlebot/2.1; +http://www.google.com/bot.html)"
40.77.167.64 - - [24/Apr/2017:19:57:52 +0200] "GET / HTTP/1.1" 200 2023 "-" "Mozilla/5.0 (compatible; bingbot/2.0; +http://www.bing.com/bingbot.htm)"
85.93.91.84 - - [24/Apr/2017:20:25:51 +0200] "GET /robots.txt HTTP/1.0" 404 1181 "-" "Mozilla/5.0 (compatible; DeuSu/5.0.2; +https://deusu.de/robot.html)"
85.93.91.84 - - [24/Apr/2017:20:25:52 +0200] "GET / HTTP/1.0" 200 2023 "-" "Mozilla/5.0 (compatible; DeuSu/5.0.2; +https://deusu.de/robot.html)"
66.249.64.88 - - [24/Apr/2017:21:02:46 +0200] "GET / HTTP/1.1" 304 - "-" "Mozilla/5.0 (compatible; Googlebot/2.1; +http://www.google.com/bot.html)"
173.252.123.145 - - [24/Apr/2017:21:19:02 +0200] "GET /images/vasutterkep_n.jpg HTTP/1.1" 404 1181 "-" "facebookexternalhit/1.1 (+http://www.facebook.com/externalhit_uatext.php)"
173.252.124.201 - - [24/Apr/2017:21:19:02 +0200] "GET /images/vasutterkep_n.jpg HTTP/1.1" 404 1181 "-" "facebookexternalhit/1.1 (+http://www.facebook.com/externalhit_uatext.php)"
66.249.64.134 - - [24/Apr/2017:21:24:19 +0200] "GET /robots.txt HTTP/1.1" 404 1181 "-" "Mozilla/5.0 (compatible; Googlebot/2.1; +http://www.google.com/bot.html)"
66.249.64.134 - - [24/Apr/2017:21:24:19 +0200] "GET /doc/prezentacio_20150425_tokaj.pdf HTTP/1.1" 404 1181 "-" "Googlebot/2.1 (+http://www.google.com/bot.html)"
93.219.162.222 - - [24/Apr/2017:21:48:36 +0200] "GET /doc/b2_2010.pdf HTTP/1.1" 404 1181 "-" "Mozilla/5.0 (Windows NT 6.1; Trident/7.0; rv:11.0) like Gecko"
178.137.83.79 - - [24/Apr/2017:22:19:25 +0200] "GET /robots.txt HTTP/1.1" 404 1181 "-" "Mozilla/5.0 (Windows NT 10.0; WOW64) AppleWebKit/537.36 (KHTML, like Gecko) Chrome/49.0.2623.75 Safari/537.36 OPR/36.0.2130.32"
178.137.83.79 - - [24/Apr/2017:22:19:25 +0200] "GET / HTTP/1.1" 200 2023 "-" "Mozilla/5.0 (Windows NT 10.0; WOW64) AppleWebKit/537.36 (KHTML, like Gecko) Chrome/49.0.2623.75 Safari/537.36 OPR/36.0.2130.32"
178.137.83.79 - - [24/Apr/2017:22:19:25 +0200] "GET /xmlrpc.php?rsd HTTP/1.1" 404 1181 "-" "Mozilla/5.0 (Windows NT 10.0; WOW64) AppleWebKit/537.36 (KHTML, like Gecko) Chrome/49.0.2623.75 Safari/537.36 OPR/36.0.2130.32"
178.137.83.79 - - [24/Apr/2017:22:19:25 +0200] "GET /blog/robots.txt HTTP/1.1" 404 1181 "-" "Mozilla/5.0 (Windows NT 10.0; WOW64) AppleWebKit/537.36 (KHTML, like Gecko) Chrome/49.0.2623.75 Safari/537.36 OPR/36.0.2130.32"
178.137.83.79 - - [24/Apr/2017:22:19:25 +0200] "GET /blog/ HTTP/1.1" 404 1181 "-" "Mozilla/5.0 (Windows NT 10.0; WOW64) AppleWebKit/537.36 (KHTML, like Gecko) Chrome/49.0.2623.75 Safari/537.36 OPR/36.0.2130.32"
178.137.83.79 - - [24/Apr/2017:22:19:25 +0200] "GET /wordpress/ HTTP/1.1" 404 1181 "-" "Mozilla/5.0 (Windows NT 10.0; WOW64) AppleWebKit/537.36 (KHTML, like Gecko) Chrome/49.0.2623.75 Safari/537.36 OPR/36.0.2130.32"
178.137.83.79 - - [24/Apr/2017:22:19:25 +0200] "GET /wp/ HTTP/1.1" 404 1181 "-" "Mozilla/5.0 (Windows NT 10.0; WOW64) AppleWebKit/537.36 (KHTML, like Gecko) Chrome/49.0.2623.75 Safari/537.36 OPR/36.0.2130.32"
104.154.58.95 - - [24/Apr/2017:22:51:32 +0200] "GET /robots.txt HTTP/1.1" 404 1181 "-" "ltx71 - (http://ltx71.com/)"
199.193.251.133 - - [24/Apr/2017:22:53:37 +0200] "HEAD / HTTP/1.1" 200 0 "https://www.inboundlinks.win/InboundLinks/mkk.zpok.hu" "Mozilla/5.0 (compatible; MSIE 9.0; Windows NT 6.1; WOW64; Trident/5.0)"
104.154.58.95 - - [24/Apr/2017:22:56:24 +0200] "GET /robots.txt HTTP/1.1" 404 1181 "-" "ltx71 - (http://ltx71.com/)"
178.137.83.79 - - [24/Apr/2017:23:02:27 +0200] "GET /robots.txt HTTP/1.1" 404 1181 "-" "Mozilla/5.0 (Windows NT 10.0; WOW64) AppleWebKit/537.36 (KHTML, like Gecko) Chrome/49.0.2623.75 Safari/537.36 OPR/36.0.2130.32"
178.137.83.79 - - [24/Apr/2017:23:02:27 +0200] "GET / HTTP/1.1" 200 2023 "-" "Mozilla/5.0 (Windows NT 10.0; WOW64) AppleWebKit/537.36 (KHTML, like Gecko) Chrome/49.0.2623.75 Safari/537.36 OPR/36.0.2130.32"
178.137.83.79 - - [24/Apr/2017:23:02:27 +0200] "GET /xmlrpc.php?rsd HTTP/1.1" 404 1181 "-" "Mozilla/5.0 (Windows NT 10.0; WOW64) AppleWebKit/537.36 (KHTML, like Gecko) Chrome/49.0.2623.75 Safari/537.36 OPR/36.0.2130.32"
178.137.83.79 - - [24/Apr/2017:23:02:27 +0200] "GET /blog/robots.txt HTTP/1.1" 404 1181 "-" "Mozilla/5.0 (Windows NT 10.0; WOW64) AppleWebKit/537.36 (KHTML, like Gecko) Chrome/49.0.2623.75 Safari/537.36 OPR/36.0.2130.32"
178.137.83.79 - - [24/Apr/2017:23:02:28 +0200] "GET /blog/ HTTP/1.1" 404 1181 "-" "Mozilla/5.0 (Windows NT 10.0; WOW64) AppleWebKit/537.36 (KHTML, like Gecko) Chrome/49.0.2623.75 Safari/537.36 OPR/36.0.2130.32"
178.137.83.79 - - [24/Apr/2017:23:02:28 +0200] "GET /wordpress/ HTTP/1.1" 404 1181 "-" "Mozilla/5.0 (Windows NT 10.0; WOW64) AppleWebKit/537.36 (KHTML, like Gecko) Chrome/49.0.2623.75 Safari/537.36 OPR/36.0.2130.32"
178.137.83.79 - - [24/Apr/2017:23:02:29 +0200] "GET /wp/ HTTP/1.1" 404 1181 "-" "Mozilla/5.0 (Windows NT 10.0; WOW64) AppleWebKit/537.36 (KHTML, like Gecko) Chrome/49.0.2623.75 Safari/537.36 OPR/36.0.2130.32"
104.154.58.95 - - [24/Apr/2017:23:06:32 +0200] "GET /robots.txt HTTP/1.1" 404 1181 "-" "ltx71 - (http://ltx71.com/)"
104.154.58.95 - - [24/Apr/2017:23:48:34 +0200] "GET /robots.txt HTTP/1.1" 404 1181 "-" "ltx71 - (http://ltx71.com/)"
104.154.58.95 - - [24/Apr/2017:23:52:44 +0200] "GET /robots.txt HTTP/1.1" 404 1181 "-" "ltx71 - (http://ltx71.com/)"
104.154.58.95 - - [24/Apr/2017:23:57:36 +0200] "GET /robots.txt HTTP/1.1" 404 1181 "-" "ltx71 - (http://ltx71.com/)"
104.154.58.95 - - [24/Apr/2017:23:59:07 +0200] "GET / HTTP/1.1" 200 2023 "-" "ltx71 - (http://ltx71.com/)"
104.154.58.95 - - [25/Apr/2017:00:10:26 +0200] "GET /robots.txt HTTP/1.1" 404 1181 "-" "ltx71 - (http://ltx71.com/)"
104.154.58.95 - - [25/Apr/2017:00:11:47 +0200] "GET /tagsag2.htm HTTP/1.1" 200 1335 "-" "ltx71 - (http://ltx71.com/)"
104.154.58.95 - - [25/Apr/2017:00:13:16 +0200] "GET /kikvagyunk2.htm HTTP/1.1" 200 17375 "-" "ltx71 - (http://ltx71.com/)"
104.154.58.95 - - [25/Apr/2017:00:14:02 +0200] "GET /projektek2.htm HTTP/1.1" 200 7634 "-" "ltx71 - (http://ltx71.com/)"
104.154.58.95 - - [25/Apr/2017:00:32:11 +0200] "GET /robots.txt HTTP/1.1" 404 1181 "-" "ltx71 - (http://ltx71.com/)"
104.154.58.95 - - [25/Apr/2017:00:45:47 +0200] "GET /robots.txt HTTP/1.1" 404 1181 "-" "ltx71 - (http://ltx71.com/)"
141.20.21.42 - - [25/Apr/2017:00:48:01 +0200] "GET /robots.txt HTTP/1.0" 404 1181 "-" "OpenDocumentCrawler/Nutch-1.13-SNAPSHOT (Collecting OpenDocument files for university research purposes, contact: opendocumentcrawler at gmail dot com ; opendocumentcrawler at gmail dot com)"
141.20.21.42 - - [25/Apr/2017:00:48:01 +0200] "GET / HTTP/1.0" 200 2023 "-" "OpenDocumentCrawler/Nutch-1.13-SNAPSHOT (Collecting OpenDocument files for university research purposes, contact: opendocumentcrawler at gmail dot com ; opendocumentcrawler at gmail dot com)"
104.154.58.95 - - [25/Apr/2017:00:49:34 +0200] "GET /robots.txt HTTP/1.1" 404 1181 "-" "ltx71 - (http://ltx71.com/)"
104.154.58.95 - - [25/Apr/2017:00:50:00 +0200] "GET /doc/westtakt_final_20160405.pdf HTTP/1.1" 200 633098 "-" "ltx71 - (http://ltx71.com/)"
94.176.236.40 - - [25/Apr/2017:00:50:11 +0200] "GET /hirlevel/vonattal1508.html HTTP/1.0" 404 1181 "http://mkk.zpok.hu" "Mozilla/4.0 (compatible; MSIE 6.0; Windows NT 5.1; en) Opera 8.50"
94.176.236.40 - - [25/Apr/2017:00:50:11 +0200] "GET /hirlevel/vonattal1409.html HTTP/1.0" 404 1181 "http://mkk.zpok.hu" "Mozilla/4.0 (compatible; MSIE 6.0; Windows NT 5.1; en) Opera 8.50"
94.176.236.40 - - [25/Apr/2017:00:50:11 +0200] "GET /hirlevel/vonattal1512.html HTTP/1.0" 404 1181 "http://mkk.zpok.hu" "Mozilla/4.0 (compatible; MSIE 6.0; Windows NT 5.1; en) Opera 8.50"
94.176.236.40 - - [25/Apr/2017:00:50:11 +0200] "GET /hirlevel/vonattal1601.html HTTP/1.0" 404 1181 "http://mkk.zpok.hu" "Mozilla/4.0 (compatible; MSIE 6.0; Windows NT 5.1; en) Opera 8.50"
94.176.236.40 - - [25/Apr/2017:00:50:11 +0200] "GET /hirlevel/vonattal1408.html HTTP/1.0" 404 1181 "http://mkk.zpok.hu" "Mozilla/4.0 (compatible; MSIE 6.0; Windows NT 5.1; en) Opera 8.50"
94.176.236.40 - - [25/Apr/2017:00:50:12 +0200] "GET /hirlevel/vonattal1508.html HTTP/1.0" 404 1181 "http://mkk.zpok.hu" "Mozilla/4.0 (compatible; MSIE 6.0; Windows NT 5.1; en) Opera 8.50"
94.176.236.40 - - [25/Apr/2017:00:50:12 +0200] "GET /hirlevel/vonattal1409.html HTTP/1.0" 404 1181 "http://mkk.zpok.hu" "Mozilla/4.0 (compatible; MSIE 6.0; Windows NT 5.1; en) Opera 8.50"
94.176.236.40 - - [25/Apr/2017:00:50:12 +0200] "GET /hirlevel/vonattal1601.html HTTP/1.0" 404 1181 "http://mkk.zpok.hu" "Mozilla/4.0 (compatible; MSIE 6.0; Windows NT 5.1; en) Opera 8.50"
94.176.236.40 - - [25/Apr/2017:00:50:12 +0200] "GET /hirlevel/vonattal1408.html HTTP/1.0" 404 1181 "http://mkk.zpok.hu" "Mozilla/4.0 (compatible; MSIE 6.0; Windows NT 5.1; en) Opera 8.50"
94.176.236.40 - - [25/Apr/2017:00:50:12 +0200] "GET /hirlevel/vonattal1512.html HTTP/1.0" 404 1181 "http://mkk.zpok.hu" "Mozilla/4.0 (compatible; MSIE 6.0; Windows NT 5.1; en) Opera 8.50"
94.176.236.40 - - [25/Apr/2017:00:50:12 +0200] "GET /hirlevel/vonattal1508.html HTTP/1.0" 404 1181 "http://mkk.zpok.hu" "Mozilla/4.0 (compatible; MSIE 6.0; Windows NT 5.1; en) Opera 8.50"
94.176.236.40 - - [25/Apr/2017:00:50:12 +0200] "GET /hirlevel/vonattal1409.html HTTP/1.0" 404 1181 "http://mkk.zpok.hu" "Mozilla/4.0 (compatible; MSIE 6.0; Windows NT 5.1; en) Opera 8.50"
94.176.236.40 - - [25/Apr/2017:00:50:12 +0200] "GET /hirlevel/vonattal1408.html HTTP/1.0" 404 1181 "http://mkk.zpok.hu" "Mozilla/4.0 (compatible; MSIE 6.0; Windows NT 5.1; en) Opera 8.50"
94.176.236.40 - - [25/Apr/2017:00:50:12 +0200] "GET /hirlevel/vonattal1512.html HTTP/1.0" 404 1181 "http://mkk.zpok.hu" "Mozilla/4.0 (compatible; MSIE 6.0; Windows NT 5.1; en) Opera 8.50"
94.176.236.40 - - [25/Apr/2017:00:50:12 +0200] "GET /hirlevel/vonattal1601.html HTTP/1.0" 404 1181 "http://mkk.zpok.hu" "Mozilla/4.0 (compatible; MSIE 6.0; Windows NT 5.1; en) Opera 8.50"
94.176.236.40 - - [25/Apr/2017:00:50:12 +0200] "GET /hirlevel/vonattal1508.html HTTP/1.0" 404 1181 "http://mkk.zpok.hu" "Mozilla/4.0 (compatible; MSIE 6.0; Windows NT 5.1; en) Opera 8.50"
94.176.236.40 - - [25/Apr/2017:00:50:12 +0200] "GET /hirlevel/vonattal1408.html HTTP/1.0" 404 1181 "http://mkk.zpok.hu" "Mozilla/4.0 (compatible; MSIE 6.0; Windows NT 5.1; en) Opera 8.50"
94.176.236.40 - - [25/Apr/2017:00:50:12 +0200] "GET /hirlevel/vonattal1512.html HTTP/1.0" 404 1181 "http://mkk.zpok.hu" "Mozilla/4.0 (compatible; MSIE 6.0; Windows NT 5.1; en) Opera 8.50"
94.176.236.40 - - [25/Apr/2017:00:50:12 +0200] "GET /hirlevel/vonattal1601.html HTTP/1.0" 404 1181 "http://mkk.zpok.hu" "Mozilla/4.0 (compatible; MSIE 6.0; Windows NT 5.1; en) Opera 8.50"
94.176.236.40 - - [25/Apr/2017:00:50:12 +0200] "GET /hirlevel/vonattal1409.html HTTP/1.0" 404 1181 "http://mkk.zpok.hu" "Mozilla/4.0 (compatible; MSIE 6.0; Windows NT 5.1; en) Opera 8.50"
104.154.58.95 - - [25/Apr/2017:01:02:14 +0200] "GET /robots.txt HTTP/1.1" 404 1181 "-" "ltx71 - (http://ltx71.com/)"
104.154.58.95 - - [25/Apr/2017:01:12:56 +0200] "GET /robots.txt HTTP/1.1" 404 1181 "-" "ltx71 - (http://ltx71.com/)"
104.154.58.95 - - [25/Apr/2017:01:14:00 +0200] "GET /doc/westtakt_mnr_tkp.zip HTTP/1.1" 200 548715 "-" "ltx71 - (http://ltx71.com/)"
104.154.58.95 - - [25/Apr/2017:01:14:23 +0200] "GET /doc/belepesinyilatkozat.pdf HTTP/1.1" 200 403937 "-" "ltx71 - (http://ltx71.com/)"
77.111.90.197 - - [25/Apr/2017:01:15:23 +0200] "GET / HTTP/1.1" 200 2023 "-" "Mozilla/5.0 (Windows NT 6.1; WOW64) AppleWebKit/537.36 (KHTML, like Gecko) Chrome/46.0.2490.71 Safari/537.36"
77.111.90.197 - - [25/Apr/2017:01:15:23 +0200] "GET / HTTP/1.0" 200 2023 "-" "-"
104.154.58.95 - - [25/Apr/2017:01:33:49 +0200] "GET /robots.txt HTTP/1.1" 404 1181 "-" "ltx71 - (http://ltx71.com/)"
104.154.58.95 - - [25/Apr/2017:01:37:22 +0200] "GET /robots.txt HTTP/1.1" 404 1181 "-" "ltx71 - (http://ltx71.com/)"
104.154.58.95 - - [25/Apr/2017:01:38:30 +0200] "GET /doc/ttft.pdf HTTP/1.1" 200 427039 "-" "ltx71 - (http://ltx71.com/)"
164.132.161.23 - - [25/Apr/2017:01:41:09 +0200] "GET /hirlevel/vonattal1107.htm HTTP/1.1" 404 1181 "-" "Mozilla/5.0 (compatible; AhrefsBot/5.2; +http://ahrefs.com/robot/)"
46.242.79.221 - - [25/Apr/2017:01:41:48 +0200] "GET /doc/b2_2016.pdf HTTP/1.1" 404 1181 "http://yandex.ru/clck/jsredir?from=yandex.ru%3Bsearch%3Bweb%3B%3B&text=&etext=1401.fArXk3rw3vPCqpqFUSFTWrhO1U7OE7eiIsuuyYOH0LEI1tx3Ou8BCMo-rkWGDKr1.2083cf84eb428d97f61465273d393ff6a8ef4e59&uuid=&state=_BLhILn4SxNIvvL0W45KSic66uCIg23qh8iRG98qeIXmeppkgUc0YOm24rr5dkiDnIjpu2TfUVc&data=YnNFc1pRN0lTNGJLeFpGcE9VdGtoTzlHWTlQdGgtcE1naEY2bmZ1OG9VZHZmc1g5cmwwQUhPc05QR0RkUnEyS3pNaVlVd2xoUjZYb2RlR0RkWGk3eWVuR0swQWx1WXVfbkItaVVIaU5zWnc&b64e=2&sign=1e257ce71caf1324aeee1054d8c1427c&keyno=0&cst=AiuY0DBWFJ7IXge4WdYJQXbYQp9t5VF6uwlXRcu3L0tXDBYGkqRguOheDdpRnj9A9oTILlvyYS4wHsIat0JP-oP0t21mDpu7MqJywgpFdlyPt8PfY4y9SBvS24cVb1hVdmPT7CIdfLFHXt9bSIEGDGaN10AVRplF&ref=orjY4mGPRjk5boDnW0uvlrrd71vZw9kp5uQozpMtKCW5ri5MzTNSEm1gcJ59C3Q6eHlh1IeVYz5G4vVuNZYRQRO-Xai-tPXUyfT8A0QbnPhb54PHPUJngA&l10n=ru&cts=1493072936985&mc=6.33740626809" "Opera/9.80 (Windows NT 6.1) Presto/2.12.388 Version/12.16"
188.32.245.63 - - [25/Apr/2017:01:41:50 +0200] "GET /doc/vasuttal-budapest-kornyeken.pdf HTTP/1.1" 404 1181 "http://yandex.ru/clck/jsredir?from=yandex.ru%3Bsearch%3Bweb%3B%3B&text=&etext=1401.e4HVx-6MbOlWbx5PGtxAAaKyo4jckd9199TuFS3-Fyd4B4nO0JIj2-EQmHr8OW5k.4a05f034160ee3cbbf800e5899d0ec9af083b00c&uuid=&state=_BLhILn4SxNIvvL0W45KSic66uCIg23qh8iRG98qeIXmeppkgUc0YLeQVNu7TCjFWhspMNrg36Y&data=YnNFc1pRN0lTNGJLeFpGcE9VdGtoTzlHWTlQdGgtcE1NTjRsSXROOTZLa2MyUlVjNnlKME1WN3JidXA0SFpwSk9LbjVOM3lIbTlGWkk5YzdKTndJNTFiYjRLUDQ0OXp4Rkh6X3FZRVpJVE1iTWRKRXpZcHYydFB0WGdOR1FKM0c&b64e=2&sign=2109afa990dd30293ce6fc652e24354d&keyno=0&cst=AiuY0DBWFJ7IXge4WdYJQaYgAYq7Jarr1RS_HbZYDApGe2aWGjosEZgH1utFx1o45vaVT5HU9pIoMrFD-sBCRbP8lWc1_RXsTeSUoV0VztgMO5VngPzHuXc_d59k10vRY-j4KMQpSUprzyv42TFQ5UGzgewljgj8&ref=orjY4mGPRjk5boDnW0uvlrrd71vZw9kp5uQozpMtKCWuAUzT58TqAQT0hstvFcYNT-uf91_AQ20NM2APgFDblIeOVXjDCeaMQ51zSQWBA5KxBz8pqmKKrg&l10n=ru&cts=1493072936985&mc=2.55704084241" "Mozilla/5.0 (Windows NT 6.1) AppleWebKit/537.36 (KHTML, like Gecko) Chrome/28.0.1500.95 YaBrowser/13.10.1500.9323 Safari/537.36"
104.154.58.95 - - [25/Apr/2017:01:56:03 +0200] "GET /robots.txt HTTP/1.1" 404 1181 "-" "ltx71 - (http://ltx71.com/)"
104.154.58.95 - - [25/Apr/2017:02:00:06 +0200] "GET /robots.txt HTTP/1.1" 404 1181 "-" "ltx71 - (http://ltx71.com/)"
144.76.23.74 - - [25/Apr/2017:02:03:01 +0200] "GET /robots.txt HTTP/1.1" 404 1181 "-" "Mozilla/5.0 (Windows; U; Windows NT 6.0; en-GB; rv:1.0; trendictionbot0.5.0; trendiction search; http://www.trendiction.de/bot; please let us know of any problems; web at trendiction.com) Gecko/20071127 Firefox/3.0.0.11"
144.76.23.74 - - [25/Apr/2017:02:03:02 +0200] "GET / HTTP/1.1" 304 - "-" "Mozilla/5.0 (Windows; U; Windows NT 6.0; en-GB; rv:1.0; trendictionbot0.5.0; trendiction search; http://www.trendiction.de/bot; please let us know of any problems; web at trendiction.com) Gecko/20071127 Firefox/3.0.0.11"
144.76.23.74 - - [25/Apr/2017:02:03:03 +0200] "GET /kikvagyunk2.htm HTTP/1.1" 200 17375 "-" "Mozilla/5.0 (Windows; U; Windows NT 6.0; en-GB; rv:1.0; trendictionbot0.5.0; trendiction search; http://www.trendiction.de/bot; please let us know of any problems; web at trendiction.com) Gecko/20071127 Firefox/3.0.0.11"
144.76.23.74 - - [25/Apr/2017:02:03:05 +0200] "GET /tagsag2.htm HTTP/1.1" 200 1335 "-" "Mozilla/5.0 (Windows; U; Windows NT 6.0; en-GB; rv:1.0; trendictionbot0.5.0; trendiction search; http://www.trendiction.de/bot; please let us know of any problems; web at trendiction.com) Gecko/20071127 Firefox/3.0.0.11"
144.76.23.74 - - [25/Apr/2017:02:03:06 +0200] "GET /projektek2.htm HTTP/1.1" 200 7634 "-" "Mozilla/5.0 (Windows; U; Windows NT 6.0; en-GB; rv:1.0; trendictionbot0.5.0; trendiction search; http://www.trendiction.de/bot; please let us know of any problems; web at trendiction.com) Gecko/20071127 Firefox/3.0.0.11"
157.55.39.151 - - [25/Apr/2017:02:11:44 +0200] "GET /doc/belepesinyilatkozat.pdf HTTP/1.1" 200 403937 "-" "Mozilla/5.0 (compatible; bingbot/2.0; +http://www.bing.com/bingbot.htm)"
192.157.254.197 - - [25/Apr/2017:02:16:42 +0200] "HEAD / HTTP/1.1" 200 0 "https://www.inboundlinks.win/InboundLinks/mkk.zpok.hu" "Mozilla/5.0 (compatible; MSIE 9.0; Windows NT 6.1; WOW64; Trident/5.0)"
52.23.238.242 - - [25/Apr/2017:02:20:43 +0200] "GET /robots.txt HTTP/1.1" 404 1181 "-" "LinqiaCrawlerBot/1.0 (eng@linqia.com)"
52.23.238.242 - - [25/Apr/2017:02:20:43 +0200] "GET / HTTP/1.1" 200 2023 "-" "LinqiaCrawlerBot/1.0 (eng@linqia.com)"
52.23.238.242 - - [25/Apr/2017:02:20:56 +0200] "GET /robots.txt HTTP/1.1" 404 1181 "-" "LinqiaCrawlerBot/1.0 (eng@linqia.com)"
52.23.238.242 - - [25/Apr/2017:02:20:57 +0200] "GET / HTTP/1.1" 200 2023 "-" "LinqiaCrawlerBot/1.0 (eng@linqia.com)"
151.80.39.99 - - [25/Apr/2017:03:51:59 +0200] "GET /robots.txt HTTP/1.1" 404 1181 "-" "Mozilla/5.0 (compatible; AhrefsBot/5.2; +http://ahrefs.com/robot/)"
157.55.39.106 - - [25/Apr/2017:03:58:27 +0200] "GET /doc/hu_aps_positivbeispiele_aufl2_070622_klein.pdf HTTP/1.1" 200 2887217 "-" "Mozilla/5.0 (iPhone; CPU iPhone OS 7_0 like Mac OS X) AppleWebKit/537.51.1 (KHTML, like Gecko) Version/7.0 Mobile/11A465 Safari/9537.53 (compatible; bingbot/2.0; +http://www.bing.com/bingbot.htm)"
146.185.223.121 - - [25/Apr/2017:04:02:45 +0200] "GET /wp-login.php HTTP/1.0" 404 1181 "-" "Mozilla/4.0 (compatible; Synapse)"
146.185.223.121 - - [25/Apr/2017:04:02:45 +0200] "GET /administrator/index.php HTTP/1.0" 404 1181 "-" "Mozilla/4.0 (compatible; Synapse)"
146.185.223.121 - - [25/Apr/2017:04:02:45 +0200] "GET /user/ HTTP/1.0" 404 1181 "-" "Mozilla/4.0 (compatible; Synapse)"
157.55.39.93 - - [25/Apr/2017:05:05:21 +0200] "GET /robots.txt HTTP/1.1" 404 1181 "-" "Mozilla/5.0 (compatible; bingbot/2.0; +http://www.bing.com/bingbot.htm)"
157.55.39.106 - - [25/Apr/2017:05:05:49 +0200] "GET /doc/hu_aps_positivbeispiele_aufl2_070622_klein.pdf HTTP/1.1" 200 2887217 "-" "Mozilla/5.0 (iPhone; CPU iPhone OS 7_0 like Mac OS X) AppleWebKit/537.51.1 (KHTML, like Gecko) Version/7.0 Mobile/11A465 Safari/9537.53 (compatible; bingbot/2.0; +http://www.bing.com/bingbot.htm)"
87.114.200.132 - - [25/Apr/2017:06:16:00 +0200] "GET /robots.txt HTTP/1.1" 404 1181 "-" "HELLO Crawler"
87.114.200.132 - - [25/Apr/2017:06:16:01 +0200] "GET / HTTP/1.1" 200 2023 "-" "HELLO Crawler"
87.114.200.132 - - [25/Apr/2017:06:21:08 +0200] "GET /kikvagyunk2.htm HTTP/1.1" 200 17375 "-" "HELLO Crawler"
87.114.200.132 - - [25/Apr/2017:06:21:09 +0200] "GET /tagsag2.htm HTTP/1.1" 200 1335 "-" "HELLO Crawler"
77.111.90.197 - - [25/Apr/2017:06:24:40 +0200] "GET /doc/konf_0807.pdf HTTP/1.1" 404 1181 "-" "Mozilla/5.0 (Windows NT 6.1; WOW64) AppleWebKit/537.36 (KHTML, like Gecko) Chrome/46.0.2490.71 Safari/537.36"
77.111.90.197 - - [25/Apr/2017:06:24:40 +0200] "GET /doc/konf_0807.pdf HTTP/1.0" 404 1181 "-" "-"
46.229.164.99 - - [25/Apr/2017:06:44:01 +0200] "GET /robots.txt HTTP/1.1" 404 1181 "-" "Mozilla/5.0 (compatible; SemrushBot/1.2~bl; +http://www.semrush.com/bot.html)"
87.114.200.132 - - [25/Apr/2017:07:38:15 +0200] "GET /robots.txt HTTP/1.1" 404 1181 "-" "HELLO Crawler"
87.114.200.132 - - [25/Apr/2017:07:38:19 +0200] "GET / HTTP/1.1" 200 2023 "-" "HELLO Crawler"
87.114.200.132 - - [25/Apr/2017:07:41:56 +0200] "GET /kikvagyunk2.htm HTTP/1.1" 200 17375 "-" "HELLO Crawler"
62.138.8.181 - - [25/Apr/2017:08:02:29 +0200] "GET /robots.txt HTTP/1.1" 404 1181 "-" "Mozilla/5.0 (compatible; MJ12bot/v1.4.7; http://mj12bot.com/)"
62.138.8.181 - - [25/Apr/2017:08:02:30 +0200] "GET /hirlevel/vonattal0902.htm HTTP/1.1" 404 1181 "-" "Mozilla/5.0 (compatible; MJ12bot/v1.4.7; http://mj12bot.com/)"
178.154.189.24 - - [25/Apr/2017:08:32:00 +0200] "GET /robots.txt HTTP/1.1" 404 1181 "-" "Mozilla/5.0 (compatible; YandexBot/3.0; +http://yandex.com/bots)"
178.154.200.56 - - [25/Apr/2017:08:32:03 +0200] "GET /images/vasutterkep_n.jpg HTTP/1.1" 404 1181 "-" "Mozilla/5.0 (compatible; YandexBot/3.0; +http://yandex.com/bots)"
66.249.64.84 - - [25/Apr/2017:09:14:35 +0200] "GET /robots.txt HTTP/1.1" 404 1181 "-" "Mozilla/5.0 (compatible; Googlebot/2.1; +http://www.google.com/bot.html)"
66.249.64.92 - - [25/Apr/2017:09:14:42 +0200] "GET /doc/alapsz03.pdf HTTP/1.1" 200 6009944 "-" "Googlebot/2.1 (+http://www.google.com/bot.html)"
66.249.64.129 - - [25/Apr/2017:09:14:43 +0200] "GET /doc/kozleked%C3%A9siszekcio_20150425_tokaj.pdf HTTP/1.1" 404 1181 "-" "Googlebot/2.1 (+http://www.google.com/bot.html)"
196.52.43.66 - - [25/Apr/2017:09:32:57 +0200] "GET / HTTP/1.1" 200 2023 "-" "-"
77.111.90.197 - - [25/Apr/2017:09:42:46 +0200] "GET / HTTP/1.1" 200 2023 "-" "Mozilla/5.0 (Windows NT 6.1; WOW64) AppleWebKit/537.36 (KHTML, like Gecko) Chrome/46.0.2490.71 Safari/537.36"
77.111.90.197 - - [25/Apr/2017:09:42:46 +0200] "GET / HTTP/1.0" 200 2023 "-" "-"
66.249.64.129 - - [25/Apr/2017:09:49:30 +0200] "GET /robots.txt HTTP/1.1" 404 1181 "-" "Mozilla/5.0 (compatible; Googlebot/2.1; +http://www.google.com/bot.html)"
66.249.64.134 - - [25/Apr/2017:09:49:30 +0200] "GET /hirlevel/fogadj_orokbe_egy_allomast.doc HTTP/1.1" 404 1181 "-" "Googlebot/2.1 (+http://www.google.com/bot.html)"
176.63.29.165 - - [25/Apr/2017:10:02:45 +0200] "GET / HTTP/1.1" 200 2023 "https://www.google.hu/" "Mozilla/5.0 (Linux; Android 6.0.1; SAMSUNG SM-J510FN/J510FNXXU2AQA2 Build/MMB29M) AppleWebKit/537.36 (KHTML, like Gecko) SamsungBrowser/4.0 Chrome/44.0.2403.133 Mobile Safari/537.36"
176.63.29.165 - - [25/Apr/2017:10:02:46 +0200] "GET /blog.jpg HTTP/1.1" 200 29833 "http://www.mkk.zpok.hu/" "Mozilla/5.0 (Linux; Android 6.0.1; SAMSUNG SM-J510FN/J510FNXXU2AQA2 Build/MMB29M) AppleWebKit/537.36 (KHTML, like Gecko) SamsungBrowser/4.0 Chrome/44.0.2403.133 Mobile Safari/537.36"
176.63.29.165 - - [25/Apr/2017:10:02:46 +0200] "GET /mkk_banner.png HTTP/1.1" 200 62097 "http://www.mkk.zpok.hu/" "Mozilla/5.0 (Linux; Android 6.0.1; SAMSUNG SM-J510FN/J510FNXXU2AQA2 Build/MMB29M) AppleWebKit/537.36 (KHTML, like Gecko) SamsungBrowser/4.0 Chrome/44.0.2403.133 Mobile Safari/537.36"
