77.37.137.48 - - [21/Apr/2017:02:50:11 +0200] "GET /hirlevel/vasuttal0804.htm HTTP/1.1" 404 1181 "http://yandex.ru/clck/jsredir?from=yandex.ru%3Bsearch%3Bweb%3B%3B&text=&etext=1397.hp4MXCXS3FGVFuoFOyBi5J7QrCpu7EzinAOkm0MrBz6TgIPctn6EL2flL2fgDTtA.e66877827a110ca912ca63ca9b5a9609ec37fad5&uuid=&state=_BLhILn4SxNIvvL0W45KSic66uCIg23qh8iRG98qeIXmeppkgUc0YL_nDC5hqtEQ6WayFoZKRZE&data=YnNFc1pRN0lTNGJLeFpGcE9VdGtoRjV3Nm9BUmE2M3FFLUY3b0dFS0s0bjMydkxRdC1WNnl2Vy1zWUpjWm1qTE1BSmI1Wmhud3puWjI2YVc1LTZWeVExU01fOUhjSFdhYmNMcUY0T0k3WkVCa0J0aUN0U3pmUQ&b64e=2&sign=6df32147e79c140443f6f674f6bcad3b&keyno=0&cst=AiuY0DBWFJ7IXge4WdYJQe3IrxbPWIv46uSoG2_l5CIz724tXe16-eaJuJgJxqgy0q_Ak2cCx1ChGoE-s4_coX7msj763kwCgFFRFm4wxk5vspdItioxn_XF8dZ0mAUfFN1pkt7TVjFszUOno9m00IYT1oUpxWVO&ref=orjY4mGPRjk5boDnW0uvlrrd71vZw9kp5uQozpMtKCWbgDHRNa-0yqNAdIwPleVzGvemQnAbDly-6Do989gco4FUjtJsrkbORTuCI95xIANy07yelAo7tQ&l10n=ru&cts=1492728750250&mc=7.0058372369" "Opera/9.80 (Windows NT 6.1; Edition Yx) Presto/2.12.388 Version/12.15"
104.154.58.95 - - [21/Apr/2017:02:50:41 +0200] "GET /robots.txt HTTP/1.1" 404 1181 "-" "ltx71 - (http://ltx71.com/)"
66.249.75.48 - - [21/Apr/2017:02:51:22 +0200] "GET /doc/ohat_201403.pdf HTTP/1.1" 404 1181 "-" "Mozilla/5.0 (Linux; Android 6.0.1; Nexus 5X Build/MMB29P) AppleWebKit/537.36 (KHTML, like Gecko) Chrome/41.0.2272.96 Mobile Safari/537.36 (compatible; Googlebot/2.1; +http://www.google.com/bot.html)"
104.154.58.95 - - [21/Apr/2017:03:02:21 +0200] "GET /robots.txt HTTP/1.1" 404 1181 "-" "ltx71 - (http://ltx71.com/)"
104.154.58.95 - - [21/Apr/2017:03:06:15 +0200] "GET /robots.txt HTTP/1.1" 404 1181 "-" "ltx71 - (http://ltx71.com/)"
104.154.58.95 - - [21/Apr/2017:03:15:33 +0200] "GET /robots.txt HTTP/1.1" 404 1181 "-" "ltx71 - (http://ltx71.com/)"
66.249.69.55 - - [21/Apr/2017:03:26:55 +0200] "GET /robots.txt HTTP/1.1" 404 1181 "-" "Mozilla/5.0 (compatible; Googlebot/2.1; +http://www.google.com/bot.html)"
66.249.69.55 - - [21/Apr/2017:03:27:04 +0200] "GET /doc/ttft.pdf HTTP/1.1" 200 6493253 "-" "Mozilla/5.0 (compatible; Googlebot/2.1; +http://www.google.com/bot.html)"
104.154.58.95 - - [21/Apr/2017:03:37:41 +0200] "GET /robots.txt HTTP/1.1" 404 1181 "-" "ltx71 - (http://ltx71.com/)"
104.154.58.95 - - [21/Apr/2017:03:38:11 +0200] "GET / HTTP/1.1" 200 2023 "-" "ltx71 - (http://ltx71.com/)"
104.154.58.95 - - [21/Apr/2017:03:38:35 +0200] "GET /robots.txt HTTP/1.1" 404 1181 "-" "ltx71 - (http://ltx71.com/)"
104.154.58.95 - - [21/Apr/2017:03:48:05 +0200] "GET /robots.txt HTTP/1.1" 404 1181 "-" "ltx71 - (http://ltx71.com/)"
104.154.58.95 - - [21/Apr/2017:03:54:11 +0200] "GET /robots.txt HTTP/1.1" 404 1181 "-" "ltx71 - (http://ltx71.com/)"
199.193.251.133 - - [21/Apr/2017:03:56:12 +0200] "HEAD / HTTP/1.1" 200 0 "https://www.inboundlinks.win/InboundLinks/mkk.zpok.hu" "Mozilla/5.0 (compatible; MSIE 9.0; Windows NT 6.1; WOW64; Trident/5.0)"
104.154.58.95 - - [21/Apr/2017:04:15:32 +0200] "GET /robots.txt HTTP/1.1" 404 1181 "-" "ltx71 - (http://ltx71.com/)"
104.154.58.95 - - [21/Apr/2017:04:19:03 +0200] "GET /robots.txt HTTP/1.1" 404 1181 "-" "ltx71 - (http://ltx71.com/)"
104.154.58.95 - - [21/Apr/2017:04:21:10 +0200] "GET /robots.txt HTTP/1.1" 404 1181 "-" "ltx71 - (http://ltx71.com/)"
104.154.58.95 - - [21/Apr/2017:04:22:54 +0200] "GET /tagsag2.htm HTTP/1.1" 200 1335 "-" "ltx71 - (http://ltx71.com/)"
104.154.58.95 - - [21/Apr/2017:04:27:53 +0200] "GET /robots.txt HTTP/1.1" 404 1181 "-" "ltx71 - (http://ltx71.com/)"
5.189.140.25 - - [21/Apr/2017:04:40:09 +0200] "GET / HTTP/1.1" 200 2023 "-" "Mozilla/5.0 (X11; Linux i586; rv:31.0) Gecko/20100101 Firefox/31.0"
217.182.132.176 - - [21/Apr/2017:04:43:26 +0200] "GET /hirlevel/vonattal1105-6.html HTTP/1.1" 404 1181 "-" "Mozilla/5.0 (compatible; AhrefsBot/5.2; +http://ahrefs.com/robot/)"
157.55.39.174 - - [21/Apr/2017:04:48:39 +0200] "GET /doc/lombar_javaslat.pdf HTTP/1.1" 404 1181 "-" "Mozilla/5.0 (compatible; bingbot/2.0; +http://www.bing.com/bingbot.htm)"
104.154.58.95 - - [21/Apr/2017:04:54:36 +0200] "GET /robots.txt HTTP/1.1" 404 1181 "-" "ltx71 - (http://ltx71.com/)"
66.249.69.52 - - [21/Apr/2017:04:56:17 +0200] "GET / HTTP/1.1" 200 2023 "-" "Mozilla/5.0 (Linux; Android 6.0.1; Nexus 5X Build/MMB29P) AppleWebKit/537.36 (KHTML, like Gecko) Chrome/41.0.2272.96 Mobile Safari/537.36 (compatible; Googlebot/2.1; +http://www.google.com/bot.html)"
104.154.58.95 - - [21/Apr/2017:05:05:01 +0200] "GET /robots.txt HTTP/1.1" 404 1181 "-" "ltx71 - (http://ltx71.com/)"
104.154.58.95 - - [21/Apr/2017:05:05:20 +0200] "GET /robots.txt HTTP/1.1" 404 1181 "-" "ltx71 - (http://ltx71.com/)"
104.154.58.95 - - [21/Apr/2017:05:06:12 +0200] "GET /kikvagyunk2.htm HTTP/1.1" 200 17375 "-" "ltx71 - (http://ltx71.com/)"
66.249.75.46 - - [21/Apr/2017:05:15:43 +0200] "GET /robots.txt HTTP/1.1" 404 1181 "-" "Mozilla/5.0 (compatible; Googlebot/2.1; +http://www.google.com/bot.html)"
66.249.75.43 - - [21/Apr/2017:05:15:43 +0200] "GET /hirlevel/vonattal0812.htm HTTP/1.1" 404 1181 "-" "Mozilla/5.0 (compatible; Googlebot/2.1; +http://www.google.com/bot.html)"
157.55.39.173 - - [21/Apr/2017:05:21:26 +0200] "GET /doc/hu_aps_positivbeispiele_aufl2_070622_klein.pdf HTTP/1.1" 200 2887217 "-" "Mozilla/5.0 (iPhone; CPU iPhone OS 7_0 like Mac OS X) AppleWebKit/537.51.1 (KHTML, like Gecko) Version/7.0 Mobile/11A465 Safari/9537.53 (compatible; bingbot/2.0; +http://www.bing.com/bingbot.htm)"
104.154.58.95 - - [21/Apr/2017:05:26:09 +0200] "GET /robots.txt HTTP/1.1" 404 1181 "-" "ltx71 - (http://ltx71.com/)"
52.2.10.94 - - [21/Apr/2017:05:37:29 +0200] "GET /robots.txt HTTP/1.1" 404 1181 "-" "ltx71 - (http://ltx71.com/)"
104.154.58.95 - - [21/Apr/2017:05:38:52 +0200] "GET /robots.txt HTTP/1.1" 404 1181 "-" "ltx71 - (http://ltx71.com/)"
104.154.58.95 - - [21/Apr/2017:05:48:59 +0200] "GET /robots.txt HTTP/1.1" 404 1181 "-" "ltx71 - (http://ltx71.com/)"
104.154.58.95 - - [21/Apr/2017:05:59:12 +0200] "GET /robots.txt HTTP/1.1" 404 1181 "-" "ltx71 - (http://ltx71.com/)"
104.154.58.95 - - [21/Apr/2017:06:00:07 +0200] "GET /robots.txt HTTP/1.1" 404 1181 "-" "ltx71 - (http://ltx71.com/)"
104.154.58.95 - - [21/Apr/2017:06:22:44 +0200] "GET /robots.txt HTTP/1.1" 404 1181 "-" "ltx71 - (http://ltx71.com/)"
66.249.75.46 - - [21/Apr/2017:06:26:38 +0200] "GET /hirlevel/tegyen_tobbet_magyarorszag_%20a_kozlekedesi_szendioxid.pdf HTTP/1.1" 404 1181 "-" "Mozilla/5.0 (Linux; Android 6.0.1; Nexus 5X Build/MMB29P) AppleWebKit/537.36 (KHTML, like Gecko) Chrome/41.0.2272.96 Mobile Safari/537.36 (compatible; Googlebot/2.1; +http://www.google.com/bot.html)"
104.154.58.95 - - [21/Apr/2017:06:30:25 +0200] "GET /robots.txt HTTP/1.1" 404 1181 "-" "ltx71 - (http://ltx71.com/)"
77.111.90.197 - - [21/Apr/2017:06:32:57 +0200] "GET /doc/konf_0807.pdf HTTP/1.1" 404 1181 "-" "Mozilla/5.0 (Windows NT 6.1; WOW64) AppleWebKit/537.36 (KHTML, like Gecko) Chrome/46.0.2490.71 Safari/537.36"
77.111.90.197 - - [21/Apr/2017:06:32:57 +0200] "GET /doc/konf_0807.pdf HTTP/1.0" 404 1181 "-" "-"
104.154.58.95 - - [21/Apr/2017:06:33:54 +0200] "GET /robots.txt HTTP/1.1" 404 1181 "-" "ltx71 - (http://ltx71.com/)"
104.154.58.95 - - [21/Apr/2017:06:48:02 +0200] "GET /robots.txt HTTP/1.1" 404 1181 "-" "ltx71 - (http://ltx71.com/)"
104.154.58.95 - - [21/Apr/2017:06:58:00 +0200] "GET /robots.txt HTTP/1.1" 404 1181 "-" "ltx71 - (http://ltx71.com/)"
194.149.37.3 - - [21/Apr/2017:07:17:07 +0200] "GET / HTTP/1.1" 200 2023 "https://www.google.hu/" "Mozilla/5.0 (Windows NT 6.1) AppleWebKit/537.36 (KHTML, like Gecko) Chrome/57.0.2987.133 Safari/537.36"
194.149.37.3 - - [21/Apr/2017:07:17:07 +0200] "GET /facebook-logo-preview.png HTTP/1.1" 200 3924 "http://www.mkk.zpok.hu/" "Mozilla/5.0 (Windows NT 6.1) AppleWebKit/537.36 (KHTML, like Gecko) Chrome/57.0.2987.133 Safari/537.36"
194.149.37.3 - - [21/Apr/2017:07:17:07 +0200] "GET /blog.jpg HTTP/1.1" 200 29833 "http://www.mkk.zpok.hu/" "Mozilla/5.0 (Windows NT 6.1) AppleWebKit/537.36 (KHTML, like Gecko) Chrome/57.0.2987.133 Safari/537.36"
194.149.37.3 - - [21/Apr/2017:07:17:07 +0200] "GET /mkk_banner.png HTTP/1.1" 200 62097 "http://www.mkk.zpok.hu/" "Mozilla/5.0 (Windows NT 6.1) AppleWebKit/537.36 (KHTML, like Gecko) Chrome/57.0.2987.133 Safari/537.36"
194.149.37.3 - - [21/Apr/2017:07:17:34 +0200] "GET /favicon.ico HTTP/1.1" 404 1181 "http://www.mkk.zpok.hu/" "Mozilla/5.0 (Windows NT 6.1) AppleWebKit/537.36 (KHTML, like Gecko) Chrome/57.0.2987.133 Safari/537.36"
104.154.58.95 - - [21/Apr/2017:07:23:28 +0200] "GET /robots.txt HTTP/1.1" 404 1181 "-" "ltx71 - (http://ltx71.com/)"
178.137.83.79 - - [21/Apr/2017:07:26:21 +0200] "GET /robots.txt HTTP/1.1" 404 1181 "-" "Mozilla/5.0 (Windows NT 10.0; WOW64) AppleWebKit/537.36 (KHTML, like Gecko) Chrome/49.0.2623.75 Safari/537.36 OPR/36.0.2130.32"
178.137.83.79 - - [21/Apr/2017:07:26:21 +0200] "GET / HTTP/1.1" 200 2023 "-" "Mozilla/5.0 (Windows NT 10.0; WOW64) AppleWebKit/537.36 (KHTML, like Gecko) Chrome/49.0.2623.75 Safari/537.36 OPR/36.0.2130.32"
178.137.83.79 - - [21/Apr/2017:07:26:21 +0200] "GET /xmlrpc.php?rsd HTTP/1.1" 404 1181 "-" "Mozilla/5.0 (Windows NT 10.0; WOW64) AppleWebKit/537.36 (KHTML, like Gecko) Chrome/49.0.2623.75 Safari/537.36 OPR/36.0.2130.32"
178.137.83.79 - - [21/Apr/2017:07:26:21 +0200] "GET /blog/robots.txt HTTP/1.1" 404 1181 "-" "Mozilla/5.0 (Windows NT 10.0; WOW64) AppleWebKit/537.36 (KHTML, like Gecko) Chrome/49.0.2623.75 Safari/537.36 OPR/36.0.2130.32"
178.137.83.79 - - [21/Apr/2017:07:26:21 +0200] "GET /blog/ HTTP/1.1" 404 1181 "-" "Mozilla/5.0 (Windows NT 10.0; WOW64) AppleWebKit/537.36 (KHTML, like Gecko) Chrome/49.0.2623.75 Safari/537.36 OPR/36.0.2130.32"
178.137.83.79 - - [21/Apr/2017:07:26:21 +0200] "GET /wordpress/ HTTP/1.1" 404 1181 "-" "Mozilla/5.0 (Windows NT 10.0; WOW64) AppleWebKit/537.36 (KHTML, like Gecko) Chrome/49.0.2623.75 Safari/537.36 OPR/36.0.2130.32"
178.137.83.79 - - [21/Apr/2017:07:26:21 +0200] "GET /wp/ HTTP/1.1" 404 1181 "-" "Mozilla/5.0 (Windows NT 10.0; WOW64) AppleWebKit/537.36 (KHTML, like Gecko) Chrome/49.0.2623.75 Safari/537.36 OPR/36.0.2130.32"
157.55.39.172 - - [21/Apr/2017:07:34:04 +0200] "GET /robots.txt HTTP/1.1" 404 1181 "-" "Mozilla/5.0 (compatible; bingbot/2.0; +http://www.bing.com/bingbot.htm)"
104.154.58.95 - - [21/Apr/2017:07:45:48 +0200] "GET /robots.txt HTTP/1.1" 404 1181 "-" "ltx71 - (http://ltx71.com/)"
178.154.189.24 - - [21/Apr/2017:07:48:44 +0200] "GET /hirlevel/images/0912e.jpg HTTP/1.1" 404 1181 "-" "Mozilla/5.0 (compatible; YandexImages/3.0; +http://yandex.com/bots)"
157.55.39.171 - - [21/Apr/2017:07:48:50 +0200] "GET / HTTP/1.1" 200 2023 "-" "Mozilla/5.0 (compatible; bingbot/2.0; +http://www.bing.com/bingbot.htm)"
104.154.58.95 - - [21/Apr/2017:07:53:01 +0200] "GET /robots.txt HTTP/1.1" 404 1181 "-" "ltx71 - (http://ltx71.com/)"
104.154.58.95 - - [21/Apr/2017:07:56:33 +0200] "GET /robots.txt HTTP/1.1" 404 1181 "-" "ltx71 - (http://ltx71.com/)"
104.154.58.95 - - [21/Apr/2017:08:00:22 +0200] "GET /robots.txt HTTP/1.1" 404 1181 "-" "ltx71 - (http://ltx71.com/)"
52.2.10.94 - - [21/Apr/2017:08:11:39 +0200] "GET /robots.txt HTTP/1.1" 404 1181 "-" "ltx71 - (http://ltx71.com/)"
104.154.58.95 - - [21/Apr/2017:08:11:58 +0200] "GET /robots.txt HTTP/1.1" 404 1181 "-" "ltx71 - (http://ltx71.com/)"
104.154.58.95 - - [21/Apr/2017:08:12:59 +0200] "GET /robots.txt HTTP/1.1" 404 1181 "-" "ltx71 - (http://ltx71.com/)"
52.2.10.94 - - [21/Apr/2017:08:13:25 +0200] "GET / HTTP/1.1" 200 2023 "-" "ltx71 - (http://ltx71.com/)"
104.154.58.95 - - [21/Apr/2017:08:26:38 +0200] "GET /robots.txt HTTP/1.1" 404 1181 "-" "ltx71 - (http://ltx71.com/)"
178.154.200.56 - - [21/Apr/2017:08:42:08 +0200] "GET /robots.txt HTTP/1.1" 404 1181 "-" "Mozilla/5.0 (compatible; YandexBot/3.0; +http://yandex.com/bots)"
178.154.200.56 - - [21/Apr/2017:08:42:12 +0200] "GET /hirlevel/images/1004b.jpg HTTP/1.1" 404 1181 "-" "Mozilla/5.0 (compatible; YandexImages/3.0; +http://yandex.com/bots)"
66.249.69.52 - - [21/Apr/2017:08:47:17 +0200] "GET /doc/VM%202010%2012.pdf HTTP/1.1" 404 1181 "-" "Mozilla/5.0 (compatible; Googlebot/2.1; +http://www.google.com/bot.html)"
104.154.58.95 - - [21/Apr/2017:08:49:30 +0200] "GET /robots.txt HTTP/1.1" 404 1181 "-" "ltx71 - (http://ltx71.com/)"
101.12.246.116 - - [21/Apr/2017:08:54:24 +0200] "GET /doc/b2_2010.pdf HTTP/1.1" 404 1181 "https://zh.wikipedia.org/" "Mozilla/5.0 (Windows NT 6.1; WOW64) AppleWebKit/537.36 (KHTML, like Gecko) Chrome/57.0.2987.133 Safari/537.36"
101.12.246.116 - - [21/Apr/2017:08:54:25 +0200] "GET /favicon.ico HTTP/1.1" 404 1181 "http://mkk.zpok.hu/doc/b2_2010.pdf" "Mozilla/5.0 (Windows NT 6.1; WOW64) AppleWebKit/537.36 (KHTML, like Gecko) Chrome/57.0.2987.133 Safari/537.36"
66.249.75.46 - - [21/Apr/2017:08:55:58 +0200] "GET /hirlevel/K%C3%A9rd%C5%91%C3%ADv201604.doc HTTP/1.1" 404 1181 "-" "Googlebot/2.1 (+http://www.google.com/bot.html)"
104.154.58.95 - - [21/Apr/2017:09:02:59 +0200] "GET /robots.txt HTTP/1.1" 404 1181 "-" "ltx71 - (http://ltx71.com/)"
104.154.58.95 - - [21/Apr/2017:09:03:39 +0200] "GET /doc/belepesinyilatkozat.pdf HTTP/1.1" 200 403937 "-" "ltx71 - (http://ltx71.com/)"
46.242.66.6 - - [21/Apr/2017:09:21:03 +0200] "GET /doc/b2_2016.pdf HTTP/1.1" 404 1181 "http://yandex.ru/clck/jsredir?from=yandex.ru%3Bsearch%3Bweb%3B%3B&text=&etext=1398.TVN5jCC5aGprv8W7p8fJK0fceIudXLCEYiyTDqI3CNW3tdAw_oneGjTU6-aIDntX.7688df4a20e147286961feedcbfec418dec6dd52&uuid=&state=_BLhILn4SxNIvvL0W45KSic66uCIg23qh8iRG98qeIXmeppkgUc0YG-XUIUpxKrkaoPisARVvB8&data=YnNFc1pRN0lTNGJLeFpGcE9VdGtoTzlHWTlQdGgtcE1naEY2bmZ1OG9VZHZmc1g5cmwwQUhMYU9qdE9HRlV5Y2xGTmxFc1U2VjctektIRWQ3SGgtVUxicWdKSG13Y3dkZktfVlNpaFBETkU&b64e=2&sign=36b025ca7e604df48a94863e7cc5810d&keyno=0&cst=AiuY0DBWFJ7IXge4WdYJQULnoVAFacUfMbqwkydCGN79cX5FjPwkSSRBEmKle_M6h8DSrknkc3ecTl1D4CmpH9ZVxSU7rzxXrp07COOEMLlP0DzhJvZKIOCdoD9Fg0xvHX2Jc9M0N894FrBZYuTiQyEAlfaLMaM3&ref=orjY4mGPRjk5boDnW0uvlrrd71vZw9kp5uQozpMtKCV-bB70LKhDfO4XtwOyqFM8zGU4yBOB-z4W6AaBrzqc7lwd5qA908QLWk2M77BFQq3iOQ1Wni338A&l10n=ru&cts=1492757198500&mc=4.66607620281" "Opera/9.80 (Windows NT 6.1) Presto/2.12.388 Version/12.16"
176.195.127.0 - - [21/Apr/2017:09:21:07 +0200] "GET /doc/vasuttal-budapest-kornyeken.pdf HTTP/1.1" 404 1181 "http://yandex.ru/clck/jsredir?from=yandex.ru%3Bsearch%3Bweb%3B%3B&text=&etext=1398.0VatAG-sE2ci1O1alNhZxRKJe7TM7OGu7CEFg0JnqkhIZTv6foUR1TYoWcutUCSp.513118e837141f09a527c0dc1a8a543aefa1227f&uuid=&state=_BLhILn4SxNIvvL0W45KSic66uCIg23qh8iRG98qeIXmeppkgUc0YG-XUIUpxKrkaoPisARVvB8&data=YnNFc1pRN0lTNGJLeFpGcE9VdGtoTzlHWTlQdGgtcE1NTjRsSXROOTZLa2MyUlVjNnlKME1WN3JidXA0SFpwSk9LbjVOM3lIbTlIRjRtVDNHUnpsVTFxRmpOR3plZXRibzNfS2ZnbkpZTWNFcGw3RVZkMmJBUExGb1lKaGgzQTc&b64e=2&sign=9584aaf3f0b2774e1a256022ff248d23&keyno=0&cst=AiuY0DBWFJ7IXge4WdYJQSaYtyyri96FdfnU_i-HyGxark9E_Cw2ckQZg8MxspXT9uuauMg8OYxFxVSRZNTG7z3Bt2cM2uN0vO5XKCi730Nd_ArCaQbjChWlLMRcbg_ryx34KPLT6diuFyNwrJqE2w&ref=orjY4mGPRjk5boDnW0uvlrrd71vZw9kp5uQozpMtKCVs4md-juWRhDu_jxONje4SLl5iKYdXtze-CTZQjj8iL_MrBnRAxP00uz-ys5zI82KRmlueDx6eew&l10n=ru&cts=1492757198500&mc=6.63074257088" "Mozilla/5.0 (Windows NT 6.1) AppleWebKit/537.36 (KHTML, like Gecko) Chrome/28.0.1500.95 YaBrowser/13.10.1500.9323 Safari/537.36"
92.249.176.246 - - [21/Apr/2017:09:21:32 +0200] "GET / HTTP/1.1" 200 2023 "-" "Mozilla/5.0 (Windows NT 6.3; WOW64) AppleWebKit/537.36 (KHTML, like Gecko) Chrome/57.0.2987.133 Safari/537.36"
92.249.176.246 - - [21/Apr/2017:09:21:32 +0200] "GET /blog.jpg HTTP/1.1" 200 29833 "http://www.mkk.zpok.hu/" "Mozilla/5.0 (Windows NT 6.3; WOW64) AppleWebKit/537.36 (KHTML, like Gecko) Chrome/57.0.2987.133 Safari/537.36"
92.249.176.246 - - [21/Apr/2017:09:21:32 +0200] "GET /facebook-logo-preview.png HTTP/1.1" 200 3924 "http://www.mkk.zpok.hu/" "Mozilla/5.0 (Windows NT 6.3; WOW64) AppleWebKit/537.36 (KHTML, like Gecko) Chrome/57.0.2987.133 Safari/537.36"
92.249.176.246 - - [21/Apr/2017:09:21:32 +0200] "GET /mkk_banner.png HTTP/1.1" 200 62097 "http://www.mkk.zpok.hu/" "Mozilla/5.0 (Windows NT 6.3; WOW64) AppleWebKit/537.36 (KHTML, like Gecko) Chrome/57.0.2987.133 Safari/537.36"
92.249.176.246 - - [21/Apr/2017:09:21:33 +0200] "GET /favicon.ico HTTP/1.1" 404 1181 "http://www.mkk.zpok.hu/" "Mozilla/5.0 (Windows NT 6.3; WOW64) AppleWebKit/537.36 (KHTML, like Gecko) Chrome/57.0.2987.133 Safari/537.36"
104.154.58.95 - - [21/Apr/2017:09:25:32 +0200] "GET /robots.txt HTTP/1.1" 404 1181 "-" "ltx71 - (http://ltx71.com/)"
77.111.90.197 - - [21/Apr/2017:09:32:07 +0200] "GET / HTTP/1.1" 200 2023 "-" "Mozilla/5.0 (Windows NT 6.1; WOW64) AppleWebKit/537.36 (KHTML, like Gecko) Chrome/46.0.2490.71 Safari/537.36"
77.111.90.197 - - [21/Apr/2017:09:32:07 +0200] "GET / HTTP/1.0" 200 2023 "-" "-"
104.154.58.95 - - [21/Apr/2017:09:46:30 +0200] "GET /robots.txt HTTP/1.1" 404 1181 "-" "ltx71 - (http://ltx71.com/)"
104.154.58.95 - - [21/Apr/2017:09:50:26 +0200] "GET /robots.txt HTTP/1.1" 404 1181 "-" "ltx71 - (http://ltx71.com/)"
180.76.15.27 - - [21/Apr/2017:10:08:12 +0200] "GET /doc/varos-videk_2009.pdf HTTP/1.1" 200 557056 "-" "Mozilla/5.0 (compatible; Baiduspider/2.0; +http://www.baidu.com/search/spider.html)"
66.249.69.58 - - [21/Apr/2017:10:21:02 +0200] "GET /doc/alapsz03.pdf HTTP/1.1" 200 6009944 "-" "Mozilla/5.0 (compatible; Googlebot/2.1; +http://www.google.com/bot.html)"
104.154.58.95 - - [21/Apr/2017:10:27:06 +0200] "GET /robots.txt HTTP/1.1" 404 1181 "-" "ltx71 - (http://ltx71.com/)"
104.154.58.95 - - [21/Apr/2017:10:33:25 +0200] "GET /robots.txt HTTP/1.1" 404 1181 "-" "ltx71 - (http://ltx71.com/)"
157.181.49.173 - - [21/Apr/2017:10:48:16 +0200] "GET /favicon.ico HTTP/1.1" 404 1181 "http://www.mkk.zpok.hu/doc/allomasok_kepes_osszefoglaloja.pdf" "Mozilla/5.0 (Windows NT 6.3) AppleWebKit/537.36 (KHTML, like Gecko) Chrome/57.0.2987.133 Safari/537.36"
157.181.49.173 - - [21/Apr/2017:10:48:16 +0200] "GET /doc/allomasok_kepes_osszefoglaloja.pdf HTTP/1.1" 200 5628186 "https://www.google.hu/" "Mozilla/5.0 (Windows NT 6.3) AppleWebKit/537.36 (KHTML, like Gecko) Chrome/57.0.2987.133 Safari/537.36"
157.181.49.173 - - [21/Apr/2017:10:48:19 +0200] "GET /doc/allomasok_kepes_osszefoglaloja.pdf HTTP/1.1" 206 2053778 "http://www.mkk.zpok.hu/doc/allomasok_kepes_osszefoglaloja.pdf" "Mozilla/5.0 (Windows NT 6.3) AppleWebKit/537.36 (KHTML, like Gecko) Chrome/57.0.2987.133 Safari/537.36"
104.154.58.95 - - [21/Apr/2017:11:01:23 +0200] "GET /robots.txt HTTP/1.1" 404 1181 "-" "ltx71 - (http://ltx71.com/)"
104.154.58.95 - - [21/Apr/2017:11:08:48 +0200] "GET /robots.txt HTTP/1.1" 404 1181 "-" "ltx71 - (http://ltx71.com/)"
104.154.58.95 - - [21/Apr/2017:11:25:50 +0200] "GET /robots.txt HTTP/1.1" 404 1181 "-" "ltx71 - (http://ltx71.com/)"
104.154.58.95 - - [21/Apr/2017:11:44:24 +0200] "GET /robots.txt HTTP/1.1" 404 1181 "-" "ltx71 - (http://ltx71.com/)"
40.77.167.79 - - [21/Apr/2017:11:59:20 +0200] "GET /doc/vonatrafel_c.pdf HTTP/1.1" 404 1181 "-" "Mozilla/5.0 (iPhone; CPU iPhone OS 7_0 like Mac OS X) AppleWebKit/537.51.1 (KHTML, like Gecko) Version/7.0 Mobile/11A465 Safari/9537.53 (compatible; bingbot/2.0; +http://www.bing.com/bingbot.htm)"
178.154.200.56 - - [21/Apr/2017:12:02:00 +0200] "GET /robots.txt HTTP/1.1" 404 1181 "-" "Mozilla/5.0 (compatible; YandexBot/3.0; +http://yandex.com/bots)"
178.154.200.56 - - [21/Apr/2017:12:02:04 +0200] "GET /images/vasutterkep_n.jpg HTTP/1.1" 404 1181 "-" "Mozilla/5.0 (compatible; YandexBot/3.0; +http://yandex.com/bots)"
162.210.196.97 - - [21/Apr/2017:12:02:04 +0200] "GET /robots.txt HTTP/1.1" 404 1181 "-" "Mozilla/5.0 (compatible; MJ12bot/v1.4.8; http://mj12bot.com/)"
162.210.196.97 - - [21/Apr/2017:12:02:08 +0200] "GET / HTTP/1.1" 200 2023 "-" "Mozilla/5.0 (compatible; MJ12bot/v1.4.8; http://mj12bot.com/)"
162.210.196.97 - - [21/Apr/2017:12:02:11 +0200] "GET /robots.txt HTTP/1.1" 404 1181 "-" "Mozilla/5.0 (compatible; MJ12bot/v1.4.8; http://mj12bot.com/)"
162.210.196.97 - - [21/Apr/2017:12:02:18 +0200] "GET / HTTP/1.1" 200 2023 "-" "Mozilla/5.0 (compatible; MJ12bot/v1.4.8; http://mj12bot.com/)"
66.249.69.55 - - [21/Apr/2017:12:02:22 +0200] "GET /doc/87_fa_szv.pdf HTTP/1.1" 200 56286 "-" "Mozilla/5.0 (compatible; Googlebot/2.1; +http://www.google.com/bot.html)"
66.249.69.52 - - [21/Apr/2017:12:17:05 +0200] "GET /doc/80_sln_su.pdf HTTP/1.1" 200 130637 "-" "Mozilla/5.0 (compatible; Googlebot/2.1; +http://www.google.com/bot.html)"
104.154.58.95 - - [21/Apr/2017:12:27:42 +0200] "GET /robots.txt HTTP/1.1" 404 1181 "-" "ltx71 - (http://ltx71.com/)"
104.154.58.95 - - [21/Apr/2017:12:29:28 +0200] "GET /robots.txt HTTP/1.1" 404 1181 "-" "ltx71 - (http://ltx71.com/)"
104.154.58.95 - - [21/Apr/2017:12:30:17 +0200] "GET / HTTP/1.1" 200 2023 "-" "ltx71 - (http://ltx71.com/)"
104.154.58.95 - - [21/Apr/2017:12:39:57 +0200] "GET /robots.txt HTTP/1.1" 404 1181 "-" "ltx71 - (http://ltx71.com/)"
104.154.58.95 - - [21/Apr/2017:12:52:05 +0200] "GET /robots.txt HTTP/1.1" 404 1181 "-" "ltx71 - (http://ltx71.com/)"
104.154.58.95 - - [21/Apr/2017:12:54:32 +0200] "GET /robots.txt HTTP/1.1" 404 1181 "-" "ltx71 - (http://ltx71.com/)"
104.154.58.95 - - [21/Apr/2017:12:56:06 +0200] "GET / HTTP/1.1" 200 2023 "-" "ltx71 - (http://ltx71.com/)"
104.154.58.95 - - [21/Apr/2017:12:57:57 +0200] "GET /robots.txt HTTP/1.1" 404 1181 "-" "ltx71 - (http://ltx71.com/)"
5.9.112.6 - - [21/Apr/2017:13:09:04 +0200] "GET /doc/hu_aps_positivbeispiele_aufl2_070622_klein.pdf HTTP/1.1" 200 2887217 "-" "Mozilla/5.0 (Windows NT 6.1) AppleWebKit/537.22 (KHTML, like Gecko) Chrome/25.0.1364.169 Safari/537.22"
104.154.58.95 - - [21/Apr/2017:13:16:22 +0200] "GET /robots.txt HTTP/1.1" 404 1181 "-" "ltx71 - (http://ltx71.com/)"
104.154.58.95 - - [21/Apr/2017:13:24:10 +0200] "GET /robots.txt HTTP/1.1" 404 1181 "-" "ltx71 - (http://ltx71.com/)"
104.154.58.95 - - [21/Apr/2017:13:30:01 +0200] "GET /robots.txt HTTP/1.1" 404 1181 "-" "ltx71 - (http://ltx71.com/)"
125.209.235.174 - - [21/Apr/2017:13:52:09 +0200] "GET /robots.txt HTTP/1.1" 404 1181 "-" "Mozilla/5.0 (compatible; Yeti/1.1; +http://naver.me/bot)"
125.209.235.186 - - [21/Apr/2017:13:52:11 +0200] "GET /doc/b2_2010.pdf HTTP/1.1" 404 1181 "-" "Mozilla/5.0 (compatible; Yeti/1.1; +http://naver.me/bot)"
104.154.58.95 - - [21/Apr/2017:13:53:05 +0200] "GET /robots.txt HTTP/1.1" 404 1181 "-" "ltx71 - (http://ltx71.com/)"
104.154.58.95 - - [21/Apr/2017:13:54:32 +0200] "GET /robots.txt HTTP/1.1" 404 1181 "-" "ltx71 - (http://ltx71.com/)"
104.154.58.95 - - [21/Apr/2017:13:55:24 +0200] "GET /doc/ttft.pdf HTTP/1.1" 200 120735 "-" "ltx71 - (http://ltx71.com/)"
54.162.4.139 - - [21/Apr/2017:13:55:45 +0200] "GET /robots.txt HTTP/1.0" 404 1181 "-" "CCBot/2.0 (http://commoncrawl.org/faq/)"
54.162.4.139 - - [21/Apr/2017:13:55:46 +0200] "GET / HTTP/1.0" 200 2023 "-" "CCBot/2.0 (http://commoncrawl.org/faq/)"
104.154.58.95 - - [21/Apr/2017:14:00:21 +0200] "GET /robots.txt HTTP/1.1" 404 1181 "-" "ltx71 - (http://ltx71.com/)"
104.154.58.95 - - [21/Apr/2017:14:02:03 +0200] "GET /robots.txt HTTP/1.1" 404 1181 "-" "ltx71 - (http://ltx71.com/)"
104.154.58.95 - - [21/Apr/2017:14:26:20 +0200] "GET /robots.txt HTTP/1.1" 404 1181 "-" "ltx71 - (http://ltx71.com/)"
104.154.58.95 - - [21/Apr/2017:14:26:41 +0200] "GET /doc/alapsz03.pdf HTTP/1.1" 200 91167 "-" "ltx71 - (http://ltx71.com/)"
104.154.58.95 - - [21/Apr/2017:14:27:21 +0200] "GET /doc/alapsz03.pdf HTTP/1.1" 200 178463 "-" "ltx71 - (http://ltx71.com/)"
176.63.22.132 - - [21/Apr/2017:14:32:01 +0200] "GET /favicon.ico HTTP/1.1" 404 1181 "http://www.mkk.zpok.hu/doc/mkk_eger_tanulmany_2014.pdf" "Mozilla/5.0 (Windows NT 6.3; WOW64) AppleWebKit/537.36 (KHTML, like Gecko) Chrome/57.0.2987.133 Safari/537.36"
176.63.22.132 - - [21/Apr/2017:14:32:01 +0200] "GET /doc/mkk_eger_tanulmany_2014.pdf HTTP/1.1" 200 851104 "https://www.google.hu/" "Mozilla/5.0 (Windows NT 6.3; WOW64) AppleWebKit/537.36 (KHTML, like Gecko) Chrome/57.0.2987.133 Safari/537.36"
176.77.138.249 - - [21/Apr/2017:14:38:34 +0200] "GET / HTTP/1.1" 200 2023 "https://www.google.hu/" "Mozilla/5.0 (Linux; Android 6.0; NEM-L21 Build/HONORNEM-L21) AppleWebKit/537.36 (KHTML, like Gecko) Chrome/57.0.2987.132 Mobile Safari/537.36"
176.77.138.249 - - [21/Apr/2017:14:38:34 +0200] "GET /blog.jpg HTTP/1.1" 200 29833 "http://www.mkk.zpok.hu/" "Mozilla/5.0 (Linux; Android 6.0; NEM-L21 Build/HONORNEM-L21) AppleWebKit/537.36 (KHTML, like Gecko) Chrome/57.0.2987.132 Mobile Safari/537.36"
176.77.138.249 - - [21/Apr/2017:14:38:34 +0200] "GET /facebook-logo-preview.png HTTP/1.1" 200 3924 "http://www.mkk.zpok.hu/" "Mozilla/5.0 (Linux; Android 6.0; NEM-L21 Build/HONORNEM-L21) AppleWebKit/537.36 (KHTML, like Gecko) Chrome/57.0.2987.132 Mobile Safari/537.36"
176.77.138.249 - - [21/Apr/2017:14:38:34 +0200] "GET /mkk_banner.png HTTP/1.1" 200 62097 "http://www.mkk.zpok.hu/" "Mozilla/5.0 (Linux; Android 6.0; NEM-L21 Build/HONORNEM-L21) AppleWebKit/537.36 (KHTML, like Gecko) Chrome/57.0.2987.132 Mobile Safari/537.36"
176.77.138.249 - - [21/Apr/2017:14:38:36 +0200] "GET /favicon.ico HTTP/1.1" 404 1181 "http://www.mkk.zpok.hu/" "Mozilla/5.0 (Linux; Android 6.0; NEM-L21 Build/HONORNEM-L21) AppleWebKit/537.36 (KHTML, like Gecko) Chrome/57.0.2987.132 Mobile Safari/537.36"
104.154.58.95 - - [21/Apr/2017:14:40:32 +0200] "GET /robots.txt HTTP/1.1" 404 1181 "-" "ltx71 - (http://ltx71.com/)"
104.154.58.95 - - [21/Apr/2017:14:45:26 +0200] "GET /robots.txt HTTP/1.1" 404 1181 "-" "ltx71 - (http://ltx71.com/)"
104.154.58.95 - - [21/Apr/2017:14:56:50 +0200] "GET /robots.txt HTTP/1.1" 404 1181 "-" "ltx71 - (http://ltx71.com/)"
104.154.58.95 - - [21/Apr/2017:15:04:08 +0200] "GET /robots.txt HTTP/1.1" 404 1181 "-" "ltx71 - (http://ltx71.com/)"
104.154.58.95 - - [21/Apr/2017:15:05:52 +0200] "GET /doc/alapsz03.pdf HTTP/1.1" 200 72863 "-" "ltx71 - (http://ltx71.com/)"
104.154.58.95 - - [21/Apr/2017:15:06:05 +0200] "GET /doc/alapsz03.pdf HTTP/1.1" 200 141855 "-" "ltx71 - (http://ltx71.com/)"
104.154.58.95 - - [21/Apr/2017:15:16:49 +0200] "GET /robots.txt HTTP/1.1" 404 1181 "-" "ltx71 - (http://ltx71.com/)"
104.154.58.95 - - [21/Apr/2017:15:18:59 +0200] "GET /robots.txt HTTP/1.1" 404 1181 "-" "ltx71 - (http://ltx71.com/)"
192.157.254.197 - - [21/Apr/2017:15:22:46 +0200] "HEAD / HTTP/1.1" 200 0 "https://www.inboundlinks.win/InboundLinks/mkk.zpok.hu" "Mozilla/5.0 (compatible; MSIE 9.0; Windows NT 6.1; WOW64; Trident/5.0)"
104.154.58.95 - - [21/Apr/2017:15:26:10 +0200] "GET /robots.txt HTTP/1.1" 404 1181 "-" "ltx71 - (http://ltx71.com/)"
178.222.249.64 - - [21/Apr/2017:15:33:28 +0200] "GET /doc/b2_2010.pdf HTTP/1.1" 404 1181 "https://en.wikipedia.org/" "Mozilla/5.0 (Windows NT 6.1; WOW64) AppleWebKit/537.36 (KHTML, like Gecko) Chrome/57.0.2987.133 Safari/537.36"
178.222.249.64 - - [21/Apr/2017:15:33:29 +0200] "GET /favicon.ico HTTP/1.1" 404 1181 "http://mkk.zpok.hu/doc/b2_2010.pdf" "Mozilla/5.0 (Windows NT 6.1; WOW64) AppleWebKit/537.36 (KHTML, like Gecko) Chrome/57.0.2987.133 Safari/537.36"
54.162.41.205 - - [21/Apr/2017:15:44:12 +0200] "GET /robots.txt HTTP/1.0" 404 1181 "-" "CCBot/2.0 (http://commoncrawl.org/faq/)"
54.162.41.205 - - [21/Apr/2017:15:44:12 +0200] "GET /kikvagyunk2.htm HTTP/1.0" 200 17375 "-" "CCBot/2.0 (http://commoncrawl.org/faq/)"
212.24.172.66 - - [21/Apr/2017:15:52:55 +0200] "GET /favicon.ico HTTP/1.1" 404 1181 "http://mkk.zpok.hu/doc/hu_aps_positivbeispiele_aufl2_070622_klein.pdf" "Mozilla/5.0 (Windows NT 10.0; Win64; x64) AppleWebKit/537.36 (KHTML, like Gecko) Chrome/57.0.2987.133 Safari/537.36"
212.24.172.66 - - [21/Apr/2017:15:52:56 +0200] "GET /doc/hu_aps_positivbeispiele_aufl2_070622_klein.pdf HTTP/1.1" 200 1093152 "http://kozlekedesiklub.blog.hu/2017/03/23/regionalis_vasutak_merre_van_az_elore" "Mozilla/5.0 (Windows NT 10.0; Win64; x64) AppleWebKit/537.36 (KHTML, like Gecko) Chrome/57.0.2987.133 Safari/537.36"
212.24.172.66 - - [21/Apr/2017:15:52:56 +0200] "GET /doc/hu_aps_positivbeispiele_aufl2_070622_klein.pdf HTTP/1.1" 206 65536 "http://mkk.zpok.hu/doc/hu_aps_positivbeispiele_aufl2_070622_klein.pdf" "Mozilla/5.0 (Windows NT 10.0; Win64; x64) AppleWebKit/537.36 (KHTML, like Gecko) Chrome/57.0.2987.133 Safari/537.36"
212.24.172.66 - - [21/Apr/2017:15:52:56 +0200] "GET /doc/hu_aps_positivbeispiele_aufl2_070622_klein.pdf HTTP/1.1" 206 2664389 "http://mkk.zpok.hu/doc/hu_aps_positivbeispiele_aufl2_070622_klein.pdf" "Mozilla/5.0 (Windows NT 10.0; Win64; x64) AppleWebKit/537.36 (KHTML, like Gecko) Chrome/57.0.2987.133 Safari/537.36"
104.154.58.95 - - [21/Apr/2017:15:54:28 +0200] "GET /robots.txt HTTP/1.1" 404 1181 "-" "ltx71 - (http://ltx71.com/)"
216.244.66.245 - - [21/Apr/2017:15:55:29 +0200] "GET /robots.txt HTTP/1.1" 404 1181 "-" "Mozilla/5.0 (compatible; DotBot/1.1; http://www.opensiteexplorer.org/dotbot, help@moz.com)"
54.162.41.205 - - [21/Apr/2017:16:04:50 +0200] "GET /tagsag2.htm HTTP/1.0" 200 1335 "-" "CCBot/2.0 (http://commoncrawl.org/faq/)"
54.162.41.205 - - [21/Apr/2017:16:19:11 +0200] "GET /projektek2.htm HTTP/1.0" 200 7634 "-" "CCBot/2.0 (http://commoncrawl.org/faq/)"
104.154.58.95 - - [21/Apr/2017:16:41:37 +0200] "GET /robots.txt HTTP/1.1" 404 1181 "-" "ltx71 - (http://ltx71.com/)"
104.154.58.95 - - [21/Apr/2017:16:41:51 +0200] "GET /doc/westtakt_mnr_tkp.zip HTTP/1.1" 200 548715 "-" "ltx71 - (http://ltx71.com/)"
104.154.58.95 - - [21/Apr/2017:16:42:33 +0200] "GET /doc/alapsz03.pdf HTTP/1.1" 200 168607 "-" "ltx71 - (http://ltx71.com/)"
216.244.66.245 - - [21/Apr/2017:16:44:46 +0200] "GET /robots.txt HTTP/1.1" 404 1181 "-" "Mozilla/5.0 (compatible; DotBot/1.1; http://www.opensiteexplorer.org/dotbot, help@moz.com)"
216.244.66.245 - - [21/Apr/2017:16:59:15 +0200] "GET /doc/ipoly_konf.zip HTTP/1.1" 200 1985600 "-" "Mozilla/5.0 (compatible; DotBot/1.1; http://www.opensiteexplorer.org/dotbot, help@moz.com)"
104.154.58.95 - - [21/Apr/2017:17:02:10 +0200] "GET /robots.txt HTTP/1.1" 404 1181 "-" "ltx71 - (http://ltx71.com/)"
104.154.58.95 - - [21/Apr/2017:17:23:16 +0200] "GET /robots.txt HTTP/1.1" 404 1181 "-" "ltx71 - (http://ltx71.com/)"
216.244.66.245 - - [21/Apr/2017:17:32:49 +0200] "GET /robots.txt HTTP/1.1" 404 1181 "-" "Mozilla/5.0 (compatible; DotBot/1.1; http://www.opensiteexplorer.org/dotbot, help@moz.com)"
216.244.66.245 - - [21/Apr/2017:17:44:14 +0200] "GET /doc/belepesinyilatkozat.pdf HTTP/1.1" 200 403937 "-" "Mozilla/5.0 (compatible; DotBot/1.1; http://www.opensiteexplorer.org/dotbot, help@moz.com)"
104.154.58.95 - - [21/Apr/2017:18:12:38 +0200] "GET /robots.txt HTTP/1.1" 404 1181 "-" "ltx71 - (http://ltx71.com/)"
147.83.91.253 - - [21/Apr/2017:18:29:13 +0200] "GET /doc/b2_2010.pdf HTTP/1.1" 404 1181 "https://en.wikipedia.org/" "Mozilla/5.0 (Windows NT 6.1; WOW64) AppleWebKit/537.36 (KHTML, like Gecko) Chrome/57.0.2987.133 Safari/537.36"
147.83.91.253 - - [21/Apr/2017:18:29:13 +0200] "GET /favicon.ico HTTP/1.1" 404 1181 "http://mkk.zpok.hu/doc/b2_2010.pdf" "Mozilla/5.0 (Windows NT 6.1; WOW64) AppleWebKit/537.36 (KHTML, like Gecko) Chrome/57.0.2987.133 Safari/537.36"
104.154.58.95 - - [21/Apr/2017:18:29:22 +0200] "GET /robots.txt HTTP/1.1" 404 1181 "-" "ltx71 - (http://ltx71.com/)"
104.154.58.95 - - [21/Apr/2017:18:29:44 +0200] "GET /doc/hu_aps_positivbeispiele_aufl2_070622_klein.pdf HTTP/1.1" 200 2887217 "-" "ltx71 - (http://ltx71.com/)"
104.154.58.95 - - [21/Apr/2017:18:31:23 +0200] "GET /kikvagyunk2.htm HTTP/1.1" 200 17375 "-" "ltx71 - (http://ltx71.com/)"
104.154.58.95 - - [21/Apr/2017:18:32:26 +0200] "GET /robots.txt HTTP/1.1" 404 1181 "-" "ltx71 - (http://ltx71.com/)"
104.154.58.95 - - [21/Apr/2017:18:38:04 +0200] "GET /robots.txt HTTP/1.1" 404 1181 "-" "ltx71 - (http://ltx71.com/)"
104.154.58.95 - - [21/Apr/2017:18:45:15 +0200] "GET /robots.txt HTTP/1.1" 404 1181 "-" "ltx71 - (http://ltx71.com/)"
104.154.58.95 - - [21/Apr/2017:19:01:43 +0200] "GET /robots.txt HTTP/1.1" 404 1181 "-" "ltx71 - (http://ltx71.com/)"
141.8.142.74 - - [21/Apr/2017:19:07:24 +0200] "GET /robots.txt HTTP/1.1" 404 1181 "-" "Mozilla/5.0 (compatible; YandexBot/3.0; +http://yandex.com/bots)"
178.154.189.24 - - [21/Apr/2017:19:07:27 +0200] "GET /images/vasutterkep_n.jpg HTTP/1.1" 404 1181 "-" "Mozilla/5.0 (compatible; YandexImages/3.0; +http://yandex.com/bots)"
40.77.167.79 - - [21/Apr/2017:19:15:30 +0200] "GET /doc/beszamolo_konferenciarol_0910.pdf HTTP/1.1" 404 1181 "-" "Mozilla/5.0 (compatible; bingbot/2.0; +http://www.bing.com/bingbot.htm)"
54.196.108.20 - - [21/Apr/2017:19:35:07 +0200] "GET /robots.txt HTTP/1.0" 404 1181 "-" "CCBot/2.0 (http://commoncrawl.org/faq/)"
54.196.108.20 - - [21/Apr/2017:19:35:08 +0200] "GET /doc/allomasok_kepes_osszefoglaloja.pdf HTTP/1.0" 200 1212416 "-" "CCBot/2.0 (http://commoncrawl.org/faq/)"
54.196.108.20 - - [21/Apr/2017:19:48:26 +0200] "GET /doc/alapsz03.pdf HTTP/1.0" 200 1155072 "-" "CCBot/2.0 (http://commoncrawl.org/faq/)"
66.249.69.58 - - [21/Apr/2017:19:55:28 +0200] "GET /robots.txt HTTP/1.1" 404 1181 "-" "Mozilla/5.0 (compatible; Googlebot/2.1; +http://www.google.com/bot.html)"
66.249.69.55 - - [21/Apr/2017:19:55:29 +0200] "GET /doc/bartok_20160703.pdf HTTP/1.1" 200 284990 "-" "Mozilla/5.0 (compatible; Googlebot/2.1; +http://www.google.com/bot.html)"
104.154.58.95 - - [21/Apr/2017:20:00:09 +0200] "GET /robots.txt HTTP/1.1" 404 1181 "-" "ltx71 - (http://ltx71.com/)"
54.196.108.20 - - [21/Apr/2017:20:08:03 +0200] "GET /doc/mkk_eger_tanulmany_2014.pdf HTTP/1.0" 200 851104 "-" "CCBot/2.0 (http://commoncrawl.org/faq/)"
54.196.108.20 - - [21/Apr/2017:20:25:48 +0200] "GET /doc/bartok_20160703.pdf HTTP/1.0" 200 284990 "-" "CCBot/2.0 (http://commoncrawl.org/faq/)"
54.196.108.20 - - [21/Apr/2017:20:34:51 +0200] "GET /doc/kerparoskozlekedes.pdf HTTP/1.0" 200 1179648 "-" "CCBot/2.0 (http://commoncrawl.org/faq/)"
37.9.122.201 - - [21/Apr/2017:20:42:11 +0200] "GET /robots.txt HTTP/1.1" 404 1181 "-" "Mozilla/5.0 (compatible; YandexBot/3.0; +http://yandex.com/bots)"
37.9.122.201 - - [21/Apr/2017:20:42:15 +0200] "GET /doc/b2_2010.pdf HTTP/1.1" 404 1181 "-" "Mozilla/5.0 (compatible; YandexBot/3.0; +http://yandex.com/bots)"
54.202.203.8 - - [21/Apr/2017:21:18:40 +0200] "GET / HTTP/1.1" 200 2023 "-" "Mozilla/5.0 (Macintosh; Intel Mac OS X 10_10_3) AppleWebKit/537.36 (KHTML, like Gecko) Chrome/44.0.2403.89 Safari/537.36"
104.154.58.95 - - [21/Apr/2017:21:19:50 +0200] "GET /robots.txt HTTP/1.1" 404 1181 "-" "ltx71 - (http://ltx71.com/)"
54.196.108.20 - - [21/Apr/2017:21:21:59 +0200] "GET /doc/hu_aps_positivbeispiele_aufl2_070622_klein.pdf HTTP/1.0" 200 1333016 "-" "CCBot/2.0 (http://commoncrawl.org/faq/)"
37.204.148.246 - - [21/Apr/2017:21:23:21 +0200] "GET /doc/b2_2016.pdf HTTP/1.1" 404 1181 "http://yandex.ru/clck/jsredir?from=yandex.ru%3Bsearch%3Bweb%3B%3B&text=&etext=1398.fUEpjM_Zq7xt0UcQj9L_Pzs6uNBnFj27l3knrFx-9KIyG527NmQE2pteNxL6LPWj.425b54cb97843d592ddd22baf337c4424373ba4c&uuid=&state=_BLhILn4SxNIvvL0W45KSic66uCIg23qh8iRG98qeIXmeppkgUc0YG-XUIUpxKrkaoPisARVvB8&data=YnNFc1pRN0lTNGJLeFpGcE9VdGtoTzlHWTlQdGgtcE1naEY2bmZ1OG9VZHZmc1g5cmwwQUhKMGE3YVNqNnBHc3NGRmlDSExEc1llWnJMdEtMdEhuN3J5Qzl6U3B0NEpa&b64e=2&sign=6860ed3b480d9819648919a1da3b7bae&keyno=0&cst=AiuY0DBWFJ7IXge4WdYJQe3IrxbPWIv4sENNsIXX7pco9O9eqCPqvEBSoWiD6xIRRhEXXBtLKo80ab3xWfnKjm9KPWTXwaQvJChjnVTdJuEUAHq7C2bJT8v6S8UyuIul47ekWcUqZYRl417KaZgAow&ref=orjY4mGPRjk5boDnW0uvlrrd71vZw9kp5uQozpMtKCXvzya1eNB8qg8TjOjAubXifqRiGaOhKd4MAEAY72SIYePv9T4t1ZSXHrTgcRc7yQ-aOpTwfnKHVA&l10n=ru&cts=1492801935748&mc=5.56120258343" "Opera/9.80 (Windows NT 6.1) Presto/2.12.388 Version/12.16"
95.24.153.182 - - [21/Apr/2017:21:23:21 +0200] "GET /doc/vasuttal-budapest-kornyeken.pdf HTTP/1.1" 404 1181 "http://yandex.ru/clck/jsredir?from=yandex.ru%3Bsearch%3Bweb%3B%3B&text=&etext=1398.mLEFkHsBrfeZ4-x-8J3Ho5XyGnprIfPM8URFYRyh9WrqI89c4H3SFk2WWdhpDOMv.553d9367abc09c22d93db634e85a29740cdba00a&uuid=&state=_BLhILn4SxNIvvL0W45KSic66uCIg23qh8iRG98qeIXmeppkgUc0YM1sNxN_KHOPADPyHdOKa1Y&data=YnNFc1pRN0lTNGJLeFpGcE9VdGtoTzlHWTlQdGgtcE1NTjRsSXROOTZLa2MyUlVjNnlKME1WN3JidXA0SFpwSk9LbjVOM3lIbTlGZG1KbklMLVZPc1E4eEExSHlyV3d3Rk9NWElrblNSX3FGaTBlcFR2UUlDanl1ZVQ1alMtNms&b64e=2&sign=6586cec46521960799d1b01ed56544ac&keyno=0&cst=AiuY0DBWFJ7IXge4WdYJQYuwSQLovbTTQhjz4DvkZ50whpXZve-OhebUsC6zA84Sl2ZW4J-S029YdohB9YhhiU7nrLeNf55AVc6nT52bvECLfi6haL9oCqjfGk3DkliB-w5Fc3G--hrBEQyIiESFN9zjkDw7Fhi_&ref=orjY4mGPRjk5boDnW0uvlrrd71vZw9kp5uQozpMtKCXdCnh-_wii4fSlPoxQ7waWMnxwjwtV9cTY7nq1Rt6QqEdzBJhv0XePUnKd3ngOIl6jUfTP0L1qjg&l10n=ru&cts=1492801935748&mc=4.16454321284" "Mozilla/5.0 (Windows NT 6.1) AppleWebKit/537.36 (KHTML, like Gecko) Chrome/28.0.1500.95 YaBrowser/13.10.1500.9323 Safari/537.36"
109.63.146.175 - - [21/Apr/2017:21:23:21 +0200] "GET /doc/b2_2010.pdf HTTP/1.1" 404 1181 "http://yandex.ru/clck/jsredir?from=yandex.ru%3Bsearch%3Bweb%3B%3B&text=&etext=1398.OpMVb4yBE32YBphpZI64YVk0CtW6FgAPTIAqwMbiBZO4ZUarI2J1UOjr2PffQydb.4a184c406ee75e1b9a09b69992bf44f45c28fc10&uuid=&state=_BLhILn4SxNIvvL0W45KSic66uCIg23qh8iRG98qeIXmeppkgUc0YG-XUIUpxKrkaoPisARVvB8&data=YnNFc1pRN0lTNGJLeFpGcE9VdGtoTzlHWTlQdGgtcE1nUklIVHJqNVNjY29VRlZRMXhsOWdCaTRRYUtydXZTaGl2a3otdy1Ic1FfbTBQLXRCbWJhZzRFUm96WW1KMG8t&b64e=2&sign=6b54f76e0a9d1814f50376f0865ae50d&keyno=0&cst=AiuY0DBWFJ7IXge4WdYJQa9gkHE_3kbiMhDShdsxsiFTzURPkQ7VcFYXgStbzLwAiScoXivbCIZ9vbsiNWO0u1Ro5asicKc3FFeqwATYSVHwg1Xx56N7TKgZCCQCecys9flPMzMBSK75ZNsIUflPnw&ref=orjY4mGPRjk5boDnW0uvlrrd71vZw9kp5uQozpMtKCVz9TJ3Mp6DkbQZDGp5qZHH8QjmTAu1XosGfUI3Xyi9-SYeafRaO2KiLX21FC9tub9os5mdwCRmdg&l10n=ru&cts=1492801935748&mc=2.41554031352" "Mozilla/5.0 (Windows NT 6.1) AppleWebKit/537.36 (KHTML, like Gecko) Chrome/28.0.1500.74 Safari/537.36 MRCHROME"
188.255.16.161 - - [21/Apr/2017:21:23:21 +0200] "GET /hirlevel/vasuttal0804.htm HTTP/1.1" 404 1181 "http://yandex.ru/clck/jsredir?from=yandex.ru%3Bsearch%3Bweb%3B%3B&text=&etext=1398.jxA4Nf7onqWetiAT5M6mbovHOn4OIDEl7Zv1yylmg8g9DXcPwoBuXjf36GpNy92S.692bc3b84ff5e01077380a568ce03eead3db4e49&uuid=&state=_BLhILn4SxNIvvL0W45KSic66uCIg23qh8iRG98qeIXmeppkgUc0YM1sNxN_KHOPADPyHdOKa1Y&data=YnNFc1pRN0lTNGJLeFpGcE9VdGtoRjV3Nm9BUmE2M3FFLUY3b0dFS0s0bjMydkxRdC1WNnl2Vy1zWUpjWm1qTGdyWjZMQkdUcTI1UjJLMU9ocWlOZUx4eWNXSWhIMTJULTUtUUpVU2hYcThsd1R4X3VKcm5Edw&b64e=2&sign=84c58c34431e7896fba19709e6273f07&keyno=0&cst=AiuY0DBWFJ7IXge4WdYJQYpgPUyh7uQl1ZJt5Kx5L9FkL0gzB3rn1YnXBscpz8DTIx4L7II-xilw4PT-81CaSIRX21hIqGV74tdJvmKnv81O8xhnKnDdiNieij6HJNeVNCkLY-cE1rQ08nhJAiRZjt7MZ006p1b2&ref=orjY4mGPRjk5boDnW0uvlrrd71vZw9kp5uQozpMtKCX5No9jVno6g36LZIgLJcLGu7aPPQguEsRdNarBWh39d1RV4-HQAVMewctZQEVKNTVlfzwrvd-1cA&l10n=ru&cts=1492801935748&mc=6.92081537291" "Opera/9.80 (Windows NT 6.1; Edition Yx) Presto/2.12.388 Version/12.15"
180.76.15.149 - - [21/Apr/2017:21:26:04 +0200] "GET / HTTP/1.1" 304 - "-" "Mozilla/5.0 (compatible; Baiduspider/2.0; +http://www.baidu.com/search/spider.html)"
157.55.39.171 - - [21/Apr/2017:21:41:34 +0200] "GET / HTTP/1.1" 200 2023 "-" "Mozilla/5.0 (compatible; bingbot/2.0; +http://www.bing.com/bingbot.htm)"
54.196.108.20 - - [21/Apr/2017:21:42:15 +0200] "GET /doc/ttft.pdf HTTP/1.0" 200 1220608 "-" "CCBot/2.0 (http://commoncrawl.org/faq/)"
54.196.108.20 - - [21/Apr/2017:21:43:09 +0200] "GET /doc/87_fa_szv.pdf HTTP/1.0" 200 56286 "-" "CCBot/2.0 (http://commoncrawl.org/faq/)"
104.154.58.95 - - [21/Apr/2017:21:58:05 +0200] "GET /robots.txt HTTP/1.1" 404 1181 "-" "ltx71 - (http://ltx71.com/)"
104.154.58.95 - - [21/Apr/2017:22:04:02 +0200] "GET /robots.txt HTTP/1.1" 404 1181 "-" "ltx71 - (http://ltx71.com/)"
104.154.58.95 - - [21/Apr/2017:22:06:51 +0200] "GET /robots.txt HTTP/1.1" 404 1181 "-" "ltx71 - (http://ltx71.com/)"
104.154.58.95 - - [21/Apr/2017:22:07:18 +0200] "GET / HTTP/1.1" 200 2023 "-" "ltx71 - (http://ltx71.com/)"
104.154.58.95 - - [21/Apr/2017:22:09:16 +0200] "GET /tagsag2.htm HTTP/1.1" 200 1335 "-" "ltx71 - (http://ltx71.com/)"
104.154.58.95 - - [21/Apr/2017:22:10:08 +0200] "GET /kikvagyunk2.htm HTTP/1.1" 200 17375 "-" "ltx71 - (http://ltx71.com/)"
66.249.69.52 - - [21/Apr/2017:22:17:33 +0200] "GET /doc/varos-videk_2009.pdf HTTP/1.1" 200 1636386 "-" "Mozilla/5.0 (compatible; Googlebot/2.1; +http://www.google.com/bot.html)"
104.154.58.95 - - [21/Apr/2017:22:17:48 +0200] "GET /robots.txt HTTP/1.1" 404 1181 "-" "ltx71 - (http://ltx71.com/)"
104.154.58.95 - - [21/Apr/2017:22:21:47 +0200] "GET /robots.txt HTTP/1.1" 404 1181 "-" "ltx71 - (http://ltx71.com/)"
104.154.58.95 - - [21/Apr/2017:22:24:29 +0200] "GET /robots.txt HTTP/1.1" 404 1181 "-" "ltx71 - (http://ltx71.com/)"
104.154.58.95 - - [21/Apr/2017:22:33:32 +0200] "GET /robots.txt HTTP/1.1" 404 1181 "-" "ltx71 - (http://ltx71.com/)"
104.154.58.95 - - [21/Apr/2017:22:39:33 +0200] "GET /robots.txt HTTP/1.1" 404 1181 "-" "ltx71 - (http://ltx71.com/)"
66.249.75.48 - - [21/Apr/2017:22:42:46 +0200] "GET /robots.txt HTTP/1.1" 404 1181 "-" "Mozilla/5.0 (compatible; Googlebot/2.1; +http://www.google.com/bot.html)"
66.249.75.46 - - [21/Apr/2017:22:42:46 +0200] "GET /hirlevel/images/1206_6.jpg HTTP/1.1" 404 1181 "-" "Googlebot-Image/1.0"
104.154.58.95 - - [21/Apr/2017:23:06:57 +0200] "GET /robots.txt HTTP/1.1" 404 1181 "-" "ltx71 - (http://ltx71.com/)"
104.154.58.95 - - [21/Apr/2017:23:46:52 +0200] "GET /robots.txt HTTP/1.1" 404 1181 "-" "ltx71 - (http://ltx71.com/)"
23.88.37.115 - - [21/Apr/2017:23:59:45 +0200] "GET / HTTP/1.1" 200 2023 "http://www.domain2008.com/domains/mkk.zpok.hu" "Mozilla/5.0 (compatible; MSIE 9.0; Windows NT 6.1; WOW64; Trident/5.0)"
95.221.210.204 - - [22/Apr/2017:00:09:42 +0200] "GET /doc/b2_2010.pdf HTTP/1.1" 404 1181 "http://yandex.ru/clck/jsredir?from=yandex.ru%3Bsearch%3Bweb%3B%3B&text=&etext=1398.seUkAwOPFn1F66rXXRKPZG7gpKLkoMd6LIM_ZWzgeUOfaoY7o5qpC_AftYFzf_vZ.aada67e44a204df010d5b042928b151e6b166b90&uuid=&state=_BLhILn4SxNIvvL0W45KSic66uCIg23qh8iRG98qeIXmeppkgUc0YGHEttDsYq_w3pSJtejupWg&data=YnNFc1pRN0lTNGJLeFpGcE9VdGtoTzlHWTlQdGgtcE1nUklIVHJqNVNjY29VRlZRMXhsOWdJUmRSZGFtaHd3Zm9aRzZZVFFmQzMyNkJoY2puRTQ1YWpab043TFNLYk41&b64e=2&sign=1ce09dc99fcd87aefcf8a416c2b703e8&keyno=0&cst=AiuY0DBWFJ7IXge4WdYJQXbYQp9t5VF6vLCkxUC_F1kuqVyP5hf7Q3rGlX1HzfIoBMBPRBGaWeNTjsyig619sOUu3Ya1ghRH1OHhZSI5TbqvnexwUMHhG05rjGRSASVEMOaiH85NANSAHEyj84Pv9A&ref=orjY4mGPRjk5boDnW0uvlrrd71vZw9kp5uQozpMtKCVklTTo7sHn7Ft_-XnRlqDXP6ydCznmMDmDgbIumjkAsn9TuuiWMgkw4muvmyj-6an3Kzu-IStYlg&l10n=ru&cts=1492806447204&mc=5.18590788461" "Mozilla/5.0 (Windows NT 6.1) AppleWebKit/537.36 (KHTML, like Gecko) Chrome/28.0.1500.74 Safari/537.36 MRCHROME"
37.147.106.53 - - [22/Apr/2017:00:09:44 +0200] "GET /hirlevel/vasuttal0804.htm HTTP/1.1" 404 1181 "http://yandex.ru/clck/jsredir?from=yandex.ru%3Bsearch%3Bweb%3B%3B&text=&etext=1398.VeeJw1XXmPLZENPi68Dc-DVsnxW6fFtUXyAZoRJhf8Twk74R7HgnkcVEvmvCiqwt.45622315d4b69f1d62afc757e8438d71ef537360&uuid=&state=_BLhILn4SxNIvvL0W45KSic66uCIg23qh8iRG98qeIXmeppkgUc0YGv9iZwKiy-E54GYiollMFA&data=YnNFc1pRN0lTNGJLeFpGcE9VdGtoRjV3Nm9BUmE2M3FFLUY3b0dFS0s0bjMydkxRdC1WNnl2Vy1zWUpjWm1qTGpNZkhjMlh3eDczSkV2TWFTc2hLeWZrdlNrZFpyUjJhcjdIaGcwUWh5MnBOVVE4YzlUa09hQQ&b64e=2&sign=e7e31e76d0a5c46a2fd9c5a49ce85f26&keyno=0&cst=AiuY0DBWFJ7IXge4WdYJQa9gkHE_3kbidHtfe2a5VoZvgGSmcTlL9SBOueHVZ77AdixI0bTusFgosFHcW8l3h2zuk6o5Qi1vfFqUmp1RYxgIbuwYeeIaUFCjAI0PU85i6R1J1uZqeMBTXnyVJEWZex7QkHF-vp2h&ref=orjY4mGPRjk5boDnW0uvlrrd71vZw9kp5uQozpMtKCXbzzOhnlhWfEkYIghCVowpQbuKc8yHBsQM7og459b-yuN0LK_nd16rYRws8DgIkdxzaDcj-y9FcQ&l10n=ru&cts=1492806447204&mc=2.32018308397" "Opera/9.80 (Windows NT 6.1; Edition Yx) Presto/2.12.388 Version/12.15"
52.2.10.94 - - [22/Apr/2017:00:19:13 +0200] "GET /robots.txt HTTP/1.1" 404 1181 "-" "ltx71 - (http://ltx71.com/)"
52.2.10.94 - - [22/Apr/2017:00:20:36 +0200] "GET /tagsag2.htm HTTP/1.1" 200 1335 "-" "ltx71 - (http://ltx71.com/)"
46.229.164.98 - - [22/Apr/2017:00:31:21 +0200] "GET /robots.txt HTTP/1.1" 404 1181 "-" "Mozilla/5.0 (compatible; SemrushBot/1.2~bl; +http://www.semrush.com/bot.html)"
104.154.58.95 - - [22/Apr/2017:01:09:25 +0200] "GET /robots.txt HTTP/1.1" 404 1181 "-" "ltx71 - (http://ltx71.com/)"
77.11.159.115 - - [22/Apr/2017:01:52:26 +0200] "GET /doc/b2_2010.pdf HTTP/1.1" 404 1181 "https://de.wikipedia.org/" "Mozilla/5.0 (Windows NT 6.3; WOW64; rv:52.0) Gecko/20100101 Firefox/52.0"
77.11.159.115 - - [22/Apr/2017:01:52:27 +0200] "GET /favicon.ico HTTP/1.1" 404 1181 "-" "Mozilla/5.0 (Windows NT 6.3; WOW64; rv:52.0) Gecko/20100101 Firefox/52.0"
77.11.159.115 - - [22/Apr/2017:01:52:27 +0200] "GET /favicon.ico HTTP/1.1" 404 1181 "-" "Mozilla/5.0 (Windows NT 6.3; WOW64; rv:52.0) Gecko/20100101 Firefox/52.0"
180.76.15.153 - - [22/Apr/2017:02:06:37 +0200] "GET /robots.txt HTTP/1.1" 404 1181 "-" "Mozilla/5.0 (Windows NT 5.1; rv:6.0.2) Gecko/20100101 Firefox/6.0.2"
180.76.15.7 - - [22/Apr/2017:02:06:37 +0200] "GET /robots.txt HTTP/1.1" 404 1181 "-" "Mozilla/5.0 (Windows NT 5.1; rv:6.0.2) Gecko/20100101 Firefox/6.0.2"
46.229.164.99 - - [22/Apr/2017:02:12:36 +0200] "GET /robots.txt HTTP/1.1" 404 1181 "-" "Mozilla/5.0 (compatible; SemrushBot/1.2~bl; +http://www.semrush.com/bot.html)"
180.76.15.23 - - [22/Apr/2017:02:37:49 +0200] "GET /doc/kerparoskozlekedes.pdf HTTP/1.1" 200 622592 "-" "Mozilla/5.0 (compatible; Baiduspider/2.0; +http://www.baidu.com/search/spider.html)"
66.249.69.55 - - [22/Apr/2017:03:32:40 +0200] "GET /doc/vonatrafel_c.pdf HTTP/1.1" 404 1181 "-" "Mozilla/5.0 (Linux; Android 6.0.1; Nexus 5X Build/MMB29P) AppleWebKit/537.36 (KHTML, like Gecko) Chrome/41.0.2272.96 Mobile Safari/537.36 (compatible; Googlebot/2.1; +http://www.google.com/bot.html)"
89.72.183.102 - - [22/Apr/2017:04:12:36 +0200] "GET /doc/b2_20pdf HTTP/1.1" 404 1181 "http://mkk.zpok.hu/" "Mozilla/5.0 (Windows NT 6.1; rv:35.0) Gecko/20100101 Firefox/35.0"
89.72.183.102 - - [22/Apr/2017:04:12:36 +0200] "GET / HTTP/1.1" 200 2023 "http://mkk.zpok.hu" "Mozilla/5.0 (Windows NT 6.1; rv:35.0) Gecko/20100101 Firefox/35.0"
104.154.58.95 - - [22/Apr/2017:06:32:42 +0200] "GET /robots.txt HTTP/1.1" 404 1181 "-" "ltx71 - (http://ltx71.com/)"
104.154.58.95 - - [22/Apr/2017:06:33:08 +0200] "GET / HTTP/1.1" 200 2023 "-" "ltx71 - (http://ltx71.com/)"
40.77.167.178 - - [22/Apr/2017:06:39:42 +0200] "GET /robots.txt HTTP/1.1" 404 1181 "-" "Mozilla/5.0 (compatible; bingbot/2.0; +http://www.bing.com/bingbot.htm)"
40.77.167.178 - - [22/Apr/2017:06:39:42 +0200] "GET /robots.txt HTTP/1.1" 404 1181 "-" "Mozilla/5.0 (compatible; bingbot/2.0; +http://www.bing.com/bingbot.htm)"
157.55.39.171 - - [22/Apr/2017:06:39:44 +0200] "GET / HTTP/1.1" 200 2023 "-" "Mozilla/5.0 (compatible; bingbot/2.0; +http://www.bing.com/bingbot.htm)"
199.58.86.211 - - [22/Apr/2017:07:26:17 +0200] "GET /robots.txt HTTP/1.1" 404 1181 "-" "Mozilla/5.0 (compatible; MJ12bot/v1.4.8; http://mj12bot.com/)"
199.58.86.211 - - [22/Apr/2017:07:26:20 +0200] "GET / HTTP/1.1" 200 2023 "-" "Mozilla/5.0 (compatible; MJ12bot/v1.4.8; http://mj12bot.com/)"
199.58.86.211 - - [22/Apr/2017:07:26:22 +0200] "GET /robots.txt HTTP/1.1" 404 1181 "-" "Mozilla/5.0 (compatible; MJ12bot/v1.4.8; http://mj12bot.com/)"
199.58.86.211 - - [22/Apr/2017:07:26:24 +0200] "GET / HTTP/1.1" 200 2023 "-" "Mozilla/5.0 (compatible; MJ12bot/v1.4.8; http://mj12bot.com/)"
5.9.85.245 - - [22/Apr/2017:07:51:14 +0200] "GET /robots.txt HTTP/1.1" 404 1181 "-" "Mozilla/5.0 (compatible; BLEXBot/1.0; +http://webmeup-crawler.com/)"
5.9.85.245 - - [22/Apr/2017:07:51:14 +0200] "GET /robots.txt HTTP/1.1" 404 1181 "-" "Mozilla/5.0 (compatible; BLEXBot/1.0; +http://webmeup-crawler.com/)"
5.9.85.245 - - [22/Apr/2017:07:51:14 +0200] "GET / HTTP/1.1" 200 2023 "-" "Mozilla/5.0 (compatible; BLEXBot/1.0; +http://webmeup-crawler.com/)"
5.9.85.245 - - [22/Apr/2017:07:53:07 +0200] "GET /kikvagyunk2.htm HTTP/1.1" 200 17375 "-" "Mozilla/5.0 (compatible; BLEXBot/1.0; +http://webmeup-crawler.com/)"
5.9.85.245 - - [22/Apr/2017:07:53:13 +0200] "GET /projektek2.htm HTTP/1.1" 200 7634 "-" "Mozilla/5.0 (compatible; BLEXBot/1.0; +http://webmeup-crawler.com/)"
5.9.85.245 - - [22/Apr/2017:07:53:18 +0200] "GET /tagsag2.htm HTTP/1.1" 200 1335 "-" "Mozilla/5.0 (compatible; BLEXBot/1.0; +http://webmeup-crawler.com/)"
5.9.85.245 - - [22/Apr/2017:07:53:23 +0200] "GET /hirlevel/vonattal1408.html HTTP/1.1" 404 1181 "-" "Mozilla/5.0 (compatible; BLEXBot/1.0; +http://webmeup-crawler.com/)"
5.9.85.245 - - [22/Apr/2017:07:53:28 +0200] "GET /hirlevel/vonattal1409.html HTTP/1.1" 404 1181 "-" "Mozilla/5.0 (compatible; BLEXBot/1.0; +http://webmeup-crawler.com/)"
5.9.85.245 - - [22/Apr/2017:07:53:34 +0200] "GET /hirlevel/vonattal1508.html HTTP/1.1" 404 1181 "-" "Mozilla/5.0 (compatible; BLEXBot/1.0; +http://webmeup-crawler.com/)"
5.9.85.245 - - [22/Apr/2017:07:53:40 +0200] "GET /hirlevel/vonattal1512.html HTTP/1.1" 404 1181 "-" "Mozilla/5.0 (compatible; BLEXBot/1.0; +http://webmeup-crawler.com/)"
5.9.85.245 - - [22/Apr/2017:07:53:44 +0200] "GET /hirlevel/vonattal1601.html HTTP/1.1" 404 1181 "-" "Mozilla/5.0 (compatible; BLEXBot/1.0; +http://webmeup-crawler.com/)"
5.9.85.245 - - [22/Apr/2017:07:53:57 +0200] "GET /hirlevel/vonattal1602.html HTTP/1.1" 404 1181 "-" "Mozilla/5.0 (compatible; BLEXBot/1.0; +http://webmeup-crawler.com/)"
5.9.85.245 - - [22/Apr/2017:07:55:44 +0200] "GET /hirlevel/vonattal1603.html HTTP/1.1" 404 1181 "-" "Mozilla/5.0 (compatible; BLEXBot/1.0; +http://webmeup-crawler.com/)"
5.9.85.245 - - [22/Apr/2017:07:55:49 +0200] "GET /hirlevel/vonattal1605.html HTTP/1.1" 404 1181 "-" "Mozilla/5.0 (compatible; BLEXBot/1.0; +http://webmeup-crawler.com/)"
5.9.85.245 - - [22/Apr/2017:07:55:53 +0200] "GET / HTTP/1.1" 200 2023 "-" "Mozilla/5.0 (compatible; BLEXBot/1.0; +http://webmeup-crawler.com/)"
5.9.85.245 - - [22/Apr/2017:07:56:13 +0200] "GET /kikvagyunk2.htm HTTP/1.1" 200 17375 "-" "Mozilla/5.0 (compatible; BLEXBot/1.0; +http://webmeup-crawler.com/)"
5.9.85.245 - - [22/Apr/2017:07:59:01 +0200] "GET /robots.txt HTTP/1.1" 404 1181 "-" "Mozilla/5.0 (compatible; BLEXBot/1.0; +http://webmeup-crawler.com/)"
5.9.85.245 - - [22/Apr/2017:07:59:01 +0200] "GET /robots.txt HTTP/1.1" 404 1181 "-" "Mozilla/5.0 (compatible; BLEXBot/1.0; +http://webmeup-crawler.com/)"
5.9.85.245 - - [22/Apr/2017:07:59:01 +0200] "GET /projektek2.htm HTTP/1.1" 200 7634 "-" "Mozilla/5.0 (compatible; BLEXBot/1.0; +http://webmeup-crawler.com/)"
5.9.85.245 - - [22/Apr/2017:07:59:11 +0200] "GET /tagsag2.htm HTTP/1.1" 200 1335 "-" "Mozilla/5.0 (compatible; BLEXBot/1.0; +http://webmeup-crawler.com/)"
79.200.201.112 - - [22/Apr/2017:08:02:15 +0200] "GET /doc/b2_2010.pdf HTTP/1.1" 404 1181 "https://de.wikipedia.org/" "Mozilla/5.0 (Macintosh; Intel Mac OS X 10.6; rv:48.0) Gecko/20100101 Firefox/48.0"
