178.154.189.24 - - [04/May/2017:16:39:19 +0200] "GET /doc/ipoly_201109.pdf HTTP/1.1" 404 1181 "-" "Mozilla/5.0 (compatible; YandexBot/3.0; +http://yandex.com/bots)"
141.8.183.15 - - [04/May/2017:16:39:23 +0200] "GET /hirlevel/vonattal1401.html HTTP/1.1" 404 1181 "-" "Mozilla/5.0 (compatible; YandexBot/3.0; +http://yandex.com/bots)"
141.8.142.74 - - [04/May/2017:16:39:27 +0200] "GET /hirlevel/images/zajta_201012_k.jpg HTTP/1.1" 404 1181 "-" "Mozilla/5.0 (compatible; YandexBot/3.0; +http://yandex.com/bots)"
5.255.253.33 - - [04/May/2017:16:39:30 +0200] "GET /images/vasutterkep_n.jpg HTTP/1.1" 404 1181 "-" "Mozilla/5.0 (compatible; YandexBot/3.0; +http://yandex.com/bots)"
141.8.142.176 - - [04/May/2017:16:42:40 +0200] "GET /hirlevel/MAV_102vonal_prezi201504.pdf HTTP/1.1" 404 1181 "-" "Mozilla/5.0 (compatible; YandexBot/3.0; +http://yandex.com/bots)"
178.154.149.7 - - [04/May/2017:16:42:44 +0200] "GET /hirlevel/vonattal1505.html HTTP/1.1" 404 1181 "-" "Mozilla/5.0 (compatible; YandexBot/3.0; +http://yandex.com/bots)"
66.249.64.88 - - [04/May/2017:16:54:10 +0200] "GET /doc/alapsz03.pdf HTTP/1.1" 200 6009944 "-" "Mozilla/5.0 (compatible; Googlebot/2.1; +http://www.google.com/bot.html)"
77.66.120.33 - - [04/May/2017:17:07:36 +0200] "GET /robots.txt HTTP/1.0" 404 1181 "-" "Mozilla/5.0 (compatible; Findxbot/1.0; +http://www.findxbot.com)"
77.66.120.33 - - [04/May/2017:17:07:37 +0200] "GET / HTTP/1.0" 200 2023 "-" "Mozilla/5.0 (compatible; Findxbot/1.0; +http://www.findxbot.com)"
40.77.167.10 - - [04/May/2017:17:09:55 +0200] "GET / HTTP/1.1" 200 2023 "-" "Mozilla/5.0 (compatible; bingbot/2.0; +http://www.bing.com/bingbot.htm)"
66.249.64.134 - - [04/May/2017:17:22:12 +0200] "GET /hirlevel/vonattal1603.html HTTP/1.1" 404 1181 "-" "Mozilla/5.0 (compatible; Googlebot/2.1; +http://www.google.com/bot.html)"
66.249.64.88 - - [04/May/2017:17:26:37 +0200] "GET /doc/87_fa_szv.pdf HTTP/1.1" 200 56286 "-" "Mozilla/5.0 (compatible; Googlebot/2.1; +http://www.google.com/bot.html)"
141.8.142.74 - - [04/May/2017:17:28:56 +0200] "GET /images/vasutterkep_n.jpg HTTP/1.1" 404 1181 "-" "Mozilla/5.0 (compatible; YandexBot/3.0; +http://yandex.com/bots)"
192.157.254.197 - - [04/May/2017:17:39:10 +0200] "HEAD / HTTP/1.1" 200 0 "https://www.inboundlinks.win/InboundLinks/mkk.zpok.hu" "Mozilla/5.0 (compatible; MSIE 9.0; Windows NT 6.1; WOW64; Trident/5.0)"
66.249.64.84 - - [04/May/2017:18:37:29 +0200] "GET /robots.txt HTTP/1.1" 404 1181 "-" "Mozilla/5.0 (compatible; Googlebot/2.1; +http://www.google.com/bot.html)"
66.249.64.84 - - [04/May/2017:18:37:30 +0200] "GET /doc/bartok_20160703.pdf HTTP/1.1" 200 284990 "-" "Mozilla/5.0 (compatible; Googlebot/2.1; +http://www.google.com/bot.html)"
66.249.64.84 - - [04/May/2017:19:43:00 +0200] "GET /doc/varos-videk_2009.pdf HTTP/1.1" 200 1636386 "-" "Mozilla/5.0 (compatible; Googlebot/2.1; +http://www.google.com/bot.html)"
188.165.174.39 - - [04/May/2017:20:02:17 +0200] "GET /doc/belepesinyilatkozat.pdf HTTP/1.1" 200 34689 "http://www.mkk.zpok.hu/doc/belepesinyilatkozat.pdf" "Pcore-HTTP/v0.25.0"
188.165.174.39 - - [04/May/2017:20:02:17 +0200] "GET /doc/kozh.zip HTTP/1.1" 200 34686 "http://www.mkk.zpok.hu/doc/kozh.zip" "Pcore-HTTP/v0.25.0"
188.165.174.39 - - [04/May/2017:20:02:17 +0200] "GET /doc/ttft.pdf HTTP/1.1" 200 34687 "http://www.mkk.zpok.hu/doc/ttft.pdf" "Pcore-HTTP/v0.25.0"
188.165.174.39 - - [04/May/2017:20:02:17 +0200] "GET /doc/varos-videk_2009.pdf HTTP/1.1" 200 34687 "http://www.mkk.zpok.hu/doc/varos-videk_2009.pdf" "Pcore-HTTP/v0.25.0"
188.165.174.39 - - [04/May/2017:20:02:17 +0200] "GET /doc/mkk_eger_tanulmany_2014.pdf HTTP/1.1" 200 34689 "http://www.mkk.zpok.hu/doc/mkk_eger_tanulmany_2014.pdf" "Pcore-HTTP/v0.25.0"
188.165.174.39 - - [04/May/2017:20:02:17 +0200] "GET /doc/alapsz03.pdf HTTP/1.1" 200 8192 "http://www.mkk.zpok.hu/doc/alapsz03.pdf" "Pcore-HTTP/v0.25.0"
188.165.174.39 - - [04/May/2017:20:02:17 +0200] "GET /doc/ipoly_konf.zip HTTP/1.1" 200 8192 "http://www.mkk.zpok.hu/doc/ipoly_konf.zip" "Pcore-HTTP/v0.25.0"
188.165.174.39 - - [04/May/2017:20:02:17 +0200] "GET /doc/eletet-a-vasutnak.pdf HTTP/1.1" 200 39067 "http://www.mkk.zpok.hu/doc/eletet-a-vasutnak.pdf" "Pcore-HTTP/v0.25.0"
188.165.174.39 - - [04/May/2017:20:02:17 +0200] "GET /doc/westtakt_mnr_tkp.zip HTTP/1.1" 200 34689 "http://www.mkk.zpok.hu/doc/westtakt_mnr_tkp.zip" "Pcore-HTTP/v0.25.0"
188.165.174.39 - - [04/May/2017:20:02:17 +0200] "GET /doc/allomasok_kepes_osszefoglaloja.pdf HTTP/1.1" 200 34687 "http://www.mkk.zpok.hu/doc/allomasok_kepes_osszefoglaloja.pdf" "Pcore-HTTP/v0.25.0"
188.165.174.39 - - [04/May/2017:20:02:17 +0200] "GET /doc/hu_aps_positivbeispiele_aufl2_070622_klein.pdf HTTP/1.1" 200 34687 "http://www.mkk.zpok.hu/doc/hu_aps_positivbeispiele_aufl2_070622_klein.pdf" "Pcore-HTTP/v0.25.0"
188.165.174.39 - - [04/May/2017:20:02:17 +0200] "GET /doc/80_sln_su.pdf HTTP/1.1" 200 34689 "http://www.mkk.zpok.hu/doc/80_sln_su.pdf" "Pcore-HTTP/v0.25.0"
188.165.174.39 - - [04/May/2017:20:02:17 +0200] "GET /doc/87_fa_szv.pdf HTTP/1.1" 200 34691 "http://www.mkk.zpok.hu/doc/87_fa_szv.pdf" "Pcore-HTTP/v0.25.0"
188.165.174.39 - - [04/May/2017:20:02:17 +0200] "GET /doc/westtakt_final_20160405.pdf HTTP/1.1" 200 34689 "http://www.mkk.zpok.hu/doc/westtakt_final_20160405.pdf" "Pcore-HTTP/v0.25.0"
188.165.174.39 - - [04/May/2017:20:02:17 +0200] "GET /doc/kerparoskozlekedes.pdf HTTP/1.1" 200 34687 "http://www.mkk.zpok.hu/doc/kerparoskozlekedes.pdf" "Pcore-HTTP/v0.25.0"
188.165.174.39 - - [04/May/2017:20:02:17 +0200] "GET /doc/bartok_20160703.pdf HTTP/1.1" 200 34689 "http://www.mkk.zpok.hu/doc/bartok_20160703.pdf" "Pcore-HTTP/v0.25.0"
66.249.64.92 - - [04/May/2017:20:13:51 +0200] "GET /doc/eletet-a-vasutnak.pdf HTTP/1.1" 200 5085257 "-" "Mozilla/5.0 (compatible; Googlebot/2.1; +http://www.google.com/bot.html)"
37.147.101.71 - - [04/May/2017:20:33:07 +0200] "GET /doc/b2_2010.pdf HTTP/1.1" 404 1181 "http://yandex.ru/clck/jsredir?from=yandex.ru%3Bsearch%3Bweb%3B%3B&text=&etext=1411.4QS5shZXg-puT0FXuj1VhTAWyCn2cgZ1tbiiWg2JTT4RUjfDAh3VCAjEFPOZ91GY.d04b66af84e5b174392a00fcc6bec8fc682b56eb&uuid=&state=_BLhILn4SxNIvvL0W45KSic66uCIg23qh8iRG98qeIXmeppkgUc0YM1sNxN_KHOPADPyHdOKa1Y&data=YnNFc1pRN0lTNGJLeFpGcE9VdGtoTzlHWTlQdGgtcE1nUklIVHJqNVNjY29VRlZRMXhsOWdKYXNCSUlsQWJncGtOMzROYUkxakVFT2ZMcThuNW1NaEtickNPd3JCMEsyZEs4WUFRSHZjN0k&b64e=2&sign=8b5ad8bc3b15501af1cef86883716072&keyno=0&cst=AiuY0DBWFJ7IXge4WdYJQa9gkHE_3kbirpFsCWyS6AYaNRTihG2V5wQusiCMorYi6DamHd129DDuN-9RlK6MP7D7bjIeR2nMenstNiZCT1u5GAeuW6xQwDc28xbw_qX8MxjVce0g_pqpfRS4NsdMM3RRKhV0FVkq&ref=orjY4mGPRjk5boDnW0uvlrrd71vZw9kp5uQozpMtKCW5ri5MzTNSEsqUQD4qqvlWgDy7DWqAzCw149KQF16NzRGugeR1QqpbXiHq-eAt1hWEugyH_gc41g&l10n=ru&cts=1493920600560&mc=6.70158999064" "Mozilla/5.0 (Windows NT 6.1) AppleWebKit/537.36 (KHTML, like Gecko) Chrome/28.0.1500.74 Safari/537.36 MRCHROME"
176.15.227.30 - - [04/May/2017:20:33:07 +0200] "GET /doc/b2_2016.pdf HTTP/1.1" 404 1181 "http://yandex.ru/clck/jsredir?from=yandex.ru%3Bsearch%3Bweb%3B%3B&text=&etext=1411.ulvTZr1Wp8cn-ulQmV7-qzTeFbIHXVUWLS1B_P3huf-qQXzGAiVlPHkBS1W3I_ra.f49b28b4dd712758887dd557aa4a632ace05cae5&uuid=&state=_BLhILn4SxNIvvL0W45KSic66uCIg23qh8iRG98qeIXmeppkgUc0YMkOSpatjLUqgxH-XWLwn-g&data=YnNFc1pRN0lTNGJLeFpGcE9VdGtoTzlHWTlQdGgtcE1naEY2bmZ1OG9VZHZmc1g5cmwwQUhBM1l3XzBNeHRTUFRMUThYMFo3ejV0YzhZYXdlemlDdVJwSDB0TWFUWXZ4Tzh3Y3JYT2FyVG8&b64e=2&sign=731456524dca3a2a6fd95d1303376f88&keyno=0&cst=AiuY0DBWFJ7IXge4WdYJQYuwSQLovbTTaKF4kGjYwmugDxH3unMsXFJCFCni-Gh58koTUZVbOFIHCp1CVDNFKGqyRiN647p3XOA1zAhTUyMH4M7jOhbkK1dgFidxfPaRyPD6mdo18U-6NfM1HwZdUdt7dkHWgZhx&ref=orjY4mGPRjk5boDnW0uvlrrd71vZw9kp5uQozpMtKCV-HtQ36UFK01NtvTf_Gtz8aIQUi3sDLHUrm992VOVUh-mDl5Ap7ASdC-wldUlylYfg7BsyKgP3bA&l10n=ru&cts=1493920600560&mc=6.70642396032" "Opera/9.80 (Windows NT 6.1) Presto/2.12.388 Version/12.16"
83.217.214.182 - - [04/May/2017:20:33:11 +0200] "GET /doc/vasuttal-budapest-kornyeken.pdf HTTP/1.1" 404 1181 "http://yandex.ru/clck/jsredir?from=yandex.ru%3Bsearch%3Bweb%3B%3B&text=&etext=1411.781sarMb2cRkEAsn-CNONREN46VIASLNqLvZEgMGe-XChtFCx65RDMF2js34lf9n.5e353bde55f869154ad52df8411a307f14c15f80&uuid=&state=_BLhILn4SxNIvvL0W45KSic66uCIg23qh8iRG98qeIXmeppkgUc0YGv9iZwKiy-E54GYiollMFA&data=YnNFc1pRN0lTNGJLeFpGcE9VdGtoTzlHWTlQdGgtcE1NTjRsSXROOTZLa2MyUlVjNnlKME1WN3JidXA0SFpwSk9LbjVOM3lIbTlISDFqRUM4Z2owamZZbDAzdmtIeTl6WWxVVVpHWkpMVzJYVjdhZFhaN29rZW5mSTh5VGsyTTA&b64e=2&sign=0a5bb0532c17731c5b59f6489ccddd3d&keyno=0&cst=AiuY0DBWFJ7IXge4WdYJQULnoVAFacUfZoHo-wtiD14lRwY9_mPaO7ttUoXtovAyFfca274Tnad79a7IK4yfTOMYEAnC_NzsPMPW1FvnD-xbFISJRzgisrVoPxH53CaN8AQaSk2yqYEufXpxkVxrdOGQoJaavxw_&ref=orjY4mGPRjk5boDnW0uvlrrd71vZw9kp5uQozpMtKCW5ri5MzTNSEnJpHCNbiS4RcOpBNLBgzeeQ9EEUQ7N7QEuhQX3y0RWP2Z_g7DAtVQY33DBtF1JzyQ&l10n=ru&cts=1493920600560&mc=2.11381312689" "Mozilla/5.0 (Windows NT 6.1) AppleWebKit/537.36 (KHTML, like Gecko) Chrome/28.0.1500.95 YaBrowser/13.10.1500.9323 Safari/537.36"
176.195.104.94 - - [04/May/2017:20:33:13 +0200] "GET /hirlevel/vasuttal0804.htm HTTP/1.1" 404 1181 "http://yandex.ru/clck/jsredir?from=yandex.ru%3Bsearch%3Bweb%3B%3B&text=&etext=1411.uwhjL0O1DlIIkwRPYgD_HkBU8scKdj_7rVmJpvdhXZktRkvL612MW0PtNPpoP9R2.db0a01c3b10448f5e874fe6adacd38c3948face8&uuid=&state=_BLhILn4SxNIvvL0W45KSic66uCIg23qh8iRG98qeIXmeppkgUc0YMIVJNtoWDTa6Ctl47TPu5I&data=YnNFc1pRN0lTNGJLeFpGcE9VdGtoRjV3Nm9BUmE2M3FFLUY3b0dFS0s0bjMydkxRdC1WNnl2Vy1zWUpjWm1qTDZ2akhlY3RCdjkwc01iTXlfa1lSYkxEcjlRX19ReVFiX3NLNFJQNXdGSEJWdFM3RkRCYW9CUQ&b64e=2&sign=3dfd2012e05da3fb3c3eb5ebdb1202e1&keyno=0&cst=AiuY0DBWFJ7IXge4WdYJQSaYtyyri96F1gijuLt4jOl7A_fYN9FdrubArzL59mNH8T5UWyH6ArqytzB5Z2KkefOHl0XkwKt5xz4bk6nOpTgEdgHD7WU_pk2BilwLhBoMFpkQzCzYUPD6paELY4KrJA&ref=orjY4mGPRjk5boDnW0uvlrrd71vZw9kp5uQozpMtKCXma_RTIh0ntFp99bpECxd6Q9U2e3a0_AqLQeJqDWOxsSo5YBAGmqI4Fgp7oHmnrOxJ2xIKshdC8Q&l10n=ru&cts=1493920600560&mc=1.54188762788" "Opera/9.80 (Windows NT 6.1; Edition Yx) Presto/2.12.388 Version/12.15"
207.46.13.131 - - [04/May/2017:20:41:12 +0200] "GET /doc/hatarmenti_infrastruktura.pdf HTTP/1.1" 404 1181 "-" "Mozilla/5.0 (compatible; bingbot/2.0; +http://www.bing.com/bingbot.htm)"
66.249.64.84 - - [04/May/2017:21:05:09 +0200] "GET /doc/kerparoskozlekedes.pdf HTTP/1.1" 200 2540119 "-" "Mozilla/5.0 (compatible; Googlebot/2.1; +http://www.google.com/bot.html)"
207.46.13.138 - - [04/May/2017:21:05:33 +0200] "GET /hirlevel/vonattal1304.html HTTP/1.1" 404 1181 "-" "Mozilla/5.0 (iPhone; CPU iPhone OS 7_0 like Mac OS X) AppleWebKit/537.51.1 (KHTML, like Gecko) Version/7.0 Mobile/11A465 Safari/9537.53 (compatible; bingbot/2.0; +http://www.bing.com/bingbot.htm)"
178.154.200.56 - - [04/May/2017:21:33:34 +0200] "GET /robots.txt HTTP/1.1" 404 1181 "-" "Mozilla/5.0 (compatible; YandexBot/3.0; +http://yandex.com/bots)"
178.154.200.56 - - [04/May/2017:21:33:38 +0200] "GET /doc/T&E_julius.pdf HTTP/1.1" 404 1181 "-" "Mozilla/5.0 (compatible; YandexBot/3.0; +http://yandex.com/bots)"
178.154.189.24 - - [04/May/2017:21:33:42 +0200] "GET /doc/belepesi_nyilatkozat_maganszemely.doc HTTP/1.1" 404 1181 "-" "Mozilla/5.0 (compatible; YandexBot/3.0; +http://yandex.com/bots)"
141.8.142.74 - - [04/May/2017:21:33:46 +0200] "GET /favicon.ico HTTP/1.1" 404 1181 "-" "Mozilla/5.0 (compatible; YandexBot/3.0; +http://yandex.com/bots)"
66.249.64.84 - - [04/May/2017:21:43:18 +0200] "GET /hirlevel/images/zsuzsi.jpg HTTP/1.1" 404 1181 "-" "Googlebot-Image/1.0"
66.249.64.188 - - [04/May/2017:22:03:40 +0200] "GET /doc/Deli-pu_MKK.pdf HTTP/1.1" 404 1181 "-" "Mozilla/5.0 (Linux; Android 6.0.1; Nexus 5X Build/MMB29P) AppleWebKit/537.36 (KHTML, like Gecko) Chrome/41.0.2272.96 Mobile Safari/537.36 (compatible; Googlebot/2.1; +http://www.google.com/bot.html)"
66.249.64.84 - - [04/May/2017:22:06:09 +0200] "GET /doc/belepesinyilatkozat.pdf HTTP/1.1" 200 403937 "-" "Mozilla/5.0 (compatible; Googlebot/2.1; +http://www.google.com/bot.html)"
141.8.183.15 - - [04/May/2017:22:15:05 +0200] "GET /doc/ttft.pdf HTTP/1.1" 200 6493253 "-" "Mozilla/5.0 (compatible; YandexBot/3.0; +http://yandex.com/bots)"
40.77.167.9 - - [04/May/2017:22:16:00 +0200] "GET / HTTP/1.1" 200 2023 "-" "Mozilla/5.0 (compatible; bingbot/2.0; +http://www.bing.com/bingbot.htm)"
212.24.105.162 - - [04/May/2017:22:29:47 +0200] "GET / HTTP/1.1" 200 2023 "-" "Mozilla/5.0 (Windows NT 6.1; WOW64) AppleWebKit/537.36 (KHTML, like Gecko) Chrome/36.0.1985.67 Safari/537.36"
179.43.148.3 - - [04/May/2017:22:35:26 +0200] "GET /doc/b2_2010.pdf HTTP/1.1" 404 1181 "https://en.wikipedia.org/" "Mozilla/5.0 (Macintosh; Intel Mac OS X 10.6; rv:48.0) Gecko/20100101 Firefox/48.0"
179.43.148.3 - - [04/May/2017:22:35:26 +0200] "GET /favicon.ico HTTP/1.1" 404 1181 "-" "Mozilla/5.0 (Macintosh; Intel Mac OS X 10.6; rv:48.0) Gecko/20100101 Firefox/48.0"
179.43.148.3 - - [04/May/2017:22:35:26 +0200] "GET /favicon.ico HTTP/1.1" 404 1181 "-" "Mozilla/5.0 (Macintosh; Intel Mac OS X 10.6; rv:48.0) Gecko/20100101 Firefox/48.0"
66.249.64.84 - - [04/May/2017:22:59:21 +0200] "GET /doc/mkk_eger_tanulmany_2014.pdf HTTP/1.1" 200 851104 "-" "Mozilla/5.0 (compatible; Googlebot/2.1; +http://www.google.com/bot.html)"
66.249.64.134 - - [04/May/2017:23:09:30 +0200] "GET /doc/kelenfold_1009.pdf HTTP/1.1" 404 1181 "-" "Mozilla/5.0 (Linux; Android 6.0.1; Nexus 5X Build/MMB29P) AppleWebKit/537.36 (KHTML, like Gecko) Chrome/41.0.2272.96 Mobile Safari/537.36 (compatible; Googlebot/2.1; +http://www.google.com/bot.html)"
106.120.173.81 - - [04/May/2017:23:21:36 +0200] "GET /robots.txt HTTP/1.1" 404 1181 "-" "Sogou web spider/4.0(+http://www.sogou.com/docs/help/webmasters.htm#07)"
106.120.173.81 - - [04/May/2017:23:21:38 +0200] "GET / HTTP/1.1" 304 - "-" "Sogou web spider/4.0(+http://www.sogou.com/docs/help/webmasters.htm#07)"
66.249.64.88 - - [04/May/2017:23:25:22 +0200] "GET /doc/westtakt_final_20160405.pdf HTTP/1.1" 200 633098 "-" "Mozilla/5.0 (compatible; Googlebot/2.1; +http://www.google.com/bot.html)"
66.249.64.88 - - [04/May/2017:23:29:35 +0200] "GET /doc/VM%202010%2012.pdf HTTP/1.1" 404 1181 "-" "Mozilla/5.0 (Linux; Android 6.0.1; Nexus 5X Build/MMB29P) AppleWebKit/537.36 (KHTML, like Gecko) Chrome/41.0.2272.96 Mobile Safari/537.36 (compatible; Googlebot/2.1; +http://www.google.com/bot.html)"
176.195.115.114 - - [04/May/2017:23:37:22 +0200] "GET /hirlevel/vasuttal0804.htm HTTP/1.1" 404 1181 "http://yandex.ru/clck/jsredir?from=yandex.ru%3Bsearch%3Bweb%3B%3B&text=&etext=1411.JBUsNRdEcjzHinmDEFNCoP03xXnuWFbt3QnkSZKsDz3o0ko7UO6pF8DPvtIkitNf.f02412eec73000c658a603b8ed8dc925b05e8854&uuid=&state=_BLhILn4SxNIvvL0W45KSic66uCIg23qh8iRG98qeIXmeppkgUc0YHRNgn3KsbHJbmUkku86_mY&data=YnNFc1pRN0lTNGJLeFpGcE9VdGtoRjV3Nm9BUmE2M3FFLUY3b0dFS0s0bjMydkxRdC1WNnl2Vy1zWUpjWm1qTEExWU9KZHk5bHBnT19hd19CMTFUaTg1M1k4UkROZWFlQThtaWxwR3g0dDdla2ZDd0dHcEgtdw&b64e=2&sign=6317dd5e49ad769bed6b8a88cf326e19&keyno=0&cst=AiuY0DBWFJ7IXge4WdYJQXbYQp9t5VF6_IOvlc1ckcz4fH6o2KtI0KL_BX60CyRNH4f373XU4_XjvJ3yMaIj0YuMQ2CtZupgP0yhjPtnSh3aTZZqNWO7lKtNH6-ZGPh9mu4-2uLTGAbBCH1ibRWIPQ&ref=orjY4mGPRjk5boDnW0uvlrrd71vZw9kp5uQozpMtKCWAB4NbWhozjsA04IX0Au9_0UJT92_nU-qCfWkWscOkvHwSgYq1ns-lbGmcw55ZW4PA5KA746842w&l10n=ru&cts=1493933216645&mc=2.12491078927" "Opera/9.80 (Windows NT 6.1; Edition Yx) Presto/2.12.388 Version/12.15"
185.69.52.79 - - [04/May/2017:23:41:07 +0200] "GET / HTTP/1.1" 200 2023 "-" "Mozilla/5.0 (Windows NT 6.3; WOW64) AppleWebKit/537.36 (KHTML, like Gecko) Chrome/41.0.2225.0 Safari/537.36"
199.193.251.133 - - [04/May/2017:23:47:05 +0200] "HEAD / HTTP/1.1" 200 0 "https://www.inboundlinks.win/InboundLinks/mkk.zpok.hu" "Mozilla/5.0 (compatible; MSIE 9.0; Windows NT 6.1; WOW64; Trident/5.0)"
66.249.64.188 - - [04/May/2017:23:48:12 +0200] "GET /robots.txt HTTP/1.1" 404 1181 "-" "Mozilla/5.0 (compatible; Googlebot/2.1; +http://www.google.com/bot.html)"
66.249.64.129 - - [04/May/2017:23:48:12 +0200] "GET /tagsag2.htm HTTP/1.1" 200 1335 "-" "Mozilla/5.0 (Linux; Android 6.0.1; Nexus 5X Build/MMB29P) AppleWebKit/537.36 (KHTML, like Gecko) Chrome/41.0.2272.96 Mobile Safari/537.36 (compatible; Googlebot/2.1; +http://www.google.com/bot.html)"
95.28.202.42 - - [04/May/2017:23:55:21 +0200] "GET /hirlevel/vasuttal0804.htm HTTP/1.1" 404 1181 "http://yandex.ru/clck/jsredir?from=yandex.ru%3Bsearch%3Bweb%3B%3B&text=&etext=1411.Hhf9MZXyUFCzxrM3a6P6GjWzIdZZCZCeYG1p3V9QjW4d0ALv86zTbt2c62nhhb_i.c3781231830b7e34bd17e6aa7bf6799227c8e7e4&uuid=&state=_BLhILn4SxNIvvL0W45KSic66uCIg23qh8iRG98qeIXmeppkgUc0YKCJkrjchpDstTwxTkjwGrA&data=YnNFc1pRN0lTNGJLeFpGcE9VdGtoRjV3Nm9BUmE2M3FFLUY3b0dFS0s0bjMydkxRdC1WNnl2Vy1zWUpjWm1qTFdtZEUtX3kxZ2FiNzkyVkE1LVhTTF81SXZMVUYtbVBEblRaNG84cm1ySkpXR3ZGbzJVM1Mwdw&b64e=2&sign=8fc4380adde8c95fe5a46b20dc8eacc1&keyno=0&cst=AiuY0DBWFJ7IXge4WdYJQXbYQp9t5VF6q0By-Iz7yHrdaDfcdWwr5s2ZYHvzP-og41cCGpsJDAGrLfjadbi8CvYREIV5gRRRL7QhMiQDNMOgmocat1y_dwmJ_AzWCoAPBrZb6B1NywtbFJIo8QCxrGjfQ7g_J7pE&ref=orjY4mGPRjk5boDnW0uvlrrd71vZw9kp5uQozpMtKCWQWxj6qvocP73DRDenqrp6JgjoAwV22VxVpcZC9BaMoYrh484Gk8OWLTumryP6IRvL67J7710zyA&l10n=ru&cts=1493934062090&mc=1.62625742783" "Opera/9.80 (Windows NT 6.1; Edition Yx) Presto/2.12.388 Version/12.15"
176.195.115.114 - - [05/May/2017:00:06:35 +0200] "GET /hirlevel/vasuttal0804.htm HTTP/1.1" 404 1181 "http://yandex.ru/clck/jsredir?from=yandex.ru%3Bsearch%3Bweb%3B%3B&text=&etext=1411.Kz009npVaG8plgyrLJDsfugkTlW7ShKrA8CQwbWU5T6n83kjMYatDD4HY40hz7cl.87a238aa829a0858ad7f7cbec5fc487ef3c357ea&uuid=&state=_BLhILn4SxNIvvL0W45KSic66uCIg23qh8iRG98qeIXmeppkgUc0YLeQVNu7TCjFWhspMNrg36Y&data=YnNFc1pRN0lTNGJLeFpGcE9VdGtoRjV3Nm9BUmE2M3FFLUY3b0dFS0s0bjMydkxRdC1WNnl2Vy1zWUpjWm1qTFdtZEUtX3kxZ2FaVXptQUF5TlFLS1FDZWRlODEyLVoyeVlRZGdBdmV3RVJ5dGxSN2RvZnhaUQ&b64e=2&sign=5067b3e6b538c5c137bbee01ce1361a1&keyno=0&cst=AiuY0DBWFJ7IXge4WdYJQaYgAYq7Jarrahm3cZ8hihu_t9THRjjrNkocxYsf0MEoAX3bXe5T70eatrqPKmt7JozE17U1ikHlVnHeICPe7WBruM1XJzbnt6M1eyGBT6Qud6rGpWcXnJcixhlOn6KqnFYWep4eDqrS&ref=orjY4mGPRjk5boDnW0uvlrrd71vZw9kp5uQozpMtKCX9U1h5sqoIO8N5htnt8B_38_9xvxC4FNgLIdLG4gFibIqrHhGhnxMRquoR3bqUSscA09ETbptHyw&l10n=ru&cts=1493934916609&mc=2.74671224699" "Opera/9.80 (Windows NT 6.1; Edition Yx) Presto/2.12.388 Version/12.15"
66.249.64.134 - - [05/May/2017:00:09:02 +0200] "GET /projektek2.htm HTTP/1.1" 200 7634 "-" "Mozilla/5.0 (Linux; Android 6.0.1; Nexus 5X Build/MMB29P) AppleWebKit/537.36 (KHTML, like Gecko) Chrome/41.0.2272.96 Mobile Safari/537.36 (compatible; Googlebot/2.1; +http://www.google.com/bot.html)"
66.249.64.134 - - [05/May/2017:00:28:23 +0200] "GET /kikvagyunk2.htm HTTP/1.1" 200 17375 "-" "Mozilla/5.0 (Linux; Android 6.0.1; Nexus 5X Build/MMB29P) AppleWebKit/537.36 (KHTML, like Gecko) Chrome/41.0.2272.96 Mobile Safari/537.36 (compatible; Googlebot/2.1; +http://www.google.com/bot.html)"
66.249.64.129 - - [05/May/2017:01:04:46 +0200] "GET /doc/ttft.pdf HTTP/1.1" 200 6493253 "-" "Mozilla/5.0 (Linux; Android 6.0.1; Nexus 5X Build/MMB29P) AppleWebKit/537.36 (KHTML, like Gecko) Chrome/41.0.2272.96 Mobile Safari/537.36 (compatible; Googlebot/2.1; +http://www.google.com/bot.html)"
103.26.246.174 - - [05/May/2017:01:05:54 +0200] "HEAD /doc/b2_2010.pdf HTTP/1.1" 404 0 "-" "Xenu Link Sleuth/1.3.8"
103.26.246.174 - - [05/May/2017:01:05:55 +0200] "GET /doc/b2_2010.pdf HTTP/1.1" 404 1181 "-" "Xenu Link Sleuth/1.3.8"
180.76.15.7 - - [05/May/2017:01:13:59 +0200] "GET /doc/varos-videk_2009.pdf HTTP/1.1" 200 622592 "-" "Mozilla/5.0 (compatible; Baiduspider/2.0; +http://www.baidu.com/search/spider.html)"
66.249.64.129 - - [05/May/2017:01:29:48 +0200] "GET /doc/alapsz03.pdf HTTP/1.1" 200 6009944 "-" "Mozilla/5.0 (Linux; Android 6.0.1; Nexus 5X Build/MMB29P) AppleWebKit/537.36 (KHTML, like Gecko) Chrome/41.0.2272.96 Mobile Safari/537.36 (compatible; Googlebot/2.1; +http://www.google.com/bot.html)"
66.249.64.134 - - [05/May/2017:01:50:03 +0200] "GET /doc/87_fa_szv.pdf HTTP/1.1" 200 56286 "-" "Mozilla/5.0 (Linux; Android 6.0.1; Nexus 5X Build/MMB29P) AppleWebKit/537.36 (KHTML, like Gecko) Chrome/41.0.2272.96 Mobile Safari/537.36 (compatible; Googlebot/2.1; +http://www.google.com/bot.html)"
40.77.167.9 - - [05/May/2017:02:09:34 +0200] "GET /doc/vasuttal-budapest-kornyeken.pdf HTTP/1.1" 404 1181 "-" "Mozilla/5.0 (iPhone; CPU iPhone OS 7_0 like Mac OS X) AppleWebKit/537.51.1 (KHTML, like Gecko) Version/7.0 Mobile/11A465 Safari/9537.53 (compatible; bingbot/2.0; +http://www.bing.com/bingbot.htm)"
66.249.64.188 - - [05/May/2017:02:11:22 +0200] "GET /doc/80_sln_su.pdf HTTP/1.1" 200 130637 "-" "Mozilla/5.0 (Linux; Android 6.0.1; Nexus 5X Build/MMB29P) AppleWebKit/537.36 (KHTML, like Gecko) Chrome/41.0.2272.96 Mobile Safari/537.36 (compatible; Googlebot/2.1; +http://www.google.com/bot.html)"
216.244.66.246 - - [05/May/2017:02:18:10 +0200] "GET /robots.txt HTTP/1.1" 404 1181 "-" "Mozilla/5.0 (compatible; DotBot/1.1; http://www.opensiteexplorer.org/dotbot, help@moz.com)"
35.184.189.105 - - [05/May/2017:02:27:53 +0200] "GET /robots.txt HTTP/1.1" 404 1181 "-" "ltx71 - (http://ltx71.com/)"
35.184.189.105 - - [05/May/2017:02:28:38 +0200] "GET / HTTP/1.1" 200 2023 "-" "ltx71 - (http://ltx71.com/)"
35.184.189.105 - - [05/May/2017:02:35:03 +0200] "GET /robots.txt HTTP/1.1" 404 1181 "-" "ltx71 - (http://ltx71.com/)"
35.184.189.105 - - [05/May/2017:02:50:35 +0200] "GET /robots.txt HTTP/1.1" 404 1181 "-" "ltx71 - (http://ltx71.com/)"
66.249.64.188 - - [05/May/2017:02:52:38 +0200] "GET /doc/bartok_20160703.pdf HTTP/1.1" 200 284990 "-" "Mozilla/5.0 (Linux; Android 6.0.1; Nexus 5X Build/MMB29P) AppleWebKit/537.36 (KHTML, like Gecko) Chrome/41.0.2272.96 Mobile Safari/537.36 (compatible; Googlebot/2.1; +http://www.google.com/bot.html)"
35.184.189.105 - - [05/May/2017:02:56:42 +0200] "GET /robots.txt HTTP/1.1" 404 1181 "-" "ltx71 - (http://ltx71.com/)"
35.184.189.105 - - [05/May/2017:03:03:24 +0200] "GET /robots.txt HTTP/1.1" 404 1181 "-" "ltx71 - (http://ltx71.com/)"
35.184.189.105 - - [05/May/2017:03:03:43 +0200] "GET /tagsag2.htm HTTP/1.1" 200 1335 "-" "ltx71 - (http://ltx71.com/)"
35.184.189.105 - - [05/May/2017:03:04:24 +0200] "GET /kikvagyunk2.htm HTTP/1.1" 200 17375 "-" "ltx71 - (http://ltx71.com/)"
173.208.169.26 - - [05/May/2017:03:06:44 +0200] "GET /blog/wp-admin/setup-config.php HTTP/1.1" 404 1181 "-" "Mozilla/5.0 (Windows NT 6.1; Trident/7.0; rv:11.0) like Gecko"
173.208.169.26 - - [05/May/2017:03:06:44 +0200] "GET /wp/wp-admin/setup-config.php HTTP/1.1" 404 1181 "-" "Mozilla/5.0 (Windows NT 6.1; Trident/7.0; rv:11.0) like Gecko"
173.208.169.26 - - [05/May/2017:03:06:44 +0200] "GET /old/wp-admin/setup-config.php HTTP/1.1" 404 1181 "-" "Mozilla/5.0 (Windows NT 6.1; Trident/7.0; rv:11.0) like Gecko"
173.208.169.26 - - [05/May/2017:03:06:44 +0200] "GET /wordpress/wp-admin/setup-config.php HTTP/1.1" 404 1181 "-" "Mozilla/5.0 (Windows NT 6.1; Trident/7.0; rv:11.0) like Gecko"
173.208.169.26 - - [05/May/2017:03:06:44 +0200] "GET /test/wp-admin/setup-config.php HTTP/1.1" 404 1181 "-" "Mozilla/5.0 (Windows NT 6.1; Trident/7.0; rv:11.0) like Gecko"
173.208.169.26 - - [05/May/2017:03:06:47 +0200] "GET /wp/wp-admin/setup-config.php HTTP/1.1" 404 1181 "-" "Mozilla/5.0 (Windows NT 6.1; Trident/7.0; rv:11.0) like Gecko"
173.208.169.26 - - [05/May/2017:03:06:47 +0200] "GET /wordpress/wp-admin/setup-config.php HTTP/1.1" 404 1181 "-" "Mozilla/5.0 (Windows NT 6.1; Trident/7.0; rv:11.0) like Gecko"
173.208.169.26 - - [05/May/2017:03:06:47 +0200] "GET /test/wp-admin/setup-config.php HTTP/1.1" 404 1181 "-" "Mozilla/5.0 (Windows NT 6.1; Trident/7.0; rv:11.0) like Gecko"
173.208.169.26 - - [05/May/2017:03:06:47 +0200] "GET /blog/wp-admin/setup-config.php HTTP/1.1" 404 1181 "-" "Mozilla/5.0 (Windows NT 6.1; Trident/7.0; rv:11.0) like Gecko"
173.208.169.26 - - [05/May/2017:03:06:47 +0200] "GET /old/wp-admin/setup-config.php HTTP/1.1" 404 1181 "-" "Mozilla/5.0 (Windows NT 6.1; Trident/7.0; rv:11.0) like Gecko"
66.249.64.129 - - [05/May/2017:03:13:48 +0200] "GET /doc/varos-videk_2009.pdf HTTP/1.1" 200 1636386 "-" "Mozilla/5.0 (Linux; Android 6.0.1; Nexus 5X Build/MMB29P) AppleWebKit/537.36 (KHTML, like Gecko) Chrome/41.0.2272.96 Mobile Safari/537.36 (compatible; Googlebot/2.1; +http://www.google.com/bot.html)"
35.184.189.105 - - [05/May/2017:03:16:30 +0200] "GET /robots.txt HTTP/1.1" 404 1181 "-" "ltx71 - (http://ltx71.com/)"
35.184.189.105 - - [05/May/2017:03:20:34 +0200] "GET /robots.txt HTTP/1.1" 404 1181 "-" "ltx71 - (http://ltx71.com/)"
66.249.64.134 - - [05/May/2017:03:34:00 +0200] "GET /doc/eletet-a-vasutnak.pdf HTTP/1.1" 200 5085257 "-" "Mozilla/5.0 (Linux; Android 6.0.1; Nexus 5X Build/MMB29P) AppleWebKit/537.36 (KHTML, like Gecko) Chrome/41.0.2272.96 Mobile Safari/537.36 (compatible; Googlebot/2.1; +http://www.google.com/bot.html)"
35.184.189.105 - - [05/May/2017:03:39:07 +0200] "GET /robots.txt HTTP/1.1" 404 1181 "-" "ltx71 - (http://ltx71.com/)"
66.249.64.188 - - [05/May/2017:03:57:19 +0200] "GET /doc/kerparoskozlekedes.pdf HTTP/1.1" 200 2540119 "-" "Mozilla/5.0 (Linux; Android 6.0.1; Nexus 5X Build/MMB29P) AppleWebKit/537.36 (KHTML, like Gecko) Chrome/41.0.2272.96 Mobile Safari/537.36 (compatible; Googlebot/2.1; +http://www.google.com/bot.html)"
216.244.66.246 - - [05/May/2017:04:00:27 +0200] "GET /kikvagyunk2.htm HTTP/1.1" 200 17375 "-" "Mozilla/5.0 (compatible; DotBot/1.1; http://www.opensiteexplorer.org/dotbot, help@moz.com)"
66.249.64.188 - - [05/May/2017:04:21:13 +0200] "GET /doc/belepesinyilatkozat.pdf HTTP/1.1" 200 403937 "-" "Mozilla/5.0 (Linux; Android 6.0.1; Nexus 5X Build/MMB29P) AppleWebKit/537.36 (KHTML, like Gecko) Chrome/41.0.2272.96 Mobile Safari/537.36 (compatible; Googlebot/2.1; +http://www.google.com/bot.html)"
40.77.167.9 - - [05/May/2017:04:41:37 +0200] "GET /doc/plakat_zirc_120620.pdf HTTP/1.1" 404 1181 "-" "Mozilla/5.0 (compatible; bingbot/2.0; +http://www.bing.com/bingbot.htm)"
66.249.64.188 - - [05/May/2017:04:43:50 +0200] "GET /doc/westtakt_final_20160405.pdf HTTP/1.1" 200 633098 "-" "Mozilla/5.0 (Linux; Android 6.0.1; Nexus 5X Build/MMB29P) AppleWebKit/537.36 (KHTML, like Gecko) Chrome/41.0.2272.96 Mobile Safari/537.36 (compatible; Googlebot/2.1; +http://www.google.com/bot.html)"
35.184.189.105 - - [05/May/2017:04:48:04 +0200] "GET /robots.txt HTTP/1.1" 404 1181 "-" "ltx71 - (http://ltx71.com/)"
35.184.189.105 - - [05/May/2017:04:49:00 +0200] "GET /projektek2.htm HTTP/1.1" 200 7634 "-" "ltx71 - (http://ltx71.com/)"
66.249.64.188 - - [05/May/2017:05:06:35 +0200] "GET /doc/mkk_eger_tanulmany_2014.pdf HTTP/1.1" 200 851104 "-" "Mozilla/5.0 (Linux; Android 6.0.1; Nexus 5X Build/MMB29P) AppleWebKit/537.36 (KHTML, like Gecko) Chrome/41.0.2272.96 Mobile Safari/537.36 (compatible; Googlebot/2.1; +http://www.google.com/bot.html)"
157.55.39.18 - - [05/May/2017:05:24:47 +0200] "GET /robots.txt HTTP/1.1" 404 1181 "-" "Mozilla/5.0 (compatible; bingbot/2.0; +http://www.bing.com/bingbot.htm)"
40.77.167.30 - - [05/May/2017:05:24:54 +0200] "GET /doc/kerparoskozlekedes.pdf HTTP/1.1" 200 2540119 "-" "Mozilla/5.0 (iPhone; CPU iPhone OS 7_0 like Mac OS X) AppleWebKit/537.51.1 (KHTML, like Gecko) Version/7.0 Mobile/11A465 Safari/9537.53 (compatible; bingbot/2.0; +http://www.bing.com/bingbot.htm)"
40.77.167.28 - - [05/May/2017:05:25:04 +0200] "GET /robots.txt HTTP/1.1" 404 1181 "-" "Mozilla/5.0 (compatible; bingbot/2.0; +http://www.bing.com/bingbot.htm)"
66.249.64.188 - - [05/May/2017:05:29:28 +0200] "GET /doc/allomasok_kepes_osszefoglaloja.pdf HTTP/1.1" 200 5628186 "-" "Mozilla/5.0 (Linux; Android 6.0.1; Nexus 5X Build/MMB29P) AppleWebKit/537.36 (KHTML, like Gecko) Chrome/41.0.2272.96 Mobile Safari/537.36 (compatible; Googlebot/2.1; +http://www.google.com/bot.html)"
120.27.100.100 - - [05/May/2017:05:31:54 +0200] "GET / HTTP/1.1" 200 2023 "-" "-"
120.27.100.100 - - [05/May/2017:05:31:55 +0200] "GET /xmlrpc.php HTTP/1.1" 404 1181 "-" "-"
120.27.100.100 - - [05/May/2017:05:31:55 +0200] "HEAD /wp-login.php HTTP/1.1" 404 0 "-" "-"
64.62.252.162 - - [05/May/2017:05:42:55 +0200] "GET /robots.txt HTTP/1.1" 404 1181 "-" "BUbiNG (+http://law.di.unimi.it/BUbiNG.html)"
64.62.252.162 - - [05/May/2017:05:42:56 +0200] "GET / HTTP/1.1" 200 2023 "-" "BUbiNG (+http://law.di.unimi.it/BUbiNG.html)"
77.111.90.197 - - [05/May/2017:05:43:46 +0200] "GET /doc/konf_0807.pdf HTTP/1.1" 404 1181 "-" "Mozilla/5.0 (Windows NT 6.1; WOW64) AppleWebKit/537.36 (KHTML, like Gecko) Chrome/46.0.2490.71 Safari/537.36"
77.111.90.197 - - [05/May/2017:05:43:47 +0200] "GET /doc/konf_0807.pdf HTTP/1.0" 404 1181 "-" "-"
35.184.189.105 - - [05/May/2017:05:52:36 +0200] "GET /robots.txt HTTP/1.1" 404 1181 "-" "ltx71 - (http://ltx71.com/)"
35.184.189.105 - - [05/May/2017:05:53:02 +0200] "GET /doc/hu_aps_positivbeispiele_aufl2_070622_klein.pdf HTTP/1.1" 200 2887217 "-" "ltx71 - (http://ltx71.com/)"
66.249.64.188 - - [05/May/2017:05:53:23 +0200] "GET /doc/hu_aps_positivbeispiele_aufl2_070622_klein.pdf HTTP/1.1" 200 2887217 "-" "Mozilla/5.0 (Linux; Android 6.0.1; Nexus 5X Build/MMB29P) AppleWebKit/537.36 (KHTML, like Gecko) Chrome/41.0.2272.96 Mobile Safari/537.36 (compatible; Googlebot/2.1; +http://www.google.com/bot.html)"
46.229.168.68 - - [05/May/2017:06:51:40 +0200] "GET / HTTP/1.1" 200 2023 "-" "Mozilla/5.0 (compatible; SemrushBot/1.2~bl; +http://www.semrush.com/bot.html)"
46.229.168.74 - - [05/May/2017:06:51:47 +0200] "GET /hirlevel/vonattal1209.htm HTTP/1.1" 404 1181 "-" "Mozilla/5.0 (compatible; SemrushBot/1.2~bl; +http://www.semrush.com/bot.html)"
35.184.189.105 - - [05/May/2017:07:06:29 +0200] "GET /robots.txt HTTP/1.1" 404 1181 "-" "ltx71 - (http://ltx71.com/)"
35.184.189.105 - - [05/May/2017:07:08:14 +0200] "GET /doc/alapsz03.pdf HTTP/1.1" 200 41887 "-" "ltx71 - (http://ltx71.com/)"
41.66.14.199 - - [05/May/2017:07:08:51 +0200] "GET / HTTP/1.1" 200 2023 "-" "Mozilla/4.0 (compatible; MSIE 5.0; Windows NT; DigExt; DTS Agent"
199.58.86.211 - - [05/May/2017:07:45:52 +0200] "GET /robots.txt HTTP/1.1" 404 1181 "-" "Mozilla/5.0 (compatible; MJ12bot/v1.4.8; http://mj12bot.com/)"
199.58.86.211 - - [05/May/2017:07:45:53 +0200] "GET / HTTP/1.1" 200 2023 "-" "Mozilla/5.0 (compatible; MJ12bot/v1.4.8; http://mj12bot.com/)"
180.76.15.33 - - [05/May/2017:08:08:29 +0200] "GET / HTTP/1.1" 304 - "-" "Mozilla/5.0 (compatible; Baiduspider/2.0; +http://www.baidu.com/search/spider.html)"
194.187.170.119 - - [05/May/2017:08:38:14 +0200] "GET /robots.txt HTTP/1.0" 404 1181 "-" "Mozilla/5.0 (compatible; Qwantify/2.4w; +https://www.qwant.com/)/2.4w"
194.187.170.119 - - [05/May/2017:08:38:14 +0200] "GET /doc/fogadj_orokbe_egy_allomast.doc HTTP/1.0" 404 1181 "-" "Mozilla/5.0 (compatible; Qwantify/2.4w; +https://www.qwant.com/)/2.4w"
199.58.86.211 - - [05/May/2017:08:39:16 +0200] "GET /robots.txt HTTP/1.1" 404 1181 "-" "Mozilla/5.0 (compatible; MJ12bot/v1.4.8; http://mj12bot.com/)"
199.58.86.211 - - [05/May/2017:08:39:18 +0200] "GET / HTTP/1.1" 200 2023 "-" "Mozilla/5.0 (compatible; MJ12bot/v1.4.8; http://mj12bot.com/)"
160.46.252.14 - - [05/May/2017:08:50:31 +0200] "GET /doc/b2_2010.pdf HTTP/1.1" 404 1181 "-" "Mozilla/5.0 (Windows NT 6.1; Trident/7.0; rv:11.0) like Gecko"
66.249.64.88 - - [05/May/2017:08:59:04 +0200] "GET /robots.txt HTTP/1.1" 404 1181 "-" "Mozilla/5.0 (compatible; Googlebot/2.1; +http://www.google.com/bot.html)"
66.249.64.84 - - [05/May/2017:08:59:04 +0200] "GET /hirlevel/images/zsuzsi.jpg HTTP/1.1" 404 1181 "-" "Googlebot-Image/1.0"
178.137.83.79 - - [05/May/2017:09:07:23 +0200] "GET /robots.txt HTTP/1.1" 404 1181 "-" "Mozilla/5.0 (Windows NT 10.0; WOW64) AppleWebKit/537.36 (KHTML, like Gecko) Chrome/49.0.2623.75 Safari/537.36 OPR/36.0.2130.32"
178.137.83.79 - - [05/May/2017:09:07:23 +0200] "GET / HTTP/1.1" 200 2023 "-" "Mozilla/5.0 (Windows NT 10.0; WOW64) AppleWebKit/537.36 (KHTML, like Gecko) Chrome/49.0.2623.75 Safari/537.36 OPR/36.0.2130.32"
178.137.83.79 - - [05/May/2017:09:07:24 +0200] "GET /xmlrpc.php?rsd HTTP/1.1" 404 1181 "-" "Mozilla/5.0 (Windows NT 10.0; WOW64) AppleWebKit/537.36 (KHTML, like Gecko) Chrome/49.0.2623.75 Safari/537.36 OPR/36.0.2130.32"
178.137.83.79 - - [05/May/2017:09:07:24 +0200] "GET /blog/robots.txt HTTP/1.1" 404 1181 "-" "Mozilla/5.0 (Windows NT 10.0; WOW64) AppleWebKit/537.36 (KHTML, like Gecko) Chrome/49.0.2623.75 Safari/537.36 OPR/36.0.2130.32"
178.137.83.79 - - [05/May/2017:09:07:24 +0200] "GET /blog/ HTTP/1.1" 404 1181 "-" "Mozilla/5.0 (Windows NT 10.0; WOW64) AppleWebKit/537.36 (KHTML, like Gecko) Chrome/49.0.2623.75 Safari/537.36 OPR/36.0.2130.32"
178.137.83.79 - - [05/May/2017:09:07:24 +0200] "GET /wordpress/ HTTP/1.1" 404 1181 "-" "Mozilla/5.0 (Windows NT 10.0; WOW64) AppleWebKit/537.36 (KHTML, like Gecko) Chrome/49.0.2623.75 Safari/537.36 OPR/36.0.2130.32"
178.137.83.79 - - [05/May/2017:09:07:24 +0200] "GET /wp/ HTTP/1.1" 404 1181 "-" "Mozilla/5.0 (Windows NT 10.0; WOW64) AppleWebKit/537.36 (KHTML, like Gecko) Chrome/49.0.2623.75 Safari/537.36 OPR/36.0.2130.32"
66.249.64.134 - - [05/May/2017:09:45:09 +0200] "GET /hirlevel/vonattal1107.htm HTTP/1.1" 404 1181 "-" "Mozilla/5.0 (compatible; Googlebot/2.1; +http://www.google.com/bot.html)"
195.199.152.251 - - [05/May/2017:10:02:10 +0200] "GET /images/vasutterkep_n.jpg HTTP/1.1" 404 1181 "https://hu.wikipedia.org/" "Mozilla/5.0 (Windows NT 6.1; Win64; x64) AppleWebKit/537.36 (KHTML, like Gecko) Chrome/57.0.2987.133 Safari/537.36"
195.199.152.251 - - [05/May/2017:10:02:11 +0200] "GET /favicon.ico HTTP/1.1" 404 1181 "http://www.mkk.zpok.hu/images/vasutterkep_n.jpg" "Mozilla/5.0 (Windows NT 6.1; Win64; x64) AppleWebKit/537.36 (KHTML, like Gecko) Chrome/57.0.2987.133 Safari/537.36"
195.199.152.251 - - [05/May/2017:10:02:15 +0200] "GET /images/vasutterkep_n.jpg HTTP/1.1" 404 1181 "https://hu.wikipedia.org/" "Mozilla/5.0 (Windows NT 6.1; Win64; x64) AppleWebKit/537.36 (KHTML, like Gecko) Chrome/57.0.2987.133 Safari/537.36"
89.134.151.108 - - [05/May/2017:10:03:03 +0200] "GET / HTTP/1.1" 200 2023 "https://www.google.hu/" "Mozilla/5.0 (Macintosh; Intel Mac OS X 10_12_4) AppleWebKit/603.1.30 (KHTML, like Gecko) Version/10.1 Safari/603.1.30"
89.134.151.108 - - [05/May/2017:10:03:03 +0200] "GET /mkk_banner.png HTTP/1.1" 200 62097 "http://www.mkk.zpok.hu/" "Mozilla/5.0 (Macintosh; Intel Mac OS X 10_12_4) AppleWebKit/603.1.30 (KHTML, like Gecko) Version/10.1 Safari/603.1.30"
89.134.151.108 - - [05/May/2017:10:03:03 +0200] "GET /blog.jpg HTTP/1.1" 200 29833 "http://www.mkk.zpok.hu/" "Mozilla/5.0 (Macintosh; Intel Mac OS X 10_12_4) AppleWebKit/603.1.30 (KHTML, like Gecko) Version/10.1 Safari/603.1.30"
89.134.151.108 - - [05/May/2017:10:03:03 +0200] "GET /facebook-logo-preview.png HTTP/1.1" 200 3924 "http://www.mkk.zpok.hu/" "Mozilla/5.0 (Macintosh; Intel Mac OS X 10_12_4) AppleWebKit/603.1.30 (KHTML, like Gecko) Version/10.1 Safari/603.1.30"
89.134.151.108 - - [05/May/2017:10:03:04 +0200] "GET /favicon.ico HTTP/1.1" 404 1181 "http://www.mkk.zpok.hu/" "Mozilla/5.0 (Macintosh; Intel Mac OS X 10_12_4) AppleWebKit/603.1.30 (KHTML, like Gecko) Version/10.1 Safari/603.1.30"
220.181.51.114 - - [05/May/2017:10:04:21 +0200] "GET /robots.txt HTTP/1.1" 404 1181 "-" "Mozilla/5.0 (Windows NT 10.0; WOW64) AppleWebKit/537.36 (KHTML, like Gecko) Chrome/45.0.2454.93 Safari/537.36"
220.181.108.114 - - [05/May/2017:10:06:07 +0200] "GET /doc/vasuttal-budapest-kornyeken.pdf HTTP/1.1" 404 1181 "-" "Mozilla/5.0 (compatible; Baiduspider/2.0; +http://www.baidu.com/search/spider.html)"
91.141.2.74 - - [05/May/2017:10:25:15 +0200] "GET /doc/b2_201203.jpg HTTP/1.1" 404 1181 "http://vasut.kteam.hu/indexde.html" "Mozilla/5.0 (Macintosh; Intel Mac OS X 10_6_8) AppleWebKit/534.59.10 (KHTML, like Gecko) Version/5.1.9 Safari/534.59.10"
91.141.2.74 - - [05/May/2017:10:25:15 +0200] "GET /favicon.ico HTTP/1.1" 404 1181 "http://mkk.zpok.hu/doc/b2_201203.jpg" "Mozilla/5.0 (Macintosh; Intel Mac OS X 10_6_8) AppleWebKit/534.59.10 (KHTML, like Gecko) Version/5.1.9 Safari/534.59.10"
91.141.2.74 - - [05/May/2017:10:25:24 +0200] "GET /doc/b2_2010.pdf HTTP/1.1" 404 1181 "http://vasut.kteam.hu/indexde.html" "Mozilla/5.0 (Macintosh; Intel Mac OS X 10_6_8) AppleWebKit/534.59.10 (KHTML, like Gecko) Version/5.1.9 Safari/534.59.10"
180.76.15.24 - - [05/May/2017:10:33:57 +0200] "GET / HTTP/1.1" 304 - "-" "Mozilla/5.0 (compatible; Baiduspider/2.0; +http://www.baidu.com/search/spider.html)"
176.15.231.219 - - [05/May/2017:10:45:37 +0200] "GET /doc/b2_2010.pdf HTTP/1.1" 404 1181 "http://yandex.ru/clck/jsredir?from=yandex.ru%3Bsearch%3Bweb%3B%3B&text=&etext=1412.rixrStGnA3GNANFwbbLe3qYX036M6WHR-YR6lO6brrn06mxu91ccS1SNL40Jv5l3.7b92facaee574c0ddbc3c21885bbf8ef74287261&uuid=&state=_BLhILn4SxNIvvL0W45KSic66uCIg23qh8iRG98qeIXmeppkgUc0YOm24rr5dkiDnIjpu2TfUVc&data=YnNFc1pRN0lTNGJLeFpGcE9VdGtoTzlHWTlQdGgtcE1nUklIVHJqNVNjY29VRlZRMXhsOWdEZWpnVElMMzVHMnMtN3oyTGZJOGlyVTZ1dHA5dkNBbGRmUVJEdzg4bm5fcktHbnFYZFJ6LVU&b64e=2&sign=73b864f7f3bdf09d8e0db9dec9e5dd04&keyno=0&cst=AiuY0DBWFJ7IXge4WdYJQSaYtyyri96FnFe8CSbFS-6lf89SC9RdJS57ZioYdSa8yCgz4j7fp1KhtYfTazJiJOgoU8cchKQGrT5YNlHC57MeWmCLanu5nTE6qfGMhp3zPR3YPXIJfNHTednWrlwXw7q2sphX1g2n&ref=orjY4mGPRjk5boDnW0uvlrrd71vZw9kp5uQozpMtKCX5No9jVno6g_u0OBpJZulywqXLZi8bEzMufOwS-V2xYO1f5U0V-xKMDSLbhoFP3UXM2ubQdMJe8Q&l10n=ru&cts=1493973324368&mc=4.16431410066" "Mozilla/5.0 (Windows NT 6.1) AppleWebKit/537.36 (KHTML, like Gecko) Chrome/28.0.1500.74 Safari/537.36 MRCHROME"
176.15.19.105 - - [05/May/2017:10:45:39 +0200] "GET /doc/b2_2016.pdf HTTP/1.1" 404 1181 "http://yandex.ru/clck/jsredir?from=yandex.ru%3Bsearch%3Bweb%3B%3B&text=&etext=1412.nF_1EoojAcpD_ZzOC8z4Jq_gXnIk2375e1gH73GxSQwoOng_cfqYfeZwU6IO-Enw.3aa639c8e6170ba872132c6506a283af82e40362&uuid=&state=_BLhILn4SxNIvvL0W45KSic66uCIg23qh8iRG98qeIXmeppkgUc0YG-XUIUpxKrkaoPisARVvB8&data=YnNFc1pRN0lTNGJLeFpGcE9VdGtoTzlHWTlQdGgtcE1naEY2bmZ1OG9VZHZmc1g5cmwwQUhBOXMzVFdfaFlMbi1ObjR3N3BZekxNSXdMT0hEOFc4RmFiZ0dZamZnUmFxSkM1RUNHbExLV1E&b64e=2&sign=0350005e0117868e62a2d30e9c340593&keyno=0&cst=AiuY0DBWFJ7IXge4WdYJQULnoVAFacUf4KijSwLQjf3Xc2emB5Bfi01NLPrkoWbfouk-ZCw4DPxZ-ZQ-KHfhRXfTuJRoqR0ZDlxYWz5iv0CbqLPYg7rSoWvKo0JsrpVGhmtkJ1626BcEPz-Hzr1iLaW70y2zwWCB&ref=orjY4mGPRjk5boDnW0uvlrrd71vZw9kp5uQozpMtKCV-HtQ36UFK0yp0oycenssvCRi0HzpW6khoIEJbmCgeV0-0W9_zYQSBVguDNwvCGIky4dpvUKE1ZA&l10n=ru&cts=1493973324368&mc=1.60783087632" "Opera/9.80 (Windows NT 6.1) Presto/2.12.388 Version/12.16"
40.77.167.150 - - [05/May/2017:11:29:23 +0200] "GET /robots.txt HTTP/1.1" 404 1181 "-" "Mozilla/5.0 (compatible; bingbot/2.0; +http://www.bing.com/bingbot.htm)"
40.77.167.24 - - [05/May/2017:11:29:25 +0200] "GET / HTTP/1.1" 200 2023 "-" "Mozilla/5.0 (compatible; bingbot/2.0; +http://www.bing.com/bingbot.htm)"
66.249.64.129 - - [05/May/2017:12:18:08 +0200] "GET /robots.txt HTTP/1.1" 404 1181 "-" "Mozilla/5.0 (compatible; Googlebot/2.1; +http://www.google.com/bot.html)"
66.249.64.134 - - [05/May/2017:12:18:08 +0200] "GET /doc/b2_201203.jpg HTTP/1.1" 404 1181 "-" "Googlebot-Image/1.0"
84.225.207.59 - - [05/May/2017:12:21:05 +0200] "GET / HTTP/1.1" 200 2023 "-" "Mozilla/5.0 (Linux; Android 6.0; LG-H440n Build/MRA58K) AppleWebKit/537.36 (KHTML, like Gecko) Chrome/56.0.2924.87 Mobile Safari/537.36"
84.225.207.59 - - [05/May/2017:12:21:05 +0200] "GET /blog.jpg HTTP/1.1" 200 29833 "http://www.mkk.zpok.hu/" "Mozilla/5.0 (Linux; Android 6.0; LG-H440n Build/MRA58K) AppleWebKit/537.36 (KHTML, like Gecko) Chrome/56.0.2924.87 Mobile Safari/537.36"
84.225.207.59 - - [05/May/2017:12:21:05 +0200] "GET /facebook-logo-preview.png HTTP/1.1" 200 3924 "http://www.mkk.zpok.hu/" "Mozilla/5.0 (Linux; Android 6.0; LG-H440n Build/MRA58K) AppleWebKit/537.36 (KHTML, like Gecko) Chrome/56.0.2924.87 Mobile Safari/537.36"
84.225.207.59 - - [05/May/2017:12:21:05 +0200] "GET /mkk_banner.png HTTP/1.1" 200 62097 "http://www.mkk.zpok.hu/" "Mozilla/5.0 (Linux; Android 6.0; LG-H440n Build/MRA58K) AppleWebKit/537.36 (KHTML, like Gecko) Chrome/56.0.2924.87 Mobile Safari/537.36"
84.225.207.59 - - [05/May/2017:12:21:12 +0200] "GET /favicon.ico HTTP/1.1" 404 1181 "http://www.mkk.zpok.hu/" "Mozilla/5.0 (Linux; Android 6.0; LG-H440n Build/MRA58K) AppleWebKit/537.36 (KHTML, like Gecko) Chrome/56.0.2924.87 Mobile Safari/537.36"
79.114.213.202 - - [05/May/2017:12:33:21 +0200] "GET /hirlevel/images/1009_terkep_n.jpg HTTP/1.1" 404 1181 "https://www.google.hu/" "Mozilla/5.0 (Windows NT 10.0; WOW64; rv:53.0) Gecko/20100101 Firefox/53.0"
84.225.207.59 - - [05/May/2017:13:07:03 +0200] "GET /favicon.ico HTTP/1.1" 404 1181 "http://www.mkk.zpok.hu/" "Mozilla/5.0 (Linux; Android 6.0; LG-H440n Build/MRA58K) AppleWebKit/537.36 (KHTML, like Gecko) Chrome/56.0.2924.87 Mobile Safari/537.36"
66.249.64.84 - - [05/May/2017:13:26:14 +0200] "GET /doc/helyierdeku_vasutak2009.ppt HTTP/1.1" 404 1181 "-" "Mozilla/5.0 (compatible; Googlebot/2.1; +http://www.google.com/bot.html)"
66.249.64.88 - - [05/May/2017:13:47:50 +0200] "GET /doc/bibok_zsuzsanna.ppt HTTP/1.1" 404 1181 "-" "Mozilla/5.0 (compatible; Googlebot/2.1; +http://www.google.com/bot.html)"
35.184.189.105 - - [05/May/2017:14:49:38 +0200] "GET /robots.txt HTTP/1.1" 404 1181 "-" "ltx71 - (http://ltx71.com/)"
35.184.189.105 - - [05/May/2017:14:52:42 +0200] "GET /robots.txt HTTP/1.1" 404 1181 "-" "ltx71 - (http://ltx71.com/)"
23.88.37.115 - - [05/May/2017:14:58:26 +0200] "GET / HTTP/1.1" 200 2023 "http://www.domain2008.com/domains/mkk.zpok.hu" "Mozilla/5.0 (compatible; MSIE 9.0; Windows NT 6.1; WOW64; Trident/5.0)"
35.184.189.105 - - [05/May/2017:14:58:26 +0200] "GET /robots.txt HTTP/1.1" 404 1181 "-" "ltx71 - (http://ltx71.com/)"
51.255.71.126 - - [05/May/2017:15:00:27 +0200] "GET /hirlevel/vonattal1601.html HTTP/1.1" 404 1181 "-" "Mozilla/5.0 (compatible; AhrefsBot/5.2; +http://ahrefs.com/robot/)"
35.184.189.105 - - [05/May/2017:15:01:40 +0200] "GET /robots.txt HTTP/1.1" 404 1181 "-" "ltx71 - (http://ltx71.com/)"
35.184.189.105 - - [05/May/2017:15:02:14 +0200] "GET /robots.txt HTTP/1.1" 404 1181 "-" "ltx71 - (http://ltx71.com/)"
35.184.189.105 - - [05/May/2017:15:03:31 +0200] "GET / HTTP/1.1" 200 2023 "-" "ltx71 - (http://ltx71.com/)"
35.184.189.105 - - [05/May/2017:15:03:57 +0200] "GET / HTTP/1.1" 200 2023 "-" "ltx71 - (http://ltx71.com/)"
35.184.189.105 - - [05/May/2017:15:05:54 +0200] "GET /tagsag2.htm HTTP/1.1" 200 1335 "-" "ltx71 - (http://ltx71.com/)"
35.184.189.105 - - [05/May/2017:15:06:57 +0200] "GET /robots.txt HTTP/1.1" 404 1181 "-" "ltx71 - (http://ltx71.com/)"
35.184.189.105 - - [05/May/2017:15:10:08 +0200] "GET /robots.txt HTTP/1.1" 404 1181 "-" "ltx71 - (http://ltx71.com/)"
35.184.189.105 - - [05/May/2017:15:10:50 +0200] "GET /robots.txt HTTP/1.1" 404 1181 "-" "ltx71 - (http://ltx71.com/)"
35.184.189.105 - - [05/May/2017:15:17:43 +0200] "GET /robots.txt HTTP/1.1" 404 1181 "-" "ltx71 - (http://ltx71.com/)"
35.184.189.105 - - [05/May/2017:15:19:44 +0200] "GET /robots.txt HTTP/1.1" 404 1181 "-" "ltx71 - (http://ltx71.com/)"
35.184.189.105 - - [05/May/2017:15:20:53 +0200] "GET /projektek2.htm HTTP/1.1" 200 7634 "-" "ltx71 - (http://ltx71.com/)"
35.184.189.105 - - [05/May/2017:15:22:57 +0200] "GET /robots.txt HTTP/1.1" 404 1181 "-" "ltx71 - (http://ltx71.com/)"
35.184.189.105 - - [05/May/2017:15:30:04 +0200] "GET /robots.txt HTTP/1.1" 404 1181 "-" "ltx71 - (http://ltx71.com/)"
35.184.189.105 - - [05/May/2017:15:32:39 +0200] "GET /robots.txt HTTP/1.1" 404 1181 "-" "ltx71 - (http://ltx71.com/)"
35.184.189.105 - - [05/May/2017:15:32:49 +0200] "GET /robots.txt HTTP/1.1" 404 1181 "-" "ltx71 - (http://ltx71.com/)"
35.184.189.105 - - [05/May/2017:15:37:40 +0200] "GET /robots.txt HTTP/1.1" 404 1181 "-" "ltx71 - (http://ltx71.com/)"
35.184.189.105 - - [05/May/2017:15:44:00 +0200] "GET /robots.txt HTTP/1.1" 404 1181 "-" "ltx71 - (http://ltx71.com/)"
35.184.189.105 - - [05/May/2017:15:44:44 +0200] "GET /robots.txt HTTP/1.1" 404 1181 "-" "ltx71 - (http://ltx71.com/)"
35.184.189.105 - - [05/May/2017:15:53:36 +0200] "GET /robots.txt HTTP/1.1" 404 1181 "-" "ltx71 - (http://ltx71.com/)"
35.184.189.105 - - [05/May/2017:15:53:44 +0200] "GET /robots.txt HTTP/1.1" 404 1181 "-" "ltx71 - (http://ltx71.com/)"
35.184.189.105 - - [05/May/2017:15:54:35 +0200] "GET /doc/belepesinyilatkozat.pdf HTTP/1.1" 200 403937 "-" "ltx71 - (http://ltx71.com/)"
178.154.200.56 - - [05/May/2017:15:57:39 +0200] "GET /robots.txt HTTP/1.1" 404 1181 "-" "Mozilla/5.0 (compatible; YandexBot/3.0; +http://yandex.com/bots)"
178.154.200.56 - - [05/May/2017:15:57:43 +0200] "GET /doc/MKKE_2014_OBHGEPI_PK_142_1425021032546.pdf HTTP/1.1" 404 1181 "-" "Mozilla/5.0 (compatible; YandexBot/3.0; +http://yandex.com/bots)"
68.180.229.241 - - [05/May/2017:15:57:54 +0200] "GET /robots.txt HTTP/1.1" 404 1181 "-" "Mozilla/5.0 (compatible; Yahoo! Slurp; http://help.yahoo.com/help/us/ysearch/slurp)"
68.180.229.241 - - [05/May/2017:15:57:55 +0200] "GET /doc/memorandum_0807.pdf HTTP/1.1" 404 1181 "-" "Mozilla/5.0 (compatible; Yahoo! Slurp; http://help.yahoo.com/help/us/ysearch/slurp)"
35.184.189.105 - - [05/May/2017:16:30:18 +0200] "GET /robots.txt HTTP/1.1" 404 1181 "-" "ltx71 - (http://ltx71.com/)"
66.249.64.84 - - [05/May/2017:17:13:33 +0200] "GET /hirlevel/siofok_1109.doc HTTP/1.1" 404 1181 "-" "Mozilla/5.0 (Linux; Android 6.0.1; Nexus 5X Build/MMB29P) AppleWebKit/537.36 (KHTML, like Gecko) Chrome/41.0.2272.96 Mobile Safari/537.36 (compatible; Googlebot/2.1; +http://www.google.com/bot.html)"
121.11.241.52 - - [05/May/2017:17:16:20 +0200] "GET /wp-login.php HTTP/1.1" 404 1181 "-" "Mozilla/5.0 (Windows NT 10.0; WOW64) AppleWebKit/537.36 (KHTML, like Gecko) Chrome/46.0.2490.80 Safari/537.36"
35.184.189.105 - - [05/May/2017:17:17:54 +0200] "GET /robots.txt HTTP/1.1" 404 1181 "-" "ltx71 - (http://ltx71.com/)"
121.11.241.52 - - [05/May/2017:17:20:56 +0200] "GET /robots.txt HTTP/1.1" 404 1181 "-" "Mozilla/5.0 (Windows NT 10.0; WOW64) AppleWebKit/537.36 (KHTML, like Gecko) Chrome/46.0.2490.80 Safari/537.36"
40.77.167.156 - - [05/May/2017:17:46:14 +0200] "GET /robots.txt HTTP/1.1" 404 1181 "-" "Mozilla/5.0 (compatible; bingbot/2.0; +http://www.bing.com/bingbot.htm)"
40.77.167.24 - - [05/May/2017:17:46:18 +0200] "GET / HTTP/1.1" 200 2023 "-" "Mozilla/5.0 (compatible; bingbot/2.0; +http://www.bing.com/bingbot.htm)"
89.133.165.194 - - [05/May/2017:17:59:28 +0200] "GET /images/vasutterkep_n.jpg HTTP/1.1" 404 1181 "http://www.terkepkalauz.hu/index.php?option=com_content&task=view&id=396" "Mozilla/5.0 (Windows NT 6.3; Win64; x64) AppleWebKit/537.36 (KHTML, like Gecko) Chrome/58.0.3029.96 Safari/537.36"
89.133.165.194 - - [05/May/2017:17:59:28 +0200] "GET /favicon.ico HTTP/1.1" 404 1181 "http://www.mkk.zpok.hu/images/vasutterkep_n.jpg" "Mozilla/5.0 (Windows NT 6.3; Win64; x64) AppleWebKit/537.36 (KHTML, like Gecko) Chrome/58.0.3029.96 Safari/537.36"
104.154.58.95 - - [05/May/2017:18:21:37 +0200] "GET /robots.txt HTTP/1.1" 404 1181 "-" "ltx71 - (http://ltx71.com/)"
46.83.60.104 - - [05/May/2017:18:29:37 +0200] "GET /doc/b2_201203.jpg HTTP/1.1" 404 1181 "http://vasut.kteam.hu/indexde.html" "Mozilla/5.0 (Windows NT 10.0; WOW64; rv:53.0) Gecko/20100101 Firefox/53.0"
46.83.60.104 - - [05/May/2017:18:29:39 +0200] "GET /favicon.ico HTTP/1.1" 404 1181 "-" "Mozilla/5.0 (Windows NT 10.0; WOW64; rv:53.0) Gecko/20100101 Firefox/53.0"
46.83.60.104 - - [05/May/2017:18:29:39 +0200] "GET /favicon.ico HTTP/1.1" 404 1181 "-" "Mozilla/5.0 (Windows NT 10.0; WOW64; rv:53.0) Gecko/20100101 Firefox/53.0"
46.83.60.104 - - [05/May/2017:18:29:45 +0200] "GET /doc/b2_2010.pdf HTTP/1.1" 404 1181 "http://vasut.kteam.hu/indexde.html" "Mozilla/5.0 (Windows NT 10.0; WOW64; rv:53.0) Gecko/20100101 Firefox/53.0"
40.77.167.28 - - [05/May/2017:19:42:01 +0200] "GET /doc/eletet-a-vasutnak.pdf HTTP/1.1" 200 5085257 "-" "msnbot-media/1.1 (+http://search.msn.com/msnbot.htm)"
78.46.42.235 - - [05/May/2017:20:09:44 +0200] "HEAD / HTTP/1.1" 200 0 "-" "Mozilla/5.0 (Windows NT 6.1) AppleWebKit/537.36 (KHTML, like Gecko) Chrome/41.0.2228.0 Safari/537.36Mozilla/5.0 (Macintosh; Intel Mac OS X 10.8; rv:24.0) Gecko/20100101 Firefox/24.0"
35.184.189.105 - - [05/May/2017:20:15:06 +0200] "GET /robots.txt HTTP/1.1" 404 1181 "-" "ltx71 - (http://ltx71.com/)"
35.184.189.105 - - [05/May/2017:20:15:21 +0200] "GET /tagsag2.htm HTTP/1.1" 200 1335 "-" "ltx71 - (http://ltx71.com/)"
66.249.64.88 - - [05/May/2017:21:09:33 +0200] "GET /robots.txt HTTP/1.1" 404 1181 "-" "Mozilla/5.0 (compatible; Googlebot/2.1; +http://www.google.com/bot.html)"
66.249.64.84 - - [05/May/2017:21:09:33 +0200] "GET /doc/vasuttal-budapest-kornyeken.pdf HTTP/1.1" 404 1181 "-" "Mozilla/5.0 (Linux; Android 6.0.1; Nexus 5X Build/MMB29P) AppleWebKit/537.36 (KHTML, like Gecko) Chrome/41.0.2272.96 Mobile Safari/537.36 (compatible; Googlebot/2.1; +http://www.google.com/bot.html)"
180.76.15.19 - - [05/May/2017:21:29:28 +0200] "GET /doc/vonattal_tisza-tohoz_2010.pdf HTTP/1.1" 404 1181 "-" "Mozilla/5.0 (compatible; Baiduspider/2.0; +http://www.baidu.com/search/spider.html)"
193.224.131.39 - - [05/May/2017:21:42:40 +0200] "GET / HTTP/1.1" 200 2023 "https://www.google.hu/" "Mozilla/5.0 (Windows NT 10.0; Win64; x64) AppleWebKit/537.36 (KHTML, like Gecko) Chrome/58.0.3029.96 Safari/537.36"
193.224.131.39 - - [05/May/2017:21:42:40 +0200] "GET /facebook-logo-preview.png HTTP/1.1" 200 3924 "http://www.mkk.zpok.hu/" "Mozilla/5.0 (Windows NT 10.0; Win64; x64) AppleWebKit/537.36 (KHTML, like Gecko) Chrome/58.0.3029.96 Safari/537.36"
193.224.131.39 - - [05/May/2017:21:42:40 +0200] "GET /blog.jpg HTTP/1.1" 200 29833 "http://www.mkk.zpok.hu/" "Mozilla/5.0 (Windows NT 10.0; Win64; x64) AppleWebKit/537.36 (KHTML, like Gecko) Chrome/58.0.3029.96 Safari/537.36"
193.224.131.39 - - [05/May/2017:21:42:40 +0200] "GET /mkk_banner.png HTTP/1.1" 200 62097 "http://www.mkk.zpok.hu/" "Mozilla/5.0 (Windows NT 10.0; Win64; x64) AppleWebKit/537.36 (KHTML, like Gecko) Chrome/58.0.3029.96 Safari/537.36"
193.224.131.39 - - [05/May/2017:21:42:42 +0200] "GET /favicon.ico HTTP/1.1" 404 1181 "http://www.mkk.zpok.hu/" "Mozilla/5.0 (Windows NT 10.0; Win64; x64) AppleWebKit/537.36 (KHTML, like Gecko) Chrome/58.0.3029.96 Safari/537.36"
193.224.131.39 - - [05/May/2017:21:42:45 +0200] "GET /kikvagyunk2.htm HTTP/1.1" 200 17375 "http://www.mkk.zpok.hu/" "Mozilla/5.0 (Windows NT 10.0; Win64; x64) AppleWebKit/537.36 (KHTML, like Gecko) Chrome/58.0.3029.96 Safari/537.36"
193.224.131.39 - - [05/May/2017:21:42:45 +0200] "GET /icons/icons_k/1.png HTTP/1.1" 200 7684 "http://www.mkk.zpok.hu/kikvagyunk2.htm" "Mozilla/5.0 (Windows NT 10.0; Win64; x64) AppleWebKit/537.36 (KHTML, like Gecko) Chrome/58.0.3029.96 Safari/537.36"
