46.35.196.207 - - [12/May/2017:18:31:28 +0200] "GET /blog.jpg HTTP/1.1" 200 29833 "http://www.mkk.zpok.hu/" "Mozilla/5.0 (Windows NT 6.1; Win64; x64) AppleWebKit/537.36 (KHTML, like Gecko) Chrome/58.0.3029.96 Safari/537.36"
46.35.196.207 - - [12/May/2017:18:31:28 +0200] "GET /facebook-logo-preview.png HTTP/1.1" 200 3924 "http://www.mkk.zpok.hu/" "Mozilla/5.0 (Windows NT 6.1; Win64; x64) AppleWebKit/537.36 (KHTML, like Gecko) Chrome/58.0.3029.96 Safari/537.36"
46.35.196.207 - - [12/May/2017:18:31:28 +0200] "GET /mkk_banner.png HTTP/1.1" 200 62097 "http://www.mkk.zpok.hu/" "Mozilla/5.0 (Windows NT 6.1; Win64; x64) AppleWebKit/537.36 (KHTML, like Gecko) Chrome/58.0.3029.96 Safari/537.36"
46.35.196.207 - - [12/May/2017:18:31:32 +0200] "GET /favicon.ico HTTP/1.1" 404 1181 "http://www.mkk.zpok.hu/" "Mozilla/5.0 (Windows NT 6.1; Win64; x64) AppleWebKit/537.36 (KHTML, like Gecko) Chrome/58.0.3029.96 Safari/537.36"
66.249.92.204 - - [12/May/2017:18:31:36 +0200] "GET / HTTP/1.1" 200 2023 "-" "Mediapartners-Google"
85.67.26.254 - - [12/May/2017:19:32:40 +0200] "GET /images/vasutterkep_n.jpg HTTP/1.1" 404 1181 "http://www.terkepkalauz.hu/index.php?option=com_content&task=view&id=396" "Mozilla/5.0 (Windows NT 6.3; WOW64; rv:53.0) Gecko/20100101 Firefox/53.0"
85.67.26.254 - - [12/May/2017:19:32:41 +0200] "GET /favicon.ico HTTP/1.1" 404 1181 "-" "Mozilla/5.0 (Windows NT 6.3; WOW64; rv:53.0) Gecko/20100101 Firefox/53.0"
85.67.26.254 - - [12/May/2017:19:32:41 +0200] "GET /favicon.ico HTTP/1.1" 404 1181 "-" "Mozilla/5.0 (Windows NT 6.3; WOW64; rv:53.0) Gecko/20100101 Firefox/53.0"
85.67.26.254 - - [12/May/2017:19:32:50 +0200] "GET /images/vasutterkep_n.jpg HTTP/1.1" 404 1181 "http://www.terkepkalauz.hu/index.php?option=com_content&task=view&id=396" "Mozilla/5.0 (Windows NT 6.3; WOW64; rv:53.0) Gecko/20100101 Firefox/53.0"
94.21.156.170 - - [12/May/2017:19:36:58 +0200] "GET / HTTP/1.1" 200 2023 "http://forum.index.hu/Article/showArticle?t=9166131&la=143847001" "Mozilla/5.0 (Windows NT 6.1; WOW64; rv:53.0) Gecko/20100101 Firefox/53.0"
94.21.156.170 - - [12/May/2017:19:36:58 +0200] "GET /blog.jpg HTTP/1.1" 200 29833 "http://www.mkk.zpok.hu/" "Mozilla/5.0 (Windows NT 6.1; WOW64; rv:53.0) Gecko/20100101 Firefox/53.0"
94.21.156.170 - - [12/May/2017:19:36:58 +0200] "GET /facebook-logo-preview.png HTTP/1.1" 200 3924 "http://www.mkk.zpok.hu/" "Mozilla/5.0 (Windows NT 6.1; WOW64; rv:53.0) Gecko/20100101 Firefox/53.0"
94.21.156.170 - - [12/May/2017:19:36:58 +0200] "GET /mkk_banner.png HTTP/1.1" 200 62097 "http://www.mkk.zpok.hu/" "Mozilla/5.0 (Windows NT 6.1; WOW64; rv:53.0) Gecko/20100101 Firefox/53.0"
94.21.156.170 - - [12/May/2017:19:37:10 +0200] "GET /favicon.ico HTTP/1.1" 404 1181 "-" "Mozilla/5.0 (Windows NT 6.1; WOW64; rv:53.0) Gecko/20100101 Firefox/53.0"
94.21.156.170 - - [12/May/2017:19:37:29 +0200] "GET /favicon.ico HTTP/1.1" 404 1181 "-" "Mozilla/5.0 (Windows NT 6.1; WOW64; rv:53.0) Gecko/20100101 Firefox/53.0"
66.249.66.73 - - [12/May/2017:19:37:53 +0200] "GET /robots.txt HTTP/1.1" 404 1181 "-" "Mozilla/5.0 (compatible; Googlebot/2.1; +http://www.google.com/bot.html)"
66.249.66.73 - - [12/May/2017:19:37:53 +0200] "GET /hirlevel/vonattal1306.html HTTP/1.1" 404 1181 "-" "Mozilla/5.0 (compatible; Googlebot/2.1; +http://www.google.com/bot.html)"
66.249.66.70 - - [12/May/2017:20:13:31 +0200] "GET /hirlevel/sajtonyilatkozat_tersegivasutak_1110.pdf HTTP/1.1" 404 1181 "-" "Mozilla/5.0 (compatible; Googlebot/2.1; +http://www.google.com/bot.html)"
89.132.27.110 - - [12/May/2017:20:24:42 +0200] "GET /images/vasutterkep_n.jpg HTTP/1.1" 404 1181 "-" "Mozilla/5.0 (Windows NT 6.1; WOW64) AppleWebKit/537.36 (KHTML, like Gecko) Chrome/58.0.3029.110 Safari/537.36"
89.132.27.110 - - [12/May/2017:20:24:42 +0200] "GET /favicon.ico HTTP/1.1" 404 1181 "http://www.mkk.zpok.hu/images/vasutterkep_n.jpg" "Mozilla/5.0 (Windows NT 6.1; WOW64) AppleWebKit/537.36 (KHTML, like Gecko) Chrome/58.0.3029.110 Safari/537.36"
89.132.27.110 - - [12/May/2017:20:25:10 +0200] "GET /images/vasutterkep_n.jpg HTTP/1.1" 404 1181 "-" "Mozilla/5.0 (Windows NT 6.1; WOW64) AppleWebKit/537.36 (KHTML, like Gecko) Chrome/58.0.3029.110 Safari/537.36"
89.132.27.110 - - [12/May/2017:20:25:10 +0200] "GET /favicon.ico HTTP/1.1" 404 1181 "http://www.mkk.zpok.hu/images/vasutterkep_n.jpg" "Mozilla/5.0 (Windows NT 6.1; WOW64) AppleWebKit/537.36 (KHTML, like Gecko) Chrome/58.0.3029.110 Safari/537.36"
40.77.167.46 - - [12/May/2017:22:00:41 +0200] "GET / HTTP/1.1" 200 2023 "-" "Mozilla/5.0 (compatible; bingbot/2.0; +http://www.bing.com/bingbot.htm)"
66.249.66.76 - - [12/May/2017:22:07:53 +0200] "GET /doc/legyel_te_is_buszke_kerekparos.pdf HTTP/1.1" 404 1181 "-" "Mozilla/5.0 (Linux; Android 6.0.1; Nexus 5X Build/MMB29P) AppleWebKit/537.36 (KHTML, like Gecko) Chrome/41.0.2272.96 Mobile Safari/537.36 (compatible; Googlebot/2.1; +http://www.google.com/bot.html)"
66.249.69.219 - - [12/May/2017:22:49:08 +0200] "GET / HTTP/1.1" 304 - "-" "Mozilla/5.0 (compatible; Googlebot/2.1; +http://www.google.com/bot.html)"
40.77.167.173 - - [12/May/2017:23:09:24 +0200] "GET /robots.txt HTTP/1.1" 404 1181 "-" "Mozilla/5.0 (compatible; bingbot/2.0; +http://www.bing.com/bingbot.htm)"
40.77.167.46 - - [12/May/2017:23:09:26 +0200] "GET /doc/meghivo_kgy_201405523.pdf HTTP/1.1" 404 1181 "-" "Mozilla/5.0 (compatible; bingbot/2.0; +http://www.bing.com/bingbot.htm)"
46.229.164.99 - - [12/May/2017:23:11:05 +0200] "GET /robots.txt HTTP/1.1" 404 1181 "-" "Mozilla/5.0 (compatible; SemrushBot/1.2~bl; +http://www.semrush.com/bot.html)"
109.173.60.229 - - [12/May/2017:23:28:09 +0200] "GET /doc/b2_2016.pdf HTTP/1.1" 404 1181 "http://yandex.ru/clck/jsredir?from=yandex.ru%3Bsearch%3Bweb%3B%3B&text=&etext=1419.KFh7bO4wrE7_FzX8_L54Sxbhxx8oBb0EyFlu2ItS14q8HySRjP_-5-fAqJoI8VEZ.2666abc231a34f30e2b2b71f623a4537c6ef057f&uuid=&state=_BLhILn4SxNIvvL0W45KSic66uCIg23qh8iRG98qeIXmeppkgUc0YOm24rr5dkiDnIjpu2TfUVc&data=YnNFc1pRN0lTNGJLeFpGcE9VdGtoTzlHWTlQdGgtcE1naEY2bmZ1OG9VZHZmc1g5cmwwQUhOckk0UWp3S2xuNElPS1NjRVlBZzdqeTU0U2l2bFpPbzdvV2l5ZVdiSUsy&b64e=2&sign=4a1347cea7c8cae3e0bd42f3fd74e2b2&keyno=0&cst=AiuY0DBWFJ7IXge4WdYJQYuwSQLovbTTxw8gzvKa_cAAAOh6PPtD8SoOqGczf07i0FcvqjZJpYsowO4Ofa8ofPTYbuo-T8RGjarz_VohsyKukYPYwMjsWGXmcq4V3tl1yiYbHm1DQ6j7okwFEuWGYA&ref=orjY4mGPRjk5boDnW0uvlrrd71vZw9kp5uQozpMtKCXma_RTIh0ntJRR-mkj1kqFW-Gv-AlqAiH3G1pVNzwl-9R9ZX5x41lhKRXbYKbEYLpLJuZALINibg&l10n=ru&cts=1494621328522&mc=2.43893428872" "Opera/9.80 (Windows NT 6.1) Presto/2.12.388 Version/12.16"
37.204.43.99 - - [12/May/2017:23:28:10 +0200] "GET /doc/vasuttal-budapest-kornyeken.pdf HTTP/1.1" 404 1181 "http://yandex.ru/clck/jsredir?from=yandex.ru%3Bsearch%3Bweb%3B%3B&text=&etext=1419.1-D4c3RHMf92_cxrhvqq_ueVuZsW6KBJDkTwIvgaJ70ZQy-3z9BEqdt1RMFJ0HmJ.7500a518e0f1fba2f07ab9f96ce6647c62f5cd22&uuid=&state=_BLhILn4SxNIvvL0W45KSic66uCIg23qh8iRG98qeIXmeppkgUc0YCYBcIrWNUha-mUlBiA3OhY&data=YnNFc1pRN0lTNGJLeFpGcE9VdGtoTzlHWTlQdGgtcE1NTjRsSXROOTZLa2MyUlVjNnlKME1WN3JidXA0SFpwSk9LbjVOM3lIbTlHWmpDQzl6Nno4UFlCQm1yVWM3akJRaV9RdG9VUE9yek5NZXhNYTU1WmhCb0toeGNENGhJNDM&b64e=2&sign=3ed0f3f23d2afcab57b29cfd66528bba&keyno=0&cst=AiuY0DBWFJ7IXge4WdYJQSaYtyyri96FZvthDBOboKkMlNhpIg6x-OXgKtEuz1ZMDyeU_3knkbXdKZCGAYA_0JCCCSef0q8o4Ntx0-CwZ8Aq4CaZESzcwb-PaaGsc2twG43Iba-SOKJSY33TOUZaxmlJMhnuVoNz&ref=orjY4mGPRjk5boDnW0uvlrrd71vZw9kp5uQozpMtKCVwKdyQ4GQurslSM0CKBXJZJKXVqiDk3TvV-pJ2gChsWQ6OPD8Jxe2lFzQmmV0hWgnN830GktXLkQ&l10n=ru&cts=1494621328522&mc=1.99495661448" "Mozilla/5.0 (Windows NT 6.1) AppleWebKit/537.36 (KHTML, like Gecko) Chrome/28.0.1500.95 YaBrowser/13.10.1500.9323 Safari/537.36"
157.55.39.89 - - [12/May/2017:23:34:09 +0200] "GET /hirlevel/palyamester.pdf HTTP/1.1" 404 1181 "-" "Mozilla/5.0 (compatible; bingbot/2.0; +http://www.bing.com/bingbot.htm)"
46.229.164.101 - - [12/May/2017:23:54:55 +0200] "GET /robots.txt HTTP/1.1" 404 1181 "-" "Mozilla/5.0 (compatible; SemrushBot/1.2~bl; +http://www.semrush.com/bot.html)"
75.101.162.240 - - [13/May/2017:00:50:34 +0200] "GET /robots.txt HTTP/1.1" 404 1181 "-" "Mozilla/5.0 (compatible; DotBot/1.1; http://www.opensiteexplorer.org/dotbot, help@moz.com)"
75.101.162.240 - - [13/May/2017:00:55:19 +0200] "GET /hirlevel/vonattal1501.html HTTP/1.1" 404 1181 "-" "Mozilla/5.0 (compatible; DotBot/1.1; http://www.opensiteexplorer.org/dotbot, help@moz.com)"
199.193.251.133 - - [13/May/2017:01:01:16 +0200] "HEAD / HTTP/1.1" 200 0 "https://www.inboundlinks.win/InboundLinks/mkk.zpok.hu" "Mozilla/5.0 (compatible; MSIE 9.0; Windows NT 6.1; WOW64; Trident/5.0)"
66.249.69.193 - - [13/May/2017:02:11:34 +0200] "GET /hirlevel/images/0912b.jpg HTTP/1.1" 404 1181 "-" "Googlebot-Image/1.0"
66.249.69.215 - - [13/May/2017:03:04:20 +0200] "GET /robots.txt HTTP/1.1" 404 1181 "-" "Mozilla/5.0 (compatible; Googlebot/2.1; +http://www.google.com/bot.html)"
66.249.69.219 - - [13/May/2017:03:04:24 +0200] "GET /doc/hu_aps_positivbeispiele_aufl2_070622_klein.pdf HTTP/1.1" 200 2887217 "-" "Mozilla/5.0 (compatible; Googlebot/2.1; +http://www.google.com/bot.html)"
46.229.170.193 - - [13/May/2017:03:41:58 +0200] "GET / HTTP/1.1" 200 2023 "-" "Mozilla/5.0 (X11; Linux i686; rv:6.0) Gecko/20100101 Firefox/6.0"
77.75.78.171 - - [13/May/2017:03:56:32 +0200] "GET /robots.txt HTTP/1.1" 404 1181 "-" "Mozilla/5.0 (compatible; SeznamBot/3.2; +http://napoveda.seznam.cz/en/seznambot-intro/)"
77.75.78.171 - - [13/May/2017:03:56:33 +0200] "GET / HTTP/1.1" 304 - "-" "Mozilla/5.0 (compatible; SeznamBot/3.2; +http://napoveda.seznam.cz/en/seznambot-intro/)"
40.77.167.46 - - [13/May/2017:04:11:21 +0200] "GET / HTTP/1.1" 200 2023 "-" "Mozilla/5.0 (compatible; bingbot/2.0; +http://www.bing.com/bingbot.htm)"
157.55.39.89 - - [13/May/2017:04:28:17 +0200] "GET /doc/KHEM%20_Menetrendi_koncepci%C3%B3.pdf HTTP/1.1" 404 1181 "-" "Mozilla/5.0 (compatible; bingbot/2.0; +http://www.bing.com/bingbot.htm)"
77.111.90.197 - - [13/May/2017:05:30:16 +0200] "GET /doc/konf_0807.pdf HTTP/1.1" 404 1181 "-" "Mozilla/5.0 (Windows NT 6.1; WOW64) AppleWebKit/537.36 (KHTML, like Gecko) Chrome/46.0.2490.71 Safari/537.36"
77.111.90.197 - - [13/May/2017:05:30:16 +0200] "GET /doc/konf_0807.pdf HTTP/1.0" 404 1181 "-" "-"
46.229.164.99 - - [13/May/2017:05:31:49 +0200] "GET /robots.txt HTTP/1.1" 404 1181 "-" "Mozilla/5.0 (compatible; SemrushBot/1.2~bl; +http://www.semrush.com/bot.html)"
35.184.189.105 - - [13/May/2017:05:33:15 +0200] "GET /robots.txt HTTP/1.1" 404 1181 "-" "ltx71 - (http://ltx71.com/)"
35.184.189.105 - - [13/May/2017:05:33:47 +0200] "GET / HTTP/1.1" 200 2023 "-" "ltx71 - (http://ltx71.com/)"
46.229.164.101 - - [13/May/2017:05:44:18 +0200] "GET /robots.txt HTTP/1.1" 404 1181 "-" "Mozilla/5.0 (compatible; SemrushBot/1.2~bl; +http://www.semrush.com/bot.html)"
78.46.42.235 - - [13/May/2017:06:15:20 +0200] "HEAD / HTTP/1.1" 200 0 "-" "Mozilla/5.0 (Windows NT 6.1) AppleWebKit/537.36 (KHTML, like Gecko) Chrome/41.0.2228.0 Safari/537.36Mozilla/5.0 (Macintosh; Intel Mac OS X 10.8; rv:24.0) Gecko/20100101 Firefox/24.0"
66.249.69.211 - - [13/May/2017:07:16:39 +0200] "GET /doc/ideiglvedettseg.pdf HTTP/1.1" 404 1181 "-" "Mozilla/5.0 (Linux; Android 6.0.1; Nexus 5X Build/MMB29P) AppleWebKit/537.36 (KHTML, like Gecko) Chrome/41.0.2272.96 Mobile Safari/537.36 (compatible; Googlebot/2.1; +http://www.google.com/bot.html)"
40.77.167.46 - - [13/May/2017:08:00:23 +0200] "GET /hirlevel/vonattal1012.htm HTTP/1.1" 404 1181 "-" "Mozilla/5.0 (compatible; bingbot/2.0; +http://www.bing.com/bingbot.htm)"
66.249.69.193 - - [13/May/2017:08:13:12 +0200] "GET /robots.txt HTTP/1.1" 404 1181 "-" "Mozilla/5.0 (compatible; Googlebot/2.1; +http://www.google.com/bot.html)"
66.249.69.251 - - [13/May/2017:08:13:12 +0200] "GET /doc/ot-2010_kozl-allasfoglalas.pdf HTTP/1.1" 404 1181 "-" "Googlebot/2.1 (+http://www.google.com/bot.html)"
40.77.167.154 - - [13/May/2017:08:31:30 +0200] "GET /robots.txt HTTP/1.1" 404 1181 "-" "Mozilla/5.0 (compatible; bingbot/2.0; +http://www.bing.com/bingbot.htm)"
207.46.13.98 - - [13/May/2017:08:31:33 +0200] "GET /doc/vonatrafel_c.pdf HTTP/1.1" 404 1181 "-" "Mozilla/5.0 (compatible; bingbot/2.0; +http://www.bing.com/bingbot.htm)"
125.209.235.170 - - [13/May/2017:08:55:04 +0200] "GET /robots.txt HTTP/1.1" 404 1181 "-" "Mozilla/5.0 (compatible; Yeti/1.1; +http://naver.me/bot)"
125.209.235.185 - - [13/May/2017:08:55:06 +0200] "GET /doc/b2_2010.pdf HTTP/1.1" 404 1181 "-" "Mozilla/5.0 (compatible; Yeti/1.1; +http://naver.me/bot)"
40.77.167.46 - - [13/May/2017:08:56:12 +0200] "GET /doc/emlekezteto_tatabanya_0327.pdf HTTP/1.1" 404 1181 "-" "Mozilla/5.0 (compatible; bingbot/2.0; +http://www.bing.com/bingbot.htm)"
157.55.39.89 - - [13/May/2017:09:19:32 +0200] "GET /hirlevel/kulonvonat.pdf HTTP/1.1" 404 1181 "-" "Mozilla/5.0 (compatible; bingbot/2.0; +http://www.bing.com/bingbot.htm)"
77.75.77.101 - - [13/May/2017:09:28:48 +0200] "GET /robots.txt HTTP/1.1" 404 1181 "-" "Mozilla/5.0 (compatible; SeznamBot/3.2; +http://napoveda.seznam.cz/en/seznambot-intro/)"
77.75.77.101 - - [13/May/2017:09:28:49 +0200] "GET /images/vasutterkep_n.jpg HTTP/1.1" 404 1181 "-" "Mozilla/5.0 (compatible; SeznamBot/3.2; +http://napoveda.seznam.cz/en/seznambot-intro/)"
66.249.69.193 - - [13/May/2017:11:06:19 +0200] "GET /hirlevel/images/1004b.jpg HTTP/1.1" 404 1181 "-" "Googlebot-Image/1.0"
64.62.252.169 - - [13/May/2017:11:06:22 +0200] "GET /robots.txt HTTP/1.1" 404 1181 "-" "BUbiNG (+http://law.di.unimi.it/BUbiNG.html)"
64.62.252.169 - - [13/May/2017:11:06:22 +0200] "GET / HTTP/1.1" 200 2023 "-" "BUbiNG (+http://law.di.unimi.it/BUbiNG.html)"
46.229.164.101 - - [13/May/2017:11:18:16 +0200] "GET /robots.txt HTTP/1.1" 404 1181 "-" "Mozilla/5.0 (compatible; SemrushBot/1.2~bl; +http://www.semrush.com/bot.html)"
66.249.93.130 - - [13/May/2017:11:24:24 +0200] "GET /doc/vonatrafel_c.pdf HTTP/1.1" 404 1181 "http://www.terkepkalauz.hu/index.php?option=com_alphacontent§ion=4&cat=32&task=view&id=396&Itemid=99999999" "Mozilla/5.0 (Linux; Android 5.1; Lenovo A2010-a Build/LMY47D) AppleWebKit/537.36 (KHTML, like Gecko) Chrome/58.0.3029.83 Mobile Safari/537.36"
66.249.93.132 - - [13/May/2017:11:24:25 +0200] "GET /favicon.ico HTTP/1.1" 404 1181 "http://www.mkk.zpok.hu/doc/vonatrafel_c.pdf" "Mozilla/5.0 (Linux; Android 5.1; Lenovo A2010-a Build/LMY47D) AppleWebKit/537.36 (KHTML, like Gecko) Chrome/58.0.3029.83 Mobile Safari/537.36"
66.249.93.134 - - [13/May/2017:11:24:39 +0200] "GET /images/vasutterkep_n.jpg HTTP/1.1" 404 1181 "http://www.terkepkalauz.hu/index.php?option=com_alphacontent§ion=4&cat=32&task=view&id=396&Itemid=99999999" "Mozilla/5.0 (Linux; Android 5.1; Lenovo A2010-a Build/LMY47D) AppleWebKit/537.36 (KHTML, like Gecko) Chrome/58.0.3029.83 Mobile Safari/537.36"
46.229.164.99 - - [13/May/2017:11:32:14 +0200] "GET /robots.txt HTTP/1.1" 404 1181 "-" "Mozilla/5.0 (compatible; SemrushBot/1.2~bl; +http://www.semrush.com/bot.html)"
192.187.109.42 - - [13/May/2017:11:45:20 +0200] "GET /wp-content/plugins/stats-wp/readme.txt HTTP/1.1" 404 1181 "-" "Mozilla/5.0 (Windows NT 6.1; Trident/7.0; rv:11.0) like Gecko"
192.187.109.42 - - [13/May/2017:11:45:20 +0200] "GET /wp-content/plugins/gallery-slider/readme.txt HTTP/1.1" 404 1181 "-" "Mozilla/5.0 (Windows NT 6.1; Trident/7.0; rv:11.0) like Gecko"
192.187.109.42 - - [13/May/2017:11:45:20 +0200] "GET /wp-content/plugins/wp-handy-lightbox/readme.txt HTTP/1.1" 404 1181 "-" "Mozilla/5.0 (Windows NT 6.1; Trident/7.0; rv:11.0) like Gecko"
192.187.109.42 - - [13/May/2017:11:45:20 +0200] "GET /wp-content/plugins/seo-keyword-page/readme.txt HTTP/1.1" 404 1181 "-" "Mozilla/5.0 (Windows NT 6.1; Trident/7.0; rv:11.0) like Gecko"
192.187.109.42 - - [13/May/2017:11:45:20 +0200] "GET /wp-content/plugins/stats-wp/readme.txt HTTP/1.1" 404 1181 "-" "Mozilla/5.0 (Windows NT 6.1; Trident/7.0; rv:11.0) like Gecko"
192.187.109.42 - - [13/May/2017:11:45:20 +0200] "GET /wp-content/plugins/seo-keyword-page/readme.txt HTTP/1.1" 404 1181 "-" "Mozilla/5.0 (Windows NT 6.1; Trident/7.0; rv:11.0) like Gecko"
192.187.109.42 - - [13/May/2017:11:45:21 +0200] "GET /wp-content/plugins/gallery-slider/readme.txt HTTP/1.1" 404 1181 "-" "Mozilla/5.0 (Windows NT 6.1; Trident/7.0; rv:11.0) like Gecko"
192.187.109.42 - - [13/May/2017:11:45:21 +0200] "GET /wp-content/plugins/wp-handy-lightbox/readme.txt HTTP/1.1" 404 1181 "-" "Mozilla/5.0 (Windows NT 6.1; Trident/7.0; rv:11.0) like Gecko"
66.249.93.130 - - [13/May/2017:11:56:46 +0200] "GET / HTTP/1.1" 200 2023 "http://forum.index.hu/Article/showArticle?t=9166131&la=143862543" "Mozilla/5.0 (Linux; Android 6.0; HUAWEI VNS-L21 Build/HUAWEIVNS-L21) AppleWebKit/537.36 (KHTML, like Gecko) Chrome/58.0.3029.83 Mobile Safari/537.36"
66.249.93.134 - - [13/May/2017:11:56:46 +0200] "GET /facebook-logo-preview.png HTTP/1.1" 200 3924 "http://www.mkk.zpok.hu/" "Mozilla/5.0 (Linux; Android 6.0; HUAWEI VNS-L21 Build/HUAWEIVNS-L21) AppleWebKit/537.36 (KHTML, like Gecko) Chrome/58.0.3029.83 Mobile Safari/537.36"
66.249.93.132 - - [13/May/2017:11:56:46 +0200] "GET /blog.jpg HTTP/1.1" 200 29833 "http://www.mkk.zpok.hu/" "Mozilla/5.0 (Linux; Android 6.0; HUAWEI VNS-L21 Build/HUAWEIVNS-L21) AppleWebKit/537.36 (KHTML, like Gecko) Chrome/58.0.3029.83 Mobile Safari/537.36"
66.249.93.130 - - [13/May/2017:11:56:46 +0200] "GET /mkk_banner.png HTTP/1.1" 200 62097 "http://www.mkk.zpok.hu/" "Mozilla/5.0 (Linux; Android 6.0; HUAWEI VNS-L21 Build/HUAWEIVNS-L21) AppleWebKit/537.36 (KHTML, like Gecko) Chrome/58.0.3029.83 Mobile Safari/537.36"
66.249.93.134 - - [13/May/2017:11:56:50 +0200] "GET /favicon.ico HTTP/1.1" 404 1181 "http://www.mkk.zpok.hu/" "Mozilla/5.0 (Linux; Android 6.0; HUAWEI VNS-L21 Build/HUAWEIVNS-L21) AppleWebKit/537.36 (KHTML, like Gecko) Chrome/58.0.3029.83 Mobile Safari/537.36"
180.76.15.5 - - [13/May/2017:12:04:10 +0200] "GET /doc/varos-videk_2009.pdf HTTP/1.1" 200 622592 "-" "Mozilla/5.0 (compatible; Baiduspider/2.0; +http://www.baidu.com/search/spider.html)"
5.9.145.132 - - [13/May/2017:12:30:29 +0200] "GET /doc/hu_aps_positivbeispiele_aufl2_070622_klein.pdf HTTP/1.1" 200 2887217 "-" "Mozilla/5.0 (Macintosh; Intel Mac OS X 10_7_5) AppleWebKit/537.36 (KHTML, like Gecko) Chrome/27.0.1453.93 Safari/537.36"
207.46.13.98 - - [13/May/2017:12:31:37 +0200] "GET /hirlevel/vonattal1207.htm HTTP/1.1" 404 1181 "-" "Mozilla/5.0 (iPhone; CPU iPhone OS 7_0 like Mac OS X) AppleWebKit/537.51.1 (KHTML, like Gecko) Version/7.0 Mobile/11A465 Safari/9537.53 (compatible; bingbot/2.0; +http://www.bing.com/bingbot.htm)"
40.77.167.46 - - [13/May/2017:12:38:39 +0200] "GET / HTTP/1.1" 200 2023 "-" "Mozilla/5.0 (compatible; bingbot/2.0; +http://www.bing.com/bingbot.htm)"
46.229.167.149 - - [13/May/2017:12:38:54 +0200] "GET / HTTP/1.1" 200 2023 "-" "Mozilla/5.0 (X11; Linux ppc; rv:5.0) Gecko/20100101 Firefox/5.0"
157.55.39.149 - - [13/May/2017:13:21:41 +0200] "GET /hirlevel/vonattal1501.html HTTP/1.1" 404 1181 "-" "Mozilla/5.0 (iPhone; CPU iPhone OS 7_0 like Mac OS X) AppleWebKit/537.51.1 (KHTML, like Gecko) Version/7.0 Mobile/11A465 Safari/9537.53 (compatible; bingbot/2.0; +http://www.bing.com/bingbot.htm)"
207.46.13.131 - - [13/May/2017:13:26:40 +0200] "GET /hirlevel/emb_1006.pdf HTTP/1.1" 404 1181 "-" "Mozilla/5.0 (compatible; bingbot/2.0; +http://www.bing.com/bingbot.htm)"
180.76.15.10 - - [13/May/2017:14:00:28 +0200] "GET / HTTP/1.1" 304 - "-" "Mozilla/5.0 (compatible; Baiduspider/2.0; +http://www.baidu.com/search/spider.html)"
185.129.148.181 - - [13/May/2017:14:11:55 +0200] "POST /customizer.php HTTP/1.1" 404 1181 "-" "Mozilla/5.0 (Windows NT 6.1; rv:34.0) Gecko/20100101 Firefox/34.0"
66.249.69.193 - - [13/May/2017:14:43:03 +0200] "GET /doc/utasjogok.pdf HTTP/1.1" 404 1181 "-" "Mozilla/5.0 (compatible; Googlebot/2.1; +http://www.google.com/bot.html)"
32.213.173.60 - - [13/May/2017:15:03:31 +0200] "GET /doc/b2_201203.jpg HTTP/1.1" 404 1181 "http://vasut.kteam.hu/indexen.html" "Mozilla/5.0 (Windows NT 6.1; WOW64; Trident/7.0; rv:11.0) like Gecko"
32.213.173.60 - - [13/May/2017:15:07:03 +0200] "GET /doc/b2_201203.jpg HTTP/1.1" 404 1181 "http://vasut.kteam.hu/indexen.html" "Mozilla/5.0 (Windows NT 6.1; WOW64; Trident/7.0; rv:11.0) like Gecko"
46.229.168.73 - - [13/May/2017:15:24:07 +0200] "GET / HTTP/1.1" 200 2023 "-" "Mozilla/5.0 (compatible; SemrushBot/1.2~bl; +http://www.semrush.com/bot.html)"
46.229.168.71 - - [13/May/2017:15:24:31 +0200] "GET /tagsag2.htm HTTP/1.1" 200 1335 "-" "Mozilla/5.0 (compatible; SemrushBot/1.2~bl; +http://www.semrush.com/bot.html)"
46.229.168.68 - - [13/May/2017:15:24:32 +0200] "GET /kikvagyunk2.htm HTTP/1.1" 200 17375 "-" "Mozilla/5.0 (compatible; SemrushBot/1.2~bl; +http://www.semrush.com/bot.html)"
40.77.167.154 - - [13/May/2017:15:24:51 +0200] "GET /robots.txt HTTP/1.1" 404 1181 "-" "Mozilla/5.0 (compatible; bingbot/2.0; +http://www.bing.com/bingbot.htm)"
207.46.13.98 - - [13/May/2017:15:24:56 +0200] "GET /doc/b2_2010.pdf HTTP/1.1" 404 1181 "-" "Mozilla/5.0 (iPhone; CPU iPhone OS 7_0 like Mac OS X) AppleWebKit/537.51.1 (KHTML, like Gecko) Version/7.0 Mobile/11A465 Safari/9537.53 (compatible; bingbot/2.0; +http://www.bing.com/bingbot.htm)"
207.46.13.131 - - [13/May/2017:15:29:56 +0200] "GET /hirlevel/vonattal1004.htm HTTP/1.1" 404 1181 "-" "Mozilla/5.0 (iPhone; CPU iPhone OS 7_0 like Mac OS X) AppleWebKit/537.51.1 (KHTML, like Gecko) Version/7.0 Mobile/11A465 Safari/9537.53 (compatible; bingbot/2.0; +http://www.bing.com/bingbot.htm)"
78.92.207.114 - - [13/May/2017:15:30:51 +0200] "GET /hirlevel/vonattal1207.htm HTTP/1.1" 404 1181 "http://www.vasutallomasok.hu/allomas.php?az=toka" "Mozilla/5.0 (Windows NT 10.0; Win64; x64) AppleWebKit/537.36 (KHTML, like Gecko) Chrome/58.0.3029.110 Safari/537.36"
78.92.207.114 - - [13/May/2017:15:30:51 +0200] "GET /favicon.ico HTTP/1.1" 404 1181 "http://mkk.zpok.hu/hirlevel/vonattal1207.htm" "Mozilla/5.0 (Windows NT 10.0; Win64; x64) AppleWebKit/537.36 (KHTML, like Gecko) Chrome/58.0.3029.110 Safari/537.36"
93.205.163.80 - - [13/May/2017:15:40:36 +0200] "GET /doc/b2_201203.jpg HTTP/1.1" 404 1181 "http://vasut.kteam.hu/indexde.html" "Mozilla/5.0 (Windows NT 6.1; WOW64; rv:52.0) Gecko/20100101 Firefox/52.0 TO-Browser/TOB7.52.0.114_01"
93.205.163.80 - - [13/May/2017:15:40:36 +0200] "GET /favicon.ico HTTP/1.1" 404 1181 "-" "Mozilla/5.0 (Windows NT 6.1; WOW64; rv:52.0) Gecko/20100101 Firefox/52.0 TO-Browser/TOB7.52.0.114_01"
93.205.163.80 - - [13/May/2017:15:40:36 +0200] "GET /favicon.ico HTTP/1.1" 404 1181 "-" "Mozilla/5.0 (Windows NT 6.1; WOW64; rv:52.0) Gecko/20100101 Firefox/52.0 TO-Browser/TOB7.52.0.114_01"
93.205.163.80 - - [13/May/2017:15:40:47 +0200] "GET /doc/b2_2010.pdf HTTP/1.1" 404 1181 "http://vasut.kteam.hu/indexde.html" "Mozilla/5.0 (Windows NT 6.1; WOW64; rv:52.0) Gecko/20100101 Firefox/52.0 TO-Browser/TOB7.52.0.114_01"
93.205.163.80 - - [13/May/2017:15:40:55 +0200] "GET /doc/b2_201203.jpg HTTP/1.1" 404 1181 "http://vasut.kteam.hu/indexde.html" "Mozilla/5.0 (Windows NT 6.1; WOW64; rv:52.0) Gecko/20100101 Firefox/52.0 TO-Browser/TOB7.52.0.114_01"
66.249.69.193 - - [13/May/2017:15:45:22 +0200] "GET /doc/tisza-to_kozlekedese.pdf HTTP/1.1" 404 1181 "-" "Mozilla/5.0 (Linux; Android 6.0.1; Nexus 5X Build/MMB29P) AppleWebKit/537.36 (KHTML, like Gecko) Chrome/41.0.2272.96 Mobile Safari/537.36 (compatible; Googlebot/2.1; +http://www.google.com/bot.html)"
108.59.8.80 - - [13/May/2017:15:52:36 +0200] "GET /robots.txt HTTP/1.1" 404 1181 "-" "Mozilla/5.0 (compatible; MJ12bot/v1.4.8; http://mj12bot.com/)"
108.59.8.80 - - [13/May/2017:15:52:38 +0200] "GET / HTTP/1.1" 200 2023 "-" "Mozilla/5.0 (compatible; MJ12bot/v1.4.8; http://mj12bot.com/)"
108.59.8.80 - - [13/May/2017:15:52:39 +0200] "GET /robots.txt HTTP/1.1" 404 1181 "-" "Mozilla/5.0 (compatible; MJ12bot/v1.4.8; http://mj12bot.com/)"
108.59.8.80 - - [13/May/2017:15:52:41 +0200] "GET / HTTP/1.1" 200 2023 "-" "Mozilla/5.0 (compatible; MJ12bot/v1.4.8; http://mj12bot.com/)"
178.213.96.10 - - [13/May/2017:17:09:13 +0200] "GET / HTTP/1.1" 200 2023 "-" "Mozilla/5.0 (Windows NT 5.1; rv:44.0) Gecko/20100101 Firefox/44.0"
178.213.96.10 - - [13/May/2017:17:09:13 +0200] "GET /robots.txt HTTP/1.1" 404 1181 "-" "Mozilla/5.0 (Windows NT 5.1; rv:44.0) Gecko/20100101 Firefox/44.0"
178.213.96.10 - - [13/May/2017:17:09:14 +0200] "GET /mkk_banner.png HTTP/1.1" 200 62097 "http://mkk.zpok.hu/" "Mozilla/5.0 (Windows NT 5.1; rv:44.0) Gecko/20100101 Firefox/44.0"
178.213.96.10 - - [13/May/2017:17:09:15 +0200] "GET /blog.jpg HTTP/1.1" 200 29833 "http://mkk.zpok.hu/" "Mozilla/5.0 (Windows NT 5.1; rv:44.0) Gecko/20100101 Firefox/44.0"
178.213.96.10 - - [13/May/2017:17:09:16 +0200] "GET /facebook-logo-preview.png HTTP/1.1" 200 3924 "http://mkk.zpok.hu/" "Mozilla/5.0 (Windows NT 5.1; rv:44.0) Gecko/20100101 Firefox/44.0"
54.236.1.13 - - [13/May/2017:17:19:06 +0200] "GET /robots.txt HTTP/1.1" 404 1181 "-" "Pinterest/0.2 (+http://www.pinterest.com/bot.html)"
54.236.1.13 - - [13/May/2017:17:19:06 +0200] "GET /doc/b2_201203.jpg HTTP/1.1" 404 1181 "-" "Pinterest/0.2 (+http://www.pinterest.com/bot.html)"
66.249.69.198 - - [13/May/2017:17:35:30 +0200] "GET /hirlevel/images/0912b.jpg HTTP/1.1" 404 1181 "-" "Googlebot-Image/1.0"
66.249.69.193 - - [13/May/2017:17:52:33 +0200] "GET /hirlevel/images/1004b.jpg HTTP/1.1" 404 1181 "-" "Googlebot-Image/1.0"
85.66.25.26 - - [13/May/2017:18:09:02 +0200] "GET / HTTP/1.1" 200 2023 "https://www.google.hu/" "Mozilla/5.0 (Windows NT 6.1; Win64; x64) AppleWebKit/537.36 (KHTML, like Gecko) Chrome/58.0.3029.110 Safari/537.36"
85.66.25.26 - - [13/May/2017:18:09:02 +0200] "GET /facebook-logo-preview.png HTTP/1.1" 200 3924 "http://www.mkk.zpok.hu/" "Mozilla/5.0 (Windows NT 6.1; Win64; x64) AppleWebKit/537.36 (KHTML, like Gecko) Chrome/58.0.3029.110 Safari/537.36"
85.66.25.26 - - [13/May/2017:18:09:02 +0200] "GET /blog.jpg HTTP/1.1" 200 29833 "http://www.mkk.zpok.hu/" "Mozilla/5.0 (Windows NT 6.1; Win64; x64) AppleWebKit/537.36 (KHTML, like Gecko) Chrome/58.0.3029.110 Safari/537.36"
85.66.25.26 - - [13/May/2017:18:09:02 +0200] "GET /mkk_banner.png HTTP/1.1" 200 62097 "http://www.mkk.zpok.hu/" "Mozilla/5.0 (Windows NT 6.1; Win64; x64) AppleWebKit/537.36 (KHTML, like Gecko) Chrome/58.0.3029.110 Safari/537.36"
84.0.255.136 - - [13/May/2017:18:15:30 +0200] "GET / HTTP/1.1" 200 2023 "http://www.bkk.hu/partnerek/civil-partnereink/" "Mozilla/5.0 (Windows NT 10.0; rv:38.0) Gecko/20100101 Firefox/38.0"
84.0.255.136 - - [13/May/2017:18:15:30 +0200] "GET /facebook-logo-preview.png HTTP/1.1" 200 3924 "http://www.mkk.zpok.hu/" "Mozilla/5.0 (Windows NT 10.0; rv:38.0) Gecko/20100101 Firefox/38.0"
84.0.255.136 - - [13/May/2017:18:15:30 +0200] "GET /blog.jpg HTTP/1.1" 200 29833 "http://www.mkk.zpok.hu/" "Mozilla/5.0 (Windows NT 10.0; rv:38.0) Gecko/20100101 Firefox/38.0"
84.0.255.136 - - [13/May/2017:18:15:30 +0200] "GET /mkk_banner.png HTTP/1.1" 200 62097 "http://www.mkk.zpok.hu/" "Mozilla/5.0 (Windows NT 10.0; rv:38.0) Gecko/20100101 Firefox/38.0"
84.0.255.136 - - [13/May/2017:18:15:50 +0200] "GET /favicon.ico HTTP/1.1" 404 1181 "-" "Mozilla/5.0 (Windows NT 10.0; rv:38.0) Gecko/20100101 Firefox/38.0"
84.0.255.136 - - [13/May/2017:18:15:50 +0200] "GET /favicon.ico HTTP/1.1" 404 1181 "-" "Mozilla/5.0 (Windows NT 10.0; rv:38.0) Gecko/20100101 Firefox/38.0"
180.76.15.152 - - [13/May/2017:18:22:16 +0200] "GET / HTTP/1.1" 304 - "-" "Mozilla/5.0 (compatible; Baiduspider/2.0; +http://www.baidu.com/search/spider.html)"
79.121.5.14 - - [13/May/2017:18:26:53 +0200] "GET / HTTP/1.1" 200 2023 "http://forum.index.hu/Article/showArticle?t=9166131&la=143864606" "Mozilla/5.0 (Windows NT 10.0; Win64; x64) AppleWebKit/537.36 (KHTML, like Gecko) Chrome/51.0.2704.79 Safari/537.36 Edge/14.14393"
79.121.5.14 - - [13/May/2017:18:26:53 +0200] "GET /blog.jpg HTTP/1.1" 200 29833 "http://www.mkk.zpok.hu/" "Mozilla/5.0 (Windows NT 10.0; Win64; x64) AppleWebKit/537.36 (KHTML, like Gecko) Chrome/51.0.2704.79 Safari/537.36 Edge/14.14393"
79.121.5.14 - - [13/May/2017:18:26:53 +0200] "GET /mkk_banner.png HTTP/1.1" 200 62097 "http://www.mkk.zpok.hu/" "Mozilla/5.0 (Windows NT 10.0; Win64; x64) AppleWebKit/537.36 (KHTML, like Gecko) Chrome/51.0.2704.79 Safari/537.36 Edge/14.14393"
79.121.5.14 - - [13/May/2017:18:26:53 +0200] "GET /facebook-logo-preview.png HTTP/1.1" 200 3924 "http://www.mkk.zpok.hu/" "Mozilla/5.0 (Windows NT 10.0; Win64; x64) AppleWebKit/537.36 (KHTML, like Gecko) Chrome/51.0.2704.79 Safari/537.36 Edge/14.14393"
79.121.5.14 - - [13/May/2017:18:26:54 +0200] "GET /favicon.ico HTTP/1.1" 404 1181 "-" "Mozilla/5.0 (Windows NT 10.0; Win64; x64) AppleWebKit/537.36 (KHTML, like Gecko) Chrome/51.0.2704.79 Safari/537.36 Edge/14.14393"
40.77.167.46 - - [13/May/2017:18:48:00 +0200] "GET / HTTP/1.1" 200 2023 "-" "Mozilla/5.0 (compatible; bingbot/2.0; +http://www.bing.com/bingbot.htm)"
207.46.13.98 - - [13/May/2017:19:27:27 +0200] "GET /hirlevel/vonattal1010_1.htm HTTP/1.1" 404 1181 "-" "Mozilla/5.0 (iPhone; CPU iPhone OS 7_0 like Mac OS X) AppleWebKit/537.51.1 (KHTML, like Gecko) Version/7.0 Mobile/11A465 Safari/9537.53 (compatible; bingbot/2.0; +http://www.bing.com/bingbot.htm)"
5.9.85.245 - - [13/May/2017:19:40:28 +0200] "GET /robots.txt HTTP/1.1" 404 1181 "-" "Mozilla/5.0 (compatible; BLEXBot/1.0; +http://webmeup-crawler.com/)"
5.9.85.245 - - [13/May/2017:19:40:29 +0200] "GET /robots.txt HTTP/1.1" 404 1181 "-" "Mozilla/5.0 (compatible; BLEXBot/1.0; +http://webmeup-crawler.com/)"
5.9.85.245 - - [13/May/2017:19:40:30 +0200] "GET /sitemap.xml HTTP/1.1" 404 1181 "-" "Mozilla/5.0 (compatible; BLEXBot/1.0; +http://webmeup-crawler.com/)"
5.9.85.245 - - [13/May/2017:19:40:35 +0200] "GET /sitemap.xml HTTP/1.1" 404 1181 "-" "Mozilla/5.0 (compatible; BLEXBot/1.0; +http://webmeup-crawler.com/)"
5.9.85.245 - - [13/May/2017:19:40:39 +0200] "GET / HTTP/1.1" 200 2023 "-" "Mozilla/5.0 (compatible; BLEXBot/1.0; +http://webmeup-crawler.com/)"
5.9.85.245 - - [13/May/2017:19:40:46 +0200] "GET /hirlevel/vonattal1508.html HTTP/1.1" 404 1181 "-" "Mozilla/5.0 (compatible; BLEXBot/1.0; +http://webmeup-crawler.com/)"
5.9.85.245 - - [13/May/2017:19:40:51 +0200] "GET /hirlevel/vonattal1107.htm HTTP/1.1" 404 1181 "-" "Mozilla/5.0 (compatible; BLEXBot/1.0; +http://webmeup-crawler.com/)"
5.9.85.245 - - [13/May/2017:19:40:58 +0200] "GET /doc/A_kozlekedesmenedzsment_korszeru_eszkozei.htm HTTP/1.1" 404 1181 "-" "Mozilla/5.0 (compatible; BLEXBot/1.0; +http://webmeup-crawler.com/)"
75.101.162.240 - - [13/May/2017:19:48:50 +0200] "GET /robots.txt HTTP/1.1" 404 1181 "-" "Mozilla/5.0 (compatible; DotBot/1.1; http://www.opensiteexplorer.org/dotbot, help@moz.com)"
207.46.13.131 - - [13/May/2017:19:59:38 +0200] "GET /hirlevel/vonattal1409.html HTTP/1.1" 404 1181 "-" "Mozilla/5.0 (iPhone; CPU iPhone OS 7_0 like Mac OS X) AppleWebKit/537.51.1 (KHTML, like Gecko) Version/7.0 Mobile/11A465 Safari/9537.53 (compatible; bingbot/2.0; +http://www.bing.com/bingbot.htm)"
145.236.38.84 - - [13/May/2017:20:45:04 +0200] "GET / HTTP/1.1" 200 2023 "-" "Mozilla/5.0 (Windows NT 10.0; Win64; x64) AppleWebKit/537.36 (KHTML, like Gecko) Chrome/58.0.3029.110 Safari/537.36"
145.236.38.84 - - [13/May/2017:20:45:04 +0200] "GET /blog.jpg HTTP/1.1" 200 29833 "http://www.mkk.zpok.hu/" "Mozilla/5.0 (Windows NT 10.0; Win64; x64) AppleWebKit/537.36 (KHTML, like Gecko) Chrome/58.0.3029.110 Safari/537.36"
145.236.38.84 - - [13/May/2017:20:45:04 +0200] "GET /facebook-logo-preview.png HTTP/1.1" 200 3924 "http://www.mkk.zpok.hu/" "Mozilla/5.0 (Windows NT 10.0; Win64; x64) AppleWebKit/537.36 (KHTML, like Gecko) Chrome/58.0.3029.110 Safari/537.36"
145.236.38.84 - - [13/May/2017:20:45:04 +0200] "GET /mkk_banner.png HTTP/1.1" 200 62097 "http://www.mkk.zpok.hu/" "Mozilla/5.0 (Windows NT 10.0; Win64; x64) AppleWebKit/537.36 (KHTML, like Gecko) Chrome/58.0.3029.110 Safari/537.36"
145.236.38.84 - - [13/May/2017:20:45:05 +0200] "GET /favicon.ico HTTP/1.1" 404 1181 "http://www.mkk.zpok.hu/" "Mozilla/5.0 (Windows NT 10.0; Win64; x64) AppleWebKit/537.36 (KHTML, like Gecko) Chrome/58.0.3029.110 Safari/537.36"
207.46.13.131 - - [13/May/2017:21:59:40 +0200] "GET /hirlevel/vonattal1107.htm HTTP/1.1" 404 1181 "-" "Mozilla/5.0 (iPhone; CPU iPhone OS 7_0 like Mac OS X) AppleWebKit/537.51.1 (KHTML, like Gecko) Version/7.0 Mobile/11A465 Safari/9537.53 (compatible; bingbot/2.0; +http://www.bing.com/bingbot.htm)"
40.77.167.46 - - [13/May/2017:22:15:05 +0200] "GET /hirlevel/vonattal1012.htm HTTP/1.1" 404 1181 "-" "Mozilla/5.0 (iPhone; CPU iPhone OS 7_0 like Mac OS X) AppleWebKit/537.51.1 (KHTML, like Gecko) Version/7.0 Mobile/11A465 Safari/9537.53 (compatible; bingbot/2.0; +http://www.bing.com/bingbot.htm)"
207.46.13.98 - - [13/May/2017:22:17:48 +0200] "GET /hirlevel/vonattal1508.html HTTP/1.1" 404 1181 "-" "Mozilla/5.0 (compatible; bingbot/2.0; +http://www.bing.com/bingbot.htm)"
188.6.137.74 - - [13/May/2017:22:20:10 +0200] "GET /hirlevel/images/1009_terkep_n.jpg HTTP/1.1" 404 1181 "https://www.google.hu/" "Mozilla/5.0 (Windows NT 6.3; WOW64; rv:53.0) Gecko/20100101 Firefox/53.0"
80.93.40.106 - - [13/May/2017:22:57:19 +0200] "GET / HTTP/1.1" 200 2023 "http://www.vasutallomasok.hu/allomas.php?az=drep" "Mozilla/5.0 (Windows NT 6.1; WOW64; rv:53.0) Gecko/20100101 Firefox/53.0"
80.93.40.106 - - [13/May/2017:22:57:20 +0200] "GET /blog.jpg HTTP/1.1" 200 29833 "http://mkk.zpok.hu/" "Mozilla/5.0 (Windows NT 6.1; WOW64; rv:53.0) Gecko/20100101 Firefox/53.0"
80.93.40.106 - - [13/May/2017:22:57:20 +0200] "GET /facebook-logo-preview.png HTTP/1.1" 200 3924 "http://mkk.zpok.hu/" "Mozilla/5.0 (Windows NT 6.1; WOW64; rv:53.0) Gecko/20100101 Firefox/53.0"
80.93.40.106 - - [13/May/2017:22:57:20 +0200] "GET /mkk_banner.png HTTP/1.1" 200 62097 "http://mkk.zpok.hu/" "Mozilla/5.0 (Windows NT 6.1; WOW64; rv:53.0) Gecko/20100101 Firefox/53.0"
80.93.40.106 - - [13/May/2017:22:57:24 +0200] "GET /favicon.ico HTTP/1.1" 404 1181 "-" "Mozilla/5.0 (Windows NT 6.1; WOW64; rv:53.0) Gecko/20100101 Firefox/53.0"
80.93.40.106 - - [13/May/2017:22:57:24 +0200] "GET /favicon.ico HTTP/1.1" 404 1181 "-" "Mozilla/5.0 (Windows NT 6.1; WOW64; rv:53.0) Gecko/20100101 Firefox/53.0"
80.93.40.106 - - [13/May/2017:22:57:25 +0200] "GET /favicon.ico HTTP/1.1" 404 1181 "-" "Mozilla/5.0 (Windows NT 6.1; WOW64; rv:53.0) Gecko/20100101 Firefox/53.0"
207.46.13.131 - - [13/May/2017:23:05:46 +0200] "GET /hirlevel/majdan_janos_a_kozlekedes_tortenete_nagy_laszlo.pdf HTTP/1.1" 404 1181 "-" "Mozilla/5.0 (iPhone; CPU iPhone OS 7_0 like Mac OS X) AppleWebKit/537.51.1 (KHTML, like Gecko) Version/7.0 Mobile/11A465 Safari/9537.53 (compatible; bingbot/2.0; +http://www.bing.com/bingbot.htm)"
35.184.189.105 - - [13/May/2017:23:06:03 +0200] "GET /robots.txt HTTP/1.1" 404 1181 "-" "ltx71 - (http://ltx71.com/)"
35.184.189.105 - - [13/May/2017:23:07:10 +0200] "GET /doc/belepesinyilatkozat.pdf HTTP/1.1" 200 403937 "-" "ltx71 - (http://ltx71.com/)"
106.120.173.81 - - [13/May/2017:23:33:29 +0200] "GET /robots.txt HTTP/1.1" 404 1181 "-" "Sogou web spider/4.0(+http://www.sogou.com/docs/help/webmasters.htm#07)"
106.120.173.81 - - [13/May/2017:23:33:31 +0200] "GET / HTTP/1.1" 304 - "-" "Sogou web spider/4.0(+http://www.sogou.com/docs/help/webmasters.htm#07)"
192.157.254.197 - - [13/May/2017:23:38:45 +0200] "HEAD / HTTP/1.1" 200 0 "https://www.inboundlinks.win/InboundLinks/mkk.zpok.hu" "Mozilla/5.0 (compatible; MSIE 9.0; Windows NT 6.1; WOW64; Trident/5.0)"
40.77.167.46 - - [13/May/2017:23:41:55 +0200] "GET /doc/emlekezteto_tatabanya_0327.pdf HTTP/1.1" 404 1181 "-" "Mozilla/5.0 (iPhone; CPU iPhone OS 7_0 like Mac OS X) AppleWebKit/537.51.1 (KHTML, like Gecko) Version/7.0 Mobile/11A465 Safari/9537.53 (compatible; bingbot/2.0; +http://www.bing.com/bingbot.htm)"
207.46.13.131 - - [13/May/2017:23:46:55 +0200] "GET /hirlevel/vonattal1503.html HTTP/1.1" 404 1181 "-" "Mozilla/5.0 (iPhone; CPU iPhone OS 7_0 like Mac OS X) AppleWebKit/537.51.1 (KHTML, like Gecko) Version/7.0 Mobile/11A465 Safari/9537.53 (compatible; bingbot/2.0; +http://www.bing.com/bingbot.htm)"
207.46.13.98 - - [13/May/2017:23:47:40 +0200] "GET /doc/andreas_geissler.ppt HTTP/1.1" 404 1181 "-" "Mozilla/5.0 (iPhone; CPU iPhone OS 7_0 like Mac OS X) AppleWebKit/537.51.1 (KHTML, like Gecko) Version/7.0 Mobile/11A465 Safari/9537.53 (compatible; bingbot/2.0; +http://www.bing.com/bingbot.htm)"
207.46.13.98 - - [13/May/2017:23:49:59 +0200] "GET /hirlevel/hatvan-eves-az-atmeno-forgalom_1110.pdf HTTP/1.1" 404 1181 "-" "Mozilla/5.0 (compatible; bingbot/2.0; +http://www.bing.com/bingbot.htm)"
40.77.167.46 - - [13/May/2017:23:52:42 +0200] "GET / HTTP/1.1" 200 2023 "-" "Mozilla/5.0 (compatible; bingbot/2.0; +http://www.bing.com/bingbot.htm)"
64.62.252.164 - - [14/May/2017:00:25:47 +0200] "GET /robots.txt HTTP/1.1" 404 1181 "-" "BUbiNG (+http://law.di.unimi.it/BUbiNG.html)"
64.62.252.164 - - [14/May/2017:00:25:47 +0200] "GET / HTTP/1.1" 200 2023 "-" "BUbiNG (+http://law.di.unimi.it/BUbiNG.html)"
199.193.251.133 - - [14/May/2017:01:00:11 +0200] "HEAD / HTTP/1.1" 200 0 "https://www.inboundlinks.win/InboundLinks/mkk.zpok.hu" "Mozilla/5.0 (compatible; MSIE 9.0; Windows NT 6.1; WOW64; Trident/5.0)"
207.46.13.98 - - [14/May/2017:01:29:59 +0200] "GET /doc/onkentesseghete.pdf HTTP/1.1" 404 1181 "-" "Mozilla/5.0 (iPhone; CPU iPhone OS 7_0 like Mac OS X) AppleWebKit/537.51.1 (KHTML, like Gecko) Version/7.0 Mobile/11A465 Safari/9537.53 (compatible; bingbot/2.0; +http://www.bing.com/bingbot.htm)"
51.255.71.120 - - [14/May/2017:02:23:08 +0200] "GET /projektek2.htm HTTP/1.1" 200 7634 "-" "Mozilla/5.0 (compatible; AhrefsBot/5.2; +http://ahrefs.com/robot/)"
5.196.87.61 - - [14/May/2017:02:23:33 +0200] "GET /robots.txt HTTP/1.1" 404 1181 "-" "Mozilla/5.0 (compatible; AhrefsBot/5.2; +http://ahrefs.com/robot/)"
66.249.64.188 - - [14/May/2017:03:05:03 +0200] "GET /robots.txt HTTP/1.1" 404 1181 "-" "Mozilla/5.0 (compatible; Googlebot/2.1; +http://www.google.com/bot.html)"
66.249.64.129 - - [14/May/2017:03:05:03 +0200] "GET /hirlevel/vonattal1504.html HTTP/1.1" 404 1181 "-" "Mozilla/5.0 (compatible; Googlebot/2.1; +http://www.google.com/bot.html)"
157.55.39.149 - - [14/May/2017:03:35:01 +0200] "GET /hirlevel/hajozas_dunakanyar_szili_131216.pdf HTTP/1.1" 404 1181 "-" "Mozilla/5.0 (compatible; bingbot/2.0; +http://www.bing.com/bingbot.htm)"
35.184.189.105 - - [14/May/2017:03:42:13 +0200] "GET /robots.txt HTTP/1.1" 404 1181 "-" "ltx71 - (http://ltx71.com/)"
35.184.189.105 - - [14/May/2017:03:43:09 +0200] "GET /doc/ttft.pdf HTTP/1.1" 200 17951 "-" "ltx71 - (http://ltx71.com/)"
35.184.189.105 - - [14/May/2017:03:43:47 +0200] "GET /doc/ttft.pdf HTTP/1.1" 200 157343 "-" "ltx71 - (http://ltx71.com/)"
207.46.13.131 - - [14/May/2017:03:55:30 +0200] "GET /doc/eletet-a-vasutnak.pdf HTTP/1.1" 200 5085257 "-" "Mozilla/5.0 (iPhone; CPU iPhone OS 7_0 like Mac OS X) AppleWebKit/537.51.1 (KHTML, like Gecko) Version/7.0 Mobile/11A465 Safari/9537.53 (compatible; bingbot/2.0; +http://www.bing.com/bingbot.htm)"
64.62.252.162 - - [14/May/2017:04:01:52 +0200] "GET /robots.txt HTTP/1.1" 404 1181 "-" "BUbiNG (+http://law.di.unimi.it/BUbiNG.html)"
64.62.252.162 - - [14/May/2017:04:01:53 +0200] "GET / HTTP/1.1" 200 2023 "-" "BUbiNG (+http://law.di.unimi.it/BUbiNG.html)"
104.131.147.112 - - [14/May/2017:04:38:15 +0200] "GET / HTTP/1.1" 200 2023 "-" "Mozilla/5.0 (compatible; Gluten Free Crawler/1.0; +http://glutenfreepleasure.com/)"
110.159.190.208 - - [14/May/2017:04:40:48 +0200] "GET / HTTP/1.1" 200 2023 "-" "Mozilla/4.0 (compatible; MSIE 5.0; Windows NT; DigExt; DTS Agent"
207.46.13.150 - - [14/May/2017:04:42:07 +0200] "GET /hirlevel/vonattal1101-02.htm HTTP/1.1" 404 1181 "-" "Mozilla/5.0 (iPhone; CPU iPhone OS 7_0 like Mac OS X) AppleWebKit/537.51.1 (KHTML, like Gecko) Version/7.0 Mobile/11A465 Safari/9537.53 (compatible; bingbot/2.0; +http://www.bing.com/bingbot.htm)"
40.77.167.46 - - [14/May/2017:04:52:59 +0200] "GET /hirlevel/Fenntarthat%C3%B3%20k%C3%B6zleked%C3%A9s%20%E2%80%93%20%C3%A9lhet%C5%91%20telep%C3%BCl%C3%A9s.pdf HTTP/1.1" 404 1181 "-" "Mozilla/5.0 (iPhone; CPU iPhone OS 7_0 like Mac OS X) AppleWebKit/537.51.1 (KHTML, like Gecko) Version/7.0 Mobile/11A465 Safari/9537.53 (compatible; bingbot/2.0; +http://www.bing.com/bingbot.htm)"
207.46.13.131 - - [14/May/2017:04:54:56 +0200] "GET /hirlevel/vonattal1605.html HTTP/1.1" 404 1181 "-" "Mozilla/5.0 (iPhone; CPU iPhone OS 7_0 like Mac OS X) AppleWebKit/537.51.1 (KHTML, like Gecko) Version/7.0 Mobile/11A465 Safari/9537.53 (compatible; bingbot/2.0; +http://www.bing.com/bingbot.htm)"
157.55.39.149 - - [14/May/2017:05:02:20 +0200] "GET /doc/A_kozlekedesmenedzsment_korszeru_eszkozei.pdf HTTP/1.1" 404 1181 "-" "Mozilla/5.0 (iPhone; CPU iPhone OS 7_0 like Mac OS X) AppleWebKit/537.51.1 (KHTML, like Gecko) Version/7.0 Mobile/11A465 Safari/9537.53 (compatible; bingbot/2.0; +http://www.bing.com/bingbot.htm)"
66.249.64.88 - - [14/May/2017:05:11:09 +0200] "GET /robots.txt HTTP/1.1" 404 1181 "-" "Mozilla/5.0 (compatible; Googlebot/2.1; +http://www.google.com/bot.html)"
66.249.64.88 - - [14/May/2017:05:11:09 +0200] "GET / HTTP/1.1" 200 2023 "-" "Mozilla/5.0 (compatible; Googlebot/2.1; +http://www.google.com/bot.html)"
40.77.167.46 - - [14/May/2017:05:15:07 +0200] "GET /hirlevel/miskolc_1109.doc HTTP/1.1" 404 1181 "-" "Mozilla/5.0 (iPhone; CPU iPhone OS 7_0 like Mac OS X) AppleWebKit/537.51.1 (KHTML, like Gecko) Version/7.0 Mobile/11A465 Safari/9537.53 (compatible; bingbot/2.0; +http://www.bing.com/bingbot.htm)"
66.249.64.88 - - [14/May/2017:05:24:36 +0200] "GET /doc/vkdm_bp-apaczai_20091027.pdf HTTP/1.1" 404 1181 "-" "Mozilla/5.0 (compatible; Googlebot/2.1; +http://www.google.com/bot.html)"
207.46.13.131 - - [14/May/2017:05:26:47 +0200] "GET /hirlevel/vonattal0906.htm HTTP/1.1" 404 1181 "-" "Mozilla/5.0 (iPhone; CPU iPhone OS 7_0 like Mac OS X) AppleWebKit/537.51.1 (KHTML, like Gecko) Version/7.0 Mobile/11A465 Safari/9537.53 (compatible; bingbot/2.0; +http://www.bing.com/bingbot.htm)"
162.208.50.50 - - [14/May/2017:06:17:46 +0200] "GET / HTTP/1.1" 200 2023 "-" "Opera/12.02 (Android 4.1; Linux; Opera Mobi/ADR-1111101157; U; en-US) Presto/2.9.201 Version/12.02"
162.208.50.50 - - [14/May/2017:06:17:50 +0200] "GET /kikvagyunk2.htm HTTP/1.1" 200 17375 "-" "Mozilla/5.0 (Windows; U; Windows NT 6.1; rv:2.2) Gecko/20110201"
162.208.50.50 - - [14/May/2017:06:19:39 +0200] "GET /projektek2.htm HTTP/1.1" 200 7634 "-" "Mozilla/5.0 (Windows; U; Windows NT 6.1; rv:2.2) Gecko/20110201"
162.208.50.50 - - [14/May/2017:06:26:24 +0200] "GET /icons/icons_k/balage.png HTTP/1.1" 206 1001 "-" "Windows-Media-Player/11.0.5721.5145"
162.208.50.50 - - [14/May/2017:06:26:25 +0200] "GET /pdf.png HTTP/1.1" 206 1001 "-" "Opera/12.02 (Android 4.1; Linux; Opera Mobi/ADR-1111101157; U; en-US) Presto/2.9.201 Version/12.02"
162.208.50.50 - - [14/May/2017:06:26:46 +0200] "GET /icons/icons_k/mpeter.png HTTP/1.1" 206 1001 "-" "Windows-Media-Player/11.0.5721.5145"
162.208.50.50 - - [14/May/2017:06:26:55 +0200] "GET /icons/icons_k/1.png HTTP/1.1" 206 1001 "-" "UniversalFeedParser/3.3 +http://feedparser.org/"
162.208.50.50 - - [14/May/2017:06:26:57 +0200] "GET /icons/icons_k/3.png HTTP/1.1" 206 1001 "-" "Mozilla/5.0 (Windows NT 10.0; WOW64; rv:40.0) Gecko/20100101 Firefox/40.0"
162.208.50.50 - - [14/May/2017:06:27:01 +0200] "GET /icons/icons_k/5.png HTTP/1.1" 206 1001 "-" "Windows-Media-Player/11.0.5721.5145"
162.208.50.50 - - [14/May/2017:06:27:01 +0200] "GET /icons/icons_k/4.png HTTP/1.1" 206 1001 "-" "Mozilla/5.0 (Windows; U; Windows NT 6.1; rv:2.2) Gecko/20110201"
162.208.50.50 - - [14/May/2017:06:27:03 +0200] "GET /mkk_banner.png HTTP/1.1" 206 1001 "-" "Mozilla/5.0 (Windows; U; Windows NT 6.1; rv:2.2) Gecko/20110201"
162.208.50.50 - - [14/May/2017:06:27:06 +0200] "GET /icons/icons_k/6.png HTTP/1.1" 206 1001 "-" "Windows-Media-Player/11.0.5721.5145"
162.208.50.50 - - [14/May/2017:06:27:08 +0200] "GET /facebook-logo-preview.png HTTP/1.1" 206 1001 "-" "Opera/12.02 (Android 4.1; Linux; Opera Mobi/ADR-1111101157; U; en-US) Presto/2.9.201 Version/12.02"
162.208.50.50 - - [14/May/2017:06:27:22 +0200] "GET /icons/icons_k/2.png HTTP/1.1" 206 1001 "-" "Windows-Media-Player/11.0.5721.5145"
162.208.50.50 - - [14/May/2017:06:27:36 +0200] "GET /kikvag1.jpg HTTP/1.1" 206 1001 "-" "Windows-Media-Player/11.0.5721.5145"
162.208.50.50 - - [14/May/2017:06:27:36 +0200] "GET /blog.jpg HTTP/1.1" 206 1001 "-" "Opera/12.02 (Android 4.1; Linux; Opera Mobi/ADR-1111101157; U; en-US) Presto/2.9.201 Version/12.02"
162.208.50.50 - - [14/May/2017:06:27:37 +0200] "GET /blog.jpg HTTP/1.1" 200 29833 "-" "Opera/12.02 (Android 4.1; Linux; Opera Mobi/ADR-1111101157; U; en-US) Presto/2.9.201 Version/12.02"
162.208.50.50 - - [14/May/2017:06:28:10 +0200] "GET /icons/icons_k/ipoly.png HTTP/1.1" 206 1001 "-" "Mozilla/5.0 (BlackBerry; U; BlackBerry 9900; en) AppleWebKit/534.11+ (KHTML, like Gecko) Version/7.1.0.346 Mobile Safari/534.11+"
162.208.50.50 - - [14/May/2017:06:28:29 +0200] "GET /icons/icons_k/bringa.png HTTP/1.1" 206 1001 "-" "Mozilla/5.0 (BlackBerry; U; BlackBerry 9900; en) AppleWebKit/534.11+ (KHTML, like Gecko) Version/7.1.0.346 Mobile Safari/534.11+"
162.208.50.50 - - [14/May/2017:06:28:38 +0200] "GET /icons/icons_k/kiskore.png HTTP/1.1" 206 1001 "-" "Windows-Media-Player/11.0.5721.5145"
162.208.50.50 - - [14/May/2017:06:28:54 +0200] "GET /icons/icons_k/westtakt.png HTTP/1.1" 206 1001 "-" "Mozilla/5.0 (Windows NT 10.0; WOW64; rv:40.0) Gecko/20100101 Firefox/40.0"
162.208.50.50 - - [14/May/2017:06:28:57 +0200] "GET /icons/icons_k/aps.png HTTP/1.1" 206 1001 "-" "Mozilla/5.0 (BlackBerry; U; BlackBerry 9900; en) AppleWebKit/534.11+ (KHTML, like Gecko) Version/7.1.0.346 Mobile Safari/534.11+"
162.208.50.50 - - [14/May/2017:06:28:57 +0200] "GET /icons/icons_k/eger.png HTTP/1.1" 206 1001 "-" "Windows-Media-Player/11.0.5721.5145"
162.208.50.50 - - [14/May/2017:06:28:58 +0200] "GET /icons/icons_k/fogadj.png HTTP/1.1" 206 1001 "-" "Mozilla/5.0 (Windows NT 10.0; WOW64; rv:40.0) Gecko/20100101 Firefox/40.0"
162.208.50.50 - - [14/May/2017:06:33:30 +0200] "GET /doc/westtakt_mnr_tkp.zip HTTP/1.1" 200 548715 "-" "Windows-Media-Player/11.0.5721.5145"
162.208.50.50 - - [14/May/2017:06:33:46 +0200] "GET /doc/ipoly_konf.zip HTTP/1.1" 200 5902441 "-" "Windows-Media-Player/11.0.5721.5145"
162.208.50.50 - - [14/May/2017:06:34:09 +0200] "GET /doc/kozh.zip HTTP/1.1" 200 14574903 "-" "Mozilla/5.0 (BlackBerry; U; BlackBerry 9900; en) AppleWebKit/534.11+ (KHTML, like Gecko) Version/7.1.0.346 Mobile Safari/534.11+"
207.46.13.131 - - [14/May/2017:06:50:02 +0200] "GET /robots.txt HTTP/1.1" 404 1181 "-" "Mozilla/5.0 (compatible; bingbot/2.0; +http://www.bing.com/bingbot.htm)"
23.88.37.115 - - [14/May/2017:06:52:24 +0200] "GET / HTTP/1.1" 200 2023 "http://www.domain2008.com/domains/mkk.zpok.hu" "Mozilla/5.0 (compatible; MSIE 9.0; Windows NT 6.1; WOW64; Trident/5.0)"
144.76.23.74 - - [14/May/2017:07:23:13 +0200] "GET /robots.txt HTTP/1.1" 404 1181 "-" "Mozilla/5.0 (Windows; U; Windows NT 6.0; en-GB; rv:1.0; trendictionbot0.5.0; trendiction search; http://www.trendiction.de/bot; please let us know of any problems; web at trendiction.com) Gecko/20071127 Firefox/3.0.0.11"
144.76.23.74 - - [14/May/2017:07:23:14 +0200] "GET / HTTP/1.1" 200 2023 "-" "Mozilla/5.0 (Windows; U; Windows NT 6.0; en-GB; rv:1.0; trendictionbot0.5.0; trendiction search; http://www.trendiction.de/bot; please let us know of any problems; web at trendiction.com) Gecko/20071127 Firefox/3.0.0.11"
194.160.126.162 - - [14/May/2017:07:42:56 +0200] "GET /doc/mkk_eger_tanulmany_2014.pdf HTTP/1.1" 200 851104 "-" "Mozilla/4.0 (compatible; DAWINCI ANTIPLAG SPIDER)"
185.22.187.227 - - [14/May/2017:07:44:05 +0200] "GET /wp-json/wp/v2/posts/ HTTP/1.0" 404 1181 "-" "-"
185.22.187.227 - - [14/May/2017:07:44:05 +0200] "POST /wp-json/wp/v2/posts/1078 HTTP/1.0" 404 1181 "-" "-"
185.22.187.227 - - [14/May/2017:07:44:05 +0200] "GET /by.htm HTTP/1.0" 404 1181 "-" "-"
185.22.187.227 - - [14/May/2017:07:44:05 +0200] "POST /wp-json/wp/v2/posts/1078 HTTP/1.0" 404 1181 "-" "-"
185.22.187.227 - - [14/May/2017:07:44:05 +0200] "GET /by.htm HTTP/1.0" 404 1181 "-" "-"
40.77.178.194 - - [14/May/2017:07:51:13 +0200] "GET /doc/eletet-a-vasutnak.pdf HTTP/1.1" 200 4308992 "-" "Mozilla/5.0 (iPhone; CPU iPhone OS 7_0 like Mac OS X) AppleWebKit/537.51.1 (KHTML, like Gecko) Version/7.0 Mobile/11A465 Safari/9537.53 BingPreview/1.0b"
68.180.230.168 - - [14/May/2017:07:56:34 +0200] "GET /robots.txt HTTP/1.1" 404 1181 "-" "Mozilla/5.0 (compatible; Yahoo! Slurp; http://help.yahoo.com/help/us/ysearch/slurp)"
68.180.230.168 - - [14/May/2017:07:56:35 +0200] "GET /hirlevel/vonattal1408.html HTTP/1.1" 404 1181 "-" "Mozilla/5.0 (compatible; Yahoo! Slurp; http://help.yahoo.com/help/us/ysearch/slurp)"
40.77.167.46 - - [14/May/2017:07:58:20 +0200] "GET / HTTP/1.1" 200 2023 "-" "Mozilla/5.0 (compatible; bingbot/2.0; +http://www.bing.com/bingbot.htm)"
207.46.13.131 - - [14/May/2017:08:01:10 +0200] "GET /doc/eletet-a-vasutnak.pdf HTTP/1.1" 200 5085257 "-" "msnbot-media/1.1 (+http://search.msn.com/msnbot.htm)"
66.249.64.129 - - [14/May/2017:08:41:28 +0200] "GET /doc/utasjogok.pdf HTTP/1.1" 404 1181 "-" "Googlebot/2.1 (+http://www.google.com/bot.html)"
157.55.39.59 - - [14/May/2017:08:41:46 +0200] "GET /doc/elovarosi_201301.pdf HTTP/1.1" 404 1181 "-" "Mozilla/5.0 (iPhone; CPU iPhone OS 7_0 like Mac OS X) AppleWebKit/537.51.1 (KHTML, like Gecko) Version/7.0 Mobile/11A465 Safari/9537.53 (compatible; bingbot/2.0; +http://www.bing.com/bingbot.htm)"
40.77.167.46 - - [14/May/2017:09:00:07 +0200] "GET /hirlevel/vonattal1009_1.htm HTTP/1.1" 404 1181 "-" "Mozilla/5.0 (iPhone; CPU iPhone OS 7_0 like Mac OS X) AppleWebKit/537.51.1 (KHTML, like Gecko) Version/7.0 Mobile/11A465 Safari/9537.53 (compatible; bingbot/2.0; +http://www.bing.com/bingbot.htm)"
207.46.13.131 - - [14/May/2017:09:26:08 +0200] "GET /doc/varos-videk.vasut_2009.pdf HTTP/1.1" 404 1181 "-" "Mozilla/5.0 (iPhone; CPU iPhone OS 7_0 like Mac OS X) AppleWebKit/537.51.1 (KHTML, like Gecko) Version/7.0 Mobile/11A465 Safari/9537.53 (compatible; bingbot/2.0; +http://www.bing.com/bingbot.htm)"
207.46.13.131 - - [14/May/2017:09:34:06 +0200] "GET /doc/hatarmenti_infrastruktura.pdf HTTP/1.1" 404 1181 "-" "Mozilla/5.0 (iPhone; CPU iPhone OS 7_0 like Mac OS X) AppleWebKit/537.51.1 (KHTML, like Gecko) Version/7.0 Mobile/11A465 Safari/9537.53 (compatible; bingbot/2.0; +http://www.bing.com/bingbot.htm)"
