157.55.39.59 - - [14/May/2017:09:35:38 +0200] "GET /doc/prezentacio_20150425_tokaj.pdf HTTP/1.1" 404 1181 "-" "Mozilla/5.0 (iPhone; CPU iPhone OS 7_0 like Mac OS X) AppleWebKit/537.51.1 (KHTML, like Gecko) Version/7.0 Mobile/11A465 Safari/9537.53 (compatible; bingbot/2.0; +http://www.bing.com/bingbot.htm)"
40.77.167.46 - - [14/May/2017:09:55:59 +0200] "GET /hirlevel/vonattal1309.html HTTP/1.1" 404 1181 "-" "Mozilla/5.0 (iPhone; CPU iPhone OS 7_0 like Mac OS X) AppleWebKit/537.51.1 (KHTML, like Gecko) Version/7.0 Mobile/11A465 Safari/9537.53 (compatible; bingbot/2.0; +http://www.bing.com/bingbot.htm)"
68.180.228.32 - - [14/May/2017:10:55:40 +0200] "GET /robots.txt HTTP/1.1" 404 1181 "-" "Mozilla/5.0 (compatible; Yahoo! Slurp; http://help.yahoo.com/help/us/ysearch/slurp)"
68.180.228.32 - - [14/May/2017:10:55:42 +0200] "GET /kikvagyunk2.htm HTTP/1.1" 200 17375 "-" "Mozilla/5.0 (compatible; Yahoo! Slurp; http://help.yahoo.com/help/us/ysearch/slurp)"
35.184.189.105 - - [14/May/2017:10:57:05 +0200] "GET /robots.txt HTTP/1.1" 404 1181 "-" "ltx71 - (http://ltx71.com/)"
35.184.189.105 - - [14/May/2017:10:59:05 +0200] "GET /doc/ipoly_konf.zip HTTP/1.1" 200 71455 "-" "ltx71 - (http://ltx71.com/)"
91.144.118.13 - - [14/May/2017:11:10:20 +0200] "GET /images/vasutterkep_n.jpg HTTP/1.1" 404 1181 "https://hu.wikipedia.org/" "Mozilla/5.0 (Windows NT 10.0; Win64; x64) AppleWebKit/537.36 (KHTML, like Gecko) Chrome/58.0.3029.110 Safari/537.36"
91.144.118.13 - - [14/May/2017:11:10:20 +0200] "GET /favicon.ico HTTP/1.1" 404 1181 "http://www.mkk.zpok.hu/images/vasutterkep_n.jpg" "Mozilla/5.0 (Windows NT 10.0; Win64; x64) AppleWebKit/537.36 (KHTML, like Gecko) Chrome/58.0.3029.110 Safari/537.36"
178.154.200.56 - - [14/May/2017:11:18:07 +0200] "GET /robots.txt HTTP/1.1" 404 1181 "-" "Mozilla/5.0 (compatible; YandexBot/3.0; +http://yandex.com/bots)"
178.154.200.56 - - [14/May/2017:11:18:11 +0200] "GET / HTTP/1.1" 200 2023 "-" "Mozilla/5.0 (compatible; YandexBot/3.0; +http://yandex.com/bots)"
157.55.39.157 - - [14/May/2017:11:28:56 +0200] "GET /hirlevel/eamn.png HTTP/1.1" 404 1181 "-" "Mozilla/5.0 (compatible; bingbot/2.0; +http://www.bing.com/bingbot.htm)"
64.62.252.164 - - [14/May/2017:11:35:18 +0200] "GET /robots.txt HTTP/1.1" 404 1181 "-" "BUbiNG (+http://law.di.unimi.it/BUbiNG.html)"
64.62.252.164 - - [14/May/2017:11:35:19 +0200] "GET /kikvagyunk2.htm HTTP/1.1" 200 17375 "-" "BUbiNG (+http://law.di.unimi.it/BUbiNG.html)"
64.62.252.164 - - [14/May/2017:11:35:19 +0200] "GET /projektek2.htm HTTP/1.1" 200 7634 "-" "BUbiNG (+http://law.di.unimi.it/BUbiNG.html)"
64.62.252.164 - - [14/May/2017:11:35:33 +0200] "GET /tagsag2.htm HTTP/1.1" 200 1335 "-" "BUbiNG (+http://law.di.unimi.it/BUbiNG.html)"
5.188.211.37 - - [14/May/2017:11:47:35 +0200] "GET /hirlevel/vonattal1505.html HTTP/1.1" 404 1181 "-" "Mozilla/4.0 (compatible; MSIE 6.0; Windows NT 5.1; SV1)"
40.77.167.46 - - [14/May/2017:11:56:01 +0200] "GET /doc/tisza-to_szoroanyag_2012.pdf HTTP/1.1" 404 1181 "-" "Mozilla/5.0 (iPhone; CPU iPhone OS 7_0 like Mac OS X) AppleWebKit/537.51.1 (KHTML, like Gecko) Version/7.0 Mobile/11A465 Safari/9537.53 (compatible; bingbot/2.0; +http://www.bing.com/bingbot.htm)"
85.1.232.226 - - [14/May/2017:12:01:54 +0200] "GET /doc/b2_2010.pdf HTTP/1.1" 404 1181 "https://de.wikipedia.org/" "Mozilla/5.0 (Windows NT 10.0; WOW64; rv:53.0) Gecko/20100101 Firefox/53.0"
85.1.232.226 - - [14/May/2017:12:01:54 +0200] "GET /favicon.ico HTTP/1.1" 404 1181 "-" "Mozilla/5.0 (Windows NT 10.0; WOW64; rv:53.0) Gecko/20100101 Firefox/53.0"
85.1.232.226 - - [14/May/2017:12:01:54 +0200] "GET /favicon.ico HTTP/1.1" 404 1181 "-" "Mozilla/5.0 (Windows NT 10.0; WOW64; rv:53.0) Gecko/20100101 Firefox/53.0"
141.8.142.74 - - [14/May/2017:12:08:43 +0200] "GET / HTTP/1.1" 200 2023 "-" "Mozilla/5.0 (compatible; YandexBot/3.0; +http://yandex.com/bots)"
141.8.142.74 - - [14/May/2017:12:08:43 +0200] "GET /robots.txt HTTP/1.1" 404 1181 "-" "Mozilla/5.0 (compatible; YandexBot/3.0; +http://yandex.com/bots)"
178.154.200.56 - - [14/May/2017:12:08:47 +0200] "GET / HTTP/1.1" 200 2023 "-" "Mozilla/5.0 (compatible; YandexBot/3.0; +http://yandex.com/bots)"
5.188.211.15 - - [14/May/2017:12:25:46 +0200] "GET /hirlevel/vonattal1501.html HTTP/1.1" 404 1181 "-" "Mozilla/4.0 (compatible; MSIE 6.0; Windows NT 5.1; SV1)"
157.55.39.157 - - [14/May/2017:12:26:39 +0200] "GET /doc/ttft.pdf HTTP/1.1" 200 6493253 "-" "Mozilla/5.0 (iPhone; CPU iPhone OS 7_0 like Mac OS X) AppleWebKit/537.51.1 (KHTML, like Gecko) Version/7.0 Mobile/11A465 Safari/9537.53 (compatible; bingbot/2.0; +http://www.bing.com/bingbot.htm)"
75.101.162.240 - - [14/May/2017:12:30:24 +0200] "GET /robots.txt HTTP/1.1" 404 1181 "-" "Mozilla/5.0 (compatible; DotBot/1.1; http://www.opensiteexplorer.org/dotbot, help@moz.com)"
75.101.162.240 - - [14/May/2017:12:36:54 +0200] "GET /hirlevel/vonattal1603.html HTTP/1.1" 404 1181 "-" "Mozilla/5.0 (compatible; DotBot/1.1; http://www.opensiteexplorer.org/dotbot, help@moz.com)"
178.154.189.24 - - [14/May/2017:12:43:51 +0200] "GET /hirlevel/images/0907d.jpg HTTP/1.1" 404 1181 "-" "Mozilla/5.0 (compatible; YandexBot/3.0; +http://yandex.com/bots)"
5.255.253.33 - - [14/May/2017:12:43:56 +0200] "GET /doc/tande_1012.pdf HTTP/1.1" 404 1181 "-" "Mozilla/5.0 (compatible; YandexBot/3.0; +http://yandex.com/bots)"
95.108.179.14 - - [14/May/2017:12:43:59 +0200] "GET /doc/kozh11.pdf HTTP/1.1" 404 1181 "-" "Mozilla/5.0 (compatible; YandexBot/3.0; +http://yandex.com/bots)"
95.108.179.14 - - [14/May/2017:12:44:03 +0200] "GET /hirlevel/vonattal1401.html HTTP/1.1" 404 1181 "-" "Mozilla/5.0 (compatible; YandexBot/3.0; +http://yandex.com/bots)"
141.8.132.8 - - [14/May/2017:12:44:07 +0200] "GET /hirlevel/images/zajta_201012_k.jpg HTTP/1.1" 404 1181 "-" "Mozilla/5.0 (compatible; YandexBot/3.0; +http://yandex.com/bots)"
93.158.152.45 - - [14/May/2017:12:44:11 +0200] "GET /doc/T&E_julius.pdf HTTP/1.1" 404 1181 "-" "Mozilla/5.0 (compatible; YandexBot/3.0; +http://yandex.com/bots)"
141.8.142.151 - - [14/May/2017:12:44:14 +0200] "GET /favicon.ico HTTP/1.1" 404 1181 "-" "Mozilla/5.0 (compatible; YandexBot/3.0; +http://yandex.com/bots)"
95.108.213.10 - - [14/May/2017:12:44:18 +0200] "GET /doc/kozh05.pdf HTTP/1.1" 404 1181 "-" "Mozilla/5.0 (compatible; YandexBot/3.0; +http://yandex.com/bots)"
5.255.253.46 - - [14/May/2017:12:53:06 +0200] "GET /hirlevel/vonattal1409.html HTTP/1.1" 404 1181 "-" "Mozilla/5.0 (compatible; YandexBot/3.0; +http://yandex.com/bots)"
5.255.253.46 - - [14/May/2017:12:53:10 +0200] "GET /hirlevel/vonattal1603.html HTTP/1.1" 404 1181 "-" "Mozilla/5.0 (compatible; YandexBot/3.0; +http://yandex.com/bots)"
157.55.39.59 - - [14/May/2017:13:22:41 +0200] "GET /hirlevel/vonattal1101-02.htm HTTP/1.1" 404 1181 "-" "Mozilla/5.0 (compatible; bingbot/2.0; +http://www.bing.com/bingbot.htm)"
199.30.25.84 - - [14/May/2017:13:28:21 +0200] "GET /doc/ttft.pdf HTTP/1.1" 200 4391024 "-" "Mozilla/5.0 (iPhone; CPU iPhone OS 7_0 like Mac OS X) AppleWebKit/537.51.1 (KHTML, like Gecko) Version/7.0 Mobile/11A465 Safari/9537.53 BingPreview/1.0b"
66.249.64.129 - - [14/May/2017:14:36:24 +0200] "GET /hirlevel/vonattal1010_1.htm HTTP/1.1" 404 1181 "-" "Mozilla/5.0 (compatible; Googlebot/2.1; +http://www.google.com/bot.html)"
162.210.196.97 - - [14/May/2017:14:47:16 +0200] "GET /robots.txt HTTP/1.1" 404 1181 "-" "Mozilla/5.0 (compatible; MJ12bot/v1.4.8; http://mj12bot.com/)"
162.210.196.97 - - [14/May/2017:14:47:18 +0200] "GET / HTTP/1.1" 200 2023 "-" "Mozilla/5.0 (compatible; MJ12bot/v1.4.8; http://mj12bot.com/)"
162.210.196.97 - - [14/May/2017:14:47:18 +0200] "GET /robots.txt HTTP/1.1" 404 1181 "-" "Mozilla/5.0 (compatible; MJ12bot/v1.4.8; http://mj12bot.com/)"
162.210.196.97 - - [14/May/2017:14:47:23 +0200] "GET / HTTP/1.1" 200 2023 "-" "Mozilla/5.0 (compatible; MJ12bot/v1.4.8; http://mj12bot.com/)"
80.99.142.4 - - [14/May/2017:15:26:26 +0200] "GET / HTTP/1.1" 200 2023 "https://www.google.com/" "Mozilla/5.0 (Windows NT 6.1; WOW64) AppleWebKit/537.36 (KHTML, like Gecko) Chrome/58.0.3029.82 Safari/537.36 Vivaldi/1.10.829.3"
80.99.142.4 - - [14/May/2017:15:26:26 +0200] "GET /mkk_banner.png HTTP/1.1" 200 62097 "http://www.mkk.zpok.hu/" "Mozilla/5.0 (Windows NT 6.1; WOW64) AppleWebKit/537.36 (KHTML, like Gecko) Chrome/58.0.3029.82 Safari/537.36 Vivaldi/1.10.829.3"
80.99.142.4 - - [14/May/2017:15:26:26 +0200] "GET /blog.jpg HTTP/1.1" 200 29833 "http://www.mkk.zpok.hu/" "Mozilla/5.0 (Windows NT 6.1; WOW64) AppleWebKit/537.36 (KHTML, like Gecko) Chrome/58.0.3029.82 Safari/537.36 Vivaldi/1.10.829.3"
80.99.142.4 - - [14/May/2017:15:26:26 +0200] "GET /facebook-logo-preview.png HTTP/1.1" 200 3924 "http://www.mkk.zpok.hu/" "Mozilla/5.0 (Windows NT 6.1; WOW64) AppleWebKit/537.36 (KHTML, like Gecko) Chrome/58.0.3029.82 Safari/537.36 Vivaldi/1.10.829.3"
80.99.142.4 - - [14/May/2017:15:26:29 +0200] "GET /favicon.ico HTTP/1.1" 404 1181 "http://www.mkk.zpok.hu/" "Mozilla/5.0 (Windows NT 6.1; WOW64) AppleWebKit/537.36 (KHTML, like Gecko) Chrome/58.0.3029.82 Safari/537.36 Vivaldi/1.10.829.3"
82.176.190.171 - - [14/May/2017:15:28:23 +0200] "GET / HTTP/1.1" 200 2023 "-" "Mozilla/5.0 (Windows NT 6.3; WOW64) AppleWebKit/537.36 (KHTML, like Gecko) Chrome/56.0.2924.87 Safari/537.36 OPR/43.0.2442.1144"
82.176.190.171 - - [14/May/2017:15:28:23 +0200] "GET /mkk_banner.png HTTP/1.1" 200 62097 "http://www.mkk.zpok.hu/" "Mozilla/5.0 (Windows NT 6.3; WOW64) AppleWebKit/537.36 (KHTML, like Gecko) Chrome/56.0.2924.87 Safari/537.36 OPR/43.0.2442.1144"
82.176.190.171 - - [14/May/2017:15:28:23 +0200] "GET /blog.jpg HTTP/1.1" 200 29833 "http://www.mkk.zpok.hu/" "Mozilla/5.0 (Windows NT 6.3; WOW64) AppleWebKit/537.36 (KHTML, like Gecko) Chrome/56.0.2924.87 Safari/537.36 OPR/43.0.2442.1144"
82.176.190.171 - - [14/May/2017:15:28:23 +0200] "GET /facebook-logo-preview.png HTTP/1.1" 200 3924 "http://www.mkk.zpok.hu/" "Mozilla/5.0 (Windows NT 6.3; WOW64) AppleWebKit/537.36 (KHTML, like Gecko) Chrome/56.0.2924.87 Safari/537.36 OPR/43.0.2442.1144"
82.176.190.171 - - [14/May/2017:15:28:29 +0200] "GET /favicon.ico HTTP/1.1" 404 1181 "http://www.mkk.zpok.hu/" "Mozilla/5.0 (Windows NT 6.3; WOW64) AppleWebKit/537.36 (KHTML, like Gecko) Chrome/56.0.2924.87 Safari/537.36 OPR/43.0.2442.1144"
180.76.15.156 - - [14/May/2017:15:41:35 +0200] "GET /doc/hu_aps_positivbeispiele_aufl2_070622_klein.pdf HTTP/1.1" 200 589824 "-" "Mozilla/5.0 (compatible; Baiduspider/2.0; +http://www.baidu.com/search/spider.html)"
84.236.124.225 - - [14/May/2017:16:00:48 +0200] "GET / HTTP/1.1" 200 2023 "https://www.google.hu/" "Mozilla/5.0 (Linux; Android 5.1; Archos 101c Copper Build/LMY47I) AppleWebKit/537.36 (KHTML, like Gecko) Chrome/58.0.3029.83 Safari/537.36"
84.236.124.225 - - [14/May/2017:16:00:49 +0200] "GET /blog.jpg HTTP/1.1" 200 29833 "http://www.mkk.zpok.hu/" "Mozilla/5.0 (Linux; Android 5.1; Archos 101c Copper Build/LMY47I) AppleWebKit/537.36 (KHTML, like Gecko) Chrome/58.0.3029.83 Safari/537.36"
84.236.124.225 - - [14/May/2017:16:00:49 +0200] "GET /mkk_banner.png HTTP/1.1" 200 62097 "http://www.mkk.zpok.hu/" "Mozilla/5.0 (Linux; Android 5.1; Archos 101c Copper Build/LMY47I) AppleWebKit/537.36 (KHTML, like Gecko) Chrome/58.0.3029.83 Safari/537.36"
84.236.124.225 - - [14/May/2017:16:00:49 +0200] "GET /facebook-logo-preview.png HTTP/1.1" 200 3924 "http://www.mkk.zpok.hu/" "Mozilla/5.0 (Linux; Android 5.1; Archos 101c Copper Build/LMY47I) AppleWebKit/537.36 (KHTML, like Gecko) Chrome/58.0.3029.83 Safari/537.36"
84.236.124.225 - - [14/May/2017:16:00:52 +0200] "GET /favicon.ico HTTP/1.1" 404 1181 "http://www.mkk.zpok.hu/" "Mozilla/5.0 (Linux; Android 5.1; Archos 101c Copper Build/LMY47I) AppleWebKit/537.36 (KHTML, like Gecko) Chrome/58.0.3029.83 Safari/537.36"
40.77.167.46 - - [14/May/2017:16:04:56 +0200] "GET / HTTP/1.1" 200 2023 "-" "Mozilla/5.0 (compatible; bingbot/2.0; +http://www.bing.com/bingbot.htm)"
141.8.132.19 - - [14/May/2017:16:51:20 +0200] "GET /doc/ombudsman_0711.pdf HTTP/1.1" 404 1181 "-" "Mozilla/5.0 (compatible; YandexBot/3.0; +http://yandex.com/bots)"
64.62.252.164 - - [14/May/2017:16:53:25 +0200] "GET /robots.txt HTTP/1.1" 404 1181 "-" "BUbiNG (+http://law.di.unimi.it/BUbiNG.html)"
64.62.252.164 - - [14/May/2017:16:53:25 +0200] "GET / HTTP/1.1" 200 2023 "-" "BUbiNG (+http://law.di.unimi.it/BUbiNG.html)"
176.118.42.208 - - [14/May/2017:17:29:28 +0200] "GET /images/vasutterkep_n.jpg HTTP/1.1" 404 1181 "http://luciddiagnostics.in/ldadmin/regi-magyarorszag-terkep" "Mozilla/5.0 (Windows NT 5.1; rv:52.0) Gecko/20100101 Firefox/52.0"
46.229.164.99 - - [14/May/2017:17:34:37 +0200] "GET /robots.txt HTTP/1.1" 404 1181 "-" "Mozilla/5.0 (compatible; SemrushBot/1.2~bl; +http://www.semrush.com/bot.html)"
157.55.39.59 - - [14/May/2017:18:04:44 +0200] "GET /doc/kelenfold_1009.pdf HTTP/1.1" 404 1181 "-" "Mozilla/5.0 (iPhone; CPU iPhone OS 7_0 like Mac OS X) AppleWebKit/537.51.1 (KHTML, like Gecko) Version/7.0 Mobile/11A465 Safari/9537.53 (compatible; bingbot/2.0; +http://www.bing.com/bingbot.htm)"
145.236.38.84 - - [14/May/2017:18:09:27 +0200] "GET / HTTP/1.1" 200 2023 "https://www.google.hu/" "Mozilla/5.0 (Windows NT 10.0; Win64; x64) AppleWebKit/537.36 (KHTML, like Gecko) Chrome/58.0.3029.110 Safari/537.36"
145.236.38.84 - - [14/May/2017:18:09:27 +0200] "GET /blog.jpg HTTP/1.1" 200 29833 "http://www.mkk.zpok.hu/" "Mozilla/5.0 (Windows NT 10.0; Win64; x64) AppleWebKit/537.36 (KHTML, like Gecko) Chrome/58.0.3029.110 Safari/537.36"
145.236.38.84 - - [14/May/2017:18:09:27 +0200] "GET /facebook-logo-preview.png HTTP/1.1" 200 3924 "http://www.mkk.zpok.hu/" "Mozilla/5.0 (Windows NT 10.0; Win64; x64) AppleWebKit/537.36 (KHTML, like Gecko) Chrome/58.0.3029.110 Safari/537.36"
145.236.38.84 - - [14/May/2017:18:09:27 +0200] "GET /mkk_banner.png HTTP/1.1" 200 62097 "http://www.mkk.zpok.hu/" "Mozilla/5.0 (Windows NT 10.0; Win64; x64) AppleWebKit/537.36 (KHTML, like Gecko) Chrome/58.0.3029.110 Safari/537.36"
145.236.38.84 - - [14/May/2017:18:09:29 +0200] "GET /favicon.ico HTTP/1.1" 404 1181 "http://www.mkk.zpok.hu/" "Mozilla/5.0 (Windows NT 10.0; Win64; x64) AppleWebKit/537.36 (KHTML, like Gecko) Chrome/58.0.3029.110 Safari/537.36"
52.201.247.209 - - [14/May/2017:18:09:49 +0200] "GET /robots.txt HTTP/1.1" 404 1181 "-" "Mozilla/5.0 (compatible; proximic; +http://www.proximic.com/info/spider.php)"
157.55.39.59 - - [14/May/2017:18:10:02 +0200] "GET /hirlevel/vonattal1304.html HTTP/1.1" 404 1181 "-" "Mozilla/5.0 (iPhone; CPU iPhone OS 7_0 like Mac OS X) AppleWebKit/537.51.1 (KHTML, like Gecko) Version/7.0 Mobile/11A465 Safari/9537.53 (compatible; bingbot/2.0; +http://www.bing.com/bingbot.htm)"
180.76.15.134 - - [14/May/2017:18:10:18 +0200] "GET /hirlevel/vonattal1204.htm HTTP/1.1" 404 1181 "-" "Mozilla/5.0 (compatible; Baiduspider/2.0; +http://www.baidu.com/search/spider.html)"
87.229.73.156 - - [14/May/2017:19:10:22 +0200] "GET / HTTP/1.1" 200 2023 "-" "Python-urllib/2.6"
46.229.164.102 - - [14/May/2017:19:13:20 +0200] "GET /robots.txt HTTP/1.1" 404 1181 "-" "Mozilla/5.0 (compatible; SemrushBot/1.2~bl; +http://www.semrush.com/bot.html)"
151.236.224.47 - - [14/May/2017:19:14:06 +0200] "GET /doc/b2_2010.pdf HTTP/1.1" 404 1181 "-" "Mozilla/5.0 (Linux; Android 5.0.1; Lenovo TAB 2 A10-70L Build/LRX21M) AppleWebKit/537.36 (KHTML, like Gecko) Chrome/39.0.2171.93 Safari/537.36"
151.236.224.47 - - [14/May/2017:19:14:06 +0200] "GET /favicon.ico HTTP/1.1" 404 1181 "-" "Mozilla/5.0 (Linux; Android 5.0.1; Lenovo TAB 2 A10-70L Build/LRX21M) AppleWebKit/537.36 (KHTML, like Gecko) Chrome/39.0.2171.93 Safari/537.36"
176.63.142.104 - - [14/May/2017:20:13:30 +0200] "GET /images/vasutterkep_n.jpg HTTP/1.1" 404 1181 "http://www.terkepkalauz.hu/index.php?option=com_content&task=view&id=396" "Mozilla/5.0 (Linux; U; Android 2.3.6; hu-hu; GT-S5830i Build/GINGERBREAD) AppleWebKit/533.1 (KHTML, like Gecko) Version/4.0 Mobile Safari/533.1"
176.63.142.104 - - [14/May/2017:20:13:37 +0200] "GET /favicon.ico HTTP/1.1" 404 1181 "http://www.mkk.zpok.hu/images/vasutterkep_n.jpg" "Mozilla/5.0 (Linux; U; Android 2.3.6; hu-hu; GT-S5830i Build/GINGERBREAD) AppleWebKit/533.1 (KHTML, like Gecko) Version/4.0 Mobile Safari/533.1"
40.77.167.46 - - [14/May/2017:22:16:23 +0200] "GET / HTTP/1.1" 200 2023 "-" "Mozilla/5.0 (compatible; bingbot/2.0; +http://www.bing.com/bingbot.htm)"
5.188.211.35 - - [14/May/2017:22:17:29 +0200] "GET / HTTP/1.1" 200 2023 "-" "Mozilla/4.0 (compatible; MSIE 6.0; Windows NT 5.1; SV1)"
5.188.211.35 - - [14/May/2017:22:17:29 +0200] "GET /kikvagyunk2.htm HTTP/1.1" 200 17375 "-" "Mozilla/4.0 (compatible; MSIE 6.0; Windows NT 5.1; SV1)"
5.188.211.35 - - [14/May/2017:22:17:30 +0200] "GET /projektek2.htm HTTP/1.1" 200 7634 "-" "Mozilla/4.0 (compatible; MSIE 6.0; Windows NT 5.1; SV1)"
5.188.211.35 - - [14/May/2017:22:17:30 +0200] "GET /tagsag2.htm HTTP/1.1" 200 1335 "-" "Mozilla/4.0 (compatible; MSIE 6.0; Windows NT 5.1; SV1)"
83.29.128.37 - - [14/May/2017:22:29:03 +0200] "GET /doc/b2_2010.pdf HTTP/1.1" 404 1181 "https://de.wikipedia.org/" "Mozilla/5.0 (Windows NT 10.0; Win64; x64; rv:53.0) Gecko/20100101 Firefox/53.0"
83.29.128.37 - - [14/May/2017:22:29:03 +0200] "GET /favicon.ico HTTP/1.1" 404 1181 "-" "Mozilla/5.0 (Windows NT 10.0; Win64; x64; rv:53.0) Gecko/20100101 Firefox/53.0"
153.163.33.104 - - [14/May/2017:22:39:32 +0200] "GET /images/vasutterkep_n.jpg HTTP/1.1" 404 1181 "https://hu.wikipedia.org/wiki/Magyarorsz??g_vas??ti_k??zleked??se" "Mozilla/5.0 (compatible; MSIE 9.0; Windows NT 6.1; WOW64; Trident/5.0)"
217.182.132.91 - - [15/May/2017:00:06:17 +0200] "GET / HTTP/1.1" 200 2023 "-" "Mozilla/5.0 (compatible; AhrefsBot/5.2; +http://ahrefs.com/robot/)"
151.80.39.150 - - [15/May/2017:00:06:37 +0200] "GET /robots.txt HTTP/1.1" 404 1181 "-" "Mozilla/5.0 (compatible; AhrefsBot/5.2; +http://ahrefs.com/robot/)"
66.249.64.188 - - [15/May/2017:00:19:29 +0200] "GET /robots.txt HTTP/1.1" 404 1181 "-" "Mozilla/5.0 (compatible; Googlebot/2.1; +http://www.google.com/bot.html)"
66.249.64.134 - - [15/May/2017:00:19:29 +0200] "GET /hirlevel/images/1103_d.jpg HTTP/1.1" 404 1181 "-" "Googlebot-Image/1.0"
51.255.65.57 - - [15/May/2017:00:19:51 +0200] "GET /images/vasutterkep_n.jpg HTTP/1.1" 404 1181 "-" "Mozilla/5.0 (compatible; AhrefsBot/5.2; +http://ahrefs.com/robot/)"
5.9.112.6 - - [15/May/2017:00:27:50 +0200] "GET /doc/kozh08.pdf HTTP/1.1" 404 1181 "-" "Mozilla/5.0 (compatible; MSIE 10.0; Windows NT 6.1; Trident/6.0)"
78.46.156.169 - - [15/May/2017:00:28:01 +0200] "GET /doc/kozh08.pdf HTTP/1.1" 404 1181 "-" "Mozilla/5.0 (Macintosh; Intel Mac OS X 10_8_2) AppleWebKit/536.26.17 (KHTML, like Gecko) Version/6.0.2 Safari/536.26.17"
88.99.27.172 - - [15/May/2017:00:28:16 +0200] "GET /doc/kozh08.pdf HTTP/1.1" 404 1181 "-" "Mozilla/5.0 (Windows NT 6.1; WOW64; rv:21.0) Gecko/20130401 Firefox/21.0"
199.193.251.133 - - [15/May/2017:00:59:46 +0200] "HEAD / HTTP/1.1" 200 0 "https://www.inboundlinks.win/InboundLinks/mkk.zpok.hu" "Mozilla/5.0 (compatible; MSIE 9.0; Windows NT 6.1; WOW64; Trident/5.0)"
77.111.90.197 - - [15/May/2017:01:32:38 +0200] "GET / HTTP/1.1" 200 2023 "-" "Mozilla/5.0 (Windows NT 6.1; WOW64) AppleWebKit/537.36 (KHTML, like Gecko) Chrome/46.0.2490.71 Safari/537.36"
77.111.90.197 - - [15/May/2017:01:32:38 +0200] "GET / HTTP/1.0" 200 2023 "-" "-"
75.101.162.240 - - [15/May/2017:01:41:51 +0200] "GET /robots.txt HTTP/1.1" 404 1181 "-" "Mozilla/5.0 (compatible; DotBot/1.1; http://www.opensiteexplorer.org/dotbot, help@moz.com)"
75.101.162.240 - - [15/May/2017:01:47:19 +0200] "GET /hirlevel/vonattal1206.htm HTTP/1.1" 404 1181 "-" "Mozilla/5.0 (compatible; DotBot/1.1; http://www.opensiteexplorer.org/dotbot, help@moz.com)"
157.55.39.157 - - [15/May/2017:01:56:56 +0200] "GET /doc/eletet-a-vasutnak.pdf HTTP/1.1" 200 5085257 "-" "msnbot-media/1.1 (+http://search.msn.com/msnbot.htm)"
157.55.39.149 - - [15/May/2017:02:24:45 +0200] "GET /hirlevel/emlekezteto_hevesvezekeny_201504.pdf HTTP/1.1" 404 1181 "-" "Mozilla/5.0 (iPhone; CPU iPhone OS 7_0 like Mac OS X) AppleWebKit/537.51.1 (KHTML, like Gecko) Version/7.0 Mobile/11A465 Safari/9537.53 (compatible; bingbot/2.0; +http://www.bing.com/bingbot.htm)"
157.55.39.59 - - [15/May/2017:02:28:11 +0200] "GET /hirlevel/vonattal1207.htm HTTP/1.1" 404 1181 "-" "Mozilla/5.0 (iPhone; CPU iPhone OS 7_0 like Mac OS X) AppleWebKit/537.51.1 (KHTML, like Gecko) Version/7.0 Mobile/11A465 Safari/9537.53 (compatible; bingbot/2.0; +http://www.bing.com/bingbot.htm)"
157.55.39.59 - - [15/May/2017:02:46:50 +0200] "GET /doc/ipoly_201109.pdf HTTP/1.1" 404 1181 "-" "Mozilla/5.0 (iPhone; CPU iPhone OS 7_0 like Mac OS X) AppleWebKit/537.51.1 (KHTML, like Gecko) Version/7.0 Mobile/11A465 Safari/9537.53 (compatible; bingbot/2.0; +http://www.bing.com/bingbot.htm)"
180.76.15.161 - - [15/May/2017:02:51:20 +0200] "GET /doc/mkk_eger_tanulmany_2014.pdf HTTP/1.1" 200 589824 "-" "Mozilla/5.0 (compatible; Baiduspider/2.0; +http://www.baidu.com/search/spider.html)"
157.55.39.149 - - [15/May/2017:03:24:43 +0200] "GET /hirlevel/vonattal1501.html HTTP/1.1" 404 1181 "-" "Mozilla/5.0 (iPhone; CPU iPhone OS 7_0 like Mac OS X) AppleWebKit/537.51.1 (KHTML, like Gecko) Version/7.0 Mobile/11A465 Safari/9537.53 (compatible; bingbot/2.0; +http://www.bing.com/bingbot.htm)"
66.249.64.188 - - [15/May/2017:04:18:46 +0200] "GET /doc/b2_2012_03.pdf HTTP/1.1" 404 1181 "-" "Mozilla/5.0 (Linux; Android 6.0.1; Nexus 5X Build/MMB29P) AppleWebKit/537.36 (KHTML, like Gecko) Chrome/41.0.2272.96 Mobile Safari/537.36 (compatible; Googlebot/2.1; +http://www.google.com/bot.html)"
66.249.64.134 - - [15/May/2017:04:30:17 +0200] "GET /hirlevel/vonattal1605.html HTTP/1.1" 404 1181 "-" "Mozilla/5.0 (Linux; Android 6.0.1; Nexus 5X Build/MMB29P) AppleWebKit/537.36 (KHTML, like Gecko) Chrome/41.0.2272.96 Mobile Safari/537.36 (compatible; Googlebot/2.1; +http://www.google.com/bot.html)"
157.55.39.149 - - [15/May/2017:04:48:20 +0200] "GET /doc/mkk_eger_tanulmany_2014.pdf HTTP/1.1" 200 851104 "-" "Mozilla/5.0 (iPhone; CPU iPhone OS 7_0 like Mac OS X) AppleWebKit/537.51.1 (KHTML, like Gecko) Version/7.0 Mobile/11A465 Safari/9537.53 (compatible; bingbot/2.0; +http://www.bing.com/bingbot.htm)"
157.55.39.59 - - [15/May/2017:05:01:50 +0200] "GET /doc/sikeres_varos.pdf HTTP/1.1" 404 1181 "-" "Mozilla/5.0 (iPhone; CPU iPhone OS 7_0 like Mac OS X) AppleWebKit/537.51.1 (KHTML, like Gecko) Version/7.0 Mobile/11A465 Safari/9537.53 (compatible; bingbot/2.0; +http://www.bing.com/bingbot.htm)"
66.249.64.129 - - [15/May/2017:05:12:44 +0200] "GET /hirlevel/vonattal1605.html HTTP/1.1" 404 1181 "-" "Mozilla/5.0 (compatible; Googlebot/2.1; +http://www.google.com/bot.html)"
77.111.90.197 - - [15/May/2017:05:30:49 +0200] "GET /doc/konf_0807.pdf HTTP/1.1" 404 1181 "-" "Mozilla/5.0 (Windows NT 6.1; WOW64) AppleWebKit/537.36 (KHTML, like Gecko) Chrome/46.0.2490.71 Safari/537.36"
77.111.90.197 - - [15/May/2017:05:30:49 +0200] "GET /doc/konf_0807.pdf HTTP/1.0" 404 1181 "-" "-"
64.62.252.164 - - [15/May/2017:06:25:01 +0200] "GET /robots.txt HTTP/1.1" 404 1181 "-" "BUbiNG (+http://law.di.unimi.it/BUbiNG.html)"
64.62.252.164 - - [15/May/2017:06:25:01 +0200] "GET /kikvagyunk2.htm HTTP/1.1" 200 17375 "-" "BUbiNG (+http://law.di.unimi.it/BUbiNG.html)"
64.62.252.164 - - [15/May/2017:06:25:17 +0200] "GET /projektek2.htm HTTP/1.1" 200 7634 "-" "BUbiNG (+http://law.di.unimi.it/BUbiNG.html)"
64.62.252.164 - - [15/May/2017:06:25:17 +0200] "GET /tagsag2.htm HTTP/1.1" 200 1335 "-" "BUbiNG (+http://law.di.unimi.it/BUbiNG.html)"
84.153.6.108 - - [15/May/2017:06:43:53 +0200] "GET /doc/b2_201203.jpg HTTP/1.1" 404 1181 "http://vasut.kteam.hu/indexde.html" "Mozilla/5.0 (Macintosh; Intel Mac OS X 10_12_4) AppleWebKit/603.1.30 (KHTML, like Gecko) Version/10.1 Safari/603.1.30"
84.153.6.108 - - [15/May/2017:06:43:53 +0200] "GET /favicon.ico HTTP/1.1" 404 1181 "http://mkk.zpok.hu/doc/b2_201203.jpg" "Mozilla/5.0 (Macintosh; Intel Mac OS X 10_12_4) AppleWebKit/603.1.30 (KHTML, like Gecko) Version/10.1 Safari/603.1.30"
84.153.6.108 - - [15/May/2017:06:43:58 +0200] "GET /doc/b2_2010.pdf HTTP/1.1" 404 1181 "http://vasut.kteam.hu/indexde.html" "Mozilla/5.0 (Macintosh; Intel Mac OS X 10_12_4) AppleWebKit/603.1.30 (KHTML, like Gecko) Version/10.1 Safari/603.1.30"
35.184.189.105 - - [15/May/2017:06:59:49 +0200] "GET /robots.txt HTTP/1.1" 404 1181 "-" "ltx71 - (http://ltx71.com/)"
35.184.189.105 - - [15/May/2017:07:00:15 +0200] "GET /doc/westtakt_mnr_tkp.zip HTTP/1.1" 200 548715 "-" "ltx71 - (http://ltx71.com/)"
157.55.39.157 - - [15/May/2017:07:01:39 +0200] "GET /hirlevel/vonattal1004.htm HTTP/1.1" 404 1181 "-" "Mozilla/5.0 (iPhone; CPU iPhone OS 7_0 like Mac OS X) AppleWebKit/537.51.1 (KHTML, like Gecko) Version/7.0 Mobile/11A465 Safari/9537.53 (compatible; bingbot/2.0; +http://www.bing.com/bingbot.htm)"
199.58.86.211 - - [15/May/2017:07:29:22 +0200] "GET /robots.txt HTTP/1.1" 404 1181 "-" "Mozilla/5.0 (compatible; MJ12bot/v1.4.8; http://mj12bot.com/)"
199.58.86.211 - - [15/May/2017:07:29:23 +0200] "GET / HTTP/1.1" 200 2023 "-" "Mozilla/5.0 (compatible; MJ12bot/v1.4.8; http://mj12bot.com/)"
157.55.39.59 - - [15/May/2017:07:35:00 +0200] "GET /hirlevel/vonattal1010_1.htm HTTP/1.1" 404 1181 "-" "Mozilla/5.0 (iPhone; CPU iPhone OS 7_0 like Mac OS X) AppleWebKit/537.51.1 (KHTML, like Gecko) Version/7.0 Mobile/11A465 Safari/9537.53 (compatible; bingbot/2.0; +http://www.bing.com/bingbot.htm)"
125.209.235.186 - - [15/May/2017:07:51:19 +0200] "GET /robots.txt HTTP/1.1" 404 1181 "-" "Mozilla/5.0 (compatible; Yeti/1.1; +http://naver.me/bot)"
125.209.235.180 - - [15/May/2017:07:51:21 +0200] "GET /doc/b2_2010.pdf HTTP/1.1" 404 1181 "-" "Mozilla/5.0 (compatible; Yeti/1.1; +http://naver.me/bot)"
85.93.91.84 - - [15/May/2017:07:52:37 +0200] "GET /robots.txt HTTP/1.0" 404 1181 "-" "Mozilla/5.0 (compatible; DeuSu/5.0.2; +https://deusu.de/robot.html)"
85.93.91.84 - - [15/May/2017:07:52:38 +0200] "GET /hirlevel/vonattal1601.html HTTP/1.0" 404 1181 "-" "Mozilla/5.0 (compatible; DeuSu/5.0.2; +https://deusu.de/robot.html)"
157.55.39.157 - - [15/May/2017:08:00:06 +0200] "GET /hirlevel/vonattal1409.html HTTP/1.1" 404 1181 "-" "Mozilla/5.0 (iPhone; CPU iPhone OS 7_0 like Mac OS X) AppleWebKit/537.51.1 (KHTML, like Gecko) Version/7.0 Mobile/11A465 Safari/9537.53 (compatible; bingbot/2.0; +http://www.bing.com/bingbot.htm)"
66.220.152.163 - - [15/May/2017:08:31:44 +0200] "GET / HTTP/1.1" 304 - "-" "facebookexternalhit/1.1 (+http://www.facebook.com/externalhit_uatext.php)"
77.111.90.197 - - [15/May/2017:08:43:57 +0200] "GET / HTTP/1.1" 200 2023 "-" "Mozilla/5.0 (Windows NT 6.1; WOW64) AppleWebKit/537.36 (KHTML, like Gecko) Chrome/46.0.2490.71 Safari/537.36"
77.111.90.197 - - [15/May/2017:08:43:57 +0200] "GET / HTTP/1.0" 200 2023 "-" "-"
157.55.39.59 - - [15/May/2017:08:55:45 +0200] "GET /doc/b2_2010.pdf HTTP/1.1" 404 1181 "-" "Mozilla/5.0 (iPhone; CPU iPhone OS 7_0 like Mac OS X) AppleWebKit/537.51.1 (KHTML, like Gecko) Version/7.0 Mobile/11A465 Safari/9537.53 (compatible; bingbot/2.0; +http://www.bing.com/bingbot.htm)"
192.157.254.197 - - [15/May/2017:09:13:37 +0200] "HEAD / HTTP/1.1" 200 0 "https://www.inboundlinks.win/InboundLinks/mkk.zpok.hu" "Mozilla/5.0 (compatible; MSIE 9.0; Windows NT 6.1; WOW64; Trident/5.0)"
62.100.245.14 - - [15/May/2017:09:22:31 +0200] "GET / HTTP/1.1" 200 2023 "http://forum.index.hu/Article/showArticle?t=9166131&la=143882796" "Mozilla/5.0 (Windows NT 6.1; Win64; x64; rv:53.0) Gecko/20100101 Firefox/53.0"
62.100.245.14 - - [15/May/2017:09:22:31 +0200] "GET /facebook-logo-preview.png HTTP/1.1" 200 3924 "http://www.mkk.zpok.hu/" "Mozilla/5.0 (Windows NT 6.1; Win64; x64; rv:53.0) Gecko/20100101 Firefox/53.0"
62.100.245.14 - - [15/May/2017:09:22:31 +0200] "GET /blog.jpg HTTP/1.1" 200 29833 "http://www.mkk.zpok.hu/" "Mozilla/5.0 (Windows NT 6.1; Win64; x64; rv:53.0) Gecko/20100101 Firefox/53.0"
62.100.245.14 - - [15/May/2017:09:22:31 +0200] "GET /mkk_banner.png HTTP/1.1" 200 62097 "http://www.mkk.zpok.hu/" "Mozilla/5.0 (Windows NT 6.1; Win64; x64; rv:53.0) Gecko/20100101 Firefox/53.0"
62.100.245.14 - - [15/May/2017:09:22:38 +0200] "GET /favicon.ico HTTP/1.1" 404 1181 "-" "Mozilla/5.0 (Windows NT 6.1; Win64; x64; rv:53.0) Gecko/20100101 Firefox/53.0"
62.100.245.14 - - [15/May/2017:09:22:38 +0200] "GET /favicon.ico HTTP/1.1" 404 1181 "-" "Mozilla/5.0 (Windows NT 6.1; Win64; x64; rv:53.0) Gecko/20100101 Firefox/53.0"
163.172.105.72 - - [15/May/2017:10:51:15 +0200] "GET / HTTP/1.0" 200 2023 "-" "Mozilla/5.0 (Windows NT 6.3; WOW64) AppleWebKit/537.36 (KHTML, like Gecko) Chrome/36.0.1985.143 Safari/537.36"
133.130.110.198 - - [15/May/2017:11:11:46 +0200] "GET /doc/b2_2010.pdf HTTP/1.1" 404 1181 "-" "Mozilla/5.0 (Macintosh; Intel Mac OS X 10_10_3) AppleWebKit/537.36 (KHTML, like Gecko) Chrome/42.0.2311.90 Safari/537.36"
217.20.130.226 - - [15/May/2017:11:55:05 +0200] "GET / HTTP/1.1" 200 2023 "https://www.google.hu/" "Mozilla/5.0 (Windows NT 10.0; Win64; x64) AppleWebKit/537.36 (KHTML, like Gecko) Chrome/58.0.3029.96 Safari/537.36"
217.20.130.226 - - [15/May/2017:11:55:05 +0200] "GET /mkk_banner.png HTTP/1.1" 200 62097 "http://www.mkk.zpok.hu/" "Mozilla/5.0 (Windows NT 10.0; Win64; x64) AppleWebKit/537.36 (KHTML, like Gecko) Chrome/58.0.3029.96 Safari/537.36"
217.20.130.226 - - [15/May/2017:11:55:05 +0200] "GET /blog.jpg HTTP/1.1" 200 29833 "http://www.mkk.zpok.hu/" "Mozilla/5.0 (Windows NT 10.0; Win64; x64) AppleWebKit/537.36 (KHTML, like Gecko) Chrome/58.0.3029.96 Safari/537.36"
217.20.130.226 - - [15/May/2017:11:55:05 +0200] "GET /facebook-logo-preview.png HTTP/1.1" 200 3924 "http://www.mkk.zpok.hu/" "Mozilla/5.0 (Windows NT 10.0; Win64; x64) AppleWebKit/537.36 (KHTML, like Gecko) Chrome/58.0.3029.96 Safari/537.36"
217.20.130.226 - - [15/May/2017:11:55:16 +0200] "GET /favicon.ico HTTP/1.1" 404 1181 "http://www.mkk.zpok.hu/" "Mozilla/5.0 (Windows NT 10.0; Win64; x64) AppleWebKit/537.36 (KHTML, like Gecko) Chrome/58.0.3029.96 Safari/537.36"
199.64.75.67 - - [15/May/2017:11:55:43 +0200] "GET /doc/gkm_omkormanyzatoknak.pdf HTTP/1.1" 404 1181 "https://www.google.nl/" "Mozilla/5.0 (Windows NT 6.1; Win64; x64) AppleWebKit/537.36 (KHTML, like Gecko) Chrome/58.0.3029.110 Safari/537.36"
199.64.75.67 - - [15/May/2017:11:55:43 +0200] "GET /favicon.ico HTTP/1.1" 404 1181 "http://mkk.zpok.hu/doc/gkm_omkormanyzatoknak.pdf" "Mozilla/5.0 (Windows NT 6.1; Win64; x64) AppleWebKit/537.36 (KHTML, like Gecko) Chrome/58.0.3029.110 Safari/537.36"
157.55.39.131 - - [15/May/2017:13:14:31 +0200] "GET /hirlevel/vonattal1012.htm HTTP/1.1" 404 1181 "-" "Mozilla/5.0 (iPhone; CPU iPhone OS 7_0 like Mac OS X) AppleWebKit/537.51.1 (KHTML, like Gecko) Version/7.0 Mobile/11A465 Safari/9537.53 (compatible; bingbot/2.0; +http://www.bing.com/bingbot.htm)"
157.55.39.29 - - [15/May/2017:13:36:52 +0200] "GET /robots.txt HTTP/1.1" 404 1181 "-" "Mozilla/5.0 (compatible; bingbot/2.0; +http://www.bing.com/bingbot.htm)"
157.55.39.59 - - [15/May/2017:13:36:56 +0200] "GET /doc/vonatrafel_c.pdf HTTP/1.1" 404 1181 "-" "Mozilla/5.0 (iPhone; CPU iPhone OS 7_0 like Mac OS X) AppleWebKit/537.51.1 (KHTML, like Gecko) Version/7.0 Mobile/11A465 Safari/9537.53 (compatible; bingbot/2.0; +http://www.bing.com/bingbot.htm)"
89.132.39.142 - - [15/May/2017:13:37:07 +0200] "GET /doc/mkk_eger_tanulmany_2014.pdf HTTP/1.1" 200 851104 "-" "Mozilla/5.0 (Windows NT 6.3; WOW64) AppleWebKit/537.36 (KHTML, like Gecko) Chrome/56.0.2924.87 Safari/537.36 OPR/43.0.2442.1144"
89.132.39.142 - - [15/May/2017:13:37:07 +0200] "GET /favicon.ico HTTP/1.1" 404 1181 "http://www.mkk.zpok.hu/doc/mkk_eger_tanulmany_2014.pdf" "Mozilla/5.0 (Windows NT 6.3; WOW64) AppleWebKit/537.36 (KHTML, like Gecko) Chrome/56.0.2924.87 Safari/537.36 OPR/43.0.2442.1144"
66.249.64.129 - - [15/May/2017:14:08:14 +0200] "GET /robots.txt HTTP/1.1" 404 1181 "-" "Mozilla/5.0 (compatible; Googlebot/2.1; +http://www.google.com/bot.html)"
66.249.64.134 - - [15/May/2017:14:08:15 +0200] "GET /doc/b2_20102.jpg HTTP/1.1" 404 1181 "-" "Googlebot-Image/1.0"
157.55.39.131 - - [15/May/2017:14:10:39 +0200] "GET / HTTP/1.1" 200 2023 "-" "Mozilla/5.0 (compatible; bingbot/2.0; +http://www.bing.com/bingbot.htm)"
185.22.187.227 - - [15/May/2017:14:27:53 +0200] "GET /wp-json/wp/v2/posts/ HTTP/1.0" 404 1181 "-" "-"
185.22.187.227 - - [15/May/2017:14:27:53 +0200] "GET /by.htm HTTP/1.0" 404 1181 "-" "-"
185.22.187.227 - - [15/May/2017:14:27:53 +0200] "GET /by.htm HTTP/1.0" 404 1181 "-" "-"
157.55.39.131 - - [15/May/2017:14:36:25 +0200] "GET /doc/emlekezteto_tatabanya_0327.pdf HTTP/1.1" 404 1181 "-" "Mozilla/5.0 (iPhone; CPU iPhone OS 7_0 like Mac OS X) AppleWebKit/537.51.1 (KHTML, like Gecko) Version/7.0 Mobile/11A465 Safari/9537.53 (compatible; bingbot/2.0; +http://www.bing.com/bingbot.htm)"
157.55.39.59 - - [15/May/2017:14:39:48 +0200] "GET /doc/andreas_geissler.ppt HTTP/1.1" 404 1181 "-" "Mozilla/5.0 (iPhone; CPU iPhone OS 7_0 like Mac OS X) AppleWebKit/537.51.1 (KHTML, like Gecko) Version/7.0 Mobile/11A465 Safari/9537.53 (compatible; bingbot/2.0; +http://www.bing.com/bingbot.htm)"
157.55.39.157 - - [15/May/2017:15:01:18 +0200] "GET /hirlevel/vonattal0906.htm HTTP/1.1" 404 1181 "-" "Mozilla/5.0 (iPhone; CPU iPhone OS 7_0 like Mac OS X) AppleWebKit/537.51.1 (KHTML, like Gecko) Version/7.0 Mobile/11A465 Safari/9537.53 (compatible; bingbot/2.0; +http://www.bing.com/bingbot.htm)"
185.22.187.227 - - [15/May/2017:15:19:03 +0200] "GET /wp-json/wp/v2/posts/ HTTP/1.0" 404 1181 "-" "-"
185.22.187.227 - - [15/May/2017:15:19:03 +0200] "POST /wp-json/wp/v2/posts/4663 HTTP/1.0" 404 1181 "-" "-"
185.22.187.227 - - [15/May/2017:15:19:03 +0200] "GET /by.htm HTTP/1.0" 404 1181 "-" "-"
185.22.187.227 - - [15/May/2017:15:19:03 +0200] "POST /wp-json/wp/v2/posts/4663 HTTP/1.0" 404 1181 "-" "-"
185.22.187.227 - - [15/May/2017:15:19:04 +0200] "GET /by.htm HTTP/1.0" 404 1181 "-" "-"
106.120.173.81 - - [15/May/2017:15:23:43 +0200] "GET / HTTP/1.1" 304 - "-" "Sogou web spider/4.0(+http://www.sogou.com/docs/help/webmasters.htm#07)"
106.120.173.81 - - [15/May/2017:15:23:48 +0200] "GET /robots.txt HTTP/1.1" 404 1181 "-" "Sogou web spider/4.0(+http://www.sogou.com/docs/help/webmasters.htm#07)"
157.55.39.29 - - [15/May/2017:15:57:14 +0200] "GET /robots.txt HTTP/1.1" 404 1181 "-" "Mozilla/5.0 (compatible; bingbot/2.0; +http://www.bing.com/bingbot.htm)"
157.55.39.59 - - [15/May/2017:15:57:20 +0200] "GET /doc/onkentesseghete.pdf HTTP/1.1" 404 1181 "-" "Mozilla/5.0 (iPhone; CPU iPhone OS 7_0 like Mac OS X) AppleWebKit/537.51.1 (KHTML, like Gecko) Version/7.0 Mobile/11A465 Safari/9537.53 (compatible; bingbot/2.0; +http://www.bing.com/bingbot.htm)"
157.55.39.157 - - [15/May/2017:16:05:22 +0200] "GET /doc/eletet-a-vasutnak.pdf HTTP/1.1" 200 5085257 "-" "Mozilla/5.0 (iPhone; CPU iPhone OS 7_0 like Mac OS X) AppleWebKit/537.51.1 (KHTML, like Gecko) Version/7.0 Mobile/11A465 Safari/9537.53 (compatible; bingbot/2.0; +http://www.bing.com/bingbot.htm)"
157.55.39.157 - - [15/May/2017:16:05:26 +0200] "GET /robots.txt HTTP/1.1" 404 1181 "-" "Mozilla/5.0 (compatible; bingbot/2.0; +http://www.bing.com/bingbot.htm)"
193.224.76.198 - - [15/May/2017:16:07:28 +0200] "GET / HTTP/1.1" 200 2023 "https://www.google.hu/" "Mozilla/5.0 (Windows NT 6.3; Win64; x64) AppleWebKit/537.36 (KHTML, like Gecko) Chrome/58.0.3029.110 Safari/537.36"
193.224.76.198 - - [15/May/2017:16:07:28 +0200] "GET /mkk_banner.png HTTP/1.1" 200 62097 "http://www.mkk.zpok.hu/" "Mozilla/5.0 (Windows NT 6.3; Win64; x64) AppleWebKit/537.36 (KHTML, like Gecko) Chrome/58.0.3029.110 Safari/537.36"
193.224.76.198 - - [15/May/2017:16:07:28 +0200] "GET /blog.jpg HTTP/1.1" 200 29833 "http://www.mkk.zpok.hu/" "Mozilla/5.0 (Windows NT 6.3; Win64; x64) AppleWebKit/537.36 (KHTML, like Gecko) Chrome/58.0.3029.110 Safari/537.36"
193.224.76.198 - - [15/May/2017:16:07:28 +0200] "GET /facebook-logo-preview.png HTTP/1.1" 200 3924 "http://www.mkk.zpok.hu/" "Mozilla/5.0 (Windows NT 6.3; Win64; x64) AppleWebKit/537.36 (KHTML, like Gecko) Chrome/58.0.3029.110 Safari/537.36"
193.224.76.198 - - [15/May/2017:16:07:32 +0200] "GET /favicon.ico HTTP/1.1" 404 1181 "http://www.mkk.zpok.hu/" "Mozilla/5.0 (Windows NT 6.3; Win64; x64) AppleWebKit/537.36 (KHTML, like Gecko) Chrome/58.0.3029.110 Safari/537.36"
35.184.189.105 - - [15/May/2017:16:09:40 +0200] "GET /robots.txt HTTP/1.1" 404 1181 "-" "ltx71 - (http://ltx71.com/)"
193.224.76.198 - - [15/May/2017:16:10:36 +0200] "GET / HTTP/1.1" 304 - "https://www.google.hu/" "Mozilla/5.0 (Windows NT 6.3; Win64; x64) AppleWebKit/537.36 (KHTML, like Gecko) Chrome/58.0.3029.110 Safari/537.36"
51.255.65.41 - - [15/May/2017:16:10:52 +0200] "GET /hirlevel/vonattal1503.html HTTP/1.1" 404 1181 "-" "Mozilla/5.0 (compatible; AhrefsBot/5.2; +http://ahrefs.com/robot/)"
35.184.189.105 - - [15/May/2017:16:10:55 +0200] "GET / HTTP/1.1" 200 2023 "-" "ltx71 - (http://ltx71.com/)"
35.184.189.105 - - [15/May/2017:16:18:48 +0200] "GET /robots.txt HTTP/1.1" 404 1181 "-" "ltx71 - (http://ltx71.com/)"
35.184.189.105 - - [15/May/2017:16:25:24 +0200] "GET /robots.txt HTTP/1.1" 404 1181 "-" "ltx71 - (http://ltx71.com/)"
195.228.66.60 - - [15/May/2017:16:28:25 +0200] "GET / HTTP/1.1" 200 2023 "http://forum.index.hu/Article/showArticle?t=9166131&la=143886402" "Mozilla/5.0 (Windows NT 10.0; Win64; x64) AppleWebKit/537.36 (KHTML, like Gecko) Chrome/58.0.3029.110 Safari/537.36"
195.228.66.60 - - [15/May/2017:16:28:25 +0200] "GET /mkk_banner.png HTTP/1.1" 200 62097 "http://www.mkk.zpok.hu/" "Mozilla/5.0 (Windows NT 10.0; Win64; x64) AppleWebKit/537.36 (KHTML, like Gecko) Chrome/58.0.3029.110 Safari/537.36"
195.228.66.60 - - [15/May/2017:16:28:25 +0200] "GET /blog.jpg HTTP/1.1" 200 29833 "http://www.mkk.zpok.hu/" "Mozilla/5.0 (Windows NT 10.0; Win64; x64) AppleWebKit/537.36 (KHTML, like Gecko) Chrome/58.0.3029.110 Safari/537.36"
195.228.66.60 - - [15/May/2017:16:28:25 +0200] "GET /facebook-logo-preview.png HTTP/1.1" 200 3924 "http://www.mkk.zpok.hu/" "Mozilla/5.0 (Windows NT 10.0; Win64; x64) AppleWebKit/537.36 (KHTML, like Gecko) Chrome/58.0.3029.110 Safari/537.36"
195.228.66.60 - - [15/May/2017:16:28:29 +0200] "GET /favicon.ico HTTP/1.1" 404 1181 "http://www.mkk.zpok.hu/" "Mozilla/5.0 (Windows NT 10.0; Win64; x64) AppleWebKit/537.36 (KHTML, like Gecko) Chrome/58.0.3029.110 Safari/537.36"
35.184.189.105 - - [15/May/2017:16:28:59 +0200] "GET /robots.txt HTTP/1.1" 404 1181 "-" "ltx71 - (http://ltx71.com/)"
35.184.189.105 - - [15/May/2017:16:29:34 +0200] "GET /tagsag2.htm HTTP/1.1" 200 1335 "-" "ltx71 - (http://ltx71.com/)"
35.184.189.105 - - [15/May/2017:16:33:37 +0200] "GET /robots.txt HTTP/1.1" 404 1181 "-" "ltx71 - (http://ltx71.com/)"
35.184.189.105 - - [15/May/2017:16:45:32 +0200] "GET /robots.txt HTTP/1.1" 404 1181 "-" "ltx71 - (http://ltx71.com/)"
195.228.96.132 - - [15/May/2017:16:50:11 +0200] "GET / HTTP/1.1" 200 2023 "https://www.google.hu" "Mozilla/5.0 (Windows NT 10.0; Win64; x64; rv:45.0) Gecko/20100101 Firefox/45.0"
195.228.96.132 - - [15/May/2017:16:50:11 +0200] "GET /facebook-logo-preview.png HTTP/1.1" 200 3924 "http://www.mkk.zpok.hu/" "Mozilla/5.0 (Windows NT 10.0; Win64; x64; rv:45.0) Gecko/20100101 Firefox/45.0"
195.228.96.132 - - [15/May/2017:16:50:11 +0200] "GET /mkk_banner.png HTTP/1.1" 200 62097 "http://www.mkk.zpok.hu/" "Mozilla/5.0 (Windows NT 10.0; Win64; x64; rv:45.0) Gecko/20100101 Firefox/45.0"
195.228.96.132 - - [15/May/2017:16:50:11 +0200] "GET /blog.jpg HTTP/1.1" 200 29833 "http://www.mkk.zpok.hu/" "Mozilla/5.0 (Windows NT 10.0; Win64; x64; rv:45.0) Gecko/20100101 Firefox/45.0"
195.228.96.132 - - [15/May/2017:16:50:13 +0200] "GET /favicon.ico HTTP/1.1" 404 1181 "-" "Mozilla/5.0 (Windows NT 10.0; Win64; x64; rv:45.0) Gecko/20100101 Firefox/45.0"
195.228.96.132 - - [15/May/2017:16:50:13 +0200] "GET /favicon.ico HTTP/1.1" 404 1181 "-" "Mozilla/5.0 (Windows NT 10.0; Win64; x64; rv:45.0) Gecko/20100101 Firefox/45.0"
157.55.39.131 - - [15/May/2017:16:56:13 +0200] "GET /hirlevel/Fenntarthat%C3%B3%20k%C3%B6zleked%C3%A9s%20%E2%80%93%20%C3%A9lhet%C5%91%20telep%C3%BCl%C3%A9s.pdf HTTP/1.1" 404 1181 "-" "Mozilla/5.0 (iPhone; CPU iPhone OS 7_0 like Mac OS X) AppleWebKit/537.51.1 (KHTML, like Gecko) Version/7.0 Mobile/11A465 Safari/9537.53 (compatible; bingbot/2.0; +http://www.bing.com/bingbot.htm)"
199.30.24.212 - - [15/May/2017:17:06:51 +0200] "GET /doc/eletet-a-vasutnak.pdf HTTP/1.1" 200 4284416 "-" "Mozilla/5.0 (iPhone; CPU iPhone OS 7_0 like Mac OS X) AppleWebKit/537.51.1 (KHTML, like Gecko) Version/7.0 Mobile/11A465 Safari/9537.53 BingPreview/1.0b"
35.184.189.105 - - [15/May/2017:17:13:08 +0200] "GET /robots.txt HTTP/1.1" 404 1181 "-" "ltx71 - (http://ltx71.com/)"
35.184.189.105 - - [15/May/2017:17:15:00 +0200] "GET /kikvagyunk2.htm HTTP/1.1" 200 17375 "-" "ltx71 - (http://ltx71.com/)"
35.184.189.105 - - [15/May/2017:17:39:07 +0200] "GET /robots.txt HTTP/1.1" 404 1181 "-" "ltx71 - (http://ltx71.com/)"
157.55.39.149 - - [15/May/2017:18:10:06 +0200] "GET /doc/T&E_junius2009.pdf HTTP/1.1" 404 1181 "-" "Mozilla/5.0 (iPhone; CPU iPhone OS 7_0 like Mac OS X) AppleWebKit/537.51.1 (KHTML, like Gecko) Version/7.0 Mobile/11A465 Safari/9537.53 (compatible; bingbot/2.0; +http://www.bing.com/bingbot.htm)"
157.55.39.157 - - [15/May/2017:18:28:14 +0200] "GET /doc/varos-videk.vasut_2009.pdf HTTP/1.1" 404 1181 "-" "Mozilla/5.0 (iPhone; CPU iPhone OS 7_0 like Mac OS X) AppleWebKit/537.51.1 (KHTML, like Gecko) Version/7.0 Mobile/11A465 Safari/9537.53 (compatible; bingbot/2.0; +http://www.bing.com/bingbot.htm)"
185.22.187.227 - - [15/May/2017:18:32:09 +0200] "GET /wp-json/wp/v2/posts/ HTTP/1.0" 404 1181 "-" "-"
185.22.187.227 - - [15/May/2017:18:32:09 +0200] "GET /by.htm HTTP/1.0" 404 1181 "-" "-"
185.22.187.227 - - [15/May/2017:18:32:10 +0200] "GET /by.htm HTTP/1.0" 404 1181 "-" "-"
66.249.64.88 - - [15/May/2017:18:33:24 +0200] "GET /robots.txt HTTP/1.1" 404 1181 "-" "Mozilla/5.0 (compatible; Googlebot/2.1; +http://www.google.com/bot.html)"
66.249.64.92 - - [15/May/2017:18:33:25 +0200] "GET /hirlevel/devavanya_1109.doc HTTP/1.1" 404 1181 "-" "Mozilla/5.0 (Linux; Android 6.0.1; Nexus 5X Build/MMB29P) AppleWebKit/537.36 (KHTML, like Gecko) Chrome/41.0.2272.96 Mobile Safari/537.36 (compatible; Googlebot/2.1; +http://www.google.com/bot.html)"
157.55.39.156 - - [15/May/2017:18:51:38 +0200] "GET /doc/allomasok_kepes_osszefoglaloja.pdf HTTP/1.1" 200 5628186 "-" "Mozilla/5.0 (iPhone; CPU iPhone OS 7_0 like Mac OS X) AppleWebKit/537.51.1 (KHTML, like Gecko) Version/7.0 Mobile/11A465 Safari/9537.53 (compatible; bingbot/2.0; +http://www.bing.com/bingbot.htm)"
157.55.39.157 - - [15/May/2017:18:51:51 +0200] "GET /robots.txt HTTP/1.1" 404 1181 "-" "Mozilla/5.0 (compatible; bingbot/2.0; +http://www.bing.com/bingbot.htm)"
157.55.39.131 - - [15/May/2017:19:10:26 +0200] "GET /hirlevel/miskolc_1109.doc HTTP/1.1" 404 1181 "-" "Mozilla/5.0 (iPhone; CPU iPhone OS 7_0 like Mac OS X) AppleWebKit/537.51.1 (KHTML, like Gecko) Version/7.0 Mobile/11A465 Safari/9537.53 (compatible; bingbot/2.0; +http://www.bing.com/bingbot.htm)"
157.55.39.131 - - [15/May/2017:19:22:51 +0200] "GET / HTTP/1.1" 200 2023 "-" "Mozilla/5.0 (compatible; bingbot/2.0; +http://www.bing.com/bingbot.htm)"
52.50.187.70 - - [15/May/2017:19:23:42 +0200] "HEAD / HTTP/1.1" 200 0 "-" "Mozilla/5.0 (Windows; U; Windows NT 5.1; en-US) AppleWebKit/532.0 (KHTML, like Gecko) Chrome/3.0.195.21 Safari/532.0"
52.50.187.70 - - [15/May/2017:19:23:42 +0200] "HEAD / HTTP/1.1" 200 0 "-" "Mozilla/5.0 (Windows; U; Windows NT 5.1; en-US) AppleWebKit/532.0 (KHTML, like Gecko) Chrome/3.0.195.21 Safari/532.0"
157.55.39.149 - - [15/May/2017:19:46:34 +0200] "GET /kikvagyunk2.htm HTTP/1.1" 304 - "-" "Mozilla/5.0 (compatible; bingbot/2.0; +http://www.bing.com/bingbot.htm)"
131.253.25.184 - - [15/May/2017:19:52:58 +0200] "GET /doc/allomasok_kepes_osszefoglaloja.pdf HTTP/1.1" 200 67346 "-" "Mozilla/5.0 (iPhone; CPU iPhone OS 7_0 like Mac OS X) AppleWebKit/537.51.1 (KHTML, like Gecko) Version/7.0 Mobile/11A465 Safari/9537.53 BingPreview/1.0b"
64.62.252.162 - - [15/May/2017:20:04:00 +0200] "GET /robots.txt HTTP/1.1" 404 1181 "-" "BUbiNG (+http://law.di.unimi.it/BUbiNG.html)"
64.62.252.162 - - [15/May/2017:20:04:00 +0200] "GET /kikvagyunk2.htm HTTP/1.1" 200 17375 "-" "BUbiNG (+http://law.di.unimi.it/BUbiNG.html)"
64.62.252.162 - - [15/May/2017:20:04:23 +0200] "GET /projektek2.htm HTTP/1.1" 200 7634 "-" "BUbiNG (+http://law.di.unimi.it/BUbiNG.html)"
64.62.252.162 - - [15/May/2017:20:04:23 +0200] "GET /tagsag2.htm HTTP/1.1" 200 1335 "-" "BUbiNG (+http://law.di.unimi.it/BUbiNG.html)"
185.22.187.227 - - [15/May/2017:20:06:40 +0200] "GET /wp-json/wp/v2/posts/ HTTP/1.0" 404 1181 "-" "-"
185.22.187.227 - - [15/May/2017:20:06:40 +0200] "GET /by.htm HTTP/1.0" 404 1181 "-" "-"
185.22.187.227 - - [15/May/2017:20:06:40 +0200] "GET /by.htm HTTP/1.0" 404 1181 "-" "-"
176.63.29.208 - - [15/May/2017:20:34:33 +0200] "GET / HTTP/1.1" 200 2023 "-" "Mozilla/5.0 (Windows NT 6.1; rv:53.0) Gecko/20100101 Firefox/53.0"
176.63.29.208 - - [15/May/2017:20:34:33 +0200] "GET /mkk_banner.png HTTP/1.1" 200 62097 "http://www.mkk.zpok.hu/" "Mozilla/5.0 (Windows NT 6.1; rv:53.0) Gecko/20100101 Firefox/53.0"
176.63.29.208 - - [15/May/2017:20:34:33 +0200] "GET /blog.jpg HTTP/1.1" 200 29833 "http://www.mkk.zpok.hu/" "Mozilla/5.0 (Windows NT 6.1; rv:53.0) Gecko/20100101 Firefox/53.0"
176.63.29.208 - - [15/May/2017:20:34:34 +0200] "GET /facebook-logo-preview.png HTTP/1.1" 200 3924 "http://www.mkk.zpok.hu/" "Mozilla/5.0 (Windows NT 6.1; rv:53.0) Gecko/20100101 Firefox/53.0"
176.63.29.208 - - [15/May/2017:20:34:58 +0200] "GET /favicon.ico HTTP/1.1" 404 1181 "-" "Mozilla/5.0 (Windows NT 6.1; rv:53.0) Gecko/20100101 Firefox/53.0"
176.63.29.208 - - [15/May/2017:20:34:58 +0200] "GET /favicon.ico HTTP/1.1" 404 1181 "-" "Mozilla/5.0 (Windows NT 6.1; rv:53.0) Gecko/20100101 Firefox/53.0"
77.75.76.169 - - [15/May/2017:20:42:07 +0200] "GET /robots.txt HTTP/1.1" 404 1181 "-" "Mozilla/5.0 (compatible; SeznamBot/3.2; +http://napoveda.seznam.cz/en/seznambot-intro/)"
77.75.76.169 - - [15/May/2017:20:42:07 +0200] "GET /images/vasutterkep_n.jpg HTTP/1.1" 404 1181 "-" "Mozilla/5.0 (compatible; SeznamBot/3.2; +http://napoveda.seznam.cz/en/seznambot-intro/)"
144.76.80.151 - - [15/May/2017:20:47:06 +0200] "GET /favicon.ico HTTP/1.1" 404 1181 "-" "Mozilla/5.0 (compatible; MSIE 10.0; Windows NT 6.1; Trident/6.0; SLCC2; .NET CLR 2.0.50727; .NET CLR 3.5.30729; .NET CLR 3.0.30729; Media Center PC 6.0; .NET4.0C; MAMD; BRI/2; BOIE9;NLNL)"
88.198.22.8 - - [15/May/2017:20:49:06 +0200] "GET /favicon.ico HTTP/1.1" 404 1181 "-" "Mozilla/5.0 (compatible; MSIE 9.0; Windows NT 6.0; WOW64; Trident/5.0; SLCC1; .NET CLR 2.0.50727; .NET CLR 3.5.30729; .NET CLR 3.0.30729; .NET4.0C; InfoPath.2)"
185.22.187.227 - - [15/May/2017:20:49:17 +0200] "GET /wp-json/wp/v2/posts/ HTTP/1.0" 404 1181 "-" "-"
185.22.187.227 - - [15/May/2017:20:49:17 +0200] "POST /wp-json/wp/v2/posts/4663 HTTP/1.0" 404 1181 "-" "-"
185.22.187.227 - - [15/May/2017:20:49:17 +0200] "GET /by.htm HTTP/1.0" 404 1181 "-" "-"
185.22.187.227 - - [15/May/2017:20:49:17 +0200] "POST /wp-json/wp/v2/posts/4663 HTTP/1.0" 404 1181 "-" "-"
185.22.187.227 - - [15/May/2017:20:49:18 +0200] "GET /by.htm HTTP/1.0" 404 1181 "-" "-"
66.249.64.188 - - [15/May/2017:21:07:32 +0200] "GET /hirlevel/ot-2010-kozl-allasfoglalas.pdf HTTP/1.1" 404 1181 "-" "Googlebot/2.1 (+http://www.google.com/bot.html)"
162.208.50.50 - - [15/May/2017:21:08:35 +0200] "GET / HTTP/1.1" 200 2023 "-" "Mozilla/5.0 (Windows NT 10.0; WOW64; rv:40.0) Gecko/20100101 Firefox/40.0"
162.208.50.50 - - [15/May/2017:21:08:47 +0200] "GET /kikvagyunk2.htm HTTP/1.1" 200 17375 "-" "Mozilla/5.0 (Windows; U; Windows NT 6.1; rv:2.2) Gecko/20110201"
162.208.50.50 - - [15/May/2017:21:09:14 +0200] "GET /projektek2.htm HTTP/1.1" 200 7634 "-" "Opera/12.02 (Android 4.1; Linux; Opera Mobi/ADR-1111101157; U; en-US) Presto/2.9.201 Version/12.02"
162.208.50.50 - - [15/May/2017:21:09:20 +0200] "GET / HTTP/1.1" 200 2023 "-" "UniversalFeedParser/3.3 +http://feedparser.org/"
162.208.50.50 - - [15/May/2017:21:10:01 +0200] "GET /tagsag2.htm HTTP/1.1" 200 1335 "-" "Mozilla/5.0 (Windows NT 10.0; WOW64; rv:40.0) Gecko/20100101 Firefox/40.0"
66.249.64.188 - - [15/May/2017:21:11:25 +0200] "GET /doc/meghivo_kgy_201405523.pdf HTTP/1.1" 404 1181 "-" "Googlebot/2.1 (+http://www.google.com/bot.html)"
162.208.50.50 - - [15/May/2017:21:13:50 +0200] "GET /doc/b2_201203.jpg HTTP/1.1" 404 1181 "-" "Windows-Media-Player/11.0.5721.5145"
66.249.64.134 - - [15/May/2017:21:27:28 +0200] "GET /doc/vasutbarat_urlap07.doc HTTP/1.1" 404 1181 "-" "Googlebot/2.1 (+http://www.google.com/bot.html)"
35.184.189.105 - - [15/May/2017:21:30:43 +0200] "GET /robots.txt HTTP/1.1" 404 1181 "-" "ltx71 - (http://ltx71.com/)"
35.184.189.105 - - [15/May/2017:21:32:17 +0200] "GET / HTTP/1.1" 200 2023 "-" "ltx71 - (http://ltx71.com/)"
178.154.200.56 - - [15/May/2017:21:40:01 +0200] "GET /robots.txt HTTP/1.1" 404 1181 "-" "Mozilla/5.0 (compatible; YandexBot/3.0; +http://yandex.com/bots)"
178.154.200.56 - - [15/May/2017:21:40:05 +0200] "GET /doc/kozh04.pdf HTTP/1.1" 404 1181 "-" "Mozilla/5.0 (compatible; YandexBot/3.0; +http://yandex.com/bots)"
178.154.189.24 - - [15/May/2017:21:40:19 +0200] "GET /doc/ttft.pdf HTTP/1.1" 200 6493253 "-" "Mozilla/5.0 (compatible; YandexBot/3.0; +http://yandex.com/bots)"
141.8.142.74 - - [15/May/2017:21:40:21 +0200] "GET /doc/kerparoskozlekedes.pdf HTTP/1.1" 200 2540119 "-" "Mozilla/5.0 (compatible; YandexBot/3.0; +http://yandex.com/bots)"
5.255.253.33 - - [15/May/2017:21:40:24 +0200] "GET /hirlevel/vonattal1512.html HTTP/1.1" 404 1181 "-" "Mozilla/5.0 (compatible; YandexBot/3.0; +http://yandex.com/bots)"
35.184.189.105 - - [15/May/2017:21:46:42 +0200] "GET /robots.txt HTTP/1.1" 404 1181 "-" "ltx71 - (http://ltx71.com/)"
35.184.189.105 - - [15/May/2017:21:48:38 +0200] "GET /kikvagyunk2.htm HTTP/1.1" 200 17375 "-" "ltx71 - (http://ltx71.com/)"
35.184.189.105 - - [15/May/2017:22:02:04 +0200] "GET /robots.txt HTTP/1.1" 404 1181 "-" "ltx71 - (http://ltx71.com/)"
