157.55.39.131 - - [15/May/2017:22:13:41 +0200] "GET /hirlevel/utasf_1205.pdf HTTP/1.1" 404 1181 "-" "Mozilla/5.0 (iPhone; CPU iPhone OS 7_0 like Mac OS X) AppleWebKit/537.51.1 (KHTML, like Gecko) Version/7.0 Mobile/11A465 Safari/9537.53 (compatible; bingbot/2.0; +http://www.bing.com/bingbot.htm)"
157.55.39.131 - - [15/May/2017:22:29:02 +0200] "GET /doc/b2_2012_03.pdf HTTP/1.1" 404 1181 "-" "Mozilla/5.0 (iPhone; CPU iPhone OS 7_0 like Mac OS X) AppleWebKit/537.51.1 (KHTML, like Gecko) Version/7.0 Mobile/11A465 Safari/9537.53 (compatible; bingbot/2.0; +http://www.bing.com/bingbot.htm)"
157.55.39.157 - - [15/May/2017:22:39:35 +0200] "GET /hirlevel/vonattal1107.htm HTTP/1.1" 404 1181 "-" "Mozilla/5.0 (iPhone; CPU iPhone OS 7_0 like Mac OS X) AppleWebKit/537.51.1 (KHTML, like Gecko) Version/7.0 Mobile/11A465 Safari/9537.53 (compatible; bingbot/2.0; +http://www.bing.com/bingbot.htm)"
157.55.39.157 - - [15/May/2017:22:47:02 +0200] "GET /hirlevel/majdan_janos_a_kozlekedes_tortenete_nagy_laszlo.pdf HTTP/1.1" 404 1181 "-" "Mozilla/5.0 (iPhone; CPU iPhone OS 7_0 like Mac OS X) AppleWebKit/537.51.1 (KHTML, like Gecko) Version/7.0 Mobile/11A465 Safari/9537.53 (compatible; bingbot/2.0; +http://www.bing.com/bingbot.htm)"
64.62.252.169 - - [15/May/2017:23:27:16 +0200] "GET /robots.txt HTTP/1.1" 404 1181 "-" "BUbiNG (+http://law.di.unimi.it/BUbiNG.html)"
64.62.252.169 - - [15/May/2017:23:27:17 +0200] "GET / HTTP/1.1" 200 2023 "-" "BUbiNG (+http://law.di.unimi.it/BUbiNG.html)"
66.249.64.134 - - [16/May/2017:00:10:37 +0200] "GET /hirlevel/K%C3%A9rd%C5%91%C3%ADv201604.doc HTTP/1.1" 404 1181 "-" "Mozilla/5.0 (compatible; Googlebot/2.1; +http://www.google.com/bot.html)"
157.55.39.29 - - [16/May/2017:00:12:44 +0200] "GET /robots.txt HTTP/1.1" 404 1181 "-" "Mozilla/5.0 (compatible; bingbot/2.0; +http://www.bing.com/bingbot.htm)"
157.55.39.157 - - [16/May/2017:00:12:46 +0200] "GET /hirlevel/vonattal1503.html HTTP/1.1" 404 1181 "-" "Mozilla/5.0 (iPhone; CPU iPhone OS 7_0 like Mac OS X) AppleWebKit/537.51.1 (KHTML, like Gecko) Version/7.0 Mobile/11A465 Safari/9537.53 (compatible; bingbot/2.0; +http://www.bing.com/bingbot.htm)"
35.184.189.105 - - [16/May/2017:00:31:38 +0200] "GET /robots.txt HTTP/1.1" 404 1181 "-" "ltx71 - (http://ltx71.com/)"
35.184.189.105 - - [16/May/2017:00:31:56 +0200] "GET /tagsag2.htm HTTP/1.1" 200 1335 "-" "ltx71 - (http://ltx71.com/)"
93.232.220.204 - - [16/May/2017:00:35:31 +0200] "GET /doc/b2_2010.pdf HTTP/1.1" 404 1181 "https://de.m.wikipedia.org/" "Mozilla/5.0 (Linux; Android 6.0.1; SM-T580 Build/MMB29K) AppleWebKit/537.36 (KHTML, like Gecko) Chrome/58.0.3029.83 Safari/537.36"
93.232.220.204 - - [16/May/2017:00:35:31 +0200] "GET /favicon.ico HTTP/1.1" 404 1181 "http://mkk.zpok.hu/doc/b2_2010.pdf" "Mozilla/5.0 (Linux; Android 6.0.1; SM-T580 Build/MMB29K) AppleWebKit/537.36 (KHTML, like Gecko) Chrome/58.0.3029.83 Safari/537.36"
199.193.251.133 - - [16/May/2017:00:43:44 +0200] "HEAD / HTTP/1.1" 200 0 "https://www.inboundlinks.win/InboundLinks/mkk.zpok.hu" "Mozilla/5.0 (compatible; MSIE 9.0; Windows NT 6.1; WOW64; Trident/5.0)"
157.55.39.131 - - [16/May/2017:01:00:42 +0200] "GET /doc/varos-videk_2009.pdf HTTP/1.1" 200 1636386 "-" "Mozilla/5.0 (iPhone; CPU iPhone OS 7_0 like Mac OS X) AppleWebKit/537.51.1 (KHTML, like Gecko) Version/7.0 Mobile/11A465 Safari/9537.53 (compatible; bingbot/2.0; +http://www.bing.com/bingbot.htm)"
180.76.15.13 - - [16/May/2017:01:08:36 +0200] "GET /hirlevel/vasuttal0803.htm HTTP/1.1" 404 1181 "-" "Mozilla/5.0 (compatible; Baiduspider/2.0; +http://www.baidu.com/search/spider.html)"
185.22.187.227 - - [16/May/2017:01:18:58 +0200] "GET /wp-json/wp/v2/posts/ HTTP/1.0" 404 1181 "-" "-"
185.22.187.227 - - [16/May/2017:01:18:58 +0200] "GET /by.htm HTTP/1.0" 404 1181 "-" "-"
185.22.187.227 - - [16/May/2017:01:18:58 +0200] "GET /by.htm HTTP/1.0" 404 1181 "-" "-"
157.55.39.131 - - [16/May/2017:01:32:53 +0200] "GET / HTTP/1.1" 200 2023 "-" "Mozilla/5.0 (compatible; bingbot/2.0; +http://www.bing.com/bingbot.htm)"
5.188.211.37 - - [16/May/2017:01:39:17 +0200] "GET /hirlevel/molnar_katalin_hianyzo_kapcs.ppt HTTP/1.1" 404 1181 "-" "Mozilla/4.0 (compatible; MSIE 6.0; Windows NT 5.1; SV1)"
157.55.39.157 - - [16/May/2017:02:06:44 +0200] "GET /hirlevel/vonattal1602.html HTTP/1.1" 404 1181 "-" "Mozilla/5.0 (iPhone; CPU iPhone OS 7_0 like Mac OS X) AppleWebKit/537.51.1 (KHTML, like Gecko) Version/7.0 Mobile/11A465 Safari/9537.53 (compatible; bingbot/2.0; +http://www.bing.com/bingbot.htm)"
66.249.64.188 - - [16/May/2017:02:40:06 +0200] "GET /robots.txt HTTP/1.1" 404 1181 "-" "Mozilla/5.0 (compatible; Googlebot/2.1; +http://www.google.com/bot.html)"
66.249.64.134 - - [16/May/2017:02:40:06 +0200] "GET /hirlevel/utasjogok_1004.pdf HTTP/1.1" 404 1181 "-" "Mozilla/5.0 (Linux; Android 6.0.1; Nexus 5X Build/MMB29P) AppleWebKit/537.36 (KHTML, like Gecko) Chrome/41.0.2272.96 Mobile Safari/537.36 (compatible; Googlebot/2.1; +http://www.google.com/bot.html)"
157.55.39.157 - - [16/May/2017:03:27:10 +0200] "GET /hirlevel/vonattal1605.html HTTP/1.1" 404 1181 "-" "Mozilla/5.0 (iPhone; CPU iPhone OS 7_0 like Mac OS X) AppleWebKit/537.51.1 (KHTML, like Gecko) Version/7.0 Mobile/11A465 Safari/9537.53 (compatible; bingbot/2.0; +http://www.bing.com/bingbot.htm)"
157.55.39.131 - - [16/May/2017:03:32:31 +0200] "GET /hirlevel/vonattal1009.htm HTTP/1.1" 404 1181 "-" "Mozilla/5.0 (iPhone; CPU iPhone OS 7_0 like Mac OS X) AppleWebKit/537.51.1 (KHTML, like Gecko) Version/7.0 Mobile/11A465 Safari/9537.53 (compatible; bingbot/2.0; +http://www.bing.com/bingbot.htm)"
157.55.39.149 - - [16/May/2017:03:59:01 +0200] "GET /hirlevel/klimafelhivas_0810.pdf HTTP/1.1" 404 1181 "-" "Mozilla/5.0 (compatible; bingbot/2.0; +http://www.bing.com/bingbot.htm)"
144.76.23.74 - - [16/May/2017:04:03:42 +0200] "GET /robots.txt HTTP/1.1" 404 1181 "-" "Mozilla/5.0 (Windows; U; Windows NT 6.0; en-GB; rv:1.0; trendictionbot0.5.0; trendiction search; http://www.trendiction.de/bot; please let us know of any problems; web at trendiction.com) Gecko/20071127 Firefox/3.0.0.11"
144.76.23.74 - - [16/May/2017:04:03:43 +0200] "GET / HTTP/1.1" 200 2023 "-" "Mozilla/5.0 (Windows; U; Windows NT 6.0; en-GB; rv:1.0; trendictionbot0.5.0; trendiction search; http://www.trendiction.de/bot; please let us know of any problems; web at trendiction.com) Gecko/20071127 Firefox/3.0.0.11"
144.76.23.74 - - [16/May/2017:04:03:45 +0200] "GET /kikvagyunk2.htm HTTP/1.1" 200 17375 "-" "Mozilla/5.0 (Windows; U; Windows NT 6.0; en-GB; rv:1.0; trendictionbot0.5.0; trendiction search; http://www.trendiction.de/bot; please let us know of any problems; web at trendiction.com) Gecko/20071127 Firefox/3.0.0.11"
144.76.23.74 - - [16/May/2017:04:03:47 +0200] "GET /tagsag2.htm HTTP/1.1" 200 1335 "-" "Mozilla/5.0 (Windows; U; Windows NT 6.0; en-GB; rv:1.0; trendictionbot0.5.0; trendiction search; http://www.trendiction.de/bot; please let us know of any problems; web at trendiction.com) Gecko/20071127 Firefox/3.0.0.11"
144.76.23.74 - - [16/May/2017:04:03:48 +0200] "GET /projektek2.htm HTTP/1.1" 200 7634 "-" "Mozilla/5.0 (Windows; U; Windows NT 6.0; en-GB; rv:1.0; trendictionbot0.5.0; trendiction search; http://www.trendiction.de/bot; please let us know of any problems; web at trendiction.com) Gecko/20071127 Firefox/3.0.0.11"
180.76.15.7 - - [16/May/2017:04:11:16 +0200] "GET / HTTP/1.1" 304 - "-" "Mozilla/5.0 (compatible; Baiduspider/2.0; +http://www.baidu.com/search/spider.html)"
157.55.39.29 - - [16/May/2017:04:32:47 +0200] "GET /robots.txt HTTP/1.1" 404 1181 "-" "Mozilla/5.0 (compatible; bingbot/2.0; +http://www.bing.com/bingbot.htm)"
157.55.39.156 - - [16/May/2017:04:32:51 +0200] "GET /doc/kelenfold_1009.pdf HTTP/1.1" 404 1181 "-" "Mozilla/5.0 (iPhone; CPU iPhone OS 7_0 like Mac OS X) AppleWebKit/537.51.1 (KHTML, like Gecko) Version/7.0 Mobile/11A465 Safari/9537.53 (compatible; bingbot/2.0; +http://www.bing.com/bingbot.htm)"
157.55.39.149 - - [16/May/2017:05:00:25 +0200] "GET /doc/A_kozlekedesmenedzsment_korszeru_eszkozei.pdf HTTP/1.1" 404 1181 "-" "Mozilla/5.0 (iPhone; CPU iPhone OS 7_0 like Mac OS X) AppleWebKit/537.51.1 (KHTML, like Gecko) Version/7.0 Mobile/11A465 Safari/9537.53 (compatible; bingbot/2.0; +http://www.bing.com/bingbot.htm)"
64.62.252.162 - - [16/May/2017:06:41:02 +0200] "GET /robots.txt HTTP/1.1" 404 1181 "-" "BUbiNG (+http://law.di.unimi.it/BUbiNG.html)"
64.62.252.162 - - [16/May/2017:06:41:02 +0200] "GET / HTTP/1.1" 200 2023 "-" "BUbiNG (+http://law.di.unimi.it/BUbiNG.html)"
108.59.8.80 - - [16/May/2017:06:52:08 +0200] "GET /robots.txt HTTP/1.1" 404 1181 "-" "Mozilla/5.0 (compatible; MJ12bot/v1.4.8; http://mj12bot.com/)"
108.59.8.80 - - [16/May/2017:06:52:09 +0200] "GET / HTTP/1.1" 200 2023 "-" "Mozilla/5.0 (compatible; MJ12bot/v1.4.8; http://mj12bot.com/)"
157.55.39.157 - - [16/May/2017:07:24:45 +0200] "GET /doc/hatarmenti_infrastruktura.pdf HTTP/1.1" 404 1181 "-" "Mozilla/5.0 (iPhone; CPU iPhone OS 7_0 like Mac OS X) AppleWebKit/537.51.1 (KHTML, like Gecko) Version/7.0 Mobile/11A465 Safari/9537.53 (compatible; bingbot/2.0; +http://www.bing.com/bingbot.htm)"
157.55.39.156 - - [16/May/2017:08:31:21 +0200] "GET /hirlevel/vonattal1101-02.htm HTTP/1.1" 404 1181 "-" "Mozilla/5.0 (iPhone; CPU iPhone OS 7_0 like Mac OS X) AppleWebKit/537.51.1 (KHTML, like Gecko) Version/7.0 Mobile/11A465 Safari/9537.53 (compatible; bingbot/2.0; +http://www.bing.com/bingbot.htm)"
50.2.15.142 - - [16/May/2017:08:32:26 +0200] "GET / HTTP/1.1" 200 2023 "-" "Apache-HttpClient/4.5.3-SNAPSHOT (Java/1.8.0_73)"
157.55.39.131 - - [16/May/2017:08:36:02 +0200] "GET / HTTP/1.1" 200 2023 "-" "Mozilla/5.0 (compatible; bingbot/2.0; +http://www.bing.com/bingbot.htm)"
157.55.39.149 - - [16/May/2017:08:44:59 +0200] "GET /doc/hu_aps_positivbeispiele_aufl2_070622_klein.pdf HTTP/1.1" 200 2887217 "-" "Mozilla/5.0 (iPhone; CPU iPhone OS 7_0 like Mac OS X) AppleWebKit/537.51.1 (KHTML, like Gecko) Version/7.0 Mobile/11A465 Safari/9537.53 (compatible; bingbot/2.0; +http://www.bing.com/bingbot.htm)"
125.209.235.167 - - [16/May/2017:08:52:38 +0200] "GET /robots.txt HTTP/1.1" 404 1181 "-" "Mozilla/5.0 (compatible; Yeti/1.1; +http://naver.me/bot)"
125.209.235.167 - - [16/May/2017:08:52:41 +0200] "GET /doc/b2_2010.pdf HTTP/1.1" 404 1181 "-" "Mozilla/5.0 (compatible; Yeti/1.1; +http://naver.me/bot)"
178.255.215.87 - - [16/May/2017:08:54:58 +0200] "GET /robots.txt HTTP/1.1" 404 1181 "-" "Mozilla/5.0 (compatible; Exabot/3.0; +http://www.exabot.com/go/robot)"
178.255.215.87 - - [16/May/2017:08:54:58 +0200] "GET /doc/hu_aps_positivbeispiele_aufl2_070622_klein.pdf HTTP/1.1" 200 72151 "-" "Mozilla/5.0 (compatible; Exabot/3.0; +http://www.exabot.com/go/robot)"
178.255.215.87 - - [16/May/2017:08:55:01 +0200] "GET /doc/kerparoskozlekedes.pdf HTTP/1.1" 200 73519 "-" "Mozilla/5.0 (compatible; Exabot/3.0; +http://www.exabot.com/go/robot)"
178.255.215.87 - - [16/May/2017:08:55:05 +0200] "GET /doc/allomasok_kepes_osszefoglaloja.pdf HTTP/1.1" 200 41008 "-" "Mozilla/5.0 (compatible; Exabot/3.0; +http://www.exabot.com/go/robot)"
80.99.24.70 - - [16/May/2017:09:00:03 +0200] "GET / HTTP/1.1" 200 2023 "https://www.google.hu/" "Mozilla/5.0 (Windows NT 10.0; Win64; x64) AppleWebKit/537.36 (KHTML, like Gecko) Chrome/58.0.3029.110 Safari/537.36"
80.99.24.70 - - [16/May/2017:09:00:04 +0200] "GET /blog.jpg HTTP/1.1" 200 29833 "http://www.mkk.zpok.hu/" "Mozilla/5.0 (Windows NT 10.0; Win64; x64) AppleWebKit/537.36 (KHTML, like Gecko) Chrome/58.0.3029.110 Safari/537.36"
80.99.24.70 - - [16/May/2017:09:00:04 +0200] "GET /facebook-logo-preview.png HTTP/1.1" 200 3924 "http://www.mkk.zpok.hu/" "Mozilla/5.0 (Windows NT 10.0; Win64; x64) AppleWebKit/537.36 (KHTML, like Gecko) Chrome/58.0.3029.110 Safari/537.36"
80.99.24.70 - - [16/May/2017:09:00:04 +0200] "GET /mkk_banner.png HTTP/1.1" 200 62097 "http://www.mkk.zpok.hu/" "Mozilla/5.0 (Windows NT 10.0; Win64; x64) AppleWebKit/537.36 (KHTML, like Gecko) Chrome/58.0.3029.110 Safari/537.36"
80.99.24.70 - - [16/May/2017:09:00:11 +0200] "GET /favicon.ico HTTP/1.1" 404 1181 "http://www.mkk.zpok.hu/" "Mozilla/5.0 (Windows NT 10.0; Win64; x64) AppleWebKit/537.36 (KHTML, like Gecko) Chrome/58.0.3029.110 Safari/537.36"
195.56.182.212 - - [16/May/2017:09:08:54 +0200] "GET /hirlevel/vonattal1512.html HTTP/1.1" 404 1181 "-" "Mozilla/5.0 (Windows NT 6.1; Trident/7.0; rv:11.0) like Gecko"
195.56.182.212 - - [16/May/2017:09:09:01 +0200] "GET /hirlevel/vonattal1512.html HTTP/1.1" 404 1181 "-" "Mozilla/5.0 (Windows NT 6.1; Trident/7.0; rv:11.0) like Gecko"
195.56.182.212 - - [16/May/2017:09:09:02 +0200] "GET /hirlevel/vonattal1512.html HTTP/1.1" 404 1181 "-" "Mozilla/5.0 (Windows NT 6.1; Trident/7.0; rv:11.0) like Gecko"
157.55.39.156 - - [16/May/2017:09:23:07 +0200] "GET /doc/prezentacio_20150425_tokaj.pdf HTTP/1.1" 404 1181 "-" "Mozilla/5.0 (iPhone; CPU iPhone OS 7_0 like Mac OS X) AppleWebKit/537.51.1 (KHTML, like Gecko) Version/7.0 Mobile/11A465 Safari/9537.53 (compatible; bingbot/2.0; +http://www.bing.com/bingbot.htm)"
23.88.37.115 - - [16/May/2017:09:35:26 +0200] "GET / HTTP/1.1" 200 2023 "http://www.domain2008.com/domains/mkk.zpok.hu" "Mozilla/5.0 (compatible; MSIE 9.0; Windows NT 6.1; WOW64; Trident/5.0)"
95.91.249.98 - - [16/May/2017:10:05:32 +0200] "GET /doc/b2_201203.jpg HTTP/1.1" 404 1181 "-" "Mozilla/5.0 (Macintosh; Intel Mac OS X 10_10_5) AppleWebKit/601.6.17 (KHTML, like Gecko) Version/9.1.1 Safari/601.6.17"
95.91.249.98 - - [16/May/2017:10:05:32 +0200] "GET /doc/b2_2010.pdf HTTP/1.1" 404 1181 "-" "Mozilla/5.0 (Macintosh; Intel Mac OS X 10_10_5) AppleWebKit/601.6.17 (KHTML, like Gecko) Version/9.1.1 Safari/601.6.17"
95.91.249.98 - - [16/May/2017:10:05:32 +0200] "GET /favicon.ico HTTP/1.1" 404 1181 "http://mkk.zpok.hu/doc/b2_2010.pdf" "Mozilla/5.0 (Macintosh; Intel Mac OS X 10_10_5) AppleWebKit/601.6.17 (KHTML, like Gecko) Version/9.1.1 Safari/601.6.17"
95.91.249.98 - - [16/May/2017:10:05:32 +0200] "GET /favicon.ico HTTP/1.1" 404 1181 "http://mkk.zpok.hu/doc/b2_201203.jpg" "Mozilla/5.0 (Macintosh; Intel Mac OS X 10_10_5) AppleWebKit/601.6.17 (KHTML, like Gecko) Version/9.1.1 Safari/601.6.17"
178.154.200.56 - - [16/May/2017:10:47:14 +0200] "GET /robots.txt HTTP/1.1" 404 1181 "-" "Mozilla/5.0 (compatible; YandexBot/3.0; +http://yandex.com/bots)"
178.154.189.24 - - [16/May/2017:10:47:14 +0200] "GET /robots.txt HTTP/1.1" 404 1181 "-" "Mozilla/5.0 (compatible; YandexBot/3.0; +http://yandex.com/bots)"
178.154.200.56 - - [16/May/2017:10:47:18 +0200] "GET / HTTP/1.1" 200 2023 "-" "Mozilla/5.0 (compatible; YandexBot/3.0; +http://yandex.com/bots)"
178.154.189.24 - - [16/May/2017:10:47:18 +0200] "GET / HTTP/1.1" 200 2023 "-" "Mozilla/5.0 (compatible; YandexBot/3.0; +http://yandex.com/bots)"
157.55.39.131 - - [16/May/2017:10:47:32 +0200] "GET /hirlevel/images/0803a.jpg HTTP/1.1" 404 1181 "-" "Mozilla/5.0 (compatible; bingbot/2.0; +http://www.bing.com/bingbot.htm)"
157.55.39.131 - - [16/May/2017:10:54:56 +0200] "GET /hirlevel/images/0809bb.jpg HTTP/1.1" 404 1181 "-" "Mozilla/5.0 (compatible; bingbot/2.0; +http://www.bing.com/bingbot.htm)"
178.154.200.56 - - [16/May/2017:11:03:59 +0200] "GET / HTTP/1.1" 200 2023 "-" "Mozilla/5.0 (compatible; YandexBot/3.0; +http://yandex.com/bots)"
157.55.39.131 - - [16/May/2017:11:27:32 +0200] "GET /doc/tisza-to_szoroanyag_2012.pdf HTTP/1.1" 404 1181 "-" "Mozilla/5.0 (iPhone; CPU iPhone OS 7_0 like Mac OS X) AppleWebKit/537.51.1 (KHTML, like Gecko) Version/7.0 Mobile/11A465 Safari/9537.53 (compatible; bingbot/2.0; +http://www.bing.com/bingbot.htm)"
157.55.39.149 - - [16/May/2017:11:45:44 +0200] "GET /hirlevel/emlekezteto_hevesvezekeny_201504.pdf HTTP/1.1" 404 1181 "-" "Mozilla/5.0 (iPhone; CPU iPhone OS 7_0 like Mac OS X) AppleWebKit/537.51.1 (KHTML, like Gecko) Version/7.0 Mobile/11A465 Safari/9537.53 (compatible; bingbot/2.0; +http://www.bing.com/bingbot.htm)"
157.55.39.157 - - [16/May/2017:11:56:20 +0200] "GET /doc/ttft.pdf HTTP/1.1" 200 6493253 "-" "Mozilla/5.0 (iPhone; CPU iPhone OS 7_0 like Mac OS X) AppleWebKit/537.51.1 (KHTML, like Gecko) Version/7.0 Mobile/11A465 Safari/9537.53 (compatible; bingbot/2.0; +http://www.bing.com/bingbot.htm)"
87.114.200.132 - - [16/May/2017:11:56:58 +0200] "GET /robots.txt HTTP/1.1" 404 1181 "-" "HELLO Crawler"
157.55.39.156 - - [16/May/2017:12:02:15 +0200] "GET /doc/elovarosi_201301.pdf HTTP/1.1" 404 1181 "-" "Mozilla/5.0 (iPhone; CPU iPhone OS 7_0 like Mac OS X) AppleWebKit/537.51.1 (KHTML, like Gecko) Version/7.0 Mobile/11A465 Safari/9537.53 (compatible; bingbot/2.0; +http://www.bing.com/bingbot.htm)"
157.55.39.131 - - [16/May/2017:12:16:35 +0200] "GET /hirlevel/vonattal1009_1.htm HTTP/1.1" 404 1181 "-" "Mozilla/5.0 (iPhone; CPU iPhone OS 7_0 like Mac OS X) AppleWebKit/537.51.1 (KHTML, like Gecko) Version/7.0 Mobile/11A465 Safari/9537.53 (compatible; bingbot/2.0; +http://www.bing.com/bingbot.htm)"
157.55.39.131 - - [16/May/2017:12:56:19 +0200] "GET /hirlevel/szentgotthard_1109.pdf HTTP/1.1" 404 1181 "-" "Mozilla/5.0 (compatible; bingbot/2.0; +http://www.bing.com/bingbot.htm)"
40.77.177.15 - - [16/May/2017:12:57:56 +0200] "GET /doc/ttft.pdf HTTP/1.1" 200 4300800 "-" "Mozilla/5.0 (iPhone; CPU iPhone OS 7_0 like Mac OS X) AppleWebKit/537.51.1 (KHTML, like Gecko) Version/7.0 Mobile/11A465 Safari/9537.53 BingPreview/1.0b"
180.76.15.144 - - [16/May/2017:13:18:12 +0200] "GET /robots.txt HTTP/1.1" 404 1181 "-" "Mozilla/5.0 (Windows NT 5.1; rv:6.0.2) Gecko/20100101 Firefox/6.0.2"
180.76.15.11 - - [16/May/2017:13:18:13 +0200] "GET /robots.txt HTTP/1.1" 404 1181 "-" "Mozilla/5.0 (Windows NT 5.1; rv:6.0.2) Gecko/20100101 Firefox/6.0.2"
157.55.39.156 - - [16/May/2017:13:23:25 +0200] "GET /doc/ipoly_201109.pdf HTTP/1.1" 404 1181 "-" "Mozilla/5.0 (iPhone; CPU iPhone OS 7_0 like Mac OS X) AppleWebKit/537.51.1 (KHTML, like Gecko) Version/7.0 Mobile/11A465 Safari/9537.53 (compatible; bingbot/2.0; +http://www.bing.com/bingbot.htm)"
157.55.39.149 - - [16/May/2017:13:32:03 +0200] "GET /doc/kerparoskozlekedes.pdf HTTP/1.1" 200 2540119 "-" "Mozilla/5.0 (iPhone; CPU iPhone OS 7_0 like Mac OS X) AppleWebKit/537.51.1 (KHTML, like Gecko) Version/7.0 Mobile/11A465 Safari/9537.53 (compatible; bingbot/2.0; +http://www.bing.com/bingbot.htm)"
180.76.15.154 - - [16/May/2017:13:33:20 +0200] "GET /doc/kerparoskozlekedes.pdf HTTP/1.1" 200 622592 "-" "Mozilla/5.0 (compatible; Baiduspider/2.0; +http://www.baidu.com/search/spider.html)"
157.55.39.149 - - [16/May/2017:14:09:01 +0200] "GET /doc/mkk_eger_tanulmany_2014.pdf HTTP/1.1" 200 851104 "-" "Mozilla/5.0 (iPhone; CPU iPhone OS 7_0 like Mac OS X) AppleWebKit/537.51.1 (KHTML, like Gecko) Version/7.0 Mobile/11A465 Safari/9537.53 (compatible; bingbot/2.0; +http://www.bing.com/bingbot.htm)"
87.114.200.132 - - [16/May/2017:15:15:41 +0200] "GET /robots.txt HTTP/1.1" 404 1181 "-" "HELLO Crawler"
87.114.200.132 - - [16/May/2017:15:15:41 +0200] "GET / HTTP/1.1" 200 2023 "-" "HELLO Crawler"
180.76.15.152 - - [16/May/2017:15:35:03 +0200] "GET / HTTP/1.1" 304 - "-" "Mozilla/5.0 (compatible; Baiduspider/2.0; +http://www.baidu.com/search/spider.html)"
157.55.39.156 - - [16/May/2017:15:44:50 +0200] "GET /doc/sikeres_varos.pdf HTTP/1.1" 404 1181 "-" "Mozilla/5.0 (iPhone; CPU iPhone OS 7_0 like Mac OS X) AppleWebKit/537.51.1 (KHTML, like Gecko) Version/7.0 Mobile/11A465 Safari/9537.53 (compatible; bingbot/2.0; +http://www.bing.com/bingbot.htm)"
87.97.76.189 - - [16/May/2017:16:16:02 +0200] "GET / HTTP/1.1" 200 2023 "https://www.google.hu/" "Mozilla/5.0 (Windows NT 10.0; Win64; x64) AppleWebKit/537.36 (KHTML, like Gecko) Chrome/58.0.3029.110 Safari/537.36"
87.97.76.189 - - [16/May/2017:16:16:02 +0200] "GET /facebook-logo-preview.png HTTP/1.1" 200 3924 "http://www.mkk.zpok.hu/" "Mozilla/5.0 (Windows NT 10.0; Win64; x64) AppleWebKit/537.36 (KHTML, like Gecko) Chrome/58.0.3029.110 Safari/537.36"
87.97.76.189 - - [16/May/2017:16:16:02 +0200] "GET /mkk_banner.png HTTP/1.1" 200 62097 "http://www.mkk.zpok.hu/" "Mozilla/5.0 (Windows NT 10.0; Win64; x64) AppleWebKit/537.36 (KHTML, like Gecko) Chrome/58.0.3029.110 Safari/537.36"
87.97.76.189 - - [16/May/2017:16:16:02 +0200] "GET /blog.jpg HTTP/1.1" 200 29833 "http://www.mkk.zpok.hu/" "Mozilla/5.0 (Windows NT 10.0; Win64; x64) AppleWebKit/537.36 (KHTML, like Gecko) Chrome/58.0.3029.110 Safari/537.36"
87.97.76.189 - - [16/May/2017:16:16:05 +0200] "GET /favicon.ico HTTP/1.1" 404 1181 "http://www.mkk.zpok.hu/" "Mozilla/5.0 (Windows NT 10.0; Win64; x64) AppleWebKit/537.36 (KHTML, like Gecko) Chrome/58.0.3029.110 Safari/537.36"
188.36.5.39 - - [16/May/2017:16:23:07 +0200] "GET / HTTP/1.1" 200 2023 "https://www.google.hu/" "Mozilla/5.0 (Windows NT 10.0; Win64; x64; rv:53.0) Gecko/20100101 Firefox/53.0"
188.36.5.39 - - [16/May/2017:16:23:07 +0200] "GET /blog.jpg HTTP/1.1" 200 29833 "http://www.mkk.zpok.hu/" "Mozilla/5.0 (Windows NT 10.0; Win64; x64; rv:53.0) Gecko/20100101 Firefox/53.0"
188.36.5.39 - - [16/May/2017:16:23:07 +0200] "GET /facebook-logo-preview.png HTTP/1.1" 200 3924 "http://www.mkk.zpok.hu/" "Mozilla/5.0 (Windows NT 10.0; Win64; x64; rv:53.0) Gecko/20100101 Firefox/53.0"
188.36.5.39 - - [16/May/2017:16:23:07 +0200] "GET /mkk_banner.png HTTP/1.1" 200 62097 "http://www.mkk.zpok.hu/" "Mozilla/5.0 (Windows NT 10.0; Win64; x64; rv:53.0) Gecko/20100101 Firefox/53.0"
188.36.5.39 - - [16/May/2017:16:23:12 +0200] "GET /favicon.ico HTTP/1.1" 404 1181 "-" "Mozilla/5.0 (Windows NT 10.0; Win64; x64; rv:53.0) Gecko/20100101 Firefox/53.0"
188.36.5.39 - - [16/May/2017:16:23:12 +0200] "GET /favicon.ico HTTP/1.1" 404 1181 "-" "Mozilla/5.0 (Windows NT 10.0; Win64; x64; rv:53.0) Gecko/20100101 Firefox/53.0"
188.36.5.39 - - [16/May/2017:16:23:15 +0200] "GET /projektek2.htm HTTP/1.1" 200 7634 "http://www.mkk.zpok.hu/" "Mozilla/5.0 (Windows NT 10.0; Win64; x64; rv:53.0) Gecko/20100101 Firefox/53.0"
188.36.5.39 - - [16/May/2017:16:23:15 +0200] "GET /icons/icons_k/fogadj.png HTTP/1.1" 200 31018 "http://www.mkk.zpok.hu/projektek2.htm" "Mozilla/5.0 (Windows NT 10.0; Win64; x64; rv:53.0) Gecko/20100101 Firefox/53.0"
188.36.5.39 - - [16/May/2017:16:23:15 +0200] "GET /icons/icons_k/ipoly.png HTTP/1.1" 200 26376 "http://www.mkk.zpok.hu/projektek2.htm" "Mozilla/5.0 (Windows NT 10.0; Win64; x64; rv:53.0) Gecko/20100101 Firefox/53.0"
188.36.5.39 - - [16/May/2017:16:23:15 +0200] "GET /icons/icons_k/eger.png HTTP/1.1" 200 28174 "http://www.mkk.zpok.hu/projektek2.htm" "Mozilla/5.0 (Windows NT 10.0; Win64; x64; rv:53.0) Gecko/20100101 Firefox/53.0"
188.36.5.39 - - [16/May/2017:16:23:15 +0200] "GET /icons/icons_k/aps.png HTTP/1.1" 200 8274 "http://www.mkk.zpok.hu/projektek2.htm" "Mozilla/5.0 (Windows NT 10.0; Win64; x64; rv:53.0) Gecko/20100101 Firefox/53.0"
188.36.5.39 - - [16/May/2017:16:23:15 +0200] "GET /icons/icons_k/kiskore.png HTTP/1.1" 200 25890 "http://www.mkk.zpok.hu/projektek2.htm" "Mozilla/5.0 (Windows NT 10.0; Win64; x64; rv:53.0) Gecko/20100101 Firefox/53.0"
188.36.5.39 - - [16/May/2017:16:23:15 +0200] "GET /icons/icons_k/westtakt.png HTTP/1.1" 200 8683 "http://www.mkk.zpok.hu/projektek2.htm" "Mozilla/5.0 (Windows NT 10.0; Win64; x64; rv:53.0) Gecko/20100101 Firefox/53.0"
188.36.5.39 - - [16/May/2017:16:23:15 +0200] "GET /icons/icons_k/bringa.png HTTP/1.1" 200 22141 "http://www.mkk.zpok.hu/projektek2.htm" "Mozilla/5.0 (Windows NT 10.0; Win64; x64; rv:53.0) Gecko/20100101 Firefox/53.0"
188.36.5.39 - - [16/May/2017:16:23:20 +0200] "GET /kikvagyunk2.htm HTTP/1.1" 200 17375 "http://www.mkk.zpok.hu/" "Mozilla/5.0 (Windows NT 10.0; Win64; x64; rv:53.0) Gecko/20100101 Firefox/53.0"
188.36.5.39 - - [16/May/2017:16:23:20 +0200] "GET /icons/icons_k/2.png HTTP/1.1" 200 8020 "http://www.mkk.zpok.hu/kikvagyunk2.htm" "Mozilla/5.0 (Windows NT 10.0; Win64; x64; rv:53.0) Gecko/20100101 Firefox/53.0"
188.36.5.39 - - [16/May/2017:16:23:20 +0200] "GET /icons/icons_k/1.png HTTP/1.1" 200 7684 "http://www.mkk.zpok.hu/kikvagyunk2.htm" "Mozilla/5.0 (Windows NT 10.0; Win64; x64; rv:53.0) Gecko/20100101 Firefox/53.0"
188.36.5.39 - - [16/May/2017:16:23:20 +0200] "GET /icons/icons_k/3.png HTTP/1.1" 200 5625 "http://www.mkk.zpok.hu/kikvagyunk2.htm" "Mozilla/5.0 (Windows NT 10.0; Win64; x64; rv:53.0) Gecko/20100101 Firefox/53.0"
188.36.5.39 - - [16/May/2017:16:23:20 +0200] "GET /icons/icons_k/4.png HTTP/1.1" 200 5935 "http://www.mkk.zpok.hu/kikvagyunk2.htm" "Mozilla/5.0 (Windows NT 10.0; Win64; x64; rv:53.0) Gecko/20100101 Firefox/53.0"
188.36.5.39 - - [16/May/2017:16:23:20 +0200] "GET /icons/icons_k/5.png HTTP/1.1" 200 5410 "http://www.mkk.zpok.hu/kikvagyunk2.htm" "Mozilla/5.0 (Windows NT 10.0; Win64; x64; rv:53.0) Gecko/20100101 Firefox/53.0"
188.36.5.39 - - [16/May/2017:16:23:20 +0200] "GET /icons/icons_k/6.png HTTP/1.1" 200 4270 "http://www.mkk.zpok.hu/kikvagyunk2.htm" "Mozilla/5.0 (Windows NT 10.0; Win64; x64; rv:53.0) Gecko/20100101 Firefox/53.0"
188.36.5.39 - - [16/May/2017:16:23:20 +0200] "GET /kikvag1.jpg HTTP/1.1" 200 9565 "http://www.mkk.zpok.hu/kikvagyunk2.htm" "Mozilla/5.0 (Windows NT 10.0; Win64; x64; rv:53.0) Gecko/20100101 Firefox/53.0"
188.36.5.39 - - [16/May/2017:16:23:20 +0200] "GET /icons/icons_k/balage.png HTTP/1.1" 200 21667 "http://www.mkk.zpok.hu/kikvagyunk2.htm" "Mozilla/5.0 (Windows NT 10.0; Win64; x64; rv:53.0) Gecko/20100101 Firefox/53.0"
188.36.5.39 - - [16/May/2017:16:23:20 +0200] "GET /icons/icons_k/mpeter.png HTTP/1.1" 200 28939 "http://www.mkk.zpok.hu/kikvagyunk2.htm" "Mozilla/5.0 (Windows NT 10.0; Win64; x64; rv:53.0) Gecko/20100101 Firefox/53.0"
188.36.5.39 - - [16/May/2017:16:23:20 +0200] "GET /pdf.png HTTP/1.1" 200 133123 "http://www.mkk.zpok.hu/kikvagyunk2.htm" "Mozilla/5.0 (Windows NT 10.0; Win64; x64; rv:53.0) Gecko/20100101 Firefox/53.0"
144.76.236.183 - - [16/May/2017:16:27:14 +0200] "HEAD / HTTP/1.1" 200 0 "-" "Mozilla/5.0 (Windows NT 6.1) AppleWebKit/537.36 (KHTML, like Gecko) Chrome/41.0.2228.0 Safari/537.36Mozilla/5.0 (Macintosh; Intel Mac OS X 10.8; rv:24.0) Gecko/20100101 Firefox/24.0"
193.68.41.10 - - [16/May/2017:16:41:05 +0200] "GET / HTTP/1.1" 200 2023 "https://www.google.hu/" "Mozilla/5.0 (Windows NT 6.1) AppleWebKit/537.36 (KHTML, like Gecko) Chrome/57.0.2987.133 Safari/537.36"
193.68.41.10 - - [16/May/2017:16:41:05 +0200] "GET /blog.jpg HTTP/1.1" 200 29833 "http://www.mkk.zpok.hu/" "Mozilla/5.0 (Windows NT 6.1) AppleWebKit/537.36 (KHTML, like Gecko) Chrome/57.0.2987.133 Safari/537.36"
193.68.41.10 - - [16/May/2017:16:41:05 +0200] "GET /mkk_banner.png HTTP/1.1" 200 62097 "http://www.mkk.zpok.hu/" "Mozilla/5.0 (Windows NT 6.1) AppleWebKit/537.36 (KHTML, like Gecko) Chrome/57.0.2987.133 Safari/537.36"
193.68.41.10 - - [16/May/2017:16:41:05 +0200] "GET /facebook-logo-preview.png HTTP/1.1" 200 3924 "http://www.mkk.zpok.hu/" "Mozilla/5.0 (Windows NT 6.1) AppleWebKit/537.36 (KHTML, like Gecko) Chrome/57.0.2987.133 Safari/537.36"
193.68.41.10 - - [16/May/2017:16:41:06 +0200] "GET /favicon.ico HTTP/1.1" 404 1181 "http://www.mkk.zpok.hu/" "Mozilla/5.0 (Windows NT 6.1) AppleWebKit/537.36 (KHTML, like Gecko) Chrome/57.0.2987.133 Safari/537.36"
193.68.41.10 - - [16/May/2017:16:41:47 +0200] "GET / HTTP/1.1" 304 - "https://www.google.hu/" "Mozilla/5.0 (Windows NT 6.1) AppleWebKit/537.36 (KHTML, like Gecko) Chrome/57.0.2987.133 Safari/537.36"
193.68.41.10 - - [16/May/2017:16:42:26 +0200] "GET / HTTP/1.1" 304 - "https://www.google.hu/" "Mozilla/5.0 (Windows NT 6.1) AppleWebKit/537.36 (KHTML, like Gecko) Chrome/57.0.2987.133 Safari/537.36"
157.55.39.156 - - [16/May/2017:17:06:00 +0200] "GET /hirlevel/vonattal1304.html HTTP/1.1" 404 1181 "-" "Mozilla/5.0 (iPhone; CPU iPhone OS 7_0 like Mac OS X) AppleWebKit/537.51.1 (KHTML, like Gecko) Version/7.0 Mobile/11A465 Safari/9537.53 (compatible; bingbot/2.0; +http://www.bing.com/bingbot.htm)"
157.55.39.131 - - [16/May/2017:17:17:37 +0200] "GET / HTTP/1.1" 200 2023 "-" "Mozilla/5.0 (compatible; bingbot/2.0; +http://www.bing.com/bingbot.htm)"
118.163.211.6 - - [16/May/2017:17:36:17 +0200] "GET /wp-login.php HTTP/1.1" 404 1181 "-" "Mozilla/5.0 (Windows NT 10.0; WOW64) AppleWebKit/537.36 (KHTML, like Gecko) Chrome/46.0.2490.80 Safari/537.36"
118.163.211.6 - - [16/May/2017:17:36:57 +0200] "GET /robots.txt HTTP/1.1" 404 1181 "-" "Mozilla/5.0 (Windows NT 10.0; WOW64) AppleWebKit/537.36 (KHTML, like Gecko) Chrome/46.0.2490.80 Safari/537.36"
118.163.211.6 - - [16/May/2017:17:40:37 +0200] "GET /robots.txt HTTP/1.1" 404 1181 "-" "Mozilla/5.0 (Windows NT 10.0; WOW64) AppleWebKit/537.36 (KHTML, like Gecko) Chrome/46.0.2490.80 Safari/537.36"
84.206.42.2 - - [16/May/2017:17:52:21 +0200] "GET / HTTP/1.1" 200 2023 "http://adhat.hu/szervezet/magyar-kozlekedesi-klub-egyesulet" "Mozilla/5.0 (Windows NT 6.1; WOW64; rv:45.0) Gecko/20100101 Firefox/45.0"
84.206.42.2 - - [16/May/2017:17:52:21 +0200] "GET /mkk_banner.png HTTP/1.1" 200 62097 "http://www.mkk.zpok.hu/" "Mozilla/5.0 (Windows NT 6.1; WOW64; rv:45.0) Gecko/20100101 Firefox/45.0"
84.206.42.2 - - [16/May/2017:17:52:21 +0200] "GET /facebook-logo-preview.png HTTP/1.1" 200 3924 "http://www.mkk.zpok.hu/" "Mozilla/5.0 (Windows NT 6.1; WOW64; rv:45.0) Gecko/20100101 Firefox/45.0"
84.206.42.2 - - [16/May/2017:17:52:21 +0200] "GET /blog.jpg HTTP/1.1" 200 29833 "http://www.mkk.zpok.hu/" "Mozilla/5.0 (Windows NT 6.1; WOW64; rv:45.0) Gecko/20100101 Firefox/45.0"
84.206.42.2 - - [16/May/2017:17:52:28 +0200] "GET /kikvagyunk2.htm HTTP/1.1" 200 17375 "http://www.mkk.zpok.hu/" "Mozilla/5.0 (Windows NT 6.1; WOW64; rv:45.0) Gecko/20100101 Firefox/45.0"
84.206.42.2 - - [16/May/2017:17:52:28 +0200] "GET /favicon.ico HTTP/1.1" 404 1181 "-" "Mozilla/5.0 (Windows NT 6.1; WOW64; rv:45.0) Gecko/20100101 Firefox/45.0"
84.206.42.2 - - [16/May/2017:17:52:29 +0200] "GET /icons/icons_k/1.png HTTP/1.1" 200 7684 "http://www.mkk.zpok.hu/kikvagyunk2.htm" "Mozilla/5.0 (Windows NT 6.1; WOW64; rv:45.0) Gecko/20100101 Firefox/45.0"
84.206.42.2 - - [16/May/2017:17:52:29 +0200] "GET /icons/icons_k/6.png HTTP/1.1" 200 4270 "http://www.mkk.zpok.hu/kikvagyunk2.htm" "Mozilla/5.0 (Windows NT 6.1; WOW64; rv:45.0) Gecko/20100101 Firefox/45.0"
84.206.42.2 - - [16/May/2017:17:52:29 +0200] "GET /icons/icons_k/3.png HTTP/1.1" 200 5625 "http://www.mkk.zpok.hu/kikvagyunk2.htm" "Mozilla/5.0 (Windows NT 6.1; WOW64; rv:45.0) Gecko/20100101 Firefox/45.0"
84.206.42.2 - - [16/May/2017:17:52:29 +0200] "GET /icons/icons_k/4.png HTTP/1.1" 200 5935 "http://www.mkk.zpok.hu/kikvagyunk2.htm" "Mozilla/5.0 (Windows NT 6.1; WOW64; rv:45.0) Gecko/20100101 Firefox/45.0"
84.206.42.2 - - [16/May/2017:17:52:29 +0200] "GET /icons/icons_k/5.png HTTP/1.1" 200 5410 "http://www.mkk.zpok.hu/kikvagyunk2.htm" "Mozilla/5.0 (Windows NT 6.1; WOW64; rv:45.0) Gecko/20100101 Firefox/45.0"
84.206.42.2 - - [16/May/2017:17:52:29 +0200] "GET /icons/icons_k/2.png HTTP/1.1" 200 8020 "http://www.mkk.zpok.hu/kikvagyunk2.htm" "Mozilla/5.0 (Windows NT 6.1; WOW64; rv:45.0) Gecko/20100101 Firefox/45.0"
84.206.42.2 - - [16/May/2017:17:52:29 +0200] "GET /kikvag1.jpg HTTP/1.1" 200 9565 "http://www.mkk.zpok.hu/kikvagyunk2.htm" "Mozilla/5.0 (Windows NT 6.1; WOW64; rv:45.0) Gecko/20100101 Firefox/45.0"
84.206.42.2 - - [16/May/2017:17:52:29 +0200] "GET /icons/icons_k/balage.png HTTP/1.1" 200 21667 "http://www.mkk.zpok.hu/kikvagyunk2.htm" "Mozilla/5.0 (Windows NT 6.1; WOW64; rv:45.0) Gecko/20100101 Firefox/45.0"
84.206.42.2 - - [16/May/2017:17:52:29 +0200] "GET /icons/icons_k/mpeter.png HTTP/1.1" 200 28939 "http://www.mkk.zpok.hu/kikvagyunk2.htm" "Mozilla/5.0 (Windows NT 6.1; WOW64; rv:45.0) Gecko/20100101 Firefox/45.0"
84.206.42.2 - - [16/May/2017:17:52:29 +0200] "GET /pdf.png HTTP/1.1" 200 133123 "http://www.mkk.zpok.hu/kikvagyunk2.htm" "Mozilla/5.0 (Windows NT 6.1; WOW64; rv:45.0) Gecko/20100101 Firefox/45.0"
84.2.127.158 - - [16/May/2017:18:32:12 +0200] "GET /favicon.ico HTTP/1.1" 404 1181 "http://mkk.zpok.hu/doc/hu_aps_positivbeispiele_aufl2_070622_klein.pdf" "Mozilla/5.0 (Windows NT 10.0; Win64; x64) AppleWebKit/537.36 (KHTML, like Gecko) Chrome/58.0.3029.110 Safari/537.36"
84.2.127.158 - - [16/May/2017:18:32:16 +0200] "GET /doc/hu_aps_positivbeispiele_aufl2_070622_klein.pdf HTTP/1.1" 200 2317268 "http://kozlekedesiklub.blog.hu/2017/03/22/regionalis_vasutak_merre_van_az_elore" "Mozilla/5.0 (Windows NT 10.0; Win64; x64) AppleWebKit/537.36 (KHTML, like Gecko) Chrome/58.0.3029.110 Safari/537.36"
84.2.127.158 - - [16/May/2017:18:32:17 +0200] "GET /doc/hu_aps_positivbeispiele_aufl2_070622_klein.pdf HTTP/1.1" 206 65536 "http://mkk.zpok.hu/doc/hu_aps_positivbeispiele_aufl2_070622_klein.pdf" "Mozilla/5.0 (Windows NT 10.0; Win64; x64) AppleWebKit/537.36 (KHTML, like Gecko) Chrome/58.0.3029.110 Safari/537.36"
84.2.127.158 - - [16/May/2017:18:32:18 +0200] "GET /doc/hu_aps_positivbeispiele_aufl2_070622_klein.pdf HTTP/1.1" 206 2675417 "http://mkk.zpok.hu/doc/hu_aps_positivbeispiele_aufl2_070622_klein.pdf" "Mozilla/5.0 (Windows NT 10.0; Win64; x64) AppleWebKit/537.36 (KHTML, like Gecko) Chrome/58.0.3029.110 Safari/537.36"
76.242.156.198 - - [16/May/2017:18:45:31 +0200] "GET /doc/b2_2010.pdf HTTP/1.1" 404 1181 "https://en.wikipedia.org/" "Mozilla/5.0 (Macintosh; Intel Mac OS X 10_12_4) AppleWebKit/537.36 (KHTML, like Gecko) Chrome/58.0.3029.110 Safari/537.36"
76.242.156.198 - - [16/May/2017:18:45:32 +0200] "GET /favicon.ico HTTP/1.1" 404 1181 "http://mkk.zpok.hu/doc/b2_2010.pdf" "Mozilla/5.0 (Macintosh; Intel Mac OS X 10_12_4) AppleWebKit/537.36 (KHTML, like Gecko) Chrome/58.0.3029.110 Safari/537.36"
150.70.173.7 - - [16/May/2017:18:47:30 +0200] "GET /doc/b2_2010.pdf HTTP/1.1" 404 1181 "-" "Mozilla/4.0 (compatible; MSIE 8.0; Windows NT 5.1; Trident/4.0)"
66.249.64.88 - - [16/May/2017:19:06:33 +0200] "GET /robots.txt HTTP/1.1" 404 1181 "-" "Mozilla/5.0 (compatible; Googlebot/2.1; +http://www.google.com/bot.html)"
66.249.64.84 - - [16/May/2017:19:06:33 +0200] "GET /doc/recsk200702.pdf HTTP/1.1" 404 1181 "-" "Mozilla/5.0 (compatible; Googlebot/2.1; +http://www.google.com/bot.html)"
180.76.15.144 - - [16/May/2017:19:08:12 +0200] "GET / HTTP/1.1" 304 - "-" "Mozilla/5.0 (compatible; Baiduspider/2.0; +http://www.baidu.com/search/spider.html)"
192.157.254.197 - - [16/May/2017:19:12:50 +0200] "HEAD / HTTP/1.1" 200 0 "https://www.inboundlinks.win/InboundLinks/mkk.zpok.hu" "Mozilla/5.0 (compatible; MSIE 9.0; Windows NT 6.1; WOW64; Trident/5.0)"
87.114.200.132 - - [16/May/2017:19:29:56 +0200] "GET /robots.txt HTTP/1.1" 404 1181 "-" "HELLO Crawler"
87.114.200.132 - - [16/May/2017:19:29:59 +0200] "GET / HTTP/1.1" 200 2023 "-" "HELLO Crawler"
157.55.39.157 - - [16/May/2017:20:09:43 +0200] "GET /doc/eletet-a-vasutnak.pdf HTTP/1.1" 200 5085257 "-" "Mozilla/5.0 (compatible; bingbot/2.0; +http://www.bing.com/bingbot.htm)"
157.55.39.157 - - [16/May/2017:20:09:48 +0200] "GET /robots.txt HTTP/1.1" 404 1181 "-" "Mozilla/5.0 (compatible; bingbot/2.0; +http://www.bing.com/bingbot.htm)"
66.249.64.188 - - [16/May/2017:20:22:23 +0200] "GET /robots.txt HTTP/1.1" 404 1181 "-" "Mozilla/5.0 (compatible; Googlebot/2.1; +http://www.google.com/bot.html)"
66.249.64.129 - - [16/May/2017:20:22:23 +0200] "GET /hirlevel/vonattal1602.html HTTP/1.1" 404 1181 "-" "Mozilla/5.0 (compatible; Googlebot/2.1; +http://www.google.com/bot.html)"
66.249.64.134 - - [16/May/2017:20:24:24 +0200] "GET /doc/1371_2007_utasjogi_rendelet.pdf HTTP/1.1" 404 1181 "-" "Googlebot/2.1 (+http://www.google.com/bot.html)"
65.55.210.110 - - [16/May/2017:21:11:15 +0200] "GET /doc/eletet-a-vasutnak.pdf HTTP/1.1" 200 4292608 "-" "Mozilla/5.0 (Windows NT 6.1; WOW64) AppleWebKit/534+ (KHTML, like Gecko) BingPreview/1.0b"
178.154.200.56 - - [16/May/2017:21:11:47 +0200] "GET /robots.txt HTTP/1.1" 404 1181 "-" "Mozilla/5.0 (compatible; YandexBot/3.0; +http://yandex.com/bots)"
178.154.200.56 - - [16/May/2017:21:11:51 +0200] "GET / HTTP/1.1" 200 2023 "-" "Mozilla/5.0 (compatible; YandexBot/3.0; +http://yandex.com/bots)"
176.63.179.121 - - [16/May/2017:21:52:54 +0200] "GET /doc/mkk_eger_tanulmany_2014.pdf HTTP/1.1" 200 851104 "https://www.google.hu/" "Mozilla/5.0 (Windows NT 6.1) AppleWebKit/537.36 (KHTML, like Gecko) Chrome/58.0.3029.110 Safari/537.36"
176.63.179.121 - - [16/May/2017:21:52:54 +0200] "GET /favicon.ico HTTP/1.1" 404 1181 "http://www.mkk.zpok.hu/doc/mkk_eger_tanulmany_2014.pdf" "Mozilla/5.0 (Windows NT 6.1) AppleWebKit/537.36 (KHTML, like Gecko) Chrome/58.0.3029.110 Safari/537.36"
157.55.39.157 - - [16/May/2017:21:53:13 +0200] "GET /doc/eletet-a-vasutnak.pdf HTTP/1.1" 200 5085257 "-" "Mozilla/5.0 (compatible; bingbot/2.0; +http://www.bing.com/bingbot.htm)"
199.180.115.103 - - [16/May/2017:21:59:54 +0200] "GET / HTTP/1.1" 200 2023 "-" "Mozilla/4.0 (compatible; MSIE 5.0; Windows NT; DigExt; DTS Agent"
37.187.78.81 - - [16/May/2017:22:07:31 +0200] "GET / HTTP/1.1" 200 2023 "-" "Mozilla/5.0 (Windows NT 6.1; Trident/7.0; rv:11.0) like Gecko"
87.114.200.132 - - [16/May/2017:22:16:19 +0200] "GET /robots.txt HTTP/1.1" 404 1181 "-" "HELLO Crawler"
87.114.200.132 - - [16/May/2017:22:16:28 +0200] "GET / HTTP/1.1" 200 2023 "-" "HELLO Crawler"
157.55.39.131 - - [16/May/2017:22:23:19 +0200] "GET / HTTP/1.1" 200 2023 "-" "Mozilla/5.0 (compatible; bingbot/2.0; +http://www.bing.com/bingbot.htm)"
66.249.64.88 - - [16/May/2017:23:17:48 +0200] "GET / HTTP/1.1" 200 2023 "-" "Mozilla/5.0 (Linux; Android 6.0.1; Nexus 5X Build/MMB29P) AppleWebKit/537.36 (KHTML, like Gecko) Chrome/41.0.2272.96 Mobile Safari/537.36 (compatible; Googlebot/2.1; +http://www.google.com/bot.html)"
66.249.64.88 - - [16/May/2017:23:36:34 +0200] "GET /doc/varos-videk_2009.pdf HTTP/1.1" 304 - "-" "Mozilla/5.0 (compatible; Googlebot/2.1; +http://www.google.com/bot.html)"
66.249.64.188 - - [17/May/2017:00:10:00 +0200] "GET /hirlevel/vonattal1512.html HTTP/1.1" 404 1181 "-" "Mozilla/5.0 (compatible; Googlebot/2.1; +http://www.google.com/bot.html)"
199.193.251.133 - - [17/May/2017:00:10:20 +0200] "HEAD / HTTP/1.1" 200 0 "https://www.inboundlinks.win/InboundLinks/mkk.zpok.hu" "Mozilla/5.0 (compatible; MSIE 9.0; Windows NT 6.1; WOW64; Trident/5.0)"
95.221.218.123 - - [17/May/2017:00:26:58 +0200] "GET /doc/vasuttal-budapest-kornyeken.pdf HTTP/1.1" 404 1181 "http://yandex.ru/clck/jsredir?from=yandex.ru%3Bsearch%3Bweb%3B%3B&text=&etext=1423.0CuxnIXcWGyqJ42PwCEFucBgK1l4cO37n6KTv9iwvKOgN0C2e09JbRmAh6rFHLHK.79eef23951dd8fb6a6f62211ec0014b9aa6c5eb6&uuid=&state=_BLhILn4SxNIvvL0W45KSic66uCIg23qh8iRG98qeIXmeppkgUc0YKCJkrjchpDstTwxTkjwGrA&data=YnNFc1pRN0lTNGJLeFpGcE9VdGtoTzlHWTlQdGgtcE1NTjRsSXROOTZLa2MyUlVjNnlKME1WN3JidXA0SFpwSk9LbjVOM3lIbTlGNjNYeGpoYW9nNGJPU1dhVFR2ZHFIbHNwMEFyZ3l0c1lBQkNHZ19nWnNNeXlTXzFPNEtnZFg&b64e=2&sign=28dee3fb1f4d28e3b240ac1594d63d54&keyno=0&cst=AiuY0DBWFJ7IXge4WdYJQa9gkHE_3kbi-Z2PswPUC-9qsi_btWRz6D9qmg3DoAunDZxQ8AuD-2g6lnsK-V5g7agidvz3cvNN50YnFMy59zy_e2oAJccReSD6WhVmBGn2AENbyXRNTbc_viwfjGW2XZRCnbP51fb_&ref=orjY4mGPRjk5boDnW0uvlrrd71vZw9kp5uQozpMtKCURGPWsXpFn9ohyrsA7wVBVwYDF9j8yyEtJUKfHqo1HvUeB5l1GLvYZaQUdrplY7NV9HjyyWbRGWQ&l10n=ru&cts=1494972475612&mc=4.92372649316" "Mozilla/5.0 (Windows NT 6.1) AppleWebKit/537.36 (KHTML, like Gecko) Chrome/28.0.1500.95 YaBrowser/13.10.1500.9323 Safari/537.36"
176.193.136.170 - - [17/May/2017:00:26:58 +0200] "GET /doc/b2_2010.pdf HTTP/1.1" 404 1181 "http://yandex.ru/clck/jsredir?from=yandex.ru%3Bsearch%3Bweb%3B%3B&text=&etext=1423.DnpZfxuGjzQfUnCzpAH5pMqPcBnijSd5JJ76nv3Ok_9p5Avh4e6JIXM4NRE7jw-k.d4c34625fe3ddff4d0ff917a0572ba1e26f365aa&uuid=&state=_BLhILn4SxNIvvL0W45KSic66uCIg23qh8iRG98qeIXmeppkgUc0YOm24rr5dkiDnIjpu2TfUVc&data=YnNFc1pRN0lTNGJLeFpGcE9VdGtoTzlHWTlQdGgtcE1nUklIVHJqNVNjY29VRlZRMXhsOWdFRkNwQ25NYVRVY0liZVFvcV9XbFFJWU5Qd2EtZFJISG96eEVRMHBRTzFKaWlGdjd0Z2MyZlk&b64e=2&sign=5a23f89f0b8aed11ef96b2634750e116&keyno=0&cst=AiuY0DBWFJ7IXge4WdYJQXbYQp9t5VF6GTCuM6dtQD6bS7ZEQez6-7XqjVsuUFmIu4EOC1_64aPLdiF2mPwZjaAN2mMqsMmM9Gl8mysKSGnmm2r1sw-2hLtCQB4EaSKXN_w9u1X5hkc4cHG2N2o_iAi9NwNzvyxq&ref=orjY4mGPRjk5boDnW0uvlrrd71vZw9kp5uQozpMtKCXEfKO1imoOE0uQsrKJCUQvJqKmqUGt7k3pNkMFzFLLNdJQzF89SOQnYjQF7SgkMatjKm21gqBJUg&l10n=ru&cts=1494972475612&mc=3.7261925393" "Mozilla/5.0 (Windows NT 6.1) AppleWebKit/537.36 (KHTML, like Gecko) Chrome/28.0.1500.74 Safari/537.36 MRCHROME"
95.28.55.14 - - [17/May/2017:00:26:59 +0200] "GET /hirlevel/vasuttal0804.htm HTTP/1.1" 404 1181 "http://yandex.ru/clck/jsredir?from=yandex.ru%3Bsearch%3Bweb%3B%3B&text=&etext=1423.koP2QQLG_8CSbQgK_CQSJbX_jwQQiAkE27CuxAVgbWl7Jlwl3f9HFX1m8szH83p6.41f607b822b199c29284d9b8b02b25f4f34fd77b&uuid=&state=_BLhILn4SxNIvvL0W45KSic66uCIg23qh8iRG98qeIXmeppkgUc0YMkOSpatjLUqgxH-XWLwn-g&data=YnNFc1pRN0lTNGJLeFpGcE9VdGtoRjV3Nm9BUmE2M3FFLUY3b0dFS0s0bjMydkxRdC1WNnl2Vy1zWUpjWm1qTEw4eUNSbl9DSVdYYnNMT2d0TTEzeUp3YlMyQ19VVTF3R09YX2Z3eUFRdjNtcHZfUnlFY0JrQQ&b64e=2&sign=b8efe1536d603eeb46bbbd7633e401ea&keyno=0&cst=AiuY0DBWFJ7IXge4WdYJQa9gkHE_3kbi4mKq43h9ThLXsdfpmU8sdmWhR3gvR7PO_TdnczFNjkgoiwwINKdcj5uR4jfEil0x6Ko8o1vh0l8UinntUxdKGwZU7MCgk6-AywS8KTOlUzMnJR8NrQUJ-KzfUeW5CxkO&ref=orjY4mGPRjk5boDnW0uvlrrd71vZw9kp5uQozpMtKCW8s5kfnNkNj--XkT-GjPC0xH9aVqQbbbUK1tbNFoSEIsQTzQ01Q0u3gTNM7dW8oQoKzHiZXLQiiw&l10n=ru&cts=1494972475612&mc=5.09953195612" "Opera/9.80 (Windows NT 6.1; Edition Yx) Presto/2.12.388 Version/12.15"
157.55.39.156 - - [17/May/2017:00:29:54 +0200] "GET /doc/b2_2010.pdf HTTP/1.1" 404 1181 "-" "Mozilla/5.0 (compatible; bingbot/2.0; +http://www.bing.com/bingbot.htm)"
35.184.189.105 - - [17/May/2017:01:09:07 +0200] "GET /robots.txt HTTP/1.1" 404 1181 "-" "ltx71 - (http://ltx71.com/)"
35.184.189.105 - - [17/May/2017:01:10:59 +0200] "GET /doc/belepesinyilatkozat.pdf HTTP/1.1" 200 403937 "-" "ltx71 - (http://ltx71.com/)"
157.55.39.156 - - [17/May/2017:01:11:24 +0200] "GET /hirlevel/vonattal1207.htm HTTP/1.1" 404 1181 "-" "Mozilla/5.0 (iPhone; CPU iPhone OS 7_0 like Mac OS X) AppleWebKit/537.51.1 (KHTML, like Gecko) Version/7.0 Mobile/11A465 Safari/9537.53 (compatible; bingbot/2.0; +http://www.bing.com/bingbot.htm)"
107.178.194.97 - - [17/May/2017:01:24:43 +0200] "GET /hirlevel/vonattal1103.htm HTTP/1.1" 404 1181 "http://mkk.zpok.hu" "Mozilla/5.0 (Windows; U; MSIE 9.0; Windows NT 9.0; en-US) AppEngine-Google; (+http://code.google.com/appengine; appid: s~virustotalcloud)"
45.55.224.77 - - [17/May/2017:01:30:02 +0200] "GET /hirlevel/vonattal1103.htm HTTP/1.1" 404 1181 "-" "Mozilla/4.0 (compatible; MSIE 6.0; Windows NT 5.1; SV1; InfoPath.2)"
157.55.39.149 - - [17/May/2017:02:00:27 +0200] "GET /hirlevel/vonattal1501.html HTTP/1.1" 404 1181 "-" "Mozilla/5.0 (iPhone; CPU iPhone OS 7_0 like Mac OS X) AppleWebKit/537.51.1 (KHTML, like Gecko) Version/7.0 Mobile/11A465 Safari/9537.53 (compatible; bingbot/2.0; +http://www.bing.com/bingbot.htm)"
66.249.64.188 - - [17/May/2017:02:10:07 +0200] "GET /doc/kerdoiv_kozlekedesi_szokasokrol_es_ismeretekrol.doc HTTP/1.1" 404 1181 "-" "Mozilla/5.0 (Linux; Android 6.0.1; Nexus 5X Build/MMB29P) AppleWebKit/537.36 (KHTML, like Gecko) Chrome/41.0.2272.96 Mobile Safari/537.36 (compatible; Googlebot/2.1; +http://www.google.com/bot.html)"
34.250.239.9 - - [17/May/2017:03:20:18 +0200] "GET / HTTP/1.1" 200 2023 "-" "Mozilla/5.0 (Macintosh; Intel Mac OS X 10_9_5) AppleWebKit/537.36 (KHTML, like Gecko) Chrome/38.0.2125.122 Safari/537.36"
157.55.39.131 - - [17/May/2017:04:51:30 +0200] "GET / HTTP/1.1" 200 2023 "-" "Mozilla/5.0 (compatible; bingbot/2.0; +http://www.bing.com/bingbot.htm)"
77.111.90.197 - - [17/May/2017:05:26:46 +0200] "GET /doc/konf_0807.pdf HTTP/1.1" 404 1181 "-" "Mozilla/5.0 (Windows NT 6.1; WOW64) AppleWebKit/537.36 (KHTML, like Gecko) Chrome/46.0.2490.71 Safari/537.36"
77.111.90.197 - - [17/May/2017:05:26:46 +0200] "GET /doc/konf_0807.pdf HTTP/1.0" 404 1181 "-" "-"
180.76.15.13 - - [17/May/2017:05:29:36 +0200] "GET /doc/varos-videk_2009.pdf HTTP/1.1" 200 622592 "-" "Mozilla/5.0 (compatible; Baiduspider/2.0; +http://www.baidu.com/search/spider.html)"
77.75.77.54 - - [17/May/2017:05:49:31 +0200] "GET /robots.txt HTTP/1.1" 404 1181 "-" "Mozilla/5.0 (compatible; SeznamBot/3.2; +http://napoveda.seznam.cz/en/seznambot-intro/)"
77.75.77.54 - - [17/May/2017:05:49:32 +0200] "GET /images/vasutterkep_n.jpg HTTP/1.1" 404 1181 "-" "Mozilla/5.0 (compatible; SeznamBot/3.2; +http://napoveda.seznam.cz/en/seznambot-intro/)"
157.55.39.156 - - [17/May/2017:06:10:00 +0200] "GET /hirlevel/vonattal1010_1.htm HTTP/1.1" 404 1181 "-" "Mozilla/5.0 (iPhone; CPU iPhone OS 7_0 like Mac OS X) AppleWebKit/537.51.1 (KHTML, like Gecko) Version/7.0 Mobile/11A465 Safari/9537.53 (compatible; bingbot/2.0; +http://www.bing.com/bingbot.htm)"
40.77.167.113 - - [17/May/2017:06:34:04 +0200] "GET /robots.txt HTTP/1.1" 404 1181 "-" "Mozilla/5.0 (compatible; bingbot/2.0; +http://www.bing.com/bingbot.htm)"
157.55.39.157 - - [17/May/2017:06:34:05 +0200] "GET /hirlevel/vonattal1409.html HTTP/1.1" 404 1181 "-" "Mozilla/5.0 (iPhone; CPU iPhone OS 7_0 like Mac OS X) AppleWebKit/537.51.1 (KHTML, like Gecko) Version/7.0 Mobile/11A465 Safari/9537.53 (compatible; bingbot/2.0; +http://www.bing.com/bingbot.htm)"
162.210.196.98 - - [17/May/2017:07:03:54 +0200] "GET /robots.txt HTTP/1.1" 404 1181 "-" "Mozilla/5.0 (compatible; MJ12bot/v1.4.8; http://mj12bot.com/)"
162.210.196.98 - - [17/May/2017:07:03:56 +0200] "GET / HTTP/1.1" 200 2023 "-" "Mozilla/5.0 (compatible; MJ12bot/v1.4.8; http://mj12bot.com/)"
157.55.39.156 - - [17/May/2017:07:30:18 +0200] "GET /doc/b2_2010.pdf HTTP/1.1" 404 1181 "-" "Mozilla/5.0 (iPhone; CPU iPhone OS 7_0 like Mac OS X) AppleWebKit/537.51.1 (KHTML, like Gecko) Version/7.0 Mobile/11A465 Safari/9537.53 (compatible; bingbot/2.0; +http://www.bing.com/bingbot.htm)"
46.118.156.191 - - [17/May/2017:08:02:18 +0200] "GET / HTTP/1.1" 200 2023 "-" "Mozilla/5.0 (Windows NT 10.0; Win64; x64; rv:50.0) Gecko/20100101 Firefox/50.0"
46.118.156.191 - - [17/May/2017:08:02:18 +0200] "GET /wp-includes/wlwmanifest.xml HTTP/1.1" 404 1181 "-" "Mozilla/5.0 (Windows NT 10.0; Win64; x64; rv:50.0) Gecko/20100101 Firefox/50.0"
46.118.156.191 - - [17/May/2017:08:02:18 +0200] "GET /xmlrpc.php?rsd HTTP/1.1" 404 1181 "-" "Mozilla/5.0 (Windows NT 10.0; Win64; x64; rv:50.0) Gecko/20100101 Firefox/50.0"
46.118.156.191 - - [17/May/2017:08:02:19 +0200] "GET / HTTP/1.1" 200 2023 "-" "Mozilla/5.0 (Windows NT 10.0; Win64; x64; rv:50.0) Gecko/20100101 Firefox/50.0"
46.118.156.191 - - [17/May/2017:08:02:19 +0200] "GET /blog/wp-includes/wlwmanifest.xml HTTP/1.1" 404 1181 "-" "Mozilla/5.0 (Windows NT 10.0; Win64; x64; rv:50.0) Gecko/20100101 Firefox/50.0"
46.118.156.191 - - [17/May/2017:08:02:19 +0200] "GET /wordpress/wp-includes/wlwmanifest.xml HTTP/1.1" 404 1181 "-" "Mozilla/5.0 (Windows NT 10.0; Win64; x64; rv:50.0) Gecko/20100101 Firefox/50.0"
46.118.156.191 - - [17/May/2017:08:02:19 +0200] "GET /wp/wp-includes/wlwmanifest.xml HTTP/1.1" 404 1181 "-" "Mozilla/5.0 (Windows NT 10.0; Win64; x64; rv:50.0) Gecko/20100101 Firefox/50.0"
46.118.156.191 - - [17/May/2017:08:02:19 +0200] "GET /site/wp-includes/wlwmanifest.xml HTTP/1.1" 404 1181 "-" "Mozilla/5.0 (Windows NT 10.0; Win64; x64; rv:50.0) Gecko/20100101 Firefox/50.0"
91.120.252.214 - - [17/May/2017:08:03:30 +0200] "GET / HTTP/1.1" 200 2023 "https://www.google.hu/" "Mozilla/5.0 (Windows NT 10.0; Win64; x64) AppleWebKit/537.36 (KHTML, like Gecko) Chrome/57.0.2987.133 Safari/537.36"
91.120.252.214 - - [17/May/2017:08:03:30 +0200] "GET /mkk_banner.png HTTP/1.1" 200 62097 "http://www.mkk.zpok.hu/" "Mozilla/5.0 (Windows NT 10.0; Win64; x64) AppleWebKit/537.36 (KHTML, like Gecko) Chrome/57.0.2987.133 Safari/537.36"
91.120.252.214 - - [17/May/2017:08:03:30 +0200] "GET /blog.jpg HTTP/1.1" 200 29833 "http://www.mkk.zpok.hu/" "Mozilla/5.0 (Windows NT 10.0; Win64; x64) AppleWebKit/537.36 (KHTML, like Gecko) Chrome/57.0.2987.133 Safari/537.36"
91.120.252.214 - - [17/May/2017:08:03:30 +0200] "GET /facebook-logo-preview.png HTTP/1.1" 200 3924 "http://www.mkk.zpok.hu/" "Mozilla/5.0 (Windows NT 10.0; Win64; x64) AppleWebKit/537.36 (KHTML, like Gecko) Chrome/57.0.2987.133 Safari/537.36"
91.120.252.214 - - [17/May/2017:08:03:39 +0200] "GET /favicon.ico HTTP/1.1" 404 1181 "http://www.mkk.zpok.hu/" "Mozilla/5.0 (Windows NT 10.0; Win64; x64) AppleWebKit/537.36 (KHTML, like Gecko) Chrome/57.0.2987.133 Safari/537.36"
210.175.231.81 - - [17/May/2017:08:55:05 +0200] "GET / HTTP/1.1" 200 2023 "http://www.mkk.zpok.hu" "Mozilla/4.0 (compatible; MSIE 9.0; Windows NT 6.1)"
210.175.231.81 - - [17/May/2017:08:55:06 +0200] "POST /wp-admin/users.php HTTP/1.1" 404 1181 "http://www.mkk.zpok.hu/wp-admin/users.php" "Mozilla/4.0 (compatible; MSIE 9.0; Windows NT 6.1)"
125.209.235.178 - - [17/May/2017:09:20:11 +0200] "GET /robots.txt HTTP/1.1" 404 1181 "-" "Mozilla/5.0 (compatible; Yeti/1.1; +http://naver.me/bot)"
125.209.235.182 - - [17/May/2017:09:20:13 +0200] "GET /doc/b2_2010.pdf HTTP/1.1" 404 1181 "-" "Mozilla/5.0 (compatible; Yeti/1.1; +http://naver.me/bot)"
208.80.155.255 - - [17/May/2017:09:21:00 +0200] "GET /doc/b2_2010.pdf HTTP/1.1" 404 1181 "-" "German Wikipedia Broken Weblinks Bot; contact: gifti@tools.wmflabs.org"
80.99.13.153 - - [17/May/2017:09:27:11 +0200] "GET / HTTP/1.1" 200 2023 "https://www.google.hu/" "Mozilla/5.0 (Windows NT 6.3; WOW64; rv:52.0) Gecko/20100101 Firefox/52.0"
80.99.13.153 - - [17/May/2017:09:27:11 +0200] "GET /facebook-logo-preview.png HTTP/1.1" 200 3924 "http://www.mkk.zpok.hu/" "Mozilla/5.0 (Windows NT 6.3; WOW64; rv:52.0) Gecko/20100101 Firefox/52.0"
80.99.13.153 - - [17/May/2017:09:27:11 +0200] "GET /blog.jpg HTTP/1.1" 200 29833 "http://www.mkk.zpok.hu/" "Mozilla/5.0 (Windows NT 6.3; WOW64; rv:52.0) Gecko/20100101 Firefox/52.0"
80.99.13.153 - - [17/May/2017:09:27:11 +0200] "GET /mkk_banner.png HTTP/1.1" 200 62097 "http://www.mkk.zpok.hu/" "Mozilla/5.0 (Windows NT 6.3; WOW64; rv:52.0) Gecko/20100101 Firefox/52.0"
80.99.13.153 - - [17/May/2017:09:27:21 +0200] "GET /favicon.ico HTTP/1.1" 404 1181 "-" "Mozilla/5.0 (Windows NT 6.3; WOW64; rv:52.0) Gecko/20100101 Firefox/52.0"
80.99.13.153 - - [17/May/2017:09:27:28 +0200] "GET /kikvagyunk2.htm HTTP/1.1" 200 17375 "http://www.mkk.zpok.hu/" "Mozilla/5.0 (Windows NT 6.3; WOW64; rv:52.0) Gecko/20100101 Firefox/52.0"
80.99.13.153 - - [17/May/2017:09:27:28 +0200] "GET /icons/icons_k/1.png HTTP/1.1" 200 7684 "http://www.mkk.zpok.hu/kikvagyunk2.htm" "Mozilla/5.0 (Windows NT 6.3; WOW64; rv:52.0) Gecko/20100101 Firefox/52.0"
