115.28.43.234 - - [30/Aug/2017:00:42:22 +0200] "GET / HTTP/1.1" 200 2023 "-" "-"
115.28.43.234 - - [30/Aug/2017:00:42:22 +0200] "GET /xmlrpc.php HTTP/1.1" 404 1181 "-" "-"
115.28.43.234 - - [30/Aug/2017:00:42:22 +0200] "HEAD /wp-login.php HTTP/1.1" 404 0 "-" "-"
88.99.187.152 - - [30/Aug/2017:01:09:03 +0200] "GET / HTTP/1.1" 200 2023 "-" "WebyMon uptime monitor v1.1"
88.99.187.152 - - [30/Aug/2017:01:14:06 +0200] "GET / HTTP/1.1" 200 2023 "-" "WebyMon uptime monitor v1.1"
88.99.187.152 - - [30/Aug/2017:01:19:06 +0200] "GET / HTTP/1.1" 200 2023 "-" "WebyMon uptime monitor v1.1"
157.55.39.55 - - [30/Aug/2017:01:20:52 +0200] "GET /doc/b2_2012_03.pdf HTTP/1.1" 404 1181 "-" "Mozilla/5.0 (iPhone; CPU iPhone OS 7_0 like Mac OS X) AppleWebKit/537.51.1 (KHTML, like Gecko) Version/7.0 Mobile/11A465 Safari/9537.53 (compatible; bingbot/2.0; +http://www.bing.com/bingbot.htm)"
88.99.187.152 - - [30/Aug/2017:01:24:06 +0200] "GET / HTTP/1.1" 200 2023 "-" "WebyMon uptime monitor v1.1"
88.99.187.152 - - [30/Aug/2017:01:29:06 +0200] "GET / HTTP/1.1" 200 2023 "-" "WebyMon uptime monitor v1.1"
157.55.39.219 - - [30/Aug/2017:01:34:06 +0200] "GET /doc/0420_program_uj.pdf HTTP/1.1" 404 1181 "-" "Mozilla/5.0 (compatible; bingbot/2.0; +http://www.bing.com/bingbot.htm)"
88.99.187.152 - - [30/Aug/2017:01:34:06 +0200] "GET / HTTP/1.1" 200 2023 "-" "WebyMon uptime monitor v1.1"
88.99.187.152 - - [30/Aug/2017:01:39:06 +0200] "GET / HTTP/1.1" 200 2023 "-" "WebyMon uptime monitor v1.1"
88.99.187.152 - - [30/Aug/2017:01:44:06 +0200] "GET / HTTP/1.1" 200 2023 "-" "WebyMon uptime monitor v1.1"
216.244.66.245 - - [30/Aug/2017:01:46:46 +0200] "GET /robots.txt HTTP/1.1" 404 1181 "-" "Mozilla/5.0 (compatible; DotBot/1.1; http://www.opensiteexplorer.org/dotbot, help@moz.com)"
88.99.187.152 - - [30/Aug/2017:01:49:05 +0200] "GET / HTTP/1.1" 200 2023 "-" "WebyMon uptime monitor v1.1"
88.99.187.152 - - [30/Aug/2017:01:54:05 +0200] "GET / HTTP/1.1" 200 2023 "-" "WebyMon uptime monitor v1.1"
88.99.187.152 - - [30/Aug/2017:01:59:06 +0200] "GET / HTTP/1.1" 200 2023 "-" "WebyMon uptime monitor v1.1"
88.99.187.152 - - [30/Aug/2017:02:04:06 +0200] "GET / HTTP/1.1" 200 2023 "-" "WebyMon uptime monitor v1.1"
66.249.64.74 - - [30/Aug/2017:02:05:33 +0200] "GET /robots.txt HTTP/1.1" 404 1181 "-" "Mozilla/5.0 (compatible; Googlebot/2.1; +http://www.google.com/bot.html)"
66.249.64.74 - - [30/Aug/2017:02:05:33 +0200] "GET /hirek.xml HTTP/1.1" 404 1181 "-" "Mozilla/5.0 (Linux; Android 6.0.1; Nexus 5X Build/MMB29P) AppleWebKit/537.36 (KHTML, like Gecko) Chrome/41.0.2272.96 Mobile Safari/537.36 (compatible; Googlebot/2.1; +http://www.google.com/bot.html)"
216.244.66.245 - - [30/Aug/2017:02:08:10 +0200] "GET /doc/sikeres_varos.pdf HTTP/1.1" 404 1181 "-" "Mozilla/5.0 (compatible; DotBot/1.1; http://www.opensiteexplorer.org/dotbot, help@moz.com)"
88.99.187.152 - - [30/Aug/2017:02:09:06 +0200] "GET / HTTP/1.1" 200 2023 "-" "WebyMon uptime monitor v1.1"
88.99.187.152 - - [30/Aug/2017:02:14:06 +0200] "GET / HTTP/1.1" 200 2023 "-" "WebyMon uptime monitor v1.1"
88.99.187.152 - - [30/Aug/2017:02:19:06 +0200] "GET / HTTP/1.1" 200 2023 "-" "WebyMon uptime monitor v1.1"
216.244.66.246 - - [30/Aug/2017:02:24:02 +0200] "GET /robots.txt HTTP/1.1" 404 1181 "-" "Mozilla/5.0 (compatible; DotBot/1.1; http://www.opensiteexplorer.org/dotbot, help@moz.com)"
88.99.187.152 - - [30/Aug/2017:02:24:06 +0200] "GET / HTTP/1.1" 200 2023 "-" "WebyMon uptime monitor v1.1"
88.99.187.152 - - [30/Aug/2017:02:29:06 +0200] "GET / HTTP/1.1" 200 2023 "-" "WebyMon uptime monitor v1.1"
88.99.187.152 - - [30/Aug/2017:02:34:07 +0200] "GET / HTTP/1.1" 200 2023 "-" "WebyMon uptime monitor v1.1"
157.55.39.219 - - [30/Aug/2017:02:35:31 +0200] "GET /hirlevel/vonattal1207.htm HTTP/1.1" 404 1181 "-" "Mozilla/5.0 (iPhone; CPU iPhone OS 7_0 like Mac OS X) AppleWebKit/537.51.1 (KHTML, like Gecko) Version/7.0 Mobile/11A465 Safari/9537.53 (compatible; bingbot/2.0; +http://www.bing.com/bingbot.htm)"
88.99.187.152 - - [30/Aug/2017:02:39:06 +0200] "GET / HTTP/1.1" 200 2023 "-" "WebyMon uptime monitor v1.1"
88.99.187.152 - - [30/Aug/2017:02:44:06 +0200] "GET / HTTP/1.1" 200 2023 "-" "WebyMon uptime monitor v1.1"
176.63.45.245 - - [30/Aug/2017:02:45:12 +0200] "GET / HTTP/1.1" 200 2023 "http://adhat.hu/kereses/szervezet?page=45" "Mozilla/5.0 (Windows NT 10.0; Win64; x64) AppleWebKit/537.36 (KHTML, like Gecko) Chrome/60.0.3112.113 Safari/537.36"
176.63.45.245 - - [30/Aug/2017:02:45:12 +0200] "GET /mkk_banner.png HTTP/1.1" 200 62097 "http://www.mkk.zpok.hu/" "Mozilla/5.0 (Windows NT 10.0; Win64; x64) AppleWebKit/537.36 (KHTML, like Gecko) Chrome/60.0.3112.113 Safari/537.36"
176.63.45.245 - - [30/Aug/2017:02:45:12 +0200] "GET /blog.jpg HTTP/1.1" 200 29833 "http://www.mkk.zpok.hu/" "Mozilla/5.0 (Windows NT 10.0; Win64; x64) AppleWebKit/537.36 (KHTML, like Gecko) Chrome/60.0.3112.113 Safari/537.36"
176.63.45.245 - - [30/Aug/2017:02:45:12 +0200] "GET /facebook-logo-preview.png HTTP/1.1" 200 3924 "http://www.mkk.zpok.hu/" "Mozilla/5.0 (Windows NT 10.0; Win64; x64) AppleWebKit/537.36 (KHTML, like Gecko) Chrome/60.0.3112.113 Safari/537.36"
176.63.45.245 - - [30/Aug/2017:02:45:15 +0200] "GET /favicon.ico HTTP/1.1" 404 1181 "http://www.mkk.zpok.hu/" "Mozilla/5.0 (Windows NT 10.0; Win64; x64) AppleWebKit/537.36 (KHTML, like Gecko) Chrome/60.0.3112.113 Safari/537.36"
207.46.13.157 - - [30/Aug/2017:02:47:21 +0200] "GET /hirlevel/vonattal1412.html HTTP/1.1" 404 1181 "-" "Mozilla/5.0 (compatible; bingbot/2.0; +http://www.bing.com/bingbot.htm)"
88.99.187.152 - - [30/Aug/2017:02:49:07 +0200] "GET / HTTP/1.1" 200 2023 "-" "WebyMon uptime monitor v1.1"
88.99.187.152 - - [30/Aug/2017:02:54:06 +0200] "GET / HTTP/1.1" 200 2023 "-" "WebyMon uptime monitor v1.1"
88.99.187.152 - - [30/Aug/2017:02:59:06 +0200] "GET / HTTP/1.1" 200 2023 "-" "WebyMon uptime monitor v1.1"
88.99.187.152 - - [30/Aug/2017:03:04:06 +0200] "GET / HTTP/1.1" 200 2023 "-" "WebyMon uptime monitor v1.1"
88.99.187.152 - - [30/Aug/2017:03:09:06 +0200] "GET / HTTP/1.1" 200 2023 "-" "WebyMon uptime monitor v1.1"
88.99.187.152 - - [30/Aug/2017:03:14:06 +0200] "GET / HTTP/1.1" 200 2023 "-" "WebyMon uptime monitor v1.1"
88.99.187.152 - - [30/Aug/2017:03:19:06 +0200] "GET / HTTP/1.1" 200 2023 "-" "WebyMon uptime monitor v1.1"
88.99.187.152 - - [30/Aug/2017:03:24:06 +0200] "GET / HTTP/1.1" 200 2023 "-" "WebyMon uptime monitor v1.1"
88.99.187.152 - - [30/Aug/2017:03:29:06 +0200] "GET / HTTP/1.1" 200 2023 "-" "WebyMon uptime monitor v1.1"
88.99.187.152 - - [30/Aug/2017:03:34:07 +0200] "GET / HTTP/1.1" 200 2023 "-" "WebyMon uptime monitor v1.1"
88.99.187.152 - - [30/Aug/2017:03:39:06 +0200] "GET / HTTP/1.1" 200 2023 "-" "WebyMon uptime monitor v1.1"
88.99.187.152 - - [30/Aug/2017:03:44:06 +0200] "GET / HTTP/1.1" 200 2023 "-" "WebyMon uptime monitor v1.1"
216.244.66.246 - - [30/Aug/2017:03:47:23 +0200] "GET /hirlevel/vonattal1603.html HTTP/1.1" 404 1181 "-" "Mozilla/5.0 (compatible; DotBot/1.1; http://www.opensiteexplorer.org/dotbot, help@moz.com)"
88.99.187.152 - - [30/Aug/2017:03:49:07 +0200] "GET / HTTP/1.1" 200 2023 "-" "WebyMon uptime monitor v1.1"
88.99.187.152 - - [30/Aug/2017:03:54:06 +0200] "GET / HTTP/1.1" 200 2023 "-" "WebyMon uptime monitor v1.1"
88.99.187.152 - - [30/Aug/2017:03:59:07 +0200] "GET / HTTP/1.1" 200 2023 "-" "WebyMon uptime monitor v1.1"
88.99.187.152 - - [30/Aug/2017:04:04:06 +0200] "GET / HTTP/1.1" 200 2023 "-" "WebyMon uptime monitor v1.1"
88.99.187.152 - - [30/Aug/2017:04:09:07 +0200] "GET / HTTP/1.1" 200 2023 "-" "WebyMon uptime monitor v1.1"
46.229.164.101 - - [30/Aug/2017:04:13:11 +0200] "GET /robots.txt HTTP/1.1" 404 1181 "-" "Mozilla/5.0 (compatible; SemrushBot/1.2~bl; +http://www.semrush.com/bot.html)"
88.99.187.152 - - [30/Aug/2017:04:14:06 +0200] "GET / HTTP/1.1" 200 2023 "-" "WebyMon uptime monitor v1.1"
88.99.187.152 - - [30/Aug/2017:04:19:05 +0200] "GET / HTTP/1.1" 200 2023 "-" "WebyMon uptime monitor v1.1"
88.99.187.152 - - [30/Aug/2017:04:24:06 +0200] "GET / HTTP/1.1" 200 2023 "-" "WebyMon uptime monitor v1.1"
157.55.39.55 - - [30/Aug/2017:04:25:03 +0200] "GET /doc/vasuttal-budapest-kornyeken.pdf HTTP/1.1" 404 1181 "-" "Mozilla/5.0 (iPhone; CPU iPhone OS 7_0 like Mac OS X) AppleWebKit/537.51.1 (KHTML, like Gecko) Version/7.0 Mobile/11A465 Safari/9537.53 (compatible; bingbot/2.0; +http://www.bing.com/bingbot.htm)"
88.99.187.152 - - [30/Aug/2017:04:29:06 +0200] "GET / HTTP/1.1" 200 2023 "-" "WebyMon uptime monitor v1.1"
88.99.187.152 - - [30/Aug/2017:04:34:06 +0200] "GET / HTTP/1.1" 200 2023 "-" "WebyMon uptime monitor v1.1"
88.99.187.152 - - [30/Aug/2017:04:39:06 +0200] "GET / HTTP/1.1" 200 2023 "-" "WebyMon uptime monitor v1.1"
88.99.187.152 - - [30/Aug/2017:04:44:06 +0200] "GET / HTTP/1.1" 200 2023 "-" "WebyMon uptime monitor v1.1"
178.154.171.9 - - [30/Aug/2017:04:47:32 +0200] "GET /robots.txt HTTP/1.1" 404 1181 "-" "Mozilla/5.0 (compatible; YandexBot/3.0; +http://yandex.com/bots)"
178.154.171.9 - - [30/Aug/2017:04:47:36 +0200] "GET /mkk_banner.png HTTP/1.1" 304 - "-" "Mozilla/5.0 (compatible; YandexImages/3.0; +http://yandex.com/bots)"
88.99.187.152 - - [30/Aug/2017:04:49:05 +0200] "GET / HTTP/1.1" 200 2023 "-" "WebyMon uptime monitor v1.1"
88.99.187.152 - - [30/Aug/2017:04:54:06 +0200] "GET / HTTP/1.1" 200 2023 "-" "WebyMon uptime monitor v1.1"
88.99.187.152 - - [30/Aug/2017:04:59:05 +0200] "GET / HTTP/1.1" 200 2023 "-" "WebyMon uptime monitor v1.1"
88.99.187.152 - - [30/Aug/2017:05:04:06 +0200] "GET / HTTP/1.1" 200 2023 "-" "WebyMon uptime monitor v1.1"
88.99.187.152 - - [30/Aug/2017:05:09:06 +0200] "GET / HTTP/1.1" 200 2023 "-" "WebyMon uptime monitor v1.1"
88.99.187.152 - - [30/Aug/2017:05:14:07 +0200] "GET / HTTP/1.1" 200 2023 "-" "WebyMon uptime monitor v1.1"
88.99.187.152 - - [30/Aug/2017:05:19:06 +0200] "GET / HTTP/1.1" 200 2023 "-" "WebyMon uptime monitor v1.1"
88.99.187.152 - - [30/Aug/2017:05:24:07 +0200] "GET / HTTP/1.1" 200 2023 "-" "WebyMon uptime monitor v1.1"
95.108.213.10 - - [30/Aug/2017:05:27:47 +0200] "GET /robots.txt HTTP/1.1" 404 1181 "-" "Mozilla/5.0 (compatible; YandexBot/3.0; +http://yandex.com/bots)"
95.108.213.10 - - [30/Aug/2017:05:27:47 +0200] "GET / HTTP/1.1" 200 2023 "-" "Mozilla/5.0 (compatible; YandexBot/3.0; +http://yandex.com/bots)"
178.154.171.9 - - [30/Aug/2017:05:27:51 +0200] "GET / HTTP/1.1" 200 2023 "-" "Mozilla/5.0 (compatible; YandexBot/3.0; +http://yandex.com/bots)"
157.55.39.55 - - [30/Aug/2017:05:28:31 +0200] "GET / HTTP/1.1" 200 2023 "-" "Mozilla/5.0 (compatible; bingbot/2.0; +http://www.bing.com/bingbot.htm)"
88.99.187.152 - - [30/Aug/2017:05:29:06 +0200] "GET / HTTP/1.1" 200 2023 "-" "WebyMon uptime monitor v1.1"
88.99.187.152 - - [30/Aug/2017:05:34:06 +0200] "GET / HTTP/1.1" 200 2023 "-" "WebyMon uptime monitor v1.1"
88.99.187.152 - - [30/Aug/2017:05:39:07 +0200] "GET / HTTP/1.1" 200 2023 "-" "WebyMon uptime monitor v1.1"
157.55.39.219 - - [30/Aug/2017:05:42:50 +0200] "GET /doc/b2_2010.pdf HTTP/1.1" 404 1181 "-" "Mozilla/5.0 (iPhone; CPU iPhone OS 7_0 like Mac OS X) AppleWebKit/537.51.1 (KHTML, like Gecko) Version/7.0 Mobile/11A465 Safari/9537.53 (compatible; bingbot/2.0; +http://www.bing.com/bingbot.htm)"
88.99.187.152 - - [30/Aug/2017:05:44:07 +0200] "GET / HTTP/1.1" 200 2023 "-" "WebyMon uptime monitor v1.1"
88.99.187.152 - - [30/Aug/2017:05:49:06 +0200] "GET / HTTP/1.1" 200 2023 "-" "WebyMon uptime monitor v1.1"
88.99.187.152 - - [30/Aug/2017:05:54:07 +0200] "GET / HTTP/1.1" 200 2023 "-" "WebyMon uptime monitor v1.1"
88.99.187.152 - - [30/Aug/2017:05:59:06 +0200] "GET / HTTP/1.1" 200 2023 "-" "WebyMon uptime monitor v1.1"
88.99.187.152 - - [30/Aug/2017:06:04:06 +0200] "GET / HTTP/1.1" 200 2023 "-" "WebyMon uptime monitor v1.1"
95.108.225.229 - - [30/Aug/2017:06:09:00 +0200] "GET /favicon.ico HTTP/1.1" 404 1181 "-" "Mozilla/5.0 (Windows NT 6.1; WOW64) AppleWebKit/537.36 (KHTML, like Gecko) Chrome/59.0.3071.125 YaBrowser/17.7.1.791 Yowser/2.5 Safari/537.36"
88.99.187.152 - - [30/Aug/2017:06:09:07 +0200] "GET / HTTP/1.1" 200 2023 "-" "WebyMon uptime monitor v1.1"
88.99.187.152 - - [30/Aug/2017:06:14:05 +0200] "GET / HTTP/1.1" 200 2023 "-" "WebyMon uptime monitor v1.1"
88.99.187.152 - - [30/Aug/2017:06:19:06 +0200] "GET / HTTP/1.1" 200 2023 "-" "WebyMon uptime monitor v1.1"
88.99.187.152 - - [30/Aug/2017:06:24:06 +0200] "GET / HTTP/1.1" 200 2023 "-" "WebyMon uptime monitor v1.1"
88.99.187.152 - - [30/Aug/2017:06:29:07 +0200] "GET / HTTP/1.1" 200 2023 "-" "WebyMon uptime monitor v1.1"
88.99.187.152 - - [30/Aug/2017:06:34:07 +0200] "GET / HTTP/1.1" 200 2023 "-" "WebyMon uptime monitor v1.1"
88.99.187.152 - - [30/Aug/2017:06:39:05 +0200] "GET / HTTP/1.1" 200 2023 "-" "WebyMon uptime monitor v1.1"
95.108.225.194 - - [30/Aug/2017:06:41:35 +0200] "GET /favicon.ico HTTP/1.1" 404 1181 "-" "Mozilla/5.0 (Windows NT 6.1; WOW64) AppleWebKit/537.36 (KHTML, like Gecko) Chrome/59.0.3071.125 YaBrowser/17.7.1.791 Yowser/2.5 Safari/537.36"
88.99.187.152 - - [30/Aug/2017:06:44:06 +0200] "GET / HTTP/1.1" 200 2023 "-" "WebyMon uptime monitor v1.1"
88.99.187.152 - - [30/Aug/2017:06:49:07 +0200] "GET / HTTP/1.1" 200 2023 "-" "WebyMon uptime monitor v1.1"
95.108.133.227 - - [30/Aug/2017:06:49:42 +0200] "GET /favicon.ico HTTP/1.1" 404 1181 "-" "Mozilla/5.0 (Windows NT 6.1; WOW64) AppleWebKit/537.36 (KHTML, like Gecko) Chrome/59.0.3071.125 YaBrowser/17.7.1.791 Yowser/2.5 Safari/537.36"
88.99.187.152 - - [30/Aug/2017:06:54:07 +0200] "GET / HTTP/1.1" 200 2023 "-" "WebyMon uptime monitor v1.1"
88.99.187.152 - - [30/Aug/2017:06:59:06 +0200] "GET / HTTP/1.1" 200 2023 "-" "WebyMon uptime monitor v1.1"
88.99.187.152 - - [30/Aug/2017:07:04:06 +0200] "GET / HTTP/1.1" 200 2023 "-" "WebyMon uptime monitor v1.1"
88.99.187.152 - - [30/Aug/2017:07:09:06 +0200] "GET / HTTP/1.1" 200 2023 "-" "WebyMon uptime monitor v1.1"
88.99.187.152 - - [30/Aug/2017:07:14:06 +0200] "GET / HTTP/1.1" 200 2023 "-" "WebyMon uptime monitor v1.1"
88.99.187.152 - - [30/Aug/2017:07:19:06 +0200] "GET / HTTP/1.1" 200 2023 "-" "WebyMon uptime monitor v1.1"
88.99.187.152 - - [30/Aug/2017:07:24:06 +0200] "GET / HTTP/1.1" 200 2023 "-" "WebyMon uptime monitor v1.1"
207.46.13.157 - - [30/Aug/2017:07:25:30 +0200] "GET /tagsag2.htm HTTP/1.1" 304 - "-" "Mozilla/5.0 (compatible; bingbot/2.0; +http://www.bing.com/bingbot.htm)"
88.99.187.152 - - [30/Aug/2017:07:29:06 +0200] "GET / HTTP/1.1" 200 2023 "-" "WebyMon uptime monitor v1.1"
88.99.187.152 - - [30/Aug/2017:07:34:07 +0200] "GET / HTTP/1.1" 200 2023 "-" "WebyMon uptime monitor v1.1"
88.99.187.152 - - [30/Aug/2017:07:39:06 +0200] "GET / HTTP/1.1" 200 2023 "-" "WebyMon uptime monitor v1.1"
88.99.187.152 - - [30/Aug/2017:07:44:06 +0200] "GET / HTTP/1.1" 200 2023 "-" "WebyMon uptime monitor v1.1"
157.55.39.55 - - [30/Aug/2017:07:45:29 +0200] "GET / HTTP/1.1" 200 2023 "-" "Mozilla/5.0 (iPhone; CPU iPhone OS 7_0 like Mac OS X) AppleWebKit/537.51.1 (KHTML, like Gecko) Version/7.0 Mobile/11A465 Safari/9537.53 (compatible; bingbot/2.0; +http://www.bing.com/bingbot.htm)"
207.46.13.157 - - [30/Aug/2017:07:45:32 +0200] "GET /robots.txt HTTP/1.1" 404 1181 "-" "Mozilla/5.0 (compatible; bingbot/2.0; +http://www.bing.com/bingbot.htm)"
207.46.13.157 - - [30/Aug/2017:07:45:32 +0200] "GET /robots.txt HTTP/1.1" 404 1181 "-" "Mozilla/5.0 (compatible; bingbot/2.0; +http://www.bing.com/bingbot.htm)"
40.77.178.158 - - [30/Aug/2017:07:45:32 +0200] "GET /mkk_banner.png HTTP/1.1" 200 62097 "-" "Mozilla/5.0 (iPhone; CPU iPhone OS 7_0 like Mac OS X) AppleWebKit/537.51.1 (KHTML, like Gecko) Version/7.0 Mobile/11A465 Safari/9537.53 BingPreview/1.0b"
40.77.178.158 - - [30/Aug/2017:07:45:33 +0200] "GET /blog.jpg HTTP/1.1" 200 29833 "-" "Mozilla/5.0 (iPhone; CPU iPhone OS 7_0 like Mac OS X) AppleWebKit/537.51.1 (KHTML, like Gecko) Version/7.0 Mobile/11A465 Safari/9537.53 BingPreview/1.0b"
40.77.178.158 - - [30/Aug/2017:07:45:33 +0200] "GET /facebook-logo-preview.png HTTP/1.1" 200 3924 "-" "Mozilla/5.0 (iPhone; CPU iPhone OS 7_0 like Mac OS X) AppleWebKit/537.51.1 (KHTML, like Gecko) Version/7.0 Mobile/11A465 Safari/9537.53 BingPreview/1.0b"
88.99.187.152 - - [30/Aug/2017:07:49:06 +0200] "GET / HTTP/1.1" 200 2023 "-" "WebyMon uptime monitor v1.1"
88.99.187.152 - - [30/Aug/2017:07:54:07 +0200] "GET / HTTP/1.1" 200 2023 "-" "WebyMon uptime monitor v1.1"
88.99.187.152 - - [30/Aug/2017:07:59:06 +0200] "GET / HTTP/1.1" 200 2023 "-" "WebyMon uptime monitor v1.1"
88.99.187.152 - - [30/Aug/2017:08:04:07 +0200] "GET / HTTP/1.1" 200 2023 "-" "WebyMon uptime monitor v1.1"
66.249.64.128 - - [30/Aug/2017:08:05:43 +0200] "GET /hirlevel/vonattal1010_1.htm HTTP/1.1" 404 1181 "-" "Mozilla/5.0 (compatible; Googlebot/2.1; +http://www.google.com/bot.html)"
88.99.187.152 - - [30/Aug/2017:08:09:06 +0200] "GET / HTTP/1.1" 200 2023 "-" "WebyMon uptime monitor v1.1"
88.99.187.152 - - [30/Aug/2017:08:14:06 +0200] "GET / HTTP/1.1" 200 2023 "-" "WebyMon uptime monitor v1.1"
88.99.187.152 - - [30/Aug/2017:08:19:07 +0200] "GET / HTTP/1.1" 200 2023 "-" "WebyMon uptime monitor v1.1"
88.99.187.152 - - [30/Aug/2017:08:24:06 +0200] "GET / HTTP/1.1" 200 2023 "-" "WebyMon uptime monitor v1.1"
5.187.253.147 - - [30/Aug/2017:08:28:16 +0200] "GET /doc/b2_2010.pdf HTTP/1.1" 404 1181 "-" "Mozilla/5.0 (iPad; CPU OS 10_3_3 like Mac OS X) AppleWebKit/603.3.8 (KHTML, like Gecko) Version/10.0 Mobile/14G60 Safari/602.1"
88.99.187.152 - - [30/Aug/2017:08:29:07 +0200] "GET / HTTP/1.1" 200 2023 "-" "WebyMon uptime monitor v1.1"
66.249.64.131 - - [30/Aug/2017:08:32:44 +0200] "GET /doc/nograd0707.pdf HTTP/1.1" 404 1181 "-" "Googlebot/2.1 (+http://www.google.com/bot.html)"
88.99.187.152 - - [30/Aug/2017:08:34:06 +0200] "GET / HTTP/1.1" 200 2023 "-" "WebyMon uptime monitor v1.1"
88.99.187.152 - - [30/Aug/2017:08:39:06 +0200] "GET / HTTP/1.1" 200 2023 "-" "WebyMon uptime monitor v1.1"
88.99.187.152 - - [30/Aug/2017:08:44:06 +0200] "GET / HTTP/1.1" 200 2023 "-" "WebyMon uptime monitor v1.1"
88.99.187.152 - - [30/Aug/2017:08:49:06 +0200] "GET / HTTP/1.1" 200 2023 "-" "WebyMon uptime monitor v1.1"
188.143.26.77 - - [30/Aug/2017:08:51:35 +0200] "GET /favicon.ico HTTP/1.1" 404 1181 "http://www.mkk.zpok.hu/doc/mkk_eger_tanulmany_2014.pdf" "Mozilla/5.0 (Windows NT 6.1; Win64; x64) AppleWebKit/537.36 (KHTML, like Gecko) Chrome/60.0.3112.113 Safari/537.36"
188.143.26.77 - - [30/Aug/2017:08:51:35 +0200] "GET /doc/mkk_eger_tanulmany_2014.pdf HTTP/1.1" 200 851104 "https://www.google.hu/" "Mozilla/5.0 (Windows NT 6.1; Win64; x64) AppleWebKit/537.36 (KHTML, like Gecko) Chrome/60.0.3112.113 Safari/537.36"
88.99.187.152 - - [30/Aug/2017:08:54:06 +0200] "GET / HTTP/1.1" 200 2023 "-" "WebyMon uptime monitor v1.1"
88.99.187.152 - - [30/Aug/2017:08:59:06 +0200] "GET / HTTP/1.1" 200 2023 "-" "WebyMon uptime monitor v1.1"
88.99.187.152 - - [30/Aug/2017:09:04:06 +0200] "GET / HTTP/1.1" 200 2023 "-" "WebyMon uptime monitor v1.1"
88.99.187.152 - - [30/Aug/2017:09:09:06 +0200] "GET / HTTP/1.1" 200 2023 "-" "WebyMon uptime monitor v1.1"
88.99.187.152 - - [30/Aug/2017:09:14:07 +0200] "GET / HTTP/1.1" 200 2023 "-" "WebyMon uptime monitor v1.1"
88.99.187.152 - - [30/Aug/2017:09:19:06 +0200] "GET / HTTP/1.1" 200 2023 "-" "WebyMon uptime monitor v1.1"
180.76.15.145 - - [30/Aug/2017:09:20:57 +0200] "GET /hirlevel/prezentacio_hv_201504.pdf HTTP/1.1" 404 1181 "-" "Mozilla/5.0 (compatible; Baiduspider/2.0; +http://www.baidu.com/search/spider.html)"
66.249.64.128 - - [30/Aug/2017:09:22:54 +0200] "GET /hirlevel/vonattal1410.html HTTP/1.1" 404 1181 "-" "Mozilla/5.0 (compatible; Googlebot/2.1; +http://www.google.com/bot.html)"
88.99.187.152 - - [30/Aug/2017:09:24:07 +0200] "GET / HTTP/1.1" 200 2023 "-" "WebyMon uptime monitor v1.1"
88.99.187.152 - - [30/Aug/2017:09:29:06 +0200] "GET / HTTP/1.1" 200 2023 "-" "WebyMon uptime monitor v1.1"
66.249.64.131 - - [30/Aug/2017:09:30:26 +0200] "GET /doc/vonattal_tisza-tohoz_2010.pdf HTTP/1.1" 404 1181 "-" "Mozilla/5.0 (compatible; Googlebot/2.1; +http://www.google.com/bot.html)"
88.99.187.152 - - [30/Aug/2017:09:34:07 +0200] "GET / HTTP/1.1" 200 2023 "-" "WebyMon uptime monitor v1.1"
88.99.187.152 - - [30/Aug/2017:09:39:06 +0200] "GET / HTTP/1.1" 200 2023 "-" "WebyMon uptime monitor v1.1"
207.46.13.157 - - [30/Aug/2017:09:41:33 +0200] "GET /hirlevel/vonattal1409.html HTTP/1.1" 404 1181 "-" "Mozilla/5.0 (iPhone; CPU iPhone OS 7_0 like Mac OS X) AppleWebKit/537.51.1 (KHTML, like Gecko) Version/7.0 Mobile/11A465 Safari/9537.53 (compatible; bingbot/2.0; +http://www.bing.com/bingbot.htm)"
88.99.187.152 - - [30/Aug/2017:09:44:06 +0200] "GET / HTTP/1.1" 200 2023 "-" "WebyMon uptime monitor v1.1"
88.99.187.152 - - [30/Aug/2017:09:49:06 +0200] "GET / HTTP/1.1" 200 2023 "-" "WebyMon uptime monitor v1.1"
115.61.92.16 - - [30/Aug/2017:09:53:30 +0200] "GET / HTTP/1.1" 200 2023 "-" "-"
88.99.187.152 - - [30/Aug/2017:09:54:06 +0200] "GET / HTTP/1.1" 200 2023 "-" "WebyMon uptime monitor v1.1"
88.99.187.152 - - [30/Aug/2017:09:59:06 +0200] "GET / HTTP/1.1" 200 2023 "-" "WebyMon uptime monitor v1.1"
88.99.187.152 - - [30/Aug/2017:10:04:07 +0200] "GET / HTTP/1.1" 200 2023 "-" "WebyMon uptime monitor v1.1"
88.99.187.152 - - [30/Aug/2017:10:09:06 +0200] "GET / HTTP/1.1" 200 2023 "-" "WebyMon uptime monitor v1.1"
87.97.76.189 - - [30/Aug/2017:10:11:11 +0200] "GET / HTTP/1.1" 304 - "http://www.google.hu/url?sa=t&rct=j&q=&esrc=s&source=web&cd=1&ved=0ahUKEwjBnYqQwf7VAhXD0RQKHQXEC1YQFgglMAA&url=http%3A%2F%2Fwww.mkk.zpok.hu%2F&usg=AFQjCNFA5BXchpHNcIIkgFgY4DIwr33X0w" "Mozilla/5.0 (Windows NT 10.0; WOW64; Trident/7.0; rv:11.0) like Gecko"
87.97.76.189 - - [30/Aug/2017:10:11:11 +0200] "GET /facebook-logo-preview.png HTTP/1.1" 304 - "http://www.mkk.zpok.hu/" "Mozilla/5.0 (Windows NT 10.0; WOW64; Trident/7.0; rv:11.0) like Gecko"
87.97.76.189 - - [30/Aug/2017:10:11:11 +0200] "GET /mkk_banner.png HTTP/1.1" 200 62097 "http://www.mkk.zpok.hu/" "Mozilla/5.0 (Windows NT 10.0; WOW64; Trident/7.0; rv:11.0) like Gecko"
87.97.76.189 - - [30/Aug/2017:10:11:11 +0200] "GET /blog.jpg HTTP/1.1" 304 - "http://www.mkk.zpok.hu/" "Mozilla/5.0 (Windows NT 10.0; WOW64; Trident/7.0; rv:11.0) like Gecko"
87.97.76.189 - - [30/Aug/2017:10:11:27 +0200] "GET /favicon.ico HTTP/1.1" 404 1181 "-" "Mozilla/5.0 (Windows NT 10.0; Win64; x64; Trident/7.0; rv:11.0) like Gecko"
88.99.187.152 - - [30/Aug/2017:10:14:06 +0200] "GET / HTTP/1.1" 200 2023 "-" "WebyMon uptime monitor v1.1"
77.111.91.248 - - [30/Aug/2017:10:17:02 +0200] "GET / HTTP/1.1" 200 2023 "-" "Mozilla/5.0 (Windows NT 6.1; Win64; x64) AppleWebKit/537.36 (KHTML, like Gecko) Chrome/60.0.3112.101 Safari/537.36"
88.99.187.152 - - [30/Aug/2017:10:19:07 +0200] "GET / HTTP/1.1" 200 2023 "-" "WebyMon uptime monitor v1.1"
1.192.178.43 - - [30/Aug/2017:10:21:14 +0200] "HEAD /fckeditor/editor/filemanager/connectors/aspx/upload.aspx HTTP/1.1" 404 0 "-" "-"
1.192.178.43 - - [30/Aug/2017:10:21:14 +0200] "HEAD /fckeditor/editor/filemanager/connectors/asp/upload.asp HTTP/1.1" 404 0 "-" "-"
1.192.178.43 - - [30/Aug/2017:10:21:15 +0200] "HEAD /fckeditor/editor/filemanager/connectors/php/upload.php HTTP/1.1" 404 0 "-" "-"
1.192.178.43 - - [30/Aug/2017:10:21:15 +0200] "HEAD /FCKeditor/editor/filemanager/connectors/php/upload.php HTTP/1.1" 404 0 "-" "-"
1.192.178.43 - - [30/Aug/2017:10:21:16 +0200] "HEAD /fckeditor/editor/filemanager/upload/aspx/upload.aspx HTTP/1.1" 404 0 "-" "-"
1.192.178.43 - - [30/Aug/2017:10:21:16 +0200] "HEAD /fckeditor/editor/filemanager/upload/asp/upload.asp HTTP/1.1" 404 0 "-" "-"
1.192.178.43 - - [30/Aug/2017:10:21:16 +0200] "HEAD /fckeditor/editor/filemanager/upload/php/upload.php HTTP/1.1" 404 0 "-" "-"
1.192.178.43 - - [30/Aug/2017:10:21:16 +0200] "HEAD /FCKeditor/editor/filemanager/upload/php/upload.php HTTP/1.1" 404 0 "-" "-"
1.192.178.43 - - [30/Aug/2017:10:21:17 +0200] "HEAD /fckeditor/editor/filemanager/connectors/aspx/connector.aspx HTTP/1.1" 404 0 "-" "-"
1.192.178.43 - - [30/Aug/2017:10:21:17 +0200] "HEAD /FCKeditor/editor/filemanager/connectors/aspx/connector.aspx HTTP/1.1" 404 0 "-" "-"
1.192.178.43 - - [30/Aug/2017:10:21:18 +0200] "HEAD /fckeditor/editor/filemanager/connectors/asp/connector.asp HTTP/1.1" 404 0 "-" "-"
1.192.178.43 - - [30/Aug/2017:10:21:18 +0200] "HEAD /fckeditor/editor/filemanager/connectors/php/connector.php HTTP/1.1" 404 0 "-" "-"
194.187.170.124 - - [30/Aug/2017:10:21:18 +0200] "GET /robots.txt HTTP/1.0" 404 1181 "-" "Mozilla/5.0 (compatible; Qwantify/2.4w; +https://www.qwant.com/)/2.4w"
1.192.178.43 - - [30/Aug/2017:10:21:18 +0200] "HEAD /FCKeditor/editor/filemanager/connectors/php/connector.php HTTP/1.1" 404 0 "-" "-"
194.187.170.124 - - [30/Aug/2017:10:21:18 +0200] "GET / HTTP/1.0" 200 2023 "-" "Mozilla/5.0 (compatible; Qwantify/2.4w; +https://www.qwant.com/)/2.4w"
1.192.178.43 - - [30/Aug/2017:10:21:18 +0200] "HEAD /fckeditor/editor/filemanager/browser/default/connectors/asp/connector.asp HTTP/1.1" 404 0 "-" "-"
1.192.178.43 - - [30/Aug/2017:10:21:19 +0200] "HEAD /fckeditor/editor/filemanager/browser/default/connectors/php/connector.php HTTP/1.1" 404 0 "-" "-"
1.192.178.43 - - [30/Aug/2017:10:21:19 +0200] "HEAD /FCKeditor/editor/filemanager/browser/default/connectors/php/connector.php HTTP/1.1" 404 0 "-" "-"
1.192.178.43 - - [30/Aug/2017:10:21:20 +0200] "HEAD /fckeditor/editor/filemanager/browser/default/connectors/aspx/connector.aspx HTTP/1.1" 404 0 "-" "-"
1.192.178.43 - - [30/Aug/2017:10:21:20 +0200] "HEAD /includes/fckeditor/editor/filemanager/browser/default/connectors/aspx/connector.aspx HTTP/1.1" 404 0 "-" "-"
1.192.178.43 - - [30/Aug/2017:10:21:20 +0200] "HEAD /includes/fckeditor/editor/filemanager/connectors/aspx/upload.aspx HTTP/1.1" 404 0 "-" "-"
1.192.178.43 - - [30/Aug/2017:10:21:21 +0200] "HEAD /includes/fckeditor/editor/filemanager/connectors/asp/upload.asp HTTP/1.1" 404 0 "-" "-"
1.192.178.43 - - [30/Aug/2017:10:21:21 +0200] "HEAD /includes/fckeditor/editor/filemanager/connectors/php/upload.php HTTP/1.1" 404 0 "-" "-"
1.192.178.43 - - [30/Aug/2017:10:21:21 +0200] "HEAD /includes/FCKeditor/editor/filemanager/connectors/php/upload.php HTTP/1.1" 404 0 "-" "-"
1.192.178.43 - - [30/Aug/2017:10:21:22 +0200] "HEAD /includes/fckeditor/editor/filemanager/upload/aspx/upload.aspx HTTP/1.1" 404 0 "-" "-"
1.192.178.43 - - [30/Aug/2017:10:21:22 +0200] "HEAD /includes/fckeditor/editor/filemanager/upload/asp/upload.asp HTTP/1.1" 404 0 "-" "-"
1.192.178.43 - - [30/Aug/2017:10:21:23 +0200] "HEAD /includes/fckeditor/editor/filemanager/upload/php/upload.php HTTP/1.1" 404 0 "-" "-"
1.192.178.43 - - [30/Aug/2017:10:21:23 +0200] "HEAD /includes/FCKeditor/editor/filemanager/upload/php/upload.php HTTP/1.1" 404 0 "-" "-"
1.192.178.43 - - [30/Aug/2017:10:21:23 +0200] "HEAD /includes/fckeditor/editor/filemanager/connectors/aspx/connector.aspx HTTP/1.1" 404 0 "-" "-"
1.192.178.43 - - [30/Aug/2017:10:21:23 +0200] "HEAD /includes/fckeditor/editor/filemanager/connectors/asp/connector.asp HTTP/1.1" 404 0 "-" "-"
1.192.178.43 - - [30/Aug/2017:10:21:24 +0200] "HEAD /includes/fckeditor/editor/filemanager/connectors/php/connector.php HTTP/1.1" 404 0 "-" "-"
1.192.178.43 - - [30/Aug/2017:10:21:24 +0200] "HEAD /includes/FCKeditor/editor/filemanager/connectors/php/connector.php HTTP/1.1" 404 0 "-" "-"
1.192.178.43 - - [30/Aug/2017:10:21:24 +0200] "HEAD /includes/fckeditor/editor/filemanager/browser/default/connectors/asp/connector.asp HTTP/1.1" 404 0 "-" "-"
1.192.178.43 - - [30/Aug/2017:10:21:24 +0200] "HEAD /includes/fckeditor/editor/filemanager/browser/default/connectors/php/connector.php HTTP/1.1" 404 0 "-" "-"
1.192.178.43 - - [30/Aug/2017:10:21:25 +0200] "HEAD /admin/fckeditor/editor/filemanager/browser/default/connectors/aspx/connector.aspx HTTP/1.1" 404 0 "-" "-"
1.192.178.43 - - [30/Aug/2017:10:21:25 +0200] "HEAD /admin/fckeditor/editor/filemanager/browser/default/connectors/asp/connector.asp HTTP/1.1" 404 0 "-" "-"
1.192.178.43 - - [30/Aug/2017:10:21:26 +0200] "HEAD /admin/fckeditor/editor/filemanager/browser/default/connectors/php/connector.php HTTP/1.1" 404 0 "-" "-"
1.192.178.43 - - [30/Aug/2017:10:21:26 +0200] "HEAD /admin/FCKeditor/editor/filemanager/browser/default/connectors/php/connector.php HTTP/1.1" 404 0 "-" "-"
1.192.178.43 - - [30/Aug/2017:10:21:26 +0200] "HEAD /admin/fckeditor/editor/filemanager/connectors/aspx/connector.aspx HTTP/1.1" 404 0 "-" "-"
1.192.178.43 - - [30/Aug/2017:10:21:26 +0200] "HEAD /admin/fckeditor/editor/filemanager/connectors/asp/connector.asp HTTP/1.1" 404 0 "-" "-"
1.192.178.43 - - [30/Aug/2017:10:21:27 +0200] "HEAD /admin/fckeditor/editor/filemanager/connectors/php/connector.php HTTP/1.1" 404 0 "-" "-"
1.192.178.43 - - [30/Aug/2017:10:21:27 +0200] "HEAD /admin/FCKeditor/editor/filemanager/connectors/php/connector.php HTTP/1.1" 404 0 "-" "-"
1.192.178.43 - - [30/Aug/2017:10:21:27 +0200] "HEAD /admin/fckeditor/editor/filemanager/connectors/aspx/upload.aspx HTTP/1.1" 404 0 "-" "-"
1.192.178.43 - - [30/Aug/2017:10:21:28 +0200] "HEAD /admin/fckeditor/editor/filemanager/connectors/asp/upload.asp HTTP/1.1" 404 0 "-" "-"
1.192.178.43 - - [30/Aug/2017:10:21:28 +0200] "HEAD /admin/fckeditor/editor/filemanager/connectors/php/upload.php HTTP/1.1" 404 0 "-" "-"
1.192.178.43 - - [30/Aug/2017:10:21:28 +0200] "HEAD /admin/FCKeditor/editor/filemanager/connectors/php/upload.php HTTP/1.1" 404 0 "-" "-"
1.192.178.43 - - [30/Aug/2017:10:21:29 +0200] "HEAD /admin/fckeditor/editor/filemanager/upload/aspx/upload.aspx HTTP/1.1" 404 0 "-" "-"
1.192.178.43 - - [30/Aug/2017:10:21:29 +0200] "HEAD /admin/fckeditor/editor/filemanager/upload/asp/upload.asp HTTP/1.1" 404 0 "-" "-"
1.192.178.43 - - [30/Aug/2017:10:21:29 +0200] "HEAD /admin/fckeditor/editor/filemanager/upload/php/upload.php HTTP/1.1" 404 0 "-" "-"
1.192.178.43 - - [30/Aug/2017:10:21:29 +0200] "HEAD /admin/FCKeditor/editor/filemanager/upload/php/upload.php HTTP/1.1" 404 0 "-" "-"
1.192.178.43 - - [30/Aug/2017:10:21:30 +0200] "HEAD /ckeditor/ckfinder/core/connector/asp/connector.asp HTTP/1.1" 404 0 "-" "-"
1.192.178.43 - - [30/Aug/2017:10:21:30 +0200] "HEAD /ckeditor/ckfinder/core/connector/php/connector.php HTTP/1.1" 404 0 "-" "-"
1.192.178.43 - - [30/Aug/2017:10:21:30 +0200] "HEAD /ckeditor/ckfinder/core/connector/aspx/connector.aspx HTTP/1.1" 404 0 "-" "-"
1.192.178.43 - - [30/Aug/2017:10:21:31 +0200] "HEAD /kcfinder/browse.php HTTP/1.1" 404 0 "-" "-"
1.192.178.43 - - [30/Aug/2017:10:21:31 +0200] "GET / HTTP/1.1" 200 2023 "-" "-"
1.192.178.43 - - [30/Aug/2017:10:21:32 +0200] "GET /xmlrpc.php HTTP/1.1" 404 1181 "-" "-"
1.192.178.43 - - [30/Aug/2017:10:21:32 +0200] "HEAD /wp-login.php HTTP/1.1" 404 0 "-" "-"
1.192.178.43 - - [30/Aug/2017:10:21:32 +0200] "GET /administrator/index.php HTTP/1.1" 404 1181 "-" "-"
1.192.178.43 - - [30/Aug/2017:10:21:33 +0200] "HEAD /htaccess.txt HTTP/1.1" 404 0 "-" "-"
1.192.178.43 - - [30/Aug/2017:10:21:33 +0200] "HEAD /images/powered_by.png HTTP/1.1" 404 0 "-" "-"
1.192.178.43 - - [30/Aug/2017:10:21:34 +0200] "HEAD /components/com_mailto/views/sent/metadata.xml HTTP/1.1" 404 0 "-" "-"
88.99.187.152 - - [30/Aug/2017:10:24:06 +0200] "GET / HTTP/1.1" 200 2023 "-" "WebyMon uptime monitor v1.1"
88.99.187.152 - - [30/Aug/2017:10:29:07 +0200] "GET / HTTP/1.1" 200 2023 "-" "WebyMon uptime monitor v1.1"
88.99.187.152 - - [30/Aug/2017:10:34:06 +0200] "GET / HTTP/1.1" 200 2023 "-" "WebyMon uptime monitor v1.1"
88.99.187.152 - - [30/Aug/2017:10:39:07 +0200] "GET / HTTP/1.1" 200 2023 "-" "WebyMon uptime monitor v1.1"
88.99.187.152 - - [30/Aug/2017:10:44:06 +0200] "GET / HTTP/1.1" 200 2023 "-" "WebyMon uptime monitor v1.1"
88.99.187.152 - - [30/Aug/2017:10:49:06 +0200] "GET / HTTP/1.1" 200 2023 "-" "WebyMon uptime monitor v1.1"
88.99.187.152 - - [30/Aug/2017:10:54:06 +0200] "GET / HTTP/1.1" 200 2023 "-" "WebyMon uptime monitor v1.1"
88.99.187.152 - - [30/Aug/2017:10:59:06 +0200] "GET / HTTP/1.1" 200 2023 "-" "WebyMon uptime monitor v1.1"
88.99.187.152 - - [30/Aug/2017:11:04:06 +0200] "GET / HTTP/1.1" 200 2023 "-" "WebyMon uptime monitor v1.1"
88.99.187.152 - - [30/Aug/2017:11:09:07 +0200] "GET / HTTP/1.1" 200 2023 "-" "WebyMon uptime monitor v1.1"
46.229.164.99 - - [30/Aug/2017:11:10:10 +0200] "GET /robots.txt HTTP/1.1" 404 1181 "-" "Mozilla/5.0 (compatible; SemrushBot/1.2~bl; +http://www.semrush.com/bot.html)"
88.99.187.152 - - [30/Aug/2017:11:14:06 +0200] "GET / HTTP/1.1" 200 2023 "-" "WebyMon uptime monitor v1.1"
217.69.133.236 - - [30/Aug/2017:11:17:43 +0200] "GET /robots.txt HTTP/1.0" 404 1181 "-" "Mozilla/5.0 (compatible; Linux x86_64; Mail.RU_Bot/2.0; +http://go.mail.ru/help/robots)"
217.69.133.236 - - [30/Aug/2017:11:17:45 +0200] "GET /doc/konf_0807.pdf HTTP/1.1" 404 1181 "-" "Mozilla/5.0 (compatible; Linux x86_64; Mail.RU_Bot/2.0; +http://go.mail.ru/help/robots)"
88.99.187.152 - - [30/Aug/2017:11:19:06 +0200] "GET / HTTP/1.1" 200 2023 "-" "WebyMon uptime monitor v1.1"
207.46.13.157 - - [30/Aug/2017:11:20:26 +0200] "GET /doc/ttft.pdf HTTP/1.1" 200 6493253 "-" "Mozilla/5.0 (iPhone; CPU iPhone OS 7_0 like Mac OS X) AppleWebKit/537.51.1 (KHTML, like Gecko) Version/7.0 Mobile/11A465 Safari/9537.53 (compatible; bingbot/2.0; +http://www.bing.com/bingbot.htm)"
5.187.165.163 - - [30/Aug/2017:11:26:52 +0200] "GET /mkk_banner.png HTTP/1.1" 200 62097 "http://www.mkk.zpok.hu/" "Mozilla/5.0 (Windows NT 10.0; Win64; x64) AppleWebKit/537.36 (KHTML, like Gecko) Chrome/60.0.3112.113 Safari/537.36"
5.187.165.163 - - [30/Aug/2017:11:26:52 +0200] "GET /blog.jpg HTTP/1.1" 200 29833 "http://www.mkk.zpok.hu/" "Mozilla/5.0 (Windows NT 10.0; Win64; x64) AppleWebKit/537.36 (KHTML, like Gecko) Chrome/60.0.3112.113 Safari/537.36"
5.187.165.163 - - [30/Aug/2017:11:26:52 +0200] "GET /facebook-logo-preview.png HTTP/1.1" 200 3924 "http://www.mkk.zpok.hu/" "Mozilla/5.0 (Windows NT 10.0; Win64; x64) AppleWebKit/537.36 (KHTML, like Gecko) Chrome/60.0.3112.113 Safari/537.36"
5.187.165.163 - - [30/Aug/2017:11:26:54 +0200] "GET /favicon.ico HTTP/1.1" 404 1181 "http://www.mkk.zpok.hu/" "Mozilla/5.0 (Windows NT 10.0; Win64; x64) AppleWebKit/537.36 (KHTML, like Gecko) Chrome/60.0.3112.113 Safari/537.36"
88.99.187.152 - - [30/Aug/2017:11:29:07 +0200] "GET / HTTP/1.1" 200 2023 "-" "WebyMon uptime monitor v1.1"
88.99.187.152 - - [30/Aug/2017:11:34:06 +0200] "GET / HTTP/1.1" 200 2023 "-" "WebyMon uptime monitor v1.1"
88.99.187.152 - - [30/Aug/2017:11:39:06 +0200] "GET / HTTP/1.1" 200 2023 "-" "WebyMon uptime monitor v1.1"
66.249.64.158 - - [30/Aug/2017:11:42:23 +0200] "GET /hirlevel/K%C3%A9rd%C5%91%C3%ADv201604.doc HTTP/1.1" 404 1181 "-" "Mozilla/5.0 (Linux; Android 6.0.1; Nexus 5X Build/MMB29P) AppleWebKit/537.36 (KHTML, like Gecko) Chrome/41.0.2272.96 Mobile Safari/537.36 (compatible; Googlebot/2.1; +http://www.google.com/bot.html)"
88.99.187.152 - - [30/Aug/2017:11:44:06 +0200] "GET / HTTP/1.1" 200 2023 "-" "WebyMon uptime monitor v1.1"
88.99.187.152 - - [30/Aug/2017:11:49:07 +0200] "GET / HTTP/1.1" 200 2023 "-" "WebyMon uptime monitor v1.1"
88.99.187.152 - - [30/Aug/2017:11:54:06 +0200] "GET / HTTP/1.1" 200 2023 "-" "WebyMon uptime monitor v1.1"
88.99.187.152 - - [30/Aug/2017:11:59:07 +0200] "GET / HTTP/1.1" 200 2023 "-" "WebyMon uptime monitor v1.1"
88.99.187.152 - - [30/Aug/2017:12:04:07 +0200] "GET / HTTP/1.1" 200 2023 "-" "WebyMon uptime monitor v1.1"
194.149.37.3 - - [30/Aug/2017:12:04:23 +0200] "GET / HTTP/1.1" 304 - "https://www.google.hu/" "Mozilla/5.0 (Windows NT 6.1) AppleWebKit/537.36 (KHTML, like Gecko) Chrome/60.0.3112.113 Safari/537.36"
194.149.37.3 - - [30/Aug/2017:12:04:48 +0200] "GET /favicon.ico HTTP/1.1" 404 1181 "http://www.mkk.zpok.hu/" "Mozilla/5.0 (Windows NT 6.1) AppleWebKit/537.36 (KHTML, like Gecko) Chrome/60.0.3112.113 Safari/537.36"
88.99.187.152 - - [30/Aug/2017:12:09:06 +0200] "GET / HTTP/1.1" 200 2023 "-" "WebyMon uptime monitor v1.1"
88.99.187.152 - - [30/Aug/2017:12:14:07 +0200] "GET / HTTP/1.1" 200 2023 "-" "WebyMon uptime monitor v1.1"
88.99.187.152 - - [30/Aug/2017:12:19:06 +0200] "GET / HTTP/1.1" 200 2023 "-" "WebyMon uptime monitor v1.1"
88.99.187.152 - - [30/Aug/2017:12:24:06 +0200] "GET / HTTP/1.1" 200 2023 "-" "WebyMon uptime monitor v1.1"
194.149.37.3 - - [30/Aug/2017:12:28:28 +0200] "GET /kikvagyunk2.htm HTTP/1.1" 304 - "http://www.mkk.zpok.hu/" "Mozilla/5.0 (Windows NT 6.1) AppleWebKit/537.36 (KHTML, like Gecko) Chrome/60.0.3112.113 Safari/537.36"
88.99.187.152 - - [30/Aug/2017:12:29:06 +0200] "GET / HTTP/1.1" 200 2023 "-" "WebyMon uptime monitor v1.1"
88.99.187.152 - - [30/Aug/2017:12:34:06 +0200] "GET / HTTP/1.1" 200 2023 "-" "WebyMon uptime monitor v1.1"
88.99.187.152 - - [30/Aug/2017:12:39:06 +0200] "GET / HTTP/1.1" 200 2023 "-" "WebyMon uptime monitor v1.1"
162.210.196.100 - - [30/Aug/2017:12:43:08 +0200] "GET /robots.txt HTTP/1.1" 404 1181 "-" "Mozilla/5.0 (compatible; MJ12bot/v1.4.8; http://mj12bot.com/)"
162.210.196.100 - - [30/Aug/2017:12:43:17 +0200] "GET / HTTP/1.1" 200 2023 "-" "Mozilla/5.0 (compatible; MJ12bot/v1.4.8; http://mj12bot.com/)"
88.99.187.152 - - [30/Aug/2017:12:44:06 +0200] "GET / HTTP/1.1" 200 2023 "-" "WebyMon uptime monitor v1.1"
88.99.187.152 - - [30/Aug/2017:12:49:06 +0200] "GET / HTTP/1.1" 200 2023 "-" "WebyMon uptime monitor v1.1"
217.69.133.239 - - [30/Aug/2017:12:50:16 +0200] "GET /robots.txt HTTP/1.0" 404 1181 "-" "Mozilla/5.0 (compatible; Linux x86_64; Mail.RU_Bot/2.0; +http://go.mail.ru/help/robots)"
217.69.133.239 - - [30/Aug/2017:12:50:18 +0200] "GET /doc/honig-ceges.pdf HTTP/1.1" 404 1181 "-" "Mozilla/5.0 (compatible; Linux x86_64; Mail.RU_Bot/2.0; +http://go.mail.ru/help/robots)"
88.99.187.152 - - [30/Aug/2017:12:54:06 +0200] "GET / HTTP/1.1" 200 2023 "-" "WebyMon uptime monitor v1.1"
157.55.39.55 - - [30/Aug/2017:12:58:57 +0200] "GET / HTTP/1.1" 200 2023 "-" "Mozilla/5.0 (compatible; bingbot/2.0; +http://www.bing.com/bingbot.htm)"
88.99.187.152 - - [30/Aug/2017:12:59:07 +0200] "GET / HTTP/1.1" 200 2023 "-" "WebyMon uptime monitor v1.1"
88.99.187.152 - - [30/Aug/2017:13:04:07 +0200] "GET / HTTP/1.1" 200 2023 "-" "WebyMon uptime monitor v1.1"
88.99.187.152 - - [30/Aug/2017:13:09:06 +0200] "GET / HTTP/1.1" 200 2023 "-" "WebyMon uptime monitor v1.1"
88.99.187.152 - - [30/Aug/2017:13:14:07 +0200] "GET / HTTP/1.1" 200 2023 "-" "WebyMon uptime monitor v1.1"
88.99.187.152 - - [30/Aug/2017:13:19:06 +0200] "GET / HTTP/1.1" 200 2023 "-" "WebyMon uptime monitor v1.1"
88.99.187.152 - - [30/Aug/2017:13:24:07 +0200] "GET / HTTP/1.1" 200 2023 "-" "WebyMon uptime monitor v1.1"
88.99.187.152 - - [30/Aug/2017:13:29:07 +0200] "GET / HTTP/1.1" 200 2023 "-" "WebyMon uptime monitor v1.1"
37.140.189.245 - - [30/Aug/2017:13:32:06 +0200] "GET /favicon.ico HTTP/1.1" 404 1181 "-" "Mozilla/5.0 (Windows NT 6.1; WOW64) AppleWebKit/537.36 (KHTML, like Gecko) Chrome/59.0.3071.125 YaBrowser/17.7.1.791 Yowser/2.5 Safari/537.36"
88.99.187.152 - - [30/Aug/2017:13:34:06 +0200] "GET / HTTP/1.1" 200 2023 "-" "WebyMon uptime monitor v1.1"
37.212.177.238 - - [30/Aug/2017:13:35:19 +0200] "GET /favicon.ico HTTP/1.1" 404 1181 "-" "Mozilla/5.0 (Windows NT 6.1; WOW64) AppleWebKit/537.36 (KHTML, like Gecko) Chrome/59.0.3071.125 YaBrowser/17.7.1.791 Yowser/2.5 Safari/537.36"
37.140.189.231 - - [30/Aug/2017:13:35:21 +0200] "GET /favicon.ico HTTP/1.1" 404 1181 "-" "Mozilla/5.0 (Windows NT 6.1; WOW64) AppleWebKit/537.36 (KHTML, like Gecko) Chrome/59.0.3071.125 YaBrowser/17.7.1.791 Yowser/2.5 Safari/537.36"
69.171.225.45 - - [30/Aug/2017:13:37:29 +0200] "GET /hirlevel/201408_1.jpg HTTP/1.1" 404 1181 "-" "facebookexternalhit/1.1 (+http://www.facebook.com/externalhit_uatext.php)"
88.99.187.152 - - [30/Aug/2017:13:39:06 +0200] "GET / HTTP/1.1" 200 2023 "-" "WebyMon uptime monitor v1.1"
88.99.187.152 - - [30/Aug/2017:13:44:06 +0200] "GET / HTTP/1.1" 200 2023 "-" "WebyMon uptime monitor v1.1"
37.140.189.245 - - [30/Aug/2017:13:45:25 +0200] "GET /favicon.ico HTTP/1.1" 404 1181 "-" "Mozilla/5.0 (Windows NT 6.1; WOW64) AppleWebKit/537.36 (KHTML, like Gecko) Chrome/59.0.3071.125 YaBrowser/17.7.1.791 Yowser/2.5 Safari/537.36"
216.244.66.245 - - [30/Aug/2017:13:46:45 +0200] "GET /robots.txt HTTP/1.1" 404 1181 "-" "Mozilla/5.0 (compatible; DotBot/1.1; http://www.opensiteexplorer.org/dotbot, help@moz.com)"
88.99.187.152 - - [30/Aug/2017:13:49:06 +0200] "GET / HTTP/1.1" 200 2023 "-" "WebyMon uptime monitor v1.1"
88.99.187.152 - - [30/Aug/2017:13:54:07 +0200] "GET / HTTP/1.1" 200 2023 "-" "WebyMon uptime monitor v1.1"
95.108.141.65 - - [30/Aug/2017:13:55:00 +0200] "GET /favicon.ico HTTP/1.1" 404 1181 "-" "Mozilla/5.0 (Windows NT 6.1; WOW64) AppleWebKit/537.36 (KHTML, like Gecko) Chrome/59.0.3071.125 YaBrowser/17.7.1.791 Yowser/2.5 Safari/537.36"
88.99.187.152 - - [30/Aug/2017:13:59:06 +0200] "GET / HTTP/1.1" 200 2023 "-" "WebyMon uptime monitor v1.1"
88.99.187.152 - - [30/Aug/2017:14:04:07 +0200] "GET / HTTP/1.1" 200 2023 "-" "WebyMon uptime monitor v1.1"
216.244.66.245 - - [30/Aug/2017:14:09:06 +0200] "GET /hirlevel/K%C3%A9rd%C5%91%C3%ADv201604.doc HTTP/1.1" 404 1181 "-" "Mozilla/5.0 (compatible; DotBot/1.1; http://www.opensiteexplorer.org/dotbot, help@moz.com)"
88.99.187.152 - - [30/Aug/2017:14:09:07 +0200] "GET / HTTP/1.1" 200 2023 "-" "WebyMon uptime monitor v1.1"
88.99.187.152 - - [30/Aug/2017:14:14:07 +0200] "GET / HTTP/1.1" 200 2023 "-" "WebyMon uptime monitor v1.1"
88.99.187.152 - - [30/Aug/2017:14:19:06 +0200] "GET / HTTP/1.1" 200 2023 "-" "WebyMon uptime monitor v1.1"
88.99.187.152 - - [30/Aug/2017:14:24:08 +0200] "GET / HTTP/1.1" 200 2023 "-" "WebyMon uptime monitor v1.1"
217.69.133.235 - - [30/Aug/2017:14:26:06 +0200] "GET /robots.txt HTTP/1.0" 404 1181 "-" "Mozilla/5.0 (compatible; Linux x86_64; Mail.RU_Bot/2.0; +http://go.mail.ru/help/robots)"
217.69.133.238 - - [30/Aug/2017:14:26:08 +0200] "GET /doc/A_kozlekedesmenedzsment_korszeru_eszkozei.pdf HTTP/1.1" 404 1181 "-" "Mozilla/5.0 (compatible; Linux x86_64; Mail.RU_Bot/2.0; +http://go.mail.ru/help/robots)"
204.12.211.170 - - [30/Aug/2017:14:26:25 +0200] "POST / HTTP/1.1" 405 1174 "http://www.mkk.zpok.hu/wp-admin/" "Mozilla/5.0 (Windows; Windows NT 5.1; en-US) Firefox/3.5.0"
204.12.211.170 - - [30/Aug/2017:14:26:25 +0200] "GET /static/js/tiny_mce/plugins/tinybrowser/upload.php?type=file/wp-login.php HTTP/1.1" 404 1181 "-" "Mozilla/5.0 (compatible; MSIE 9.0; Windows NT 6.1; Trident/5.0)"
204.12.211.170 - - [30/Aug/2017:14:26:25 +0200] "GET /admin/lib/tiny_mce/plugins/tinybrowser/upload.php?type=file/wp-login.php HTTP/1.1" 404 1181 "-" "Mozilla/5.0 (compatible; MSIE 9.0; Windows NT 6.1; Trident/5.0)"
204.12.211.170 - - [30/Aug/2017:14:26:25 +0200] "GET /tiny_mce/plugins/tinybrowser/upload.php?type=file/wp-login.php HTTP/1.1" 404 1181 "-" "Mozilla/5.0 (compatible; MSIE 9.0; Windows NT 6.1; Trident/5.0)"
204.12.211.170 - - [30/Aug/2017:14:26:25 +0200] "GET /editors/tinymce/jscripts/tiny_mce/plugins/tinybrowser/upload.php?type=file/wp-login.php HTTP/1.1" 404 1181 "-" "Mozilla/5.0 (compatible; MSIE 9.0; Windows NT 6.1; Trident/5.0)"
204.12.211.170 - - [30/Aug/2017:14:26:26 +0200] "POST /uploadify/uploadify.php?folder=/ HTTP/1.1" 404 1181 "http://www.mkk.zpok.hu/wp-admin/" "Mozilla/5.0 (Windows; Windows NT 5.1; en-US) Firefox/3.5.0"
204.12.211.170 - - [30/Aug/2017:14:26:26 +0200] "POST /wp-admin/admin-ajax.php HTTP/1.1" 404 1181 "http://www.mkk.zpok.hu/wp-admin/" "Mozilla/5.0 (Windows; Windows NT 5.1; en-US) Firefox/3.5.0"
204.12.211.170 - - [30/Aug/2017:14:26:26 +0200] "POST /license.php HTTP/1.1" 404 1181 "http://www.mkk.zpok.hu/wp-admin/" "Mozilla/5.0 (Windows; Windows NT 5.1; en-US) Firefox/3.5.0"
204.12.211.170 - - [30/Aug/2017:14:26:27 +0200] "POST /wp-admin/admin-ajax.php HTTP/1.1" 404 1181 "-" "Mozilla/5.0 (compatible; MSIE 9.0; Windows NT 6.1; Trident/5.0)"
204.12.211.170 - - [30/Aug/2017:14:26:27 +0200] "POST /chat/upload.php HTTP/1.1" 404 1181 "-" "Mozilla/5.0 (compatible; MSIE 9.0; Windows NT 6.1; Trident/5.0)"
204.12.211.170 - - [30/Aug/2017:14:26:27 +0200] "GET /chat/temp/error.php HTTP/1.1" 404 1181 "-" "Mozilla/5.0 (compatible; MSIE 9.0; Windows NT 6.1; Trident/5.0)"
204.12.211.170 - - [30/Aug/2017:14:26:27 +0200] "POST /Chat/upload.php HTTP/1.1" 404 1181 "-" "Mozilla/5.0 (compatible; MSIE 9.0; Windows NT 6.1; Trident/5.0)"
204.12.211.170 - - [30/Aug/2017:14:26:28 +0200] "GET /Chat/temp/error.php HTTP/1.1" 404 1181 "-" "Mozilla/5.0 (compatible; MSIE 9.0; Windows NT 6.1; Trident/5.0)"
204.12.211.170 - - [30/Aug/2017:14:26:28 +0200] "POST /en/upload.php HTTP/1.1" 404 1181 "-" "Mozilla/5.0 (compatible; MSIE 9.0; Windows NT 6.1; Trident/5.0)"
204.12.211.170 - - [30/Aug/2017:14:26:28 +0200] "GET /en/temp/error.php HTTP/1.1" 404 1181 "-" "Mozilla/5.0 (compatible; MSIE 9.0; Windows NT 6.1; Trident/5.0)"
204.12.211.170 - - [30/Aug/2017:14:26:28 +0200] "POST /chat/FlashChat_v608/chat/upload.php HTTP/1.1" 404 1181 "-" "Mozilla/5.0 (compatible; MSIE 9.0; Windows NT 6.1; Trident/5.0)"
204.12.211.170 - - [30/Aug/2017:14:26:29 +0200] "GET /chat/FlashChat_v608/chat/temp/error.php HTTP/1.1" 404 1181 "-" "Mozilla/5.0 (compatible; MSIE 9.0; Windows NT 6.1; Trident/5.0)"
204.12.211.170 - - [30/Aug/2017:14:26:29 +0200] "POST /radio/radiochat/upload.php HTTP/1.1" 404 1181 "-" "Mozilla/5.0 (compatible; MSIE 9.0; Windows NT 6.1; Trident/5.0)"
204.12.211.170 - - [30/Aug/2017:14:26:29 +0200] "GET /radio/radiochat/temp/error.php HTTP/1.1" 404 1181 "-" "Mozilla/5.0 (compatible; MSIE 9.0; Windows NT 6.1; Trident/5.0)"
204.12.211.170 - - [30/Aug/2017:14:26:29 +0200] "POST /websci/radio/radiochat/upload.php HTTP/1.1" 404 1181 "-" "Mozilla/5.0 (compatible; MSIE 9.0; Windows NT 6.1; Trident/5.0)"
204.12.211.170 - - [30/Aug/2017:14:26:30 +0200] "GET /websci/radio/radiochat/temp/error.php HTTP/1.1" 404 1181 "-" "Mozilla/5.0 (compatible; MSIE 9.0; Windows NT 6.1; Trident/5.0)"
204.12.211.170 - - [30/Aug/2017:14:26:30 +0200] "POST /o/BhGCe/forums.e-mpire.com/chat/upload.php HTTP/1.1" 404 1181 "-" "Mozilla/5.0 (compatible; MSIE 9.0; Windows NT 6.1; Trident/5.0)"
204.12.211.170 - - [30/Aug/2017:14:26:30 +0200] "GET /o/BhGCe/forums.e-mpire.com/chat/temp/error.php HTTP/1.1" 404 1181 "-" "Mozilla/5.0 (compatible; MSIE 9.0; Windows NT 6.1; Trident/5.0)"
204.12.211.170 - - [30/Aug/2017:14:26:30 +0200] "POST /cms/chat/upload.php HTTP/1.1" 404 1181 "-" "Mozilla/5.0 (compatible; MSIE 9.0; Windows NT 6.1; Trident/5.0)"
204.12.211.170 - - [30/Aug/2017:14:26:31 +0200] "GET /cms/chat/temp/error.php HTTP/1.1" 404 1181 "-" "Mozilla/5.0 (compatible; MSIE 9.0; Windows NT 6.1; Trident/5.0)"
204.12.211.170 - - [30/Aug/2017:14:26:31 +0200] "POST /chat/chat/upload.php HTTP/1.1" 404 1181 "-" "Mozilla/5.0 (compatible; MSIE 9.0; Windows NT 6.1; Trident/5.0)"
204.12.211.170 - - [30/Aug/2017:14:26:31 +0200] "GET /chat/chat/temp/error.php HTTP/1.1" 404 1181 "-" "Mozilla/5.0 (compatible; MSIE 9.0; Windows NT 6.1; Trident/5.0)"
204.12.211.170 - - [30/Aug/2017:14:26:31 +0200] "POST /Chat/Chat/upload.php HTTP/1.1" 404 1181 "-" "Mozilla/5.0 (compatible; MSIE 9.0; Windows NT 6.1; Trident/5.0)"
204.12.211.170 - - [30/Aug/2017:14:26:31 +0200] "GET /Chat/Chat/temp/error.php HTTP/1.1" 404 1181 "-" "Mozilla/5.0 (compatible; MSIE 9.0; Windows NT 6.1; Trident/5.0)"
204.12.211.170 - - [30/Aug/2017:14:26:32 +0200] "POST /live/chat/upload.php HTTP/1.1" 404 1181 "-" "Mozilla/5.0 (compatible; MSIE 9.0; Windows NT 6.1; Trident/5.0)"
204.12.211.170 - - [30/Aug/2017:14:26:32 +0200] "GET /live/chat/temp/error.php HTTP/1.1" 404 1181 "-" "Mozilla/5.0 (compatible; MSIE 9.0; Windows NT 6.1; Trident/5.0)"
204.12.211.170 - - [30/Aug/2017:14:26:32 +0200] "POST /smf/chat/upload.php HTTP/1.1" 404 1181 "-" "Mozilla/5.0 (compatible; MSIE 9.0; Windows NT 6.1; Trident/5.0)"
204.12.211.170 - - [30/Aug/2017:14:26:33 +0200] "GET /smf/chat/temp/error.php HTTP/1.1" 404 1181 "-" "Mozilla/5.0 (compatible; MSIE 9.0; Windows NT 6.1; Trident/5.0)"
204.12.211.170 - - [30/Aug/2017:14:26:33 +0200] "POST /Tchate/flashchat/upload.php HTTP/1.1" 404 1181 "-" "Mozilla/5.0 (compatible; MSIE 9.0; Windows NT 6.1; Trident/5.0)"
204.12.211.170 - - [30/Aug/2017:14:26:33 +0200] "GET /Tchate/flashchat/temp/error.php HTTP/1.1" 404 1181 "-" "Mozilla/5.0 (compatible; MSIE 9.0; Windows NT 6.1; Trident/5.0)"
204.12.211.170 - - [30/Aug/2017:14:26:33 +0200] "POST /~duchen/chat/upload.php HTTP/1.1" 404 1181 "-" "Mozilla/5.0 (compatible; MSIE 9.0; Windows NT 6.1; Trident/5.0)"
204.12.211.170 - - [30/Aug/2017:14:26:33 +0200] "GET /~duchen/chat/temp/error.php HTTP/1.1" 404 1181 "-" "Mozilla/5.0 (compatible; MSIE 9.0; Windows NT 6.1; Trident/5.0)"
204.12.211.170 - - [30/Aug/2017:14:26:34 +0200] "POST /forum/chat/upload.php HTTP/1.1" 404 1181 "-" "Mozilla/5.0 (compatible; MSIE 9.0; Windows NT 6.1; Trident/5.0)"
204.12.211.170 - - [30/Aug/2017:14:26:34 +0200] "GET /forum/chat/temp/error.php HTTP/1.1" 404 1181 "-" "Mozilla/5.0 (compatible; MSIE 9.0; Windows NT 6.1; Trident/5.0)"
204.12.211.170 - - [30/Aug/2017:14:26:34 +0200] "POST /FlashChat_v6.0.8_/chat/upload.php HTTP/1.1" 404 1181 "-" "Mozilla/5.0 (compatible; MSIE 9.0; Windows NT 6.1; Trident/5.0)"
204.12.211.170 - - [30/Aug/2017:14:26:34 +0200] "GET /FlashChat_v6.0.8_/chat/temp/error.php HTTP/1.1" 404 1181 "-" "Mozilla/5.0 (compatible; MSIE 9.0; Windows NT 6.1; Trident/5.0)"
204.12.211.170 - - [30/Aug/2017:14:26:35 +0200] "POST /flashchat/chat/upload.php HTTP/1.1" 404 1181 "-" "Mozilla/5.0 (compatible; MSIE 9.0; Windows NT 6.1; Trident/5.0)"
204.12.211.170 - - [30/Aug/2017:14:26:35 +0200] "GET /flashchat/chat/temp/error.php HTTP/1.1" 404 1181 "-" "Mozilla/5.0 (compatible; MSIE 9.0; Windows NT 6.1; Trident/5.0)"
204.12.211.170 - - [30/Aug/2017:14:26:36 +0200] "POST /social/upload.php HTTP/1.1" 404 1181 "-" "Mozilla/5.0 (compatible; MSIE 9.0; Windows NT 6.1; Trident/5.0)"
204.12.211.170 - - [30/Aug/2017:14:26:36 +0200] "GET /social/temp/error.php HTTP/1.1" 404 1181 "-" "Mozilla/5.0 (compatible; MSIE 9.0; Windows NT 6.1; Trident/5.0)"
204.12.211.170 - - [30/Aug/2017:14:26:36 +0200] "POST /sohbet/upload.php HTTP/1.1" 404 1181 "-" "Mozilla/5.0 (compatible; MSIE 9.0; Windows NT 6.1; Trident/5.0)"
204.12.211.170 - - [30/Aug/2017:14:26:36 +0200] "GET /sohbet/temp/error.php HTTP/1.1" 404 1181 "-" "Mozilla/5.0 (compatible; MSIE 9.0; Windows NT 6.1; Trident/5.0)"
204.12.211.170 - - [30/Aug/2017:14:26:36 +0200] "POST /e-dinar-chat/upload.php HTTP/1.1" 404 1181 "-" "Mozilla/5.0 (compatible; MSIE 9.0; Windows NT 6.1; Trident/5.0)"
