217.92.243.187 - - [31/Aug/2017:12:49:27 +0200] "GET /images/vasutterkep_n.jpg HTTP/1.1" 404 1181 "http://www.weitwanderungen.de/Info_Ungarn.htm" "Mozilla/5.0 (Windows NT 6.1; WOW64; rv:54.0) Gecko/20100101 Firefox/54.0"
217.92.243.187 - - [31/Aug/2017:12:49:27 +0200] "GET /favicon.ico HTTP/1.1" 404 1181 "-" "Mozilla/5.0 (Windows NT 6.1; WOW64; rv:54.0) Gecko/20100101 Firefox/54.0"
88.99.187.152 - - [31/Aug/2017:12:53:29 +0200] "GET / HTTP/1.1" 200 2023 "-" "WebyMon uptime monitor v1.1"
88.99.187.152 - - [31/Aug/2017:12:58:29 +0200] "GET / HTTP/1.1" 200 2023 "-" "WebyMon uptime monitor v1.1"
66.249.65.154 - - [31/Aug/2017:13:02:19 +0200] "GET /doc/varos-videk_2009.pdf HTTP/1.1" 304 - "-" "Mozilla/5.0 (compatible; Googlebot/2.1; +http://www.google.com/bot.html)"
88.99.187.152 - - [31/Aug/2017:13:03:29 +0200] "GET / HTTP/1.1" 200 2023 "-" "WebyMon uptime monitor v1.1"
88.99.187.152 - - [31/Aug/2017:13:08:30 +0200] "GET / HTTP/1.1" 200 2023 "-" "WebyMon uptime monitor v1.1"
94.199.151.22 - - [31/Aug/2017:13:11:14 +0200] "GET /robots.txt HTTP/1.1" 404 1181 "-" "Wotbox/2.01 (+http://www.wotbox.com/bot/)"
94.199.151.22 - - [31/Aug/2017:13:11:26 +0200] "GET / HTTP/1.1" 200 2023 "-" "Wotbox/2.01 (+http://www.wotbox.com/bot/)"
94.199.151.22 - - [31/Aug/2017:13:11:33 +0200] "GET /kikvagyunk2.htm HTTP/1.1" 200 17012 "-" "Wotbox/2.01 (+http://www.wotbox.com/bot/)"
94.199.151.22 - - [31/Aug/2017:13:11:39 +0200] "GET /projektek2.htm HTTP/1.1" 200 7634 "-" "Wotbox/2.01 (+http://www.wotbox.com/bot/)"
94.199.151.22 - - [31/Aug/2017:13:11:45 +0200] "GET /tagsag2.htm HTTP/1.1" 200 1335 "-" "Wotbox/2.01 (+http://www.wotbox.com/bot/)"
88.99.187.152 - - [31/Aug/2017:13:13:30 +0200] "GET / HTTP/1.1" 200 2023 "-" "WebyMon uptime monitor v1.1"
88.99.187.152 - - [31/Aug/2017:13:18:30 +0200] "GET / HTTP/1.1" 200 2023 "-" "WebyMon uptime monitor v1.1"
88.99.187.152 - - [31/Aug/2017:13:23:30 +0200] "GET / HTTP/1.1" 200 2023 "-" "WebyMon uptime monitor v1.1"
88.99.187.152 - - [31/Aug/2017:13:28:29 +0200] "GET / HTTP/1.1" 200 2023 "-" "WebyMon uptime monitor v1.1"
157.55.39.55 - - [31/Aug/2017:13:30:25 +0200] "GET / HTTP/1.1" 200 2023 "-" "Mozilla/5.0 (compatible; bingbot/2.0; +http://www.bing.com/bingbot.htm)"
88.99.187.152 - - [31/Aug/2017:13:33:30 +0200] "GET / HTTP/1.1" 200 2023 "-" "WebyMon uptime monitor v1.1"
88.99.187.152 - - [31/Aug/2017:13:38:29 +0200] "GET / HTTP/1.1" 200 2023 "-" "WebyMon uptime monitor v1.1"
88.99.187.152 - - [31/Aug/2017:13:43:29 +0200] "GET / HTTP/1.1" 200 2023 "-" "WebyMon uptime monitor v1.1"
88.99.187.152 - - [31/Aug/2017:13:48:29 +0200] "GET / HTTP/1.1" 200 2023 "-" "WebyMon uptime monitor v1.1"
115.58.201.12 - - [31/Aug/2017:13:49:40 +0200] "GET / HTTP/1.1" 200 2023 "-" "-"
66.249.73.64 - - [31/Aug/2017:13:50:32 +0200] "GET /hirlevel/vonattal1209.htm HTTP/1.1" 404 1181 "-" "Mozilla/5.0 (Linux; Android 6.0.1; Nexus 5X Build/MMB29P) AppleWebKit/537.36 (KHTML, like Gecko) Chrome/41.0.2272.96 Mobile Safari/537.36 (compatible; Googlebot/2.1; +http://www.google.com/bot.html)"
157.55.39.55 - - [31/Aug/2017:13:53:16 +0200] "GET / HTTP/1.1" 200 2023 "-" "Mozilla/5.0 (compatible; bingbot/2.0; +http://www.bing.com/bingbot.htm)"
88.99.187.152 - - [31/Aug/2017:13:53:29 +0200] "GET / HTTP/1.1" 200 2023 "-" "WebyMon uptime monitor v1.1"
178.154.171.9 - - [31/Aug/2017:13:54:10 +0200] "GET /robots.txt HTTP/1.1" 404 1181 "-" "Mozilla/5.0 (compatible; YandexBot/3.0; +http://yandex.com/bots)"
178.154.171.9 - - [31/Aug/2017:13:54:14 +0200] "GET /hirlevel/vonattal1412.html HTTP/1.1" 404 1181 "-" "Mozilla/5.0 (compatible; YandexBot/3.0; +http://yandex.com/bots)"
37.9.113.161 - - [31/Aug/2017:13:54:37 +0200] "GET /doc/meszaros.pdf HTTP/1.1" 404 1181 "-" "Mozilla/5.0 (compatible; YandexBot/3.0; +http://yandex.com/bots)"
66.249.73.64 - - [31/Aug/2017:13:55:07 +0200] "GET /doc/recs_konf_1103.pdf HTTP/1.1" 404 1181 "-" "Mozilla/5.0 (Linux; Android 6.0.1; Nexus 5X Build/MMB29P) AppleWebKit/537.36 (KHTML, like Gecko) Chrome/41.0.2272.96 Mobile Safari/537.36 (compatible; Googlebot/2.1; +http://www.google.com/bot.html)"
88.99.187.152 - - [31/Aug/2017:13:58:29 +0200] "GET / HTTP/1.1" 200 2023 "-" "WebyMon uptime monitor v1.1"
88.99.187.152 - - [31/Aug/2017:14:03:29 +0200] "GET / HTTP/1.1" 200 2023 "-" "WebyMon uptime monitor v1.1"
88.99.187.152 - - [31/Aug/2017:14:08:29 +0200] "GET / HTTP/1.1" 200 2023 "-" "WebyMon uptime monitor v1.1"
88.99.187.152 - - [31/Aug/2017:14:13:29 +0200] "GET / HTTP/1.1" 200 2023 "-" "WebyMon uptime monitor v1.1"
88.99.187.152 - - [31/Aug/2017:14:18:29 +0200] "GET / HTTP/1.1" 200 2023 "-" "WebyMon uptime monitor v1.1"
88.99.187.152 - - [31/Aug/2017:14:23:29 +0200] "GET / HTTP/1.1" 200 2023 "-" "WebyMon uptime monitor v1.1"
88.99.187.152 - - [31/Aug/2017:14:28:29 +0200] "GET / HTTP/1.1" 200 2023 "-" "WebyMon uptime monitor v1.1"
88.99.187.152 - - [31/Aug/2017:14:33:29 +0200] "GET / HTTP/1.1" 200 2023 "-" "WebyMon uptime monitor v1.1"
88.99.187.152 - - [31/Aug/2017:14:38:29 +0200] "GET / HTTP/1.1" 200 2023 "-" "WebyMon uptime monitor v1.1"
88.99.187.152 - - [31/Aug/2017:14:43:29 +0200] "GET / HTTP/1.1" 200 2023 "-" "WebyMon uptime monitor v1.1"
68.180.228.218 - - [31/Aug/2017:14:48:20 +0200] "GET /robots.txt HTTP/1.1" 404 1181 "-" "Mozilla/5.0 (compatible; Yahoo! Slurp; http://help.yahoo.com/help/us/ysearch/slurp)"
68.180.228.218 - - [31/Aug/2017:14:48:21 +0200] "GET /doc/jelentkezesi_urlap_a_palyamunka_melle.doc HTTP/1.1" 404 1181 "-" "Mozilla/5.0 (compatible; Yahoo! Slurp; http://help.yahoo.com/help/us/ysearch/slurp)"
88.99.187.152 - - [31/Aug/2017:14:48:29 +0200] "GET / HTTP/1.1" 200 2023 "-" "WebyMon uptime monitor v1.1"
216.244.66.246 - - [31/Aug/2017:14:51:53 +0200] "GET /robots.txt HTTP/1.1" 404 1181 "-" "Mozilla/5.0 (compatible; DotBot/1.1; http://www.opensiteexplorer.org/dotbot, help@moz.com)"
88.99.187.152 - - [31/Aug/2017:14:53:29 +0200] "GET / HTTP/1.1" 200 2023 "-" "WebyMon uptime monitor v1.1"
88.99.187.152 - - [31/Aug/2017:14:58:29 +0200] "GET / HTTP/1.1" 200 2023 "-" "WebyMon uptime monitor v1.1"
88.99.187.152 - - [31/Aug/2017:15:03:30 +0200] "GET / HTTP/1.1" 200 2023 "-" "WebyMon uptime monitor v1.1"
88.99.187.152 - - [31/Aug/2017:15:08:29 +0200] "GET / HTTP/1.1" 200 2023 "-" "WebyMon uptime monitor v1.1"
88.99.187.152 - - [31/Aug/2017:15:13:29 +0200] "GET / HTTP/1.1" 200 2023 "-" "WebyMon uptime monitor v1.1"
88.99.187.152 - - [31/Aug/2017:15:18:29 +0200] "GET / HTTP/1.1" 200 2023 "-" "WebyMon uptime monitor v1.1"
88.99.187.152 - - [31/Aug/2017:15:23:29 +0200] "GET / HTTP/1.1" 200 2023 "-" "WebyMon uptime monitor v1.1"
88.99.187.152 - - [31/Aug/2017:15:28:30 +0200] "GET / HTTP/1.1" 200 2023 "-" "WebyMon uptime monitor v1.1"
66.249.73.67 - - [31/Aug/2017:15:31:48 +0200] "GET /images/b2_2012_03_+terkepkep.pdf HTTP/1.1" 404 1181 "-" "Mozilla/5.0 (Linux; Android 6.0.1; Nexus 5X Build/MMB29P) AppleWebKit/537.36 (KHTML, like Gecko) Chrome/41.0.2272.96 Mobile Safari/537.36 (compatible; Googlebot/2.1; +http://www.google.com/bot.html)"
88.99.187.152 - - [31/Aug/2017:15:33:30 +0200] "GET / HTTP/1.1" 200 2023 "-" "WebyMon uptime monitor v1.1"
88.99.187.152 - - [31/Aug/2017:15:38:29 +0200] "GET / HTTP/1.1" 200 2023 "-" "WebyMon uptime monitor v1.1"
88.99.187.152 - - [31/Aug/2017:15:43:29 +0200] "GET / HTTP/1.1" 200 2023 "-" "WebyMon uptime monitor v1.1"
88.99.187.152 - - [31/Aug/2017:15:48:30 +0200] "GET / HTTP/1.1" 200 2023 "-" "WebyMon uptime monitor v1.1"
88.99.187.152 - - [31/Aug/2017:15:53:29 +0200] "GET / HTTP/1.1" 200 2023 "-" "WebyMon uptime monitor v1.1"
88.99.187.152 - - [31/Aug/2017:15:58:29 +0200] "GET / HTTP/1.1" 200 2023 "-" "WebyMon uptime monitor v1.1"
23.88.37.115 - - [31/Aug/2017:15:59:10 +0200] "GET / HTTP/1.1" 200 2023 "http://www.domain2008.com/domains/mkk.zpok.hu" "Mozilla/5.0 (compatible; MSIE 9.0; Windows NT 6.1; WOW64; Trident/5.0)"
54.76.17.53 - - [31/Aug/2017:16:02:03 +0200] "GET / HTTP/1.1" 200 2023 "-" "Mozilla/5.0 (compatible; YaK/1.0; http://linkfluence.com/; bot@linkfluence.com)"
88.99.187.152 - - [31/Aug/2017:16:03:29 +0200] "GET / HTTP/1.1" 200 2023 "-" "WebyMon uptime monitor v1.1"
216.244.66.246 - - [31/Aug/2017:16:06:08 +0200] "GET /hirlevel/vonattal1602.html HTTP/1.1" 404 1181 "-" "Mozilla/5.0 (compatible; DotBot/1.1; http://www.opensiteexplorer.org/dotbot, help@moz.com)"
88.99.187.152 - - [31/Aug/2017:16:08:29 +0200] "GET / HTTP/1.1" 200 2023 "-" "WebyMon uptime monitor v1.1"
157.55.39.123 - - [31/Aug/2017:16:09:11 +0200] "GET /doc/alapsz03.pdf HTTP/1.1" 200 6009944 "-" "Mozilla/5.0 (iPhone; CPU iPhone OS 7_0 like Mac OS X) AppleWebKit/537.51.1 (KHTML, like Gecko) Version/7.0 Mobile/11A465 Safari/9537.53 (compatible; bingbot/2.0; +http://www.bing.com/bingbot.htm)"
88.99.187.152 - - [31/Aug/2017:16:13:29 +0200] "GET / HTTP/1.1" 200 2023 "-" "WebyMon uptime monitor v1.1"
88.99.187.152 - - [31/Aug/2017:16:18:29 +0200] "GET / HTTP/1.1" 200 2023 "-" "WebyMon uptime monitor v1.1"
88.99.187.152 - - [31/Aug/2017:16:23:30 +0200] "GET / HTTP/1.1" 200 2023 "-" "WebyMon uptime monitor v1.1"
88.99.187.152 - - [31/Aug/2017:16:28:30 +0200] "GET / HTTP/1.1" 200 2023 "-" "WebyMon uptime monitor v1.1"
88.99.187.152 - - [31/Aug/2017:16:33:30 +0200] "GET / HTTP/1.1" 200 2023 "-" "WebyMon uptime monitor v1.1"
101.200.36.12 - - [31/Aug/2017:16:33:33 +0200] "GET / HTTP/1.1" 200 2023 "-" "-"
88.99.187.152 - - [31/Aug/2017:16:38:30 +0200] "GET / HTTP/1.1" 200 2023 "-" "WebyMon uptime monitor v1.1"
88.99.187.152 - - [31/Aug/2017:16:43:30 +0200] "GET / HTTP/1.1" 200 2023 "-" "WebyMon uptime monitor v1.1"
88.99.187.152 - - [31/Aug/2017:16:48:30 +0200] "GET / HTTP/1.1" 200 2023 "-" "WebyMon uptime monitor v1.1"
88.99.187.152 - - [31/Aug/2017:16:53:29 +0200] "GET / HTTP/1.1" 200 2023 "-" "WebyMon uptime monitor v1.1"
207.46.13.51 - - [31/Aug/2017:16:55:23 +0200] "GET /robots.txt HTTP/1.1" 404 1181 "-" "Mozilla/5.0 (compatible; bingbot/2.0; +http://www.bing.com/bingbot.htm)"
88.99.187.152 - - [31/Aug/2017:16:58:29 +0200] "GET / HTTP/1.1" 200 2023 "-" "WebyMon uptime monitor v1.1"
88.99.187.152 - - [31/Aug/2017:17:03:30 +0200] "GET / HTTP/1.1" 200 2023 "-" "WebyMon uptime monitor v1.1"
192.157.254.197 - - [31/Aug/2017:17:06:41 +0200] "HEAD / HTTP/1.1" 200 0 "https://www.inboundlinks.win/InboundLinks/mkk.zpok.hu" "Mozilla/5.0 (compatible; MSIE 9.0; Windows NT 6.1; WOW64; Trident/5.0)"
157.55.39.219 - - [31/Aug/2017:17:06:41 +0200] "GET /doc/kelenfold_1009.pdf HTTP/1.1" 404 1181 "-" "Mozilla/5.0 (compatible; bingbot/2.0; +http://www.bing.com/bingbot.htm)"
88.99.187.152 - - [31/Aug/2017:17:08:30 +0200] "GET / HTTP/1.1" 200 2023 "-" "WebyMon uptime monitor v1.1"
88.99.187.152 - - [31/Aug/2017:17:13:30 +0200] "GET / HTTP/1.1" 200 2023 "-" "WebyMon uptime monitor v1.1"
88.99.187.152 - - [31/Aug/2017:17:18:29 +0200] "GET / HTTP/1.1" 200 2023 "-" "WebyMon uptime monitor v1.1"
88.99.187.152 - - [31/Aug/2017:17:23:29 +0200] "GET / HTTP/1.1" 200 2023 "-" "WebyMon uptime monitor v1.1"
178.154.171.9 - - [31/Aug/2017:17:24:05 +0200] "GET /robots.txt HTTP/1.1" 404 1181 "-" "Mozilla/5.0 (compatible; YandexBot/3.0; +http://yandex.com/bots)"
178.154.171.9 - - [31/Aug/2017:17:24:08 +0200] "GET /doc/T&E_februar2009.pdf HTTP/1.1" 404 1181 "-" "Mozilla/5.0 (compatible; YandexBot/3.0; +http://yandex.com/bots)"
88.99.187.152 - - [31/Aug/2017:17:28:29 +0200] "GET / HTTP/1.1" 200 2023 "-" "WebyMon uptime monitor v1.1"
88.99.187.152 - - [31/Aug/2017:17:33:29 +0200] "GET / HTTP/1.1" 200 2023 "-" "WebyMon uptime monitor v1.1"
88.99.187.152 - - [31/Aug/2017:17:38:29 +0200] "GET / HTTP/1.1" 200 2023 "-" "WebyMon uptime monitor v1.1"
88.99.187.152 - - [31/Aug/2017:17:43:29 +0200] "GET / HTTP/1.1" 200 2023 "-" "WebyMon uptime monitor v1.1"
88.99.187.152 - - [31/Aug/2017:17:48:30 +0200] "GET / HTTP/1.1" 200 2023 "-" "WebyMon uptime monitor v1.1"
169.54.233.125 - - [31/Aug/2017:17:51:54 +0200] "GET / HTTP/1.1" 200 2023 "-" "-"
88.99.187.152 - - [31/Aug/2017:17:53:29 +0200] "GET / HTTP/1.1" 200 2023 "-" "WebyMon uptime monitor v1.1"
131.253.27.156 - - [31/Aug/2017:17:56:51 +0200] "GET /doc/alapsz03.pdf HTTP/1.1" 200 4308992 "-" "Mozilla/5.0 (iPhone; CPU iPhone OS 7_0 like Mac OS X) AppleWebKit/537.51.1 (KHTML, like Gecko) Version/7.0 Mobile/11A465 Safari/9537.53 BingPreview/1.0b"
88.99.187.152 - - [31/Aug/2017:17:58:30 +0200] "GET / HTTP/1.1" 200 2023 "-" "WebyMon uptime monitor v1.1"
88.99.187.152 - - [31/Aug/2017:18:03:29 +0200] "GET / HTTP/1.1" 200 2023 "-" "WebyMon uptime monitor v1.1"
216.244.66.245 - - [31/Aug/2017:18:05:06 +0200] "GET /robots.txt HTTP/1.1" 404 1181 "-" "Mozilla/5.0 (compatible; DotBot/1.1; http://www.opensiteexplorer.org/dotbot, help@moz.com)"
88.99.187.152 - - [31/Aug/2017:18:08:29 +0200] "GET / HTTP/1.1" 200 2023 "-" "WebyMon uptime monitor v1.1"
88.99.187.152 - - [31/Aug/2017:18:13:29 +0200] "GET / HTTP/1.1" 200 2023 "-" "WebyMon uptime monitor v1.1"
88.99.187.152 - - [31/Aug/2017:18:18:30 +0200] "GET / HTTP/1.1" 200 2023 "-" "WebyMon uptime monitor v1.1"
66.249.65.157 - - [31/Aug/2017:18:19:26 +0200] "GET /doc/varos-videk_2009.pdf HTTP/1.1" 304 - "-" "Mozilla/5.0 (compatible; Googlebot/2.1; +http://www.google.com/bot.html)"
88.99.187.152 - - [31/Aug/2017:18:23:30 +0200] "GET / HTTP/1.1" 200 2023 "-" "WebyMon uptime monitor v1.1"
216.244.66.245 - - [31/Aug/2017:18:25:12 +0200] "GET /doc/allomasok_kepes_osszefoglaloja.pdf HTTP/1.1" 200 2198992 "-" "Mozilla/5.0 (compatible; DotBot/1.1; http://www.opensiteexplorer.org/dotbot, help@moz.com)"
88.99.187.152 - - [31/Aug/2017:18:28:30 +0200] "GET / HTTP/1.1" 200 2023 "-" "WebyMon uptime monitor v1.1"
88.99.187.152 - - [31/Aug/2017:18:33:29 +0200] "GET / HTTP/1.1" 200 2023 "-" "WebyMon uptime monitor v1.1"
157.55.39.55 - - [31/Aug/2017:18:34:52 +0200] "GET / HTTP/1.1" 200 2023 "-" "Mozilla/5.0 (compatible; bingbot/2.0; +http://www.bing.com/bingbot.htm)"
88.99.187.152 - - [31/Aug/2017:18:38:29 +0200] "GET / HTTP/1.1" 200 2023 "-" "WebyMon uptime monitor v1.1"
88.99.187.152 - - [31/Aug/2017:18:43:30 +0200] "GET / HTTP/1.1" 200 2023 "-" "WebyMon uptime monitor v1.1"
88.99.187.152 - - [31/Aug/2017:18:48:30 +0200] "GET / HTTP/1.1" 200 2023 "-" "WebyMon uptime monitor v1.1"
88.99.187.152 - - [31/Aug/2017:18:53:29 +0200] "GET / HTTP/1.1" 200 2023 "-" "WebyMon uptime monitor v1.1"
88.99.187.152 - - [31/Aug/2017:18:58:29 +0200] "GET / HTTP/1.1" 200 2023 "-" "WebyMon uptime monitor v1.1"
88.99.187.152 - - [31/Aug/2017:19:03:29 +0200] "GET / HTTP/1.1" 200 2023 "-" "WebyMon uptime monitor v1.1"
162.210.196.97 - - [31/Aug/2017:19:07:19 +0200] "GET /robots.txt HTTP/1.1" 404 1181 "-" "Mozilla/5.0 (compatible; MJ12bot/v1.4.8; http://mj12bot.com/)"
162.210.196.97 - - [31/Aug/2017:19:07:20 +0200] "GET / HTTP/1.1" 200 2023 "-" "Mozilla/5.0 (compatible; MJ12bot/v1.4.8; http://mj12bot.com/)"
88.99.187.152 - - [31/Aug/2017:19:08:29 +0200] "GET / HTTP/1.1" 200 2023 "-" "WebyMon uptime monitor v1.1"
84.3.30.211 - - [31/Aug/2017:19:09:45 +0200] "GET / HTTP/1.1" 200 2023 "https://www.google.hu/" "Mozilla/5.0 (Linux; Android 5.1.1; SAMSUNG SM-G531F Build/LMY48B) AppleWebKit/537.36 (KHTML, like Gecko) SamsungBrowser/3.3 Chrome/38.0.2125.102 Mobile Safari/537.36"
84.3.30.211 - - [31/Aug/2017:19:09:45 +0200] "GET /blog.jpg HTTP/1.1" 200 29833 "http://www.mkk.zpok.hu/" "Mozilla/5.0 (Linux; Android 5.1.1; SAMSUNG SM-G531F Build/LMY48B) AppleWebKit/537.36 (KHTML, like Gecko) SamsungBrowser/3.3 Chrome/38.0.2125.102 Mobile Safari/537.36"
84.3.30.211 - - [31/Aug/2017:19:09:45 +0200] "GET /facebook-logo-preview.png HTTP/1.1" 200 3924 "http://www.mkk.zpok.hu/" "Mozilla/5.0 (Linux; Android 5.1.1; SAMSUNG SM-G531F Build/LMY48B) AppleWebKit/537.36 (KHTML, like Gecko) SamsungBrowser/3.3 Chrome/38.0.2125.102 Mobile Safari/537.36"
84.3.30.211 - - [31/Aug/2017:19:09:45 +0200] "GET /mkk_banner.png HTTP/1.1" 200 62097 "http://www.mkk.zpok.hu/" "Mozilla/5.0 (Linux; Android 5.1.1; SAMSUNG SM-G531F Build/LMY48B) AppleWebKit/537.36 (KHTML, like Gecko) SamsungBrowser/3.3 Chrome/38.0.2125.102 Mobile Safari/537.36"
84.3.30.211 - - [31/Aug/2017:19:09:47 +0200] "GET /favicon.ico HTTP/1.1" 404 1181 "-" "Mozilla/5.0 (Linux; Android 5.1.1; SAMSUNG SM-G531F Build/LMY48B) AppleWebKit/537.36 (KHTML, like Gecko) SamsungBrowser/3.3 Chrome/38.0.2125.102 Mobile Safari/537.36"
88.99.187.152 - - [31/Aug/2017:19:13:29 +0200] "GET / HTTP/1.1" 200 2023 "-" "WebyMon uptime monitor v1.1"
37.9.113.161 - - [31/Aug/2017:19:15:54 +0200] "GET /doc/kozh03.pdf HTTP/1.1" 404 1181 "-" "Mozilla/5.0 (compatible; YandexBot/3.0; +http://yandex.com/bots)"
88.99.187.152 - - [31/Aug/2017:19:18:29 +0200] "GET / HTTP/1.1" 200 2023 "-" "WebyMon uptime monitor v1.1"
66.249.65.156 - - [31/Aug/2017:19:22:54 +0200] "GET / HTTP/1.1" 304 - "-" "Mozilla/5.0 (compatible; Googlebot/2.1; +http://www.google.com/bot.html)"
88.99.187.152 - - [31/Aug/2017:19:23:29 +0200] "GET / HTTP/1.1" 200 2023 "-" "WebyMon uptime monitor v1.1"
88.99.187.152 - - [31/Aug/2017:19:28:29 +0200] "GET / HTTP/1.1" 200 2023 "-" "WebyMon uptime monitor v1.1"
88.99.187.152 - - [31/Aug/2017:19:33:29 +0200] "GET / HTTP/1.1" 200 2023 "-" "WebyMon uptime monitor v1.1"
88.99.187.152 - - [31/Aug/2017:19:38:28 +0200] "GET / HTTP/1.1" 200 2023 "-" "WebyMon uptime monitor v1.1"
66.249.73.92 - - [31/Aug/2017:19:38:39 +0200] "GET /robots.txt HTTP/1.1" 404 1181 "-" "Mozilla/5.0 (compatible; Googlebot/2.1; +http://www.google.com/bot.html)"
66.249.73.88 - - [31/Aug/2017:19:38:48 +0200] "GET /doc/alapsz03.pdf HTTP/1.1" 200 6009944 "-" "Mozilla/5.0 (compatible; Googlebot/2.1; +http://www.google.com/bot.html)"
88.99.187.152 - - [31/Aug/2017:19:43:29 +0200] "GET / HTTP/1.1" 200 2023 "-" "WebyMon uptime monitor v1.1"
88.99.187.152 - - [31/Aug/2017:19:48:29 +0200] "GET / HTTP/1.1" 200 2023 "-" "WebyMon uptime monitor v1.1"
88.99.187.152 - - [31/Aug/2017:19:53:29 +0200] "GET / HTTP/1.1" 200 2023 "-" "WebyMon uptime monitor v1.1"
88.99.187.152 - - [31/Aug/2017:19:58:29 +0200] "GET / HTTP/1.1" 200 2023 "-" "WebyMon uptime monitor v1.1"
178.154.171.9 - - [31/Aug/2017:20:02:16 +0200] "GET /robots.txt HTTP/1.1" 404 1181 "-" "Mozilla/5.0 (compatible; YandexBot/3.0; +http://yandex.com/bots)"
178.154.171.9 - - [31/Aug/2017:20:02:20 +0200] "GET /doc/sikeres_varos.pdf HTTP/1.1" 404 1181 "-" "Mozilla/5.0 (compatible; YandexBot/3.0; +http://yandex.com/bots)"
88.99.187.152 - - [31/Aug/2017:20:03:29 +0200] "GET / HTTP/1.1" 200 2023 "-" "WebyMon uptime monitor v1.1"
88.99.187.152 - - [31/Aug/2017:20:08:29 +0200] "GET / HTTP/1.1" 200 2023 "-" "WebyMon uptime monitor v1.1"
66.249.65.156 - - [31/Aug/2017:20:09:25 +0200] "GET /robots.txt HTTP/1.1" 404 1181 "-" "Mozilla/5.0 (compatible; Googlebot/2.1; +http://www.google.com/bot.html)"
66.249.65.157 - - [31/Aug/2017:20:09:25 +0200] "GET / HTTP/1.1" 304 - "-" "Mozilla/5.0 (compatible; Googlebot/2.1; +http://www.google.com/bot.html)"
77.111.91.248 - - [31/Aug/2017:20:13:17 +0200] "GET / HTTP/1.1" 200 2023 "-" "Mozilla/5.0 (Windows NT 6.1; Win64; x64) AppleWebKit/537.36 (KHTML, like Gecko) Chrome/60.0.3112.101 Safari/537.36"
88.99.187.152 - - [31/Aug/2017:20:13:29 +0200] "GET / HTTP/1.1" 200 2023 "-" "WebyMon uptime monitor v1.1"
88.99.187.152 - - [31/Aug/2017:20:18:29 +0200] "GET / HTTP/1.1" 200 2023 "-" "WebyMon uptime monitor v1.1"
84.3.30.211 - - [31/Aug/2017:20:20:58 +0200] "GET /favicon.ico HTTP/1.1" 404 1181 "-" "Mozilla/5.0 (Linux; Android 5.1.1; SAMSUNG SM-G531F Build/LMY48B) AppleWebKit/537.36 (KHTML, like Gecko) SamsungBrowser/3.3 Chrome/38.0.2125.102 Mobile Safari/537.36"
88.99.187.152 - - [31/Aug/2017:20:23:29 +0200] "GET / HTTP/1.1" 200 2023 "-" "WebyMon uptime monitor v1.1"
37.9.113.161 - - [31/Aug/2017:20:23:51 +0200] "GET /doc/kommunike_2011.pdf HTTP/1.1" 404 1181 "-" "Mozilla/5.0 (compatible; YandexBot/3.0; +http://yandex.com/bots)"
88.99.187.152 - - [31/Aug/2017:20:28:29 +0200] "GET / HTTP/1.1" 200 2023 "-" "WebyMon uptime monitor v1.1"
95.108.213.10 - - [31/Aug/2017:20:30:48 +0200] "GET /doc/ipoly_201109.pdf HTTP/1.1" 404 1181 "-" "Mozilla/5.0 (compatible; YandexBot/3.0; +http://yandex.com/bots)"
88.99.187.152 - - [31/Aug/2017:20:33:29 +0200] "GET / HTTP/1.1" 200 2023 "-" "WebyMon uptime monitor v1.1"
88.99.187.152 - - [31/Aug/2017:20:38:28 +0200] "GET / HTTP/1.1" 200 2023 "-" "WebyMon uptime monitor v1.1"
217.69.133.234 - - [31/Aug/2017:20:40:27 +0200] "GET /robots.txt HTTP/1.0" 404 1181 "-" "Mozilla/5.0 (compatible; Linux x86_64; Mail.RU_Bot/2.0; +http://go.mail.ru/help/robots)"
217.69.133.234 - - [31/Aug/2017:20:40:44 +0200] "GET /robots.txt HTTP/1.0" 404 1181 "-" "Mozilla/5.0 (compatible; Linux x86_64; Mail.RU_Bot/2.0; +http://go.mail.ru/help/robots)"
217.69.133.238 - - [31/Aug/2017:20:40:57 +0200] "GET /doc/mkk_allasfogl_vdszsz_20120608.pdf HTTP/1.1" 404 1181 "-" "Mozilla/5.0 (compatible; Linux x86_64; Mail.RU_Bot/2.0; +http://go.mail.ru/help/robots)"
217.69.133.236 - - [31/Aug/2017:20:41:11 +0200] "GET /hirlevel/szentgotthard_1109.pdf HTTP/1.1" 404 1181 "-" "Mozilla/5.0 (compatible; Linux x86_64; Mail.RU_Bot/2.0; +http://go.mail.ru/help/robots)"
88.99.187.152 - - [31/Aug/2017:20:43:30 +0200] "GET / HTTP/1.1" 200 2023 "-" "WebyMon uptime monitor v1.1"
88.99.187.152 - - [31/Aug/2017:20:48:30 +0200] "GET / HTTP/1.1" 200 2023 "-" "WebyMon uptime monitor v1.1"
66.249.65.156 - - [31/Aug/2017:20:53:02 +0200] "GET /doc/allomasok_kepes_osszefoglaloja.pdf HTTP/1.1" 304 - "-" "Mozilla/5.0 (compatible; Googlebot/2.1; +http://www.google.com/bot.html)"
88.99.187.152 - - [31/Aug/2017:20:53:29 +0200] "GET / HTTP/1.1" 200 2023 "-" "WebyMon uptime monitor v1.1"
206.47.249.247 - - [31/Aug/2017:20:57:49 +0200] "GET /doc/b2_2010.pdf HTTP/1.1" 404 1181 "https://en.wikipedia.org/" "Mozilla/5.0 (Windows NT 6.1; Win64; x64) AppleWebKit/537.36 (KHTML, like Gecko) Chrome/60.0.3112.113 Safari/537.36"
206.47.249.247 - - [31/Aug/2017:20:57:49 +0200] "GET /favicon.ico HTTP/1.1" 404 1181 "http://mkk.zpok.hu/doc/b2_2010.pdf" "Mozilla/5.0 (Windows NT 6.1; Win64; x64) AppleWebKit/537.36 (KHTML, like Gecko) Chrome/60.0.3112.113 Safari/537.36"
88.99.187.152 - - [31/Aug/2017:20:58:30 +0200] "GET / HTTP/1.1" 200 2023 "-" "WebyMon uptime monitor v1.1"
88.99.187.152 - - [31/Aug/2017:21:03:30 +0200] "GET / HTTP/1.1" 200 2023 "-" "WebyMon uptime monitor v1.1"
5.45.207.36 - - [31/Aug/2017:21:04:09 +0200] "GET /hirlevel/vonattal1207.htm HTTP/1.1" 404 1181 "-" "Mozilla/5.0 (compatible; YandexBot/3.0; +http://yandex.com/bots)"
88.99.187.152 - - [31/Aug/2017:21:08:30 +0200] "GET / HTTP/1.1" 200 2023 "-" "WebyMon uptime monitor v1.1"
88.99.187.152 - - [31/Aug/2017:21:13:29 +0200] "GET / HTTP/1.1" 200 2023 "-" "WebyMon uptime monitor v1.1"
88.99.187.152 - - [31/Aug/2017:21:18:29 +0200] "GET / HTTP/1.1" 200 2023 "-" "WebyMon uptime monitor v1.1"
88.99.187.152 - - [31/Aug/2017:21:23:30 +0200] "GET / HTTP/1.1" 200 2023 "-" "WebyMon uptime monitor v1.1"
5.45.207.89 - - [31/Aug/2017:21:25:46 +0200] "GET /hirlevel/images/1004b.jpg HTTP/1.1" 404 1181 "-" "Mozilla/5.0 (compatible; YandexBot/3.0; +http://yandex.com/bots)"
87.250.224.76 - - [31/Aug/2017:21:25:49 +0200] "GET /hirlevel/vasuttal0707.htm HTTP/1.1" 404 1181 "-" "Mozilla/5.0 (compatible; YandexBot/3.0; +http://yandex.com/bots)"
5.45.207.45 - - [31/Aug/2017:21:28:25 +0200] "GET /hirlevel/images/1107-n_c.jpg HTTP/1.1" 404 1181 "-" "Mozilla/5.0 (compatible; YandexBot/3.0; +http://yandex.com/bots)"
88.99.187.152 - - [31/Aug/2017:21:28:30 +0200] "GET / HTTP/1.1" 200 2023 "-" "WebyMon uptime monitor v1.1"
88.99.187.152 - - [31/Aug/2017:21:33:30 +0200] "GET / HTTP/1.1" 200 2023 "-" "WebyMon uptime monitor v1.1"
88.99.187.152 - - [31/Aug/2017:21:38:30 +0200] "GET / HTTP/1.1" 200 2023 "-" "WebyMon uptime monitor v1.1"
141.8.142.10 - - [31/Aug/2017:21:40:31 +0200] "GET /hirlevel/images/1208_gadoros.jpg HTTP/1.1" 404 1181 "-" "Mozilla/5.0 (compatible; YandexBot/3.0; +http://yandex.com/bots)"
88.99.187.152 - - [31/Aug/2017:21:43:30 +0200] "GET / HTTP/1.1" 200 2023 "-" "WebyMon uptime monitor v1.1"
145.236.38.84 - - [31/Aug/2017:21:46:50 +0200] "GET / HTTP/1.1" 200 2023 "https://www.google.hu/" "Mozilla/5.0 (Windows NT 10.0; Win64; x64) AppleWebKit/537.36 (KHTML, like Gecko) Chrome/60.0.3112.113 Safari/537.36"
145.236.38.84 - - [31/Aug/2017:21:46:50 +0200] "GET /blog.jpg HTTP/1.1" 200 29833 "http://www.mkk.zpok.hu/" "Mozilla/5.0 (Windows NT 10.0; Win64; x64) AppleWebKit/537.36 (KHTML, like Gecko) Chrome/60.0.3112.113 Safari/537.36"
145.236.38.84 - - [31/Aug/2017:21:46:50 +0200] "GET /facebook-logo-preview.png HTTP/1.1" 200 3924 "http://www.mkk.zpok.hu/" "Mozilla/5.0 (Windows NT 10.0; Win64; x64) AppleWebKit/537.36 (KHTML, like Gecko) Chrome/60.0.3112.113 Safari/537.36"
145.236.38.84 - - [31/Aug/2017:21:46:50 +0200] "GET /mkk_banner.png HTTP/1.1" 200 62097 "http://www.mkk.zpok.hu/" "Mozilla/5.0 (Windows NT 10.0; Win64; x64) AppleWebKit/537.36 (KHTML, like Gecko) Chrome/60.0.3112.113 Safari/537.36"
145.236.38.84 - - [31/Aug/2017:21:46:51 +0200] "GET /favicon.ico HTTP/1.1" 404 1181 "http://www.mkk.zpok.hu/" "Mozilla/5.0 (Windows NT 10.0; Win64; x64) AppleWebKit/537.36 (KHTML, like Gecko) Chrome/60.0.3112.113 Safari/537.36"
88.99.187.152 - - [31/Aug/2017:21:48:29 +0200] "GET / HTTP/1.1" 200 2023 "-" "WebyMon uptime monitor v1.1"
87.250.224.118 - - [31/Aug/2017:21:49:53 +0200] "GET /hirlevel/sajtonyilatkozat_tersegivasutak_1110.pdf HTTP/1.1" 404 1181 "-" "Mozilla/5.0 (compatible; YandexBot/3.0; +http://yandex.com/bots)"
88.99.187.152 - - [31/Aug/2017:21:53:29 +0200] "GET / HTTP/1.1" 200 2023 "-" "WebyMon uptime monitor v1.1"
178.154.171.74 - - [31/Aug/2017:21:56:24 +0200] "GET /hirlevel/vonattal1504.html HTTP/1.1" 404 1181 "-" "Mozilla/5.0 (compatible; YandexBot/3.0; +http://yandex.com/bots)"
88.99.187.152 - - [31/Aug/2017:21:58:29 +0200] "GET / HTTP/1.1" 200 2023 "-" "WebyMon uptime monitor v1.1"
141.8.142.99 - - [31/Aug/2017:22:00:35 +0200] "GET /doc/ombudsman_0711.pdf HTTP/1.1" 404 1181 "-" "Mozilla/5.0 (compatible; YandexBot/3.0; +http://yandex.com/bots)"
88.99.187.152 - - [31/Aug/2017:22:03:29 +0200] "GET / HTTP/1.1" 200 2023 "-" "WebyMon uptime monitor v1.1"
88.99.187.152 - - [31/Aug/2017:22:08:29 +0200] "GET / HTTP/1.1" 200 2023 "-" "WebyMon uptime monitor v1.1"
87.250.224.39 - - [31/Aug/2017:22:09:18 +0200] "GET /doc/kozh04.pdf HTTP/1.1" 404 1181 "-" "Mozilla/5.0 (compatible; YandexBot/3.0; +http://yandex.com/bots)"
37.9.113.61 - - [31/Aug/2017:22:11:07 +0200] "GET /hirlevel/images/_1208_ludas.jpg HTTP/1.1" 404 1181 "-" "Mozilla/5.0 (compatible; YandexBot/3.0; +http://yandex.com/bots)"
88.99.187.152 - - [31/Aug/2017:22:13:29 +0200] "GET / HTTP/1.1" 200 2023 "-" "WebyMon uptime monitor v1.1"
178.154.171.9 - - [31/Aug/2017:22:15:47 +0200] "GET /robots.txt HTTP/1.1" 404 1181 "-" "Mozilla/5.0 (compatible; YandexBot/3.0; +http://yandex.com/bots)"
178.154.171.9 - - [31/Aug/2017:22:15:51 +0200] "GET /hirlevel/vasuttal0711.htm HTTP/1.1" 404 1181 "-" "Mozilla/5.0 (compatible; YandexBot/3.0; +http://yandex.com/bots)"
88.99.187.152 - - [31/Aug/2017:22:18:29 +0200] "GET / HTTP/1.1" 200 2023 "-" "WebyMon uptime monitor v1.1"
88.99.187.152 - - [31/Aug/2017:22:23:30 +0200] "GET / HTTP/1.1" 200 2023 "-" "WebyMon uptime monitor v1.1"
66.249.65.156 - - [31/Aug/2017:22:25:05 +0200] "GET /doc/varos-videk_2009.pdf HTTP/1.1" 304 - "-" "Mozilla/5.0 (compatible; Googlebot/2.1; +http://www.google.com/bot.html)"
66.249.73.67 - - [31/Aug/2017:22:25:34 +0200] "GET /doc/ttft.pdf HTTP/1.1" 304 - "-" "Mozilla/5.0 (compatible; Googlebot/2.1; +http://www.google.com/bot.html)"
37.9.113.161 - - [31/Aug/2017:22:26:53 +0200] "GET /hirlevel/images/vonattal.swf HTTP/1.1" 404 1181 "-" "Mozilla/5.0 (compatible; YandexBot/3.0; +http://yandex.com/bots)"
88.99.187.152 - - [31/Aug/2017:22:28:29 +0200] "GET / HTTP/1.1" 200 2023 "-" "WebyMon uptime monitor v1.1"
88.99.187.152 - - [31/Aug/2017:22:33:29 +0200] "GET / HTTP/1.1" 200 2023 "-" "WebyMon uptime monitor v1.1"
95.108.213.10 - - [31/Aug/2017:22:34:09 +0200] "GET /doc/meszaros_peter.ppt HTTP/1.1" 404 1181 "-" "Mozilla/5.0 (compatible; YandexBot/3.0; +http://yandex.com/bots)"
88.99.187.152 - - [31/Aug/2017:22:38:29 +0200] "GET / HTTP/1.1" 200 2023 "-" "WebyMon uptime monitor v1.1"
88.99.187.152 - - [31/Aug/2017:22:43:29 +0200] "GET / HTTP/1.1" 200 2023 "-" "WebyMon uptime monitor v1.1"
66.249.73.94 - - [31/Aug/2017:22:45:26 +0200] "GET /doc/eletet-a-vasutnak.pdf HTTP/1.1" 304 - "-" "Mozilla/5.0 (compatible; Googlebot/2.1; +http://www.google.com/bot.html)"
88.99.187.152 - - [31/Aug/2017:22:48:29 +0200] "GET / HTTP/1.1" 200 2023 "-" "WebyMon uptime monitor v1.1"
5.45.207.36 - - [31/Aug/2017:22:49:41 +0200] "GET / HTTP/1.1" 200 2023 "-" "Mozilla/5.0 (compatible; YandexBot/3.0; +http://yandex.com/bots)"
66.249.65.154 - - [31/Aug/2017:22:51:44 +0200] "GET / HTTP/1.1" 200 2023 "-" "Mozilla/5.0 (Linux; Android 6.0.1; Nexus 5X Build/MMB29P) AppleWebKit/537.36 (KHTML, like Gecko) Chrome/41.0.2272.96 Mobile Safari/537.36 (compatible; Googlebot/2.1; +http://www.google.com/bot.html)"
88.99.187.152 - - [31/Aug/2017:22:53:28 +0200] "GET / HTTP/1.1" 200 2023 "-" "WebyMon uptime monitor v1.1"
207.46.13.51 - - [31/Aug/2017:22:54:51 +0200] "GET /hirlevel/vonattal1605.html HTTP/1.1" 404 1181 "-" "Mozilla/5.0 (iPhone; CPU iPhone OS 7_0 like Mac OS X) AppleWebKit/537.51.1 (KHTML, like Gecko) Version/7.0 Mobile/11A465 Safari/9537.53 (compatible; bingbot/2.0; +http://www.bing.com/bingbot.htm)"
88.99.187.152 - - [31/Aug/2017:22:58:29 +0200] "GET / HTTP/1.1" 200 2023 "-" "WebyMon uptime monitor v1.1"
88.99.187.152 - - [31/Aug/2017:23:03:29 +0200] "GET / HTTP/1.1" 200 2023 "-" "WebyMon uptime monitor v1.1"
88.99.187.152 - - [31/Aug/2017:23:08:29 +0200] "GET / HTTP/1.1" 200 2023 "-" "WebyMon uptime monitor v1.1"
88.99.187.152 - - [31/Aug/2017:23:13:29 +0200] "GET / HTTP/1.1" 200 2023 "-" "WebyMon uptime monitor v1.1"
37.187.78.81 - - [31/Aug/2017:23:16:15 +0200] "GET / HTTP/1.1" 200 2023 "-" "Mozilla/5.0 (Windows NT 6.1; Trident/7.0; rv:11.0) like Gecko"
88.99.187.152 - - [31/Aug/2017:23:18:29 +0200] "GET / HTTP/1.1" 200 2023 "-" "WebyMon uptime monitor v1.1"
180.76.15.7 - - [31/Aug/2017:23:21:08 +0200] "GET /robots.txt HTTP/1.1" 404 1181 "-" "Mozilla/5.0 (Windows NT 5.1; rv:6.0.2) Gecko/20100101 Firefox/6.0.2"
180.76.15.33 - - [31/Aug/2017:23:21:23 +0200] "GET /robots.txt HTTP/1.1" 404 1181 "-" "Mozilla/5.0 (Windows NT 5.1; rv:6.0.2) Gecko/20100101 Firefox/6.0.2"
88.99.187.152 - - [31/Aug/2017:23:23:30 +0200] "GET / HTTP/1.1" 200 2023 "-" "WebyMon uptime monitor v1.1"
180.76.15.33 - - [31/Aug/2017:23:26:23 +0200] "GET / HTTP/1.1" 200 2023 "-" "Mozilla/5.0 (compatible; Baiduspider/2.0; +http://www.baidu.com/search/spider.html)"
88.99.187.152 - - [31/Aug/2017:23:28:29 +0200] "GET / HTTP/1.1" 200 2023 "-" "WebyMon uptime monitor v1.1"
88.99.187.152 - - [31/Aug/2017:23:33:30 +0200] "GET / HTTP/1.1" 200 2023 "-" "WebyMon uptime monitor v1.1"
88.99.187.152 - - [31/Aug/2017:23:38:30 +0200] "GET / HTTP/1.1" 200 2023 "-" "WebyMon uptime monitor v1.1"
88.99.187.152 - - [31/Aug/2017:23:43:29 +0200] "GET / HTTP/1.1" 200 2023 "-" "WebyMon uptime monitor v1.1"
34.253.16.185 - - [31/Aug/2017:23:45:14 +0200] "GET /robots.txt HTTP/1.1" 404 1181 "-" "Barkrowler 0.1.6"
34.253.16.185 - - [31/Aug/2017:23:45:14 +0200] "GET / HTTP/1.1" 200 2023 "-" "Barkrowler 0.1.6"
88.99.187.152 - - [31/Aug/2017:23:48:29 +0200] "GET / HTTP/1.1" 200 2023 "-" "WebyMon uptime monitor v1.1"
217.69.133.237 - - [31/Aug/2017:23:49:56 +0200] "GET /robots.txt HTTP/1.0" 404 1181 "-" "Mozilla/5.0 (compatible; Linux x86_64; Mail.RU_Bot/2.0; +http://go.mail.ru/help/robots)"
217.69.133.237 - - [31/Aug/2017:23:50:19 +0200] "GET /hirlevel/rakosmente_1109.pdf HTTP/1.1" 404 1181 "-" "Mozilla/5.0 (compatible; Linux x86_64; Mail.RU_Bot/2.0; +http://go.mail.ru/help/robots)"
88.99.187.152 - - [31/Aug/2017:23:53:29 +0200] "GET / HTTP/1.1" 200 2023 "-" "WebyMon uptime monitor v1.1"
88.99.187.152 - - [31/Aug/2017:23:58:29 +0200] "GET / HTTP/1.1" 200 2023 "-" "WebyMon uptime monitor v1.1"