88.99.187.152 - - [30/Aug/2017:23:49:06 +0200] "GET / HTTP/1.1" 200 2023 "-" "WebyMon uptime monitor v1.1"
88.99.187.152 - - [30/Aug/2017:23:54:07 +0200] "GET / HTTP/1.1" 200 2023 "-" "WebyMon uptime monitor v1.1"
66.249.73.94 - - [30/Aug/2017:23:54:23 +0200] "GET /doc/tande_1103-4.pdf HTTP/1.1" 404 1181 "-" "Mozilla/5.0 (Linux; Android 6.0.1; Nexus 5X Build/MMB29P) AppleWebKit/537.36 (KHTML, like Gecko) Chrome/41.0.2272.96 Mobile Safari/537.36 (compatible; Googlebot/2.1; +http://www.google.com/bot.html)"
88.99.187.152 - - [30/Aug/2017:23:59:06 +0200] "GET / HTTP/1.1" 200 2023 "-" "WebyMon uptime monitor v1.1"
88.99.187.152 - - [31/Aug/2017:00:04:06 +0200] "GET / HTTP/1.1" 200 2023 "-" "WebyMon uptime monitor v1.1"
88.99.187.152 - - [31/Aug/2017:00:09:06 +0200] "GET / HTTP/1.1" 200 2023 "-" "WebyMon uptime monitor v1.1"
40.77.177.204 - - [31/Aug/2017:00:11:26 +0200] "GET /doc/allomasok_kepes_osszefoglaloja.pdf HTTP/1.1" 200 4328372 "-" "Mozilla/5.0 (iPhone; CPU iPhone OS 7_0 like Mac OS X) AppleWebKit/537.51.1 (KHTML, like Gecko) Version/7.0 Mobile/11A465 Safari/9537.53 BingPreview/1.0b"
88.99.187.152 - - [31/Aug/2017:00:14:07 +0200] "GET / HTTP/1.1" 200 2023 "-" "WebyMon uptime monitor v1.1"
88.99.187.152 - - [31/Aug/2017:00:19:06 +0200] "GET / HTTP/1.1" 200 2023 "-" "WebyMon uptime monitor v1.1"
40.77.167.77 - - [31/Aug/2017:00:21:53 +0200] "GET /doc/hatarmenti_infrastruktura.pdf HTTP/1.1" 404 1181 "-" "Mozilla/5.0 (iPhone; CPU iPhone OS 7_0 like Mac OS X) AppleWebKit/537.51.1 (KHTML, like Gecko) Version/7.0 Mobile/11A465 Safari/9537.53 (compatible; bingbot/2.0; +http://www.bing.com/bingbot.htm)"
88.99.187.152 - - [31/Aug/2017:00:24:06 +0200] "GET / HTTP/1.1" 200 2023 "-" "WebyMon uptime monitor v1.1"
157.55.39.219 - - [31/Aug/2017:00:27:38 +0200] "GET /doc/andreas_geissler.ppt HTTP/1.1" 404 1181 "-" "Mozilla/5.0 (iPhone; CPU iPhone OS 7_0 like Mac OS X) AppleWebKit/537.51.1 (KHTML, like Gecko) Version/7.0 Mobile/11A465 Safari/9537.53 (compatible; bingbot/2.0; +http://www.bing.com/bingbot.htm)"
88.99.187.152 - - [31/Aug/2017:00:29:07 +0200] "GET / HTTP/1.1" 200 2023 "-" "WebyMon uptime monitor v1.1"
88.99.187.152 - - [31/Aug/2017:00:33:28 +0200] "GET / HTTP/1.1" 200 2023 "-" "WebyMon uptime monitor v1.1"
85.25.210.234 - - [31/Aug/2017:00:37:22 +0200] "GET /robots.txt HTTP/1.1" 404 1181 "-" "Mozilla/5.0 (compatible; seoscanners.net/1; +spider@seoscanners.net)"
85.25.210.234 - - [31/Aug/2017:00:37:22 +0200] "GET /icons/icons_k/4.png HTTP/1.1" 200 5935 "-" "Mozilla/5.0 (compatible; seoscanners.net/1; +spider@seoscanners.net)"
66.249.65.156 - - [31/Aug/2017:00:38:23 +0200] "GET / HTTP/1.1" 304 - "-" "Mozilla/5.0 (compatible; Googlebot/2.1; +http://www.google.com/bot.html)"
88.99.187.152 - - [31/Aug/2017:00:38:29 +0200] "GET / HTTP/1.1" 200 2023 "-" "WebyMon uptime monitor v1.1"
88.99.187.152 - - [31/Aug/2017:00:43:29 +0200] "GET / HTTP/1.1" 200 2023 "-" "WebyMon uptime monitor v1.1"
66.249.65.154 - - [31/Aug/2017:00:44:36 +0200] "GET /doc/belepesinyilatkozat.pdf HTTP/1.1" 200 403937 "-" "Mozilla/5.0 (Linux; Android 6.0.1; Nexus 5X Build/MMB29P) AppleWebKit/537.36 (KHTML, like Gecko) Chrome/41.0.2272.96 Mobile Safari/537.36 (compatible; Googlebot/2.1; +http://www.google.com/bot.html)"
88.99.187.152 - - [31/Aug/2017:00:48:29 +0200] "GET / HTTP/1.1" 200 2023 "-" "WebyMon uptime monitor v1.1"
88.99.187.152 - - [31/Aug/2017:00:53:30 +0200] "GET / HTTP/1.1" 200 2023 "-" "WebyMon uptime monitor v1.1"
88.99.187.152 - - [31/Aug/2017:00:58:29 +0200] "GET / HTTP/1.1" 200 2023 "-" "WebyMon uptime monitor v1.1"
88.99.187.152 - - [31/Aug/2017:01:03:29 +0200] "GET / HTTP/1.1" 200 2023 "-" "WebyMon uptime monitor v1.1"
88.99.187.152 - - [31/Aug/2017:01:08:28 +0200] "GET / HTTP/1.1" 200 2023 "-" "WebyMon uptime monitor v1.1"
88.99.187.152 - - [31/Aug/2017:01:13:29 +0200] "GET / HTTP/1.1" 200 2023 "-" "WebyMon uptime monitor v1.1"
88.99.187.152 - - [31/Aug/2017:01:18:29 +0200] "GET / HTTP/1.1" 200 2023 "-" "WebyMon uptime monitor v1.1"
88.99.187.152 - - [31/Aug/2017:01:23:29 +0200] "GET / HTTP/1.1" 200 2023 "-" "WebyMon uptime monitor v1.1"
68.180.228.218 - - [31/Aug/2017:01:24:15 +0200] "GET /robots.txt HTTP/1.1" 404 1181 "-" "Mozilla/5.0 (compatible; Yahoo! Slurp; http://help.yahoo.com/help/us/ysearch/slurp)"
68.180.228.218 - - [31/Aug/2017:01:24:16 +0200] "GET / HTTP/1.1" 200 2023 "-" "Mozilla/5.0 (compatible; Yahoo! Slurp; http://help.yahoo.com/help/us/ysearch/slurp)"
88.99.187.152 - - [31/Aug/2017:01:28:29 +0200] "GET / HTTP/1.1" 200 2023 "-" "WebyMon uptime monitor v1.1"
180.76.15.139 - - [31/Aug/2017:01:29:33 +0200] "GET /doc/b2_2010.pdf HTTP/1.1" 404 1181 "-" "Mozilla/5.0 (compatible; Baiduspider/2.0; +http://www.baidu.com/search/spider.html)"
88.99.187.152 - - [31/Aug/2017:01:33:29 +0200] "GET / HTTP/1.1" 200 2023 "-" "WebyMon uptime monitor v1.1"
178.154.171.9 - - [31/Aug/2017:01:34:34 +0200] "GET /robots.txt HTTP/1.1" 404 1181 "-" "Mozilla/5.0 (compatible; YandexBot/3.0; +http://yandex.com/bots)"
178.154.171.9 - - [31/Aug/2017:01:34:38 +0200] "GET /doc/sikeres_varos.pdf HTTP/1.1" 404 1181 "-" "Mozilla/5.0 (compatible; YandexBot/3.0; +http://yandex.com/bots)"
88.99.187.152 - - [31/Aug/2017:01:38:29 +0200] "GET / HTTP/1.1" 200 2023 "-" "WebyMon uptime monitor v1.1"
88.99.187.152 - - [31/Aug/2017:01:43:30 +0200] "GET / HTTP/1.1" 200 2023 "-" "WebyMon uptime monitor v1.1"
88.99.187.152 - - [31/Aug/2017:01:48:29 +0200] "GET / HTTP/1.1" 200 2023 "-" "WebyMon uptime monitor v1.1"
66.249.65.154 - - [31/Aug/2017:01:52:12 +0200] "GET /doc/varos-videk_2009.pdf HTTP/1.1" 304 - "-" "Mozilla/5.0 (compatible; Googlebot/2.1; +http://www.google.com/bot.html)"
88.99.187.152 - - [31/Aug/2017:01:53:29 +0200] "GET / HTTP/1.1" 200 2023 "-" "WebyMon uptime monitor v1.1"
66.249.65.154 - - [31/Aug/2017:01:57:15 +0200] "GET /doc/VM%202010%2012.pdf HTTP/1.1" 404 1181 "-" "Mozilla/5.0 (compatible; Googlebot/2.1; +http://www.google.com/bot.html)"
88.99.187.152 - - [31/Aug/2017:01:58:29 +0200] "GET / HTTP/1.1" 200 2023 "-" "WebyMon uptime monitor v1.1"
88.99.187.152 - - [31/Aug/2017:02:03:29 +0200] "GET / HTTP/1.1" 200 2023 "-" "WebyMon uptime monitor v1.1"
157.55.39.55 - - [31/Aug/2017:02:06:13 +0200] "GET /hirlevel/vonattal1309.html HTTP/1.1" 404 1181 "-" "Mozilla/5.0 (iPhone; CPU iPhone OS 7_0 like Mac OS X) AppleWebKit/537.51.1 (KHTML, like Gecko) Version/7.0 Mobile/11A465 Safari/9537.53 (compatible; bingbot/2.0; +http://www.bing.com/bingbot.htm)"
88.99.187.152 - - [31/Aug/2017:02:08:29 +0200] "GET / HTTP/1.1" 200 2023 "-" "WebyMon uptime monitor v1.1"
157.55.39.219 - - [31/Aug/2017:02:12:17 +0200] "GET /doc/ipoly_201109.pdf HTTP/1.1" 404 1181 "-" "Mozilla/5.0 (iPhone; CPU iPhone OS 7_0 like Mac OS X) AppleWebKit/537.51.1 (KHTML, like Gecko) Version/7.0 Mobile/11A465 Safari/9537.53 (compatible; bingbot/2.0; +http://www.bing.com/bingbot.htm)"
88.99.187.152 - - [31/Aug/2017:02:13:29 +0200] "GET / HTTP/1.1" 200 2023 "-" "WebyMon uptime monitor v1.1"
157.55.39.55 - - [31/Aug/2017:02:18:23 +0200] "GET /doc/varos-videk_2009.pdf HTTP/1.1" 200 1636386 "-" "Mozilla/5.0 (iPhone; CPU iPhone OS 7_0 like Mac OS X) AppleWebKit/537.51.1 (KHTML, like Gecko) Version/7.0 Mobile/11A465 Safari/9537.53 (compatible; bingbot/2.0; +http://www.bing.com/bingbot.htm)"
88.99.187.152 - - [31/Aug/2017:02:18:30 +0200] "GET / HTTP/1.1" 200 2023 "-" "WebyMon uptime monitor v1.1"
88.99.187.152 - - [31/Aug/2017:02:23:30 +0200] "GET / HTTP/1.1" 200 2023 "-" "WebyMon uptime monitor v1.1"
88.99.187.152 - - [31/Aug/2017:02:28:30 +0200] "GET / HTTP/1.1" 200 2023 "-" "WebyMon uptime monitor v1.1"
66.249.65.154 - - [31/Aug/2017:02:32:42 +0200] "GET /doc/allomasok_kepes_osszefoglaloja.pdf HTTP/1.1" 304 - "-" "Mozilla/5.0 (compatible; Googlebot/2.1; +http://www.google.com/bot.html)"
88.99.187.152 - - [31/Aug/2017:02:33:30 +0200] "GET / HTTP/1.1" 200 2023 "-" "WebyMon uptime monitor v1.1"
157.55.39.123 - - [31/Aug/2017:02:33:49 +0200] "GET /doc/putnoklevel_0911.pdf HTTP/1.1" 404 1181 "-" "Mozilla/5.0 (compatible; bingbot/2.0; +http://www.bing.com/bingbot.htm)"
88.99.187.152 - - [31/Aug/2017:02:38:29 +0200] "GET / HTTP/1.1" 200 2023 "-" "WebyMon uptime monitor v1.1"
112.80.139.104 - - [31/Aug/2017:02:40:33 +0200] "GET / HTTP/1.1" 200 2023 "-" "Mozilla/5.0 (iPhone; CPU iPhone OS 9_1 like Mac OS X) AppleWebKit/601.1.46 (KHTML, like Gecko) Version/9.0 Mobile/13B143 Safari/601.1"
88.99.187.152 - - [31/Aug/2017:02:43:29 +0200] "GET / HTTP/1.1" 200 2023 "-" "WebyMon uptime monitor v1.1"
88.99.187.152 - - [31/Aug/2017:02:48:30 +0200] "GET / HTTP/1.1" 200 2023 "-" "WebyMon uptime monitor v1.1"
88.99.187.152 - - [31/Aug/2017:02:53:29 +0200] "GET / HTTP/1.1" 200 2023 "-" "WebyMon uptime monitor v1.1"
88.99.187.152 - - [31/Aug/2017:02:58:29 +0200] "GET / HTTP/1.1" 200 2023 "-" "WebyMon uptime monitor v1.1"
88.99.187.152 - - [31/Aug/2017:03:03:29 +0200] "GET / HTTP/1.1" 200 2023 "-" "WebyMon uptime monitor v1.1"
88.99.187.152 - - [31/Aug/2017:03:08:29 +0200] "GET / HTTP/1.1" 200 2023 "-" "WebyMon uptime monitor v1.1"
157.55.39.55 - - [31/Aug/2017:03:11:54 +0200] "GET /doc/plakat_zirc_120620.pdf HTTP/1.1" 404 1181 "-" "Mozilla/5.0 (compatible; bingbot/2.0; +http://www.bing.com/bingbot.htm)"
88.99.187.152 - - [31/Aug/2017:03:13:29 +0200] "GET / HTTP/1.1" 200 2023 "-" "WebyMon uptime monitor v1.1"
80.77.124.233 - - [31/Aug/2017:03:14:16 +0200] "GET / HTTP/1.1" 200 2023 "-" "Mozilla/5.0 (Windows NT 6.1; Win64; x64) AppleWebKit/537.36 (KHTML, like Gecko) Chrome/60.0.3112.101 Safari/537.36"
88.99.187.152 - - [31/Aug/2017:03:18:29 +0200] "GET / HTTP/1.1" 200 2023 "-" "WebyMon uptime monitor v1.1"
85.25.210.41 - - [31/Aug/2017:03:20:17 +0200] "GET /robots.txt HTTP/1.1" 404 1181 "-" "Mozilla/5.0 (compatible; seoscanners.net/1; +spider@seoscanners.net)"
85.25.210.41 - - [31/Aug/2017:03:20:17 +0200] "GET /icons/icons_k/aps.png HTTP/1.1" 200 8274 "-" "Mozilla/5.0 (compatible; seoscanners.net/1; +spider@seoscanners.net)"
88.99.187.152 - - [31/Aug/2017:03:23:29 +0200] "GET / HTTP/1.1" 200 2023 "-" "WebyMon uptime monitor v1.1"
88.99.187.152 - - [31/Aug/2017:03:28:29 +0200] "GET / HTTP/1.1" 200 2023 "-" "WebyMon uptime monitor v1.1"
66.249.73.67 - - [31/Aug/2017:03:32:46 +0200] "GET /robots.txt HTTP/1.1" 404 1181 "-" "Mozilla/5.0 (compatible; Googlebot/2.1; +http://www.google.com/bot.html)"
66.249.73.67 - - [31/Aug/2017:03:32:54 +0200] "GET /doc/eletet-a-vasutnak.pdf HTTP/1.1" 200 5085257 "-" "Mozilla/5.0 (compatible; Googlebot/2.1; +http://www.google.com/bot.html)"
88.99.187.152 - - [31/Aug/2017:03:33:28 +0200] "GET / HTTP/1.1" 200 2023 "-" "WebyMon uptime monitor v1.1"
88.99.187.152 - - [31/Aug/2017:03:38:29 +0200] "GET / HTTP/1.1" 200 2023 "-" "WebyMon uptime monitor v1.1"
88.99.187.152 - - [31/Aug/2017:03:43:29 +0200] "GET / HTTP/1.1" 200 2023 "-" "WebyMon uptime monitor v1.1"
66.249.65.157 - - [31/Aug/2017:03:45:13 +0200] "GET /doc/varos-videk_2009.pdf HTTP/1.1" 304 - "-" "Mozilla/5.0 (compatible; Googlebot/2.1; +http://www.google.com/bot.html)"
216.244.66.246 - - [31/Aug/2017:03:46:51 +0200] "GET /robots.txt HTTP/1.1" 404 1181 "-" "Mozilla/5.0 (compatible; DotBot/1.1; http://www.opensiteexplorer.org/dotbot, help@moz.com)"
88.99.187.152 - - [31/Aug/2017:03:48:29 +0200] "GET / HTTP/1.1" 200 2023 "-" "WebyMon uptime monitor v1.1"
88.99.187.152 - - [31/Aug/2017:03:53:29 +0200] "GET / HTTP/1.1" 200 2023 "-" "WebyMon uptime monitor v1.1"
157.55.39.123 - - [31/Aug/2017:03:56:39 +0200] "GET /doc/kerparoskozlekedes.pdf HTTP/1.1" 200 2540119 "-" "Mozilla/5.0 (iPhone; CPU iPhone OS 7_0 like Mac OS X) AppleWebKit/537.51.1 (KHTML, like Gecko) Version/7.0 Mobile/11A465 Safari/9537.53 (compatible; bingbot/2.0; +http://www.bing.com/bingbot.htm)"
88.99.187.152 - - [31/Aug/2017:03:58:30 +0200] "GET / HTTP/1.1" 200 2023 "-" "WebyMon uptime monitor v1.1"
88.99.187.152 - - [31/Aug/2017:04:03:29 +0200] "GET / HTTP/1.1" 200 2023 "-" "WebyMon uptime monitor v1.1"
66.249.65.154 - - [31/Aug/2017:04:04:33 +0200] "GET / HTTP/1.1" 200 2023 "-" "Mozilla/5.0 (Linux; Android 6.0.1; Nexus 5X Build/MMB29P) AppleWebKit/537.36 (KHTML, like Gecko) Chrome/41.0.2272.96 Mobile Safari/537.36 (compatible; Googlebot/2.1; +http://www.google.com/bot.html)"
88.99.187.152 - - [31/Aug/2017:04:08:29 +0200] "GET / HTTP/1.1" 200 2023 "-" "WebyMon uptime monitor v1.1"
157.55.39.55 - - [31/Aug/2017:04:09:28 +0200] "GET /hirlevel/vonattal1603.html HTTP/1.1" 404 1181 "-" "Mozilla/5.0 (iPhone; CPU iPhone OS 7_0 like Mac OS X) AppleWebKit/537.51.1 (KHTML, like Gecko) Version/7.0 Mobile/11A465 Safari/9537.53 (compatible; bingbot/2.0; +http://www.bing.com/bingbot.htm)"
88.99.187.152 - - [31/Aug/2017:04:13:29 +0200] "GET / HTTP/1.1" 200 2023 "-" "WebyMon uptime monitor v1.1"
88.99.187.152 - - [31/Aug/2017:04:18:29 +0200] "GET / HTTP/1.1" 200 2023 "-" "WebyMon uptime monitor v1.1"
88.99.187.152 - - [31/Aug/2017:04:23:29 +0200] "GET / HTTP/1.1" 200 2023 "-" "WebyMon uptime monitor v1.1"
88.99.187.152 - - [31/Aug/2017:04:28:30 +0200] "GET / HTTP/1.1" 200 2023 "-" "WebyMon uptime monitor v1.1"
88.99.187.152 - - [31/Aug/2017:04:33:30 +0200] "GET / HTTP/1.1" 200 2023 "-" "WebyMon uptime monitor v1.1"
88.99.187.152 - - [31/Aug/2017:04:38:29 +0200] "GET / HTTP/1.1" 200 2023 "-" "WebyMon uptime monitor v1.1"
88.99.187.152 - - [31/Aug/2017:04:43:29 +0200] "GET / HTTP/1.1" 200 2023 "-" "WebyMon uptime monitor v1.1"
216.244.66.246 - - [31/Aug/2017:04:43:33 +0200] "GET /hirlevel/vonattal1109.htm HTTP/1.1" 404 1181 "-" "Mozilla/5.0 (compatible; DotBot/1.1; http://www.opensiteexplorer.org/dotbot, help@moz.com)"
88.99.187.152 - - [31/Aug/2017:04:48:29 +0200] "GET / HTTP/1.1" 200 2023 "-" "WebyMon uptime monitor v1.1"
88.99.187.152 - - [31/Aug/2017:04:53:30 +0200] "GET / HTTP/1.1" 200 2023 "-" "WebyMon uptime monitor v1.1"
157.55.39.123 - - [31/Aug/2017:04:55:42 +0200] "GET /doc/hu_aps_positivbeispiele_aufl2_070622_klein.pdf HTTP/1.1" 200 2887217 "-" "Mozilla/5.0 (iPhone; CPU iPhone OS 7_0 like Mac OS X) AppleWebKit/537.51.1 (KHTML, like Gecko) Version/7.0 Mobile/11A465 Safari/9537.53 (compatible; bingbot/2.0; +http://www.bing.com/bingbot.htm)"
66.249.65.157 - - [31/Aug/2017:04:56:34 +0200] "GET /doc/vonatrafel_c.pdf HTTP/1.1" 404 1181 "-" "Mozilla/5.0 (compatible; Googlebot/2.1; +http://www.google.com/bot.html)"
66.249.73.94 - - [31/Aug/2017:04:57:29 +0200] "GET /hirlevel/EMH_karta.pdf HTTP/1.1" 404 1181 "-" "Mozilla/5.0 (compatible; Googlebot/2.1; +http://www.google.com/bot.html)"
88.99.187.152 - - [31/Aug/2017:04:58:30 +0200] "GET / HTTP/1.1" 200 2023 "-" "WebyMon uptime monitor v1.1"
66.249.65.157 - - [31/Aug/2017:04:59:05 +0200] "GET /doc/vonatrafel_c.pdf HTTP/1.1" 404 1181 "-" "Mozilla/5.0 (Linux; Android 6.0.1; Nexus 5X Build/MMB29P) AppleWebKit/537.36 (KHTML, like Gecko) Chrome/41.0.2272.96 Mobile Safari/537.36 (compatible; Googlebot/2.1; +http://www.google.com/bot.html)"
157.55.39.55 - - [31/Aug/2017:04:59:07 +0200] "GET /hirlevel/Prezentacio_Partners%C3%A9g%20%20a%20jobb%20vas%C3%BAt%C3%A9rt.pdf HTTP/1.1" 404 1181 "-" "Mozilla/5.0 (iPhone; CPU iPhone OS 7_0 like Mac OS X) AppleWebKit/537.51.1 (KHTML, like Gecko) Version/7.0 Mobile/11A465 Safari/9537.53 (compatible; bingbot/2.0; +http://www.bing.com/bingbot.htm)"
88.99.187.152 - - [31/Aug/2017:05:03:29 +0200] "GET / HTTP/1.1" 200 2023 "-" "WebyMon uptime monitor v1.1"
66.249.73.90 - - [31/Aug/2017:05:05:46 +0200] "GET /doc/eletet-a-vasutnak.pdf HTTP/1.1" 304 - "-" "Mozilla/5.0 (compatible; Googlebot/2.1; +http://www.google.com/bot.html)"
88.99.187.152 - - [31/Aug/2017:05:08:29 +0200] "GET / HTTP/1.1" 200 2023 "-" "WebyMon uptime monitor v1.1"
88.99.187.152 - - [31/Aug/2017:05:13:29 +0200] "GET / HTTP/1.1" 200 2023 "-" "WebyMon uptime monitor v1.1"
157.55.39.55 - - [31/Aug/2017:05:16:58 +0200] "GET / HTTP/1.1" 200 2023 "-" "Mozilla/5.0 (compatible; bingbot/2.0; +http://www.bing.com/bingbot.htm)"
88.99.187.152 - - [31/Aug/2017:05:18:29 +0200] "GET / HTTP/1.1" 200 2023 "-" "WebyMon uptime monitor v1.1"
88.99.187.152 - - [31/Aug/2017:05:23:29 +0200] "GET / HTTP/1.1" 200 2023 "-" "WebyMon uptime monitor v1.1"
66.249.73.94 - - [31/Aug/2017:05:25:06 +0200] "GET /doc/ttft.pdf HTTP/1.1" 304 - "-" "Mozilla/5.0 (compatible; Googlebot/2.1; +http://www.google.com/bot.html)"
95.108.225.194 - - [31/Aug/2017:05:27:49 +0200] "GET /favicon.ico HTTP/1.1" 404 1181 "-" "Mozilla/5.0 (Windows NT 6.1; WOW64) AppleWebKit/537.36 (KHTML, like Gecko) Chrome/59.0.3071.125 YaBrowser/17.7.1.791 Yowser/2.5 Safari/537.36"
88.99.187.152 - - [31/Aug/2017:05:28:29 +0200] "GET / HTTP/1.1" 200 2023 "-" "WebyMon uptime monitor v1.1"
123.14.125.127 - - [31/Aug/2017:05:29:19 +0200] "GET / HTTP/1.1" 200 2023 "-" "Mozilla/5.0 (iPhone; CPU iPhone OS 9_1 like Mac OS X) AppleWebKit/601.1.46 (KHTML, like Gecko) Version/9.0 Mobile/13B143 Safari/601.1"
88.99.187.152 - - [31/Aug/2017:05:33:29 +0200] "GET / HTTP/1.1" 200 2023 "-" "WebyMon uptime monitor v1.1"
37.140.189.196 - - [31/Aug/2017:05:34:13 +0200] "GET /favicon.ico HTTP/1.1" 404 1181 "-" "Mozilla/5.0 (Windows NT 6.1; WOW64) AppleWebKit/537.36 (KHTML, like Gecko) Chrome/59.0.3071.125 YaBrowser/17.7.1.791 Yowser/2.5 Safari/537.36"
88.99.187.152 - - [31/Aug/2017:05:38:29 +0200] "GET / HTTP/1.1" 200 2023 "-" "WebyMon uptime monitor v1.1"
88.99.187.152 - - [31/Aug/2017:05:43:29 +0200] "GET / HTTP/1.1" 200 2023 "-" "WebyMon uptime monitor v1.1"
66.249.73.64 - - [31/Aug/2017:05:45:21 +0200] "GET /doc/tisza-to_szoroanyag_2012.pdf HTTP/1.1" 404 1181 "-" "Mozilla/5.0 (Linux; Android 6.0.1; Nexus 5X Build/MMB29P) AppleWebKit/537.36 (KHTML, like Gecko) Chrome/41.0.2272.96 Mobile Safari/537.36 (compatible; Googlebot/2.1; +http://www.google.com/bot.html)"
66.249.73.94 - - [31/Aug/2017:05:45:35 +0200] "GET /doc/tisza-to_szoroanyag_2012.pdf HTTP/1.1" 404 1181 "-" "Mozilla/5.0 (compatible; Googlebot/2.1; +http://www.google.com/bot.html)"
88.99.187.152 - - [31/Aug/2017:05:48:30 +0200] "GET / HTTP/1.1" 200 2023 "-" "WebyMon uptime monitor v1.1"
88.99.187.152 - - [31/Aug/2017:05:53:29 +0200] "GET / HTTP/1.1" 200 2023 "-" "WebyMon uptime monitor v1.1"
88.99.187.152 - - [31/Aug/2017:05:58:29 +0200] "GET / HTTP/1.1" 200 2023 "-" "WebyMon uptime monitor v1.1"
88.99.187.152 - - [31/Aug/2017:06:03:29 +0200] "GET / HTTP/1.1" 200 2023 "-" "WebyMon uptime monitor v1.1"
88.99.187.152 - - [31/Aug/2017:06:08:29 +0200] "GET / HTTP/1.1" 200 2023 "-" "WebyMon uptime monitor v1.1"
88.99.187.152 - - [31/Aug/2017:06:13:30 +0200] "GET / HTTP/1.1" 200 2023 "-" "WebyMon uptime monitor v1.1"
88.99.187.152 - - [31/Aug/2017:06:18:30 +0200] "GET / HTTP/1.1" 200 2023 "-" "WebyMon uptime monitor v1.1"
88.99.187.152 - - [31/Aug/2017:06:23:30 +0200] "GET / HTTP/1.1" 200 2023 "-" "WebyMon uptime monitor v1.1"
88.99.187.152 - - [31/Aug/2017:06:28:30 +0200] "GET / HTTP/1.1" 200 2023 "-" "WebyMon uptime monitor v1.1"
88.99.187.152 - - [31/Aug/2017:06:33:29 +0200] "GET / HTTP/1.1" 200 2023 "-" "WebyMon uptime monitor v1.1"
88.99.187.152 - - [31/Aug/2017:06:38:28 +0200] "GET / HTTP/1.1" 200 2023 "-" "WebyMon uptime monitor v1.1"
88.99.187.152 - - [31/Aug/2017:06:43:29 +0200] "GET / HTTP/1.1" 200 2023 "-" "WebyMon uptime monitor v1.1"
80.98.40.232 - - [31/Aug/2017:06:46:49 +0200] "GET / HTTP/1.1" 200 2023 "http://www.google.hu/" "Mozilla/5.0 (Linux; Android 6.0.1; SM-J510FN Build/MMB29M) AppleWebKit/537.36 (KHTML, like Gecko) Chrome/60.0.3112.107 Mobile Safari/537.36"
80.98.40.232 - - [31/Aug/2017:06:46:49 +0200] "GET /blog.jpg HTTP/1.1" 200 29833 "http://www.mkk.zpok.hu/" "Mozilla/5.0 (Linux; Android 6.0.1; SM-J510FN Build/MMB29M) AppleWebKit/537.36 (KHTML, like Gecko) Chrome/60.0.3112.107 Mobile Safari/537.36"
80.98.40.232 - - [31/Aug/2017:06:46:49 +0200] "GET /facebook-logo-preview.png HTTP/1.1" 200 3924 "http://www.mkk.zpok.hu/" "Mozilla/5.0 (Linux; Android 6.0.1; SM-J510FN Build/MMB29M) AppleWebKit/537.36 (KHTML, like Gecko) Chrome/60.0.3112.107 Mobile Safari/537.36"
80.98.40.232 - - [31/Aug/2017:06:46:50 +0200] "GET /mkk_banner.png HTTP/1.1" 200 62097 "http://www.mkk.zpok.hu/" "Mozilla/5.0 (Linux; Android 6.0.1; SM-J510FN Build/MMB29M) AppleWebKit/537.36 (KHTML, like Gecko) Chrome/60.0.3112.107 Mobile Safari/537.36"
80.98.40.232 - - [31/Aug/2017:06:46:52 +0200] "GET /favicon.ico HTTP/1.1" 404 1181 "http://www.mkk.zpok.hu/" "Mozilla/5.0 (Linux; Android 6.0.1; SM-J510FN Build/MMB29M) AppleWebKit/537.36 (KHTML, like Gecko) Chrome/60.0.3112.107 Mobile Safari/537.36"
88.99.187.152 - - [31/Aug/2017:06:48:29 +0200] "GET / HTTP/1.1" 200 2023 "-" "WebyMon uptime monitor v1.1"
66.249.65.154 - - [31/Aug/2017:06:49:28 +0200] "GET /doc/vonatrafel_c.pdf HTTP/1.1" 404 1181 "-" "Mozilla/5.0 (Linux; Android 6.0.1; Nexus 5X Build/MMB29P) AppleWebKit/537.36 (KHTML, like Gecko) Chrome/41.0.2272.96 Mobile Safari/537.36 (compatible; Googlebot/2.1; +http://www.google.com/bot.html)"
88.99.187.152 - - [31/Aug/2017:06:53:29 +0200] "GET / HTTP/1.1" 200 2023 "-" "WebyMon uptime monitor v1.1"
88.99.187.152 - - [31/Aug/2017:06:58:29 +0200] "GET / HTTP/1.1" 200 2023 "-" "WebyMon uptime monitor v1.1"
88.99.187.152 - - [31/Aug/2017:07:03:29 +0200] "GET / HTTP/1.1" 200 2023 "-" "WebyMon uptime monitor v1.1"
66.249.65.154 - - [31/Aug/2017:07:07:41 +0200] "GET /doc/80_sln_su.pdf HTTP/1.1" 200 130637 "-" "Mozilla/5.0 (Linux; Android 6.0.1; Nexus 5X Build/MMB29P) AppleWebKit/537.36 (KHTML, like Gecko) Chrome/41.0.2272.96 Mobile Safari/537.36 (compatible; Googlebot/2.1; +http://www.google.com/bot.html)"
88.99.187.152 - - [31/Aug/2017:07:08:29 +0200] "GET / HTTP/1.1" 200 2023 "-" "WebyMon uptime monitor v1.1"
66.249.73.64 - - [31/Aug/2017:07:08:35 +0200] "GET /doc/tisza-to_szoroanyag_2012.pdf HTTP/1.1" 404 1181 "-" "Mozilla/5.0 (Linux; Android 6.0.1; Nexus 5X Build/MMB29P) AppleWebKit/537.36 (KHTML, like Gecko) Chrome/41.0.2272.96 Mobile Safari/537.36 (compatible; Googlebot/2.1; +http://www.google.com/bot.html)"
66.249.73.64 - - [31/Aug/2017:07:08:41 +0200] "GET /doc/tisza-to_szoroanyag_2012.pdf HTTP/1.1" 404 1181 "-" "Mozilla/5.0 (compatible; Googlebot/2.1; +http://www.google.com/bot.html)"
88.99.187.152 - - [31/Aug/2017:07:13:29 +0200] "GET / HTTP/1.1" 200 2023 "-" "WebyMon uptime monitor v1.1"
157.55.39.55 - - [31/Aug/2017:07:15:05 +0200] "GET /doc/kerdoiv_kozlekedesi_szokasokrol_es_ismeretekrol.doc HTTP/1.1" 404 1181 "-" "Mozilla/5.0 (compatible; bingbot/2.0; +http://www.bing.com/bingbot.htm)"
88.99.187.152 - - [31/Aug/2017:07:18:29 +0200] "GET / HTTP/1.1" 200 2023 "-" "WebyMon uptime monitor v1.1"
194.187.170.107 - - [31/Aug/2017:07:21:41 +0200] "GET /robots.txt HTTP/1.0" 404 1181 "-" "Mozilla/5.0 (compatible; Qwantify/2.4w; +https://www.qwant.com/)/2.4w"
194.187.170.107 - - [31/Aug/2017:07:21:42 +0200] "GET / HTTP/1.0" 200 2023 "-" "Mozilla/5.0 (compatible; Qwantify/2.4w; +https://www.qwant.com/)/2.4w"
88.99.187.152 - - [31/Aug/2017:07:23:29 +0200] "GET / HTTP/1.1" 200 2023 "-" "WebyMon uptime monitor v1.1"
88.99.187.152 - - [31/Aug/2017:07:28:29 +0200] "GET / HTTP/1.1" 200 2023 "-" "WebyMon uptime monitor v1.1"
88.99.187.152 - - [31/Aug/2017:07:33:29 +0200] "GET / HTTP/1.1" 200 2023 "-" "WebyMon uptime monitor v1.1"
80.77.124.233 - - [31/Aug/2017:07:34:40 +0200] "GET /doc/konf_0807.pdf HTTP/1.1" 404 1181 "-" "Mozilla/5.0 (Windows NT 6.1; Win64; x64) AppleWebKit/537.36 (KHTML, like Gecko) Chrome/60.0.3112.101 Safari/537.36"
77.111.91.248 - - [31/Aug/2017:07:34:48 +0200] "GET / HTTP/1.1" 200 2023 "-" "Mozilla/5.0 (Windows NT 6.1; Win64; x64) AppleWebKit/537.36 (KHTML, like Gecko) Chrome/60.0.3112.101 Safari/537.36"
88.99.187.152 - - [31/Aug/2017:07:38:29 +0200] "GET / HTTP/1.1" 200 2023 "-" "WebyMon uptime monitor v1.1"
66.249.65.156 - - [31/Aug/2017:07:41:05 +0200] "GET /doc/varos-videk_2009.pdf HTTP/1.1" 304 - "-" "Mozilla/5.0 (compatible; Googlebot/2.1; +http://www.google.com/bot.html)"
66.249.65.156 - - [31/Aug/2017:07:41:05 +0200] "GET /robots.txt HTTP/1.1" 404 1181 "-" "Mozilla/5.0 (compatible; Googlebot/2.1; +http://www.google.com/bot.html)"
199.193.251.133 - - [31/Aug/2017:07:41:17 +0200] "HEAD / HTTP/1.1" 200 0 "https://www.inboundlinks.win/InboundLinks/mkk.zpok.hu" "Mozilla/5.0 (compatible; MSIE 9.0; Windows NT 6.1; WOW64; Trident/5.0)"
88.99.187.152 - - [31/Aug/2017:07:43:29 +0200] "GET / HTTP/1.1" 200 2023 "-" "WebyMon uptime monitor v1.1"
88.99.187.152 - - [31/Aug/2017:07:48:29 +0200] "GET / HTTP/1.1" 200 2023 "-" "WebyMon uptime monitor v1.1"
66.249.73.67 - - [31/Aug/2017:07:52:42 +0200] "GET /doc/hatarmenti_infrastruktura.pdf HTTP/1.1" 404 1181 "-" "Mozilla/5.0 (Linux; Android 6.0.1; Nexus 5X Build/MMB29P) AppleWebKit/537.36 (KHTML, like Gecko) Chrome/41.0.2272.96 Mobile Safari/537.36 (compatible; Googlebot/2.1; +http://www.google.com/bot.html)"
88.99.187.152 - - [31/Aug/2017:07:53:29 +0200] "GET / HTTP/1.1" 200 2023 "-" "WebyMon uptime monitor v1.1"
88.99.187.152 - - [31/Aug/2017:07:58:29 +0200] "GET / HTTP/1.1" 200 2023 "-" "WebyMon uptime monitor v1.1"
66.249.73.94 - - [31/Aug/2017:08:00:31 +0200] "GET /doc/hatarmenti_infrastruktura.pdf HTTP/1.1" 404 1181 "-" "Mozilla/5.0 (compatible; Googlebot/2.1; +http://www.google.com/bot.html)"
88.99.187.152 - - [31/Aug/2017:08:03:28 +0200] "GET / HTTP/1.1" 200 2023 "-" "WebyMon uptime monitor v1.1"
178.154.171.9 - - [31/Aug/2017:08:06:47 +0200] "GET /robots.txt HTTP/1.1" 404 1181 "-" "Mozilla/5.0 (compatible; YandexBot/3.0; +http://yandex.com/bots)"
178.154.171.9 - - [31/Aug/2017:08:06:51 +0200] "GET /hirlevel/images/1311c.jpg HTTP/1.1" 404 1181 "-" "Mozilla/5.0 (compatible; YandexBot/3.0; +http://yandex.com/bots)"
88.99.187.152 - - [31/Aug/2017:08:08:29 +0200] "GET / HTTP/1.1" 200 2023 "-" "WebyMon uptime monitor v1.1"
193.224.22.162 - - [31/Aug/2017:08:12:53 +0200] "GET /robots.txt HTTP/1.0" 404 1181 "-" "Mozilla/5.0 (compatible; heritrix/3.3.0-SNAPSHOT-20161014-0013 +http://www.oszk.hu)"
88.99.187.152 - - [31/Aug/2017:08:13:29 +0200] "GET / HTTP/1.1" 200 2023 "-" "WebyMon uptime monitor v1.1"
193.224.22.162 - - [31/Aug/2017:08:15:15 +0200] "GET / HTTP/1.0" 200 2023 "-" "Mozilla/5.0 (compatible; heritrix/3.3.0-SNAPSHOT-20161014-0013 +http://www.oszk.hu)"
193.224.22.162 - - [31/Aug/2017:08:15:20 +0200] "GET /favicon.ico HTTP/1.0" 404 1181 "http://www.mkk.zpok.hu/" "Mozilla/5.0 (compatible; heritrix/3.3.0-SNAPSHOT-20161014-0013 +http://www.oszk.hu)"
193.224.22.162 - - [31/Aug/2017:08:16:02 +0200] "GET /mkk_banner.png HTTP/1.0" 200 62097 "http://www.mkk.zpok.hu/" "Mozilla/5.0 (compatible; heritrix/3.3.0-SNAPSHOT-20161014-0013 +http://www.oszk.hu)"
193.224.22.162 - - [31/Aug/2017:08:16:11 +0200] "GET /blog.jpg HTTP/1.0" 200 29833 "http://www.mkk.zpok.hu/" "Mozilla/5.0 (compatible; heritrix/3.3.0-SNAPSHOT-20161014-0013 +http://www.oszk.hu)"
193.224.22.162 - - [31/Aug/2017:08:16:14 +0200] "GET /facebook-logo-preview.png HTTP/1.0" 200 3924 "http://www.mkk.zpok.hu/" "Mozilla/5.0 (compatible; heritrix/3.3.0-SNAPSHOT-20161014-0013 +http://www.oszk.hu)"
193.224.22.162 - - [31/Aug/2017:08:16:18 +0200] "GET /kikvagyunk2.htm HTTP/1.0" 200 17012 "http://www.mkk.zpok.hu/" "Mozilla/5.0 (compatible; heritrix/3.3.0-SNAPSHOT-20161014-0013 +http://www.oszk.hu)"
193.224.22.162 - - [31/Aug/2017:08:16:26 +0200] "GET /icons/icons_k/1.png HTTP/1.0" 200 7684 "http://www.mkk.zpok.hu/kikvagyunk2.htm" "Mozilla/5.0 (compatible; heritrix/3.3.0-SNAPSHOT-20161014-0013 +http://www.oszk.hu)"
193.224.22.162 - - [31/Aug/2017:08:17:01 +0200] "GET /icons/icons_k/2.png HTTP/1.0" 200 8020 "http://www.mkk.zpok.hu/kikvagyunk2.htm" "Mozilla/5.0 (compatible; heritrix/3.3.0-SNAPSHOT-20161014-0013 +http://www.oszk.hu)"
193.224.22.162 - - [31/Aug/2017:08:17:25 +0200] "GET /icons/icons_k/4.png HTTP/1.0" 200 5935 "http://www.mkk.zpok.hu/kikvagyunk2.htm" "Mozilla/5.0 (compatible; heritrix/3.3.0-SNAPSHOT-20161014-0013 +http://www.oszk.hu)"
88.99.187.152 - - [31/Aug/2017:08:18:29 +0200] "GET / HTTP/1.1" 200 2023 "-" "WebyMon uptime monitor v1.1"
193.224.22.162 - - [31/Aug/2017:08:18:36 +0200] "GET /icons/icons_k/5.png HTTP/1.0" 200 5410 "http://www.mkk.zpok.hu/kikvagyunk2.htm" "Mozilla/5.0 (compatible; heritrix/3.3.0-SNAPSHOT-20161014-0013 +http://www.oszk.hu)"
193.224.22.162 - - [31/Aug/2017:08:18:46 +0200] "GET /icons/icons_k/3.png HTTP/1.0" 200 5625 "http://www.mkk.zpok.hu/kikvagyunk2.htm" "Mozilla/5.0 (compatible; heritrix/3.3.0-SNAPSHOT-20161014-0013 +http://www.oszk.hu)"
193.224.22.162 - - [31/Aug/2017:08:18:57 +0200] "GET /icons/icons_k/6.png HTTP/1.0" 200 4270 "http://www.mkk.zpok.hu/kikvagyunk2.htm" "Mozilla/5.0 (compatible; heritrix/3.3.0-SNAPSHOT-20161014-0013 +http://www.oszk.hu)"
193.224.22.162 - - [31/Aug/2017:08:20:21 +0200] "GET /icons/icons_k/mpeter.png HTTP/1.0" 200 28939 "http://www.mkk.zpok.hu/kikvagyunk2.htm" "Mozilla/5.0 (compatible; heritrix/3.3.0-SNAPSHOT-20161014-0013 +http://www.oszk.hu)"
193.224.22.162 - - [31/Aug/2017:08:20:39 +0200] "GET /pdf.png HTTP/1.0" 200 133123 "http://www.mkk.zpok.hu/kikvagyunk2.htm" "Mozilla/5.0 (compatible; heritrix/3.3.0-SNAPSHOT-20161014-0013 +http://www.oszk.hu)"
193.224.22.162 - - [31/Aug/2017:08:20:48 +0200] "GET /kikvag1.jpg HTTP/1.0" 200 9565 "http://www.mkk.zpok.hu/kikvagyunk2.htm" "Mozilla/5.0 (compatible; heritrix/3.3.0-SNAPSHOT-20161014-0013 +http://www.oszk.hu)"
46.229.164.100 - - [31/Aug/2017:08:20:56 +0200] "GET /robots.txt HTTP/1.1" 404 1181 "-" "Mozilla/5.0 (compatible; SemrushBot/1.2~bl; +http://www.semrush.com/bot.html)"
193.224.22.162 - - [31/Aug/2017:08:21:01 +0200] "GET /projektek2.htm HTTP/1.0" 200 7634 "http://www.mkk.zpok.hu/" "Mozilla/5.0 (compatible; heritrix/3.3.0-SNAPSHOT-20161014-0013 +http://www.oszk.hu)"
193.224.22.162 - - [31/Aug/2017:08:21:06 +0200] "GET /icons/icons_k/eger.png HTTP/1.0" 200 28174 "http://www.mkk.zpok.hu/projektek2.htm" "Mozilla/5.0 (compatible; heritrix/3.3.0-SNAPSHOT-20161014-0013 +http://www.oszk.hu)"
193.224.22.162 - - [31/Aug/2017:08:21:13 +0200] "GET /icons/icons_k/westtakt.png HTTP/1.0" 200 8683 "http://www.mkk.zpok.hu/projektek2.htm" "Mozilla/5.0 (compatible; heritrix/3.3.0-SNAPSHOT-20161014-0013 +http://www.oszk.hu)"
193.224.22.162 - - [31/Aug/2017:08:21:21 +0200] "GET /icons/icons_k/aps.png HTTP/1.0" 200 8274 "http://www.mkk.zpok.hu/projektek2.htm" "Mozilla/5.0 (compatible; heritrix/3.3.0-SNAPSHOT-20161014-0013 +http://www.oszk.hu)"
88.99.187.152 - - [31/Aug/2017:08:23:29 +0200] "GET / HTTP/1.1" 200 2023 "-" "WebyMon uptime monitor v1.1"
88.99.187.152 - - [31/Aug/2017:08:28:29 +0200] "GET / HTTP/1.1" 200 2023 "-" "WebyMon uptime monitor v1.1"
88.99.187.152 - - [31/Aug/2017:08:33:29 +0200] "GET / HTTP/1.1" 200 2023 "-" "WebyMon uptime monitor v1.1"
88.99.187.152 - - [31/Aug/2017:08:38:28 +0200] "GET / HTTP/1.1" 200 2023 "-" "WebyMon uptime monitor v1.1"
88.99.187.152 - - [31/Aug/2017:08:43:29 +0200] "GET / HTTP/1.1" 200 2023 "-" "WebyMon uptime monitor v1.1"
66.249.65.156 - - [31/Aug/2017:08:48:24 +0200] "GET /doc/vonatrafel_c.pdf HTTP/1.1" 404 1181 "-" "Mozilla/5.0 (compatible; Googlebot/2.1; +http://www.google.com/bot.html)"
88.99.187.152 - - [31/Aug/2017:08:48:29 +0200] "GET / HTTP/1.1" 200 2023 "-" "WebyMon uptime monitor v1.1"
193.224.22.162 - - [31/Aug/2017:08:49:36 +0200] "GET /icons/icons_k/fogadj.png HTTP/1.0" 200 31018 "http://www.mkk.zpok.hu/projektek2.htm" "Mozilla/5.0 (compatible; heritrix/3.3.0-SNAPSHOT-20161014-0013 +http://www.oszk.hu)"
193.224.22.162 - - [31/Aug/2017:08:49:48 +0200] "GET /icons/icons_k/kiskore.png HTTP/1.0" 200 25890 "http://www.mkk.zpok.hu/projektek2.htm" "Mozilla/5.0 (compatible; heritrix/3.3.0-SNAPSHOT-20161014-0013 +http://www.oszk.hu)"
193.224.22.162 - - [31/Aug/2017:08:49:52 +0200] "GET /icons/icons_k/ipoly.png HTTP/1.0" 200 26376 "http://www.mkk.zpok.hu/projektek2.htm" "Mozilla/5.0 (compatible; heritrix/3.3.0-SNAPSHOT-20161014-0013 +http://www.oszk.hu)"
193.224.22.162 - - [31/Aug/2017:08:50:07 +0200] "GET /icons/icons_k/bringa.png HTTP/1.0" 200 22141 "http://www.mkk.zpok.hu/projektek2.htm" "Mozilla/5.0 (compatible; heritrix/3.3.0-SNAPSHOT-20161014-0013 +http://www.oszk.hu)"
193.224.22.162 - - [31/Aug/2017:08:50:24 +0200] "GET /tagsag2.htm HTTP/1.0" 200 1335 "http://www.mkk.zpok.hu/" "Mozilla/5.0 (compatible; heritrix/3.3.0-SNAPSHOT-20161014-0013 +http://www.oszk.hu)"
193.224.22.162 - - [31/Aug/2017:08:50:43 +0200] "GET /doc/alapsz03.pdf HTTP/1.0" 200 6009944 "http://www.mkk.zpok.hu/kikvagyunk2.htm" "Mozilla/5.0 (compatible; heritrix/3.3.0-SNAPSHOT-20161014-0013 +http://www.oszk.hu)"
193.224.22.162 - - [31/Aug/2017:08:51:18 +0200] "GET /doc/belepesinyilatkozat.pdf HTTP/1.0" 200 403937 "http://www.mkk.zpok.hu/kikvagyunk2.htm" "Mozilla/5.0 (compatible; heritrix/3.3.0-SNAPSHOT-20161014-0013 +http://www.oszk.hu)"
193.224.22.162 - - [31/Aug/2017:08:51:55 +0200] "GET /doc/kozh.zip HTTP/1.0" 200 14574903 "http://www.mkk.zpok.hu/kikvagyunk2.htm" "Mozilla/5.0 (compatible; heritrix/3.3.0-SNAPSHOT-20161014-0013 +http://www.oszk.hu)"
88.99.187.152 - - [31/Aug/2017:08:53:29 +0200] "GET / HTTP/1.1" 200 2023 "-" "WebyMon uptime monitor v1.1"
193.224.22.162 - - [31/Aug/2017:08:54:07 +0200] "GET /doc/mkk_eger_tanulmany_2014.pdf HTTP/1.0" 200 851104 "http://www.mkk.zpok.hu/projektek2.htm" "Mozilla/5.0 (compatible; heritrix/3.3.0-SNAPSHOT-20161014-0013 +http://www.oszk.hu)"
193.224.22.162 - - [31/Aug/2017:08:54:45 +0200] "GET /doc/80_sln_su.pdf HTTP/1.0" 200 130637 "http://www.mkk.zpok.hu/projektek2.htm" "Mozilla/5.0 (compatible; heritrix/3.3.0-SNAPSHOT-20161014-0013 +http://www.oszk.hu)"
193.224.22.162 - - [31/Aug/2017:08:58:09 +0200] "GET /doc/87_fa_szv.pdf HTTP/1.0" 200 56286 "http://www.mkk.zpok.hu/projektek2.htm" "Mozilla/5.0 (compatible; heritrix/3.3.0-SNAPSHOT-20161014-0013 +http://www.oszk.hu)"
193.224.22.162 - - [31/Aug/2017:08:58:27 +0200] "GET /doc/westtakt_final_20160405.pdf HTTP/1.0" 200 633098 "http://www.mkk.zpok.hu/projektek2.htm" "Mozilla/5.0 (compatible; heritrix/3.3.0-SNAPSHOT-20161014-0013 +http://www.oszk.hu)"
88.99.187.152 - - [31/Aug/2017:08:58:29 +0200] "GET / HTTP/1.1" 200 2023 "-" "WebyMon uptime monitor v1.1"
193.224.22.162 - - [31/Aug/2017:08:58:38 +0200] "GET /doc/westtakt_mnr_tkp.zip HTTP/1.0" 200 548715 "http://www.mkk.zpok.hu/projektek2.htm" "Mozilla/5.0 (compatible; heritrix/3.3.0-SNAPSHOT-20161014-0013 +http://www.oszk.hu)"
193.224.22.162 - - [31/Aug/2017:08:58:55 +0200] "GET /doc/hu_aps_positivbeispiele_aufl2_070622_klein.pdf HTTP/1.0" 200 2887217 "http://www.mkk.zpok.hu/projektek2.htm" "Mozilla/5.0 (compatible; heritrix/3.3.0-SNAPSHOT-20161014-0013 +http://www.oszk.hu)"
193.224.22.162 - - [31/Aug/2017:09:00:07 +0200] "GET /doc/varos-videk_2009.pdf HTTP/1.0" 200 1636386 "http://www.mkk.zpok.hu/projektek2.htm" "Mozilla/5.0 (compatible; heritrix/3.3.0-SNAPSHOT-20161014-0013 +http://www.oszk.hu)"
193.224.22.162 - - [31/Aug/2017:09:00:30 +0200] "GET /doc/allomasok_kepes_osszefoglaloja.pdf HTTP/1.0" 200 5628186 "http://www.mkk.zpok.hu/projektek2.htm" "Mozilla/5.0 (compatible; heritrix/3.3.0-SNAPSHOT-20161014-0013 +http://www.oszk.hu)"
193.224.22.162 - - [31/Aug/2017:09:02:11 +0200] "GET /doc/ttft.pdf HTTP/1.0" 200 6493253 "http://www.mkk.zpok.hu/projektek2.htm" "Mozilla/5.0 (compatible; heritrix/3.3.0-SNAPSHOT-20161014-0013 +http://www.oszk.hu)"
193.224.22.162 - - [31/Aug/2017:09:02:36 +0200] "GET /doc/eletet-a-vasutnak.pdf HTTP/1.0" 200 5085257 "http://www.mkk.zpok.hu/projektek2.htm" "Mozilla/5.0 (compatible; heritrix/3.3.0-SNAPSHOT-20161014-0013 +http://www.oszk.hu)"
88.99.187.152 - - [31/Aug/2017:09:03:29 +0200] "GET / HTTP/1.1" 200 2023 "-" "WebyMon uptime monitor v1.1"
88.99.187.152 - - [31/Aug/2017:09:08:29 +0200] "GET / HTTP/1.1" 200 2023 "-" "WebyMon uptime monitor v1.1"
66.249.65.156 - - [31/Aug/2017:09:11:11 +0200] "GET /doc/allomasok_kepes_osszefoglaloja.pdf HTTP/1.1" 304 - "-" "Mozilla/5.0 (compatible; Googlebot/2.1; +http://www.google.com/bot.html)"
88.99.187.152 - - [31/Aug/2017:09:13:30 +0200] "GET / HTTP/1.1" 200 2023 "-" "WebyMon uptime monitor v1.1"
88.99.187.152 - - [31/Aug/2017:09:18:29 +0200] "GET / HTTP/1.1" 200 2023 "-" "WebyMon uptime monitor v1.1"
193.224.22.162 - - [31/Aug/2017:09:19:42 +0200] "GET /doc/ipoly_konf.zip HTTP/1.0" 200 5902441 "http://www.mkk.zpok.hu/projektek2.htm" "Mozilla/5.0 (compatible; heritrix/3.3.0-SNAPSHOT-20161014-0013 +http://www.oszk.hu)"
193.224.22.162 - - [31/Aug/2017:09:21:04 +0200] "GET /doc/kerparoskozlekedes.pdf HTTP/1.0" 200 2540119 "http://www.mkk.zpok.hu/projektek2.htm" "Mozilla/5.0 (compatible; heritrix/3.3.0-SNAPSHOT-20161014-0013 +http://www.oszk.hu)"
193.224.22.162 - - [31/Aug/2017:09:23:20 +0200] "GET /doc/bartok_20160703.pdf HTTP/1.0" 200 284990 "http://www.mkk.zpok.hu/projektek2.htm" "Mozilla/5.0 (compatible; heritrix/3.3.0-SNAPSHOT-20161014-0013 +http://www.oszk.hu)"
88.99.187.152 - - [31/Aug/2017:09:23:29 +0200] "GET / HTTP/1.1" 200 2023 "-" "WebyMon uptime monitor v1.1"
88.99.187.152 - - [31/Aug/2017:09:28:30 +0200] "GET / HTTP/1.1" 200 2023 "-" "WebyMon uptime monitor v1.1"
88.99.187.152 - - [31/Aug/2017:09:33:29 +0200] "GET / HTTP/1.1" 200 2023 "-" "WebyMon uptime monitor v1.1"
88.99.187.152 - - [31/Aug/2017:09:38:29 +0200] "GET / HTTP/1.1" 200 2023 "-" "WebyMon uptime monitor v1.1"
188.165.234.68 - - [31/Aug/2017:09:38:31 +0200] "GET /robots.txt HTTP/1.0" 404 1181 "-" ""
188.165.234.68 - - [31/Aug/2017:09:38:31 +0200] "GET / HTTP/1.1" 206 2023 "-" "Mozilla/5.0 (X11; U; Linux x86_64; en-US) AppleWebKit/533.2 (KHTML, like Gecko) Chrome/5.0.342.1 Safari/533.2"
188.165.234.68 - - [31/Aug/2017:09:38:39 +0200] "GET /kikvagyunk2.htm HTTP/1.1" 206 17012 "-" "Mozilla/5.0 (X11; U; Linux x86_64; en-US) AppleWebKit/533.2 (KHTML, like Gecko) Chrome/5.0.342.1 Safari/533.2"
188.165.234.68 - - [31/Aug/2017:09:38:41 +0200] "GET /projektek2.htm HTTP/1.1" 206 7634 "-" "Mozilla/5.0 (X11; U; Linux x86_64; en-US) AppleWebKit/533.2 (KHTML, like Gecko) Chrome/5.0.342.1 Safari/533.2"
188.165.234.68 - - [31/Aug/2017:09:38:49 +0200] "GET /tagsag2.htm HTTP/1.1" 206 1335 "-" "Mozilla/5.0 (X11; U; Linux x86_64; en-US) AppleWebKit/533.2 (KHTML, like Gecko) Chrome/5.0.342.1 Safari/533.2"
217.69.133.70 - - [31/Aug/2017:09:40:52 +0200] "GET /robots.txt HTTP/1.0" 404 1181 "-" "Mozilla/5.0 (compatible; Linux x86_64; Mail.RU_Bot/2.0; +http://go.mail.ru/help/robots)"
217.69.133.240 - - [31/Aug/2017:09:41:14 +0200] "GET /doc/mellekvonal-bajnai_0912.pdf HTTP/1.1" 404 1181 "-" "Mozilla/5.0 (compatible; Linux x86_64; Mail.RU_Bot/2.0; +http://go.mail.ru/help/robots)"
88.99.187.152 - - [31/Aug/2017:09:43:29 +0200] "GET / HTTP/1.1" 200 2023 "-" "WebyMon uptime monitor v1.1"
66.249.65.156 - - [31/Aug/2017:09:46:52 +0200] "GET / HTTP/1.1" 304 - "-" "Mozilla/5.0 (compatible; Googlebot/2.1; +http://www.google.com/bot.html)"
88.99.187.152 - - [31/Aug/2017:09:48:29 +0200] "GET / HTTP/1.1" 200 2023 "-" "WebyMon uptime monitor v1.1"
157.55.39.219 - - [31/Aug/2017:09:51:45 +0200] "GET /doc/vonatrafel_c.pdf HTTP/1.1" 404 1181 "-" "Mozilla/5.0 (iPhone; CPU iPhone OS 7_0 like Mac OS X) AppleWebKit/537.51.1 (KHTML, like Gecko) Version/7.0 Mobile/11A465 Safari/9537.53 (compatible; bingbot/2.0; +http://www.bing.com/bingbot.htm)"
88.99.187.152 - - [31/Aug/2017:09:53:29 +0200] "GET / HTTP/1.1" 200 2023 "-" "WebyMon uptime monitor v1.1"
88.99.187.152 - - [31/Aug/2017:09:58:29 +0200] "GET / HTTP/1.1" 200 2023 "-" "WebyMon uptime monitor v1.1"
88.99.187.152 - - [31/Aug/2017:10:03:29 +0200] "GET / HTTP/1.1" 200 2023 "-" "WebyMon uptime monitor v1.1"
88.99.187.152 - - [31/Aug/2017:10:08:29 +0200] "GET / HTTP/1.1" 200 2023 "-" "WebyMon uptime monitor v1.1"
95.108.213.10 - - [31/Aug/2017:10:08:53 +0200] "GET /hirlevel/images/0907d.jpg HTTP/1.1" 404 1181 "-" "Mozilla/5.0 (compatible; YandexBot/3.0; +http://yandex.com/bots)"
216.244.66.245 - - [31/Aug/2017:10:09:04 +0200] "GET /robots.txt HTTP/1.1" 404 1181 "-" "Mozilla/5.0 (compatible; DotBot/1.1; http://www.opensiteexplorer.org/dotbot, help@moz.com)"
88.99.187.152 - - [31/Aug/2017:10:13:29 +0200] "GET / HTTP/1.1" 200 2023 "-" "WebyMon uptime monitor v1.1"
157.55.39.47 - - [31/Aug/2017:10:13:57 +0200] "GET /robots.txt HTTP/1.1" 404 1181 "-" "Mozilla/5.0 (compatible; bingbot/2.0; +http://www.bing.com/bingbot.htm)"
40.77.167.77 - - [31/Aug/2017:10:14:00 +0200] "GET /hirlevel/vonattal0911.htm HTTP/1.1" 404 1181 "-" "Mozilla/5.0 (iPhone; CPU iPhone OS 7_0 like Mac OS X) AppleWebKit/537.51.1 (KHTML, like Gecko) Version/7.0 Mobile/11A465 Safari/9537.53 (compatible; bingbot/2.0; +http://www.bing.com/bingbot.htm)"
88.99.187.152 - - [31/Aug/2017:10:18:29 +0200] "GET / HTTP/1.1" 200 2023 "-" "WebyMon uptime monitor v1.1"
88.99.187.152 - - [31/Aug/2017:10:23:29 +0200] "GET / HTTP/1.1" 200 2023 "-" "WebyMon uptime monitor v1.1"
88.99.187.152 - - [31/Aug/2017:10:28:29 +0200] "GET / HTTP/1.1" 200 2023 "-" "WebyMon uptime monitor v1.1"
216.244.66.245 - - [31/Aug/2017:10:30:04 +0200] "GET /doc/mkk_allasfogl_vdszsz_20120608.pdf HTTP/1.1" 404 1181 "-" "Mozilla/5.0 (compatible; DotBot/1.1; http://www.opensiteexplorer.org/dotbot, help@moz.com)"
88.99.187.152 - - [31/Aug/2017:10:33:29 +0200] "GET / HTTP/1.1" 200 2023 "-" "WebyMon uptime monitor v1.1"
66.249.65.154 - - [31/Aug/2017:10:33:49 +0200] "GET /kikvagyunk2.htm HTTP/1.1" 200 17012 "-" "Mozilla/5.0 (Linux; Android 6.0.1; Nexus 5X Build/MMB29P) AppleWebKit/537.36 (KHTML, like Gecko) Chrome/41.0.2272.96 Mobile Safari/537.36 (compatible; Googlebot/2.1; +http://www.google.com/bot.html)"
66.249.65.154 - - [31/Aug/2017:10:34:03 +0200] "GET /projektek2.htm HTTP/1.1" 200 7634 "-" "Mozilla/5.0 (Linux; Android 6.0.1; Nexus 5X Build/MMB29P) AppleWebKit/537.36 (KHTML, like Gecko) Chrome/41.0.2272.96 Mobile Safari/537.36 (compatible; Googlebot/2.1; +http://www.google.com/bot.html)"
88.99.187.152 - - [31/Aug/2017:10:38:30 +0200] "GET / HTTP/1.1" 200 2023 "-" "WebyMon uptime monitor v1.1"
88.99.187.152 - - [31/Aug/2017:10:43:29 +0200] "GET / HTTP/1.1" 200 2023 "-" "WebyMon uptime monitor v1.1"
88.99.187.152 - - [31/Aug/2017:10:48:29 +0200] "GET / HTTP/1.1" 200 2023 "-" "WebyMon uptime monitor v1.1"
54.213.191.100 - - [31/Aug/2017:10:52:57 +0200] "GET / HTTP/1.1" 200 2023 "-" "Mozilla/5.0 (Macintosh; Intel Mac OS X 10_10_3) AppleWebKit/537.36 (KHTML, like Gecko) Chrome/44.0.2403.89 Safari/537.36"
88.99.187.152 - - [31/Aug/2017:10:53:29 +0200] "GET / HTTP/1.1" 200 2023 "-" "WebyMon uptime monitor v1.1"
66.249.65.154 - - [31/Aug/2017:10:57:04 +0200] "GET / HTTP/1.1" 200 2023 "-" "Mozilla/5.0 (Linux; Android 6.0.1; Nexus 5X Build/MMB29P) AppleWebKit/537.36 (KHTML, like Gecko) Chrome/41.0.2272.96 Mobile Safari/537.36 (compatible; Googlebot/2.1; +http://www.google.com/bot.html)"
88.99.187.152 - - [31/Aug/2017:10:58:29 +0200] "GET / HTTP/1.1" 200 2023 "-" "WebyMon uptime monitor v1.1"
88.99.187.152 - - [31/Aug/2017:11:03:30 +0200] "GET / HTTP/1.1" 200 2023 "-" "WebyMon uptime monitor v1.1"
88.99.187.152 - - [31/Aug/2017:11:08:29 +0200] "GET / HTTP/1.1" 200 2023 "-" "WebyMon uptime monitor v1.1"
88.99.187.152 - - [31/Aug/2017:11:13:29 +0200] "GET / HTTP/1.1" 200 2023 "-" "WebyMon uptime monitor v1.1"
88.99.187.152 - - [31/Aug/2017:11:18:29 +0200] "GET / HTTP/1.1" 200 2023 "-" "WebyMon uptime monitor v1.1"
88.99.187.152 - - [31/Aug/2017:11:23:29 +0200] "GET / HTTP/1.1" 200 2023 "-" "WebyMon uptime monitor v1.1"
195.212.29.191 - - [31/Aug/2017:11:27:26 +0200] "GET / HTTP/1.1" 200 2023 "https://www.google.co.uk/" "Mozilla/5.0 (Windows NT 6.1; WOW64; rv:52.0) Gecko/20100101 Firefox/52.0"
195.212.29.191 - - [31/Aug/2017:11:27:26 +0200] "GET /blog.jpg HTTP/1.1" 200 29833 "-" "Mozilla/4.0 (compatible;)"
195.212.29.191 - - [31/Aug/2017:11:27:26 +0200] "GET /facebook-logo-preview.png HTTP/1.1" 200 3924 "-" "Mozilla/4.0 (compatible;)"
195.212.29.191 - - [31/Aug/2017:11:27:26 +0200] "GET /mkk_banner.png HTTP/1.1" 200 62097 "-" "Mozilla/4.0 (compatible;)"
195.212.29.191 - - [31/Aug/2017:11:27:34 +0200] "GET /favicon.ico HTTP/1.1" 404 1181 "-" "Mozilla/5.0 (Windows NT 6.1; WOW64; rv:52.0) Gecko/20100101 Firefox/52.0"
88.99.187.152 - - [31/Aug/2017:11:28:29 +0200] "GET / HTTP/1.1" 200 2023 "-" "WebyMon uptime monitor v1.1"
157.55.39.47 - - [31/Aug/2017:11:32:29 +0200] "GET /robots.txt HTTP/1.1" 404 1181 "-" "Mozilla/5.0 (compatible; bingbot/2.0; +http://www.bing.com/bingbot.htm)"
157.55.39.55 - - [31/Aug/2017:11:32:38 +0200] "GET /hirlevel/Prezentacio_Partners%C3%A9g%20%20a%20jobb%20vas%C3%BAt%C3%A9rt.pdf HTTP/1.1" 404 1181 "-" "Mozilla/5.0 (compatible; bingbot/2.0; +http://www.bing.com/bingbot.htm)"
88.99.187.152 - - [31/Aug/2017:11:33:30 +0200] "GET / HTTP/1.1" 200 2023 "-" "WebyMon uptime monitor v1.1"
78.99.173.80 - - [31/Aug/2017:11:34:43 +0200] "GET / HTTP/1.1" 200 2023 "-" "Mozilla/5.0 (Windows NT 6.3; Win64; x64) AppleWebKit/537.36 (KHTML, like Gecko) Chrome/60.0.3112.113 Safari/537.36"
78.99.173.80 - - [31/Aug/2017:11:34:43 +0200] "GET /mkk_banner.png HTTP/1.1" 200 62097 "http://www.mkk.zpok.hu/" "Mozilla/5.0 (Windows NT 6.3; Win64; x64) AppleWebKit/537.36 (KHTML, like Gecko) Chrome/60.0.3112.113 Safari/537.36"
78.99.173.80 - - [31/Aug/2017:11:34:43 +0200] "GET /blog.jpg HTTP/1.1" 200 29833 "http://www.mkk.zpok.hu/" "Mozilla/5.0 (Windows NT 6.3; Win64; x64) AppleWebKit/537.36 (KHTML, like Gecko) Chrome/60.0.3112.113 Safari/537.36"
78.99.173.80 - - [31/Aug/2017:11:34:43 +0200] "GET /facebook-logo-preview.png HTTP/1.1" 200 3924 "http://www.mkk.zpok.hu/" "Mozilla/5.0 (Windows NT 6.3; Win64; x64) AppleWebKit/537.36 (KHTML, like Gecko) Chrome/60.0.3112.113 Safari/537.36"
78.99.173.80 - - [31/Aug/2017:11:34:46 +0200] "GET /favicon.ico HTTP/1.1" 404 1181 "http://www.mkk.zpok.hu/" "Mozilla/5.0 (Windows NT 6.3; Win64; x64) AppleWebKit/537.36 (KHTML, like Gecko) Chrome/60.0.3112.113 Safari/537.36"
88.99.187.152 - - [31/Aug/2017:11:38:30 +0200] "GET / HTTP/1.1" 200 2023 "-" "WebyMon uptime monitor v1.1"
88.99.187.152 - - [31/Aug/2017:11:43:29 +0200] "GET / HTTP/1.1" 200 2023 "-" "WebyMon uptime monitor v1.1"
88.99.187.152 - - [31/Aug/2017:11:48:29 +0200] "GET / HTTP/1.1" 200 2023 "-" "WebyMon uptime monitor v1.1"
66.249.65.154 - - [31/Aug/2017:11:49:09 +0200] "GET /doc/allasf_091027.pdf HTTP/1.1" 404 1181 "-" "Mozilla/5.0 (compatible; Googlebot/2.1; +http://www.google.com/bot.html)"
88.99.187.152 - - [31/Aug/2017:11:53:29 +0200] "GET / HTTP/1.1" 200 2023 "-" "WebyMon uptime monitor v1.1"
66.249.65.157 - - [31/Aug/2017:11:54:43 +0200] "GET /doc/varos-videk_2009.pdf HTTP/1.1" 304 - "-" "Mozilla/5.0 (compatible; Googlebot/2.1; +http://www.google.com/bot.html)"
88.99.187.152 - - [31/Aug/2017:11:58:29 +0200] "GET / HTTP/1.1" 200 2023 "-" "WebyMon uptime monitor v1.1"
88.99.187.152 - - [31/Aug/2017:12:03:30 +0200] "GET / HTTP/1.1" 200 2023 "-" "WebyMon uptime monitor v1.1"
88.99.187.152 - - [31/Aug/2017:12:08:30 +0200] "GET / HTTP/1.1" 200 2023 "-" "WebyMon uptime monitor v1.1"
88.99.187.152 - - [31/Aug/2017:12:13:30 +0200] "GET / HTTP/1.1" 200 2023 "-" "WebyMon uptime monitor v1.1"
66.220.152.135 - - [31/Aug/2017:12:15:31 +0200] "GET / HTTP/1.1" 206 2023 "-" "facebookexternalhit/1.1 (+http://www.facebook.com/externalhit_uatext.php)"
66.220.152.134 - - [31/Aug/2017:12:15:31 +0200] "GET /facebook-logo-preview.png HTTP/1.1" 206 3924 "http://www.mkk.zpok.hu/" "facebookexternalhit/1.1 (+http://www.facebook.com/externalhit_uatext.php)"
66.220.152.133 - - [31/Aug/2017:12:15:31 +0200] "GET /blog.jpg HTTP/1.1" 206 9000 "http://www.mkk.zpok.hu/" "facebookexternalhit/1.1 (+http://www.facebook.com/externalhit_uatext.php)"
66.220.152.169 - - [31/Aug/2017:12:15:32 +0200] "GET /mkk_banner.png HTTP/1.1" 206 9000 "http://www.mkk.zpok.hu/" "facebookexternalhit/1.1 (+http://www.facebook.com/externalhit_uatext.php)"
173.252.91.103 - - [31/Aug/2017:12:15:37 +0200] "GET / HTTP/1.1" 200 2023 "http://m.facebook.com" "Mozilla/5.0 (iPhone; CPU iPhone OS 10_3_2 like Mac OS X) AppleWebKit/603.2.4 (KHTML, like Gecko) Version/10.0 Mobile/14F89 Safari/602.1"
173.252.91.103 - - [31/Aug/2017:12:15:38 +0200] "GET /mkk_banner.png HTTP/1.1" 200 62097 "http://www.mkk.zpok.hu/" "Mozilla/5.0 (iPhone; CPU iPhone OS 10_3_2 like Mac OS X) AppleWebKit/603.2.4 (KHTML, like Gecko) Version/10.0 Mobile/14F89 Safari/602.1"
173.252.91.104 - - [31/Aug/2017:12:15:38 +0200] "GET /facebook-logo-preview.png HTTP/1.1" 200 3924 "http://www.mkk.zpok.hu/" "Mozilla/5.0 (iPhone; CPU iPhone OS 10_3_2 like Mac OS X) AppleWebKit/603.2.4 (KHTML, like Gecko) Version/10.0 Mobile/14F89 Safari/602.1"
173.252.91.107 - - [31/Aug/2017:12:15:38 +0200] "GET /blog.jpg HTTP/1.1" 200 29833 "http://www.mkk.zpok.hu/" "Mozilla/5.0 (iPhone; CPU iPhone OS 10_3_2 like Mac OS X) AppleWebKit/603.2.4 (KHTML, like Gecko) Version/10.0 Mobile/14F89 Safari/602.1"
173.252.115.37 - - [31/Aug/2017:12:16:25 +0200] "GET /mkk_banner.png HTTP/1.1" 200 62097 "-" "-"
173.252.115.37 - - [31/Aug/2017:12:16:25 +0200] "GET /mkk_banner.png HTTP/1.1" 200 62097 "-" "-"
173.252.115.38 - - [31/Aug/2017:12:16:25 +0200] "GET /mkk_banner.png HTTP/1.1" 200 62097 "-" "-"
88.99.187.152 - - [31/Aug/2017:12:18:30 +0200] "GET / HTTP/1.1" 200 2023 "-" "WebyMon uptime monitor v1.1"
95.108.225.217 - - [31/Aug/2017:12:20:01 +0200] "GET /favicon.ico HTTP/1.1" 404 1181 "-" "Mozilla/5.0 (Windows NT 6.1; WOW64) AppleWebKit/537.36 (KHTML, like Gecko) Chrome/59.0.3071.125 YaBrowser/17.7.1.791 Yowser/2.5 Safari/537.36"
88.99.187.152 - - [31/Aug/2017:12:23:29 +0200] "GET / HTTP/1.1" 200 2023 "-" "WebyMon uptime monitor v1.1"
88.99.187.152 - - [31/Aug/2017:12:28:29 +0200] "GET / HTTP/1.1" 200 2023 "-" "WebyMon uptime monitor v1.1"
88.99.187.152 - - [31/Aug/2017:12:33:29 +0200] "GET / HTTP/1.1" 200 2023 "-" "WebyMon uptime monitor v1.1"
157.55.39.55 - - [31/Aug/2017:12:37:29 +0200] "GET /doc/tisza-to_szoroanyag_2012.pdf HTTP/1.1" 404 1181 "-" "Mozilla/5.0 (iPhone; CPU iPhone OS 7_0 like Mac OS X) AppleWebKit/537.51.1 (KHTML, like Gecko) Version/7.0 Mobile/11A465 Safari/9537.53 (compatible; bingbot/2.0; +http://www.bing.com/bingbot.htm)"
88.99.187.152 - - [31/Aug/2017:12:38:28 +0200] "GET / HTTP/1.1" 200 2023 "-" "WebyMon uptime monitor v1.1"
88.99.187.152 - - [31/Aug/2017:12:43:30 +0200] "GET / HTTP/1.1" 200 2023 "-" "WebyMon uptime monitor v1.1"
88.99.187.152 - - [31/Aug/2017:12:48:29 +0200] "GET / HTTP/1.1" 200 2023 "-" "WebyMon uptime monitor v1.1"
