40.77.167.32 - - [03/Nov/2017:21:25:19 +0100] "GET /doc/hatarmenti_infrastruktura.pdf HTTP/1.1" 404 1181 "-" "Mozilla/5.0 (compatible; bingbot/2.0; +http://www.bing.com/bingbot.htm)"
40.77.167.51 - - [03/Nov/2017:21:26:40 +0100] "GET /doc/emlekezteto_tatabanya_0327.pdf HTTP/1.1" 404 1181 "-" "Mozilla/5.0 (iPhone; CPU iPhone OS 7_0 like Mac OS X) AppleWebKit/537.51.1 (KHTML, like Gecko) Version/7.0 Mobile/11A465 Safari/9537.53 (compatible; bingbot/2.0; +http://www.bing.com/bingbot.htm)"
86.101.92.169 - - [03/Nov/2017:21:30:28 +0100] "GET / HTTP/1.1" 200 2023 "-" "Mozilla/5.0 (Windows NT 6.1) AppleWebKit/537.36 (KHTML, like Gecko) Chrome/62.0.3202.75 Safari/537.36"
86.101.92.169 - - [03/Nov/2017:21:30:28 +0100] "GET /mkk_banner.png HTTP/1.1" 200 62097 "http://www.mkk.zpok.hu/" "Mozilla/5.0 (Windows NT 6.1) AppleWebKit/537.36 (KHTML, like Gecko) Chrome/62.0.3202.75 Safari/537.36"
86.101.92.169 - - [03/Nov/2017:21:30:28 +0100] "GET /blog.jpg HTTP/1.1" 200 29833 "http://www.mkk.zpok.hu/" "Mozilla/5.0 (Windows NT 6.1) AppleWebKit/537.36 (KHTML, like Gecko) Chrome/62.0.3202.75 Safari/537.36"
86.101.92.169 - - [03/Nov/2017:21:30:28 +0100] "GET /facebook-logo-preview.png HTTP/1.1" 200 3924 "http://www.mkk.zpok.hu/" "Mozilla/5.0 (Windows NT 6.1) AppleWebKit/537.36 (KHTML, like Gecko) Chrome/62.0.3202.75 Safari/537.36"
86.101.92.169 - - [03/Nov/2017:21:30:31 +0100] "GET /tagsag2.htm HTTP/1.1" 200 1335 "http://www.mkk.zpok.hu/" "Mozilla/5.0 (Windows NT 6.1) AppleWebKit/537.36 (KHTML, like Gecko) Chrome/62.0.3202.75 Safari/537.36"
86.101.92.169 - - [03/Nov/2017:21:30:31 +0100] "GET /favicon.ico HTTP/1.1" 404 1181 "http://www.mkk.zpok.hu/" "Mozilla/5.0 (Windows NT 6.1) AppleWebKit/537.36 (KHTML, like Gecko) Chrome/62.0.3202.75 Safari/537.36"
46.229.164.99 - - [03/Nov/2017:22:18:49 +0100] "GET /robots.txt HTTP/1.1" 404 1181 "-" "Mozilla/5.0 (compatible; SemrushBot/1.2~bl; +http://www.semrush.com/bot.html)"
40.77.167.32 - - [03/Nov/2017:22:40:09 +0100] "GET /hirlevel/MAV_102vonal_prezi201504.pdf HTTP/1.1" 404 1181 "-" "Mozilla/5.0 (iPhone; CPU iPhone OS 7_0 like Mac OS X) AppleWebKit/537.51.1 (KHTML, like Gecko) Version/7.0 Mobile/11A465 Safari/9537.53 (compatible; bingbot/2.0; +http://www.bing.com/bingbot.htm)"
207.46.13.109 - - [03/Nov/2017:23:46:42 +0100] "GET /doc/A_kozlekedesmenedzsment_korszeru_eszkozei.pdf HTTP/1.1" 404 1181 "-" "Mozilla/5.0 (compatible; bingbot/2.0; +http://www.bing.com/bingbot.htm)"
77.111.91.248 - - [04/Nov/2017:00:30:33 +0100] "GET / HTTP/1.1" 200 2023 "-" "Mozilla/5.0 (Windows NT 10.0; Win64; x64) AppleWebKit/537.36 (KHTML, like Gecko) Chrome/61.0.3163.100 Safari/537.36"
80.77.124.230 - - [04/Nov/2017:00:42:45 +0100] "GET / HTTP/1.1" 200 2023 "-" "Mozilla/5.0 (Windows NT 10.0; Win64; x64) AppleWebKit/537.36 (KHTML, like Gecko) Chrome/61.0.3163.100 Safari/537.36"
40.77.167.51 - - [04/Nov/2017:00:45:09 +0100] "GET /doc/allomasok_kepes_osszefoglaloja.pdf HTTP/1.1" 200 5628186 "-" "Mozilla/5.0 (iPhone; CPU iPhone OS 7_0 like Mac OS X) AppleWebKit/537.51.1 (KHTML, like Gecko) Version/7.0 Mobile/11A465 Safari/9537.53 (compatible; bingbot/2.0; +http://www.bing.com/bingbot.htm)"
151.80.39.150 - - [04/Nov/2017:01:11:46 +0100] "GET /robots.txt HTTP/1.1" 404 1181 "-" "Mozilla/5.0 (compatible; AhrefsBot/5.2; +http://ahrefs.com/robot/)"
164.132.161.56 - - [04/Nov/2017:01:11:47 +0100] "GET /hirlevel/vonattal1501.html HTTP/1.1" 404 1181 "-" "Mozilla/5.0 (compatible; AhrefsBot/5.2; +http://ahrefs.com/robot/)"
223.68.191.78 - - [04/Nov/2017:01:50:36 +0100] "GET / HTTP/1.1" 200 2023 "-" "Mozilla/5.0 (Windows NT 6.2; WOW64) AppleWebKit/537.36 (KHTML, like Gecko) Chrome/44.0.2403.155 Safari/537.36"
157.55.39.51 - - [04/Nov/2017:01:59:28 +0100] "GET /robots.txt HTTP/1.1" 404 1181 "-" "Mozilla/5.0 (compatible; bingbot/2.0; +http://www.bing.com/bingbot.htm)"
192.187.108.186 - - [04/Nov/2017:03:05:59 +0100] "GET /wp-cros.php HTTP/1.0" 404 1181 "-" "Mozilla/5.0 (Windows NT 6.1) AppleWebKit/537.36 (KHTML, like Gecko) Chrome/41.0.2228.0 Safari/537.36"
192.187.108.186 - - [04/Nov/2017:03:05:59 +0100] "GET /wp-cros.php HTTP/1.0" 404 1181 "-" "Mozilla/5.0 (Windows NT 6.1) AppleWebKit/537.36 (KHTML, like Gecko) Chrome/41.0.2228.0 Safari/537.36"
192.187.108.186 - - [04/Nov/2017:03:06:00 +0100] "GET /wp-cros.php HTTP/1.0" 404 1181 "-" "Mozilla/5.0 (Windows NT 6.1) AppleWebKit/537.36 (KHTML, like Gecko) Chrome/41.0.2228.0 Safari/537.36"
192.187.108.186 - - [04/Nov/2017:03:06:00 +0100] "GET /wp-cros.php HTTP/1.0" 404 1181 "-" "Mozilla/5.0 (Windows NT 6.1) AppleWebKit/537.36 (KHTML, like Gecko) Chrome/41.0.2228.0 Safari/537.36"
199.30.24.190 - - [04/Nov/2017:04:54:30 +0100] "GET /doc/allomasok_kepes_osszefoglaloja.pdf HTTP/1.1" 200 4341760 "-" "Mozilla/5.0 (iPhone; CPU iPhone OS 7_0 like Mac OS X) AppleWebKit/537.51.1 (KHTML, like Gecko) Version/7.0 Mobile/11A465 Safari/9537.53 BingPreview/1.0b"
40.77.167.32 - - [04/Nov/2017:04:55:14 +0100] "GET /hirlevel/vonattal1107.htm HTTP/1.1" 404 1181 "-" "Mozilla/5.0 (iPhone; CPU iPhone OS 7_0 like Mac OS X) AppleWebKit/537.51.1 (KHTML, like Gecko) Version/7.0 Mobile/11A465 Safari/9537.53 (compatible; bingbot/2.0; +http://www.bing.com/bingbot.htm)"
54.236.1.15 - - [04/Nov/2017:06:59:41 +0100] "GET /robots.txt HTTP/1.1" 404 1181 "-" "Mozilla/5.0 (compatible; Pinterestbot/1.0; +http://www.pinterest.com/bot.html)"
54.236.1.15 - - [04/Nov/2017:06:59:41 +0100] "GET /doc/b2_201203.jpg HTTP/1.1" 404 1181 "-" "Mozilla/5.0 (compatible; Pinterestbot/1.0; +http://www.pinterest.com/bot.html)"
18.195.44.252 - - [04/Nov/2017:07:04:26 +0100] "GET /robots.txt HTTP/1.1" 404 1181 "-" "Mozilla/5.0 (compatible; Cliqzbot/2.0; +http://cliqz.com/company/cliqzbot)"
18.195.44.252 - - [04/Nov/2017:07:04:28 +0100] "GET / HTTP/1.1" 200 2023 "-" "Mozilla/5.0 (compatible; Cliqzbot/2.0; +http://cliqz.com/company/cliqzbot)"
196.52.43.56 - - [04/Nov/2017:07:09:53 +0100] "GET / HTTP/1.1" 200 2023 "-" "-"
46.229.164.100 - - [04/Nov/2017:07:28:49 +0100] "GET /robots.txt HTTP/1.1" 404 1181 "-" "Mozilla/5.0 (compatible; SemrushBot/1.2~bl; +http://www.semrush.com/bot.html)"
66.249.79.67 - - [04/Nov/2017:08:09:00 +0100] "GET /robots.txt HTTP/1.1" 404 1181 "-" "Mozilla/5.0 (compatible; Googlebot/2.1; +http://www.google.com/bot.html)"
66.249.79.72 - - [04/Nov/2017:08:09:00 +0100] "GET / HTTP/1.1" 200 2023 "-" "Mozilla/5.0 (compatible; Googlebot/2.1; +http://www.google.com/bot.html)"
66.249.79.70 - - [04/Nov/2017:08:12:42 +0100] "GET /tagsag2.htm HTTP/1.1" 200 1335 "-" "Mozilla/5.0 (compatible; Googlebot/2.1; +http://www.google.com/bot.html)"
66.249.79.72 - - [04/Nov/2017:08:16:14 +0100] "GET /doc/belepesinyilatkozat.pdf HTTP/1.1" 200 403937 "-" "Mozilla/5.0 (compatible; Googlebot/2.1; +http://www.google.com/bot.html)"
66.249.79.70 - - [04/Nov/2017:08:19:24 +0100] "GET /hirlevel/szentendre_1109.pdf HTTP/1.1" 404 1181 "-" "Googlebot/2.1 (+http://www.google.com/bot.html)"
66.249.79.86 - - [04/Nov/2017:08:30:47 +0100] "GET /robots.txt HTTP/1.1" 404 1181 "-" "Mozilla/5.0 (compatible; Googlebot/2.1; +http://www.google.com/bot.html)"
66.249.79.86 - - [04/Nov/2017:08:30:47 +0100] "GET /doc/T&E_februar2009.pdf HTTP/1.1" 404 1181 "-" "Googlebot/2.1 (+http://www.google.com/bot.html)"
37.76.10.163 - - [04/Nov/2017:08:38:15 +0100] "GET / HTTP/1.1" 200 2023 "-" "Mozilla/5.0 (Linux; Android 4.2.2; GT-S7275R Build/JDQ39) AppleWebKit/537.36 (KHTML, like Gecko) Chrome/61.0.3163.98 Mobile Safari/537.36"
37.76.10.163 - - [04/Nov/2017:08:38:15 +0100] "GET /facebook-logo-preview.png HTTP/1.1" 200 3924 "http://www.mkk.zpok.hu/" "Mozilla/5.0 (Linux; Android 4.2.2; GT-S7275R Build/JDQ39) AppleWebKit/537.36 (KHTML, like Gecko) Chrome/61.0.3163.98 Mobile Safari/537.36"
37.76.10.163 - - [04/Nov/2017:08:38:15 +0100] "GET /mkk_banner.png HTTP/1.1" 200 62097 "http://www.mkk.zpok.hu/" "Mozilla/5.0 (Linux; Android 4.2.2; GT-S7275R Build/JDQ39) AppleWebKit/537.36 (KHTML, like Gecko) Chrome/61.0.3163.98 Mobile Safari/537.36"
37.76.10.163 - - [04/Nov/2017:08:38:16 +0100] "GET /blog.jpg HTTP/1.1" 200 29833 "http://www.mkk.zpok.hu/" "Mozilla/5.0 (Linux; Android 4.2.2; GT-S7275R Build/JDQ39) AppleWebKit/537.36 (KHTML, like Gecko) Chrome/61.0.3163.98 Mobile Safari/537.36"
37.76.10.163 - - [04/Nov/2017:08:38:23 +0100] "GET /favicon.ico HTTP/1.1" 404 1181 "http://www.mkk.zpok.hu/" "Mozilla/5.0 (Linux; Android 4.2.2; GT-S7275R Build/JDQ39) AppleWebKit/537.36 (KHTML, like Gecko) Chrome/61.0.3163.98 Mobile Safari/537.36"
40.77.167.51 - - [04/Nov/2017:08:49:38 +0100] "GET /doc/mkk_allasfogl070622.pdf HTTP/1.1" 404 1181 "-" "Mozilla/5.0 (compatible; bingbot/2.0; +http://www.bing.com/bingbot.htm)"
78.104.101.228 - - [04/Nov/2017:08:58:16 +0100] "GET /images/vasutterkep_n.jpg HTTP/1.1" 404 1181 "-" "Mozilla/5.0 (Windows NT 6.1; Win64; x64) AppleWebKit/537.36 (KHTML, like Gecko) Chrome/61.0.3163.100 Safari/537.36"
78.104.101.228 - - [04/Nov/2017:08:58:18 +0100] "GET /favicon.ico HTTP/1.1" 404 1181 "http://www.mkk.zpok.hu/images/vasutterkep_n.jpg" "Mozilla/5.0 (Windows NT 6.1; Win64; x64) AppleWebKit/537.36 (KHTML, like Gecko) Chrome/61.0.3163.100 Safari/537.36"
40.77.167.51 - - [04/Nov/2017:09:02:54 +0100] "GET /doc/b2_2012_03.pdf HTTP/1.1" 404 1181 "-" "Mozilla/5.0 (iPhone; CPU iPhone OS 7_0 like Mac OS X) AppleWebKit/537.51.1 (KHTML, like Gecko) Version/7.0 Mobile/11A465 Safari/9537.53 (compatible; bingbot/2.0; +http://www.bing.com/bingbot.htm)"
66.249.79.67 - - [04/Nov/2017:09:12:53 +0100] "GET /doc/szoroanyag_109_2009.pdf HTTP/1.1" 404 1181 "-" "Mozilla/5.0 (compatible; Googlebot/2.1; +http://www.google.com/bot.html)"
207.46.13.109 - - [04/Nov/2017:09:22:01 +0100] "GET /doc/hu_aps_positivbeispiele_aufl2_070622_klein.pdf HTTP/1.1" 200 2887217 "-" "Mozilla/5.0 (iPhone; CPU iPhone OS 7_0 like Mac OS X) AppleWebKit/537.51.1 (KHTML, like Gecko) Version/7.0 Mobile/11A465 Safari/9537.53 (compatible; bingbot/2.0; +http://www.bing.com/bingbot.htm)"
46.229.164.99 - - [04/Nov/2017:09:48:23 +0100] "GET /robots.txt HTTP/1.1" 404 1181 "-" "Mozilla/5.0 (compatible; SemrushBot/1.2~bl; +http://www.semrush.com/bot.html)"
91.89.228.198 - - [04/Nov/2017:10:59:33 +0100] "GET /doc/b2_201203.jpg HTTP/1.1" 404 1181 "-" "Mozilla/5.0 (Macintosh; Intel Mac OS X 10_13) AppleWebKit/604.1.38 (KHTML, like Gecko)"
91.89.228.198 - - [04/Nov/2017:10:59:33 +0100] "GET /apple-touch-icon-precomposed.png HTTP/1.1" 404 1181 "-" "Safari/13604.1.38.1.6 CFNetwork/887 Darwin/17.0.0 (x86_64)"
91.89.228.198 - - [04/Nov/2017:10:59:33 +0100] "GET /apple-touch-icon.png HTTP/1.1" 404 1181 "-" "Safari/13604.1.38.1.6 CFNetwork/887 Darwin/17.0.0 (x86_64)"
91.89.228.198 - - [04/Nov/2017:10:59:33 +0100] "GET /favicon.ico HTTP/1.1" 404 1181 "-" "Safari/13604.1.38.1.6 CFNetwork/887 Darwin/17.0.0 (x86_64)"
91.89.228.198 - - [04/Nov/2017:10:59:34 +0100] "GET /apple-touch-icon-precomposed.png HTTP/1.1" 404 1181 "-" "Safari/13604.1.38.1.6 CFNetwork/887 Darwin/17.0.0 (x86_64)"
91.89.228.198 - - [04/Nov/2017:10:59:34 +0100] "GET /apple-touch-icon.png HTTP/1.1" 404 1181 "-" "Safari/13604.1.38.1.6 CFNetwork/887 Darwin/17.0.0 (x86_64)"
91.89.228.198 - - [04/Nov/2017:10:59:34 +0100] "GET /favicon.ico HTTP/1.1" 404 1181 "-" "Safari/13604.1.38.1.6 CFNetwork/887 Darwin/17.0.0 (x86_64)"
91.89.228.198 - - [04/Nov/2017:10:59:34 +0100] "GET /doc/b2_201203.jpg HTTP/1.1" 404 1181 "-" "Mozilla/5.0 (iPhone; CPU iPhone OS 10_3 like Mac OS X) AppleWebKit/603.1.30 (KHTML, like Gecko) Version/10.3 Mobile/14E277 Safari/603.1.30"
91.89.228.198 - - [04/Nov/2017:10:59:34 +0100] "GET /apple-touch-icon-precomposed.png HTTP/1.1" 404 1181 "-" "Safari/13604.1.38.1.6 CFNetwork/887 Darwin/17.0.0 (x86_64)"
91.89.228.198 - - [04/Nov/2017:10:59:34 +0100] "GET /apple-touch-icon.png HTTP/1.1" 404 1181 "-" "Safari/13604.1.38.1.6 CFNetwork/887 Darwin/17.0.0 (x86_64)"
91.89.228.198 - - [04/Nov/2017:10:59:34 +0100] "GET /favicon.ico HTTP/1.1" 404 1181 "-" "Safari/13604.1.38.1.6 CFNetwork/887 Darwin/17.0.0 (x86_64)"
91.89.228.198 - - [04/Nov/2017:10:59:34 +0100] "GET /apple-touch-icon-precomposed.png HTTP/1.1" 404 1181 "-" "Safari/13604.1.38.1.6 CFNetwork/887 Darwin/17.0.0 (x86_64)"
91.89.228.198 - - [04/Nov/2017:10:59:34 +0100] "GET /apple-touch-icon.png HTTP/1.1" 404 1181 "-" "Safari/13604.1.38.1.6 CFNetwork/887 Darwin/17.0.0 (x86_64)"
91.89.228.198 - - [04/Nov/2017:10:59:34 +0100] "GET /favicon.ico HTTP/1.1" 404 1181 "-" "Safari/13604.1.38.1.6 CFNetwork/887 Darwin/17.0.0 (x86_64)"
40.77.167.51 - - [04/Nov/2017:11:11:27 +0100] "GET / HTTP/1.1" 200 2023 "-" "Mozilla/5.0 (iPhone; CPU iPhone OS 7_0 like Mac OS X) AppleWebKit/537.51.1 (KHTML, like Gecko) Version/7.0 Mobile/11A465 Safari/9537.53 (compatible; bingbot/2.0; +http://www.bing.com/bingbot.htm)"
131.253.27.133 - - [04/Nov/2017:11:11:28 +0100] "GET /blog.jpg HTTP/1.1" 200 29833 "http://www.mkk.zpok.hu/" "Mozilla/5.0 (iPhone; CPU iPhone OS 7_0 like Mac OS X) AppleWebKit/537.51.1 (KHTML, like Gecko) Version/7.0 Mobile/11A465 Safari/9537.53 BingPreview/1.0b"
131.253.27.133 - - [04/Nov/2017:11:11:28 +0100] "GET /mkk_banner.png HTTP/1.1" 200 62097 "http://www.mkk.zpok.hu/" "Mozilla/5.0 (iPhone; CPU iPhone OS 7_0 like Mac OS X) AppleWebKit/537.51.1 (KHTML, like Gecko) Version/7.0 Mobile/11A465 Safari/9537.53 BingPreview/1.0b"
83.79.111.142 - - [04/Nov/2017:12:06:53 +0100] "GET /doc/b2_201203.jpg HTTP/1.1" 404 1181 "http://vasut.kteam.hu/indexde.html" "Mozilla/5.0 (X11; Linux x86_64; rv:45.0) Gecko/20100101 Firefox/45.0"
83.79.111.142 - - [04/Nov/2017:12:06:53 +0100] "GET /favicon.ico HTTP/1.1" 404 1181 "-" "Mozilla/5.0 (X11; Linux x86_64; rv:45.0) Gecko/20100101 Firefox/45.0"
83.79.111.142 - - [04/Nov/2017:12:06:53 +0100] "GET /favicon.ico HTTP/1.1" 404 1181 "-" "Mozilla/5.0 (X11; Linux x86_64; rv:45.0) Gecko/20100101 Firefox/45.0"
114.80.244.34 - - [04/Nov/2017:13:13:16 +0100] "GET / HTTP/1.1" 200 2023 "-" "-"
80.77.124.230 - - [04/Nov/2017:13:15:22 +0100] "GET / HTTP/1.1" 200 2023 "-" "Mozilla/5.0 (Windows NT 10.0; Win64; x64) AppleWebKit/537.36 (KHTML, like Gecko) Chrome/61.0.3163.100 Safari/537.36"
77.111.91.248 - - [04/Nov/2017:13:28:57 +0100] "GET / HTTP/1.1" 200 2023 "-" "Mozilla/5.0 (Windows NT 10.0; Win64; x64) AppleWebKit/537.36 (KHTML, like Gecko) Chrome/61.0.3163.100 Safari/537.36"
104.154.77.58 - - [04/Nov/2017:13:42:48 +0100] "GET /robots.txt HTTP/1.1" 404 1181 "-" "Mozilla/5.0 (Windows NT 10.0; Win64; x64; rv:48.0) Gecko/20100101 Firefox/48.0"
104.154.77.58 - - [04/Nov/2017:13:42:48 +0100] "GET /xmlrpc.php?rsd HTTP/1.1" 404 1181 "-" "Mozilla/5.0 (Windows NT 10.0; Win64; x64; rv:48.0) Gecko/20100101 Firefox/48.0"
104.154.77.58 - - [04/Nov/2017:13:42:48 +0100] "GET / HTTP/1.1" 200 2023 "-" "Mozilla/5.0 (Windows NT 10.0; Win64; x64; rv:48.0) Gecko/20100101 Firefox/48.0"
104.154.77.58 - - [04/Nov/2017:13:42:48 +0100] "GET /blog/robots.txt HTTP/1.1" 404 1181 "-" "Mozilla/5.0 (Windows NT 10.0; Win64; x64; rv:48.0) Gecko/20100101 Firefox/48.0"
104.154.77.58 - - [04/Nov/2017:13:42:48 +0100] "GET /blog/ HTTP/1.1" 404 1181 "-" "Mozilla/5.0 (Windows NT 10.0; Win64; x64; rv:48.0) Gecko/20100101 Firefox/48.0"
104.154.77.58 - - [04/Nov/2017:13:42:48 +0100] "GET /wordpress/ HTTP/1.1" 404 1181 "-" "Mozilla/5.0 (Windows NT 10.0; Win64; x64; rv:48.0) Gecko/20100101 Firefox/48.0"
104.154.77.58 - - [04/Nov/2017:13:42:49 +0100] "GET /wp/ HTTP/1.1" 404 1181 "-" "Mozilla/5.0 (Windows NT 10.0; Win64; x64; rv:48.0) Gecko/20100101 Firefox/48.0"
40.77.167.51 - - [04/Nov/2017:14:38:06 +0100] "GET /hirlevel/vonattal1207.htm HTTP/1.1" 404 1181 "-" "Mozilla/5.0 (iPhone; CPU iPhone OS 7_0 like Mac OS X) AppleWebKit/537.51.1 (KHTML, like Gecko) Version/7.0 Mobile/11A465 Safari/9537.53 (compatible; bingbot/2.0; +http://www.bing.com/bingbot.htm)"
40.77.167.51 - - [04/Nov/2017:14:56:53 +0100] "GET /doc/b2_2010.pdf HTTP/1.1" 404 1181 "-" "Mozilla/5.0 (iPhone; CPU iPhone OS 7_0 like Mac OS X) AppleWebKit/537.51.1 (KHTML, like Gecko) Version/7.0 Mobile/11A465 Safari/9537.53 (compatible; bingbot/2.0; +http://www.bing.com/bingbot.htm)"
40.77.167.32 - - [04/Nov/2017:15:05:09 +0100] "GET /doc/12pont_100702.pdf HTTP/1.1" 404 1181 "-" "Mozilla/5.0 (compatible; bingbot/2.0; +http://www.bing.com/bingbot.htm)"
176.63.18.138 - - [04/Nov/2017:15:48:26 +0100] "GET /images/vasutterkep_n.jpg HTTP/1.1" 404 1181 "https://hu.wikipedia.org/" "Mozilla/5.0 (Windows NT 6.1; Win64; x64) AppleWebKit/537.36 (KHTML, like Gecko) Chrome/61.0.3163.100 Safari/537.36"
176.63.18.138 - - [04/Nov/2017:15:48:26 +0100] "GET /favicon.ico HTTP/1.1" 404 1181 "http://www.mkk.zpok.hu/images/vasutterkep_n.jpg" "Mozilla/5.0 (Windows NT 6.1; Win64; x64) AppleWebKit/537.36 (KHTML, like Gecko) Chrome/61.0.3163.100 Safari/537.36"
40.77.167.32 - - [04/Nov/2017:16:01:12 +0100] "GET /doc/hatarmenti_infrastruktura.pdf HTTP/1.1" 404 1181 "-" "Mozilla/5.0 (iPhone; CPU iPhone OS 7_0 like Mac OS X) AppleWebKit/537.51.1 (KHTML, like Gecko) Version/7.0 Mobile/11A465 Safari/9537.53 (compatible; bingbot/2.0; +http://www.bing.com/bingbot.htm)"
67.215.230.87 - - [04/Nov/2017:16:07:15 +0100] "HEAD / HTTP/1.1" 200 0 "http://uptime-alpha.net/mkk.zpok.hu" "Mozilla/5.0 (compatible; Uptimebot/1.0; +http://www.uptime.com/uptimebot)"
67.215.230.88 - - [04/Nov/2017:16:07:15 +0100] "GET / HTTP/1.1" 200 2023 "-" "Mozilla/5.0 (compatible; Uptimebot/1.0; +http://www.uptime.com/uptimebot)"
54.200.101.239 - - [04/Nov/2017:16:29:48 +0100] "GET / HTTP/1.1" 200 2023 "-" "Mozilla/5.0 (Macintosh; Intel Mac OS X 10_10_3) AppleWebKit/537.36 (KHTML, like Gecko) Chrome/44.0.2403.89 Safari/537.36"
40.77.167.32 - - [04/Nov/2017:16:57:11 +0100] "GET /doc/12pont_100702.pdf HTTP/1.1" 404 1181 "-" "Mozilla/5.0 (compatible; bingbot/2.0; +http://www.bing.com/bingbot.htm)"
108.59.8.70 - - [04/Nov/2017:17:40:38 +0100] "GET /robots.txt HTTP/1.1" 404 1181 "-" "Mozilla/5.0 (compatible; MJ12bot/v1.4.8; http://mj12bot.com/)"
108.59.8.70 - - [04/Nov/2017:17:40:40 +0100] "GET / HTTP/1.1" 200 2023 "-" "Mozilla/5.0 (compatible; MJ12bot/v1.4.8; http://mj12bot.com/)"
40.77.167.51 - - [04/Nov/2017:17:43:40 +0100] "GET /doc/ipoly_201109.pdf HTTP/1.1" 404 1181 "-" "Mozilla/5.0 (iPhone; CPU iPhone OS 7_0 like Mac OS X) AppleWebKit/537.51.1 (KHTML, like Gecko) Version/7.0 Mobile/11A465 Safari/9537.53 (compatible; bingbot/2.0; +http://www.bing.com/bingbot.htm)"
46.229.168.66 - - [04/Nov/2017:17:45:37 +0100] "GET /tagsag2.htm HTTP/1.1" 200 1335 "-" "Mozilla/5.0 (compatible; SemrushBot/1.2~bl; +http://www.semrush.com/bot.html)"
46.229.168.78 - - [04/Nov/2017:17:46:01 +0100] "GET /kikvagyunk2.htm HTTP/1.1" 200 17012 "-" "Mozilla/5.0 (compatible; SemrushBot/1.2~bl; +http://www.semrush.com/bot.html)"
46.229.168.80 - - [04/Nov/2017:17:46:14 +0100] "GET / HTTP/1.1" 200 2023 "-" "Mozilla/5.0 (compatible; SemrushBot/1.2~bl; +http://www.semrush.com/bot.html)"
217.182.132.85 - - [04/Nov/2017:17:59:13 +0100] "GET /hirlevel/vonattal1601.html HTTP/1.1" 404 1181 "-" "Mozilla/5.0 (compatible; AhrefsBot/5.2; +http://ahrefs.com/robot/)"
173.252.98.80 - - [04/Nov/2017:19:09:11 +0100] "GET /hirlevel/NCTA_tamogato_es_lebonyolito_logosor.jpg HTTP/1.1" 404 1181 "-" "facebookexternalhit/1.1 (+http://www.facebook.com/externalhit_uatext.php)"
35.202.157.217 - - [04/Nov/2017:19:22:16 +0100] "GET /robots.txt HTTP/1.1" 404 1181 "-" "Mozilla/5.0 (Windows NT 10.0; WOW64) AppleWebKit/537.36 (KHTML, like Gecko) Chrome/49.0.2623.75 Safari/537.36 OPR/36.0.2130.32"
35.202.157.217 - - [04/Nov/2017:19:22:16 +0100] "GET / HTTP/1.1" 200 2023 "-" "Mozilla/5.0 (Windows NT 10.0; WOW64) AppleWebKit/537.36 (KHTML, like Gecko) Chrome/49.0.2623.75 Safari/537.36 OPR/36.0.2130.32"
35.202.157.217 - - [04/Nov/2017:19:22:17 +0100] "GET /xmlrpc.php?rsd HTTP/1.1" 404 1181 "-" "Mozilla/5.0 (Windows NT 10.0; WOW64) AppleWebKit/537.36 (KHTML, like Gecko) Chrome/49.0.2623.75 Safari/537.36 OPR/36.0.2130.32"
35.202.157.217 - - [04/Nov/2017:19:22:17 +0100] "GET /blog/robots.txt HTTP/1.1" 404 1181 "-" "Mozilla/5.0 (Windows NT 10.0; WOW64) AppleWebKit/537.36 (KHTML, like Gecko) Chrome/49.0.2623.75 Safari/537.36 OPR/36.0.2130.32"
35.202.157.217 - - [04/Nov/2017:19:22:17 +0100] "GET /blog/ HTTP/1.1" 404 1181 "-" "Mozilla/5.0 (Windows NT 10.0; WOW64) AppleWebKit/537.36 (KHTML, like Gecko) Chrome/49.0.2623.75 Safari/537.36 OPR/36.0.2130.32"
35.202.157.217 - - [04/Nov/2017:19:22:17 +0100] "GET /wordpress/ HTTP/1.1" 404 1181 "-" "Mozilla/5.0 (Windows NT 10.0; WOW64) AppleWebKit/537.36 (KHTML, like Gecko) Chrome/49.0.2623.75 Safari/537.36 OPR/36.0.2130.32"
35.202.157.217 - - [04/Nov/2017:19:22:17 +0100] "GET /wp/ HTTP/1.1" 404 1181 "-" "Mozilla/5.0 (Windows NT 10.0; WOW64) AppleWebKit/537.36 (KHTML, like Gecko) Chrome/49.0.2623.75 Safari/537.36 OPR/36.0.2130.32"
35.202.157.217 - - [04/Nov/2017:19:22:17 +0100] "GET /robots.txt HTTP/1.1" 404 1181 "-" "Mozilla/5.0 (Windows NT 10.0; WOW64) AppleWebKit/537.36 (KHTML, like Gecko) Chrome/49.0.2623.75 Safari/537.36 OPR/36.0.2130.32"
35.202.157.217 - - [04/Nov/2017:19:22:17 +0100] "GET /administrator/index.php HTTP/1.1" 404 1181 "-" "Mozilla/5.0 (Windows NT 10.0; WOW64) AppleWebKit/537.36 (KHTML, like Gecko) Chrome/49.0.2623.75 Safari/537.36 OPR/36.0.2130.32"
35.202.157.217 - - [04/Nov/2017:19:22:18 +0100] "GET /blog/robots.txt HTTP/1.1" 404 1181 "-" "Mozilla/5.0 (Windows NT 10.0; WOW64) AppleWebKit/537.36 (KHTML, like Gecko) Chrome/49.0.2623.75 Safari/537.36 OPR/36.0.2130.32"
35.202.157.217 - - [04/Nov/2017:19:22:18 +0100] "GET /blog/administrator/index.php HTTP/1.1" 404 1181 "-" "Mozilla/5.0 (Windows NT 10.0; WOW64) AppleWebKit/537.36 (KHTML, like Gecko) Chrome/49.0.2623.75 Safari/537.36 OPR/36.0.2130.32"
35.202.157.217 - - [04/Nov/2017:19:22:18 +0100] "GET /joomla/robots.txt HTTP/1.1" 404 1181 "-" "Mozilla/5.0 (Windows NT 10.0; WOW64) AppleWebKit/537.36 (KHTML, like Gecko) Chrome/49.0.2623.75 Safari/537.36 OPR/36.0.2130.32"
35.202.157.217 - - [04/Nov/2017:19:22:18 +0100] "GET /joomla/administrator/index.php HTTP/1.1" 404 1181 "-" "Mozilla/5.0 (Windows NT 10.0; WOW64) AppleWebKit/537.36 (KHTML, like Gecko) Chrome/49.0.2623.75 Safari/537.36 OPR/36.0.2130.32"
35.202.157.217 - - [04/Nov/2017:19:22:18 +0100] "GET / HTTP/1.1" 200 2023 "-" "Mozilla/5.0 (Windows NT 10.0; WOW64) AppleWebKit/537.36 (KHTML, like Gecko) Chrome/49.0.2623.75 Safari/537.36 OPR/36.0.2130.32"
35.202.157.217 - - [04/Nov/2017:19:22:19 +0100] "GET /bitrix/admin/index.php?lang=en HTTP/1.1" 404 1181 "-" "Mozilla/5.0 (Windows NT 10.0; WOW64) AppleWebKit/537.36 (KHTML, like Gecko) Chrome/49.0.2623.75 Safari/537.36 OPR/36.0.2130.32"
35.202.157.217 - - [04/Nov/2017:19:22:19 +0100] "GET /robots.txt HTTP/1.1" 404 1181 "-" "Mozilla/5.0 (Windows NT 10.0; WOW64) AppleWebKit/537.36 (KHTML, like Gecko) Chrome/49.0.2623.75 Safari/537.36 OPR/36.0.2130.32"
35.202.157.217 - - [04/Nov/2017:19:22:19 +0100] "GET /robots.txt HTTP/1.1" 404 1181 "-" "Mozilla/5.0 (Windows NT 10.0; WOW64) AppleWebKit/537.36 (KHTML, like Gecko) Chrome/49.0.2623.75 Safari/537.36 OPR/36.0.2130.32"
35.202.157.217 - - [04/Nov/2017:19:22:19 +0100] "GET /robots.txt HTTP/1.1" 404 1181 "-" "Mozilla/5.0 (Windows NT 10.0; WOW64) AppleWebKit/537.36 (KHTML, like Gecko) Chrome/49.0.2623.75 Safari/537.36 OPR/36.0.2130.32"
40.77.167.51 - - [04/Nov/2017:19:41:42 +0100] "GET / HTTP/1.1" 200 2023 "-" "Mozilla/5.0 (compatible; bingbot/2.0; +http://www.bing.com/bingbot.htm)"
207.46.13.50 - - [04/Nov/2017:19:50:08 +0100] "GET /doc/varos-videk.vasut_2009.pdf HTTP/1.1" 404 1181 "-" "Mozilla/5.0 (iPhone; CPU iPhone OS 7_0 like Mac OS X) AppleWebKit/537.51.1 (KHTML, like Gecko) Version/7.0 Mobile/11A465 Safari/9537.53 (compatible; bingbot/2.0; +http://www.bing.com/bingbot.htm)"
216.169.110.221 - - [04/Nov/2017:20:01:42 +0100] "HEAD / HTTP/1.1" 200 0 "http://uptime-gamma.net/mkk.zpok.hu" "Mozilla/5.0 (compatible; Uptimebot/1.0; +http://www.uptime.com/uptimebot)"
40.77.167.106 - - [04/Nov/2017:20:05:27 +0100] "GET /hirlevel/images/vonattal-zircrol.pdf HTTP/1.1" 404 1181 "-" "Mozilla/5.0 (compatible; bingbot/2.0; +http://www.bing.com/bingbot.htm)"
40.77.167.51 - - [04/Nov/2017:20:09:02 +0100] "GET /doc/varos-videk_2009.pdf HTTP/1.1" 200 1636386 "-" "Mozilla/5.0 (iPhone; CPU iPhone OS 7_0 like Mac OS X) AppleWebKit/537.51.1 (KHTML, like Gecko) Version/7.0 Mobile/11A465 Safari/9537.53 (compatible; bingbot/2.0; +http://www.bing.com/bingbot.htm)"
207.46.13.50 - - [04/Nov/2017:20:29:11 +0100] "GET /hirlevel/vonattal1605.html HTTP/1.1" 404 1181 "-" "Mozilla/5.0 (iPhone; CPU iPhone OS 7_0 like Mac OS X) AppleWebKit/537.51.1 (KHTML, like Gecko) Version/7.0 Mobile/11A465 Safari/9537.53 (compatible; bingbot/2.0; +http://www.bing.com/bingbot.htm)"
80.98.191.7 - - [04/Nov/2017:20:53:44 +0100] "GET /images/vasutterkep_n.jpg HTTP/1.1" 404 1181 "http://oterkep.blogspot.hu/2007/11/magyarorszg-vasti-trkp.html" "Mozilla/5.0 (Windows NT 6.1) AppleWebKit/537.36 (KHTML, like Gecko) Chrome/61.0.3163.100 Safari/537.36"
80.98.191.7 - - [04/Nov/2017:20:53:44 +0100] "GET /favicon.ico HTTP/1.1" 404 1181 "http://www.mkk.zpok.hu/images/vasutterkep_n.jpg" "Mozilla/5.0 (Windows NT 6.1) AppleWebKit/537.36 (KHTML, like Gecko) Chrome/61.0.3163.100 Safari/537.36"
80.98.191.7 - - [04/Nov/2017:20:55:30 +0100] "GET /images/vasutterkep_n.jpg HTTP/1.1" 404 1181 "http://oterkep.blogspot.hu/2007/11/magyarorszg-vasti-trkp.html" "Mozilla/5.0 (Windows NT 6.1) AppleWebKit/537.36 (KHTML, like Gecko) Chrome/61.0.3163.100 Safari/537.36"
80.98.191.7 - - [04/Nov/2017:20:55:37 +0100] "GET /images/vasutterkep_n.jpg HTTP/1.1" 404 1181 "http://oterkep.blogspot.hu/2007/11/magyarorszg-vasti-trkp.html" "Mozilla/5.0 (Windows NT 6.1) AppleWebKit/537.36 (KHTML, like Gecko) Chrome/61.0.3163.100 Safari/537.36"
80.98.191.7 - - [04/Nov/2017:20:55:54 +0100] "GET /images/vasutterkep_n.jpg HTTP/1.1" 404 1181 "http://oterkep.blogspot.hu/2007/11/magyarorszg-vasti-trkp.html" "Mozilla/5.0 (Windows NT 6.1) AppleWebKit/537.36 (KHTML, like Gecko) Chrome/61.0.3163.100 Safari/537.36"
141.8.183.17 - - [04/Nov/2017:22:24:20 +0100] "GET /robots.txt HTTP/1.1" 404 1181 "-" "Mozilla/5.0 (compatible; YandexBot/3.0; +http://yandex.com/bots)"
141.8.183.17 - - [04/Nov/2017:22:24:20 +0100] "GET /robots.txt HTTP/1.1" 404 1181 "-" "Mozilla/5.0 (compatible; YandexBot/3.0; +http://yandex.com/bots)"
141.8.183.17 - - [04/Nov/2017:22:24:24 +0100] "GET / HTTP/1.1" 200 2023 "-" "Mozilla/5.0 (compatible; YandexBot/3.0; +http://yandex.com/bots)"
141.8.183.17 - - [04/Nov/2017:22:24:24 +0100] "GET / HTTP/1.1" 200 2023 "-" "Mozilla/5.0 (compatible; YandexBot/3.0; +http://yandex.com/bots)"
40.77.167.51 - - [04/Nov/2017:22:36:54 +0100] "GET /hirlevel/vonattal1209.htm HTTP/1.1" 404 1181 "-" "Mozilla/5.0 (compatible; bingbot/2.0; +http://www.bing.com/bingbot.htm)"
40.77.167.51 - - [04/Nov/2017:22:41:54 +0100] "GET /doc/onkentesseghete.pdf HTTP/1.1" 404 1181 "-" "Mozilla/5.0 (compatible; bingbot/2.0; +http://www.bing.com/bingbot.htm)"
89.134.254.202 - - [04/Nov/2017:22:49:34 +0100] "GET /doc/mkk_eger_tanulmany_2014.pdf HTTP/1.1" 200 851104 "https://www.google.hu/" "Mozilla/5.0 (Linux; Android 5.1.1; D2302 Build/18.6.A.0.182) AppleWebKit/537.36 (KHTML, like Gecko) Chrome/60.0.3112.97 Mobile Safari/537.36"
169.54.244.82 - - [04/Nov/2017:22:56:21 +0100] "GET / HTTP/1.1" 200 2023 "-" "-"
40.77.167.51 - - [04/Nov/2017:23:07:06 +0100] "GET /doc/allomasok_kepes_osszefoglaloja.pdf HTTP/1.1" 200 5628186 "-" "Mozilla/5.0 (compatible; bingbot/2.0; +http://www.bing.com/bingbot.htm)"
94.23.20.135 - - [04/Nov/2017:23:18:16 +0100] "GET / HTTP/1.1" 200 2023 "http://www.uni-corvinus.hu/eng" "Mozilla/5.0 (Windows NT 10.0; WOW64) AppleWebKit/537.36 (KHTML, like Gecko) Chrome/50.0.2661.102 Safari/537.36"
66.249.93.44 - - [04/Nov/2017:23:43:53 +0100] "GET /doc/westtakt_final_20160405.pdf HTTP/1.1" 200 633098 "https://www.google.hu/" "Mozilla/5.0 (Linux; Android 7.0; FRD-L09 Build/HUAWEIFRD-L09) AppleWebKit/537.36 (KHTML, like Gecko) Chrome/61.0.3163.98 Mobile Safari/537.36"
66.249.93.42 - - [05/Nov/2017:00:16:38 +0100] "GET / HTTP/1.1" 200 2023 "-" "Mozilla/5.0 (X11; Linux x86_64) AppleWebKit/537.36 (KHTML, like Gecko) Chrome/49.0.2623.75 Safari/537.36 Google Favicon"
66.249.93.46 - - [05/Nov/2017:00:16:38 +0100] "GET /favicon.ico HTTP/1.1" 404 1181 "-" "Mozilla/5.0 (X11; Linux x86_64) AppleWebKit/537.36 (KHTML, like Gecko) Chrome/49.0.2623.75 Safari/537.36 Google Favicon"
40.77.167.51 - - [05/Nov/2017:00:53:55 +0100] "GET /hirlevel/vonattal1012.htm HTTP/1.1" 404 1181 "-" "Mozilla/5.0 (iPhone; CPU iPhone OS 7_0 like Mac OS X) AppleWebKit/537.51.1 (KHTML, like Gecko) Version/7.0 Mobile/11A465 Safari/9537.53 (compatible; bingbot/2.0; +http://www.bing.com/bingbot.htm)"
46.229.164.99 - - [05/Nov/2017:01:47:41 +0100] "GET /robots.txt HTTP/1.1" 404 1181 "-" "Mozilla/5.0 (compatible; SemrushBot/1.2~bl; +http://www.semrush.com/bot.html)"
77.111.91.248 - - [05/Nov/2017:01:49:10 +0100] "GET / HTTP/1.1" 200 2023 "-" "Mozilla/5.0 (Windows NT 10.0; Win64; x64) AppleWebKit/537.36 (KHTML, like Gecko) Chrome/61.0.3163.100 Safari/537.36"
40.77.167.51 - - [05/Nov/2017:01:51:58 +0100] "GET /doc/kerdoiv-tomegkozlekedesrol_1207.doc HTTP/1.1" 404 1181 "-" "Mozilla/5.0 (compatible; bingbot/2.0; +http://www.bing.com/bingbot.htm)"
80.77.124.230 - - [05/Nov/2017:02:02:15 +0100] "GET / HTTP/1.1" 200 2023 "-" "Mozilla/5.0 (Windows NT 10.0; Win64; x64) AppleWebKit/537.36 (KHTML, like Gecko) Chrome/61.0.3163.100 Safari/537.36"
207.46.13.50 - - [05/Nov/2017:02:21:21 +0100] "GET /hirlevel/vonattal0911.htm HTTP/1.1" 404 1181 "-" "Mozilla/5.0 (iPhone; CPU iPhone OS 7_0 like Mac OS X) AppleWebKit/537.51.1 (KHTML, like Gecko) Version/7.0 Mobile/11A465 Safari/9537.53 (compatible; bingbot/2.0; +http://www.bing.com/bingbot.htm)"
5.196.87.61 - - [05/Nov/2017:03:03:27 +0100] "GET /robots.txt HTTP/1.1" 404 1181 "-" "Mozilla/5.0 (compatible; AhrefsBot/5.2; +http://ahrefs.com/robot/)"
51.255.65.20 - - [05/Nov/2017:03:03:27 +0100] "GET /hirlevel/vonattal1109.htm HTTP/1.1" 404 1181 "-" "Mozilla/5.0 (compatible; AhrefsBot/5.2; +http://ahrefs.com/robot/)"
146.185.223.5 - - [05/Nov/2017:03:51:47 +0100] "GET / HTTP/1.1" 200 2023 "-" "Mozilla/5.0 (Windows NT 10.0; Win64; x64) AppleWebKit/537.36 (KHTML, like Gecko) Chrome/61.0.3163.100 Safari/537.36"
146.185.223.5 - - [05/Nov/2017:03:51:47 +0100] "GET /wp-includes/wlwmanifest.xml HTTP/1.1" 404 1181 "-" "Mozilla/5.0 (Windows NT 10.0; Win64; x64) AppleWebKit/537.36 (KHTML, like Gecko) Chrome/61.0.3163.100 Safari/537.36"
146.185.223.5 - - [05/Nov/2017:03:51:47 +0100] "GET /xmlrpc.php?rsd HTTP/1.1" 404 1181 "-" "Mozilla/5.0 (Windows NT 10.0; Win64; x64) AppleWebKit/537.36 (KHTML, like Gecko) Chrome/61.0.3163.100 Safari/537.36"
146.185.223.5 - - [05/Nov/2017:03:51:47 +0100] "GET / HTTP/1.1" 200 2023 "-" "Mozilla/5.0 (Windows NT 10.0; Win64; x64) AppleWebKit/537.36 (KHTML, like Gecko) Chrome/61.0.3163.100 Safari/537.36"
146.185.223.5 - - [05/Nov/2017:03:51:47 +0100] "GET /blog/wp-includes/wlwmanifest.xml HTTP/1.1" 404 1181 "-" "Mozilla/5.0 (Windows NT 10.0; Win64; x64) AppleWebKit/537.36 (KHTML, like Gecko) Chrome/61.0.3163.100 Safari/537.36"
146.185.223.5 - - [05/Nov/2017:03:51:47 +0100] "GET /wordpress/wp-includes/wlwmanifest.xml HTTP/1.1" 404 1181 "-" "Mozilla/5.0 (Windows NT 10.0; Win64; x64) AppleWebKit/537.36 (KHTML, like Gecko) Chrome/61.0.3163.100 Safari/537.36"
146.185.223.5 - - [05/Nov/2017:03:51:47 +0100] "GET /wp/wp-includes/wlwmanifest.xml HTTP/1.1" 404 1181 "-" "Mozilla/5.0 (Windows NT 10.0; Win64; x64) AppleWebKit/537.36 (KHTML, like Gecko) Chrome/61.0.3163.100 Safari/537.36"
146.185.223.5 - - [05/Nov/2017:03:51:47 +0100] "GET /site/wp-includes/wlwmanifest.xml HTTP/1.1" 404 1181 "-" "Mozilla/5.0 (Windows NT 10.0; Win64; x64) AppleWebKit/537.36 (KHTML, like Gecko) Chrome/61.0.3163.100 Safari/537.36"
146.185.223.5 - - [05/Nov/2017:03:51:47 +0100] "GET /cms/wp-includes/wlwmanifest.xml HTTP/1.1" 404 1181 "-" "Mozilla/5.0 (Windows NT 10.0; Win64; x64) AppleWebKit/537.36 (KHTML, like Gecko) Chrome/61.0.3163.100 Safari/537.36"
40.77.167.51 - - [05/Nov/2017:04:58:12 +0100] "GET /doc/sikeres_varos.pdf HTTP/1.1" 404 1181 "-" "Mozilla/5.0 (iPhone; CPU iPhone OS 7_0 like Mac OS X) AppleWebKit/537.51.1 (KHTML, like Gecko) Version/7.0 Mobile/11A465 Safari/9537.53 (compatible; bingbot/2.0; +http://www.bing.com/bingbot.htm)"
51.255.65.56 - - [05/Nov/2017:07:01:19 +0100] "GET /hirlevel/vonattal1409.html HTTP/1.1" 404 1181 "-" "Mozilla/5.0 (compatible; AhrefsBot/5.2; +http://ahrefs.com/robot/)"
207.46.13.50 - - [05/Nov/2017:07:41:15 +0100] "GET /doc/ttft.pdf HTTP/1.1" 200 6493253 "-" "Mozilla/5.0 (iPhone; CPU iPhone OS 7_0 like Mac OS X) AppleWebKit/537.51.1 (KHTML, like Gecko) Version/7.0 Mobile/11A465 Safari/9537.53 (compatible; bingbot/2.0; +http://www.bing.com/bingbot.htm)"
207.46.13.49 - - [05/Nov/2017:08:39:46 +0100] "GET /doc/varos-videk_2009.pdf HTTP/1.1" 200 1636386 "-" "Mozilla/5.0 (compatible; bingbot/2.0; +http://www.bing.com/bingbot.htm)"
43.251.17.62 - - [05/Nov/2017:08:50:42 +0100] "GET / HTTP/1.1" 200 2023 "-" "-"
43.251.17.62 - - [05/Nov/2017:08:50:43 +0100] "GET /xmlrpc.php HTTP/1.1" 404 1181 "-" "-"
43.251.17.62 - - [05/Nov/2017:08:50:43 +0100] "HEAD /wp-login.php HTTP/1.1" 404 0 "-" "-"
5.189.152.117 - - [05/Nov/2017:09:04:32 +0100] "GET / HTTP/1.1" 200 2023 "-" "Mr.4x3 Powered"
61.135.217.128 - - [05/Nov/2017:09:12:06 +0100] "GET /robots.txt HTTP/1.0" 404 1181 "-" "Mozilla/5.0 AppleWebKit/537.36 (KHTML, like Gecko) Chrome/55.0.2883.95 Safari/537.36/Nutch-1.13"
61.135.217.128 - - [05/Nov/2017:09:12:07 +0100] "GET / HTTP/1.0" 200 2023 "-" "Mozilla/5.0 AppleWebKit/537.36 (KHTML, like Gecko) Chrome/55.0.2883.95 Safari/537.36/Nutch-1.13"
66.249.79.72 - - [05/Nov/2017:09:13:45 +0100] "GET /robots.txt HTTP/1.1" 404 1181 "-" "Mozilla/5.0 (compatible; Googlebot/2.1; +http://www.google.com/bot.html)"
66.249.79.67 - - [05/Nov/2017:09:13:45 +0100] "GET /kikvagyunk2.htm HTTP/1.1" 200 17012 "-" "Mozilla/5.0 (compatible; Googlebot/2.1; +http://www.google.com/bot.html)"
66.249.93.42 - - [05/Nov/2017:09:21:56 +0100] "GET / HTTP/1.1" 200 2023 "-" "Mozilla/5.0 (Linux; Android 5.0; Lenovo A1000 Build/S100) AppleWebKit/537.36 (KHTML, like Gecko) Chrome/61.0.3163.98 Mobile Safari/537.36"
66.249.93.44 - - [05/Nov/2017:09:21:56 +0100] "GET /facebook-logo-preview.png HTTP/1.1" 200 3924 "http://www.mkk.zpok.hu/" "Mozilla/5.0 (Linux; Android 5.0; Lenovo A1000 Build/S100) AppleWebKit/537.36 (KHTML, like Gecko) Chrome/61.0.3163.98 Mobile Safari/537.36"
66.249.93.42 - - [05/Nov/2017:09:21:56 +0100] "GET /mkk_banner.png HTTP/1.1" 200 62097 "http://www.mkk.zpok.hu/" "Mozilla/5.0 (Linux; Android 5.0; Lenovo A1000 Build/S100) AppleWebKit/537.36 (KHTML, like Gecko) Chrome/61.0.3163.98 Mobile Safari/537.36"
66.249.93.44 - - [05/Nov/2017:09:21:56 +0100] "GET /blog.jpg HTTP/1.1" 200 29833 "http://www.mkk.zpok.hu/" "Mozilla/5.0 (Linux; Android 5.0; Lenovo A1000 Build/S100) AppleWebKit/537.36 (KHTML, like Gecko) Chrome/61.0.3163.98 Mobile Safari/537.36"
66.249.79.72 - - [05/Nov/2017:09:23:22 +0100] "GET /projektek2.htm HTTP/1.1" 200 7634 "-" "Mozilla/5.0 (compatible; Googlebot/2.1; +http://www.google.com/bot.html)"
66.249.79.72 - - [05/Nov/2017:09:25:13 +0100] "GET /doc/ttft.pdf HTTP/1.1" 200 6493253 "-" "Mozilla/5.0 (compatible; Googlebot/2.1; +http://www.google.com/bot.html)"
66.249.79.70 - - [05/Nov/2017:09:27:06 +0100] "GET /doc/alapsz03.pdf HTTP/1.1" 200 6009944 "-" "Mozilla/5.0 (compatible; Googlebot/2.1; +http://www.google.com/bot.html)"
66.249.79.67 - - [05/Nov/2017:09:28:57 +0100] "GET /doc/bartok_20160703.pdf HTTP/1.1" 200 284990 "-" "Mozilla/5.0 (compatible; Googlebot/2.1; +http://www.google.com/bot.html)"
66.249.79.72 - - [05/Nov/2017:09:31:08 +0100] "GET /doc/westtakt_final_20160405.pdf HTTP/1.1" 200 633098 "-" "Mozilla/5.0 (compatible; Googlebot/2.1; +http://www.google.com/bot.html)"
207.46.13.50 - - [05/Nov/2017:09:32:29 +0100] "GET /robots.txt HTTP/1.1" 404 1181 "-" "Mozilla/5.0 (compatible; bingbot/2.0; +http://www.bing.com/bingbot.htm)"
66.249.79.70 - - [05/Nov/2017:09:44:05 +0100] "GET /doc/allomasok_kepes_osszefoglaloja.pdf HTTP/1.1" 200 5628186 "-" "Mozilla/5.0 (compatible; Googlebot/2.1; +http://www.google.com/bot.html)"
78.42.161.160 - - [05/Nov/2017:09:54:23 +0100] "GET /doc/b2_201203.jpg HTTP/1.1" 404 1181 "-" "Mozilla/5.0 (Macintosh; Intel Mac OS X 10_13_1) AppleWebKit/604.3.5 (KHTML, like Gecko)"
78.42.161.160 - - [05/Nov/2017:09:54:43 +0100] "GET /apple-touch-icon-precomposed.png HTTP/1.1" 404 1181 "-" "Safari/13604.3.5 CFNetwork/889.9 Darwin/17.2.0 (x86_64)"
78.42.161.160 - - [05/Nov/2017:09:54:46 +0100] "GET /apple-touch-icon.png HTTP/1.1" 404 1181 "-" "Safari/13604.3.5 CFNetwork/889.9 Darwin/17.2.0 (x86_64)"
78.42.161.160 - - [05/Nov/2017:09:54:58 +0100] "GET /favicon.ico HTTP/1.1" 404 1181 "-" "Safari/13604.3.5 CFNetwork/889.9 Darwin/17.2.0 (x86_64)"
78.42.161.160 - - [05/Nov/2017:09:54:58 +0100] "GET /apple-touch-icon-precomposed.png HTTP/1.1" 404 1181 "-" "Safari/13604.3.5 CFNetwork/889.9 Darwin/17.2.0 (x86_64)"
78.42.161.160 - - [05/Nov/2017:09:55:01 +0100] "GET /apple-touch-icon.png HTTP/1.1" 404 1181 "-" "Safari/13604.3.5 CFNetwork/889.9 Darwin/17.2.0 (x86_64)"
78.42.161.160 - - [05/Nov/2017:09:55:03 +0100] "GET /favicon.ico HTTP/1.1" 404 1181 "-" "Safari/13604.3.5 CFNetwork/889.9 Darwin/17.2.0 (x86_64)"
78.42.161.160 - - [05/Nov/2017:09:55:04 +0100] "GET /doc/b2_201203.jpg HTTP/1.1" 404 1181 "-" "Mozilla/5.0 (iPhone; CPU iPhone OS 10_3 like Mac OS X) AppleWebKit/603.1.30 (KHTML, like Gecko) Version/10.3 Mobile/14E277 Safari/603.1.30"
78.42.161.160 - - [05/Nov/2017:09:55:06 +0100] "GET /apple-touch-icon-precomposed.png HTTP/1.1" 404 1181 "-" "Safari/13604.3.5 CFNetwork/889.9 Darwin/17.2.0 (x86_64)"
78.42.161.160 - - [05/Nov/2017:09:55:07 +0100] "GET /apple-touch-icon.png HTTP/1.1" 404 1181 "-" "Safari/13604.3.5 CFNetwork/889.9 Darwin/17.2.0 (x86_64)"
78.42.161.160 - - [05/Nov/2017:09:55:07 +0100] "GET /favicon.ico HTTP/1.1" 404 1181 "-" "Safari/13604.3.5 CFNetwork/889.9 Darwin/17.2.0 (x86_64)"
78.42.161.160 - - [05/Nov/2017:09:55:08 +0100] "GET /apple-touch-icon-precomposed.png HTTP/1.1" 404 1181 "-" "Safari/13604.3.5 CFNetwork/889.9 Darwin/17.2.0 (x86_64)"
78.42.161.160 - - [05/Nov/2017:09:55:08 +0100] "GET /apple-touch-icon.png HTTP/1.1" 404 1181 "-" "Safari/13604.3.5 CFNetwork/889.9 Darwin/17.2.0 (x86_64)"
78.42.161.160 - - [05/Nov/2017:09:55:08 +0100] "GET /favicon.ico HTTP/1.1" 404 1181 "-" "Safari/13604.3.5 CFNetwork/889.9 Darwin/17.2.0 (x86_64)"
78.42.161.160 - - [05/Nov/2017:11:00:37 +0100] "GET /doc/b2_201203.jpg HTTP/1.1" 404 1181 "-" "Mozilla/5.0 (Macintosh; Intel Mac OS X 10_13_1) AppleWebKit/604.3.5 (KHTML, like Gecko)"
78.42.161.160 - - [05/Nov/2017:11:00:38 +0100] "GET /apple-touch-icon-precomposed.png HTTP/1.1" 404 1181 "-" "Safari/13604.3.5 CFNetwork/889.9 Darwin/17.2.0 (x86_64)"
78.42.161.160 - - [05/Nov/2017:11:00:38 +0100] "GET /apple-touch-icon.png HTTP/1.1" 404 1181 "-" "Safari/13604.3.5 CFNetwork/889.9 Darwin/17.2.0 (x86_64)"
78.42.161.160 - - [05/Nov/2017:11:00:38 +0100] "GET /favicon.ico HTTP/1.1" 404 1181 "-" "Safari/13604.3.5 CFNetwork/889.9 Darwin/17.2.0 (x86_64)"
78.42.161.160 - - [05/Nov/2017:11:00:38 +0100] "GET /apple-touch-icon-precomposed.png HTTP/1.1" 404 1181 "-" "Safari/13604.3.5 CFNetwork/889.9 Darwin/17.2.0 (x86_64)"
78.42.161.160 - - [05/Nov/2017:11:00:38 +0100] "GET /apple-touch-icon.png HTTP/1.1" 404 1181 "-" "Safari/13604.3.5 CFNetwork/889.9 Darwin/17.2.0 (x86_64)"
78.42.161.160 - - [05/Nov/2017:11:00:38 +0100] "GET /favicon.ico HTTP/1.1" 404 1181 "-" "Safari/13604.3.5 CFNetwork/889.9 Darwin/17.2.0 (x86_64)"
78.42.161.160 - - [05/Nov/2017:11:00:38 +0100] "GET /doc/b2_201203.jpg HTTP/1.1" 404 1181 "-" "Mozilla/5.0 (iPhone; CPU iPhone OS 10_3 like Mac OS X) AppleWebKit/603.1.30 (KHTML, like Gecko) Version/10.3 Mobile/14E277 Safari/603.1.30"
78.42.161.160 - - [05/Nov/2017:11:00:38 +0100] "GET /apple-touch-icon-precomposed.png HTTP/1.1" 404 1181 "-" "Safari/13604.3.5 CFNetwork/889.9 Darwin/17.2.0 (x86_64)"
78.42.161.160 - - [05/Nov/2017:11:00:38 +0100] "GET /apple-touch-icon.png HTTP/1.1" 404 1181 "-" "Safari/13604.3.5 CFNetwork/889.9 Darwin/17.2.0 (x86_64)"
78.42.161.160 - - [05/Nov/2017:11:00:39 +0100] "GET /favicon.ico HTTP/1.1" 404 1181 "-" "Safari/13604.3.5 CFNetwork/889.9 Darwin/17.2.0 (x86_64)"
78.42.161.160 - - [05/Nov/2017:11:00:39 +0100] "GET /apple-touch-icon-precomposed.png HTTP/1.1" 404 1181 "-" "Safari/13604.3.5 CFNetwork/889.9 Darwin/17.2.0 (x86_64)"
78.42.161.160 - - [05/Nov/2017:11:00:39 +0100] "GET /apple-touch-icon.png HTTP/1.1" 404 1181 "-" "Safari/13604.3.5 CFNetwork/889.9 Darwin/17.2.0 (x86_64)"
78.42.161.160 - - [05/Nov/2017:11:00:39 +0100] "GET /favicon.ico HTTP/1.1" 404 1181 "-" "Safari/13604.3.5 CFNetwork/889.9 Darwin/17.2.0 (x86_64)"
66.249.93.44 - - [05/Nov/2017:11:09:33 +0100] "GET /favicon.ico HTTP/1.1" 404 1181 "-" "Mozilla/5.0 (X11; Linux x86_64) AppleWebKit/537.36 (KHTML, like Gecko) Chrome/49.0.2623.75 Safari/537.36 Google Favicon"
199.30.25.9 - - [05/Nov/2017:11:46:39 +0100] "GET /doc/ttft.pdf HTTP/1.1" 200 4276224 "-" "Mozilla/5.0 (iPhone; CPU iPhone OS 7_0 like Mac OS X) AppleWebKit/537.51.1 (KHTML, like Gecko) Version/7.0 Mobile/11A465 Safari/9537.53 BingPreview/1.0b"
114.80.244.34 - - [05/Nov/2017:11:47:51 +0100] "GET / HTTP/1.1" 200 2023 "-" "-"
216.169.110.203 - - [05/Nov/2017:11:58:36 +0100] "HEAD / HTTP/1.1" 200 0 "http://uptime-gamma.net/mkk.zpok.hu" "Mozilla/5.0 (compatible; Uptimebot/1.0; +http://www.uptime.com/uptimebot)"
40.77.167.42 - - [05/Nov/2017:12:15:54 +0100] "GET /doc/vonatrafel_c.pdf HTTP/1.1" 404 1181 "-" "Mozilla/5.0 (iPhone; CPU iPhone OS 7_0 like Mac OS X) AppleWebKit/537.51.1 (KHTML, like Gecko) Version/7.0 Mobile/11A465 Safari/9537.53 (compatible; bingbot/2.0; +http://www.bing.com/bingbot.htm)"
37.76.40.60 - - [05/Nov/2017:12:16:47 +0100] "GET / HTTP/1.1" 200 2023 "http://iho.hu/hir/reakciok-egy-reakciora-171019" "Mozilla/5.0 (Windows NT 6.1; rv:56.0) Gecko/20100101 Firefox/56.0"
37.76.40.60 - - [05/Nov/2017:12:16:47 +0100] "GET /facebook-logo-preview.png HTTP/1.1" 200 3924 "http://www.mkk.zpok.hu/" "Mozilla/5.0 (Windows NT 6.1; rv:56.0) Gecko/20100101 Firefox/56.0"
37.76.40.60 - - [05/Nov/2017:12:16:48 +0100] "GET /mkk_banner.png HTTP/1.1" 200 62097 "http://www.mkk.zpok.hu/" "Mozilla/5.0 (Windows NT 6.1; rv:56.0) Gecko/20100101 Firefox/56.0"
37.76.40.60 - - [05/Nov/2017:12:16:48 +0100] "GET /blog.jpg HTTP/1.1" 200 29833 "http://www.mkk.zpok.hu/" "Mozilla/5.0 (Windows NT 6.1; rv:56.0) Gecko/20100101 Firefox/56.0"
37.76.40.60 - - [05/Nov/2017:12:17:09 +0100] "GET /favicon.ico HTTP/1.1" 404 1181 "-" "Mozilla/5.0 (Windows NT 6.1; rv:56.0) Gecko/20100101 Firefox/56.0"
37.76.40.60 - - [05/Nov/2017:12:17:09 +0100] "GET /favicon.ico HTTP/1.1" 404 1181 "-" "Mozilla/5.0 (Windows NT 6.1; rv:56.0) Gecko/20100101 Firefox/56.0"
148.251.54.44 - - [05/Nov/2017:13:11:46 +0100] "GET /doc/hu_aps_positivbeispiele_aufl2_070622_klein.pdf HTTP/1.1" 200 2887217 "-" "Mozilla/5.0 (Windows NT 6.1; WOW64; rv:21.0) Gecko/20100101 Firefox/21.0"
207.46.13.49 - - [05/Nov/2017:13:15:39 +0100] "GET /hirlevel/vonattal1309.html HTTP/1.1" 404 1181 "-" "Mozilla/5.0 (iPhone; CPU iPhone OS 7_0 like Mac OS X) AppleWebKit/537.51.1 (KHTML, like Gecko) Version/7.0 Mobile/11A465 Safari/9537.53 (compatible; bingbot/2.0; +http://www.bing.com/bingbot.htm)"
78.131.104.34 - - [05/Nov/2017:14:10:11 +0100] "GET /hirlevel/images/1009_terkep_n.jpg HTTP/1.1" 404 1181 "https://www.google.hu/" "Mozilla/5.0 (Windows NT 6.1; Win64; x64; rv:56.0) Gecko/20100101 Firefox/56.0"
94.26.61.140 - - [05/Nov/2017:14:14:48 +0100] "GET /doc/b2_201203.jpg HTTP/1.1" 404 1181 "http://vasut.kteam.hu/indexen.html" "Mozilla/5.0 (Windows NT 6.1) AppleWebKit/537.36 (KHTML, like Gecko) Chrome/61.0.3163.100 Safari/537.36"
94.26.61.140 - - [05/Nov/2017:14:14:48 +0100] "GET /favicon.ico HTTP/1.1" 404 1181 "http://mkk.zpok.hu/doc/b2_201203.jpg" "Mozilla/5.0 (Windows NT 6.1) AppleWebKit/537.36 (KHTML, like Gecko) Chrome/61.0.3163.100 Safari/537.36"
66.249.93.44 - - [05/Nov/2017:14:32:15 +0100] "GET / HTTP/1.1" 200 2023 "-" "Mozilla/5.0 (X11; Linux x86_64) AppleWebKit/537.36 (KHTML, like Gecko) Chrome/49.0.2623.75 Safari/537.36 Google Favicon"
66.249.93.46 - - [05/Nov/2017:14:32:15 +0100] "GET /favicon.ico HTTP/1.1" 404 1181 "-" "Mozilla/5.0 (X11; Linux x86_64) AppleWebKit/537.36 (KHTML, like Gecko) Chrome/49.0.2623.75 Safari/537.36 Google Favicon"
80.77.124.230 - - [05/Nov/2017:14:33:51 +0100] "GET / HTTP/1.1" 200 2023 "-" "Mozilla/5.0 (Windows NT 10.0; Win64; x64) AppleWebKit/537.36 (KHTML, like Gecko) Chrome/61.0.3163.100 Safari/537.36"
77.111.91.248 - - [05/Nov/2017:14:47:27 +0100] "GET / HTTP/1.1" 200 2023 "-" "Mozilla/5.0 (Windows NT 10.0; Win64; x64) AppleWebKit/537.36 (KHTML, like Gecko) Chrome/61.0.3163.100 Safari/537.36"
78.42.161.160 - - [05/Nov/2017:15:07:59 +0100] "GET /doc/b2_201203.jpg HTTP/1.1" 404 1181 "-" "Mozilla/5.0 (Macintosh; Intel Mac OS X 10_13_1) AppleWebKit/604.3.5 (KHTML, like Gecko)"
78.42.161.160 - - [05/Nov/2017:15:07:59 +0100] "GET /apple-touch-icon-precomposed.png HTTP/1.1" 404 1181 "-" "Safari/13604.3.5 CFNetwork/889.9 Darwin/17.2.0 (x86_64)"
78.42.161.160 - - [05/Nov/2017:15:07:59 +0100] "GET /apple-touch-icon.png HTTP/1.1" 404 1181 "-" "Safari/13604.3.5 CFNetwork/889.9 Darwin/17.2.0 (x86_64)"
78.42.161.160 - - [05/Nov/2017:15:07:59 +0100] "GET /favicon.ico HTTP/1.1" 404 1181 "-" "Safari/13604.3.5 CFNetwork/889.9 Darwin/17.2.0 (x86_64)"
78.42.161.160 - - [05/Nov/2017:15:07:59 +0100] "GET /apple-touch-icon-precomposed.png HTTP/1.1" 404 1181 "-" "Safari/13604.3.5 CFNetwork/889.9 Darwin/17.2.0 (x86_64)"
78.42.161.160 - - [05/Nov/2017:15:07:59 +0100] "GET /apple-touch-icon.png HTTP/1.1" 404 1181 "-" "Safari/13604.3.5 CFNetwork/889.9 Darwin/17.2.0 (x86_64)"
78.42.161.160 - - [05/Nov/2017:15:07:59 +0100] "GET /favicon.ico HTTP/1.1" 404 1181 "-" "Safari/13604.3.5 CFNetwork/889.9 Darwin/17.2.0 (x86_64)"
78.42.161.160 - - [05/Nov/2017:15:07:59 +0100] "GET /doc/b2_201203.jpg HTTP/1.1" 404 1181 "-" "Mozilla/5.0 (iPhone; CPU iPhone OS 10_3 like Mac OS X) AppleWebKit/603.1.30 (KHTML, like Gecko) Version/10.3 Mobile/14E277 Safari/603.1.30"
78.42.161.160 - - [05/Nov/2017:15:07:59 +0100] "GET /apple-touch-icon-precomposed.png HTTP/1.1" 404 1181 "-" "Safari/13604.3.5 CFNetwork/889.9 Darwin/17.2.0 (x86_64)"
78.42.161.160 - - [05/Nov/2017:15:07:59 +0100] "GET /apple-touch-icon.png HTTP/1.1" 404 1181 "-" "Safari/13604.3.5 CFNetwork/889.9 Darwin/17.2.0 (x86_64)"
78.42.161.160 - - [05/Nov/2017:15:07:59 +0100] "GET /favicon.ico HTTP/1.1" 404 1181 "-" "Safari/13604.3.5 CFNetwork/889.9 Darwin/17.2.0 (x86_64)"
78.42.161.160 - - [05/Nov/2017:15:07:59 +0100] "GET /apple-touch-icon-precomposed.png HTTP/1.1" 404 1181 "-" "Safari/13604.3.5 CFNetwork/889.9 Darwin/17.2.0 (x86_64)"
78.42.161.160 - - [05/Nov/2017:15:07:59 +0100] "GET /apple-touch-icon.png HTTP/1.1" 404 1181 "-" "Safari/13604.3.5 CFNetwork/889.9 Darwin/17.2.0 (x86_64)"
78.42.161.160 - - [05/Nov/2017:15:07:59 +0100] "GET /favicon.ico HTTP/1.1" 404 1181 "-" "Safari/13604.3.5 CFNetwork/889.9 Darwin/17.2.0 (x86_64)"
46.229.164.101 - - [05/Nov/2017:16:04:29 +0100] "GET /robots.txt HTTP/1.1" 404 1181 "-" "Mozilla/5.0 (compatible; SemrushBot/1.2~bl; +http://www.semrush.com/bot.html)"
31.46.221.71 - - [05/Nov/2017:16:14:55 +0100] "GET /hirlevel/vonattal1207.htm HTTP/1.1" 404 1181 "http://www.vasutallomasok.hu/allomas.php?az=toka" "Mozilla/5.0 (Windows NT 10.0) AppleWebKit/537.36 (KHTML, like Gecko) Chrome/52.0.2743.116 Safari/537.36 Edge/15.15063"
31.46.221.71 - - [05/Nov/2017:16:14:55 +0100] "GET /favicon.ico HTTP/1.1" 404 1181 "-" "Mozilla/5.0 (Windows NT 10.0) AppleWebKit/537.36 (KHTML, like Gecko) Chrome/52.0.2743.116 Safari/537.36 Edge/15.15063"
66.249.79.92 - - [05/Nov/2017:16:17:18 +0100] "GET /robots.txt HTTP/1.1" 404 1181 "-" "Mozilla/5.0 (compatible; Googlebot/2.1; +http://www.google.com/bot.html)"
66.249.79.92 - - [05/Nov/2017:16:17:19 +0100] "GET /hirlevel/vonattal1107.htm HTTP/1.1" 404 1181 "-" "Mozilla/5.0 (compatible; Googlebot/2.1; +http://www.google.com/bot.html)"
68.180.230.232 - - [05/Nov/2017:17:06:17 +0100] "GET /robots.txt HTTP/1.1" 404 1181 "-" "Mozilla/5.0 (compatible; Yahoo! Slurp; http://help.yahoo.com/help/us/ysearch/slurp)"
68.180.230.232 - - [05/Nov/2017:17:06:22 +0100] "GET /doc/kerparoskozlekedes.pdf HTTP/1.1" 200 2540119 "-" "Mozilla/5.0 (compatible; Yahoo! Slurp; http://help.yahoo.com/help/us/ysearch/slurp)"
89.134.254.202 - - [05/Nov/2017:17:17:02 +0100] "GET /favicon.ico HTTP/1.1" 404 1181 "http://www.mkk.zpok.hu/doc/mkk_eger_tanulmany_2014.pdf" "Mozilla/5.0 (Windows NT 10.0; Win64; x64) AppleWebKit/537.36 (KHTML, like Gecko) Chrome/61.0.3163.100 Safari/537.36"
89.134.254.202 - - [05/Nov/2017:17:17:02 +0100] "GET /doc/mkk_eger_tanulmany_2014.pdf HTTP/1.1" 200 851104 "https://www.google.hu/" "Mozilla/5.0 (Windows NT 10.0; Win64; x64) AppleWebKit/537.36 (KHTML, like Gecko) Chrome/61.0.3163.100 Safari/537.36"
66.220.152.129 - - [05/Nov/2017:17:33:46 +0100] "GET / HTTP/1.1" 206 2023 "-" "facebookexternalhit/1.1 (+http://www.facebook.com/externalhit_uatext.php)"
173.252.105.115 - - [05/Nov/2017:17:33:46 +0100] "GET / HTTP/1.1" 206 2023 "-" "facebookexternalhit/1.1 (+http://www.facebook.com/externalhit_uatext.php)"
66.249.79.67 - - [05/Nov/2017:17:43:17 +0100] "GET /doc/forum_valaszok_0903.pdf HTTP/1.1" 404 1181 "-" "Mozilla/5.0 (compatible; Googlebot/2.1; +http://www.google.com/bot.html)"
176.63.31.143 - - [05/Nov/2017:18:21:36 +0100] "GET /doc/vasuttal-budapest-kornyeken.pdf+&cd=3&hl=hu&ct=clnk&gl=hu HTTP/1.1" 404 1181 "https://hu.wikipedia.org/" "Mozilla/5.0 (Windows NT 6.1; Win64; x64) AppleWebKit/537.36 (KHTML, like Gecko) Chrome/61.0.3163.100 Safari/537.36"
176.63.31.143 - - [05/Nov/2017:18:21:36 +0100] "GET /favicon.ico HTTP/1.1" 404 1181 "http://www.mkk.zpok.hu/doc/vasuttal-budapest-kornyeken.pdf+&cd=3&hl=hu&ct=clnk&gl=hu" "Mozilla/5.0 (Windows NT 6.1; Win64; x64) AppleWebKit/537.36 (KHTML, like Gecko) Chrome/61.0.3163.100 Safari/537.36"
193.224.131.45 - - [05/Nov/2017:19:01:05 +0100] "GET / HTTP/1.1" 200 2023 "https://www.google.hu/" "Mozilla/5.0 (Windows NT 6.1; Win64; x64) AppleWebKit/537.36 (KHTML, like Gecko) Chrome/62.0.3202.75 Safari/537.36"
