46.5.26.196 - - [25/Nov/2017:09:18:38 +0100] "GET /apple-touch-icon.png HTTP/1.1" 404 1181 "-" "Safari/13604.3.5 CFNetwork/889.9 Darwin/17.2.0 (x86_64)"
46.5.26.196 - - [25/Nov/2017:09:18:38 +0100] "GET /favicon.ico HTTP/1.1" 404 1181 "-" "Safari/13604.3.5 CFNetwork/889.9 Darwin/17.2.0 (x86_64)"
188.22.255.203 - - [25/Nov/2017:09:27:25 +0100] "GET /doc/b2_201203.jpg HTTP/1.1" 404 1181 "http://vasut.kteam.hu/indexde.html" "Mozilla/5.0 (Windows NT 10.0; WOW64; Trident/7.0; rv:11.0) like Gecko"
173.252.115.42 - - [25/Nov/2017:09:27:39 +0100] "GET /images/vasutterkep_n.jpg HTTP/1.1" 404 1181 "-" "facebookexternalhit/1.1 (+http://www.facebook.com/externalhit_uatext.php)"
188.22.255.203 - - [25/Nov/2017:09:44:46 +0100] "GET /doc/b2_201203.jpg HTTP/1.1" 404 1181 "http://vasut.kteam.hu/indexde.html" "Mozilla/5.0 (Windows NT 10.0; WOW64; Trident/7.0; rv:11.0) like Gecko"
40.77.167.94 - - [25/Nov/2017:09:58:13 +0100] "GET /doc/allomasok_kepes_osszefoglaloja.pdf HTTP/1.1" 200 5628186 "-" "Mozilla/5.0 (iPhone; CPU iPhone OS 7_0 like Mac OS X) AppleWebKit/537.51.1 (KHTML, like Gecko) Version/7.0 Mobile/11A465 Safari/9537.53 (compatible; bingbot/2.0; +http://www.bing.com/bingbot.htm)"
68.180.230.232 - - [25/Nov/2017:10:06:40 +0100] "GET /robots.txt HTTP/1.1" 404 1181 "-" "Mozilla/5.0 (compatible; Yahoo! Slurp; http://help.yahoo.com/help/us/ysearch/slurp)"
68.180.230.232 - - [25/Nov/2017:10:06:40 +0100] "GET /kikvagyunk2.htm HTTP/1.1" 200 17012 "-" "Mozilla/5.0 (compatible; Yahoo! Slurp; http://help.yahoo.com/help/us/ysearch/slurp)"
40.77.167.126 - - [25/Nov/2017:10:20:57 +0100] "GET /hirlevel/vonattal0911.htm HTTP/1.1" 404 1181 "-" "Mozilla/5.0 (iPhone; CPU iPhone OS 7_0 like Mac OS X) AppleWebKit/537.51.1 (KHTML, like Gecko) Version/7.0 Mobile/11A465 Safari/9537.53 (compatible; bingbot/2.0; +http://www.bing.com/bingbot.htm)"
66.249.70.14 - - [25/Nov/2017:10:26:01 +0100] "GET /doc/mkk_eger_tanulmany_2014.pdf HTTP/1.1" 304 - "-" "Mozilla/5.0 (compatible; Googlebot/2.1; +http://www.google.com/bot.html)"
40.77.167.126 - - [25/Nov/2017:11:09:01 +0100] "GET /doc/mellekvonal-bajnai_0912.pdf HTTP/1.1" 404 1181 "-" "Mozilla/5.0 (compatible; bingbot/2.0; +http://www.bing.com/bingbot.htm)"
40.77.167.28 - - [25/Nov/2017:11:16:46 +0100] "GET /hirlevel/vonattal1009.htm HTTP/1.1" 404 1181 "-" "Mozilla/5.0 (compatible; bingbot/2.0; +http://www.bing.com/bingbot.htm)"
40.77.167.126 - - [25/Nov/2017:11:52:34 +0100] "GET /robots.txt HTTP/1.1" 404 1181 "-" "Mozilla/5.0 (compatible; bingbot/2.0; +http://www.bing.com/bingbot.htm)"
207.244.157.138 - - [25/Nov/2017:11:56:06 +0100] "GET /wp-content/plugins/wp-vertical-gallery/readme.txt HTTP/1.1" 404 1181 "http://www.mkk.zpok.hu/wp-content/plugins/wp-vertical-gallery/readme.txt" "Mozilla/5.0 (Windows NT 6.1; WOW64) AppleWebKit/537.36 (KHTML, like Gecko) Chrome/42.0.2311.152 Safari/537.36"
46.5.26.196 - - [25/Nov/2017:12:02:42 +0100] "GET /doc/b2_201203.jpg HTTP/1.1" 404 1181 "-" "Mozilla/5.0 (Macintosh; Intel Mac OS X 10_13_1) AppleWebKit/604.3.5 (KHTML, like Gecko)"
46.5.26.196 - - [25/Nov/2017:12:02:42 +0100] "GET /apple-touch-icon-precomposed.png HTTP/1.1" 404 1181 "-" "Safari/13604.3.5 CFNetwork/889.9 Darwin/17.2.0 (x86_64)"
46.5.26.196 - - [25/Nov/2017:12:02:42 +0100] "GET /apple-touch-icon.png HTTP/1.1" 404 1181 "-" "Safari/13604.3.5 CFNetwork/889.9 Darwin/17.2.0 (x86_64)"
46.5.26.196 - - [25/Nov/2017:12:02:42 +0100] "GET /favicon.ico HTTP/1.1" 404 1181 "-" "Safari/13604.3.5 CFNetwork/889.9 Darwin/17.2.0 (x86_64)"
46.5.26.196 - - [25/Nov/2017:12:02:42 +0100] "GET /apple-touch-icon-precomposed.png HTTP/1.1" 404 1181 "-" "Safari/13604.3.5 CFNetwork/889.9 Darwin/17.2.0 (x86_64)"
46.5.26.196 - - [25/Nov/2017:12:02:43 +0100] "GET /apple-touch-icon.png HTTP/1.1" 404 1181 "-" "Safari/13604.3.5 CFNetwork/889.9 Darwin/17.2.0 (x86_64)"
46.5.26.196 - - [25/Nov/2017:12:02:43 +0100] "GET /favicon.ico HTTP/1.1" 404 1181 "-" "Safari/13604.3.5 CFNetwork/889.9 Darwin/17.2.0 (x86_64)"
46.5.26.196 - - [25/Nov/2017:12:02:43 +0100] "GET /doc/b2_201203.jpg HTTP/1.1" 404 1181 "-" "Mozilla/5.0 (iPhone; CPU iPhone OS 10_3 like Mac OS X) AppleWebKit/603.1.30 (KHTML, like Gecko) Version/10.3 Mobile/14E277 Safari/603.1.30"
46.5.26.196 - - [25/Nov/2017:12:02:43 +0100] "GET /apple-touch-icon-precomposed.png HTTP/1.1" 404 1181 "-" "Safari/13604.3.5 CFNetwork/889.9 Darwin/17.2.0 (x86_64)"
46.5.26.196 - - [25/Nov/2017:12:02:43 +0100] "GET /apple-touch-icon.png HTTP/1.1" 404 1181 "-" "Safari/13604.3.5 CFNetwork/889.9 Darwin/17.2.0 (x86_64)"
46.5.26.196 - - [25/Nov/2017:12:02:43 +0100] "GET /favicon.ico HTTP/1.1" 404 1181 "-" "Safari/13604.3.5 CFNetwork/889.9 Darwin/17.2.0 (x86_64)"
46.5.26.196 - - [25/Nov/2017:12:02:43 +0100] "GET /apple-touch-icon-precomposed.png HTTP/1.1" 404 1181 "-" "Safari/13604.3.5 CFNetwork/889.9 Darwin/17.2.0 (x86_64)"
46.5.26.196 - - [25/Nov/2017:12:02:43 +0100] "GET /apple-touch-icon.png HTTP/1.1" 404 1181 "-" "Safari/13604.3.5 CFNetwork/889.9 Darwin/17.2.0 (x86_64)"
46.5.26.196 - - [25/Nov/2017:12:02:43 +0100] "GET /favicon.ico HTTP/1.1" 404 1181 "-" "Safari/13604.3.5 CFNetwork/889.9 Darwin/17.2.0 (x86_64)"
157.55.39.16 - - [25/Nov/2017:12:45:04 +0100] "GET /doc/sikeres_varos.pdf HTTP/1.1" 404 1181 "-" "Mozilla/5.0 (iPhone; CPU iPhone OS 7_0 like Mac OS X) AppleWebKit/537.51.1 (KHTML, like Gecko) Version/7.0 Mobile/11A465 Safari/9537.53 (compatible; bingbot/2.0; +http://www.bing.com/bingbot.htm)"
199.30.24.53 - - [25/Nov/2017:12:53:51 +0100] "GET /doc/allomasok_kepes_osszefoglaloja.pdf HTTP/1.1" 200 4317184 "-" "Mozilla/5.0 (iPhone; CPU iPhone OS 7_0 like Mac OS X) AppleWebKit/537.51.1 (KHTML, like Gecko) Version/7.0 Mobile/11A465 Safari/9537.53 BingPreview/1.0b"
77.111.91.248 - - [25/Nov/2017:14:03:48 +0100] "GET / HTTP/1.1" 200 2023 "-" "Mozilla/5.0 (Windows NT 10.0; Win64; x64) AppleWebKit/537.36 (KHTML, like Gecko) Chrome/61.0.3163.100 Safari/537.36"
40.77.167.28 - - [25/Nov/2017:14:17:02 +0100] "GET / HTTP/1.1" 200 2023 "-" "Mozilla/5.0 (compatible; bingbot/2.0; +http://www.bing.com/bingbot.htm)"
80.77.124.230 - - [25/Nov/2017:14:18:34 +0100] "GET / HTTP/1.1" 200 2023 "-" "Mozilla/5.0 (Windows NT 10.0; Win64; x64) AppleWebKit/537.36 (KHTML, like Gecko) Chrome/61.0.3163.100 Safari/537.36"
157.55.39.199 - - [25/Nov/2017:15:11:04 +0100] "GET /doc/vonatrafel_c.pdf HTTP/1.1" 404 1181 "-" "Mozilla/5.0 (iPhone; CPU iPhone OS 7_0 like Mac OS X) AppleWebKit/537.51.1 (KHTML, like Gecko) Version/7.0 Mobile/11A465 Safari/9537.53 (compatible; bingbot/2.0; +http://www.bing.com/bingbot.htm)"
40.77.167.126 - - [25/Nov/2017:15:13:22 +0100] "GET /doc/ttft.pdf HTTP/1.1" 200 6493253 "-" "Mozilla/5.0 (iPhone; CPU iPhone OS 7_0 like Mac OS X) AppleWebKit/537.51.1 (KHTML, like Gecko) Version/7.0 Mobile/11A465 Safari/9537.53 (compatible; bingbot/2.0; +http://www.bing.com/bingbot.htm)"
46.229.164.99 - - [25/Nov/2017:15:22:47 +0100] "GET /robots.txt HTTP/1.1" 404 1181 "-" "Mozilla/5.0 (compatible; SemrushBot/1.2~bl; +http://www.semrush.com/bot.html)"
207.46.13.49 - - [25/Nov/2017:16:41:23 +0100] "GET /doc/mkk_allasf_120413.pdf HTTP/1.1" 404 1181 "-" "Mozilla/5.0 (compatible; bingbot/2.0; +http://www.bing.com/bingbot.htm)"
46.229.164.99 - - [25/Nov/2017:17:20:05 +0100] "GET /robots.txt HTTP/1.1" 404 1181 "-" "Mozilla/5.0 (compatible; SemrushBot/1.2~bl; +http://www.semrush.com/bot.html)"
176.63.21.39 - - [25/Nov/2017:17:38:23 +0100] "GET / HTTP/1.1" 200 2023 "-" "Mozilla/5.0 (Macintosh; Intel Mac OS X 10_10_5) AppleWebKit/601.2.7 (KHTML, like Gecko) Version/9.0.1 Safari/601.2.7"
176.63.21.39 - - [25/Nov/2017:17:38:23 +0100] "GET /mkk_banner.png HTTP/1.1" 200 62097 "http://mkk.zpok.hu/" "Mozilla/5.0 (Macintosh; Intel Mac OS X 10_10_5) AppleWebKit/601.2.7 (KHTML, like Gecko) Version/9.0.1 Safari/601.2.7"
176.63.21.39 - - [25/Nov/2017:17:38:23 +0100] "GET /facebook-logo-preview.png HTTP/1.1" 200 3924 "http://mkk.zpok.hu/" "Mozilla/5.0 (Macintosh; Intel Mac OS X 10_10_5) AppleWebKit/601.2.7 (KHTML, like Gecko) Version/9.0.1 Safari/601.2.7"
176.63.21.39 - - [25/Nov/2017:17:38:23 +0100] "GET /blog.jpg HTTP/1.1" 200 29833 "http://mkk.zpok.hu/" "Mozilla/5.0 (Macintosh; Intel Mac OS X 10_10_5) AppleWebKit/601.2.7 (KHTML, like Gecko) Version/9.0.1 Safari/601.2.7"
176.63.21.39 - - [25/Nov/2017:17:38:26 +0100] "GET /favicon.ico HTTP/1.1" 404 1181 "http://mkk.zpok.hu/" "Mozilla/5.0 (Macintosh; Intel Mac OS X 10_10_5) AppleWebKit/601.2.7 (KHTML, like Gecko) Version/9.0.1 Safari/601.2.7"
199.30.24.167 - - [25/Nov/2017:18:36:02 +0100] "GET /doc/ttft.pdf HTTP/1.1" 200 4308992 "-" "Mozilla/5.0 (iPhone; CPU iPhone OS 7_0 like Mac OS X) AppleWebKit/537.51.1 (KHTML, like Gecko) Version/7.0 Mobile/11A465 Safari/9537.53 BingPreview/1.0b"
145.236.38.84 - - [25/Nov/2017:19:23:04 +0100] "GET / HTTP/1.1" 200 2023 "https://www.google.hu/" "Mozilla/5.0 (Windows NT 10.0; Win64; x64) AppleWebKit/537.36 (KHTML, like Gecko) Chrome/62.0.3202.94 Safari/537.36"
145.236.38.84 - - [25/Nov/2017:19:23:04 +0100] "GET /blog.jpg HTTP/1.1" 200 29833 "http://www.mkk.zpok.hu/" "Mozilla/5.0 (Windows NT 10.0; Win64; x64) AppleWebKit/537.36 (KHTML, like Gecko) Chrome/62.0.3202.94 Safari/537.36"
145.236.38.84 - - [25/Nov/2017:19:23:04 +0100] "GET /facebook-logo-preview.png HTTP/1.1" 200 3924 "http://www.mkk.zpok.hu/" "Mozilla/5.0 (Windows NT 10.0; Win64; x64) AppleWebKit/537.36 (KHTML, like Gecko) Chrome/62.0.3202.94 Safari/537.36"
145.236.38.84 - - [25/Nov/2017:19:23:04 +0100] "GET /mkk_banner.png HTTP/1.1" 200 62097 "http://www.mkk.zpok.hu/" "Mozilla/5.0 (Windows NT 10.0; Win64; x64) AppleWebKit/537.36 (KHTML, like Gecko) Chrome/62.0.3202.94 Safari/537.36"
145.236.38.84 - - [25/Nov/2017:19:23:05 +0100] "GET /favicon.ico HTTP/1.1" 404 1181 "http://www.mkk.zpok.hu/" "Mozilla/5.0 (Windows NT 10.0; Win64; x64) AppleWebKit/537.36 (KHTML, like Gecko) Chrome/62.0.3202.94 Safari/537.36"
151.80.39.150 - - [25/Nov/2017:19:57:02 +0100] "GET /robots.txt HTTP/1.1" 404 1181 "-" "Mozilla/5.0 (compatible; AhrefsBot/5.2; +http://ahrefs.com/robot/)"
51.255.65.85 - - [25/Nov/2017:19:57:02 +0100] "GET / HTTP/1.1" 200 2023 "-" "Mozilla/5.0 (compatible; AhrefsBot/5.2; +http://ahrefs.com/robot/)"
35.184.189.105 - - [25/Nov/2017:20:04:46 +0100] "GET /robots.txt HTTP/1.1" 404 1181 "-" "ltx71 - (http://ltx71.com/)"
158.85.81.122 - - [25/Nov/2017:20:06:05 +0100] "GET / HTTP/1.1" 200 2023 "-" "-"
91.200.12.106 - - [25/Nov/2017:20:36:30 +0100] "GET / HTTP/1.0" 200 2023 "http://www.mkk.zpok.hu/" "Mozilla/5.0 (Windows NT 5.1; rv:50.0) Gecko/20100101 Firefox/50.0"
91.200.12.106 - - [25/Nov/2017:20:36:30 +0100] "GET / HTTP/1.0" 200 2023 "http://www.mkk.zpok.hu/" "Mozilla/5.0 (Windows NT 5.1; rv:50.0) Gecko/20100101 Firefox/50.0"
91.200.12.63 - - [25/Nov/2017:20:41:16 +0100] "GET / HTTP/1.0" 200 2023 "http://www.mkk.zpok.hu/" "Mozilla/5.0 (Windows NT 6.3; WOW64) AppleWebKit/537.36 (KHTML, like Gecko) Chrome/57.0.2987.133 Safari/537.36"
91.200.12.63 - - [25/Nov/2017:20:41:16 +0100] "GET / HTTP/1.0" 200 2023 "http://www.mkk.zpok.hu/" "Mozilla/5.0 (Windows NT 6.3; WOW64) AppleWebKit/537.36 (KHTML, like Gecko) Chrome/57.0.2987.133 Safari/537.36"
91.200.12.106 - - [25/Nov/2017:20:49:51 +0100] "GET / HTTP/1.0" 200 2023 "http://www.mkk.zpok.hu/" "Mozilla/5.0 (Windows NT 6.1; WOW64; rv:43.0) Gecko/20100101 Firefox/43.0"
91.200.12.106 - - [25/Nov/2017:20:49:51 +0100] "GET / HTTP/1.0" 200 2023 "http://www.mkk.zpok.hu/" "Mozilla/5.0 (Windows NT 6.1; WOW64; rv:43.0) Gecko/20100101 Firefox/43.0"
91.200.12.63 - - [25/Nov/2017:20:53:33 +0100] "GET / HTTP/1.0" 200 2023 "http://www.mkk.zpok.hu/" "Mozilla/5.0 (Windows NT 10.0; Win64; x64; rv:53.0) Gecko/20100101 Firefox/53.0"
91.200.12.63 - - [25/Nov/2017:20:53:34 +0100] "GET / HTTP/1.0" 200 2023 "http://www.mkk.zpok.hu/" "Mozilla/5.0 (Windows NT 10.0; Win64; x64; rv:53.0) Gecko/20100101 Firefox/53.0"
91.200.12.106 - - [25/Nov/2017:20:58:16 +0100] "GET / HTTP/1.0" 200 2023 "http://www.mkk.zpok.hu/" "Mozilla/5.0 (Windows NT 6.3; WOW64) AppleWebKit/537.36 (KHTML, like Gecko) Chrome/56.0.2924.87 Safari/537.36 OPR/43.0.2442.1144"
91.200.12.106 - - [25/Nov/2017:20:58:16 +0100] "GET / HTTP/1.0" 200 2023 "http://www.mkk.zpok.hu/" "Mozilla/5.0 (Windows NT 6.3; WOW64) AppleWebKit/537.36 (KHTML, like Gecko) Chrome/56.0.2924.87 Safari/537.36 OPR/43.0.2442.1144"
40.77.167.28 - - [25/Nov/2017:21:05:30 +0100] "GET / HTTP/1.1" 200 2023 "-" "Mozilla/5.0 (iPhone; CPU iPhone OS 7_0 like Mac OS X) AppleWebKit/537.51.1 (KHTML, like Gecko) Version/7.0 Mobile/11A465 Safari/9537.53 (compatible; bingbot/2.0; +http://www.bing.com/bingbot.htm)"
91.200.12.143 - - [25/Nov/2017:21:07:22 +0100] "GET / HTTP/1.0" 200 2023 "http://www.mkk.zpok.hu/" "Mozilla/5.0 (Windows NT 5.1) AppleWebKit/537.36 (KHTML, like Gecko) Chrome/49.0.2623.112 Safari/537.36 OPR/36.0.2130.80"
91.200.12.143 - - [25/Nov/2017:21:07:23 +0100] "GET / HTTP/1.0" 200 2023 "http://www.mkk.zpok.hu/" "Mozilla/5.0 (Windows NT 5.1) AppleWebKit/537.36 (KHTML, like Gecko) Chrome/49.0.2623.112 Safari/537.36 OPR/36.0.2130.80"
91.200.12.63 - - [25/Nov/2017:21:11:15 +0100] "GET / HTTP/1.0" 200 2023 "http://www.mkk.zpok.hu/" "Mozilla/5.0 (Windows NT 10.0; WOW64; rv:41.0) Gecko/20100101 Firefox/41.0"
91.200.12.63 - - [25/Nov/2017:21:11:18 +0100] "GET / HTTP/1.0" 200 2023 "http://www.mkk.zpok.hu/" "Mozilla/5.0 (Windows NT 10.0; WOW64; rv:41.0) Gecko/20100101 Firefox/41.0"
91.200.12.106 - - [25/Nov/2017:21:11:32 +0100] "GET / HTTP/1.0" 200 2023 "http://www.mkk.zpok.hu/" "Mozilla/5.0 (Windows NT 5.1) AppleWebKit/537.36 (KHTML, like Gecko) Chrome/56.0.2924.87 YaBrowser/17.3.1.840 Yowser/2.5 Safari/537.36"
91.200.12.106 - - [25/Nov/2017:21:11:32 +0100] "GET / HTTP/1.0" 200 2023 "http://www.mkk.zpok.hu/" "Mozilla/5.0 (Windows NT 5.1) AppleWebKit/537.36 (KHTML, like Gecko) Chrome/56.0.2924.87 YaBrowser/17.3.1.840 Yowser/2.5 Safari/537.36"
35.184.189.105 - - [25/Nov/2017:21:12:28 +0100] "GET /robots.txt HTTP/1.1" 404 1181 "-" "ltx71 - (http://ltx71.com/)"
162.210.196.129 - - [25/Nov/2017:21:12:39 +0100] "GET /robots.txt HTTP/1.1" 404 1181 "-" "Mozilla/5.0 (compatible; MJ12bot/v1.4.8; http://mj12bot.com/)"
162.210.196.129 - - [25/Nov/2017:21:12:41 +0100] "GET / HTTP/1.1" 200 2023 "-" "Mozilla/5.0 (compatible; MJ12bot/v1.4.8; http://mj12bot.com/)"
180.76.15.34 - - [25/Nov/2017:21:21:16 +0100] "GET /robots.txt HTTP/1.1" 404 1181 "-" "Mozilla/5.0 (Windows NT 5.1; rv:6.0.2) Gecko/20100101 Firefox/6.0.2"
180.76.15.32 - - [25/Nov/2017:21:21:16 +0100] "GET /robots.txt HTTP/1.1" 404 1181 "-" "Mozilla/5.0 (Windows NT 5.1; rv:6.0.2) Gecko/20100101 Firefox/6.0.2"
180.76.15.152 - - [25/Nov/2017:21:22:27 +0100] "GET / HTTP/1.1" 200 2023 "-" "Mozilla/5.0 (compatible; Baiduspider/2.0; +http://www.baidu.com/search/spider.html)"
91.200.12.63 - - [25/Nov/2017:21:22:56 +0100] "GET / HTTP/1.0" 200 2023 "http://www.mkk.zpok.hu/" "Mozilla/5.0 (Windows NT 6.1; Win64; x64) AppleWebKit/537.36 (KHTML, like Gecko) Chrome/58.0.3029.81 Safari/537.36"
91.200.12.63 - - [25/Nov/2017:21:22:56 +0100] "GET / HTTP/1.0" 200 2023 "http://www.mkk.zpok.hu/" "Mozilla/5.0 (Windows NT 6.1; Win64; x64) AppleWebKit/537.36 (KHTML, like Gecko) Chrome/58.0.3029.81 Safari/537.36"
35.184.189.105 - - [25/Nov/2017:21:23:31 +0100] "GET /robots.txt HTTP/1.1" 404 1181 "-" "ltx71 - (http://ltx71.com/)"
91.200.12.143 - - [25/Nov/2017:21:24:23 +0100] "GET / HTTP/1.0" 200 2023 "http://www.mkk.zpok.hu/" "Mozilla/5.0 (Windows NT 6.1; Win64; x64; rv:52.0) Gecko/20100101 Firefox/52.0"
91.200.12.143 - - [25/Nov/2017:21:24:27 +0100] "GET / HTTP/1.0" 200 2023 "http://www.mkk.zpok.hu/" "Mozilla/5.0 (Windows NT 6.1; Win64; x64; rv:52.0) Gecko/20100101 Firefox/52.0"
40.77.167.28 - - [25/Nov/2017:21:32:42 +0100] "GET / HTTP/1.1" 200 2023 "-" "Mozilla/5.0 (compatible; bingbot/2.0; +http://www.bing.com/bingbot.htm)"
125.209.235.173 - - [25/Nov/2017:21:37:05 +0100] "GET /robots.txt HTTP/1.1" 404 1181 "-" "Mozilla/5.0 (compatible; Yeti/1.1; +http://naver.me/bot)"
125.209.235.177 - - [25/Nov/2017:21:37:06 +0100] "GET / HTTP/1.1" 200 2023 "-" "Mozilla/5.0 (compatible; Yeti/1.1; +http://naver.me/bot)"
157.55.39.152 - - [25/Nov/2017:21:40:43 +0100] "GET /doc/hu_aps_positivbeispiele_aufl2_070622_klein.pdf HTTP/1.1" 200 2887217 "-" "Mozilla/5.0 (iPhone; CPU iPhone OS 7_0 like Mac OS X) AppleWebKit/537.51.1 (KHTML, like Gecko) Version/7.0 Mobile/11A465 Safari/9537.53 (compatible; bingbot/2.0; +http://www.bing.com/bingbot.htm)"
40.77.167.28 - - [25/Nov/2017:21:43:54 +0100] "GET /hirlevel/vonattal1309.html HTTP/1.1" 404 1181 "-" "Mozilla/5.0 (iPhone; CPU iPhone OS 7_0 like Mac OS X) AppleWebKit/537.51.1 (KHTML, like Gecko) Version/7.0 Mobile/11A465 Safari/9537.53 (compatible; bingbot/2.0; +http://www.bing.com/bingbot.htm)"
157.55.39.152 - - [25/Nov/2017:21:46:35 +0100] "GET /doc/A_kozlekedesmenedzsment_korszeru_eszkozei.pdf HTTP/1.1" 404 1181 "-" "Mozilla/5.0 (iPhone; CPU iPhone OS 7_0 like Mac OS X) AppleWebKit/537.51.1 (KHTML, like Gecko) Version/7.0 Mobile/11A465 Safari/9537.53 (compatible; bingbot/2.0; +http://www.bing.com/bingbot.htm)"
35.184.189.105 - - [25/Nov/2017:21:48:48 +0100] "GET /robots.txt HTTP/1.1" 404 1181 "-" "ltx71 - (http://ltx71.com/)"
144.76.23.74 - - [25/Nov/2017:21:49:31 +0100] "GET /robots.txt HTTP/1.1" 404 1181 "-" "Mozilla/5.0 (Windows; U; Windows NT 6.0; en-GB; rv:1.0; trendictionbot0.5.0; trendiction search; http://www.trendiction.de/bot; please let us know of any problems; web at trendiction.com) Gecko/20071127 Firefox/3.0.0.11"
144.76.23.74 - - [25/Nov/2017:21:49:35 +0100] "GET / HTTP/1.1" 200 2023 "-" "Mozilla/5.0 (Windows; U; Windows NT 6.0; en-GB; rv:1.0; trendictionbot0.5.0; trendiction search; http://www.trendiction.de/bot; please let us know of any problems; web at trendiction.com) Gecko/20071127 Firefox/3.0.0.11"
91.200.12.196 - - [25/Nov/2017:21:51:44 +0100] "GET /wp-content/plugins/wp-easy-gallery-pro/admin/php.php HTTP/1.1" 404 1181 "http://www.mkk.zpok.hu/wp-content/plugins/wp-easy-gallery-pro/admin/php.php" "Mozilla/5.0 (Windows NT 6.1; WOW64) AppleWebKit/537.36 (KHTML, like Gecko) Chrome/42.0.2311.152 Safari/537.36"
35.184.189.105 - - [25/Nov/2017:21:57:25 +0100] "GET /robots.txt HTTP/1.1" 404 1181 "-" "ltx71 - (http://ltx71.com/)"
157.55.39.152 - - [25/Nov/2017:22:00:39 +0100] "GET /hirlevel/vasuttal0806-7.htm HTTP/1.1" 404 1181 "-" "Mozilla/5.0 (compatible; bingbot/2.0; +http://www.bing.com/bingbot.htm)"
37.76.118.183 - - [25/Nov/2017:22:04:08 +0100] "GET / HTTP/1.1" 200 2023 "-" "Mozilla/5.0 (Linux; Android 4.2.2; GT-S7275R Build/JDQ39) AppleWebKit/537.36 (KHTML, like Gecko) Chrome/61.0.3163.98 Mobile Safari/537.36"
37.76.118.183 - - [25/Nov/2017:22:04:08 +0100] "GET /facebook-logo-preview.png HTTP/1.1" 200 3924 "http://www.mkk.zpok.hu/" "Mozilla/5.0 (Linux; Android 4.2.2; GT-S7275R Build/JDQ39) AppleWebKit/537.36 (KHTML, like Gecko) Chrome/61.0.3163.98 Mobile Safari/537.36"
37.76.118.183 - - [25/Nov/2017:22:04:09 +0100] "GET /mkk_banner.png HTTP/1.1" 200 62097 "http://www.mkk.zpok.hu/" "Mozilla/5.0 (Linux; Android 4.2.2; GT-S7275R Build/JDQ39) AppleWebKit/537.36 (KHTML, like Gecko) Chrome/61.0.3163.98 Mobile Safari/537.36"
37.76.118.183 - - [25/Nov/2017:22:04:09 +0100] "GET /blog.jpg HTTP/1.1" 200 29833 "http://www.mkk.zpok.hu/" "Mozilla/5.0 (Linux; Android 4.2.2; GT-S7275R Build/JDQ39) AppleWebKit/537.36 (KHTML, like Gecko) Chrome/61.0.3163.98 Mobile Safari/537.36"
37.76.118.183 - - [25/Nov/2017:22:04:20 +0100] "GET /favicon.ico HTTP/1.1" 404 1181 "http://www.mkk.zpok.hu/" "Mozilla/5.0 (Linux; Android 4.2.2; GT-S7275R Build/JDQ39) AppleWebKit/537.36 (KHTML, like Gecko) Chrome/61.0.3163.98 Mobile Safari/537.36"
46.5.26.196 - - [25/Nov/2017:22:05:47 +0100] "GET /doc/b2_201203.jpg HTTP/1.1" 404 1181 "-" "Mozilla/5.0 (Macintosh; Intel Mac OS X 10_13_1) AppleWebKit/604.3.5 (KHTML, like Gecko)"
46.5.26.196 - - [25/Nov/2017:22:05:47 +0100] "GET /apple-touch-icon-precomposed.png HTTP/1.1" 404 1181 "-" "Safari/13604.3.5 CFNetwork/889.9 Darwin/17.2.0 (x86_64)"
46.5.26.196 - - [25/Nov/2017:22:05:47 +0100] "GET /apple-touch-icon.png HTTP/1.1" 404 1181 "-" "Safari/13604.3.5 CFNetwork/889.9 Darwin/17.2.0 (x86_64)"
46.5.26.196 - - [25/Nov/2017:22:05:47 +0100] "GET /favicon.ico HTTP/1.1" 404 1181 "-" "Safari/13604.3.5 CFNetwork/889.9 Darwin/17.2.0 (x86_64)"
46.5.26.196 - - [25/Nov/2017:22:05:47 +0100] "GET /apple-touch-icon-precomposed.png HTTP/1.1" 404 1181 "-" "Safari/13604.3.5 CFNetwork/889.9 Darwin/17.2.0 (x86_64)"
46.5.26.196 - - [25/Nov/2017:22:05:47 +0100] "GET /apple-touch-icon.png HTTP/1.1" 404 1181 "-" "Safari/13604.3.5 CFNetwork/889.9 Darwin/17.2.0 (x86_64)"
46.5.26.196 - - [25/Nov/2017:22:05:47 +0100] "GET /favicon.ico HTTP/1.1" 404 1181 "-" "Safari/13604.3.5 CFNetwork/889.9 Darwin/17.2.0 (x86_64)"
46.5.26.196 - - [25/Nov/2017:22:05:47 +0100] "GET /doc/b2_201203.jpg HTTP/1.1" 404 1181 "-" "Mozilla/5.0 (iPhone; CPU iPhone OS 10_3 like Mac OS X) AppleWebKit/603.1.30 (KHTML, like Gecko) Version/10.3 Mobile/14E277 Safari/603.1.30"
46.5.26.196 - - [25/Nov/2017:22:05:47 +0100] "GET /apple-touch-icon-precomposed.png HTTP/1.1" 404 1181 "-" "Safari/13604.3.5 CFNetwork/889.9 Darwin/17.2.0 (x86_64)"
46.5.26.196 - - [25/Nov/2017:22:05:47 +0100] "GET /apple-touch-icon.png HTTP/1.1" 404 1181 "-" "Safari/13604.3.5 CFNetwork/889.9 Darwin/17.2.0 (x86_64)"
46.5.26.196 - - [25/Nov/2017:22:05:47 +0100] "GET /favicon.ico HTTP/1.1" 404 1181 "-" "Safari/13604.3.5 CFNetwork/889.9 Darwin/17.2.0 (x86_64)"
46.5.26.196 - - [25/Nov/2017:22:05:47 +0100] "GET /apple-touch-icon-precomposed.png HTTP/1.1" 404 1181 "-" "Safari/13604.3.5 CFNetwork/889.9 Darwin/17.2.0 (x86_64)"
46.5.26.196 - - [25/Nov/2017:22:05:47 +0100] "GET /apple-touch-icon.png HTTP/1.1" 404 1181 "-" "Safari/13604.3.5 CFNetwork/889.9 Darwin/17.2.0 (x86_64)"
46.5.26.196 - - [25/Nov/2017:22:05:47 +0100] "GET /favicon.ico HTTP/1.1" 404 1181 "-" "Safari/13604.3.5 CFNetwork/889.9 Darwin/17.2.0 (x86_64)"
35.184.189.105 - - [25/Nov/2017:22:06:16 +0100] "GET /robots.txt HTTP/1.1" 404 1181 "-" "ltx71 - (http://ltx71.com/)"
157.55.39.152 - - [25/Nov/2017:22:19:10 +0100] "GET /hirlevel/emlekezteto_hevesvezekeny_201504.pdf HTTP/1.1" 404 1181 "-" "Mozilla/5.0 (iPhone; CPU iPhone OS 7_0 like Mac OS X) AppleWebKit/537.51.1 (KHTML, like Gecko) Version/7.0 Mobile/11A465 Safari/9537.53 (compatible; bingbot/2.0; +http://www.bing.com/bingbot.htm)"
35.184.189.105 - - [25/Nov/2017:22:23:42 +0100] "GET /robots.txt HTTP/1.1" 404 1181 "-" "ltx71 - (http://ltx71.com/)"
216.244.66.199 - - [25/Nov/2017:22:35:09 +0100] "GET /robots.txt HTTP/1.1" 404 1181 "-" "Mozilla/5.0 (compatible; DotBot/1.1; http://www.opensiteexplorer.org/dotbot, help@moz.com)"
35.184.189.105 - - [25/Nov/2017:22:42:44 +0100] "GET /robots.txt HTTP/1.1" 404 1181 "-" "ltx71 - (http://ltx71.com/)"
108.170.52.250 - - [25/Nov/2017:23:27:25 +0100] "GET / HTTP/1.0" 200 2023 "-" "-"
66.249.64.131 - - [25/Nov/2017:23:49:58 +0100] "GET /robots.txt HTTP/1.1" 404 1181 "-" "Mozilla/5.0 (compatible; Googlebot/2.1; +http://www.google.com/bot.html)"
66.249.64.131 - - [25/Nov/2017:23:49:58 +0100] "GET / HTTP/1.1" 200 2023 "-" "Mozilla/5.0 (compatible; Googlebot/2.1; +http://www.google.com/bot.html)"
35.184.189.105 - - [25/Nov/2017:23:50:52 +0100] "GET /robots.txt HTTP/1.1" 404 1181 "-" "ltx71 - (http://ltx71.com/)"
35.184.189.105 - - [25/Nov/2017:23:52:11 +0100] "GET / HTTP/1.1" 200 2023 "-" "ltx71 - (http://ltx71.com/)"
68.180.230.232 - - [26/Nov/2017:00:24:23 +0100] "GET /robots.txt HTTP/1.1" 404 1181 "-" "Mozilla/5.0 (compatible; Yahoo! Slurp; http://help.yahoo.com/help/us/ysearch/slurp)"
68.180.230.232 - - [26/Nov/2017:00:24:25 +0100] "GET /doc/belepesinyilatkozat.pdf HTTP/1.1" 200 403937 "-" "Mozilla/5.0 (compatible; Yahoo! Slurp; http://help.yahoo.com/help/us/ysearch/slurp)"
51.255.65.16 - - [26/Nov/2017:00:54:58 +0100] "GET /doc/b2_201203.jpg HTTP/1.1" 404 1181 "-" "Mozilla/5.0 (compatible; AhrefsBot/5.2; +http://ahrefs.com/robot/)"
66.249.70.12 - - [26/Nov/2017:01:18:18 +0100] "GET /robots.txt HTTP/1.1" 404 1181 "-" "Mozilla/5.0 (compatible; Googlebot/2.1; +http://www.google.com/bot.html)"
66.249.70.14 - - [26/Nov/2017:01:18:18 +0100] "GET /doc/ideiglvedettseg.pdf HTTP/1.1" 404 1181 "-" "Mozilla/5.0 (compatible; Googlebot/2.1; +http://www.google.com/bot.html)"
40.77.179.188 - - [26/Nov/2017:02:09:26 +0100] "GET / HTTP/1.1" 200 2023 "-" "Mozilla/5.0 (iPhone; CPU iPhone OS 7_0 like Mac OS X) AppleWebKit/537.51.1 (KHTML, like Gecko) Version/7.0 Mobile/11A465 Safari/9537.53 BingPreview/1.0b"
40.77.167.28 - - [26/Nov/2017:02:32:22 +0100] "GET /doc/tisza-to_szoroanyag_2012.pdf HTTP/1.1" 404 1181 "-" "Mozilla/5.0 (iPhone; CPU iPhone OS 7_0 like Mac OS X) AppleWebKit/537.51.1 (KHTML, like Gecko) Version/7.0 Mobile/11A465 Safari/9537.53 (compatible; bingbot/2.0; +http://www.bing.com/bingbot.htm)"
54.236.1.15 - - [26/Nov/2017:02:36:50 +0100] "GET /robots.txt HTTP/1.1" 404 1181 "-" "Mozilla/5.0 (compatible; Pinterestbot/1.0; +http://www.pinterest.com/bot.html)"
54.236.1.15 - - [26/Nov/2017:02:36:50 +0100] "GET /doc/b2_201203.jpg HTTP/1.1" 404 1181 "-" "Mozilla/5.0 (compatible; Pinterestbot/1.0; +http://www.pinterest.com/bot.html)"
157.55.39.118 - - [26/Nov/2017:02:46:38 +0100] "GET /robots.txt HTTP/1.1" 404 1181 "-" "Mozilla/5.0 (compatible; bingbot/2.0; +http://www.bing.com/bingbot.htm)"
91.200.12.63 - - [26/Nov/2017:03:30:33 +0100] "GET / HTTP/1.1" 200 2023 "-" "Mozilla/5.0 (Windows NT 6.1; rv:21.0) Gecko/20100101 Firefox/21.0"
46.229.164.99 - - [26/Nov/2017:03:30:42 +0100] "GET /robots.txt HTTP/1.1" 404 1181 "-" "Mozilla/5.0 (compatible; SemrushBot/1.2~bl; +http://www.semrush.com/bot.html)"
40.77.167.28 - - [26/Nov/2017:03:43:21 +0100] "GET / HTTP/1.1" 200 2023 "-" "Mozilla/5.0 (compatible; bingbot/2.0; +http://www.bing.com/bingbot.htm)"
40.77.167.126 - - [26/Nov/2017:04:12:44 +0100] "GET /doc/eletet-a-vasutnak.pdf HTTP/1.1" 200 5085257 "-" "Mozilla/5.0 (compatible; bingbot/2.0; +http://www.bing.com/bingbot.htm)"
151.236.51.89 - - [26/Nov/2017:04:20:19 +0100] "GET /wp-admin/ HTTP/1.1" 404 1181 "-" "-"
212.227.109.59 - - [26/Nov/2017:04:32:06 +0100] "GET /test/wp-admin/ HTTP/1.1" 404 1181 "-" "-"
35.184.189.105 - - [26/Nov/2017:04:36:29 +0100] "GET /robots.txt HTTP/1.1" 404 1181 "-" "ltx71 - (http://ltx71.com/)"
35.184.189.105 - - [26/Nov/2017:04:37:38 +0100] "GET /tagsag2.htm HTTP/1.1" 200 1335 "-" "ltx71 - (http://ltx71.com/)"
182.48.49.155 - - [26/Nov/2017:04:43:36 +0100] "GET /wordpress/wp-admin/ HTTP/1.1" 404 1181 "-" "-"
69.138.15.136 - - [26/Nov/2017:05:06:03 +0100] "GET / HTTP/1.1" 200 2023 "-" "Mozilla/5.0 (Windows NT 6.1; WOW64) AppleWebKit/537.36 (KHTML, like Gecko) Chrome/34.0.1847.131 Safari/537.36"
185.38.44.162 - - [26/Nov/2017:05:06:38 +0100] "GET /wp/wp-admin/ HTTP/1.1" 404 1181 "-" "-"
40.77.167.28 - - [26/Nov/2017:05:06:47 +0100] "GET /hirlevel/vonattal1603.html HTTP/1.1" 404 1181 "-" "Mozilla/5.0 (iPhone; CPU iPhone OS 7_0 like Mac OS X) AppleWebKit/537.51.1 (KHTML, like Gecko) Version/7.0 Mobile/11A465 Safari/9537.53 (compatible; bingbot/2.0; +http://www.bing.com/bingbot.htm)"
103.42.109.6 - - [26/Nov/2017:05:18:14 +0100] "GET /old/wp-admin/ HTTP/1.1" 404 1181 "-" "-"
64.62.252.163 - - [26/Nov/2017:05:23:10 +0100] "GET /robots.txt HTTP/1.1" 404 1181 "-" "BUbiNG (+http://law.di.unimi.it/BUbiNG.html)"
64.62.252.163 - - [26/Nov/2017:05:23:10 +0100] "GET / HTTP/1.1" 200 2023 "-" "BUbiNG (+http://law.di.unimi.it/BUbiNG.html)"
68.180.230.232 - - [26/Nov/2017:05:30:35 +0100] "GET /tagsag2.htm HTTP/1.1" 200 1335 "-" "Mozilla/5.0 (compatible; Yahoo! Slurp; http://help.yahoo.com/help/us/ysearch/slurp)"
66.249.64.128 - - [26/Nov/2017:05:41:20 +0100] "GET /hirlevel/images/1103_d.jpg HTTP/1.1" 404 1181 "-" "Googlebot-Image/1.0"
157.55.39.152 - - [26/Nov/2017:05:45:45 +0100] "GET /doc/utaseszrevetelek_irasban_1209.pdf HTTP/1.1" 404 1181 "-" "Mozilla/5.0 (compatible; bingbot/2.0; +http://www.bing.com/bingbot.htm)"
40.77.167.28 - - [26/Nov/2017:06:12:57 +0100] "GET /hirlevel/Prezentacio_Partners%C3%A9g%20%20a%20jobb%20vas%C3%BAt%C3%A9rt.pdf HTTP/1.1" 404 1181 "-" "Mozilla/5.0 (iPhone; CPU iPhone OS 7_0 like Mac OS X) AppleWebKit/537.51.1 (KHTML, like Gecko) Version/7.0 Mobile/11A465 Safari/9537.53 (compatible; bingbot/2.0; +http://www.bing.com/bingbot.htm)"
35.184.189.105 - - [26/Nov/2017:06:21:17 +0100] "GET /robots.txt HTTP/1.1" 404 1181 "-" "ltx71 - (http://ltx71.com/)"
35.184.189.105 - - [26/Nov/2017:06:22:06 +0100] "GET /projektek2.htm HTTP/1.1" 200 7634 "-" "ltx71 - (http://ltx71.com/)"
35.184.189.105 - - [26/Nov/2017:07:15:56 +0100] "GET /robots.txt HTTP/1.1" 404 1181 "-" "ltx71 - (http://ltx71.com/)"
35.184.189.105 - - [26/Nov/2017:07:16:23 +0100] "GET /doc/westtakt_mnr_tkp.zip HTTP/1.1" 200 548715 "-" "ltx71 - (http://ltx71.com/)"
35.184.189.105 - - [26/Nov/2017:07:17:51 +0100] "GET /doc/belepesinyilatkozat.pdf HTTP/1.1" 200 403937 "-" "ltx71 - (http://ltx71.com/)"
80.77.124.230 - - [26/Nov/2017:07:35:21 +0100] "GET / HTTP/1.1" 200 2023 "-" "Mozilla/5.0 (Windows NT 10.0; Win64; x64) AppleWebKit/537.36 (KHTML, like Gecko) Chrome/61.0.3163.100 Safari/537.36"
77.111.91.248 - - [26/Nov/2017:07:49:49 +0100] "GET / HTTP/1.1" 200 2023 "-" "Mozilla/5.0 (Windows NT 10.0; Win64; x64) AppleWebKit/537.36 (KHTML, like Gecko) Chrome/61.0.3163.100 Safari/537.36"
35.184.189.105 - - [26/Nov/2017:07:54:58 +0100] "GET /robots.txt HTTP/1.1" 404 1181 "-" "ltx71 - (http://ltx71.com/)"
157.55.39.152 - - [26/Nov/2017:07:55:30 +0100] "GET /doc/mkk_eger_tanulmany_2014.pdf HTTP/1.1" 200 851104 "-" "Mozilla/5.0 (iPhone; CPU iPhone OS 7_0 like Mac OS X) AppleWebKit/537.51.1 (KHTML, like Gecko) Version/7.0 Mobile/11A465 Safari/9537.53 (compatible; bingbot/2.0; +http://www.bing.com/bingbot.htm)"
207.46.13.110 - - [26/Nov/2017:08:01:22 +0100] "GET /hirlevel/vonattal1508.html HTTP/1.1" 404 1181 "-" "Mozilla/5.0 (iPhone; CPU iPhone OS 7_0 like Mac OS X) AppleWebKit/537.51.1 (KHTML, like Gecko) Version/7.0 Mobile/11A465 Safari/9537.53 (compatible; bingbot/2.0; +http://www.bing.com/bingbot.htm)"
185.224.132.125 - - [26/Nov/2017:08:15:22 +0100] "GET / HTTP/1.1" 200 2023 "-" "Mozilla/5.0 (Windows NT 10.0; Win64; x64) AppleWebKit/537.36 (KHTML, like Gecko) Chrome/61.0.3163.100 Safari/537.36"
157.55.39.152 - - [26/Nov/2017:08:36:19 +0100] "GET /hirlevel/images/Okotars_fekvo_szines.jpg HTTP/1.1" 404 1181 "-" "Mozilla/5.0 (compatible; bingbot/2.0; +http://www.bing.com/bingbot.htm)"
35.184.189.105 - - [26/Nov/2017:08:43:57 +0100] "GET /robots.txt HTTP/1.1" 404 1181 "-" "ltx71 - (http://ltx71.com/)"
35.184.189.105 - - [26/Nov/2017:08:44:52 +0100] "GET /kikvagyunk2.htm HTTP/1.1" 200 17012 "-" "ltx71 - (http://ltx71.com/)"
207.46.13.110 - - [26/Nov/2017:08:48:52 +0100] "GET /doc/allomasok_kepes_osszefoglaloja.pdf HTTP/1.1" 200 5628186 "-" "Mozilla/5.0 (compatible; bingbot/2.0; +http://www.bing.com/bingbot.htm)"
40.77.167.28 - - [26/Nov/2017:08:52:10 +0100] "GET / HTTP/1.1" 200 2023 "-" "Mozilla/5.0 (compatible; bingbot/2.0; +http://www.bing.com/bingbot.htm)"
35.184.189.105 - - [26/Nov/2017:08:54:25 +0100] "GET /robots.txt HTTP/1.1" 404 1181 "-" "ltx71 - (http://ltx71.com/)"
157.55.39.152 - - [26/Nov/2017:08:55:03 +0100] "GET /hirlevel/images/1512_c.jpg HTTP/1.1" 404 1181 "-" "Mozilla/5.0 (compatible; bingbot/2.0; +http://www.bing.com/bingbot.htm)"
35.184.189.105 - - [26/Nov/2017:09:10:12 +0100] "GET /robots.txt HTTP/1.1" 404 1181 "-" "ltx71 - (http://ltx71.com/)"
40.77.167.38 - - [26/Nov/2017:09:59:22 +0100] "GET /doc/kerparoskozlekedes.pdf HTTP/1.1" 200 2540119 "-" "Mozilla/5.0 (iPhone; CPU iPhone OS 7_0 like Mac OS X) AppleWebKit/537.51.1 (KHTML, like Gecko) Version/7.0 Mobile/11A465 Safari/9537.53 (compatible; bingbot/2.0; +http://www.bing.com/bingbot.htm)"
40.77.167.28 - - [26/Nov/2017:10:01:17 +0100] "GET /doc/emlekezteto_tatabanya_0327.pdf HTTP/1.1" 404 1181 "-" "Mozilla/5.0 (iPhone; CPU iPhone OS 7_0 like Mac OS X) AppleWebKit/537.51.1 (KHTML, like Gecko) Version/7.0 Mobile/11A465 Safari/9537.53 (compatible; bingbot/2.0; +http://www.bing.com/bingbot.htm)"
180.76.15.145 - - [26/Nov/2017:10:37:13 +0100] "GET /doc/mkk_eger_tanulmany_2014.pdf HTTP/1.1" 200 622592 "-" "Mozilla/5.0 (compatible; Baiduspider/2.0; +http://www.baidu.com/search/spider.html)"
40.77.167.126 - - [26/Nov/2017:10:41:20 +0100] "GET /hirlevel/vonattal1107.htm HTTP/1.1" 404 1181 "-" "Mozilla/5.0 (iPhone; CPU iPhone OS 7_0 like Mac OS X) AppleWebKit/537.51.1 (KHTML, like Gecko) Version/7.0 Mobile/11A465 Safari/9537.53 (compatible; bingbot/2.0; +http://www.bing.com/bingbot.htm)"
40.77.167.126 - - [26/Nov/2017:10:41:21 +0100] "GET /hirlevel/vonattal1602.html HTTP/1.1" 404 1181 "-" "Mozilla/5.0 (iPhone; CPU iPhone OS 7_0 like Mac OS X) AppleWebKit/537.51.1 (KHTML, like Gecko) Version/7.0 Mobile/11A465 Safari/9537.53 (compatible; bingbot/2.0; +http://www.bing.com/bingbot.htm)"
212.83.182.255 - - [26/Nov/2017:10:54:42 +0100] "GET /dumper.php HTTP/1.1" 404 1181 "-" "Mozilla/5.0 (Windows NT 6.1; Win64; x64) AppleWebKit/537.36 (KHTML, like Gecko) Chrome/60.0.3112.113 Safari/537.36"
212.83.182.255 - - [26/Nov/2017:10:54:42 +0100] "GET /dumper/dumper.php HTTP/1.1" 404 1181 "-" "Mozilla/5.0 (Windows NT 6.1; Win64; x64) AppleWebKit/537.36 (KHTML, like Gecko) Chrome/60.0.3112.113 Safari/537.36"
46.229.164.99 - - [26/Nov/2017:11:00:02 +0100] "GET /robots.txt HTTP/1.1" 404 1181 "-" "Mozilla/5.0 (compatible; SemrushBot/1.2~bl; +http://www.semrush.com/bot.html)"
35.184.189.105 - - [26/Nov/2017:11:04:55 +0100] "GET /robots.txt HTTP/1.1" 404 1181 "-" "ltx71 - (http://ltx71.com/)"
35.184.189.105 - - [26/Nov/2017:11:07:56 +0100] "GET /robots.txt HTTP/1.1" 404 1181 "-" "ltx71 - (http://ltx71.com/)"
35.184.189.105 - - [26/Nov/2017:11:08:26 +0100] "GET /doc/ipoly_konf.zip HTTP/1.1" 200 5902441 "-" "ltx71 - (http://ltx71.com/)"
78.92.70.80 - - [26/Nov/2017:11:22:27 +0100] "GET / HTTP/1.1" 200 2023 "https://www.google.hu/" "Mozilla/5.0 (Windows NT 6.3; Win64; x64) AppleWebKit/537.36 (KHTML, like Gecko) Chrome/62.0.3202.89 Safari/537.36 OPR/49.0.2725.47"
78.92.70.80 - - [26/Nov/2017:11:22:27 +0100] "GET /blog.jpg HTTP/1.1" 200 29833 "http://www.mkk.zpok.hu/" "Mozilla/5.0 (Windows NT 6.3; Win64; x64) AppleWebKit/537.36 (KHTML, like Gecko) Chrome/62.0.3202.89 Safari/537.36 OPR/49.0.2725.47"
78.92.70.80 - - [26/Nov/2017:11:22:27 +0100] "GET /facebook-logo-preview.png HTTP/1.1" 200 3924 "http://www.mkk.zpok.hu/" "Mozilla/5.0 (Windows NT 6.3; Win64; x64) AppleWebKit/537.36 (KHTML, like Gecko) Chrome/62.0.3202.89 Safari/537.36 OPR/49.0.2725.47"
78.92.70.80 - - [26/Nov/2017:11:22:27 +0100] "GET /mkk_banner.png HTTP/1.1" 200 62097 "http://www.mkk.zpok.hu/" "Mozilla/5.0 (Windows NT 6.3; Win64; x64) AppleWebKit/537.36 (KHTML, like Gecko) Chrome/62.0.3202.89 Safari/537.36 OPR/49.0.2725.47"
78.92.70.80 - - [26/Nov/2017:11:22:43 +0100] "GET /favicon.ico HTTP/1.1" 404 1181 "http://www.mkk.zpok.hu/" "Mozilla/5.0 (Windows NT 6.3; Win64; x64) AppleWebKit/537.36 (KHTML, like Gecko) Chrome/62.0.3202.89 Safari/537.36 OPR/49.0.2725.47"
46.229.168.73 - - [26/Nov/2017:11:24:05 +0100] "GET / HTTP/1.1" 200 2023 "-" "Mozilla/5.0 (compatible; SemrushBot/1.2~bl; +http://www.semrush.com/bot.html)"
46.229.168.78 - - [26/Nov/2017:11:24:17 +0100] "GET /kikvagyunk2.htm HTTP/1.1" 200 17012 "-" "Mozilla/5.0 (compatible; SemrushBot/1.2~bl; +http://www.semrush.com/bot.html)"
46.229.168.80 - - [26/Nov/2017:11:24:37 +0100] "GET /tagsag2.htm HTTP/1.1" 200 1335 "-" "Mozilla/5.0 (compatible; SemrushBot/1.2~bl; +http://www.semrush.com/bot.html)"
46.229.168.78 - - [26/Nov/2017:11:24:38 +0100] "GET /kikvagyunk2.htm HTTP/1.1" 200 17012 "-" "Mozilla/5.0 (compatible; SemrushBot/1.2~bl; +http://www.semrush.com/bot.html)"
40.77.167.126 - - [26/Nov/2017:12:02:02 +0100] "GET /hirlevel/vonattal1409.html HTTP/1.1" 404 1181 "-" "Mozilla/5.0 (iPhone; CPU iPhone OS 7_0 like Mac OS X) AppleWebKit/537.51.1 (KHTML, like Gecko) Version/7.0 Mobile/11A465 Safari/9537.53 (compatible; bingbot/2.0; +http://www.bing.com/bingbot.htm)"
40.77.167.126 - - [26/Nov/2017:12:29:53 +0100] "GET /robots.txt HTTP/1.1" 404 1181 "-" "Mozilla/5.0 (compatible; bingbot/2.0; +http://www.bing.com/bingbot.htm)"
178.164.252.25 - - [26/Nov/2017:13:30:43 +0100] "GET /doc/mkk_eger_tanulmany_2014.pdf HTTP/1.1" 200 851104 "https://www.google.hu/" "Mozilla/5.0 (Windows NT 6.3) AppleWebKit/537.36 (KHTML, like Gecko) Chrome/62.0.3202.94 Safari/537.36"
178.164.252.25 - - [26/Nov/2017:13:30:43 +0100] "GET /favicon.ico HTTP/1.1" 404 1181 "http://www.mkk.zpok.hu/doc/mkk_eger_tanulmany_2014.pdf" "Mozilla/5.0 (Windows NT 6.3) AppleWebKit/537.36 (KHTML, like Gecko) Chrome/62.0.3202.94 Safari/537.36"
40.77.167.126 - - [26/Nov/2017:13:32:01 +0100] "GET /tagsag2.htm HTTP/1.1" 304 - "-" "Mozilla/5.0 (compatible; bingbot/2.0; +http://www.bing.com/bingbot.htm)"
109.173.49.197 - - [26/Nov/2017:13:47:29 +0100] "GET /images/vasutterkep_n.jpg HTTP/1.1" 404 1181 "http://yandex.ru/clck/jsredir?from=yandex.ru%3Bsearch%3Bweb%3B%3B&text=&etext=1617.eBU2CQEBZKB0blW_jyCdetc0OG0GrKnQUY7Ef9eoLa1sBFxHxVm4fwbL-rbFhheo.5e8ad7f06469b21f31bcb1c013cac2bad70a981b&uuid=&state=_BLhILn4SxNIvvL0W45KSic66uCIg23qh8iRG98qeIXmeppkgUc0YL_nDC5hqtEQ6WayFoZKRZE&data=UlNrNmk5WktYejR0eWJFYk1LdmtxdVVWRG5mNHpsclVnVUZQb0xSR3J6MFlFZmZFVTZJRkM1OVVLeVBsMzE0TURYMlRSS0lNNFV2RTJaZmZsR1hfLVp4R19GNVNmeWEyc010OWw0bmRYYnlmclZ5djRWS1B2QzFPOW11SzZ3UmMyLW5fcmdBbGlCOA&b64e=2&sign=911261659fb6c7923d25af4d47bfaab3&keyno=0&cst=AiuY0DBWFJ7IXge4WdYJQULnoVAFacUf2Nx9LDywMoi5AyIqMuHtXLUi-moL8CbFcgK8DGgBWJQjJIl6DvaURaH9vPi0XYv5kZ7iZj4nohHcG3D7NNDWL3gZ-tp6WsXZjA1BEdD0-CuPclgsKbKpNg&ref=orjY4mGPRjk5boDnW0uvlrrd71vZw9kp5uQozpMtKCXEfKO1imoOE4JLEyjIAywZvheLH0OjH4vx-TbD6SCHNRKc-jybhC1d7iu6Qh9cWHgj_he6kel3aw&l10n=ru&cts=1511700246416&mc=6.36017453218" "Mozilla/5.0 (Windows NT 10.0; Win64; x64) AppleWebKit/537.36 (KHTML, like Gecko) Chrome/61.0.3163.100 Safari/537.36"
66.249.70.10 - - [26/Nov/2017:14:06:20 +0100] "GET /robots.txt HTTP/1.1" 404 1181 "-" "Mozilla/5.0 (compatible; Googlebot/2.1; +http://www.google.com/bot.html)"
66.249.79.61 - - [26/Nov/2017:14:06:20 +0100] "GET /doc/osszefoglalo_070622.pdf HTTP/1.1" 404 1181 "-" "Mozilla/5.0 (compatible; Googlebot/2.1; +http://www.google.com/bot.html)"
162.210.196.98 - - [26/Nov/2017:14:16:57 +0100] "GET /robots.txt HTTP/1.1" 404 1181 "-" "Mozilla/5.0 (compatible; MJ12bot/v1.4.8; http://mj12bot.com/)"
162.210.196.98 - - [26/Nov/2017:14:16:59 +0100] "GET / HTTP/1.1" 200 2023 "-" "Mozilla/5.0 (compatible; MJ12bot/v1.4.8; http://mj12bot.com/)"
46.229.164.99 - - [26/Nov/2017:14:23:23 +0100] "GET /robots.txt HTTP/1.1" 404 1181 "-" "Mozilla/5.0 (compatible; SemrushBot/1.2~bl; +http://www.semrush.com/bot.html)"
40.77.167.38 - - [26/Nov/2017:15:30:35 +0100] "GET /doc/kerparoskozlekedes.pdf HTTP/1.1" 200 2540119 "-" "Mozilla/5.0 (iPhone; CPU iPhone OS 7_0 like Mac OS X) AppleWebKit/537.51.1 (KHTML, like Gecko) Version/7.0 Mobile/11A465 Safari/9537.53 (compatible; bingbot/2.0; +http://www.bing.com/bingbot.htm)"
68.180.229.217 - - [26/Nov/2017:15:50:10 +0100] "GET /robots.txt HTTP/1.1" 404 1181 "-" "Mozilla/5.0 (compatible; Yahoo! Slurp; http://help.yahoo.com/help/us/ysearch/slurp)"
68.180.229.217 - - [26/Nov/2017:15:50:10 +0100] "GET /hirlevel/vonattal1408.html HTTP/1.1" 404 1181 "-" "Mozilla/5.0 (compatible; Yahoo! Slurp; http://help.yahoo.com/help/us/ysearch/slurp)"
40.77.167.28 - - [26/Nov/2017:16:17:50 +0100] "GET /doc/b2_2012_03.pdf HTTP/1.1" 404 1181 "-" "Mozilla/5.0 (iPhone; CPU iPhone OS 7_0 like Mac OS X) AppleWebKit/537.51.1 (KHTML, like Gecko) Version/7.0 Mobile/11A465 Safari/9537.53 (compatible; bingbot/2.0; +http://www.bing.com/bingbot.htm)"
13.113.28.177 - - [26/Nov/2017:17:20:17 +0100] "GET / HTTP/1.1" 200 2023 "-" "Java/1.8.0_151"
207.46.13.70 - - [26/Nov/2017:17:50:47 +0100] "GET /robots.txt HTTP/1.1" 404 1181 "-" "Mozilla/5.0 (compatible; bingbot/2.0; +http://www.bing.com/bingbot.htm)"
207.46.13.80 - - [26/Nov/2017:17:51:03 +0100] "GET /robots.txt HTTP/1.1" 404 1181 "-" "Mozilla/5.0 (compatible; bingbot/2.0; +http://www.bing.com/bingbot.htm)"
40.77.167.28 - - [26/Nov/2017:18:26:14 +0100] "GET /doc/varos-videk_2009.pdf HTTP/1.1" 200 1636386 "-" "Mozilla/5.0 (iPhone; CPU iPhone OS 7_0 like Mac OS X) AppleWebKit/537.51.1 (KHTML, like Gecko) Version/7.0 Mobile/11A465 Safari/9537.53 (compatible; bingbot/2.0; +http://www.bing.com/bingbot.htm)"
40.77.167.38 - - [26/Nov/2017:18:31:56 +0100] "GET /doc/hu_aps_positivbeispiele_aufl2_070622_klein.pdf HTTP/1.1" 200 2887217 "-" "Mozilla/5.0 (compatible; bingbot/2.0; +http://www.bing.com/bingbot.htm)"
134.255.99.242 - - [26/Nov/2017:19:03:27 +0100] "GET /doc/b2_201203.jpg HTTP/1.1" 404 1181 "http://vasut.kteam.hu/indexde.html" "Mozilla/5.0 (Windows NT 6.1; Win64; x64) AppleWebKit/537.36 (KHTML, like Gecko) Chrome/62.0.3202.94 Safari/537.36"
134.255.99.242 - - [26/Nov/2017:19:03:27 +0100] "GET /favicon.ico HTTP/1.1" 404 1181 "http://mkk.zpok.hu/doc/b2_201203.jpg" "Mozilla/5.0 (Windows NT 6.1; Win64; x64) AppleWebKit/537.36 (KHTML, like Gecko) Chrome/62.0.3202.94 Safari/537.36"
40.77.167.71 - - [26/Nov/2017:19:03:27 +0100] "GET /hirlevel/vonattal1207.htm HTTP/1.1" 404 1181 "-" "Mozilla/5.0 (iPhone; CPU iPhone OS 7_0 like Mac OS X) AppleWebKit/537.51.1 (KHTML, like Gecko) Version/7.0 Mobile/11A465 Safari/9537.53 (compatible; bingbot/2.0; +http://www.bing.com/bingbot.htm)"
134.255.99.242 - - [26/Nov/2017:19:03:33 +0100] "GET /doc/b2_201203.jpg HTTP/1.1" 404 1181 "http://vasut.kteam.hu/indexde.html" "Mozilla/5.0 (Windows NT 6.1; Win64; x64) AppleWebKit/537.36 (KHTML, like Gecko) Chrome/62.0.3202.94 Safari/537.36"
134.255.99.242 - - [26/Nov/2017:19:03:37 +0100] "GET /doc/b2_2010.pdf HTTP/1.1" 404 1181 "http://vasut.kteam.hu/indexde.html" "Mozilla/5.0 (Windows NT 6.1; Win64; x64) AppleWebKit/537.36 (KHTML, like Gecko) Chrome/62.0.3202.94 Safari/537.36"
141.8.183.17 - - [26/Nov/2017:19:14:46 +0100] "GET /robots.txt HTTP/1.1" 404 1181 "-" "Mozilla/5.0 (compatible; YandexBot/3.0; +http://yandex.com/bots)"
178.154.171.90 - - [26/Nov/2017:19:14:46 +0100] "GET /robots.txt HTTP/1.1" 404 1181 "-" "Mozilla/5.0 (compatible; YandexBot/3.0; +http://yandex.com/bots)"
141.8.183.17 - - [26/Nov/2017:19:14:49 +0100] "GET / HTTP/1.1" 200 2023 "-" "Mozilla/5.0 (compatible; YandexBot/3.0; +http://yandex.com/bots)"
141.8.132.36 - - [26/Nov/2017:19:14:50 +0100] "GET / HTTP/1.1" 200 2023 "-" "Mozilla/5.0 (compatible; YandexBot/3.0; +http://yandex.com/bots)"
87.229.73.156 - - [26/Nov/2017:19:17:46 +0100] "GET / HTTP/1.1" 200 2023 "-" "Python-urllib/2.6"
66.249.93.46 - - [26/Nov/2017:19:22:28 +0100] "GET / HTTP/1.1" 200 2023 "-" "Mozilla/5.0 (Linux; Android 5.0; Lenovo A1000 Build/S100) AppleWebKit/537.36 (KHTML, like Gecko) Chrome/62.0.3202.84 Mobile Safari/537.36"
89.134.14.197 - - [26/Nov/2017:19:22:28 +0100] "GET / HTTP/1.1" 200 2023 "-" "Dalvik/2.1.0 (Linux; U; Android 5.0; Lenovo A1000 Build/S100)"
66.249.93.42 - - [26/Nov/2017:19:22:29 +0100] "GET /facebook-logo-preview.png HTTP/1.1" 200 3924 "http://www.mkk.zpok.hu/" "Mozilla/5.0 (Linux; Android 5.0; Lenovo A1000 Build/S100) AppleWebKit/537.36 (KHTML, like Gecko) Chrome/62.0.3202.84 Mobile Safari/537.36"
66.249.93.44 - - [26/Nov/2017:19:22:29 +0100] "GET /blog.jpg HTTP/1.1" 200 29833 "http://www.mkk.zpok.hu/" "Mozilla/5.0 (Linux; Android 5.0; Lenovo A1000 Build/S100) AppleWebKit/537.36 (KHTML, like Gecko) Chrome/62.0.3202.84 Mobile Safari/537.36"
66.249.93.46 - - [26/Nov/2017:19:22:29 +0100] "GET /mkk_banner.png HTTP/1.1" 200 62097 "http://www.mkk.zpok.hu/" "Mozilla/5.0 (Linux; Android 5.0; Lenovo A1000 Build/S100) AppleWebKit/537.36 (KHTML, like Gecko) Chrome/62.0.3202.84 Mobile Safari/537.36"
89.134.14.197 - - [26/Nov/2017:19:22:34 +0100] "GET / HTTP/1.1" 200 2023 "-" "Dalvik/2.1.0 (Linux; U; Android 5.0; Lenovo A1000 Build/S100)"
91.200.12.143 - - [26/Nov/2017:19:52:18 +0100] "GET / HTTP/1.0" 200 2023 "http://www.mkk.zpok.hu/" "Mozilla/5.0 (Windows NT 10.0; Win64; x64; rv:53.0) Gecko/20100101 Firefox/53.0"
91.200.12.143 - - [26/Nov/2017:19:52:18 +0100] "GET / HTTP/1.0" 200 2023 "http://www.mkk.zpok.hu/" "Mozilla/5.0 (Windows NT 10.0; Win64; x64; rv:53.0) Gecko/20100101 Firefox/53.0"
91.200.12.143 - - [26/Nov/2017:20:10:31 +0100] "GET / HTTP/1.0" 200 2023 "http://www.mkk.zpok.hu/" "Mozilla/5.0 (Windows NT 6.1; WOW64) AppleWebKit/537.36 (KHTML, like Gecko) Chrome/56.0.2924.87 Safari/537.36 OPR/43.0.2442.1144"
91.200.12.143 - - [26/Nov/2017:20:10:32 +0100] "GET / HTTP/1.0" 200 2023 "http://www.mkk.zpok.hu/" "Mozilla/5.0 (Windows NT 6.1; WOW64) AppleWebKit/537.36 (KHTML, like Gecko) Chrome/56.0.2924.87 Safari/537.36 OPR/43.0.2442.1144"
35.184.189.105 - - [26/Nov/2017:20:25:13 +0100] "GET /robots.txt HTTP/1.1" 404 1181 "-" "ltx71 - (http://ltx71.com/)"
35.184.189.105 - - [26/Nov/2017:20:27:09 +0100] "GET /doc/kozh.zip HTTP/1.1" 200 416414 "-" "ltx71 - (http://ltx71.com/)"
40.77.167.71 - - [26/Nov/2017:20:29:07 +0100] "GET /doc/b2_2010.pdf HTTP/1.1" 404 1181 "-" "Mozilla/5.0 (iPhone; CPU iPhone OS 7_0 like Mac OS X) AppleWebKit/537.51.1 (KHTML, like Gecko) Version/7.0 Mobile/11A465 Safari/9537.53 (compatible; bingbot/2.0; +http://www.bing.com/bingbot.htm)"
35.184.189.105 - - [26/Nov/2017:20:29:11 +0100] "GET /doc/kozh.zip HTTP/1.1" 200 415390 "-" "ltx71 - (http://ltx71.com/)"
207.46.13.80 - - [26/Nov/2017:20:48:22 +0100] "GET /robots.txt HTTP/1.1" 404 1181 "-" "Mozilla/5.0 (compatible; bingbot/2.0; +http://www.bing.com/bingbot.htm)"
141.30.215.222 - - [26/Nov/2017:20:49:01 +0100] "GET /images/vasutterkep_n.jpg HTTP/1.1" 404 1181 "http://www.hoeckmann.de/karten/europa/ungarn/index.htm" "Mozilla/5.0 (Linux; Android 7.0; SM-T585 Build/NRD90M) AppleWebKit/537.36 (KHTML, like Gecko) Chrome/62.0.3202.84 Safari/537.36"
141.30.215.222 - - [26/Nov/2017:20:49:01 +0100] "GET /favicon.ico HTTP/1.1" 404 1181 "http://www.mkk.zpok.hu/images/vasutterkep_n.jpg" "Mozilla/5.0 (Linux; Android 7.0; SM-T585 Build/NRD90M) AppleWebKit/537.36 (KHTML, like Gecko) Chrome/62.0.3202.84 Safari/537.36"
141.30.215.222 - - [26/Nov/2017:20:49:04 +0100] "GET /images/vasutterkep_n.jpg HTTP/1.1" 404 1181 "http://www.hoeckmann.de/karten/europa/ungarn/index.htm" "Mozilla/5.0 (Linux; Android 7.0; SM-T585 Build/NRD90M) AppleWebKit/537.36 (KHTML, like Gecko) Chrome/62.0.3202.84 Safari/537.36"
40.77.167.28 - - [26/Nov/2017:20:57:40 +0100] "GET / HTTP/1.1" 200 2023 "-" "Mozilla/5.0 (compatible; bingbot/2.0; +http://www.bing.com/bingbot.htm)"
85.216.74.81 - - [26/Nov/2017:21:57:34 +0100] "GET /doc/b2_201203.jpg HTTP/1.1" 404 1181 "-" "Mozilla/5.0 (Macintosh; Intel Mac OS X 10_13_1) AppleWebKit/604.3.5 (KHTML, like Gecko)"
85.216.74.81 - - [26/Nov/2017:21:57:35 +0100] "GET /apple-touch-icon-precomposed.png HTTP/1.1" 404 1181 "-" "Safari/13604.3.5 CFNetwork/889.9 Darwin/17.2.0 (x86_64)"
85.216.74.81 - - [26/Nov/2017:21:57:35 +0100] "GET /apple-touch-icon.png HTTP/1.1" 404 1181 "-" "Safari/13604.3.5 CFNetwork/889.9 Darwin/17.2.0 (x86_64)"
85.216.74.81 - - [26/Nov/2017:21:57:36 +0100] "GET /favicon.ico HTTP/1.1" 404 1181 "-" "Safari/13604.3.5 CFNetwork/889.9 Darwin/17.2.0 (x86_64)"
85.216.74.81 - - [26/Nov/2017:21:57:36 +0100] "GET /apple-touch-icon-precomposed.png HTTP/1.1" 404 1181 "-" "Safari/13604.3.5 CFNetwork/889.9 Darwin/17.2.0 (x86_64)"
85.216.74.81 - - [26/Nov/2017:21:57:36 +0100] "GET /apple-touch-icon.png HTTP/1.1" 404 1181 "-" "Safari/13604.3.5 CFNetwork/889.9 Darwin/17.2.0 (x86_64)"
85.216.74.81 - - [26/Nov/2017:21:57:36 +0100] "GET /favicon.ico HTTP/1.1" 404 1181 "-" "Safari/13604.3.5 CFNetwork/889.9 Darwin/17.2.0 (x86_64)"
85.216.74.81 - - [26/Nov/2017:21:57:36 +0100] "GET /doc/b2_201203.jpg HTTP/1.1" 404 1181 "-" "Mozilla/5.0 (iPhone; CPU iPhone OS 10_3 like Mac OS X) AppleWebKit/603.1.30 (KHTML, like Gecko) Version/10.3 Mobile/14E277 Safari/603.1.30"
85.216.74.81 - - [26/Nov/2017:21:57:36 +0100] "GET /apple-touch-icon-precomposed.png HTTP/1.1" 404 1181 "-" "Safari/13604.3.5 CFNetwork/889.9 Darwin/17.2.0 (x86_64)"
85.216.74.81 - - [26/Nov/2017:21:57:36 +0100] "GET /apple-touch-icon.png HTTP/1.1" 404 1181 "-" "Safari/13604.3.5 CFNetwork/889.9 Darwin/17.2.0 (x86_64)"
85.216.74.81 - - [26/Nov/2017:21:57:36 +0100] "GET /favicon.ico HTTP/1.1" 404 1181 "-" "Safari/13604.3.5 CFNetwork/889.9 Darwin/17.2.0 (x86_64)"
85.216.74.81 - - [26/Nov/2017:21:57:36 +0100] "GET /apple-touch-icon-precomposed.png HTTP/1.1" 404 1181 "-" "Safari/13604.3.5 CFNetwork/889.9 Darwin/17.2.0 (x86_64)"
85.216.74.81 - - [26/Nov/2017:21:57:36 +0100] "GET /apple-touch-icon.png HTTP/1.1" 404 1181 "-" "Safari/13604.3.5 CFNetwork/889.9 Darwin/17.2.0 (x86_64)"
85.216.74.81 - - [26/Nov/2017:21:57:36 +0100] "GET /favicon.ico HTTP/1.1" 404 1181 "-" "Safari/13604.3.5 CFNetwork/889.9 Darwin/17.2.0 (x86_64)"
188.6.9.99 - - [26/Nov/2017:23:01:35 +0100] "GET / HTTP/1.1" 200 2023 "-" "Mozilla/5.0 (Windows NT 6.1; WOW64; rv:57.0) Gecko/20100101 Firefox/57.0"
188.6.9.99 - - [26/Nov/2017:23:01:35 +0100] "GET /blog.jpg HTTP/1.1" 200 29833 "http://mkk.zpok.hu/" "Mozilla/5.0 (Windows NT 6.1; WOW64; rv:57.0) Gecko/20100101 Firefox/57.0"
188.6.9.99 - - [26/Nov/2017:23:01:35 +0100] "GET /facebook-logo-preview.png HTTP/1.1" 200 3924 "http://mkk.zpok.hu/" "Mozilla/5.0 (Windows NT 6.1; WOW64; rv:57.0) Gecko/20100101 Firefox/57.0"
188.6.9.99 - - [26/Nov/2017:23:01:35 +0100] "GET /mkk_banner.png HTTP/1.1" 200 62097 "http://mkk.zpok.hu/" "Mozilla/5.0 (Windows NT 6.1; WOW64; rv:57.0) Gecko/20100101 Firefox/57.0"
188.6.9.99 - - [26/Nov/2017:23:01:41 +0100] "GET /favicon.ico HTTP/1.1" 404 1181 "-" "Mozilla/5.0 (Windows NT 6.1; WOW64; rv:57.0) Gecko/20100101 Firefox/57.0"
40.77.167.28 - - [26/Nov/2017:23:06:30 +0100] "GET / HTTP/1.1" 200 2023 "-" "Mozilla/5.0 (iPhone; CPU iPhone OS 7_0 like Mac OS X) AppleWebKit/537.51.1 (KHTML, like Gecko) Version/7.0 Mobile/11A465 Safari/9537.53 (compatible; bingbot/2.0; +http://www.bing.com/bingbot.htm)"
78.131.66.47 - - [26/Nov/2017:23:14:00 +0100] "GET / HTTP/1.1" 200 2023 "http://www.bkk.hu/partnerek/civil-partnereink/" "Mozilla/5.0 (iPhone; CPU iPhone OS 10_3_1 like Mac OS X) AppleWebKit/603.1.30 (KHTML, like Gecko) Version/10.0 Mobile/14E304 Safari/602.1"
