134.3.221.109 - - [02/Nov/2017:09:40:03 +0100] "GET /apple-touch-icon.png HTTP/1.1" 404 1181 "-" "Safari/13604.1.38.1.6 CFNetwork/887 Darwin/17.0.0 (x86_64)"
134.3.221.109 - - [02/Nov/2017:09:40:03 +0100] "GET /favicon.ico HTTP/1.1" 404 1181 "-" "Safari/13604.1.38.1.6 CFNetwork/887 Darwin/17.0.0 (x86_64)"
134.3.221.109 - - [02/Nov/2017:09:40:03 +0100] "GET /doc/b2_201203.jpg HTTP/1.1" 404 1181 "-" "Mozilla/5.0 (iPhone; CPU iPhone OS 10_3 like Mac OS X) AppleWebKit/603.1.30 (KHTML, like Gecko) Version/10.3 Mobile/14E277 Safari/603.1.30"
134.3.221.109 - - [02/Nov/2017:09:40:03 +0100] "GET /apple-touch-icon-precomposed.png HTTP/1.1" 404 1181 "-" "Safari/13604.1.38.1.6 CFNetwork/887 Darwin/17.0.0 (x86_64)"
134.3.221.109 - - [02/Nov/2017:09:40:03 +0100] "GET /apple-touch-icon.png HTTP/1.1" 404 1181 "-" "Safari/13604.1.38.1.6 CFNetwork/887 Darwin/17.0.0 (x86_64)"
134.3.221.109 - - [02/Nov/2017:09:40:04 +0100] "GET /favicon.ico HTTP/1.1" 404 1181 "-" "Safari/13604.1.38.1.6 CFNetwork/887 Darwin/17.0.0 (x86_64)"
134.3.221.109 - - [02/Nov/2017:09:40:04 +0100] "GET /apple-touch-icon-precomposed.png HTTP/1.1" 404 1181 "-" "Safari/13604.1.38.1.6 CFNetwork/887 Darwin/17.0.0 (x86_64)"
134.3.221.109 - - [02/Nov/2017:09:40:04 +0100] "GET /apple-touch-icon.png HTTP/1.1" 404 1181 "-" "Safari/13604.1.38.1.6 CFNetwork/887 Darwin/17.0.0 (x86_64)"
134.3.221.109 - - [02/Nov/2017:09:40:03 +0100] "GET /favicon.ico HTTP/1.1" 404 1181 "-" "Safari/13604.1.38.1.6 CFNetwork/887 Darwin/17.0.0 (x86_64)"
40.77.167.51 - - [02/Nov/2017:09:44:07 +0100] "GET /doc/b2_2010.pdf HTTP/1.1" 404 1181 "-" "Mozilla/5.0 (iPhone; CPU iPhone OS 7_0 like Mac OS X) AppleWebKit/537.51.1 (KHTML, like Gecko) Version/7.0 Mobile/11A465 Safari/9537.53 (compatible; bingbot/2.0; +http://www.bing.com/bingbot.htm)"
152.66.96.58 - - [02/Nov/2017:10:03:58 +0100] "GET / HTTP/1.1" 200 2023 "-" "Mozilla/5.0 (Windows NT 10.0) AppleWebKit/537.36 (KHTML, like Gecko) Chrome/61.0.3163.100 Safari/537.36"
152.66.96.58 - - [02/Nov/2017:10:03:58 +0100] "GET /blog.jpg HTTP/1.1" 200 29833 "http://mkk.zpok.hu/" "Mozilla/5.0 (Windows NT 10.0) AppleWebKit/537.36 (KHTML, like Gecko) Chrome/61.0.3163.100 Safari/537.36"
152.66.96.58 - - [02/Nov/2017:10:03:58 +0100] "GET /facebook-logo-preview.png HTTP/1.1" 200 3924 "http://mkk.zpok.hu/" "Mozilla/5.0 (Windows NT 10.0) AppleWebKit/537.36 (KHTML, like Gecko) Chrome/61.0.3163.100 Safari/537.36"
152.66.96.58 - - [02/Nov/2017:10:03:58 +0100] "GET /mkk_banner.png HTTP/1.1" 200 62097 "http://mkk.zpok.hu/" "Mozilla/5.0 (Windows NT 10.0) AppleWebKit/537.36 (KHTML, like Gecko) Chrome/61.0.3163.100 Safari/537.36"
152.66.96.58 - - [02/Nov/2017:10:04:01 +0100] "GET /favicon.ico HTTP/1.1" 404 1181 "http://mkk.zpok.hu/" "Mozilla/5.0 (Windows NT 10.0) AppleWebKit/537.36 (KHTML, like Gecko) Chrome/61.0.3163.100 Safari/537.36"
54.159.107.163 - - [02/Nov/2017:10:04:05 +0100] "GET /robots.txt HTTP/1.1" 404 1181 "-" "Mozilla/5.0 (compatible; proximic; +http://www.proximic.com/info/spider.php)"
54.92.248.65 - - [02/Nov/2017:10:07:52 +0100] "GET / HTTP/1.1" 200 2023 "-" "Mozilla/5.0 (compatible; proximic; +http://www.proximic.com/info/spider.php)"
80.77.124.230 - - [02/Nov/2017:10:29:18 +0100] "GET / HTTP/1.1" 200 2023 "-" "Mozilla/5.0 (Windows NT 10.0; Win64; x64) AppleWebKit/537.36 (KHTML, like Gecko) Chrome/61.0.3163.100 Safari/537.36"
152.66.96.58 - - [02/Nov/2017:10:29:55 +0100] "GET /favicon.ico HTTP/1.1" 404 1181 "http://mkk.zpok.hu/" "Mozilla/5.0 (Windows NT 10.0) AppleWebKit/537.36 (KHTML, like Gecko) Chrome/61.0.3163.100 Safari/537.36"
77.111.91.248 - - [02/Nov/2017:10:43:47 +0100] "GET / HTTP/1.1" 200 2023 "-" "Mozilla/5.0 (Windows NT 10.0; Win64; x64) AppleWebKit/537.36 (KHTML, like Gecko) Chrome/61.0.3163.100 Safari/537.36"
134.3.221.109 - - [02/Nov/2017:10:48:02 +0100] "GET /doc/b2_201203.jpg HTTP/1.1" 404 1181 "-" "Mozilla/5.0 (Macintosh; Intel Mac OS X 10_13) AppleWebKit/604.1.38 (KHTML, like Gecko)"
134.3.221.109 - - [02/Nov/2017:10:48:02 +0100] "GET /apple-touch-icon-precomposed.png HTTP/1.1" 404 1181 "-" "Safari/13604.1.38.1.6 CFNetwork/887 Darwin/17.0.0 (x86_64)"
134.3.221.109 - - [02/Nov/2017:10:48:02 +0100] "GET /apple-touch-icon.png HTTP/1.1" 404 1181 "-" "Safari/13604.1.38.1.6 CFNetwork/887 Darwin/17.0.0 (x86_64)"
134.3.221.109 - - [02/Nov/2017:10:48:02 +0100] "GET /favicon.ico HTTP/1.1" 404 1181 "-" "Safari/13604.1.38.1.6 CFNetwork/887 Darwin/17.0.0 (x86_64)"
134.3.221.109 - - [02/Nov/2017:10:48:02 +0100] "GET /apple-touch-icon-precomposed.png HTTP/1.1" 404 1181 "-" "Safari/13604.1.38.1.6 CFNetwork/887 Darwin/17.0.0 (x86_64)"
134.3.221.109 - - [02/Nov/2017:10:48:02 +0100] "GET /apple-touch-icon.png HTTP/1.1" 404 1181 "-" "Safari/13604.1.38.1.6 CFNetwork/887 Darwin/17.0.0 (x86_64)"
134.3.221.109 - - [02/Nov/2017:10:48:02 +0100] "GET /favicon.ico HTTP/1.1" 404 1181 "-" "Safari/13604.1.38.1.6 CFNetwork/887 Darwin/17.0.0 (x86_64)"
134.3.221.109 - - [02/Nov/2017:10:48:02 +0100] "GET /doc/b2_201203.jpg HTTP/1.1" 404 1181 "-" "Mozilla/5.0 (iPhone; CPU iPhone OS 10_3 like Mac OS X) AppleWebKit/603.1.30 (KHTML, like Gecko) Version/10.3 Mobile/14E277 Safari/603.1.30"
134.3.221.109 - - [02/Nov/2017:10:48:02 +0100] "GET /apple-touch-icon-precomposed.png HTTP/1.1" 404 1181 "-" "Safari/13604.1.38.1.6 CFNetwork/887 Darwin/17.0.0 (x86_64)"
134.3.221.109 - - [02/Nov/2017:10:48:02 +0100] "GET /apple-touch-icon.png HTTP/1.1" 404 1181 "-" "Safari/13604.1.38.1.6 CFNetwork/887 Darwin/17.0.0 (x86_64)"
134.3.221.109 - - [02/Nov/2017:10:48:02 +0100] "GET /favicon.ico HTTP/1.1" 404 1181 "-" "Safari/13604.1.38.1.6 CFNetwork/887 Darwin/17.0.0 (x86_64)"
134.3.221.109 - - [02/Nov/2017:10:48:02 +0100] "GET /apple-touch-icon-precomposed.png HTTP/1.1" 404 1181 "-" "Safari/13604.1.38.1.6 CFNetwork/887 Darwin/17.0.0 (x86_64)"
134.3.221.109 - - [02/Nov/2017:10:48:03 +0100] "GET /apple-touch-icon.png HTTP/1.1" 404 1181 "-" "Safari/13604.1.38.1.6 CFNetwork/887 Darwin/17.0.0 (x86_64)"
134.3.221.109 - - [02/Nov/2017:10:48:03 +0100] "GET /favicon.ico HTTP/1.1" 404 1181 "-" "Safari/13604.1.38.1.6 CFNetwork/887 Darwin/17.0.0 (x86_64)"
193.68.41.10 - - [02/Nov/2017:12:40:09 +0100] "GET / HTTP/1.1" 200 2023 "-" "Mozilla/5.0 (Windows NT 6.1; Win64; x64; Trident/7.0; rv:11.0) like Gecko"
193.68.41.10 - - [02/Nov/2017:12:40:09 +0100] "GET /facebook-logo-preview.png HTTP/1.1" 200 3924 "http://mkk.zpok.hu/" "Mozilla/5.0 (Windows NT 6.1; Win64; x64; Trident/7.0; rv:11.0) like Gecko"
193.68.41.10 - - [02/Nov/2017:12:40:09 +0100] "GET /blog.jpg HTTP/1.1" 200 29833 "http://mkk.zpok.hu/" "Mozilla/5.0 (Windows NT 6.1; Win64; x64; Trident/7.0; rv:11.0) like Gecko"
193.68.41.10 - - [02/Nov/2017:12:40:09 +0100] "GET /mkk_banner.png HTTP/1.1" 200 62097 "http://mkk.zpok.hu/" "Mozilla/5.0 (Windows NT 6.1; Win64; x64; Trident/7.0; rv:11.0) like Gecko"
46.5.32.36 - - [02/Nov/2017:12:54:15 +0100] "GET /doc/b2_201203.jpg HTTP/1.1" 404 1181 "-" "Mozilla/5.0 (Macintosh; Intel Mac OS X 10_13) AppleWebKit/604.1.38 (KHTML, like Gecko)"
46.5.32.36 - - [02/Nov/2017:12:54:15 +0100] "GET /apple-touch-icon-precomposed.png HTTP/1.1" 404 1181 "-" "Safari/13604.1.38.1.6 CFNetwork/887 Darwin/17.0.0 (x86_64)"
46.5.32.36 - - [02/Nov/2017:12:54:16 +0100] "GET /apple-touch-icon.png HTTP/1.1" 404 1181 "-" "Safari/13604.1.38.1.6 CFNetwork/887 Darwin/17.0.0 (x86_64)"
46.5.32.36 - - [02/Nov/2017:12:54:16 +0100] "GET /favicon.ico HTTP/1.1" 404 1181 "-" "Safari/13604.1.38.1.6 CFNetwork/887 Darwin/17.0.0 (x86_64)"
46.5.32.36 - - [02/Nov/2017:12:54:16 +0100] "GET /apple-touch-icon-precomposed.png HTTP/1.1" 404 1181 "-" "Safari/13604.1.38.1.6 CFNetwork/887 Darwin/17.0.0 (x86_64)"
46.5.32.36 - - [02/Nov/2017:12:54:16 +0100] "GET /apple-touch-icon.png HTTP/1.1" 404 1181 "-" "Safari/13604.1.38.1.6 CFNetwork/887 Darwin/17.0.0 (x86_64)"
46.5.32.36 - - [02/Nov/2017:12:54:16 +0100] "GET /favicon.ico HTTP/1.1" 404 1181 "-" "Safari/13604.1.38.1.6 CFNetwork/887 Darwin/17.0.0 (x86_64)"
46.5.32.36 - - [02/Nov/2017:12:54:16 +0100] "GET /doc/b2_201203.jpg HTTP/1.1" 404 1181 "-" "Mozilla/5.0 (iPhone; CPU iPhone OS 10_3 like Mac OS X) AppleWebKit/603.1.30 (KHTML, like Gecko) Version/10.3 Mobile/14E277 Safari/603.1.30"
46.5.32.36 - - [02/Nov/2017:12:54:16 +0100] "GET /apple-touch-icon-precomposed.png HTTP/1.1" 404 1181 "-" "Safari/13604.1.38.1.6 CFNetwork/887 Darwin/17.0.0 (x86_64)"
46.5.32.36 - - [02/Nov/2017:12:54:16 +0100] "GET /apple-touch-icon.png HTTP/1.1" 404 1181 "-" "Safari/13604.1.38.1.6 CFNetwork/887 Darwin/17.0.0 (x86_64)"
46.5.32.36 - - [02/Nov/2017:12:54:16 +0100] "GET /favicon.ico HTTP/1.1" 404 1181 "-" "Safari/13604.1.38.1.6 CFNetwork/887 Darwin/17.0.0 (x86_64)"
46.5.32.36 - - [02/Nov/2017:12:54:16 +0100] "GET /apple-touch-icon-precomposed.png HTTP/1.1" 404 1181 "-" "Safari/13604.1.38.1.6 CFNetwork/887 Darwin/17.0.0 (x86_64)"
46.5.32.36 - - [02/Nov/2017:12:54:16 +0100] "GET /apple-touch-icon.png HTTP/1.1" 404 1181 "-" "Safari/13604.1.38.1.6 CFNetwork/887 Darwin/17.0.0 (x86_64)"
46.5.32.36 - - [02/Nov/2017:12:54:16 +0100] "GET /favicon.ico HTTP/1.1" 404 1181 "-" "Safari/13604.1.38.1.6 CFNetwork/887 Darwin/17.0.0 (x86_64)"
40.77.167.51 - - [02/Nov/2017:12:55:09 +0100] "GET / HTTP/1.1" 200 2023 "-" "Mozilla/5.0 (iPhone; CPU iPhone OS 7_0 like Mac OS X) AppleWebKit/537.51.1 (KHTML, like Gecko) Version/7.0 Mobile/11A465 Safari/9537.53 (compatible; bingbot/2.0; +http://www.bing.com/bingbot.htm)"
131.253.27.25 - - [02/Nov/2017:13:00:31 +0100] "GET /mkk_banner.png HTTP/1.1" 200 62097 "http://www.mkk.zpok.hu/" "Mozilla/5.0 (iPhone; CPU iPhone OS 7_0 like Mac OS X) AppleWebKit/537.51.1 (KHTML, like Gecko) Version/7.0 Mobile/11A465 Safari/9537.53 BingPreview/1.0b"
131.253.27.25 - - [02/Nov/2017:13:00:31 +0100] "GET /blog.jpg HTTP/1.1" 200 29833 "http://www.mkk.zpok.hu/" "Mozilla/5.0 (iPhone; CPU iPhone OS 7_0 like Mac OS X) AppleWebKit/537.51.1 (KHTML, like Gecko) Version/7.0 Mobile/11A465 Safari/9537.53 BingPreview/1.0b"
131.253.27.25 - - [02/Nov/2017:13:00:31 +0100] "GET /facebook-logo-preview.png HTTP/1.1" 200 3924 "http://www.mkk.zpok.hu/" "Mozilla/5.0 (iPhone; CPU iPhone OS 7_0 like Mac OS X) AppleWebKit/537.51.1 (KHTML, like Gecko) Version/7.0 Mobile/11A465 Safari/9537.53 BingPreview/1.0b"
66.249.79.157 - - [02/Nov/2017:13:08:25 +0100] "GET /doc/alapsz03.pdf HTTP/1.1" 200 6009944 "-" "Mozilla/5.0 (Linux; Android 6.0.1; Nexus 5X Build/MMB29P) AppleWebKit/537.36 (KHTML, like Gecko) Chrome/41.0.2272.96 Mobile Safari/537.36 (compatible; Googlebot/2.1; +http://www.google.com/bot.html)"
40.77.167.51 - - [02/Nov/2017:13:18:26 +0100] "GET /doc/allomasok_kepes_osszefoglaloja.pdf HTTP/1.1" 200 5628186 "-" "Mozilla/5.0 (compatible; bingbot/2.0; +http://www.bing.com/bingbot.htm)"
68.180.230.242 - - [02/Nov/2017:13:34:33 +0100] "GET /robots.txt HTTP/1.1" 404 1181 "-" "Mozilla/5.0 (compatible; Yahoo! Slurp; http://help.yahoo.com/help/us/ysearch/slurp)"
68.180.230.242 - - [02/Nov/2017:13:34:33 +0100] "GET / HTTP/1.1" 200 2023 "-" "Mozilla/5.0 (compatible; Yahoo! Slurp; http://help.yahoo.com/help/us/ysearch/slurp)"
195.228.136.18 - - [02/Nov/2017:13:40:05 +0100] "GET / HTTP/1.1" 200 2023 "-" "Mozilla/5.0 (Windows NT 6.1; Win64; x64; rv:56.0) Gecko/20100101 Firefox/56.0"
195.228.136.18 - - [02/Nov/2017:13:40:05 +0100] "GET /mkk_banner.png HTTP/1.1" 200 62097 "http://www.mkk.zpok.hu/" "Mozilla/5.0 (Windows NT 6.1; Win64; x64; rv:56.0) Gecko/20100101 Firefox/56.0"
195.228.136.18 - - [02/Nov/2017:13:40:05 +0100] "GET /blog.jpg HTTP/1.1" 200 29833 "http://www.mkk.zpok.hu/" "Mozilla/5.0 (Windows NT 6.1; Win64; x64; rv:56.0) Gecko/20100101 Firefox/56.0"
195.228.136.18 - - [02/Nov/2017:13:40:05 +0100] "GET /facebook-logo-preview.png HTTP/1.1" 200 3924 "http://www.mkk.zpok.hu/" "Mozilla/5.0 (Windows NT 6.1; Win64; x64; rv:56.0) Gecko/20100101 Firefox/56.0"
195.228.136.18 - - [02/Nov/2017:13:40:12 +0100] "GET /favicon.ico HTTP/1.1" 404 1181 "-" "Mozilla/5.0 (Windows NT 6.1; Win64; x64; rv:56.0) Gecko/20100101 Firefox/56.0"
66.249.79.154 - - [02/Nov/2017:13:58:13 +0100] "GET /robots.txt HTTP/1.1" 404 1181 "-" "Mozilla/5.0 (compatible; Googlebot/2.1; +http://www.google.com/bot.html)"
66.249.79.150 - - [02/Nov/2017:13:58:13 +0100] "GET /hirlevel/vonattal1109.htm HTTP/1.1" 404 1181 "-" "Mozilla/5.0 (compatible; Googlebot/2.1; +http://www.google.com/bot.html)"
40.77.167.51 - - [02/Nov/2017:15:00:04 +0100] "GET /doc/allomasok_kepes_osszefoglaloja.pdf HTTP/1.1" 200 5628186 "-" "Mozilla/5.0 (iPhone; CPU iPhone OS 7_0 like Mac OS X) AppleWebKit/537.51.1 (KHTML, like Gecko) Version/7.0 Mobile/11A465 Safari/9537.53 (compatible; bingbot/2.0; +http://www.bing.com/bingbot.htm)"
40.77.167.51 - - [02/Nov/2017:15:18:51 +0100] "GET /hirlevel/TiszaTaviVonalak.pdf HTTP/1.1" 404 1181 "-" "Mozilla/5.0 (compatible; bingbot/2.0; +http://www.bing.com/bingbot.htm)"
217.182.132.72 - - [02/Nov/2017:15:41:37 +0100] "GET / HTTP/1.1" 200 2023 "-" "Mozilla/5.0 (compatible; AhrefsBot/5.2; +http://ahrefs.com/robot/)"
137.74.207.116 - - [02/Nov/2017:16:09:12 +0100] "GET /hirlevel/images/1107-n_c.jpg HTTP/1.1" 404 1181 "-" "Mozilla/5.0 (compatible; AhrefsBot/5.2; +http://ahrefs.com/robot/)"
199.30.24.66 - - [02/Nov/2017:16:26:04 +0100] "GET /doc/allomasok_kepes_osszefoglaloja.pdf HTTP/1.1" 200 4292608 "-" "Mozilla/5.0 (iPhone; CPU iPhone OS 7_0 like Mac OS X) AppleWebKit/537.51.1 (KHTML, like Gecko) Version/7.0 Mobile/11A465 Safari/9537.53 BingPreview/1.0b"
162.210.196.100 - - [02/Nov/2017:16:42:12 +0100] "GET /robots.txt HTTP/1.1" 404 1181 "-" "Mozilla/5.0 (compatible; MJ12bot/v1.4.8; http://mj12bot.com/)"
162.210.196.100 - - [02/Nov/2017:16:42:13 +0100] "GET / HTTP/1.1" 200 2023 "-" "Mozilla/5.0 (compatible; MJ12bot/v1.4.8; http://mj12bot.com/)"
78.43.101.58 - - [02/Nov/2017:17:08:40 +0100] "GET /doc/b2_201203.jpg HTTP/1.1" 404 1181 "-" "Mozilla/5.0 (Macintosh; Intel Mac OS X 10_13) AppleWebKit/604.1.38 (KHTML, like Gecko)"
78.43.101.58 - - [02/Nov/2017:17:08:40 +0100] "GET /apple-touch-icon-precomposed.png HTTP/1.1" 404 1181 "-" "Safari/13604.1.38.1.6 CFNetwork/887 Darwin/17.0.0 (x86_64)"
78.43.101.58 - - [02/Nov/2017:17:08:40 +0100] "GET /apple-touch-icon.png HTTP/1.1" 404 1181 "-" "Safari/13604.1.38.1.6 CFNetwork/887 Darwin/17.0.0 (x86_64)"
78.43.101.58 - - [02/Nov/2017:17:08:40 +0100] "GET /favicon.ico HTTP/1.1" 404 1181 "-" "Safari/13604.1.38.1.6 CFNetwork/887 Darwin/17.0.0 (x86_64)"
78.43.101.58 - - [02/Nov/2017:17:08:40 +0100] "GET /apple-touch-icon-precomposed.png HTTP/1.1" 404 1181 "-" "Safari/13604.1.38.1.6 CFNetwork/887 Darwin/17.0.0 (x86_64)"
78.43.101.58 - - [02/Nov/2017:17:08:40 +0100] "GET /apple-touch-icon.png HTTP/1.1" 404 1181 "-" "Safari/13604.1.38.1.6 CFNetwork/887 Darwin/17.0.0 (x86_64)"
78.43.101.58 - - [02/Nov/2017:17:08:40 +0100] "GET /favicon.ico HTTP/1.1" 404 1181 "-" "Safari/13604.1.38.1.6 CFNetwork/887 Darwin/17.0.0 (x86_64)"
78.43.101.58 - - [02/Nov/2017:17:08:41 +0100] "GET /doc/b2_201203.jpg HTTP/1.1" 404 1181 "-" "Mozilla/5.0 (iPhone; CPU iPhone OS 10_3 like Mac OS X) AppleWebKit/603.1.30 (KHTML, like Gecko) Version/10.3 Mobile/14E277 Safari/603.1.30"
78.43.101.58 - - [02/Nov/2017:17:08:41 +0100] "GET /apple-touch-icon-precomposed.png HTTP/1.1" 404 1181 "-" "Safari/13604.1.38.1.6 CFNetwork/887 Darwin/17.0.0 (x86_64)"
78.43.101.58 - - [02/Nov/2017:17:08:41 +0100] "GET /apple-touch-icon.png HTTP/1.1" 404 1181 "-" "Safari/13604.1.38.1.6 CFNetwork/887 Darwin/17.0.0 (x86_64)"
78.43.101.58 - - [02/Nov/2017:17:08:41 +0100] "GET /favicon.ico HTTP/1.1" 404 1181 "-" "Safari/13604.1.38.1.6 CFNetwork/887 Darwin/17.0.0 (x86_64)"
78.43.101.58 - - [02/Nov/2017:17:08:41 +0100] "GET /apple-touch-icon-precomposed.png HTTP/1.1" 404 1181 "-" "Safari/13604.1.38.1.6 CFNetwork/887 Darwin/17.0.0 (x86_64)"
78.43.101.58 - - [02/Nov/2017:17:08:41 +0100] "GET /apple-touch-icon.png HTTP/1.1" 404 1181 "-" "Safari/13604.1.38.1.6 CFNetwork/887 Darwin/17.0.0 (x86_64)"
78.43.101.58 - - [02/Nov/2017:17:08:41 +0100] "GET /favicon.ico HTTP/1.1" 404 1181 "-" "Safari/13604.1.38.1.6 CFNetwork/887 Darwin/17.0.0 (x86_64)"
216.244.66.245 - - [02/Nov/2017:17:20:15 +0100] "GET /robots.txt HTTP/1.1" 404 1181 "-" "Mozilla/5.0 (compatible; DotBot/1.1; http://www.opensiteexplorer.org/dotbot, help@moz.com)"
216.244.66.245 - - [02/Nov/2017:17:33:24 +0100] "GET /doc/A_kozlekedesmenedzsment_korszeru_eszkozei.pdf HTTP/1.1" 404 1181 "-" "Mozilla/5.0 (compatible; DotBot/1.1; http://www.opensiteexplorer.org/dotbot, help@moz.com)"
40.77.167.32 - - [02/Nov/2017:17:46:09 +0100] "GET /doc/eletet-a-vasutnak.pdf HTTP/1.1" 200 5085257 "-" "Mozilla/5.0 (iPhone; CPU iPhone OS 7_0 like Mac OS X) AppleWebKit/537.51.1 (KHTML, like Gecko) Version/7.0 Mobile/11A465 Safari/9537.53 (compatible; bingbot/2.0; +http://www.bing.com/bingbot.htm)"
137.74.55.135 - - [02/Nov/2017:17:48:45 +0100] "GET / HTTP/1.1" 200 2023 "-" "Mozilla/5.0 (Windows NT 10.0; WOW64; rv:52.0) Gecko/20100101 Firefox/52.0"
199.193.251.133 - - [02/Nov/2017:18:43:46 +0100] "HEAD / HTTP/1.1" 200 0 "https://www.inboundlinks.win/InboundLinks/mkk.zpok.hu" "Mozilla/5.0 (compatible; MSIE 9.0; Windows NT 6.1; WOW64; Trident/5.0)"
40.77.167.51 - - [02/Nov/2017:19:08:44 +0100] "GET / HTTP/1.1" 200 2023 "-" "Mozilla/5.0 (compatible; bingbot/2.0; +http://www.bing.com/bingbot.htm)"
89.133.15.201 - - [02/Nov/2017:19:41:13 +0100] "GET /hirlevel/images/1009_terkep_n.jpg HTTP/1.1" 404 1181 "https://www.google.hu/" "Mozilla/5.0 (iPhone; CPU iPhone OS 11_0_1 like Mac OS X) AppleWebKit/604.1.38 (KHTML, like Gecko) Version/11.0 Mobile/15A402 Safari/604.1"
199.30.24.124 - - [02/Nov/2017:20:25:33 +0100] "GET /doc/eletet-a-vasutnak.pdf HTTP/1.1" 200 4348868 "-" "Mozilla/5.0 (iPhone; CPU iPhone OS 7_0 like Mac OS X) AppleWebKit/537.51.1 (KHTML, like Gecko) Version/7.0 Mobile/11A465 Safari/9537.53 BingPreview/1.0b"
40.77.167.32 - - [02/Nov/2017:20:38:51 +0100] "GET /hirlevel/vonattal1605.html HTTP/1.1" 404 1181 "-" "Mozilla/5.0 (iPhone; CPU iPhone OS 7_0 like Mac OS X) AppleWebKit/537.51.1 (KHTML, like Gecko) Version/7.0 Mobile/11A465 Safari/9537.53 (compatible; bingbot/2.0; +http://www.bing.com/bingbot.htm)"
40.77.167.51 - - [02/Nov/2017:20:39:10 +0100] "GET /hirlevel/vonattal1012.htm HTTP/1.1" 404 1181 "-" "Mozilla/5.0 (iPhone; CPU iPhone OS 7_0 like Mac OS X) AppleWebKit/537.51.1 (KHTML, like Gecko) Version/7.0 Mobile/11A465 Safari/9537.53 (compatible; bingbot/2.0; +http://www.bing.com/bingbot.htm)"
40.77.167.51 - - [02/Nov/2017:21:12:11 +0100] "GET /hirlevel/kisv-napok_2016_mkka.pdf HTTP/1.1" 404 1181 "-" "Mozilla/5.0 (compatible; bingbot/2.0; +http://www.bing.com/bingbot.htm)"
178.164.239.113 - - [02/Nov/2017:21:25:18 +0100] "GET /images/vasutterkep_n.jpg HTTP/1.1" 404 1181 "-" "Mozilla/5.0 (Windows NT 10.0; WOW64; rv:54.0) Gecko/20100101 Firefox/54.0"
178.164.239.113 - - [02/Nov/2017:21:25:18 +0100] "GET /favicon.ico HTTP/1.1" 404 1181 "-" "Mozilla/5.0 (Windows NT 10.0; WOW64; rv:54.0) Gecko/20100101 Firefox/54.0"
178.164.239.113 - - [02/Nov/2017:21:25:18 +0100] "GET /favicon.ico HTTP/1.1" 404 1181 "-" "Mozilla/5.0 (Windows NT 10.0; WOW64; rv:54.0) Gecko/20100101 Firefox/54.0"
207.46.13.109 - - [02/Nov/2017:21:42:46 +0100] "GET /doc/hu_aps_positivbeispiele_aufl2_070622_klein.pdf HTTP/1.1" 200 2887217 "-" "Mozilla/5.0 (iPhone; CPU iPhone OS 7_0 like Mac OS X) AppleWebKit/537.51.1 (KHTML, like Gecko) Version/7.0 Mobile/11A465 Safari/9537.53 (compatible; bingbot/2.0; +http://www.bing.com/bingbot.htm)"
207.46.13.109 - - [02/Nov/2017:21:43:15 +0100] "GET /doc/hu_aps_positivbeispiele_aufl2_070622_klein.pdf HTTP/1.1" 200 2887217 "-" "Mozilla/5.0 (iPhone; CPU iPhone OS 7_0 like Mac OS X) AppleWebKit/537.51.1 (KHTML, like Gecko) Version/7.0 Mobile/11A465 Safari/9537.53 (compatible; bingbot/2.0; +http://www.bing.com/bingbot.htm)"
40.77.167.51 - - [02/Nov/2017:21:56:41 +0100] "GET /hirlevel/vonattal0907.htm HTTP/1.1" 404 1181 "-" "Mozilla/5.0 (compatible; bingbot/2.0; +http://www.bing.com/bingbot.htm)"
109.192.124.153 - - [02/Nov/2017:22:08:45 +0100] "GET /doc/b2_201203.jpg HTTP/1.1" 404 1181 "-" "Mozilla/5.0 (Macintosh; Intel Mac OS X 10_13) AppleWebKit/604.1.38 (KHTML, like Gecko)"
109.192.124.153 - - [02/Nov/2017:22:08:45 +0100] "GET /apple-touch-icon-precomposed.png HTTP/1.1" 404 1181 "-" "Safari/13604.1.38.1.6 CFNetwork/887 Darwin/17.0.0 (x86_64)"
109.192.124.153 - - [02/Nov/2017:22:08:45 +0100] "GET /apple-touch-icon.png HTTP/1.1" 404 1181 "-" "Safari/13604.1.38.1.6 CFNetwork/887 Darwin/17.0.0 (x86_64)"
109.192.124.153 - - [02/Nov/2017:22:08:45 +0100] "GET /favicon.ico HTTP/1.1" 404 1181 "-" "Safari/13604.1.38.1.6 CFNetwork/887 Darwin/17.0.0 (x86_64)"
109.192.124.153 - - [02/Nov/2017:22:08:45 +0100] "GET /apple-touch-icon-precomposed.png HTTP/1.1" 404 1181 "-" "Safari/13604.1.38.1.6 CFNetwork/887 Darwin/17.0.0 (x86_64)"
109.192.124.153 - - [02/Nov/2017:22:08:45 +0100] "GET /apple-touch-icon.png HTTP/1.1" 404 1181 "-" "Safari/13604.1.38.1.6 CFNetwork/887 Darwin/17.0.0 (x86_64)"
109.192.124.153 - - [02/Nov/2017:22:08:45 +0100] "GET /favicon.ico HTTP/1.1" 404 1181 "-" "Safari/13604.1.38.1.6 CFNetwork/887 Darwin/17.0.0 (x86_64)"
109.192.124.153 - - [02/Nov/2017:22:08:45 +0100] "GET /doc/b2_201203.jpg HTTP/1.1" 404 1181 "-" "Mozilla/5.0 (iPhone; CPU iPhone OS 10_3 like Mac OS X) AppleWebKit/603.1.30 (KHTML, like Gecko) Version/10.3 Mobile/14E277 Safari/603.1.30"
109.192.124.153 - - [02/Nov/2017:22:08:45 +0100] "GET /apple-touch-icon-precomposed.png HTTP/1.1" 404 1181 "-" "Safari/13604.1.38.1.6 CFNetwork/887 Darwin/17.0.0 (x86_64)"
109.192.124.153 - - [02/Nov/2017:22:08:45 +0100] "GET /apple-touch-icon.png HTTP/1.1" 404 1181 "-" "Safari/13604.1.38.1.6 CFNetwork/887 Darwin/17.0.0 (x86_64)"
109.192.124.153 - - [02/Nov/2017:22:08:46 +0100] "GET /favicon.ico HTTP/1.1" 404 1181 "-" "Safari/13604.1.38.1.6 CFNetwork/887 Darwin/17.0.0 (x86_64)"
109.192.124.153 - - [02/Nov/2017:22:08:46 +0100] "GET /apple-touch-icon-precomposed.png HTTP/1.1" 404 1181 "-" "Safari/13604.1.38.1.6 CFNetwork/887 Darwin/17.0.0 (x86_64)"
109.192.124.153 - - [02/Nov/2017:22:08:46 +0100] "GET /apple-touch-icon.png HTTP/1.1" 404 1181 "-" "Safari/13604.1.38.1.6 CFNetwork/887 Darwin/17.0.0 (x86_64)"
109.192.124.153 - - [02/Nov/2017:22:08:46 +0100] "GET /favicon.ico HTTP/1.1" 404 1181 "-" "Safari/13604.1.38.1.6 CFNetwork/887 Darwin/17.0.0 (x86_64)"
40.77.167.32 - - [02/Nov/2017:22:26:38 +0100] "GET /doc/eletet-a-vasutnak.pdf HTTP/1.1" 200 5085257 "-" "Mozilla/5.0 (iPhone; CPU iPhone OS 7_0 like Mac OS X) AppleWebKit/537.51.1 (KHTML, like Gecko) Version/7.0 Mobile/11A465 Safari/9537.53 (compatible; bingbot/2.0; +http://www.bing.com/bingbot.htm)"
77.111.91.248 - - [02/Nov/2017:23:08:43 +0100] "GET / HTTP/1.1" 200 2023 "-" "Mozilla/5.0 (Windows NT 10.0; Win64; x64) AppleWebKit/537.36 (KHTML, like Gecko) Chrome/61.0.3163.100 Safari/537.36"
80.77.124.230 - - [02/Nov/2017:23:22:26 +0100] "GET / HTTP/1.1" 200 2023 "-" "Mozilla/5.0 (Windows NT 10.0; Win64; x64) AppleWebKit/537.36 (KHTML, like Gecko) Chrome/61.0.3163.100 Safari/537.36"
217.69.143.217 - - [02/Nov/2017:23:36:49 +0100] "GET / HTTP/1.1" 200 2023 "-" "Mozilla/5.0 (X11; Linux x86_64; rv:18.0) Gecko/20100101 Firefox/18.0"
217.69.143.217 - - [02/Nov/2017:23:36:50 +0100] "GET /favicon.ico HTTP/1.1" 404 1181 "-" "Mozilla/5.0 (X11; Linux x86_64; rv:18.0) Gecko/20100101 Firefox/18.0"
217.69.143.217 - - [02/Nov/2017:23:36:50 +0100] "GET /favicon.png HTTP/1.1" 404 1181 "-" "Mozilla/5.0 (X11; Linux x86_64; rv:18.0) Gecko/20100101 Firefox/18.0"
40.77.167.32 - - [03/Nov/2017:00:26:30 +0100] "GET /doc/varos-videk.vasut_2009.pdf HTTP/1.1" 404 1181 "-" "Mozilla/5.0 (iPhone; CPU iPhone OS 7_0 like Mac OS X) AppleWebKit/537.51.1 (KHTML, like Gecko) Version/7.0 Mobile/11A465 Safari/9537.53 (compatible; bingbot/2.0; +http://www.bing.com/bingbot.htm)"
40.77.167.51 - - [03/Nov/2017:00:28:56 +0100] "GET /doc/andreas_geissler.ppt HTTP/1.1" 404 1181 "-" "Mozilla/5.0 (iPhone; CPU iPhone OS 7_0 like Mac OS X) AppleWebKit/537.51.1 (KHTML, like Gecko) Version/7.0 Mobile/11A465 Safari/9537.53 (compatible; bingbot/2.0; +http://www.bing.com/bingbot.htm)"
40.77.167.51 - - [03/Nov/2017:00:50:00 +0100] "GET / HTTP/1.1" 200 2023 "-" "Mozilla/5.0 (compatible; bingbot/2.0; +http://www.bing.com/bingbot.htm)"
40.77.167.51 - - [03/Nov/2017:01:44:47 +0100] "GET /hirlevel/vonattal1508.html HTTP/1.1" 404 1181 "-" "Mozilla/5.0 (compatible; bingbot/2.0; +http://www.bing.com/bingbot.htm)"
40.77.167.32 - - [03/Nov/2017:02:35:02 +0100] "GET /hirlevel/vonattal0911.htm HTTP/1.1" 404 1181 "-" "Mozilla/5.0 (iPhone; CPU iPhone OS 7_0 like Mac OS X) AppleWebKit/537.51.1 (KHTML, like Gecko) Version/7.0 Mobile/11A465 Safari/9537.53 (compatible; bingbot/2.0; +http://www.bing.com/bingbot.htm)"
66.249.79.134 - - [03/Nov/2017:03:30:14 +0100] "GET /robots.txt HTTP/1.1" 404 1181 "-" "Mozilla/5.0 (compatible; Googlebot/2.1; +http://www.google.com/bot.html)"
66.249.79.134 - - [03/Nov/2017:03:30:14 +0100] "GET /hirlevel/vonattal1207.htm HTTP/1.1" 404 1181 "-" "Mozilla/5.0 (compatible; Googlebot/2.1; +http://www.google.com/bot.html)"
192.157.254.197 - - [03/Nov/2017:03:41:25 +0100] "HEAD / HTTP/1.1" 200 0 "https://www.inboundlinks.win/InboundLinks/mkk.zpok.hu" "Mozilla/5.0 (compatible; MSIE 9.0; Windows NT 6.1; WOW64; Trident/5.0)"
40.77.167.51 - - [03/Nov/2017:03:53:56 +0100] "GET /hirlevel/vonattal1309.html HTTP/1.1" 404 1181 "-" "Mozilla/5.0 (iPhone; CPU iPhone OS 7_0 like Mac OS X) AppleWebKit/537.51.1 (KHTML, like Gecko) Version/7.0 Mobile/11A465 Safari/9537.53 (compatible; bingbot/2.0; +http://www.bing.com/bingbot.htm)"
207.46.13.109 - - [03/Nov/2017:03:54:50 +0100] "GET /doc/A_kozlekedesmenedzsment_korszeru_eszkozei.pdf HTTP/1.1" 404 1181 "-" "Mozilla/5.0 (iPhone; CPU iPhone OS 7_0 like Mac OS X) AppleWebKit/537.51.1 (KHTML, like Gecko) Version/7.0 Mobile/11A465 Safari/9537.53 (compatible; bingbot/2.0; +http://www.bing.com/bingbot.htm)"
68.180.228.218 - - [03/Nov/2017:04:33:21 +0100] "GET /robots.txt HTTP/1.1" 404 1181 "-" "Mozilla/5.0 (compatible; Yahoo! Slurp; http://help.yahoo.com/help/us/ysearch/slurp)"
68.180.228.218 - - [03/Nov/2017:04:33:21 +0100] "GET /doc/eletet-a-vasutnak.pdf HTTP/1.1" 304 - "-" "Mozilla/5.0 (compatible; Yahoo! Slurp; http://help.yahoo.com/help/us/ysearch/slurp)"
68.180.228.218 - - [03/Nov/2017:04:33:28 +0100] "GET /hirlevel/vonattal1602.html HTTP/1.1" 404 1181 "-" "Mozilla/5.0 (compatible; Yahoo! Slurp; http://help.yahoo.com/help/us/ysearch/slurp)"
68.180.228.218 - - [03/Nov/2017:04:36:58 +0100] "GET /doc/b2_2012_03.pdf HTTP/1.1" 404 1181 "-" "Mozilla/5.0 (compatible; Yahoo! Slurp; http://help.yahoo.com/help/us/ysearch/slurp)"
68.180.228.218 - - [03/Nov/2017:04:37:26 +0100] "GET /hirlevel/vonattal1409.html HTTP/1.1" 404 1181 "-" "Mozilla/5.0 (compatible; Yahoo! Slurp; http://help.yahoo.com/help/us/ysearch/slurp)"
68.180.228.218 - - [03/Nov/2017:04:41:48 +0100] "GET /hirlevel/emlekezteto_hevesvezekeny_201504.pdf HTTP/1.1" 404 1181 "-" "Mozilla/5.0 (compatible; Yahoo! Slurp; http://help.yahoo.com/help/us/ysearch/slurp)"
40.77.167.51 - - [03/Nov/2017:04:45:06 +0100] "GET /doc/sikeres_varos.pdf HTTP/1.1" 404 1181 "-" "Mozilla/5.0 (iPhone; CPU iPhone OS 7_0 like Mac OS X) AppleWebKit/537.51.1 (KHTML, like Gecko) Version/7.0 Mobile/11A465 Safari/9537.53 (compatible; bingbot/2.0; +http://www.bing.com/bingbot.htm)"
40.77.167.51 - - [03/Nov/2017:04:51:08 +0100] "GET /doc/ipoly_201109.pdf HTTP/1.1" 404 1181 "-" "Mozilla/5.0 (iPhone; CPU iPhone OS 7_0 like Mac OS X) AppleWebKit/537.51.1 (KHTML, like Gecko) Version/7.0 Mobile/11A465 Safari/9537.53 (compatible; bingbot/2.0; +http://www.bing.com/bingbot.htm)"
51.255.65.13 - - [03/Nov/2017:06:21:59 +0100] "GET / HTTP/1.1" 200 2023 "-" "Mozilla/5.0 (compatible; AhrefsBot/5.2; +http://ahrefs.com/robot/)"
106.120.173.81 - - [03/Nov/2017:06:22:14 +0100] "GET / HTTP/1.1" 304 - "-" "Sogou web spider/4.0(+http://www.sogou.com/docs/help/webmasters.htm#07)"
106.120.173.81 - - [03/Nov/2017:06:24:25 +0100] "GET /robots.txt HTTP/1.1" 404 1181 "-" "Sogou web spider/4.0(+http://www.sogou.com/docs/help/webmasters.htm#07)"
158.85.81.115 - - [03/Nov/2017:06:26:49 +0100] "GET / HTTP/1.1" 200 2023 "-" "-"
158.85.81.116 - - [03/Nov/2017:06:44:10 +0100] "GET / HTTP/1.1" 200 2023 "-" "-"
40.77.167.51 - - [03/Nov/2017:06:57:51 +0100] "GET / HTTP/1.1" 200 2023 "-" "Mozilla/5.0 (compatible; bingbot/2.0; +http://www.bing.com/bingbot.htm)"
172.82.185.210 - - [03/Nov/2017:06:58:47 +0100] "GET / HTTP/1.1" 200 2023 "-" "Mozilla/5.0 (Windows NT 6.1; Trident/7.0; rv:11.0) like Gecko"
172.82.185.210 - - [03/Nov/2017:06:58:47 +0100] "GET /hirlevel/ HTTP/1.1" 404 1181 "-" "Mozilla/5.0 (Windows NT 6.1; Trident/7.0; rv:11.0) like Gecko"
66.249.79.136 - - [03/Nov/2017:07:18:03 +0100] "GET /doc/igazolofuzet_1009.pdf HTTP/1.1" 404 1181 "-" "Googlebot/2.1 (+http://www.google.com/bot.html)"
89.132.20.129 - - [03/Nov/2017:07:31:27 +0100] "GET / HTTP/1.1" 200 2023 "-" "Mozilla/5.0 (Linux; Android 5.0; Lenovo A1000 Build/S100) AppleWebKit/537.36 (KHTML, like Gecko) Chrome/61.0.3163.98 Mobile Safari/537.36"
89.132.20.129 - - [03/Nov/2017:07:31:27 +0100] "GET /blog.jpg HTTP/1.1" 200 29833 "http://www.mkk.zpok.hu/" "Mozilla/5.0 (Linux; Android 5.0; Lenovo A1000 Build/S100) AppleWebKit/537.36 (KHTML, like Gecko) Chrome/61.0.3163.98 Mobile Safari/537.36"
89.132.20.129 - - [03/Nov/2017:07:31:27 +0100] "GET /facebook-logo-preview.png HTTP/1.1" 200 3924 "http://www.mkk.zpok.hu/" "Mozilla/5.0 (Linux; Android 5.0; Lenovo A1000 Build/S100) AppleWebKit/537.36 (KHTML, like Gecko) Chrome/61.0.3163.98 Mobile Safari/537.36"
89.132.20.129 - - [03/Nov/2017:07:31:27 +0100] "GET /mkk_banner.png HTTP/1.1" 200 62097 "http://www.mkk.zpok.hu/" "Mozilla/5.0 (Linux; Android 5.0; Lenovo A1000 Build/S100) AppleWebKit/537.36 (KHTML, like Gecko) Chrome/61.0.3163.98 Mobile Safari/537.36"
89.132.20.129 - - [03/Nov/2017:07:31:35 +0100] "GET /favicon.ico HTTP/1.1" 404 1181 "http://www.mkk.zpok.hu/" "Mozilla/5.0 (Linux; Android 5.0; Lenovo A1000 Build/S100) AppleWebKit/537.36 (KHTML, like Gecko) Chrome/61.0.3163.98 Mobile Safari/537.36"
40.77.167.32 - - [03/Nov/2017:07:32:12 +0100] "GET /doc/ttft.pdf HTTP/1.1" 200 6493253 "-" "Mozilla/5.0 (iPhone; CPU iPhone OS 7_0 like Mac OS X) AppleWebKit/537.51.1 (KHTML, like Gecko) Version/7.0 Mobile/11A465 Safari/9537.53 (compatible; bingbot/2.0; +http://www.bing.com/bingbot.htm)"
40.77.167.32 - - [03/Nov/2017:07:36:30 +0100] "GET /robots.txt HTTP/1.1" 404 1181 "-" "Mozilla/5.0 (compatible; bingbot/2.0; +http://www.bing.com/bingbot.htm)"
94.23.20.135 - - [03/Nov/2017:07:41:49 +0100] "GET / HTTP/1.1" 200 2023 "http://hu.wikipedia.org/wiki/Csernobog" "Mozilla/5.0 (Windows NT 10.0; WOW64) AppleWebKit/537.36 (KHTML, like Gecko) Chrome/50.0.2661.102 Safari/537.36"
199.193.251.133 - - [03/Nov/2017:07:54:48 +0100] "HEAD / HTTP/1.1" 200 0 "https://www.inboundlinks.win/InboundLinks/mkk.zpok.hu" "Mozilla/5.0 (compatible; MSIE 9.0; Windows NT 6.1; WOW64; Trident/5.0)"
66.249.79.136 - - [03/Nov/2017:08:06:02 +0100] "GET /doc/takaritonap_1009.pdf HTTP/1.1" 404 1181 "-" "Googlebot/2.1 (+http://www.google.com/bot.html)"
66.249.79.156 - - [03/Nov/2017:08:19:02 +0100] "GET /robots.txt HTTP/1.1" 404 1181 "-" "Mozilla/5.0 (compatible; Googlebot/2.1; +http://www.google.com/bot.html)"
66.249.79.156 - - [03/Nov/2017:08:19:13 +0100] "GET /doc/alapsz03.pdf HTTP/1.1" 200 6009944 "-" "Googlebot/2.1 (+http://www.google.com/bot.html)"
180.76.15.12 - - [03/Nov/2017:08:25:11 +0100] "GET /robots.txt HTTP/1.1" 404 1181 "-" "Mozilla/5.0 (Windows NT 5.1; rv:6.0.2) Gecko/20100101 Firefox/6.0.2"
180.76.15.155 - - [03/Nov/2017:08:25:11 +0100] "GET /doc/vasuttal-budapest-kornyeken.pdf HTTP/1.1" 404 1181 "-" "Mozilla/5.0 (compatible; Baiduspider/2.0; +http://www.baidu.com/search/spider.html)"
131.253.25.190 - - [03/Nov/2017:08:37:45 +0100] "GET /doc/ttft.pdf HTTP/1.1" 200 67346 "-" "Mozilla/5.0 (iPhone; CPU iPhone OS 7_0 like Mac OS X) AppleWebKit/537.51.1 (KHTML, like Gecko) Version/7.0 Mobile/11A465 Safari/9537.53 BingPreview/1.0b"
66.249.79.132 - - [03/Nov/2017:09:34:08 +0100] "GET /doc/vonattal_tisza-tohoz_2010.pdf HTTP/1.1" 404 1181 "-" "Mozilla/5.0 (Linux; Android 6.0.1; Nexus 5X Build/MMB29P) AppleWebKit/537.36 (KHTML, like Gecko) Chrome/41.0.2272.96 Mobile Safari/537.36 (compatible; Googlebot/2.1; +http://www.google.com/bot.html)"
66.249.79.136 - - [03/Nov/2017:09:37:53 +0100] "GET /doc/UtasforumParlament%20.pdf HTTP/1.1" 404 1181 "-" "Mozilla/5.0 (compatible; Googlebot/2.1; +http://www.google.com/bot.html)"
109.192.124.74 - - [03/Nov/2017:09:56:34 +0100] "GET /doc/b2_201203.jpg HTTP/1.1" 404 1181 "-" "Mozilla/5.0 (Macintosh; Intel Mac OS X 10_13) AppleWebKit/604.1.38 (KHTML, like Gecko)"
109.192.124.74 - - [03/Nov/2017:09:56:35 +0100] "GET /apple-touch-icon-precomposed.png HTTP/1.1" 404 1181 "-" "Safari/13604.1.38.1.6 CFNetwork/887 Darwin/17.0.0 (x86_64)"
109.192.124.74 - - [03/Nov/2017:09:56:35 +0100] "GET /apple-touch-icon.png HTTP/1.1" 404 1181 "-" "Safari/13604.1.38.1.6 CFNetwork/887 Darwin/17.0.0 (x86_64)"
109.192.124.74 - - [03/Nov/2017:09:56:35 +0100] "GET /favicon.ico HTTP/1.1" 404 1181 "-" "Safari/13604.1.38.1.6 CFNetwork/887 Darwin/17.0.0 (x86_64)"
109.192.124.74 - - [03/Nov/2017:09:56:35 +0100] "GET /apple-touch-icon-precomposed.png HTTP/1.1" 404 1181 "-" "Safari/13604.1.38.1.6 CFNetwork/887 Darwin/17.0.0 (x86_64)"
109.192.124.74 - - [03/Nov/2017:09:56:35 +0100] "GET /apple-touch-icon.png HTTP/1.1" 404 1181 "-" "Safari/13604.1.38.1.6 CFNetwork/887 Darwin/17.0.0 (x86_64)"
109.192.124.74 - - [03/Nov/2017:09:56:35 +0100] "GET /favicon.ico HTTP/1.1" 404 1181 "-" "Safari/13604.1.38.1.6 CFNetwork/887 Darwin/17.0.0 (x86_64)"
109.192.124.74 - - [03/Nov/2017:09:56:35 +0100] "GET /doc/b2_201203.jpg HTTP/1.1" 404 1181 "-" "Mozilla/5.0 (iPhone; CPU iPhone OS 10_3 like Mac OS X) AppleWebKit/603.1.30 (KHTML, like Gecko) Version/10.3 Mobile/14E277 Safari/603.1.30"
109.192.124.74 - - [03/Nov/2017:09:56:35 +0100] "GET /apple-touch-icon-precomposed.png HTTP/1.1" 404 1181 "-" "Safari/13604.1.38.1.6 CFNetwork/887 Darwin/17.0.0 (x86_64)"
109.192.124.74 - - [03/Nov/2017:09:56:35 +0100] "GET /apple-touch-icon.png HTTP/1.1" 404 1181 "-" "Safari/13604.1.38.1.6 CFNetwork/887 Darwin/17.0.0 (x86_64)"
109.192.124.74 - - [03/Nov/2017:09:56:35 +0100] "GET /favicon.ico HTTP/1.1" 404 1181 "-" "Safari/13604.1.38.1.6 CFNetwork/887 Darwin/17.0.0 (x86_64)"
109.192.124.74 - - [03/Nov/2017:09:56:35 +0100] "GET /apple-touch-icon-precomposed.png HTTP/1.1" 404 1181 "-" "Safari/13604.1.38.1.6 CFNetwork/887 Darwin/17.0.0 (x86_64)"
109.192.124.74 - - [03/Nov/2017:09:56:35 +0100] "GET /apple-touch-icon.png HTTP/1.1" 404 1181 "-" "Safari/13604.1.38.1.6 CFNetwork/887 Darwin/17.0.0 (x86_64)"
109.192.124.74 - - [03/Nov/2017:09:56:35 +0100] "GET /favicon.ico HTTP/1.1" 404 1181 "-" "Safari/13604.1.38.1.6 CFNetwork/887 Darwin/17.0.0 (x86_64)"
40.77.167.51 - - [03/Nov/2017:09:56:47 +0100] "GET / HTTP/1.1" 200 2023 "-" "Mozilla/5.0 (iPhone; CPU iPhone OS 7_0 like Mac OS X) AppleWebKit/537.51.1 (KHTML, like Gecko) Version/7.0 Mobile/11A465 Safari/9537.53 (compatible; bingbot/2.0; +http://www.bing.com/bingbot.htm)"
209.90.225.242 - - [03/Nov/2017:10:21:05 +0100] "GET /wp-content/themes/atom/uploadify/uploadify.css HTTP/1.1" 404 1181 "http://mkk.zpok.hu/wp-content/themes/atom/uploadify/uploadify.css" "Mozilla/5.0 (Windows NT 6.1; WOW64) AppleWebKit/537.36 (KHTML, like Gecko) Chrome/42.0.2311.152 Safari/537.36"
66.45.243.199 - - [03/Nov/2017:10:32:45 +0100] "HEAD / HTTP/1.1" 200 0 "http://uptime-alpha.net/mkk.zpok.hu" "Mozilla/5.0 (compatible; Uptimebot/1.0; +http://www.uptime.com/uptimebot)"
40.77.167.32 - - [03/Nov/2017:10:39:09 +0100] "GET /hirlevel/vonattal1602.html HTTP/1.1" 404 1181 "-" "Mozilla/5.0 (iPhone; CPU iPhone OS 7_0 like Mac OS X) AppleWebKit/537.51.1 (KHTML, like Gecko) Version/7.0 Mobile/11A465 Safari/9537.53 (compatible; bingbot/2.0; +http://www.bing.com/bingbot.htm)"
162.210.196.100 - - [03/Nov/2017:11:00:01 +0100] "GET /robots.txt HTTP/1.1" 404 1181 "-" "Mozilla/5.0 (compatible; MJ12bot/v1.4.8; http://mj12bot.com/)"
162.210.196.100 - - [03/Nov/2017:11:00:02 +0100] "GET / HTTP/1.1" 200 2023 "-" "Mozilla/5.0 (compatible; MJ12bot/v1.4.8; http://mj12bot.com/)"
216.244.66.199 - - [03/Nov/2017:11:00:16 +0100] "GET /robots.txt HTTP/1.1" 404 1181 "-" "Mozilla/5.0 (compatible; DotBot/1.1; http://www.opensiteexplorer.org/dotbot, help@moz.com)"
54.76.17.53 - - [03/Nov/2017:11:02:03 +0100] "GET / HTTP/1.1" 200 2023 "-" "Mozilla/5.0 (compatible; YaK/1.0; http://linkfluence.com/; bot@linkfluence.com)"
23.237.4.26 - - [03/Nov/2017:11:40:51 +0100] "GET / HTTP/1.1" 200 2023 "-" "Mozilla/5.0 (compatible; AlphaBot/3.2; +http://alphaseobot.com/bot.html)"
80.77.124.230 - - [03/Nov/2017:11:57:40 +0100] "GET / HTTP/1.1" 200 2023 "-" "Mozilla/5.0 (Windows NT 10.0; Win64; x64) AppleWebKit/537.36 (KHTML, like Gecko) Chrome/61.0.3163.100 Safari/537.36"
68.180.228.218 - - [03/Nov/2017:12:00:50 +0100] "GET /robots.txt HTTP/1.1" 404 1181 "-" "Mozilla/5.0 (compatible; Yahoo! Slurp; http://help.yahoo.com/help/us/ysearch/slurp)"
68.180.228.218 - - [03/Nov/2017:12:00:51 +0100] "GET /hirlevel/vonattal1408.html HTTP/1.1" 404 1181 "-" "Mozilla/5.0 (compatible; Yahoo! Slurp; http://help.yahoo.com/help/us/ysearch/slurp)"
40.77.167.51 - - [03/Nov/2017:12:02:44 +0100] "GET /hirlevel/vonattal1603.html HTTP/1.1" 404 1181 "-" "Mozilla/5.0 (iPhone; CPU iPhone OS 7_0 like Mac OS X) AppleWebKit/537.51.1 (KHTML, like Gecko) Version/7.0 Mobile/11A465 Safari/9537.53 (compatible; bingbot/2.0; +http://www.bing.com/bingbot.htm)"
216.244.66.199 - - [03/Nov/2017:12:04:52 +0100] "GET / HTTP/1.1" 200 2023 "-" "Mozilla/5.0 (compatible; DotBot/1.1; http://www.opensiteexplorer.org/dotbot, help@moz.com)"
77.111.91.248 - - [03/Nov/2017:12:12:58 +0100] "GET / HTTP/1.1" 200 2023 "-" "Mozilla/5.0 (Windows NT 10.0; Win64; x64) AppleWebKit/537.36 (KHTML, like Gecko) Chrome/61.0.3163.100 Safari/537.36"
37.76.11.113 - - [03/Nov/2017:12:26:20 +0100] "GET / HTTP/1.1" 200 2023 "-" "Mozilla/5.0 (Windows Phone 10.0; Android 4.2.1; Microsoft; Lumia 640 XL LTE) AppleWebKit/537.36 (KHTML, like Gecko) Chrome/46.0.2486.0 Mobile Safari/537.36 Edge/13.10586"
37.76.11.113 - - [03/Nov/2017:12:26:20 +0100] "GET /facebook-logo-preview.png HTTP/1.1" 200 3924 "http://mkk.zpok.hu/" "Mozilla/5.0 (Windows Phone 10.0; Android 4.2.1; Microsoft; Lumia 640 XL LTE) AppleWebKit/537.36 (KHTML, like Gecko) Chrome/46.0.2486.0 Mobile Safari/537.36 Edge/13.10586"
37.76.11.113 - - [03/Nov/2017:12:26:20 +0100] "GET /blog.jpg HTTP/1.1" 200 29833 "http://mkk.zpok.hu/" "Mozilla/5.0 (Windows Phone 10.0; Android 4.2.1; Microsoft; Lumia 640 XL LTE) AppleWebKit/537.36 (KHTML, like Gecko) Chrome/46.0.2486.0 Mobile Safari/537.36 Edge/13.10586"
37.76.11.113 - - [03/Nov/2017:12:26:20 +0100] "GET /mkk_banner.png HTTP/1.1" 200 62097 "http://mkk.zpok.hu/" "Mozilla/5.0 (Windows Phone 10.0; Android 4.2.1; Microsoft; Lumia 640 XL LTE) AppleWebKit/537.36 (KHTML, like Gecko) Chrome/46.0.2486.0 Mobile Safari/537.36 Edge/13.10586"
217.150.128.146 - - [03/Nov/2017:12:59:45 +0100] "GET / HTTP/1.1" 200 2023 "-" "Mozilla/5.0 (Windows NT 10.0; Win64; x64) AppleWebKit/537.36 (KHTML, like Gecko) Chrome/61.0.3163.100 Safari/537.36"
217.150.128.146 - - [03/Nov/2017:12:59:45 +0100] "GET /blog.jpg HTTP/1.1" 200 29833 "http://www.mkk.zpok.hu/" "Mozilla/5.0 (Windows NT 10.0; Win64; x64) AppleWebKit/537.36 (KHTML, like Gecko) Chrome/61.0.3163.100 Safari/537.36"
217.150.128.146 - - [03/Nov/2017:12:59:45 +0100] "GET /mkk_banner.png HTTP/1.1" 200 62097 "http://www.mkk.zpok.hu/" "Mozilla/5.0 (Windows NT 10.0; Win64; x64) AppleWebKit/537.36 (KHTML, like Gecko) Chrome/61.0.3163.100 Safari/537.36"
217.150.128.146 - - [03/Nov/2017:12:59:45 +0100] "GET /facebook-logo-preview.png HTTP/1.1" 200 3924 "http://www.mkk.zpok.hu/" "Mozilla/5.0 (Windows NT 10.0; Win64; x64) AppleWebKit/537.36 (KHTML, like Gecko) Chrome/61.0.3163.100 Safari/537.36"
217.150.128.146 - - [03/Nov/2017:12:59:47 +0100] "GET /favicon.ico HTTP/1.1" 404 1181 "http://www.mkk.zpok.hu/" "Mozilla/5.0 (Windows NT 10.0; Win64; x64) AppleWebKit/537.36 (KHTML, like Gecko) Chrome/61.0.3163.100 Safari/537.36"
52.201.247.209 - - [03/Nov/2017:12:59:50 +0100] "GET /robots.txt HTTP/1.1" 404 1181 "-" "Mozilla/5.0 (compatible; proximic; +http://www.proximic.com/info/spider.php)"
193.194.132.79 - - [03/Nov/2017:13:00:50 +0100] "GET / HTTP/1.1" 200 2023 "-" "Mozilla/5.0 (Windows NT 6.1; WOW64; Trident/7.0; rv:11.0) like Gecko"
193.194.132.79 - - [03/Nov/2017:13:00:50 +0100] "GET /facebook-logo-preview.png HTTP/1.1" 200 3924 "http://www.mkk.zpok.hu/" "Mozilla/5.0 (Windows NT 6.1; WOW64; Trident/7.0; rv:11.0) like Gecko"
193.194.132.79 - - [03/Nov/2017:13:00:50 +0100] "GET /blog.jpg HTTP/1.1" 200 29833 "http://www.mkk.zpok.hu/" "Mozilla/5.0 (Windows NT 6.1; WOW64; Trident/7.0; rv:11.0) like Gecko"
193.194.132.79 - - [03/Nov/2017:13:00:50 +0100] "GET /mkk_banner.png HTTP/1.1" 200 62097 "http://www.mkk.zpok.hu/" "Mozilla/5.0 (Windows NT 6.1; WOW64; Trident/7.0; rv:11.0) like Gecko"
40.77.167.51 - - [03/Nov/2017:13:07:57 +0100] "GET /doc/tisza-to_szoroanyag_2012.pdf HTTP/1.1" 404 1181 "-" "Mozilla/5.0 (iPhone; CPU iPhone OS 7_0 like Mac OS X) AppleWebKit/537.51.1 (KHTML, like Gecko) Version/7.0 Mobile/11A465 Safari/9537.53 (compatible; bingbot/2.0; +http://www.bing.com/bingbot.htm)"
193.194.132.79 - - [03/Nov/2017:13:13:08 +0100] "GET / HTTP/1.1" 304 - "-" "Mozilla/5.0 (Windows NT 6.1; WOW64; Trident/7.0; rv:11.0) like Gecko"
193.194.132.79 - - [03/Nov/2017:13:13:08 +0100] "GET /mkk_banner.png HTTP/1.1" 304 - "http://www.mkk.zpok.hu/" "Mozilla/5.0 (Windows NT 6.1; WOW64; Trident/7.0; rv:11.0) like Gecko"
193.194.132.79 - - [03/Nov/2017:13:13:08 +0100] "GET /blog.jpg HTTP/1.1" 304 - "http://www.mkk.zpok.hu/" "Mozilla/5.0 (Windows NT 6.1; WOW64; Trident/7.0; rv:11.0) like Gecko"
193.194.132.79 - - [03/Nov/2017:13:13:08 +0100] "GET /facebook-logo-preview.png HTTP/1.1" 304 - "http://www.mkk.zpok.hu/" "Mozilla/5.0 (Windows NT 6.1; WOW64; Trident/7.0; rv:11.0) like Gecko"
40.77.167.51 - - [03/Nov/2017:13:19:37 +0100] "GET /doc/vasuttal-budapest-kornyeken.pdf HTTP/1.1" 404 1181 "-" "Mozilla/5.0 (iPhone; CPU iPhone OS 7_0 like Mac OS X) AppleWebKit/537.51.1 (KHTML, like Gecko) Version/7.0 Mobile/11A465 Safari/9537.53 (compatible; bingbot/2.0; +http://www.bing.com/bingbot.htm)"
40.77.167.51 - - [03/Nov/2017:13:20:28 +0100] "GET / HTTP/1.1" 200 2023 "-" "Mozilla/5.0 (compatible; bingbot/2.0; +http://www.bing.com/bingbot.htm)"
40.77.167.51 - - [03/Nov/2017:13:23:29 +0100] "GET /hirlevel/Prezentacio_Partners%C3%A9g%20%20a%20jobb%20vas%C3%BAt%C3%A9rt.pdf HTTP/1.1" 404 1181 "-" "Mozilla/5.0 (iPhone; CPU iPhone OS 7_0 like Mac OS X) AppleWebKit/537.51.1 (KHTML, like Gecko) Version/7.0 Mobile/11A465 Safari/9537.53 (compatible; bingbot/2.0; +http://www.bing.com/bingbot.htm)"
89.186.124.174 - - [03/Nov/2017:14:07:30 +0100] "GET /favicon.ico HTTP/1.1" 404 1181 "http://www.mkk.zpok.hu/doc/mkk_eger_tanulmany_2014.pdf" "Mozilla/5.0 (Windows NT 10.0; Win64; x64) AppleWebKit/537.36 (KHTML, like Gecko) Chrome/61.0.3163.100 Safari/537.36"
89.186.124.174 - - [03/Nov/2017:14:07:31 +0100] "GET /doc/mkk_eger_tanulmany_2014.pdf HTTP/1.1" 200 755614 "https://www.google.hu/" "Mozilla/5.0 (Windows NT 10.0; Win64; x64) AppleWebKit/537.36 (KHTML, like Gecko) Chrome/61.0.3163.100 Safari/537.36"
89.186.124.174 - - [03/Nov/2017:14:07:31 +0100] "GET /doc/mkk_eger_tanulmany_2014.pdf HTTP/1.1" 206 249570 "http://www.mkk.zpok.hu/doc/mkk_eger_tanulmany_2014.pdf" "Mozilla/5.0 (Windows NT 10.0; Win64; x64) AppleWebKit/537.36 (KHTML, like Gecko) Chrome/61.0.3163.100 Safari/537.36"
89.186.124.174 - - [03/Nov/2017:14:07:34 +0100] "GET /doc/mkk_eger_tanulmany_2014.pdf HTTP/1.1" 206 602112 "https://www.google.hu/" "Mozilla/5.0 (Windows NT 10.0; Win64; x64) AppleWebKit/537.36 (KHTML, like Gecko) Chrome/61.0.3163.100 Safari/537.36"
89.186.124.174 - - [03/Nov/2017:14:07:35 +0100] "GET /doc/mkk_eger_tanulmany_2014.pdf HTTP/1.1" 206 350421 "http://www.mkk.zpok.hu/doc/mkk_eger_tanulmany_2014.pdf" "Mozilla/5.0 (Windows NT 10.0; Win64; x64) AppleWebKit/537.36 (KHTML, like Gecko) Chrome/61.0.3163.100 Safari/537.36"
40.77.167.51 - - [03/Nov/2017:14:21:34 +0100] "GET /doc/mkk_allasfogl_vdszsz_20120608.pdf HTTP/1.1" 404 1181 "-" "Mozilla/5.0 (compatible; bingbot/2.0; +http://www.bing.com/bingbot.htm)"
131.253.25.174 - - [03/Nov/2017:15:20:50 +0100] "GET / HTTP/1.1" 200 2023 "-" "Mozilla/5.0 (iPhone; CPU iPhone OS 7_0 like Mac OS X) AppleWebKit/537.51.1 (KHTML, like Gecko) Version/7.0 Mobile/11A465 Safari/9537.53 BingPreview/1.0b"
5.9.112.6 - - [03/Nov/2017:15:41:22 +0100] "GET /hirlevel/konferencia_program-szallasok_tapolca.pdf HTTP/1.1" 404 1181 "-" "Mozilla/5.0 (X11; Ubuntu; Linux x86_64; rv:14.0) Gecko/20100101 Firefox/14.0.1"
51.255.65.60 - - [03/Nov/2017:17:00:27 +0100] "GET /hirlevel/vonattal1605.html HTTP/1.1" 404 1181 "-" "Mozilla/5.0 (compatible; AhrefsBot/5.2; +http://ahrefs.com/robot/)"
46.229.164.100 - - [03/Nov/2017:17:27:23 +0100] "GET /robots.txt HTTP/1.1" 404 1181 "-" "Mozilla/5.0 (compatible; SemrushBot/1.2~bl; +http://www.semrush.com/bot.html)"
89.132.33.103 - - [03/Nov/2017:18:26:38 +0100] "GET / HTTP/1.1" 200 2023 "-" "Mozilla/5.0 (Linux; Android 5.0; Lenovo A1000 Build/S100) AppleWebKit/537.36 (KHTML, like Gecko) Chrome/61.0.3163.98 Mobile Safari/537.36"
89.132.33.103 - - [03/Nov/2017:18:26:38 +0100] "GET /blog.jpg HTTP/1.1" 200 29833 "http://www.mkk.zpok.hu/" "Mozilla/5.0 (Linux; Android 5.0; Lenovo A1000 Build/S100) AppleWebKit/537.36 (KHTML, like Gecko) Chrome/61.0.3163.98 Mobile Safari/537.36"
89.132.33.103 - - [03/Nov/2017:18:26:38 +0100] "GET /facebook-logo-preview.png HTTP/1.1" 200 3924 "http://www.mkk.zpok.hu/" "Mozilla/5.0 (Linux; Android 5.0; Lenovo A1000 Build/S100) AppleWebKit/537.36 (KHTML, like Gecko) Chrome/61.0.3163.98 Mobile Safari/537.36"
89.132.33.103 - - [03/Nov/2017:18:26:39 +0100] "GET /mkk_banner.png HTTP/1.1" 200 62097 "http://www.mkk.zpok.hu/" "Mozilla/5.0 (Linux; Android 5.0; Lenovo A1000 Build/S100) AppleWebKit/537.36 (KHTML, like Gecko) Chrome/61.0.3163.98 Mobile Safari/537.36"
40.77.167.32 - - [03/Nov/2017:18:32:45 +0100] "GET /hirlevel/vonattal1409.html HTTP/1.1" 404 1181 "-" "Mozilla/5.0 (iPhone; CPU iPhone OS 7_0 like Mac OS X) AppleWebKit/537.51.1 (KHTML, like Gecko) Version/7.0 Mobile/11A465 Safari/9537.53 (compatible; bingbot/2.0; +http://www.bing.com/bingbot.htm)"
66.249.79.154 - - [03/Nov/2017:18:39:56 +0100] "GET /doc/allasf_091027.pdf HTTP/1.1" 404 1181 "-" "Mozilla/5.0 (Linux; Android 6.0.1; Nexus 5X Build/MMB29P) AppleWebKit/537.36 (KHTML, like Gecko) Chrome/41.0.2272.96 Mobile Safari/537.36 (compatible; Googlebot/2.1; +http://www.google.com/bot.html)"
85.25.210.234 - - [03/Nov/2017:18:40:19 +0100] "GET /robots.txt HTTP/1.1" 404 1181 "-" "Mozilla/5.0 (compatible; seoscanners.net/1; +spider@seoscanners.net)"
85.25.210.234 - - [03/Nov/2017:18:40:19 +0100] "GET /doc/A_kozlekedesmenedzsment_korszeru_eszkozei.pdf HTTP/1.1" 404 1181 "-" "Mozilla/5.0 (compatible; seoscanners.net/1; +spider@seoscanners.net)"
207.46.13.109 - - [03/Nov/2017:18:41:14 +0100] "GET /hirlevel/emlekezteto_hevesvezekeny_201504.pdf HTTP/1.1" 404 1181 "-" "Mozilla/5.0 (iPhone; CPU iPhone OS 7_0 like Mac OS X) AppleWebKit/537.51.1 (KHTML, like Gecko) Version/7.0 Mobile/11A465 Safari/9537.53 (compatible; bingbot/2.0; +http://www.bing.com/bingbot.htm)"
207.46.13.109 - - [03/Nov/2017:19:11:43 +0100] "GET /doc/alapsz03.pdf HTTP/1.1" 200 6009944 "-" "Mozilla/5.0 (iPhone; CPU iPhone OS 7_0 like Mac OS X) AppleWebKit/537.51.1 (KHTML, like Gecko) Version/7.0 Mobile/11A465 Safari/9537.53 (compatible; bingbot/2.0; +http://www.bing.com/bingbot.htm)"
40.77.167.32 - - [03/Nov/2017:19:46:10 +0100] "GET /robots.txt HTTP/1.1" 404 1181 "-" "Mozilla/5.0 (compatible; bingbot/2.0; +http://www.bing.com/bingbot.htm)"
66.249.79.132 - - [03/Nov/2017:20:29:09 +0100] "GET /robots.txt HTTP/1.1" 404 1181 "-" "Mozilla/5.0 (compatible; Googlebot/2.1; +http://www.google.com/bot.html)"
66.249.79.132 - - [03/Nov/2017:20:29:10 +0100] "GET /doc/utaseszrevetelek_irasban_1209.pdf HTTP/1.1" 404 1181 "-" "Mozilla/5.0 (compatible; Googlebot/2.1; +http://www.google.com/bot.html)"
31.46.251.106 - - [03/Nov/2017:20:44:16 +0100] "GET / HTTP/1.1" 200 2023 "https://www.google.hu/" "Mozilla/5.0 (Linux; Android 4.2.2; ALCATEL ONE TOUCH P310X Build/JDQ39) AppleWebKit/537.36 (KHTML, like Gecko) Chrome/46.0.2490.76 Safari/537.36"
31.46.251.106 - - [03/Nov/2017:20:44:16 +0100] "GET /facebook-logo-preview.png HTTP/1.1" 200 3924 "http://www.mkk.zpok.hu/" "Mozilla/5.0 (Linux; Android 4.2.2; ALCATEL ONE TOUCH P310X Build/JDQ39) AppleWebKit/537.36 (KHTML, like Gecko) Chrome/46.0.2490.76 Safari/537.36"
31.46.251.106 - - [03/Nov/2017:20:44:16 +0100] "GET /blog.jpg HTTP/1.1" 200 29833 "http://www.mkk.zpok.hu/" "Mozilla/5.0 (Linux; Android 4.2.2; ALCATEL ONE TOUCH P310X Build/JDQ39) AppleWebKit/537.36 (KHTML, like Gecko) Chrome/46.0.2490.76 Safari/537.36"
31.46.251.106 - - [03/Nov/2017:20:44:16 +0100] "GET /mkk_banner.png HTTP/1.1" 200 62097 "http://www.mkk.zpok.hu/" "Mozilla/5.0 (Linux; Android 4.2.2; ALCATEL ONE TOUCH P310X Build/JDQ39) AppleWebKit/537.36 (KHTML, like Gecko) Chrome/46.0.2490.76 Safari/537.36"
31.46.251.106 - - [03/Nov/2017:20:44:21 +0100] "GET /favicon.ico HTTP/1.1" 404 1181 "http://www.mkk.zpok.hu/" "Mozilla/5.0 (Linux; Android 4.2.2; ALCATEL ONE TOUCH P310X Build/JDQ39) AppleWebKit/537.36 (KHTML, like Gecko) Chrome/46.0.2490.76 Safari/537.36"
199.30.25.150 - - [03/Nov/2017:20:47:35 +0100] "GET /doc/alapsz03.pdf HTTP/1.1" 200 4317184 "-" "Mozilla/5.0 (iPhone; CPU iPhone OS 7_0 like Mac OS X) AppleWebKit/537.51.1 (KHTML, like Gecko) Version/7.0 Mobile/11A465 Safari/9537.53 BingPreview/1.0b"
40.77.167.51 - - [03/Nov/2017:21:05:46 +0100] "GET / HTTP/1.1" 200 2023 "-" "Mozilla/5.0 (compatible; bingbot/2.0; +http://www.bing.com/bingbot.htm)"
157.55.39.51 - - [03/Nov/2017:21:25:17 +0100] "GET /robots.txt HTTP/1.1" 404 1181 "-" "Mozilla/5.0 (compatible; bingbot/2.0; +http://www.bing.com/bingbot.htm)"
