77.111.91.248 - - [18/Nov/2017:04:52:41 +0100] "GET / HTTP/1.1" 200 2023 "-" "Mozilla/5.0 (Windows NT 10.0; Win64; x64) AppleWebKit/537.36 (KHTML, like Gecko) Chrome/61.0.3163.100 Safari/537.36"
80.77.124.230 - - [18/Nov/2017:05:04:50 +0100] "GET / HTTP/1.1" 200 2023 "-" "Mozilla/5.0 (Windows NT 10.0; Win64; x64) AppleWebKit/537.36 (KHTML, like Gecko) Chrome/61.0.3163.100 Safari/537.36"
207.46.13.62 - - [18/Nov/2017:05:50:54 +0100] "GET / HTTP/1.1" 200 2023 "-" "Mozilla/5.0 (compatible; bingbot/2.0; +http://www.bing.com/bingbot.htm)"
40.77.167.29 - - [18/Nov/2017:06:43:06 +0100] "GET /hirlevel/images/szazalek.jpg HTTP/1.1" 404 1181 "-" "Mozilla/5.0 (compatible; bingbot/2.0; +http://www.bing.com/bingbot.htm)"
35.184.189.105 - - [18/Nov/2017:06:45:41 +0100] "GET /robots.txt HTTP/1.1" 404 1181 "-" "ltx71 - (http://ltx71.com/)"
216.119.142.90 - - [18/Nov/2017:06:51:19 +0100] "GET / HTTP/1.1" 200 2023 "-" "Mozilla/5.0 (Windows NT 6.1; Win64; x64; rv:55.0) Gecko/20100101 Firefox/55.0"
157.55.39.182 - - [18/Nov/2017:06:53:54 +0100] "GET /robots.txt HTTP/1.1" 404 1181 "-" "Mozilla/5.0 (compatible; bingbot/2.0; +http://www.bing.com/bingbot.htm)"
207.46.13.62 - - [18/Nov/2017:07:35:09 +0100] "GET /doc/tisza-to_szoroanyag_2012.pdf HTTP/1.1" 404 1181 "-" "Mozilla/5.0 (iPhone; CPU iPhone OS 7_0 like Mac OS X) AppleWebKit/537.51.1 (KHTML, like Gecko) Version/7.0 Mobile/11A465 Safari/9537.53 (compatible; bingbot/2.0; +http://www.bing.com/bingbot.htm)"
40.77.167.29 - - [18/Nov/2017:07:35:25 +0100] "GET /doc/vonatrafel_c.pdf HTTP/1.1" 404 1181 "-" "Mozilla/5.0 (iPhone; CPU iPhone OS 7_0 like Mac OS X) AppleWebKit/537.51.1 (KHTML, like Gecko) Version/7.0 Mobile/11A465 Safari/9537.53 (compatible; bingbot/2.0; +http://www.bing.com/bingbot.htm)"
199.30.24.241 - - [18/Nov/2017:07:55:05 +0100] "GET /doc/allomasok_kepes_osszefoglaloja.pdf HTTP/1.1" 200 4300800 "-" "Mozilla/5.0 (iPhone; CPU iPhone OS 7_0 like Mac OS X) AppleWebKit/537.51.1 (KHTML, like Gecko) Version/7.0 Mobile/11A465 Safari/9537.53 BingPreview/1.0b"
61.98.151.119 - - [18/Nov/2017:08:02:26 +0100] "GET / HTTP/1.1" 200 2023 "-" "-"
95.208.212.218 - - [18/Nov/2017:08:19:55 +0100] "GET /doc/b2_201203.jpg HTTP/1.1" 404 1181 "-" "Mozilla/5.0 (Macintosh; Intel Mac OS X 10_13_1) AppleWebKit/604.3.5 (KHTML, like Gecko)"
95.208.212.218 - - [18/Nov/2017:08:20:03 +0100] "GET /apple-touch-icon-precomposed.png HTTP/1.1" 404 1181 "-" "Safari/13604.3.5 CFNetwork/889.9 Darwin/17.2.0 (x86_64)"
95.208.212.218 - - [18/Nov/2017:08:20:03 +0100] "GET /apple-touch-icon.png HTTP/1.1" 404 1181 "-" "Safari/13604.3.5 CFNetwork/889.9 Darwin/17.2.0 (x86_64)"
95.208.212.218 - - [18/Nov/2017:08:20:05 +0100] "GET /favicon.ico HTTP/1.1" 404 1181 "-" "Safari/13604.3.5 CFNetwork/889.9 Darwin/17.2.0 (x86_64)"
95.208.212.218 - - [18/Nov/2017:08:20:05 +0100] "GET /apple-touch-icon-precomposed.png HTTP/1.1" 404 1181 "-" "Safari/13604.3.5 CFNetwork/889.9 Darwin/17.2.0 (x86_64)"
95.208.212.218 - - [18/Nov/2017:08:20:06 +0100] "GET /apple-touch-icon.png HTTP/1.1" 404 1181 "-" "Safari/13604.3.5 CFNetwork/889.9 Darwin/17.2.0 (x86_64)"
95.208.212.218 - - [18/Nov/2017:08:20:06 +0100] "GET /favicon.ico HTTP/1.1" 404 1181 "-" "Safari/13604.3.5 CFNetwork/889.9 Darwin/17.2.0 (x86_64)"
95.208.212.218 - - [18/Nov/2017:08:20:06 +0100] "GET /doc/b2_201203.jpg HTTP/1.1" 404 1181 "-" "Mozilla/5.0 (iPhone; CPU iPhone OS 10_3 like Mac OS X) AppleWebKit/603.1.30 (KHTML, like Gecko) Version/10.3 Mobile/14E277 Safari/603.1.30"
95.208.212.218 - - [18/Nov/2017:08:20:07 +0100] "GET /apple-touch-icon-precomposed.png HTTP/1.1" 404 1181 "-" "Safari/13604.3.5 CFNetwork/889.9 Darwin/17.2.0 (x86_64)"
95.208.212.218 - - [18/Nov/2017:08:20:07 +0100] "GET /apple-touch-icon.png HTTP/1.1" 404 1181 "-" "Safari/13604.3.5 CFNetwork/889.9 Darwin/17.2.0 (x86_64)"
95.208.212.218 - - [18/Nov/2017:08:20:08 +0100] "GET /favicon.ico HTTP/1.1" 404 1181 "-" "Safari/13604.3.5 CFNetwork/889.9 Darwin/17.2.0 (x86_64)"
95.208.212.218 - - [18/Nov/2017:08:20:09 +0100] "GET /apple-touch-icon-precomposed.png HTTP/1.1" 404 1181 "-" "Safari/13604.3.5 CFNetwork/889.9 Darwin/17.2.0 (x86_64)"
95.208.212.218 - - [18/Nov/2017:08:20:15 +0100] "GET /apple-touch-icon.png HTTP/1.1" 404 1181 "-" "Safari/13604.3.5 CFNetwork/889.9 Darwin/17.2.0 (x86_64)"
95.208.212.218 - - [18/Nov/2017:08:20:15 +0100] "GET /favicon.ico HTTP/1.1" 404 1181 "-" "Safari/13604.3.5 CFNetwork/889.9 Darwin/17.2.0 (x86_64)"
95.208.212.218 - - [18/Nov/2017:09:21:04 +0100] "GET /doc/b2_201203.jpg HTTP/1.1" 404 1181 "-" "Mozilla/5.0 (Macintosh; Intel Mac OS X 10_13_1) AppleWebKit/604.3.5 (KHTML, like Gecko)"
95.208.212.218 - - [18/Nov/2017:09:21:04 +0100] "GET /apple-touch-icon-precomposed.png HTTP/1.1" 404 1181 "-" "Safari/13604.3.5 CFNetwork/889.9 Darwin/17.2.0 (x86_64)"
95.208.212.218 - - [18/Nov/2017:09:21:04 +0100] "GET /apple-touch-icon.png HTTP/1.1" 404 1181 "-" "Safari/13604.3.5 CFNetwork/889.9 Darwin/17.2.0 (x86_64)"
95.208.212.218 - - [18/Nov/2017:09:21:04 +0100] "GET /favicon.ico HTTP/1.1" 404 1181 "-" "Safari/13604.3.5 CFNetwork/889.9 Darwin/17.2.0 (x86_64)"
95.208.212.218 - - [18/Nov/2017:09:21:04 +0100] "GET /apple-touch-icon-precomposed.png HTTP/1.1" 404 1181 "-" "Safari/13604.3.5 CFNetwork/889.9 Darwin/17.2.0 (x86_64)"
95.208.212.218 - - [18/Nov/2017:09:21:04 +0100] "GET /apple-touch-icon.png HTTP/1.1" 404 1181 "-" "Safari/13604.3.5 CFNetwork/889.9 Darwin/17.2.0 (x86_64)"
95.208.212.218 - - [18/Nov/2017:09:21:04 +0100] "GET /favicon.ico HTTP/1.1" 404 1181 "-" "Safari/13604.3.5 CFNetwork/889.9 Darwin/17.2.0 (x86_64)"
95.208.212.218 - - [18/Nov/2017:09:21:04 +0100] "GET /doc/b2_201203.jpg HTTP/1.1" 404 1181 "-" "Mozilla/5.0 (iPhone; CPU iPhone OS 10_3 like Mac OS X) AppleWebKit/603.1.30 (KHTML, like Gecko) Version/10.3 Mobile/14E277 Safari/603.1.30"
95.208.212.218 - - [18/Nov/2017:09:21:04 +0100] "GET /apple-touch-icon-precomposed.png HTTP/1.1" 404 1181 "-" "Safari/13604.3.5 CFNetwork/889.9 Darwin/17.2.0 (x86_64)"
95.208.212.218 - - [18/Nov/2017:09:21:04 +0100] "GET /apple-touch-icon.png HTTP/1.1" 404 1181 "-" "Safari/13604.3.5 CFNetwork/889.9 Darwin/17.2.0 (x86_64)"
95.208.212.218 - - [18/Nov/2017:09:21:04 +0100] "GET /favicon.ico HTTP/1.1" 404 1181 "-" "Safari/13604.3.5 CFNetwork/889.9 Darwin/17.2.0 (x86_64)"
95.208.212.218 - - [18/Nov/2017:09:21:04 +0100] "GET /apple-touch-icon-precomposed.png HTTP/1.1" 404 1181 "-" "Safari/13604.3.5 CFNetwork/889.9 Darwin/17.2.0 (x86_64)"
95.208.212.218 - - [18/Nov/2017:09:21:04 +0100] "GET /apple-touch-icon.png HTTP/1.1" 404 1181 "-" "Safari/13604.3.5 CFNetwork/889.9 Darwin/17.2.0 (x86_64)"
95.208.212.218 - - [18/Nov/2017:09:21:04 +0100] "GET /favicon.ico HTTP/1.1" 404 1181 "-" "Safari/13604.3.5 CFNetwork/889.9 Darwin/17.2.0 (x86_64)"
66.249.79.36 - - [18/Nov/2017:09:30:39 +0100] "GET /robots.txt HTTP/1.1" 404 1181 "-" "Mozilla/5.0 (compatible; Googlebot/2.1; +http://www.google.com/bot.html)"
66.249.79.36 - - [18/Nov/2017:09:30:39 +0100] "GET /projektek2.htm HTTP/1.1" 200 7634 "-" "Mozilla/5.0 (compatible; Googlebot/2.1; +http://www.google.com/bot.html)"
157.55.39.182 - - [18/Nov/2017:09:59:35 +0100] "GET /hirlevel/vonattal1602.html HTTP/1.1" 404 1181 "-" "Mozilla/5.0 (iPhone; CPU iPhone OS 7_0 like Mac OS X) AppleWebKit/537.51.1 (KHTML, like Gecko) Version/7.0 Mobile/11A465 Safari/9537.53 (compatible; bingbot/2.0; +http://www.bing.com/bingbot.htm)"
51.255.71.128 - - [18/Nov/2017:10:14:11 +0100] "GET /hirlevel/vonattal1304.html HTTP/1.1" 404 1181 "-" "Mozilla/5.0 (compatible; AhrefsBot/5.2; +http://ahrefs.com/robot/)"
207.46.13.62 - - [18/Nov/2017:11:20:54 +0100] "GET /hirlevel/vonattal1603.html HTTP/1.1" 404 1181 "-" "Mozilla/5.0 (iPhone; CPU iPhone OS 7_0 like Mac OS X) AppleWebKit/537.51.1 (KHTML, like Gecko) Version/7.0 Mobile/11A465 Safari/9537.53 (compatible; bingbot/2.0; +http://www.bing.com/bingbot.htm)"
207.46.13.62 - - [18/Nov/2017:11:23:19 +0100] "GET / HTTP/1.1" 200 2023 "-" "Mozilla/5.0 (compatible; bingbot/2.0; +http://www.bing.com/bingbot.htm)"
95.208.212.218 - - [18/Nov/2017:11:39:52 +0100] "GET /doc/b2_201203.jpg HTTP/1.1" 404 1181 "-" "Mozilla/5.0 (Macintosh; Intel Mac OS X 10_13_1) AppleWebKit/604.3.5 (KHTML, like Gecko)"
95.208.212.218 - - [18/Nov/2017:11:39:52 +0100] "GET /apple-touch-icon-precomposed.png HTTP/1.1" 404 1181 "-" "Safari/13604.3.5 CFNetwork/889.9 Darwin/17.2.0 (x86_64)"
95.208.212.218 - - [18/Nov/2017:11:39:52 +0100] "GET /apple-touch-icon.png HTTP/1.1" 404 1181 "-" "Safari/13604.3.5 CFNetwork/889.9 Darwin/17.2.0 (x86_64)"
95.208.212.218 - - [18/Nov/2017:11:39:52 +0100] "GET /favicon.ico HTTP/1.1" 404 1181 "-" "Safari/13604.3.5 CFNetwork/889.9 Darwin/17.2.0 (x86_64)"
95.208.212.218 - - [18/Nov/2017:11:39:52 +0100] "GET /apple-touch-icon-precomposed.png HTTP/1.1" 404 1181 "-" "Safari/13604.3.5 CFNetwork/889.9 Darwin/17.2.0 (x86_64)"
95.208.212.218 - - [18/Nov/2017:11:39:52 +0100] "GET /apple-touch-icon.png HTTP/1.1" 404 1181 "-" "Safari/13604.3.5 CFNetwork/889.9 Darwin/17.2.0 (x86_64)"
95.208.212.218 - - [18/Nov/2017:11:39:53 +0100] "GET /favicon.ico HTTP/1.1" 404 1181 "-" "Safari/13604.3.5 CFNetwork/889.9 Darwin/17.2.0 (x86_64)"
95.208.212.218 - - [18/Nov/2017:11:39:53 +0100] "GET /doc/b2_201203.jpg HTTP/1.1" 404 1181 "-" "Mozilla/5.0 (iPhone; CPU iPhone OS 10_3 like Mac OS X) AppleWebKit/603.1.30 (KHTML, like Gecko) Version/10.3 Mobile/14E277 Safari/603.1.30"
95.208.212.218 - - [18/Nov/2017:11:39:53 +0100] "GET /apple-touch-icon-precomposed.png HTTP/1.1" 404 1181 "-" "Safari/13604.3.5 CFNetwork/889.9 Darwin/17.2.0 (x86_64)"
95.208.212.218 - - [18/Nov/2017:11:39:53 +0100] "GET /apple-touch-icon.png HTTP/1.1" 404 1181 "-" "Safari/13604.3.5 CFNetwork/889.9 Darwin/17.2.0 (x86_64)"
95.208.212.218 - - [18/Nov/2017:11:39:53 +0100] "GET /favicon.ico HTTP/1.1" 404 1181 "-" "Safari/13604.3.5 CFNetwork/889.9 Darwin/17.2.0 (x86_64)"
95.208.212.218 - - [18/Nov/2017:11:39:53 +0100] "GET /apple-touch-icon-precomposed.png HTTP/1.1" 404 1181 "-" "Safari/13604.3.5 CFNetwork/889.9 Darwin/17.2.0 (x86_64)"
95.208.212.218 - - [18/Nov/2017:11:39:53 +0100] "GET /apple-touch-icon.png HTTP/1.1" 404 1181 "-" "Safari/13604.3.5 CFNetwork/889.9 Darwin/17.2.0 (x86_64)"
95.208.212.218 - - [18/Nov/2017:11:39:53 +0100] "GET /favicon.ico HTTP/1.1" 404 1181 "-" "Safari/13604.3.5 CFNetwork/889.9 Darwin/17.2.0 (x86_64)"
66.249.79.36 - - [18/Nov/2017:11:45:05 +0100] "GET /doc/kerparoskozlekedes.pdf HTTP/1.1" 200 2540119 "-" "Mozilla/5.0 (compatible; Googlebot/2.1; +http://www.google.com/bot.html)"
80.98.105.126 - - [18/Nov/2017:12:00:25 +0100] "GET / HTTP/1.1" 200 2023 "https://www.google.hu/" "Mozilla/5.0 (Windows NT 10.0; Win64; x64) AppleWebKit/537.36 (KHTML, like Gecko) Chrome/62.0.3202.94 Safari/537.36"
80.98.105.126 - - [18/Nov/2017:12:00:25 +0100] "GET /facebook-logo-preview.png HTTP/1.1" 200 3924 "http://www.mkk.zpok.hu/" "Mozilla/5.0 (Windows NT 10.0; Win64; x64) AppleWebKit/537.36 (KHTML, like Gecko) Chrome/62.0.3202.94 Safari/537.36"
80.98.105.126 - - [18/Nov/2017:12:00:25 +0100] "GET /blog.jpg HTTP/1.1" 200 29833 "http://www.mkk.zpok.hu/" "Mozilla/5.0 (Windows NT 10.0; Win64; x64) AppleWebKit/537.36 (KHTML, like Gecko) Chrome/62.0.3202.94 Safari/537.36"
80.98.105.126 - - [18/Nov/2017:12:00:25 +0100] "GET /mkk_banner.png HTTP/1.1" 200 62097 "http://www.mkk.zpok.hu/" "Mozilla/5.0 (Windows NT 10.0; Win64; x64) AppleWebKit/537.36 (KHTML, like Gecko) Chrome/62.0.3202.94 Safari/537.36"
80.98.105.126 - - [18/Nov/2017:12:00:27 +0100] "GET /favicon.ico HTTP/1.1" 404 1181 "http://www.mkk.zpok.hu/" "Mozilla/5.0 (Windows NT 10.0; Win64; x64) AppleWebKit/537.36 (KHTML, like Gecko) Chrome/62.0.3202.94 Safari/537.36"
207.46.13.62 - - [18/Nov/2017:12:37:13 +0100] "GET /hirlevel/Prezentacio_Partners%C3%A9g%20%20a%20jobb%20vas%C3%BAt%C3%A9rt.pdf HTTP/1.1" 404 1181 "-" "Mozilla/5.0 (iPhone; CPU iPhone OS 7_0 like Mac OS X) AppleWebKit/537.51.1 (KHTML, like Gecko) Version/7.0 Mobile/11A465 Safari/9537.53 (compatible; bingbot/2.0; +http://www.bing.com/bingbot.htm)"
95.208.212.218 - - [18/Nov/2017:12:54:53 +0100] "GET /doc/b2_201203.jpg HTTP/1.1" 404 1181 "-" "Mozilla/5.0 (Macintosh; Intel Mac OS X 10_13_1) AppleWebKit/604.3.5 (KHTML, like Gecko)"
95.208.212.218 - - [18/Nov/2017:12:54:53 +0100] "GET /apple-touch-icon-precomposed.png HTTP/1.1" 404 1181 "-" "Safari/13604.3.5 CFNetwork/889.9 Darwin/17.2.0 (x86_64)"
95.208.212.218 - - [18/Nov/2017:12:54:53 +0100] "GET /apple-touch-icon.png HTTP/1.1" 404 1181 "-" "Safari/13604.3.5 CFNetwork/889.9 Darwin/17.2.0 (x86_64)"
95.208.212.218 - - [18/Nov/2017:12:54:53 +0100] "GET /favicon.ico HTTP/1.1" 404 1181 "-" "Safari/13604.3.5 CFNetwork/889.9 Darwin/17.2.0 (x86_64)"
95.208.212.218 - - [18/Nov/2017:12:54:53 +0100] "GET /apple-touch-icon-precomposed.png HTTP/1.1" 404 1181 "-" "Safari/13604.3.5 CFNetwork/889.9 Darwin/17.2.0 (x86_64)"
95.208.212.218 - - [18/Nov/2017:12:54:53 +0100] "GET /apple-touch-icon.png HTTP/1.1" 404 1181 "-" "Safari/13604.3.5 CFNetwork/889.9 Darwin/17.2.0 (x86_64)"
95.208.212.218 - - [18/Nov/2017:12:54:53 +0100] "GET /favicon.ico HTTP/1.1" 404 1181 "-" "Safari/13604.3.5 CFNetwork/889.9 Darwin/17.2.0 (x86_64)"
95.208.212.218 - - [18/Nov/2017:12:54:53 +0100] "GET /doc/b2_201203.jpg HTTP/1.1" 404 1181 "-" "Mozilla/5.0 (iPhone; CPU iPhone OS 10_3 like Mac OS X) AppleWebKit/603.1.30 (KHTML, like Gecko) Version/10.3 Mobile/14E277 Safari/603.1.30"
95.208.212.218 - - [18/Nov/2017:12:54:53 +0100] "GET /apple-touch-icon-precomposed.png HTTP/1.1" 404 1181 "-" "Safari/13604.3.5 CFNetwork/889.9 Darwin/17.2.0 (x86_64)"
95.208.212.218 - - [18/Nov/2017:12:54:53 +0100] "GET /apple-touch-icon.png HTTP/1.1" 404 1181 "-" "Safari/13604.3.5 CFNetwork/889.9 Darwin/17.2.0 (x86_64)"
95.208.212.218 - - [18/Nov/2017:12:54:54 +0100] "GET /favicon.ico HTTP/1.1" 404 1181 "-" "Safari/13604.3.5 CFNetwork/889.9 Darwin/17.2.0 (x86_64)"
95.208.212.218 - - [18/Nov/2017:12:54:54 +0100] "GET /apple-touch-icon-precomposed.png HTTP/1.1" 404 1181 "-" "Safari/13604.3.5 CFNetwork/889.9 Darwin/17.2.0 (x86_64)"
95.208.212.218 - - [18/Nov/2017:12:54:54 +0100] "GET /apple-touch-icon.png HTTP/1.1" 404 1181 "-" "Safari/13604.3.5 CFNetwork/889.9 Darwin/17.2.0 (x86_64)"
95.208.212.218 - - [18/Nov/2017:12:54:54 +0100] "GET /favicon.ico HTTP/1.1" 404 1181 "-" "Safari/13604.3.5 CFNetwork/889.9 Darwin/17.2.0 (x86_64)"
157.55.39.118 - - [18/Nov/2017:13:24:58 +0100] "GET /robots.txt HTTP/1.1" 404 1181 "-" "Mozilla/5.0 (compatible; bingbot/2.0; +http://www.bing.com/bingbot.htm)"
207.46.13.62 - - [18/Nov/2017:13:25:02 +0100] "GET /doc/vasuttal-budapest-kornyeken.pdf HTTP/1.1" 404 1181 "-" "Mozilla/5.0 (iPhone; CPU iPhone OS 7_0 like Mac OS X) AppleWebKit/537.51.1 (KHTML, like Gecko) Version/7.0 Mobile/11A465 Safari/9537.53 (compatible; bingbot/2.0; +http://www.bing.com/bingbot.htm)"
40.77.167.29 - - [18/Nov/2017:13:53:34 +0100] "GET /hirlevel/vonattal1508.html HTTP/1.1" 404 1181 "-" "Mozilla/5.0 (iPhone; CPU iPhone OS 7_0 like Mac OS X) AppleWebKit/537.51.1 (KHTML, like Gecko) Version/7.0 Mobile/11A465 Safari/9537.53 (compatible; bingbot/2.0; +http://www.bing.com/bingbot.htm)"
157.55.39.61 - - [18/Nov/2017:14:27:17 +0100] "GET /hirlevel/emlekezteto_hevesvezekeny_201504.pdf HTTP/1.1" 404 1181 "-" "Mozilla/5.0 (iPhone; CPU iPhone OS 7_0 like Mac OS X) AppleWebKit/537.51.1 (KHTML, like Gecko) Version/7.0 Mobile/11A465 Safari/9537.53 (compatible; bingbot/2.0; +http://www.bing.com/bingbot.htm)"
66.249.79.88 - - [18/Nov/2017:14:47:16 +0100] "GET /robots.txt HTTP/1.1" 404 1181 "-" "Mozilla/5.0 (compatible; Googlebot/2.1; +http://www.google.com/bot.html)"
66.249.79.88 - - [18/Nov/2017:14:47:18 +0100] "GET /doc/mkk_eger_tanulmany_2014.pdf HTTP/1.1" 200 851104 "-" "Mozilla/5.0 (compatible; Googlebot/2.1; +http://www.google.com/bot.html)"
94.21.145.92 - - [18/Nov/2017:14:49:46 +0100] "GET / HTTP/1.1" 200 2023 "-" "Mozilla/5.0 (Windows NT 6.1; Win64; x64) AppleWebKit/537.36 (KHTML, like Gecko) Chrome/62.0.3202.94 Safari/537.36"
94.21.145.92 - - [18/Nov/2017:14:49:46 +0100] "GET /blog.jpg HTTP/1.1" 200 29833 "http://mkk.zpok.hu/" "Mozilla/5.0 (Windows NT 6.1; Win64; x64) AppleWebKit/537.36 (KHTML, like Gecko) Chrome/62.0.3202.94 Safari/537.36"
94.21.145.92 - - [18/Nov/2017:14:49:46 +0100] "GET /facebook-logo-preview.png HTTP/1.1" 200 3924 "http://mkk.zpok.hu/" "Mozilla/5.0 (Windows NT 6.1; Win64; x64) AppleWebKit/537.36 (KHTML, like Gecko) Chrome/62.0.3202.94 Safari/537.36"
94.21.145.92 - - [18/Nov/2017:14:49:46 +0100] "GET /mkk_banner.png HTTP/1.1" 200 62097 "http://mkk.zpok.hu/" "Mozilla/5.0 (Windows NT 6.1; Win64; x64) AppleWebKit/537.36 (KHTML, like Gecko) Chrome/62.0.3202.94 Safari/537.36"
94.21.145.92 - - [18/Nov/2017:14:49:49 +0100] "GET /projektek2.htm HTTP/1.1" 200 7634 "http://mkk.zpok.hu/" "Mozilla/5.0 (Windows NT 6.1; Win64; x64) AppleWebKit/537.36 (KHTML, like Gecko) Chrome/62.0.3202.94 Safari/537.36"
94.21.145.92 - - [18/Nov/2017:14:49:49 +0100] "GET /icons/icons_k/ipoly.png HTTP/1.1" 200 26376 "http://mkk.zpok.hu/projektek2.htm" "Mozilla/5.0 (Windows NT 6.1; Win64; x64) AppleWebKit/537.36 (KHTML, like Gecko) Chrome/62.0.3202.94 Safari/537.36"
94.21.145.92 - - [18/Nov/2017:14:49:49 +0100] "GET /icons/icons_k/eger.png HTTP/1.1" 200 28174 "http://mkk.zpok.hu/projektek2.htm" "Mozilla/5.0 (Windows NT 6.1; Win64; x64) AppleWebKit/537.36 (KHTML, like Gecko) Chrome/62.0.3202.94 Safari/537.36"
94.21.145.92 - - [18/Nov/2017:14:49:49 +0100] "GET /icons/icons_k/aps.png HTTP/1.1" 200 8274 "http://mkk.zpok.hu/projektek2.htm" "Mozilla/5.0 (Windows NT 6.1; Win64; x64) AppleWebKit/537.36 (KHTML, like Gecko) Chrome/62.0.3202.94 Safari/537.36"
94.21.145.92 - - [18/Nov/2017:14:49:49 +0100] "GET /icons/icons_k/fogadj.png HTTP/1.1" 200 31018 "http://mkk.zpok.hu/projektek2.htm" "Mozilla/5.0 (Windows NT 6.1; Win64; x64) AppleWebKit/537.36 (KHTML, like Gecko) Chrome/62.0.3202.94 Safari/537.36"
94.21.145.92 - - [18/Nov/2017:14:49:49 +0100] "GET /icons/icons_k/kiskore.png HTTP/1.1" 200 25890 "http://mkk.zpok.hu/projektek2.htm" "Mozilla/5.0 (Windows NT 6.1; Win64; x64) AppleWebKit/537.36 (KHTML, like Gecko) Chrome/62.0.3202.94 Safari/537.36"
94.21.145.92 - - [18/Nov/2017:14:49:49 +0100] "GET /icons/icons_k/westtakt.png HTTP/1.1" 200 8683 "http://mkk.zpok.hu/projektek2.htm" "Mozilla/5.0 (Windows NT 6.1; Win64; x64) AppleWebKit/537.36 (KHTML, like Gecko) Chrome/62.0.3202.94 Safari/537.36"
94.21.145.92 - - [18/Nov/2017:14:49:50 +0100] "GET /icons/icons_k/bringa.png HTTP/1.1" 200 22141 "http://mkk.zpok.hu/projektek2.htm" "Mozilla/5.0 (Windows NT 6.1; Win64; x64) AppleWebKit/537.36 (KHTML, like Gecko) Chrome/62.0.3202.94 Safari/537.36"
94.21.145.92 - - [18/Nov/2017:14:49:50 +0100] "GET /favicon.ico HTTP/1.1" 404 1181 "http://mkk.zpok.hu/" "Mozilla/5.0 (Windows NT 6.1; Win64; x64) AppleWebKit/537.36 (KHTML, like Gecko) Chrome/62.0.3202.94 Safari/537.36"
94.21.145.92 - - [18/Nov/2017:14:49:56 +0100] "GET /doc/mkk_eger_tanulmany_2014.pdf HTTP/1.1" 200 851104 "http://mkk.zpok.hu/projektek2.htm" "Mozilla/5.0 (Windows NT 6.1; Win64; x64) AppleWebKit/537.36 (KHTML, like Gecko) Chrome/62.0.3202.94 Safari/537.36"
173.252.105.118 - - [18/Nov/2017:14:50:02 +0100] "GET /doc/mkk_eger_tanulmany_2014.pdf HTTP/1.1" 206 524288 "-" "facebookexternalhit/1.1 (+http://www.facebook.com/externalhit_uatext.php)"
84.3.95.172 - - [18/Nov/2017:14:51:30 +0100] "GET /favicon.ico HTTP/1.1" 404 1181 "http://mkk.zpok.hu/doc/mkk_eger_tanulmany_2014.pdf" "Mozilla/5.0 (Windows NT 6.1; Win64; x64) AppleWebKit/537.36 (KHTML, like Gecko) Chrome/62.0.3202.94 Safari/537.36"
84.3.95.172 - - [18/Nov/2017:14:51:30 +0100] "GET /doc/mkk_eger_tanulmany_2014.pdf HTTP/1.1" 200 851104 "https://l.facebook.com/" "Mozilla/5.0 (Windows NT 6.1; Win64; x64) AppleWebKit/537.36 (KHTML, like Gecko) Chrome/62.0.3202.94 Safari/537.36"
46.229.164.101 - - [18/Nov/2017:15:26:09 +0100] "GET /robots.txt HTTP/1.1" 404 1181 "-" "Mozilla/5.0 (compatible; SemrushBot/1.2~bl; +http://www.semrush.com/bot.html)"
40.77.167.29 - - [18/Nov/2017:15:38:37 +0100] "GET /doc/ecseri_ut.pdf HTTP/1.1" 404 1181 "-" "Mozilla/5.0 (compatible; bingbot/2.0; +http://www.bing.com/bingbot.htm)"
141.8.183.17 - - [18/Nov/2017:16:43:05 +0100] "GET /robots.txt HTTP/1.1" 404 1181 "-" "Mozilla/5.0 (compatible; YandexBot/3.0; +http://yandex.com/bots)"
141.8.183.17 - - [18/Nov/2017:16:43:05 +0100] "GET /robots.txt HTTP/1.1" 404 1181 "-" "Mozilla/5.0 (compatible; YandexBot/3.0; +http://yandex.com/bots)"
141.8.183.17 - - [18/Nov/2017:16:43:09 +0100] "GET / HTTP/1.1" 200 2023 "-" "Mozilla/5.0 (compatible; YandexBot/3.0; +http://yandex.com/bots)"
141.8.183.17 - - [18/Nov/2017:16:43:09 +0100] "GET / HTTP/1.1" 200 2023 "-" "Mozilla/5.0 (compatible; YandexBot/3.0; +http://yandex.com/bots)"
157.55.39.61 - - [18/Nov/2017:16:59:56 +0100] "GET /doc/hu_aps_positivbeispiele_aufl2_070622_klein.pdf HTTP/1.1" 200 2887217 "-" "Mozilla/5.0 (iPhone; CPU iPhone OS 7_0 like Mac OS X) AppleWebKit/537.51.1 (KHTML, like Gecko) Version/7.0 Mobile/11A465 Safari/9537.53 (compatible; bingbot/2.0; +http://www.bing.com/bingbot.htm)"
157.55.39.118 - - [18/Nov/2017:17:04:04 +0100] "GET /robots.txt HTTP/1.1" 404 1181 "-" "Mozilla/5.0 (compatible; bingbot/2.0; +http://www.bing.com/bingbot.htm)"
157.55.39.182 - - [18/Nov/2017:17:04:14 +0100] "GET /doc/eletet-a-vasutnak.pdf HTTP/1.1" 200 5085257 "-" "Mozilla/5.0 (compatible; bingbot/2.0; +http://www.bing.com/bingbot.htm)"
157.55.39.182 - - [18/Nov/2017:17:12:01 +0100] "GET /hirlevel/vonattal1409.html HTTP/1.1" 404 1181 "-" "Mozilla/5.0 (iPhone; CPU iPhone OS 7_0 like Mac OS X) AppleWebKit/537.51.1 (KHTML, like Gecko) Version/7.0 Mobile/11A465 Safari/9537.53 (compatible; bingbot/2.0; +http://www.bing.com/bingbot.htm)"
216.244.66.199 - - [18/Nov/2017:17:16:20 +0100] "GET /robots.txt HTTP/1.1" 404 1181 "-" "Mozilla/5.0 (compatible; DotBot/1.1; http://www.opensiteexplorer.org/dotbot, help@moz.com)"
5.9.17.118 - - [18/Nov/2017:17:18:54 +0100] "GET /doc/hu_aps_positivbeispiele_aufl2_070622_klein.pdf HTTP/1.1" 200 2887217 "-" "Mozilla/5.0 (Macintosh; Intel Mac OS X 10_8) AppleWebKit/536.25 (KHTML, like Gecko) Version/6.0 Safari/536.25"
207.46.13.62 - - [18/Nov/2017:18:14:02 +0100] "GET /hirlevel/II_vasuttorteneti_konf_2o15.pdf HTTP/1.1" 404 1181 "-" "Mozilla/5.0 (compatible; bingbot/2.0; +http://www.bing.com/bingbot.htm)"
145.236.38.84 - - [18/Nov/2017:18:39:20 +0100] "GET / HTTP/1.1" 200 2023 "https://www.google.hu/" "Mozilla/5.0 (Windows NT 10.0; Win64; x64) AppleWebKit/537.36 (KHTML, like Gecko) Chrome/62.0.3202.94 Safari/537.36"
145.236.38.84 - - [18/Nov/2017:18:39:20 +0100] "GET /blog.jpg HTTP/1.1" 200 29833 "http://www.mkk.zpok.hu/" "Mozilla/5.0 (Windows NT 10.0; Win64; x64) AppleWebKit/537.36 (KHTML, like Gecko) Chrome/62.0.3202.94 Safari/537.36"
145.236.38.84 - - [18/Nov/2017:18:39:20 +0100] "GET /facebook-logo-preview.png HTTP/1.1" 200 3924 "http://www.mkk.zpok.hu/" "Mozilla/5.0 (Windows NT 10.0; Win64; x64) AppleWebKit/537.36 (KHTML, like Gecko) Chrome/62.0.3202.94 Safari/537.36"
145.236.38.84 - - [18/Nov/2017:18:39:20 +0100] "GET /mkk_banner.png HTTP/1.1" 200 62097 "http://www.mkk.zpok.hu/" "Mozilla/5.0 (Windows NT 10.0; Win64; x64) AppleWebKit/537.36 (KHTML, like Gecko) Chrome/62.0.3202.94 Safari/537.36"
145.236.38.84 - - [18/Nov/2017:18:39:21 +0100] "GET /favicon.ico HTTP/1.1" 404 1181 "http://www.mkk.zpok.hu/" "Mozilla/5.0 (Windows NT 10.0; Win64; x64) AppleWebKit/537.36 (KHTML, like Gecko) Chrome/62.0.3202.94 Safari/537.36"
207.241.225.246 - - [18/Nov/2017:19:00:34 +0100] "GET /robots.txt HTTP/1.1" 404 1181 "-" "Mozilla/5.0 (compatible; archive.org_bot; Wayback Machine Live Record; +http://archive.org/details/archive.org_bot)"
207.241.226.232 - - [18/Nov/2017:19:00:35 +0100] "GET /robots.txt HTTP/1.1" 404 1181 "-" "Mozilla/5.0 (compatible; archive.org_bot; Wayback Machine Live Record; +http://archive.org/details/archive.org_bot)"
46.5.26.196 - - [18/Nov/2017:19:00:45 +0100] "GET /doc/b2_201203.jpg HTTP/1.1" 404 1181 "-" "Mozilla/5.0 (Macintosh; Intel Mac OS X 10_13_1) AppleWebKit/604.3.5 (KHTML, like Gecko)"
46.5.26.196 - - [18/Nov/2017:19:00:45 +0100] "GET /apple-touch-icon-precomposed.png HTTP/1.1" 404 1181 "-" "Safari/13604.3.5 CFNetwork/889.9 Darwin/17.2.0 (x86_64)"
46.5.26.196 - - [18/Nov/2017:19:00:46 +0100] "GET /apple-touch-icon.png HTTP/1.1" 404 1181 "-" "Safari/13604.3.5 CFNetwork/889.9 Darwin/17.2.0 (x86_64)"
46.5.26.196 - - [18/Nov/2017:19:00:46 +0100] "GET /favicon.ico HTTP/1.1" 404 1181 "-" "Safari/13604.3.5 CFNetwork/889.9 Darwin/17.2.0 (x86_64)"
46.5.26.196 - - [18/Nov/2017:19:00:46 +0100] "GET /apple-touch-icon-precomposed.png HTTP/1.1" 404 1181 "-" "Safari/13604.3.5 CFNetwork/889.9 Darwin/17.2.0 (x86_64)"
46.5.26.196 - - [18/Nov/2017:19:00:46 +0100] "GET /apple-touch-icon.png HTTP/1.1" 404 1181 "-" "Safari/13604.3.5 CFNetwork/889.9 Darwin/17.2.0 (x86_64)"
46.5.26.196 - - [18/Nov/2017:19:00:46 +0100] "GET /favicon.ico HTTP/1.1" 404 1181 "-" "Safari/13604.3.5 CFNetwork/889.9 Darwin/17.2.0 (x86_64)"
46.5.26.196 - - [18/Nov/2017:19:00:46 +0100] "GET /doc/b2_201203.jpg HTTP/1.1" 404 1181 "-" "Mozilla/5.0 (iPhone; CPU iPhone OS 10_3 like Mac OS X) AppleWebKit/603.1.30 (KHTML, like Gecko) Version/10.3 Mobile/14E277 Safari/603.1.30"
46.5.26.196 - - [18/Nov/2017:19:00:46 +0100] "GET /apple-touch-icon-precomposed.png HTTP/1.1" 404 1181 "-" "Safari/13604.3.5 CFNetwork/889.9 Darwin/17.2.0 (x86_64)"
46.5.26.196 - - [18/Nov/2017:19:00:46 +0100] "GET /apple-touch-icon.png HTTP/1.1" 404 1181 "-" "Safari/13604.3.5 CFNetwork/889.9 Darwin/17.2.0 (x86_64)"
46.5.26.196 - - [18/Nov/2017:19:00:46 +0100] "GET /favicon.ico HTTP/1.1" 404 1181 "-" "Safari/13604.3.5 CFNetwork/889.9 Darwin/17.2.0 (x86_64)"
46.5.26.196 - - [18/Nov/2017:19:00:46 +0100] "GET /apple-touch-icon-precomposed.png HTTP/1.1" 404 1181 "-" "Safari/13604.3.5 CFNetwork/889.9 Darwin/17.2.0 (x86_64)"
46.5.26.196 - - [18/Nov/2017:19:00:46 +0100] "GET /apple-touch-icon.png HTTP/1.1" 404 1181 "-" "Safari/13604.3.5 CFNetwork/889.9 Darwin/17.2.0 (x86_64)"
46.5.26.196 - - [18/Nov/2017:19:00:46 +0100] "GET /favicon.ico HTTP/1.1" 404 1181 "-" "Safari/13604.3.5 CFNetwork/889.9 Darwin/17.2.0 (x86_64)"
188.6.101.188 - - [18/Nov/2017:19:01:32 +0100] "GET /doc/varos-videk_2009.pdf HTTP/1.1" 200 1636386 "http://kozlekedesiklub.blog.hu/2017/03/23/regionalis_vasutak_merre_van_az_elore" "Mozilla/5.0 (Linux; Android 4.4.2; Lenovo B8080-F Build/KVT49L) AppleWebKit/537.36 (KHTML, like Gecko) Chrome/62.0.3202.84 Safari/537.36"
188.6.101.188 - - [18/Nov/2017:19:02:35 +0100] "GET /doc/hu_aps_positivbeispiele_aufl2_070622_klein.pdf HTTP/1.1" 200 2887217 "http://kozlekedesiklub.blog.hu/2017/03/23/regionalis_vasutak_merre_van_az_elore" "Mozilla/5.0 (Linux; Android 4.4.2; Lenovo B8080-F Build/KVT49L) AppleWebKit/537.36 (KHTML, like Gecko) Chrome/62.0.3202.84 Safari/537.36"
66.249.93.192 - - [18/Nov/2017:19:04:16 +0100] "GET / HTTP/1.1" 200 2023 "-" "Mozilla/5.0 (X11; Linux x86_64) AppleWebKit/537.36 (KHTML, like Gecko) Chrome/49.0.2623.75 Safari/537.36 Google Favicon"
66.249.93.223 - - [18/Nov/2017:19:04:16 +0100] "GET /favicon.ico HTTP/1.1" 404 1181 "-" "Mozilla/5.0 (X11; Linux x86_64) AppleWebKit/537.36 (KHTML, like Gecko) Chrome/49.0.2623.75 Safari/537.36 Google Favicon"
157.55.39.182 - - [18/Nov/2017:19:06:06 +0100] "GET /hirlevel/vonattal1107.htm HTTP/1.1" 404 1181 "-" "Mozilla/5.0 (compatible; bingbot/2.0; +http://www.bing.com/bingbot.htm)"
162.210.196.129 - - [18/Nov/2017:19:29:51 +0100] "GET /robots.txt HTTP/1.1" 404 1181 "-" "Mozilla/5.0 (compatible; MJ12bot/v1.4.8; http://mj12bot.com/)"
162.210.196.129 - - [18/Nov/2017:19:29:54 +0100] "GET / HTTP/1.1" 200 2023 "-" "Mozilla/5.0 (compatible; MJ12bot/v1.4.8; http://mj12bot.com/)"
66.249.79.90 - - [18/Nov/2017:19:51:25 +0100] "GET /doc/allomasok_kepes_osszefoglaloja.pdf HTTP/1.1" 200 5628186 "-" "Mozilla/5.0 (compatible; Googlebot/2.1; +http://www.google.com/bot.html)"
207.46.13.62 - - [18/Nov/2017:19:57:29 +0100] "GET / HTTP/1.1" 200 2023 "-" "Mozilla/5.0 (compatible; bingbot/2.0; +http://www.bing.com/bingbot.htm)"
37.76.35.42 - - [18/Nov/2017:20:05:26 +0100] "GET / HTTP/1.1" 200 2023 "-" "Mozilla/5.0 (Linux; Android 4.2.2; GT-S7275R Build/JDQ39) AppleWebKit/537.36 (KHTML, like Gecko) Chrome/61.0.3163.98 Mobile Safari/537.36"
37.76.35.42 - - [18/Nov/2017:20:05:29 +0100] "GET /facebook-logo-preview.png HTTP/1.1" 200 3924 "http://www.mkk.zpok.hu/" "Mozilla/5.0 (Linux; Android 4.2.2; GT-S7275R Build/JDQ39) AppleWebKit/537.36 (KHTML, like Gecko) Chrome/61.0.3163.98 Mobile Safari/537.36"
37.76.35.42 - - [18/Nov/2017:20:05:29 +0100] "GET /mkk_banner.png HTTP/1.1" 200 62097 "http://www.mkk.zpok.hu/" "Mozilla/5.0 (Linux; Android 4.2.2; GT-S7275R Build/JDQ39) AppleWebKit/537.36 (KHTML, like Gecko) Chrome/61.0.3163.98 Mobile Safari/537.36"
37.76.35.42 - - [18/Nov/2017:20:05:29 +0100] "GET /blog.jpg HTTP/1.1" 200 29833 "http://www.mkk.zpok.hu/" "Mozilla/5.0 (Linux; Android 4.2.2; GT-S7275R Build/JDQ39) AppleWebKit/537.36 (KHTML, like Gecko) Chrome/61.0.3163.98 Mobile Safari/537.36"
37.76.35.42 - - [18/Nov/2017:20:05:45 +0100] "GET /favicon.ico HTTP/1.1" 404 1181 "http://www.mkk.zpok.hu/" "Mozilla/5.0 (Linux; Android 4.2.2; GT-S7275R Build/JDQ39) AppleWebKit/537.36 (KHTML, like Gecko) Chrome/61.0.3163.98 Mobile Safari/537.36"
66.249.79.36 - - [18/Nov/2017:20:07:45 +0100] "GET /images/vasutterkep_n.jpg HTTP/1.1" 404 1181 "-" "Googlebot-Image/1.0"
66.249.79.88 - - [18/Nov/2017:21:11:55 +0100] "GET /hirlevel/images/1103_d.jpg HTTP/1.1" 404 1181 "-" "Googlebot-Image/1.0"
188.6.192.54 - - [18/Nov/2017:21:41:43 +0100] "GET / HTTP/1.1" 200 2023 "https://www.google.hu/" "Mozilla/5.0 (Windows NT 10.0; Win64; x64) AppleWebKit/537.36 (KHTML, like Gecko) Chrome/62.0.3202.94 Safari/537.36"
188.6.192.54 - - [18/Nov/2017:21:41:43 +0100] "GET /facebook-logo-preview.png HTTP/1.1" 200 3924 "http://www.mkk.zpok.hu/" "Mozilla/5.0 (Windows NT 10.0; Win64; x64) AppleWebKit/537.36 (KHTML, like Gecko) Chrome/62.0.3202.94 Safari/537.36"
188.6.192.54 - - [18/Nov/2017:21:41:43 +0100] "GET /blog.jpg HTTP/1.1" 200 29833 "http://www.mkk.zpok.hu/" "Mozilla/5.0 (Windows NT 10.0; Win64; x64) AppleWebKit/537.36 (KHTML, like Gecko) Chrome/62.0.3202.94 Safari/537.36"
188.6.192.54 - - [18/Nov/2017:21:41:43 +0100] "GET /mkk_banner.png HTTP/1.1" 200 62097 "http://www.mkk.zpok.hu/" "Mozilla/5.0 (Windows NT 10.0; Win64; x64) AppleWebKit/537.36 (KHTML, like Gecko) Chrome/62.0.3202.94 Safari/537.36"
188.6.192.54 - - [18/Nov/2017:21:41:52 +0100] "GET /favicon.ico HTTP/1.1" 404 1181 "http://www.mkk.zpok.hu/" "Mozilla/5.0 (Windows NT 10.0; Win64; x64) AppleWebKit/537.36 (KHTML, like Gecko) Chrome/62.0.3202.94 Safari/537.36"
80.77.124.230 - - [18/Nov/2017:22:12:21 +0100] "GET / HTTP/1.1" 200 2023 "-" "Mozilla/5.0 (Windows NT 10.0; Win64; x64) AppleWebKit/537.36 (KHTML, like Gecko) Chrome/61.0.3163.100 Safari/537.36"
77.111.91.248 - - [18/Nov/2017:22:24:28 +0100] "GET / HTTP/1.1" 200 2023 "-" "Mozilla/5.0 (Windows NT 10.0; Win64; x64) AppleWebKit/537.36 (KHTML, like Gecko) Chrome/61.0.3163.100 Safari/537.36"
64.62.252.163 - - [18/Nov/2017:23:59:37 +0100] "GET /robots.txt HTTP/1.1" 404 1181 "-" "BUbiNG (+http://law.di.unimi.it/BUbiNG.html)"
64.62.252.163 - - [18/Nov/2017:23:59:37 +0100] "GET / HTTP/1.1" 200 2023 "-" "BUbiNG (+http://law.di.unimi.it/BUbiNG.html)"
141.8.183.17 - - [19/Nov/2017:00:03:06 +0100] "GET /robots.txt HTTP/1.1" 404 1181 "-" "Mozilla/5.0 (compatible; YandexBot/3.0; +http://yandex.com/bots)"
141.8.183.17 - - [19/Nov/2017:00:03:10 +0100] "GET /doc/b2_2010.pdf HTTP/1.1" 404 1181 "-" "Mozilla/5.0 (compatible; YandexBot/3.0; +http://yandex.com/bots)"
46.229.164.101 - - [19/Nov/2017:00:04:46 +0100] "GET /robots.txt HTTP/1.1" 404 1181 "-" "Mozilla/5.0 (compatible; SemrushBot/1.2~bl; +http://www.semrush.com/bot.html)"
62.165.243.173 - - [19/Nov/2017:00:08:34 +0100] "GET / HTTP/1.1" 200 2023 "https://www.google.hu/" "Mozilla/5.0 (Windows NT 10.0; Win64; x64) AppleWebKit/537.36 (KHTML, like Gecko) Chrome/62.0.3202.94 Safari/537.36"
62.165.243.173 - - [19/Nov/2017:00:08:34 +0100] "GET /blog.jpg HTTP/1.1" 200 29833 "http://www.mkk.zpok.hu/" "Mozilla/5.0 (Windows NT 10.0; Win64; x64) AppleWebKit/537.36 (KHTML, like Gecko) Chrome/62.0.3202.94 Safari/537.36"
62.165.243.173 - - [19/Nov/2017:00:08:34 +0100] "GET /facebook-logo-preview.png HTTP/1.1" 200 3924 "http://www.mkk.zpok.hu/" "Mozilla/5.0 (Windows NT 10.0; Win64; x64) AppleWebKit/537.36 (KHTML, like Gecko) Chrome/62.0.3202.94 Safari/537.36"
62.165.243.173 - - [19/Nov/2017:00:08:34 +0100] "GET /mkk_banner.png HTTP/1.1" 200 62097 "http://www.mkk.zpok.hu/" "Mozilla/5.0 (Windows NT 10.0; Win64; x64) AppleWebKit/537.36 (KHTML, like Gecko) Chrome/62.0.3202.94 Safari/537.36"
62.165.243.173 - - [19/Nov/2017:00:08:36 +0100] "GET /favicon.ico HTTP/1.1" 404 1181 "http://www.mkk.zpok.hu/" "Mozilla/5.0 (Windows NT 10.0; Win64; x64) AppleWebKit/537.36 (KHTML, like Gecko) Chrome/62.0.3202.94 Safari/537.36"
66.249.66.192 - - [19/Nov/2017:00:08:57 +0100] "GET /doc/kerdoiv_kozlekedesi_szokasokrol_es_ismeretekrol.doc HTTP/1.1" 404 1181 "-" "Mozilla/5.0 (Linux; Android 6.0.1; Nexus 5X Build/MMB29P) AppleWebKit/537.36 (KHTML, like Gecko) Chrome/41.0.2272.96 Mobile Safari/537.36 (compatible; Googlebot/2.1; +http://www.google.com/bot.html)"
62.165.243.173 - - [19/Nov/2017:00:09:43 +0100] "GET /projektek2.htm HTTP/1.1" 200 7634 "http://www.mkk.zpok.hu/" "Mozilla/5.0 (Windows NT 10.0; Win64; x64) AppleWebKit/537.36 (KHTML, like Gecko) Chrome/62.0.3202.94 Safari/537.36"
62.165.243.173 - - [19/Nov/2017:00:09:43 +0100] "GET /icons/icons_k/eger.png HTTP/1.1" 200 28174 "http://www.mkk.zpok.hu/projektek2.htm" "Mozilla/5.0 (Windows NT 10.0; Win64; x64) AppleWebKit/537.36 (KHTML, like Gecko) Chrome/62.0.3202.94 Safari/537.36"
62.165.243.173 - - [19/Nov/2017:00:09:43 +0100] "GET /icons/icons_k/aps.png HTTP/1.1" 200 8274 "http://www.mkk.zpok.hu/projektek2.htm" "Mozilla/5.0 (Windows NT 10.0; Win64; x64) AppleWebKit/537.36 (KHTML, like Gecko) Chrome/62.0.3202.94 Safari/537.36"
62.165.243.173 - - [19/Nov/2017:00:09:43 +0100] "GET /icons/icons_k/fogadj.png HTTP/1.1" 200 31018 "http://www.mkk.zpok.hu/projektek2.htm" "Mozilla/5.0 (Windows NT 10.0; Win64; x64) AppleWebKit/537.36 (KHTML, like Gecko) Chrome/62.0.3202.94 Safari/537.36"
62.165.243.173 - - [19/Nov/2017:00:09:43 +0100] "GET /icons/icons_k/westtakt.png HTTP/1.1" 200 8683 "http://www.mkk.zpok.hu/projektek2.htm" "Mozilla/5.0 (Windows NT 10.0; Win64; x64) AppleWebKit/537.36 (KHTML, like Gecko) Chrome/62.0.3202.94 Safari/537.36"
62.165.243.173 - - [19/Nov/2017:00:09:43 +0100] "GET /icons/icons_k/kiskore.png HTTP/1.1" 200 25890 "http://www.mkk.zpok.hu/projektek2.htm" "Mozilla/5.0 (Windows NT 10.0; Win64; x64) AppleWebKit/537.36 (KHTML, like Gecko) Chrome/62.0.3202.94 Safari/537.36"
62.165.243.173 - - [19/Nov/2017:00:09:43 +0100] "GET /icons/icons_k/bringa.png HTTP/1.1" 200 22141 "http://www.mkk.zpok.hu/projektek2.htm" "Mozilla/5.0 (Windows NT 10.0; Win64; x64) AppleWebKit/537.36 (KHTML, like Gecko) Chrome/62.0.3202.94 Safari/537.36"
62.165.243.173 - - [19/Nov/2017:00:09:43 +0100] "GET /icons/icons_k/ipoly.png HTTP/1.1" 200 26376 "http://www.mkk.zpok.hu/projektek2.htm" "Mozilla/5.0 (Windows NT 10.0; Win64; x64) AppleWebKit/537.36 (KHTML, like Gecko) Chrome/62.0.3202.94 Safari/537.36"
62.165.243.173 - - [19/Nov/2017:00:09:52 +0100] "GET /doc/allomasok_kepes_osszefoglaloja.pdf HTTP/1.1" 200 4716012 "http://www.mkk.zpok.hu/projektek2.htm" "Mozilla/5.0 (Windows NT 10.0; Win64; x64) AppleWebKit/537.36 (KHTML, like Gecko) Chrome/62.0.3202.94 Safari/537.36"
62.165.243.173 - - [19/Nov/2017:00:09:53 +0100] "GET /doc/allomasok_kepes_osszefoglaloja.pdf HTTP/1.1" 206 1590462 "http://www.mkk.zpok.hu/doc/allomasok_kepes_osszefoglaloja.pdf" "Mozilla/5.0 (Windows NT 10.0; Win64; x64) AppleWebKit/537.36 (KHTML, like Gecko) Chrome/62.0.3202.94 Safari/537.36"
62.165.243.173 - - [19/Nov/2017:00:12:59 +0100] "GET /tagsag2.htm HTTP/1.1" 200 1335 "http://www.mkk.zpok.hu/" "Mozilla/5.0 (Windows NT 10.0; Win64; x64) AppleWebKit/537.36 (KHTML, like Gecko) Chrome/62.0.3202.94 Safari/537.36"
62.165.243.173 - - [19/Nov/2017:00:13:02 +0100] "GET /doc/belepesinyilatkozat.pdf HTTP/1.1" 200 403937 "http://www.mkk.zpok.hu/tagsag2.htm" "Mozilla/5.0 (Windows NT 10.0; Win64; x64) AppleWebKit/537.36 (KHTML, like Gecko) Chrome/62.0.3202.94 Safari/537.36"
62.165.243.173 - - [19/Nov/2017:00:13:54 +0100] "GET /kikvagyunk2.htm HTTP/1.1" 200 17012 "http://www.mkk.zpok.hu/" "Mozilla/5.0 (Windows NT 10.0; Win64; x64) AppleWebKit/537.36 (KHTML, like Gecko) Chrome/62.0.3202.94 Safari/537.36"
62.165.243.173 - - [19/Nov/2017:00:13:54 +0100] "GET /icons/icons_k/1.png HTTP/1.1" 200 7684 "http://www.mkk.zpok.hu/kikvagyunk2.htm" "Mozilla/5.0 (Windows NT 10.0; Win64; x64) AppleWebKit/537.36 (KHTML, like Gecko) Chrome/62.0.3202.94 Safari/537.36"
62.165.243.173 - - [19/Nov/2017:00:13:54 +0100] "GET /icons/icons_k/3.png HTTP/1.1" 200 5625 "http://www.mkk.zpok.hu/kikvagyunk2.htm" "Mozilla/5.0 (Windows NT 10.0; Win64; x64) AppleWebKit/537.36 (KHTML, like Gecko) Chrome/62.0.3202.94 Safari/537.36"
62.165.243.173 - - [19/Nov/2017:00:13:54 +0100] "GET /icons/icons_k/4.png HTTP/1.1" 200 5935 "http://www.mkk.zpok.hu/kikvagyunk2.htm" "Mozilla/5.0 (Windows NT 10.0; Win64; x64) AppleWebKit/537.36 (KHTML, like Gecko) Chrome/62.0.3202.94 Safari/537.36"
62.165.243.173 - - [19/Nov/2017:00:13:54 +0100] "GET /icons/icons_k/2.png HTTP/1.1" 200 8020 "http://www.mkk.zpok.hu/kikvagyunk2.htm" "Mozilla/5.0 (Windows NT 10.0; Win64; x64) AppleWebKit/537.36 (KHTML, like Gecko) Chrome/62.0.3202.94 Safari/537.36"
62.165.243.173 - - [19/Nov/2017:00:13:54 +0100] "GET /icons/icons_k/5.png HTTP/1.1" 200 5410 "http://www.mkk.zpok.hu/kikvagyunk2.htm" "Mozilla/5.0 (Windows NT 10.0; Win64; x64) AppleWebKit/537.36 (KHTML, like Gecko) Chrome/62.0.3202.94 Safari/537.36"
62.165.243.173 - - [19/Nov/2017:00:13:54 +0100] "GET /icons/icons_k/6.png HTTP/1.1" 200 4270 "http://www.mkk.zpok.hu/kikvagyunk2.htm" "Mozilla/5.0 (Windows NT 10.0; Win64; x64) AppleWebKit/537.36 (KHTML, like Gecko) Chrome/62.0.3202.94 Safari/537.36"
62.165.243.173 - - [19/Nov/2017:00:13:54 +0100] "GET /icons/icons_k/mpeter.png HTTP/1.1" 200 28939 "http://www.mkk.zpok.hu/kikvagyunk2.htm" "Mozilla/5.0 (Windows NT 10.0; Win64; x64) AppleWebKit/537.36 (KHTML, like Gecko) Chrome/62.0.3202.94 Safari/537.36"
62.165.243.173 - - [19/Nov/2017:00:13:54 +0100] "GET /kikvag1.jpg HTTP/1.1" 200 9565 "http://www.mkk.zpok.hu/kikvagyunk2.htm" "Mozilla/5.0 (Windows NT 10.0; Win64; x64) AppleWebKit/537.36 (KHTML, like Gecko) Chrome/62.0.3202.94 Safari/537.36"
62.165.243.173 - - [19/Nov/2017:00:13:54 +0100] "GET /pdf.png HTTP/1.1" 200 133123 "http://www.mkk.zpok.hu/kikvagyunk2.htm" "Mozilla/5.0 (Windows NT 10.0; Win64; x64) AppleWebKit/537.36 (KHTML, like Gecko) Chrome/62.0.3202.94 Safari/537.36"
62.165.243.173 - - [19/Nov/2017:00:14:04 +0100] "GET /doc/alapsz03.pdf HTTP/1.1" 200 2482176 "http://www.mkk.zpok.hu/kikvagyunk2.htm" "Mozilla/5.0 (Windows NT 10.0; Win64; x64) AppleWebKit/537.36 (KHTML, like Gecko) Chrome/62.0.3202.94 Safari/537.36"
62.165.243.173 - - [19/Nov/2017:00:14:05 +0100] "GET /doc/alapsz03.pdf HTTP/1.1" 206 65536 "http://www.mkk.zpok.hu/doc/alapsz03.pdf" "Mozilla/5.0 (Windows NT 10.0; Win64; x64) AppleWebKit/537.36 (KHTML, like Gecko) Chrome/62.0.3202.94 Safari/537.36"
62.165.243.173 - - [19/Nov/2017:00:14:05 +0100] "GET /doc/alapsz03.pdf HTTP/1.1" 206 5092440 "http://www.mkk.zpok.hu/doc/alapsz03.pdf" "Mozilla/5.0 (Windows NT 10.0; Win64; x64) AppleWebKit/537.36 (KHTML, like Gecko) Chrome/62.0.3202.94 Safari/537.36"
207.46.13.62 - - [19/Nov/2017:00:47:16 +0100] "GET /hirlevel/vonattal1012.htm HTTP/1.1" 404 1181 "-" "Mozilla/5.0 (iPhone; CPU iPhone OS 7_0 like Mac OS X) AppleWebKit/537.51.1 (KHTML, like Gecko) Version/7.0 Mobile/11A465 Safari/9537.53 (compatible; bingbot/2.0; +http://www.bing.com/bingbot.htm)"
167.114.219.41 - - [19/Nov/2017:01:01:15 +0100] "GET /robots.txt HTTP/1.1" 404 1181 "-" "Mozilla/5.0 (compatible; SiteExplorer/1.1b; +http://siteexplorer.info/Backlink-Checker-Spider/)"
18.195.129.178 - - [19/Nov/2017:02:06:46 +0100] "GET /robots.txt HTTP/1.1" 404 1181 "-" "Mozilla/5.0 (compatible; Cliqzbot/2.0; +http://cliqz.com/company/cliqzbot)"
18.195.129.178 - - [19/Nov/2017:02:06:47 +0100] "GET /hirlevel/vonattal1009.htm HTTP/1.1" 404 1181 "-" "Mozilla/5.0 (compatible; Cliqzbot/2.0; +http://cliqz.com/company/cliqzbot)"
157.55.39.182 - - [19/Nov/2017:02:22:33 +0100] "GET /doc/eletet-a-vasutnak.pdf HTTP/1.1" 200 5085257 "-" "Mozilla/5.0 (iPhone; CPU iPhone OS 7_0 like Mac OS X) AppleWebKit/537.51.1 (KHTML, like Gecko) Version/7.0 Mobile/11A465 Safari/9537.53 (compatible; bingbot/2.0; +http://www.bing.com/bingbot.htm)"
88.198.22.8 - - [19/Nov/2017:03:03:26 +0100] "GET / HTTP/1.0" 200 2023 "-" "Mozilla/5.0 (compatible; MSIE 10.0; Windows NT 6.1; WOW64; Trident/6.0; SLCC2; .NET CLR 2.0.50727; .NET4.0C; .NET4.0E; .NET CLR 3.5.30729; .NET CLR 3.0.30729; InfoPath.3; .NET CLR 1.1.4322)"
66.249.66.222 - - [19/Nov/2017:03:13:56 +0100] "GET /robots.txt HTTP/1.1" 404 1181 "-" "Mozilla/5.0 (compatible; Googlebot/2.1; +http://www.google.com/bot.html)"
66.249.66.195 - - [19/Nov/2017:03:13:56 +0100] "GET /hirlevel/images/0912b.jpg HTTP/1.1" 404 1181 "-" "Googlebot-Image/1.0"
157.55.39.182 - - [19/Nov/2017:04:23:58 +0100] "GET /doc/varos-videk.vasut_2009.pdf HTTP/1.1" 404 1181 "-" "Mozilla/5.0 (iPhone; CPU iPhone OS 7_0 like Mac OS X) AppleWebKit/537.51.1 (KHTML, like Gecko) Version/7.0 Mobile/11A465 Safari/9537.53 (compatible; bingbot/2.0; +http://www.bing.com/bingbot.htm)"
40.77.167.29 - - [19/Nov/2017:04:24:05 +0100] "GET /doc/andreas_geissler.ppt HTTP/1.1" 404 1181 "-" "Mozilla/5.0 (iPhone; CPU iPhone OS 7_0 like Mac OS X) AppleWebKit/537.51.1 (KHTML, like Gecko) Version/7.0 Mobile/11A465 Safari/9537.53 (compatible; bingbot/2.0; +http://www.bing.com/bingbot.htm)"
207.46.13.62 - - [19/Nov/2017:04:36:20 +0100] "GET / HTTP/1.1" 200 2023 "-" "Mozilla/5.0 (compatible; bingbot/2.0; +http://www.bing.com/bingbot.htm)"
157.55.39.182 - - [19/Nov/2017:05:36:17 +0100] "GET /hirlevel/vonattal1605.html HTTP/1.1" 404 1181 "-" "Mozilla/5.0 (iPhone; CPU iPhone OS 7_0 like Mac OS X) AppleWebKit/537.51.1 (KHTML, like Gecko) Version/7.0 Mobile/11A465 Safari/9537.53 (compatible; bingbot/2.0; +http://www.bing.com/bingbot.htm)"
66.249.66.192 - - [19/Nov/2017:05:42:37 +0100] "GET /doc/mkk_eger_tanulmany_2014.pdf HTTP/1.1" 200 851104 "-" "Mozilla/5.0 (compatible; Googlebot/2.1; +http://www.google.com/bot.html)"
66.249.66.192 - - [19/Nov/2017:05:46:04 +0100] "GET /doc/mkk_eger_tanulmany_2014.pdf HTTP/1.1" 200 851104 "-" "Mozilla/5.0 (Linux; Android 6.0.1; Nexus 5X Build/MMB29P) AppleWebKit/537.36 (KHTML, like Gecko) Chrome/41.0.2272.96 Mobile Safari/537.36 (compatible; Googlebot/2.1; +http://www.google.com/bot.html)"
157.55.39.182 - - [19/Nov/2017:05:52:03 +0100] "GET /robots.txt HTTP/1.1" 404 1181 "-" "Mozilla/5.0 (compatible; bingbot/2.0; +http://www.bing.com/bingbot.htm)"
217.182.132.97 - - [19/Nov/2017:06:10:10 +0100] "GET /hirlevel/vonattal1503.html HTTP/1.1" 404 1181 "-" "Mozilla/5.0 (compatible; AhrefsBot/5.2; +http://ahrefs.com/robot/)"
207.46.13.170 - - [19/Nov/2017:06:34:30 +0100] "GET /doc/alapsz03.pdf HTTP/1.1" 200 6009944 "-" "Mozilla/5.0 (compatible; bingbot/2.0; +http://www.bing.com/bingbot.htm)"
199.30.24.150 - - [19/Nov/2017:06:35:10 +0100] "GET /doc/eletet-a-vasutnak.pdf HTTP/1.1" 200 4300800 "-" "Mozilla/5.0 (iPhone; CPU iPhone OS 7_0 like Mac OS X) AppleWebKit/537.51.1 (KHTML, like Gecko) Version/7.0 Mobile/11A465 Safari/9537.53 BingPreview/1.0b"
207.46.13.62 - - [19/Nov/2017:07:20:21 +0100] "GET / HTTP/1.1" 200 2023 "-" "Mozilla/5.0 (iPhone; CPU iPhone OS 7_0 like Mac OS X) AppleWebKit/537.51.1 (KHTML, like Gecko) Version/7.0 Mobile/11A465 Safari/9537.53 (compatible; bingbot/2.0; +http://www.bing.com/bingbot.htm)"
66.249.66.195 - - [19/Nov/2017:07:24:45 +0100] "GET /hirlevel/vonattal1107.htm HTTP/1.1" 404 1181 "-" "Mozilla/5.0 (compatible; Googlebot/2.1; +http://www.google.com/bot.html)"
66.249.66.204 - - [19/Nov/2017:07:48:27 +0100] "GET /robots.txt HTTP/1.1" 404 1181 "-" "Mozilla/5.0 (compatible; Googlebot/2.1; +http://www.google.com/bot.html)"
66.249.66.202 - - [19/Nov/2017:07:48:34 +0100] "GET /doc/alapsz03.pdf HTTP/1.1" 200 6009944 "-" "Googlebot/2.1 (+http://www.google.com/bot.html)"
207.46.13.170 - - [19/Nov/2017:08:02:22 +0100] "GET /doc/A_kozlekedesmenedzsment_korszeru_eszkozei.pdf HTTP/1.1" 404 1181 "-" "Mozilla/5.0 (iPhone; CPU iPhone OS 7_0 like Mac OS X) AppleWebKit/537.51.1 (KHTML, like Gecko) Version/7.0 Mobile/11A465 Safari/9537.53 (compatible; bingbot/2.0; +http://www.bing.com/bingbot.htm)"
207.46.13.62 - - [19/Nov/2017:08:02:26 +0100] "GET /hirlevel/vonattal1309.html HTTP/1.1" 404 1181 "-" "Mozilla/5.0 (iPhone; CPU iPhone OS 7_0 like Mac OS X) AppleWebKit/537.51.1 (KHTML, like Gecko) Version/7.0 Mobile/11A465 Safari/9537.53 (compatible; bingbot/2.0; +http://www.bing.com/bingbot.htm)"
79.198.101.71 - - [19/Nov/2017:08:03:15 +0100] "GET /doc/b2_2010.pdf HTTP/1.1" 404 1181 "https://de.wikipedia.org/" "Mozilla/5.0 (Windows NT 10.0; Win64; x64; rv:57.0) Gecko/20100101 Firefox/57.0"
79.198.101.71 - - [19/Nov/2017:08:03:15 +0100] "GET /favicon.ico HTTP/1.1" 404 1181 "-" "Mozilla/5.0 (Windows NT 10.0; Win64; x64; rv:57.0) Gecko/20100101 Firefox/57.0"
84.3.173.171 - - [19/Nov/2017:08:33:54 +0100] "GET /doc/b2_2012_03.pdf HTTP/1.1" 404 1181 "http://fenntarthatokozlekedesert-hu.webnode.hu/magyarorszag-vasutbarat-terkepe/" "Mozilla/5.0 (Windows NT 6.1; WOW64; Trident/7.0; rv:11.0) like Gecko"
85.66.133.234 - - [19/Nov/2017:09:03:33 +0100] "GET /images/vasutterkep_n.jpg HTTP/1.1" 404 1181 "http://oterkep.blogspot.hu/2007/11/magyarorszg-vasti-trkp.html" "Mozilla/5.0 (Windows NT 6.3; Win64; x64) AppleWebKit/537.36 (KHTML, like Gecko) Chrome/62.0.3202.94 Safari/537.36"
85.66.133.234 - - [19/Nov/2017:09:03:33 +0100] "GET /favicon.ico HTTP/1.1" 404 1181 "http://www.mkk.zpok.hu/images/vasutterkep_n.jpg" "Mozilla/5.0 (Windows NT 6.3; Win64; x64) AppleWebKit/537.36 (KHTML, like Gecko) Chrome/62.0.3202.94 Safari/537.36"
157.55.39.182 - - [19/Nov/2017:09:17:28 +0100] "GET /robots.txt HTTP/1.1" 404 1181 "-" "Mozilla/5.0 (compatible; bingbot/2.0; +http://www.bing.com/bingbot.htm)"
79.121.42.114 - - [19/Nov/2017:09:33:58 +0100] "GET / HTTP/1.1" 200 2023 "https://www.google.hu/" "Mozilla/5.0 (iPad; CPU OS 10_3_2 like Mac OS X) AppleWebKit/603.2.4 (KHTML, like Gecko) Version/10.0 Mobile/14F89 Safari/602.1"
79.121.42.114 - - [19/Nov/2017:09:33:58 +0100] "GET /mkk_banner.png HTTP/1.1" 200 62097 "http://www.mkk.zpok.hu/" "Mozilla/5.0 (iPad; CPU OS 10_3_2 like Mac OS X) AppleWebKit/603.2.4 (KHTML, like Gecko) Version/10.0 Mobile/14F89 Safari/602.1"
79.121.42.114 - - [19/Nov/2017:09:33:58 +0100] "GET /blog.jpg HTTP/1.1" 200 29833 "http://www.mkk.zpok.hu/" "Mozilla/5.0 (iPad; CPU OS 10_3_2 like Mac OS X) AppleWebKit/603.2.4 (KHTML, like Gecko) Version/10.0 Mobile/14F89 Safari/602.1"
79.121.42.114 - - [19/Nov/2017:09:33:58 +0100] "GET /facebook-logo-preview.png HTTP/1.1" 200 3924 "http://www.mkk.zpok.hu/" "Mozilla/5.0 (iPad; CPU OS 10_3_2 like Mac OS X) AppleWebKit/603.2.4 (KHTML, like Gecko) Version/10.0 Mobile/14F89 Safari/602.1"
207.46.13.62 - - [19/Nov/2017:09:59:12 +0100] "GET / HTTP/1.1" 200 2023 "-" "Mozilla/5.0 (compatible; bingbot/2.0; +http://www.bing.com/bingbot.htm)"
79.143.180.15 - - [19/Nov/2017:10:01:37 +0100] "GET /doc/b2_2010.pdf HTTP/1.1" 404 1181 "-" "Wget/1.13.4 (linux-gnu)"
207.46.13.62 - - [19/Nov/2017:10:11:40 +0100] "GET / HTTP/1.1" 200 2023 "-" "Mozilla/5.0 (compatible; bingbot/2.0; +http://www.bing.com/bingbot.htm)"
65.55.210.53 - - [19/Nov/2017:10:20:34 +0100] "GET /doc/alapsz03.pdf HTTP/1.1" 200 4316412 "-" "Mozilla/5.0 (Windows NT 6.1; WOW64) AppleWebKit/534+ (KHTML, like Gecko) BingPreview/1.0b"
65.55.210.53 - - [19/Nov/2017:10:20:57 +0100] "GET /doc/alapsz03.pdf HTTP/1.1" 200 4263872 "-" "Mozilla/5.0 (Windows NT 6.1; WOW64) AppleWebKit/534+ (KHTML, like Gecko) BingPreview/1.0b"
106.120.173.81 - - [19/Nov/2017:10:54:06 +0100] "GET / HTTP/1.1" 304 - "-" "Sogou web spider/4.0(+http://www.sogou.com/docs/help/webmasters.htm#07)"
106.120.173.81 - - [19/Nov/2017:10:54:07 +0100] "GET /robots.txt HTTP/1.1" 404 1181 "-" "Sogou web spider/4.0(+http://www.sogou.com/docs/help/webmasters.htm#07)"
157.55.39.182 - - [19/Nov/2017:11:15:59 +0100] "GET /hirlevel/vonattal0911.htm HTTP/1.1" 404 1181 "-" "Mozilla/5.0 (iPhone; CPU iPhone OS 7_0 like Mac OS X) AppleWebKit/537.51.1 (KHTML, like Gecko) Version/7.0 Mobile/11A465 Safari/9537.53 (compatible; bingbot/2.0; +http://www.bing.com/bingbot.htm)"
94.23.117.65 - - [19/Nov/2017:11:28:42 +0100] "GET /robots.txt HTTP/1.1" 404 1181 "-" "Mozilla/5.0 (compatible; Qwant Research Bot/1.0; +https://www.qwant.com/)"
94.23.117.65 - - [19/Nov/2017:11:28:43 +0100] "GET / HTTP/1.1" 200 2023 "-" "Mozilla/5.0 (compatible; Qwant Research Bot/1.0; +https://www.qwant.com/)"
65.55.210.10 - - [19/Nov/2017:11:52:38 +0100] "GET / HTTP/1.1" 200 2023 "-" "Mozilla/5.0 (iPhone; CPU iPhone OS 7_0 like Mac OS X) AppleWebKit/537.51.1 (KHTML, like Gecko) Version/7.0 Mobile/11A465 Safari/9537.53 BingPreview/1.0b"
216.244.66.245 - - [19/Nov/2017:12:23:33 +0100] "GET /robots.txt HTTP/1.1" 404 1181 "-" "Mozilla/5.0 (compatible; DotBot/1.1; http://www.opensiteexplorer.org/dotbot, help@moz.com)"
199.30.24.162 - - [19/Nov/2017:12:40:11 +0100] "GET /mkk_banner.png HTTP/1.1" 200 62097 "-" "Mozilla/5.0 (Windows NT 6.1; WOW64) AppleWebKit/534+ (KHTML, like Gecko) BingPreview/1.0b"
65.55.210.86 - - [19/Nov/2017:12:40:14 +0100] "GET /blog.jpg HTTP/1.1" 200 29833 "-" "Mozilla/5.0 (Windows NT 6.1; WOW64) AppleWebKit/534+ (KHTML, like Gecko) BingPreview/1.0b"
199.30.24.154 - - [19/Nov/2017:12:40:16 +0100] "GET /facebook-logo-preview.png HTTP/1.1" 200 3924 "-" "Mozilla/5.0 (Windows NT 6.1; WOW64) AppleWebKit/534+ (KHTML, like Gecko) BingPreview/1.0b"
216.244.66.245 - - [19/Nov/2017:12:47:16 +0100] "GET /doc/ipoly_konf.zip HTTP/1.1" 200 2264272 "-" "Mozilla/5.0 (compatible; DotBot/1.1; http://www.opensiteexplorer.org/dotbot, help@moz.com)"
