144.76.23.74 - - [20/Nov/2017:21:25:42 +0100] "GET / HTTP/1.1" 200 2023 "-" "Mozilla/5.0 (Windows; U; Windows NT 6.0; en-GB; rv:1.0; trendictionbot0.5.0; trendiction search; http://www.trendiction.de/bot; please let us know of any problems; web at trendiction.com) Gecko/20071127 Firefox/3.0.0.11"
66.249.66.72 - - [20/Nov/2017:21:44:03 +0100] "GET /robots.txt HTTP/1.1" 404 1181 "-" "Mozilla/5.0 (compatible; Googlebot/2.1; +http://www.google.com/bot.html)"
66.249.66.70 - - [20/Nov/2017:21:44:03 +0100] "GET /doc/PusztaTura_201101.pdf HTTP/1.1" 404 1181 "-" "Mozilla/5.0 (compatible; Googlebot/2.1; +http://www.google.com/bot.html)"
180.76.15.30 - - [20/Nov/2017:22:19:08 +0100] "GET /hirlevel/muzeumok_1306.pdf HTTP/1.1" 404 1181 "-" "Mozilla/5.0 (compatible; Baiduspider/2.0; +http://www.baidu.com/search/spider.html)"
207.46.13.106 - - [20/Nov/2017:22:32:38 +0100] "GET /doc/eletet-a-vasutnak.pdf HTTP/1.1" 200 5085257 "-" "Mozilla/5.0 (compatible; bingbot/2.0; +http://www.bing.com/bingbot.htm)"
79.121.45.180 - - [20/Nov/2017:22:45:13 +0100] "HEAD /doc/varos-videk_2009.pdf HTTP/1.1" 200 0 "-" "Microsoft Office Word 2014"
79.121.45.180 - - [20/Nov/2017:22:45:17 +0100] "GET /doc/varos-videk_2009.pdf HTTP/1.1" 200 664132 "-" "Mozilla/4.0 (compatible; MSIE 7.0; Windows NT 10.0; Trident/7.0; .NET4.0C; .NET4.0E; .NET CLR 2.0.50727; .NET CLR 3.0.30729; .NET CLR 3.5.30729; SLCC2; Media Center PC 6.0; Tablet PC 2.0; ms-office)"
79.121.45.180 - - [20/Nov/2017:22:45:19 +0100] "HEAD /doc/varos-videk_2009.pdf HTTP/1.1" 200 0 "-" "Microsoft Office Word 2014"
79.121.45.180 - - [20/Nov/2017:22:45:22 +0100] "GET /doc/varos-videk_2009.pdf HTTP/1.1" 206 720812 "-" "Mozilla/4.0 (compatible; MSIE 7.0; Windows NT 10.0; Trident/7.0; .NET4.0C; .NET4.0E; .NET CLR 2.0.50727; .NET CLR 3.0.30729; .NET CLR 3.5.30729; SLCC2; Media Center PC 6.0; Tablet PC 2.0; ms-office)"
79.121.45.180 - - [20/Nov/2017:22:45:23 +0100] "GET /favicon.ico HTTP/1.1" 404 1181 "-" "Mozilla/5.0 (Windows NT 10.0) AppleWebKit/537.36 (KHTML, like Gecko) Chrome/52.0.2743.116 Safari/537.36 Edge/15.15063"
79.121.45.180 - - [20/Nov/2017:22:45:24 +0100] "GET /doc/varos-videk_2009.pdf HTTP/1.1" 206 1636386 "http://mkk.zpok.hu/doc/varos-videk_2009.pdf" "Mozilla/5.0 (Windows NT 10.0) AppleWebKit/537.36 (KHTML, like Gecko) Chrome/52.0.2743.116 Safari/537.36 Edge/15.15063"
79.121.45.180 - - [20/Nov/2017:22:45:24 +0100] "GET /doc/varos-videk_2009.pdf HTTP/1.1" 206 2082 "http://mkk.zpok.hu/doc/varos-videk_2009.pdf" "Mozilla/5.0 (Windows NT 10.0) AppleWebKit/537.36 (KHTML, like Gecko) Chrome/52.0.2743.116 Safari/537.36 Edge/15.15063"
79.121.45.180 - - [20/Nov/2017:22:45:24 +0100] "GET /doc/varos-videk_2009.pdf HTTP/1.1" 206 4096 "http://mkk.zpok.hu/doc/varos-videk_2009.pdf" "Mozilla/5.0 (Windows NT 10.0) AppleWebKit/537.36 (KHTML, like Gecko) Chrome/52.0.2743.116 Safari/537.36 Edge/15.15063"
79.121.45.180 - - [20/Nov/2017:22:45:24 +0100] "GET /doc/varos-videk_2009.pdf HTTP/1.1" 206 4096 "http://mkk.zpok.hu/doc/varos-videk_2009.pdf" "Mozilla/5.0 (Windows NT 10.0) AppleWebKit/537.36 (KHTML, like Gecko) Chrome/52.0.2743.116 Safari/537.36 Edge/15.15063"
79.121.45.180 - - [20/Nov/2017:22:45:24 +0100] "GET /doc/varos-videk_2009.pdf HTTP/1.1" 200 685156 "-" "Mozilla/5.0 (Windows NT 10.0) AppleWebKit/537.36 (KHTML, like Gecko) Chrome/52.0.2743.116 Safari/537.36 Edge/15.15063"
79.121.45.180 - - [20/Nov/2017:22:45:24 +0100] "GET /doc/varos-videk_2009.pdf HTTP/1.1" 206 331776 "http://mkk.zpok.hu/doc/varos-videk_2009.pdf" "Mozilla/5.0 (Windows NT 10.0) AppleWebKit/537.36 (KHTML, like Gecko) Chrome/52.0.2743.116 Safari/537.36 Edge/15.15063"
79.121.45.180 - - [20/Nov/2017:22:45:25 +0100] "GET /doc/varos-videk_2009.pdf HTTP/1.1" 206 206879 "http://mkk.zpok.hu/doc/varos-videk_2009.pdf" "Mozilla/5.0 (Windows NT 10.0) AppleWebKit/537.36 (KHTML, like Gecko) Chrome/52.0.2743.116 Safari/537.36 Edge/15.15063"
79.121.45.180 - - [20/Nov/2017:22:45:25 +0100] "GET /doc/varos-videk_2009.pdf HTTP/1.1" 206 6178 "http://mkk.zpok.hu/doc/varos-videk_2009.pdf" "Mozilla/5.0 (Windows NT 10.0) AppleWebKit/537.36 (KHTML, like Gecko) Chrome/52.0.2743.116 Safari/537.36 Edge/15.15063"
79.121.45.180 - - [20/Nov/2017:22:45:39 +0100] "HEAD /doc/hu_aps_positivbeispiele_aufl2_070622_klein.pdf HTTP/1.1" 200 0 "-" "Microsoft Office Word 2014"
79.121.45.180 - - [20/Nov/2017:22:45:41 +0100] "GET /doc/hu_aps_positivbeispiele_aufl2_070622_klein.pdf HTTP/1.1" 200 688128 "-" "Mozilla/4.0 (compatible; MSIE 7.0; Windows NT 10.0; Trident/7.0; .NET4.0C; .NET4.0E; .NET CLR 2.0.50727; .NET CLR 3.0.30729; .NET CLR 3.5.30729; SLCC2; Media Center PC 6.0; Tablet PC 2.0; ms-office)"
79.121.45.180 - - [20/Nov/2017:22:45:42 +0100] "GET /favicon.ico HTTP/1.1" 404 1181 "-" "Mozilla/5.0 (Windows NT 10.0) AppleWebKit/537.36 (KHTML, like Gecko) Chrome/52.0.2743.116 Safari/537.36 Edge/15.15063"
79.121.45.180 - - [20/Nov/2017:22:45:42 +0100] "GET /doc/hu_aps_positivbeispiele_aufl2_070622_klein.pdf HTTP/1.1" 206 66719 "http://mkk.zpok.hu/doc/hu_aps_positivbeispiele_aufl2_070622_klein.pdf" "Mozilla/5.0 (Windows NT 10.0) AppleWebKit/537.36 (KHTML, like Gecko) Chrome/52.0.2743.116 Safari/537.36 Edge/15.15063"
79.121.45.180 - - [20/Nov/2017:22:45:43 +0100] "GET /doc/hu_aps_positivbeispiele_aufl2_070622_klein.pdf HTTP/1.1" 206 3633 "http://mkk.zpok.hu/doc/hu_aps_positivbeispiele_aufl2_070622_klein.pdf" "Mozilla/5.0 (Windows NT 10.0) AppleWebKit/537.36 (KHTML, like Gecko) Chrome/52.0.2743.116 Safari/537.36 Edge/15.15063"
79.121.45.180 - - [20/Nov/2017:22:45:43 +0100] "GET /doc/hu_aps_positivbeispiele_aufl2_070622_klein.pdf HTTP/1.1" 206 4096 "http://mkk.zpok.hu/doc/hu_aps_positivbeispiele_aufl2_070622_klein.pdf" "Mozilla/5.0 (Windows NT 10.0) AppleWebKit/537.36 (KHTML, like Gecko) Chrome/52.0.2743.116 Safari/537.36 Edge/15.15063"
79.121.45.180 - - [20/Nov/2017:22:45:43 +0100] "GET /doc/hu_aps_positivbeispiele_aufl2_070622_klein.pdf HTTP/1.1" 206 4096 "http://mkk.zpok.hu/doc/hu_aps_positivbeispiele_aufl2_070622_klein.pdf" "Mozilla/5.0 (Windows NT 10.0) AppleWebKit/537.36 (KHTML, like Gecko) Chrome/52.0.2743.116 Safari/537.36 Edge/15.15063"
79.121.45.180 - - [20/Nov/2017:22:45:43 +0100] "GET /doc/hu_aps_positivbeispiele_aufl2_070622_klein.pdf HTTP/1.1" 200 721652 "-" "Mozilla/5.0 (Windows NT 10.0) AppleWebKit/537.36 (KHTML, like Gecko) Chrome/52.0.2743.116 Safari/537.36 Edge/15.15063"
79.121.45.180 - - [20/Nov/2017:22:45:43 +0100] "GET /doc/hu_aps_positivbeispiele_aufl2_070622_klein.pdf HTTP/1.1" 206 71095 "http://mkk.zpok.hu/doc/hu_aps_positivbeispiele_aufl2_070622_klein.pdf" "Mozilla/5.0 (Windows NT 10.0) AppleWebKit/537.36 (KHTML, like Gecko) Chrome/52.0.2743.116 Safari/537.36 Edge/15.15063"
79.121.45.180 - - [20/Nov/2017:22:45:43 +0100] "GET /doc/hu_aps_positivbeispiele_aufl2_070622_klein.pdf HTTP/1.1" 206 66715 "http://mkk.zpok.hu/doc/hu_aps_positivbeispiele_aufl2_070622_klein.pdf" "Mozilla/5.0 (Windows NT 10.0) AppleWebKit/537.36 (KHTML, like Gecko) Chrome/52.0.2743.116 Safari/537.36 Edge/15.15063"
79.121.45.180 - - [20/Nov/2017:22:45:43 +0100] "GET /doc/hu_aps_positivbeispiele_aufl2_070622_klein.pdf HTTP/1.1" 206 24576 "http://mkk.zpok.hu/doc/hu_aps_positivbeispiele_aufl2_070622_klein.pdf" "Mozilla/5.0 (Windows NT 10.0) AppleWebKit/537.36 (KHTML, like Gecko) Chrome/52.0.2743.116 Safari/537.36 Edge/15.15063"
79.121.45.180 - - [20/Nov/2017:22:45:43 +0100] "GET /doc/hu_aps_positivbeispiele_aufl2_070622_klein.pdf HTTP/1.1" 206 66719 "http://mkk.zpok.hu/doc/hu_aps_positivbeispiele_aufl2_070622_klein.pdf" "Mozilla/5.0 (Windows NT 10.0) AppleWebKit/537.36 (KHTML, like Gecko) Chrome/52.0.2743.116 Safari/537.36 Edge/15.15063"
79.121.45.180 - - [20/Nov/2017:22:45:43 +0100] "GET /doc/hu_aps_positivbeispiele_aufl2_070622_klein.pdf HTTP/1.1" 206 7729 "http://mkk.zpok.hu/doc/hu_aps_positivbeispiele_aufl2_070622_klein.pdf" "Mozilla/5.0 (Windows NT 10.0) AppleWebKit/537.36 (KHTML, like Gecko) Chrome/52.0.2743.116 Safari/537.36 Edge/15.15063"
79.121.45.180 - - [20/Nov/2017:22:45:43 +0100] "GET /doc/hu_aps_positivbeispiele_aufl2_070622_klein.pdf HTTP/1.1" 206 593775 "http://mkk.zpok.hu/doc/hu_aps_positivbeispiele_aufl2_070622_klein.pdf" "Mozilla/5.0 (Windows NT 10.0) AppleWebKit/537.36 (KHTML, like Gecko) Chrome/52.0.2743.116 Safari/537.36 Edge/15.15063"
79.121.45.180 - - [20/Nov/2017:22:45:43 +0100] "GET /doc/hu_aps_positivbeispiele_aufl2_070622_klein.pdf HTTP/1.1" 206 16384 "http://mkk.zpok.hu/doc/hu_aps_positivbeispiele_aufl2_070622_klein.pdf" "Mozilla/5.0 (Windows NT 10.0) AppleWebKit/537.36 (KHTML, like Gecko) Chrome/52.0.2743.116 Safari/537.36 Edge/15.15063"
79.121.45.180 - - [20/Nov/2017:22:45:44 +0100] "GET /doc/hu_aps_positivbeispiele_aufl2_070622_klein.pdf HTTP/1.1" 206 1959108 "http://mkk.zpok.hu/doc/hu_aps_positivbeispiele_aufl2_070622_klein.pdf" "Mozilla/5.0 (Windows NT 10.0) AppleWebKit/537.36 (KHTML, like Gecko) Chrome/52.0.2743.116 Safari/537.36 Edge/15.15063"
79.121.45.180 - - [20/Nov/2017:22:45:44 +0100] "GET /doc/hu_aps_positivbeispiele_aufl2_070622_klein.pdf HTTP/1.1" 206 119274 "http://mkk.zpok.hu/doc/hu_aps_positivbeispiele_aufl2_070622_klein.pdf" "Mozilla/5.0 (Windows NT 10.0) AppleWebKit/537.36 (KHTML, like Gecko) Chrome/52.0.2743.116 Safari/537.36 Edge/15.15063"
79.121.45.180 - - [20/Nov/2017:22:45:44 +0100] "GET /doc/hu_aps_positivbeispiele_aufl2_070622_klein.pdf HTTP/1.1" 206 16384 "http://mkk.zpok.hu/doc/hu_aps_positivbeispiele_aufl2_070622_klein.pdf" "Mozilla/5.0 (Windows NT 10.0) AppleWebKit/537.36 (KHTML, like Gecko) Chrome/52.0.2743.116 Safari/537.36 Edge/15.15063"
79.121.45.180 - - [20/Nov/2017:22:45:45 +0100] "GET /doc/hu_aps_positivbeispiele_aufl2_070622_klein.pdf HTTP/1.1" 206 614400 "http://mkk.zpok.hu/doc/hu_aps_positivbeispiele_aufl2_070622_klein.pdf" "Mozilla/5.0 (Windows NT 10.0) AppleWebKit/537.36 (KHTML, like Gecko) Chrome/52.0.2743.116 Safari/537.36 Edge/15.15063"
85.25.237.166 - - [20/Nov/2017:22:52:01 +0100] "GET / HTTP/1.1" 200 2023 "-" "admantx-adform/2.4 (+http://www.admantx.com/service-fetcher.html)"
207.46.13.62 - - [20/Nov/2017:22:54:36 +0100] "GET /doc/varos-videk_2009.pdf HTTP/1.1" 200 1636386 "-" "Mozilla/5.0 (iPhone; CPU iPhone OS 7_0 like Mac OS X) AppleWebKit/537.51.1 (KHTML, like Gecko) Version/7.0 Mobile/11A465 Safari/9537.53 (compatible; bingbot/2.0; +http://www.bing.com/bingbot.htm)"
85.25.43.241 - - [20/Nov/2017:23:02:01 +0100] "GET / HTTP/1.1" 200 2023 "-" "admantx-adform/2.4 (+http://www.admantx.com/service-fetcher.html)"
37.76.11.170 - - [20/Nov/2017:23:32:50 +0100] "GET /images/vasutterkep_n.jpg HTTP/1.1" 404 1181 "https://hu.wikipedia.org/" "Mozilla/5.0 (Windows NT 10.0; Win64; x64) AppleWebKit/537.36 (KHTML, like Gecko) Chrome/62.0.3202.94 Safari/537.36"
37.76.11.170 - - [20/Nov/2017:23:32:50 +0100] "GET /favicon.ico HTTP/1.1" 404 1181 "http://www.mkk.zpok.hu/images/vasutterkep_n.jpg" "Mozilla/5.0 (Windows NT 10.0; Win64; x64) AppleWebKit/537.36 (KHTML, like Gecko) Chrome/62.0.3202.94 Safari/537.36"
180.76.15.139 - - [21/Nov/2017:00:18:08 +0100] "GET /doc/ipoly_201109.pdf HTTP/1.1" 404 1181 "-" "Mozilla/5.0 (compatible; Baiduspider/2.0; +http://www.baidu.com/search/spider.html)"
207.46.13.62 - - [21/Nov/2017:01:53:02 +0100] "GET / HTTP/1.1" 200 2023 "-" "Mozilla/5.0 (compatible; bingbot/2.0; +http://www.bing.com/bingbot.htm)"
66.249.66.68 - - [21/Nov/2017:02:13:47 +0100] "GET /hirlevel/images/1103_d.jpg HTTP/1.1" 404 1181 "-" "Googlebot-Image/1.0"
207.46.13.62 - - [21/Nov/2017:02:47:17 +0100] "GET /doc/b2_2012_03.pdf HTTP/1.1" 404 1181 "-" "Mozilla/5.0 (iPhone; CPU iPhone OS 7_0 like Mac OS X) AppleWebKit/537.51.1 (KHTML, like Gecko) Version/7.0 Mobile/11A465 Safari/9537.53 (compatible; bingbot/2.0; +http://www.bing.com/bingbot.htm)"
40.77.167.29 - - [21/Nov/2017:03:13:11 +0100] "GET /doc/b2_2010.pdf HTTP/1.1" 404 1181 "-" "Mozilla/5.0 (iPhone; CPU iPhone OS 7_0 like Mac OS X) AppleWebKit/537.51.1 (KHTML, like Gecko) Version/7.0 Mobile/11A465 Safari/9537.53 (compatible; bingbot/2.0; +http://www.bing.com/bingbot.htm)"
207.46.13.62 - - [21/Nov/2017:03:53:21 +0100] "GET / HTTP/1.1" 200 2023 "-" "Mozilla/5.0 (iPhone; CPU iPhone OS 7_0 like Mac OS X) AppleWebKit/537.51.1 (KHTML, like Gecko) Version/7.0 Mobile/11A465 Safari/9537.53 (compatible; bingbot/2.0; +http://www.bing.com/bingbot.htm)"
77.111.91.248 - - [21/Nov/2017:03:54:37 +0100] "GET / HTTP/1.1" 200 2023 "-" "Mozilla/5.0 (Windows NT 10.0; Win64; x64) AppleWebKit/537.36 (KHTML, like Gecko) Chrome/61.0.3163.100 Safari/537.36"
40.77.179.226 - - [21/Nov/2017:04:06:06 +0100] "GET /hirlevel/images/1206_6.jpg HTTP/1.1" 404 1181 "-" "Mozilla/5.0 (Windows NT 6.1; WOW64) AppleWebKit/534+ (KHTML, like Gecko) BingPreview/1.0b"
207.46.13.106 - - [21/Nov/2017:04:06:07 +0100] "GET /robots.txt HTTP/1.1" 404 1181 "-" "Mozilla/5.0 (compatible; bingbot/2.0; +http://www.bing.com/bingbot.htm)"
80.77.124.230 - - [21/Nov/2017:04:08:08 +0100] "GET / HTTP/1.1" 200 2023 "-" "Mozilla/5.0 (Windows NT 10.0; Win64; x64) AppleWebKit/537.36 (KHTML, like Gecko) Chrome/61.0.3163.100 Safari/537.36"
169.54.244.78 - - [21/Nov/2017:04:52:48 +0100] "GET / HTTP/1.1" 200 2023 "-" "-"
146.185.223.25 - - [21/Nov/2017:05:04:12 +0100] "GET /wp-login.php HTTP/1.0" 404 1181 "-" "Mozilla/4.0 (compatible; Synapse)"
146.185.223.25 - - [21/Nov/2017:05:04:12 +0100] "GET /administrator/index.php HTTP/1.0" 404 1181 "-" "Mozilla/4.0 (compatible; Synapse)"
146.185.223.25 - - [21/Nov/2017:05:04:12 +0100] "GET /user/ HTTP/1.0" 404 1181 "-" "Mozilla/4.0 (compatible; Synapse)"
199.30.24.110 - - [21/Nov/2017:06:28:36 +0100] "GET /blog.jpg HTTP/1.1" 200 29833 "http://www.mkk.zpok.hu/" "Mozilla/5.0 (iPhone; CPU iPhone OS 7_0 like Mac OS X) AppleWebKit/537.51.1 (KHTML, like Gecko) Version/7.0 Mobile/11A465 Safari/9537.53 BingPreview/1.0b"
199.30.24.110 - - [21/Nov/2017:06:28:36 +0100] "GET /facebook-logo-preview.png HTTP/1.1" 200 3924 "http://www.mkk.zpok.hu/" "Mozilla/5.0 (iPhone; CPU iPhone OS 7_0 like Mac OS X) AppleWebKit/537.51.1 (KHTML, like Gecko) Version/7.0 Mobile/11A465 Safari/9537.53 BingPreview/1.0b"
199.30.24.110 - - [21/Nov/2017:06:28:36 +0100] "GET /mkk_banner.png HTTP/1.1" 200 62097 "http://www.mkk.zpok.hu/" "Mozilla/5.0 (iPhone; CPU iPhone OS 7_0 like Mac OS X) AppleWebKit/537.51.1 (KHTML, like Gecko) Version/7.0 Mobile/11A465 Safari/9537.53 BingPreview/1.0b"
106.120.173.81 - - [21/Nov/2017:07:06:33 +0100] "GET / HTTP/1.1" 304 - "-" "Sogou web spider/4.0(+http://www.sogou.com/docs/help/webmasters.htm#07)"
37.76.91.145 - - [21/Nov/2017:08:07:31 +0100] "GET / HTTP/1.1" 200 2023 "-" "Mozilla/5.0 (Windows Phone 10.0; Android 4.2.1; Microsoft; Lumia 640 XL LTE) AppleWebKit/537.36 (KHTML, like Gecko) Chrome/46.0.2486.0 Mobile Safari/537.36 Edge/13.10586"
37.76.91.145 - - [21/Nov/2017:08:07:31 +0100] "GET /facebook-logo-preview.png HTTP/1.1" 200 3924 "http://www.mkk.zpok.hu/" "Mozilla/5.0 (Windows Phone 10.0; Android 4.2.1; Microsoft; Lumia 640 XL LTE) AppleWebKit/537.36 (KHTML, like Gecko) Chrome/46.0.2486.0 Mobile Safari/537.36 Edge/13.10586"
37.76.91.145 - - [21/Nov/2017:08:07:31 +0100] "GET /mkk_banner.png HTTP/1.1" 200 62097 "http://www.mkk.zpok.hu/" "Mozilla/5.0 (Windows Phone 10.0; Android 4.2.1; Microsoft; Lumia 640 XL LTE) AppleWebKit/537.36 (KHTML, like Gecko) Chrome/46.0.2486.0 Mobile Safari/537.36 Edge/13.10586"
37.76.91.145 - - [21/Nov/2017:08:07:31 +0100] "GET /blog.jpg HTTP/1.1" 200 29833 "http://www.mkk.zpok.hu/" "Mozilla/5.0 (Windows Phone 10.0; Android 4.2.1; Microsoft; Lumia 640 XL LTE) AppleWebKit/537.36 (KHTML, like Gecko) Chrome/46.0.2486.0 Mobile Safari/537.36 Edge/13.10586"
37.76.91.145 - - [21/Nov/2017:08:07:32 +0100] "GET /favicon.ico HTTP/1.1" 404 1181 "-" "Mozilla/5.0 (Windows Phone 10.0; Android 4.2.1; Microsoft; Lumia 640 XL LTE) AppleWebKit/537.36 (KHTML, like Gecko) Chrome/46.0.2486.0 Mobile Safari/537.36 Edge/13.10586"
180.76.15.135 - - [21/Nov/2017:08:13:27 +0100] "GET /doc/ttft.pdf HTTP/1.1" 200 598344 "-" "Mozilla/5.0 (compatible; Baiduspider/2.0; +http://www.baidu.com/search/spider.html)"
207.46.13.62 - - [21/Nov/2017:08:19:10 +0100] "GET / HTTP/1.1" 200 2023 "-" "Mozilla/5.0 (compatible; bingbot/2.0; +http://www.bing.com/bingbot.htm)"
180.76.15.142 - - [21/Nov/2017:08:46:42 +0100] "GET /doc/utaseszrevetelek_irasban_1209.pdf HTTP/1.1" 404 1181 "-" "Mozilla/5.0 (compatible; Baiduspider/2.0; +http://www.baidu.com/search/spider.html)"
66.249.66.72 - - [21/Nov/2017:08:57:53 +0100] "GET /hirlevel/rajzpalyazateredmeny_201411.pdf HTTP/1.1" 404 1181 "-" "Googlebot/2.1 (+http://www.google.com/bot.html)"
145.239.154.17 - - [21/Nov/2017:09:17:37 +0100] "GET /kikvagyunk2.htm HTTP/1.1" 200 17012 "-" "Go-http-client/1.1"
149.172.65.76 - - [21/Nov/2017:09:24:15 +0100] "GET /doc/b2_201203.jpg HTTP/1.1" 404 1181 "-" "Mozilla/5.0 (Macintosh; Intel Mac OS X 10_13_1) AppleWebKit/604.3.5 (KHTML, like Gecko)"
149.172.65.76 - - [21/Nov/2017:09:24:15 +0100] "GET /apple-touch-icon-precomposed.png HTTP/1.1" 404 1181 "-" "Safari/13604.3.5 CFNetwork/889.9 Darwin/17.2.0 (x86_64)"
149.172.65.76 - - [21/Nov/2017:09:24:15 +0100] "GET /apple-touch-icon.png HTTP/1.1" 404 1181 "-" "Safari/13604.3.5 CFNetwork/889.9 Darwin/17.2.0 (x86_64)"
149.172.65.76 - - [21/Nov/2017:09:24:15 +0100] "GET /favicon.ico HTTP/1.1" 404 1181 "-" "Safari/13604.3.5 CFNetwork/889.9 Darwin/17.2.0 (x86_64)"
149.172.65.76 - - [21/Nov/2017:09:24:15 +0100] "GET /apple-touch-icon-precomposed.png HTTP/1.1" 404 1181 "-" "Safari/13604.3.5 CFNetwork/889.9 Darwin/17.2.0 (x86_64)"
149.172.65.76 - - [21/Nov/2017:09:24:15 +0100] "GET /apple-touch-icon.png HTTP/1.1" 404 1181 "-" "Safari/13604.3.5 CFNetwork/889.9 Darwin/17.2.0 (x86_64)"
149.172.65.76 - - [21/Nov/2017:09:24:15 +0100] "GET /favicon.ico HTTP/1.1" 404 1181 "-" "Safari/13604.3.5 CFNetwork/889.9 Darwin/17.2.0 (x86_64)"
149.172.65.76 - - [21/Nov/2017:09:24:15 +0100] "GET /doc/b2_201203.jpg HTTP/1.1" 404 1181 "-" "Mozilla/5.0 (iPhone; CPU iPhone OS 10_3 like Mac OS X) AppleWebKit/603.1.30 (KHTML, like Gecko) Version/10.3 Mobile/14E277 Safari/603.1.30"
149.172.65.76 - - [21/Nov/2017:09:24:15 +0100] "GET /apple-touch-icon-precomposed.png HTTP/1.1" 404 1181 "-" "Safari/13604.3.5 CFNetwork/889.9 Darwin/17.2.0 (x86_64)"
149.172.65.76 - - [21/Nov/2017:09:24:15 +0100] "GET /apple-touch-icon.png HTTP/1.1" 404 1181 "-" "Safari/13604.3.5 CFNetwork/889.9 Darwin/17.2.0 (x86_64)"
149.172.65.76 - - [21/Nov/2017:09:24:16 +0100] "GET /favicon.ico HTTP/1.1" 404 1181 "-" "Safari/13604.3.5 CFNetwork/889.9 Darwin/17.2.0 (x86_64)"
149.172.65.76 - - [21/Nov/2017:09:24:16 +0100] "GET /apple-touch-icon-precomposed.png HTTP/1.1" 404 1181 "-" "Safari/13604.3.5 CFNetwork/889.9 Darwin/17.2.0 (x86_64)"
149.172.65.76 - - [21/Nov/2017:09:24:16 +0100] "GET /apple-touch-icon.png HTTP/1.1" 404 1181 "-" "Safari/13604.3.5 CFNetwork/889.9 Darwin/17.2.0 (x86_64)"
149.172.65.76 - - [21/Nov/2017:09:24:16 +0100] "GET /favicon.ico HTTP/1.1" 404 1181 "-" "Safari/13604.3.5 CFNetwork/889.9 Darwin/17.2.0 (x86_64)"
66.249.66.68 - - [21/Nov/2017:09:33:30 +0100] "GET /doc/ecseri_ut.pdf HTTP/1.1" 404 1181 "-" "Mozilla/5.0 (compatible; Googlebot/2.1; +http://www.google.com/bot.html)"
66.249.93.46 - - [21/Nov/2017:10:06:28 +0100] "GET / HTTP/1.1" 200 2023 "-" "Mozilla/5.0 (Linux; Android 5.0; Lenovo A1000 Build/S100) AppleWebKit/537.36 (KHTML, like Gecko) Chrome/62.0.3202.84 Mobile Safari/537.36"
66.249.93.44 - - [21/Nov/2017:10:06:29 +0100] "GET /facebook-logo-preview.png HTTP/1.1" 200 3924 "http://www.mkk.zpok.hu/" "Mozilla/5.0 (Linux; Android 5.0; Lenovo A1000 Build/S100) AppleWebKit/537.36 (KHTML, like Gecko) Chrome/62.0.3202.84 Mobile Safari/537.36"
66.249.93.44 - - [21/Nov/2017:10:06:29 +0100] "GET /blog.jpg HTTP/1.1" 200 29833 "http://www.mkk.zpok.hu/" "Mozilla/5.0 (Linux; Android 5.0; Lenovo A1000 Build/S100) AppleWebKit/537.36 (KHTML, like Gecko) Chrome/62.0.3202.84 Mobile Safari/537.36"
66.249.93.44 - - [21/Nov/2017:10:06:29 +0100] "GET /mkk_banner.png HTTP/1.1" 200 62097 "http://www.mkk.zpok.hu/" "Mozilla/5.0 (Linux; Android 5.0; Lenovo A1000 Build/S100) AppleWebKit/537.36 (KHTML, like Gecko) Chrome/62.0.3202.84 Mobile Safari/537.36"
195.199.221.141 - - [21/Nov/2017:11:22:24 +0100] "GET /images/vasutterkep_n.jpg HTTP/1.1" 404 1181 "-" "Mozilla/4.0 (compatible; MSIE 7.0; Windows NT 6.1; WOW64; Trident/7.0; SLCC2; .NET CLR 2.0.50727; .NET CLR 3.5.30729; .NET CLR 3.0.30729; Media Center PC 6.0; .NET4.0C; .NET4.0E; InfoPath.3; ms-office)"
106.120.173.81 - - [21/Nov/2017:11:26:39 +0100] "GET /robots.txt HTTP/1.1" 404 1181 "-" "Sogou web spider/4.0(+http://www.sogou.com/docs/help/webmasters.htm#07)"
209.90.225.243 - - [21/Nov/2017:11:28:04 +0100] "GET /wp-content/plugins/Tevolution/tmplconnector/monetize/templatic-custom_fields/css/jquery.lightbox.css HTTP/1.1" 404 1181 "http://www.mkk.zpok.hu/wp-content/plugins/Tevolution/tmplconnector/monetize/templatic-custom_fields/css/jquery.lightbox.css" "Mozilla/5.0 (Windows NT 6.1; WOW64) AppleWebKit/537.36 (KHTML, like Gecko) Chrome/42.0.2311.152 Safari/537.36"
46.229.164.98 - - [21/Nov/2017:11:32:28 +0100] "GET /robots.txt HTTP/1.1" 404 1181 "-" "Mozilla/5.0 (compatible; SemrushBot/1.2~bl; +http://www.semrush.com/bot.html)"
40.77.167.29 - - [21/Nov/2017:11:51:55 +0100] "GET /doc/ipoly_201109.pdf HTTP/1.1" 404 1181 "-" "Mozilla/5.0 (iPhone; CPU iPhone OS 7_0 like Mac OS X) AppleWebKit/537.51.1 (KHTML, like Gecko) Version/7.0 Mobile/11A465 Safari/9537.53 (compatible; bingbot/2.0; +http://www.bing.com/bingbot.htm)"
207.46.13.62 - - [21/Nov/2017:12:00:14 +0100] "GET /doc/emlekezteto_tatabanya_0327.pdf HTTP/1.1" 404 1181 "-" "Mozilla/5.0 (compatible; bingbot/2.0; +http://www.bing.com/bingbot.htm)"
54.221.56.184 - - [21/Nov/2017:12:14:19 +0100] "GET /ads.txt HTTP/1.1" 404 1181 "-" "Jersey/2.25.1 (HttpUrlConnection 1.8.0_141)"
54.221.56.184 - - [21/Nov/2017:12:15:26 +0100] "GET / HTTP/1.1" 200 2023 "-" "Jersey/2.25.1 (Apache HttpClient 4.5)"
178.33.39.197 - - [21/Nov/2017:12:53:00 +0100] "GET / HTTP/1.1" 200 2023 "https://google.com/" "Mozilla/5.0 (X11; Ubuntu; Linux x86_64; rv:26.0) Gecko/20100101 Firefox/26.0"
149.172.65.76 - - [21/Nov/2017:13:03:50 +0100] "GET /doc/b2_201203.jpg HTTP/1.1" 404 1181 "-" "Mozilla/5.0 (Macintosh; Intel Mac OS X 10_13_1) AppleWebKit/604.3.5 (KHTML, like Gecko)"
149.172.65.76 - - [21/Nov/2017:13:03:50 +0100] "GET /apple-touch-icon-precomposed.png HTTP/1.1" 404 1181 "-" "Safari/13604.3.5 CFNetwork/889.9 Darwin/17.2.0 (x86_64)"
149.172.65.76 - - [21/Nov/2017:13:03:50 +0100] "GET /apple-touch-icon.png HTTP/1.1" 404 1181 "-" "Safari/13604.3.5 CFNetwork/889.9 Darwin/17.2.0 (x86_64)"
149.172.65.76 - - [21/Nov/2017:13:03:50 +0100] "GET /favicon.ico HTTP/1.1" 404 1181 "-" "Safari/13604.3.5 CFNetwork/889.9 Darwin/17.2.0 (x86_64)"
149.172.65.76 - - [21/Nov/2017:13:03:50 +0100] "GET /apple-touch-icon-precomposed.png HTTP/1.1" 404 1181 "-" "Safari/13604.3.5 CFNetwork/889.9 Darwin/17.2.0 (x86_64)"
149.172.65.76 - - [21/Nov/2017:13:03:50 +0100] "GET /apple-touch-icon.png HTTP/1.1" 404 1181 "-" "Safari/13604.3.5 CFNetwork/889.9 Darwin/17.2.0 (x86_64)"
149.172.65.76 - - [21/Nov/2017:13:03:50 +0100] "GET /favicon.ico HTTP/1.1" 404 1181 "-" "Safari/13604.3.5 CFNetwork/889.9 Darwin/17.2.0 (x86_64)"
149.172.65.76 - - [21/Nov/2017:13:03:50 +0100] "GET /doc/b2_201203.jpg HTTP/1.1" 404 1181 "-" "Mozilla/5.0 (iPhone; CPU iPhone OS 10_3 like Mac OS X) AppleWebKit/603.1.30 (KHTML, like Gecko) Version/10.3 Mobile/14E277 Safari/603.1.30"
149.172.65.76 - - [21/Nov/2017:13:03:50 +0100] "GET /apple-touch-icon-precomposed.png HTTP/1.1" 404 1181 "-" "Safari/13604.3.5 CFNetwork/889.9 Darwin/17.2.0 (x86_64)"
149.172.65.76 - - [21/Nov/2017:13:03:50 +0100] "GET /apple-touch-icon.png HTTP/1.1" 404 1181 "-" "Safari/13604.3.5 CFNetwork/889.9 Darwin/17.2.0 (x86_64)"
149.172.65.76 - - [21/Nov/2017:13:03:50 +0100] "GET /favicon.ico HTTP/1.1" 404 1181 "-" "Safari/13604.3.5 CFNetwork/889.9 Darwin/17.2.0 (x86_64)"
149.172.65.76 - - [21/Nov/2017:13:03:50 +0100] "GET /apple-touch-icon-precomposed.png HTTP/1.1" 404 1181 "-" "Safari/13604.3.5 CFNetwork/889.9 Darwin/17.2.0 (x86_64)"
149.172.65.76 - - [21/Nov/2017:13:03:50 +0100] "GET /apple-touch-icon.png HTTP/1.1" 404 1181 "-" "Safari/13604.3.5 CFNetwork/889.9 Darwin/17.2.0 (x86_64)"
149.172.65.76 - - [21/Nov/2017:13:03:50 +0100] "GET /favicon.ico HTTP/1.1" 404 1181 "-" "Safari/13604.3.5 CFNetwork/889.9 Darwin/17.2.0 (x86_64)"
207.46.13.62 - - [21/Nov/2017:13:51:00 +0100] "GET / HTTP/1.1" 200 2023 "-" "Mozilla/5.0 (compatible; bingbot/2.0; +http://www.bing.com/bingbot.htm)"
207.46.13.62 - - [21/Nov/2017:14:10:59 +0100] "GET /hirlevel/vonattal1603.html HTTP/1.1" 404 1181 "-" "Mozilla/5.0 (compatible; bingbot/2.0; +http://www.bing.com/bingbot.htm)"
207.46.13.106 - - [21/Nov/2017:14:11:04 +0100] "GET /hirlevel/vonattal1602.html HTTP/1.1" 404 1181 "-" "Mozilla/5.0 (compatible; bingbot/2.0; +http://www.bing.com/bingbot.htm)"
207.46.13.106 - - [21/Nov/2017:14:11:04 +0100] "GET /hirlevel/vonattal1605.html HTTP/1.1" 404 1181 "-" "Mozilla/5.0 (compatible; bingbot/2.0; +http://www.bing.com/bingbot.htm)"
46.229.168.70 - - [21/Nov/2017:14:24:46 +0100] "GET /projektek2.htm HTTP/1.1" 200 7634 "-" "Mozilla/5.0 (compatible; SemrushBot/1.2~bl; +http://www.semrush.com/bot.html)"
171.19.1.50 - - [21/Nov/2017:15:53:30 +0100] "GET / HTTP/1.1" 200 2023 "https://www.google.hu/" "Mozilla/5.0 (Windows NT 6.1; rv:54.0) Gecko/20100101 Firefox/54.0"
171.19.1.50 - - [21/Nov/2017:15:53:30 +0100] "GET /blog.jpg HTTP/1.1" 200 29833 "http://www.mkk.zpok.hu/" "Mozilla/5.0 (Windows NT 6.1; rv:54.0) Gecko/20100101 Firefox/54.0"
171.19.1.50 - - [21/Nov/2017:15:53:30 +0100] "GET /facebook-logo-preview.png HTTP/1.1" 200 3924 "http://www.mkk.zpok.hu/" "Mozilla/5.0 (Windows NT 6.1; rv:54.0) Gecko/20100101 Firefox/54.0"
171.19.1.50 - - [21/Nov/2017:15:53:30 +0100] "GET /mkk_banner.png HTTP/1.1" 200 62097 "http://www.mkk.zpok.hu/" "Mozilla/5.0 (Windows NT 6.1; rv:54.0) Gecko/20100101 Firefox/54.0"
171.19.1.50 - - [21/Nov/2017:15:53:34 +0100] "GET /favicon.ico HTTP/1.1" 404 1181 "-" "Mozilla/5.0 (Windows NT 6.1; rv:54.0) Gecko/20100101 Firefox/54.0"
171.19.1.50 - - [21/Nov/2017:15:53:42 +0100] "GET /favicon.ico HTTP/1.1" 404 1181 "-" "Mozilla/5.0 (Windows NT 6.1; rv:54.0) Gecko/20100101 Firefox/54.0"
91.137.131.113 - - [21/Nov/2017:16:02:04 +0100] "GET /favicon.ico HTTP/1.1" 404 1181 "http://www.mkk.zpok.hu/doc/westtakt_final_20160405.pdf" "Mozilla/5.0 (Windows NT 6.0) AppleWebKit/537.36 (KHTML, like Gecko) Chrome/49.0.2623.112 Safari/537.36"
91.137.131.113 - - [21/Nov/2017:16:02:04 +0100] "GET /doc/westtakt_final_20160405.pdf HTTP/1.1" 200 633098 "https://www.google.hu/" "Mozilla/5.0 (Windows NT 6.0) AppleWebKit/537.36 (KHTML, like Gecko) Chrome/49.0.2623.112 Safari/537.36"
207.46.13.62 - - [21/Nov/2017:16:35:30 +0100] "GET /doc/ohat_201403.pdf HTTP/1.1" 404 1181 "-" "Mozilla/5.0 (compatible; bingbot/2.0; +http://www.bing.com/bingbot.htm)"
144.76.23.74 - - [21/Nov/2017:16:41:24 +0100] "GET /robots.txt HTTP/1.1" 404 1181 "-" "Mozilla/5.0 (Windows; U; Windows NT 6.0; en-GB; rv:1.0; trendictionbot0.5.0; trendiction search; http://www.trendiction.de/bot; please let us know of any problems; web at trendiction.com) Gecko/20071127 Firefox/3.0.0.11"
144.76.23.74 - - [21/Nov/2017:16:41:25 +0100] "GET / HTTP/1.1" 304 - "-" "Mozilla/5.0 (Windows; U; Windows NT 6.0; en-GB; rv:1.0; trendictionbot0.5.0; trendiction search; http://www.trendiction.de/bot; please let us know of any problems; web at trendiction.com) Gecko/20071127 Firefox/3.0.0.11"
144.76.23.74 - - [21/Nov/2017:16:41:26 +0100] "GET /kikvagyunk2.htm HTTP/1.1" 200 17012 "-" "Mozilla/5.0 (Windows; U; Windows NT 6.0; en-GB; rv:1.0; trendictionbot0.5.0; trendiction search; http://www.trendiction.de/bot; please let us know of any problems; web at trendiction.com) Gecko/20071127 Firefox/3.0.0.11"
144.76.23.74 - - [21/Nov/2017:16:41:28 +0100] "GET /tagsag2.htm HTTP/1.1" 200 1335 "-" "Mozilla/5.0 (Windows; U; Windows NT 6.0; en-GB; rv:1.0; trendictionbot0.5.0; trendiction search; http://www.trendiction.de/bot; please let us know of any problems; web at trendiction.com) Gecko/20071127 Firefox/3.0.0.11"
144.76.23.74 - - [21/Nov/2017:16:41:29 +0100] "GET /projektek2.htm HTTP/1.1" 200 7634 "-" "Mozilla/5.0 (Windows; U; Windows NT 6.0; en-GB; rv:1.0; trendictionbot0.5.0; trendiction search; http://www.trendiction.de/bot; please let us know of any problems; web at trendiction.com) Gecko/20071127 Firefox/3.0.0.11"
185.142.214.105 - - [21/Nov/2017:17:23:38 +0100] "GET /robots.txt HTTP/1.0" 404 1181 "-" "SnowHaze Search/1.0 support@snowhaze.com"
185.142.214.105 - - [21/Nov/2017:17:23:40 +0100] "GET / HTTP/1.0" 200 2023 "-" "SnowHaze Search/1.0 support@snowhaze.com"
95.140.42.178 - - [21/Nov/2017:17:40:35 +0100] "GET /robots.txt HTTP/1.0" 404 1181 "-" "Revealed-bot (crawler.revealed.ai)"
95.140.42.178 - - [21/Nov/2017:17:40:35 +0100] "GET /hirlevel/vonattal1206.htm HTTP/1.0" 404 1181 "-" "Revealed-bot (crawler.revealed.ai)"
85.25.210.234 - - [21/Nov/2017:17:45:13 +0100] "GET /robots.txt HTTP/1.1" 404 1181 "-" "Mozilla/5.0 (compatible; seoscanners.net/1; +spider@seoscanners.net)"
85.25.210.234 - - [21/Nov/2017:17:45:14 +0100] "GET /doc/A_kozlekedesmenedzsment_korszeru_eszkozei.pdf HTTP/1.1" 404 1181 "-" "Mozilla/5.0 (compatible; seoscanners.net/1; +spider@seoscanners.net)"
95.108.244.68 - - [21/Nov/2017:19:04:39 +0100] "GET /doc/favicon.ico HTTP/1.1" 404 1181 "-" "Mozilla/5.0 (Windows NT 6.1) AppleWebKit/537.36 (KHTML, like Gecko) Chrome/61.0.3163.100 YaBrowser/17.10.0.2017 Yowser/2.5 Safari/537.36"
95.108.141.72 - - [21/Nov/2017:19:07:36 +0100] "GET /doc/favicon.ico HTTP/1.1" 404 1181 "-" "Mozilla/5.0 (Windows NT 6.1) AppleWebKit/537.36 (KHTML, like Gecko) Chrome/61.0.3163.100 YaBrowser/17.10.0.2017 Yowser/2.5 Safari/537.36"
85.25.210.234 - - [21/Nov/2017:19:22:40 +0100] "GET /robots.txt HTTP/1.1" 404 1181 "-" "Mozilla/5.0 (compatible; seoscanners.net/1; +spider@seoscanners.net)"
85.25.210.234 - - [21/Nov/2017:19:22:40 +0100] "GET /hirlevel/vonattal1503.html HTTP/1.1" 404 1181 "-" "Mozilla/5.0 (compatible; seoscanners.net/1; +spider@seoscanners.net)"
66.249.93.44 - - [21/Nov/2017:19:32:05 +0100] "GET / HTTP/1.1" 200 2023 "https://www.google.sk/" "Mozilla/5.0 (Linux; Android 5.0.2; Lenovo A6000 Build/LRX22G) AppleWebKit/537.36 (KHTML, like Gecko) Chrome/56.0.2924.87 Mobile Safari/537.36"
66.249.93.42 - - [21/Nov/2017:19:32:05 +0100] "GET /facebook-logo-preview.png HTTP/1.1" 200 3924 "http://www.mkk.zpok.hu/" "Mozilla/5.0 (Linux; Android 5.0.2; Lenovo A6000 Build/LRX22G) AppleWebKit/537.36 (KHTML, like Gecko) Chrome/56.0.2924.87 Mobile Safari/537.36"
66.249.93.44 - - [21/Nov/2017:19:32:05 +0100] "GET /blog.jpg HTTP/1.1" 200 29833 "http://www.mkk.zpok.hu/" "Mozilla/5.0 (Linux; Android 5.0.2; Lenovo A6000 Build/LRX22G) AppleWebKit/537.36 (KHTML, like Gecko) Chrome/56.0.2924.87 Mobile Safari/537.36"
66.249.93.42 - - [21/Nov/2017:19:32:05 +0100] "GET /mkk_banner.png HTTP/1.1" 200 62097 "http://www.mkk.zpok.hu/" "Mozilla/5.0 (Linux; Android 5.0.2; Lenovo A6000 Build/LRX22G) AppleWebKit/537.36 (KHTML, like Gecko) Chrome/56.0.2924.87 Mobile Safari/537.36"
66.249.93.42 - - [21/Nov/2017:19:32:08 +0100] "GET /favicon.ico HTTP/1.1" 404 1181 "http://www.mkk.zpok.hu/" "Mozilla/5.0 (Linux; Android 5.0.2; Lenovo A6000 Build/LRX22G) AppleWebKit/537.36 (KHTML, like Gecko) Chrome/56.0.2924.87 Mobile Safari/537.36"
207.46.13.106 - - [21/Nov/2017:19:35:07 +0100] "GET /hirlevel/vonattal1605.html HTTP/1.1" 404 1181 "-" "Mozilla/5.0 (iPhone; CPU iPhone OS 7_0 like Mac OS X) AppleWebKit/537.51.1 (KHTML, like Gecko) Version/7.0 Mobile/11A465 Safari/9537.53 (compatible; bingbot/2.0; +http://www.bing.com/bingbot.htm)"
66.249.66.70 - - [21/Nov/2017:19:39:04 +0100] "GET /robots.txt HTTP/1.1" 404 1181 "-" "Mozilla/5.0 (compatible; Googlebot/2.1; +http://www.google.com/bot.html)"
66.249.66.68 - - [21/Nov/2017:19:39:04 +0100] "GET /hirlevel/UtasforumJegyzkonyv141121.pdf HTTP/1.1" 404 1181 "-" "Googlebot/2.1 (+http://www.google.com/bot.html)"
54.198.210.67 - - [21/Nov/2017:20:25:24 +0100] "GET /robots.txt HTTP/1.0" 404 1181 "-" "CCBot/2.0 (http://commoncrawl.org/faq/)"
54.198.210.67 - - [21/Nov/2017:20:25:24 +0100] "GET / HTTP/1.0" 200 2023 "-" "CCBot/2.0 (http://commoncrawl.org/faq/)"
54.198.210.67 - - [21/Nov/2017:20:25:36 +0100] "GET /kikvagyunk2.htm HTTP/1.0" 304 - "-" "CCBot/2.0 (http://commoncrawl.org/faq/)"
54.198.210.67 - - [21/Nov/2017:20:25:52 +0100] "GET /doc/varos-videk_2009.pdf HTTP/1.0" 200 1179648 "-" "CCBot/2.0 (http://commoncrawl.org/faq/)"
84.3.30.211 - - [21/Nov/2017:20:48:34 +0100] "GET / HTTP/1.1" 200 2023 "https://www.google.hu/" "Mozilla/5.0 (Linux; Android 5.1.1; SAMSUNG SM-G531F Build/LMY48B) AppleWebKit/537.36 (KHTML, like Gecko) SamsungBrowser/3.3 Chrome/38.0.2125.102 Mobile Safari/537.36"
84.3.30.211 - - [21/Nov/2017:20:48:34 +0100] "GET /blog.jpg HTTP/1.1" 200 29833 "http://www.mkk.zpok.hu/" "Mozilla/5.0 (Linux; Android 5.1.1; SAMSUNG SM-G531F Build/LMY48B) AppleWebKit/537.36 (KHTML, like Gecko) SamsungBrowser/3.3 Chrome/38.0.2125.102 Mobile Safari/537.36"
84.3.30.211 - - [21/Nov/2017:20:48:34 +0100] "GET /facebook-logo-preview.png HTTP/1.1" 200 3924 "http://www.mkk.zpok.hu/" "Mozilla/5.0 (Linux; Android 5.1.1; SAMSUNG SM-G531F Build/LMY48B) AppleWebKit/537.36 (KHTML, like Gecko) SamsungBrowser/3.3 Chrome/38.0.2125.102 Mobile Safari/537.36"
84.3.30.211 - - [21/Nov/2017:20:48:34 +0100] "GET /mkk_banner.png HTTP/1.1" 200 62097 "http://www.mkk.zpok.hu/" "Mozilla/5.0 (Linux; Android 5.1.1; SAMSUNG SM-G531F Build/LMY48B) AppleWebKit/537.36 (KHTML, like Gecko) SamsungBrowser/3.3 Chrome/38.0.2125.102 Mobile Safari/537.36"
84.3.30.211 - - [21/Nov/2017:20:48:37 +0100] "GET /favicon.ico HTTP/1.1" 404 1181 "-" "Mozilla/5.0 (Linux; Android 5.1.1; SAMSUNG SM-G531F Build/LMY48B) AppleWebKit/537.36 (KHTML, like Gecko) SamsungBrowser/3.3 Chrome/38.0.2125.102 Mobile Safari/537.36"
80.77.124.230 - - [21/Nov/2017:21:26:17 +0100] "GET / HTTP/1.1" 200 2023 "-" "Mozilla/5.0 (Windows NT 10.0; Win64; x64) AppleWebKit/537.36 (KHTML, like Gecko) Chrome/61.0.3163.100 Safari/537.36"
149.172.65.76 - - [21/Nov/2017:21:30:22 +0100] "GET /doc/b2_201203.jpg HTTP/1.1" 404 1181 "-" "Mozilla/5.0 (Macintosh; Intel Mac OS X 10_13_1) AppleWebKit/604.3.5 (KHTML, like Gecko)"
149.172.65.76 - - [21/Nov/2017:21:30:22 +0100] "GET /apple-touch-icon-precomposed.png HTTP/1.1" 404 1181 "-" "Safari/13604.3.5 CFNetwork/889.9 Darwin/17.2.0 (x86_64)"
149.172.65.76 - - [21/Nov/2017:21:30:23 +0100] "GET /apple-touch-icon.png HTTP/1.1" 404 1181 "-" "Safari/13604.3.5 CFNetwork/889.9 Darwin/17.2.0 (x86_64)"
149.172.65.76 - - [21/Nov/2017:21:30:23 +0100] "GET /favicon.ico HTTP/1.1" 404 1181 "-" "Safari/13604.3.5 CFNetwork/889.9 Darwin/17.2.0 (x86_64)"
149.172.65.76 - - [21/Nov/2017:21:30:23 +0100] "GET /apple-touch-icon-precomposed.png HTTP/1.1" 404 1181 "-" "Safari/13604.3.5 CFNetwork/889.9 Darwin/17.2.0 (x86_64)"
149.172.65.76 - - [21/Nov/2017:21:30:23 +0100] "GET /apple-touch-icon.png HTTP/1.1" 404 1181 "-" "Safari/13604.3.5 CFNetwork/889.9 Darwin/17.2.0 (x86_64)"
149.172.65.76 - - [21/Nov/2017:21:30:23 +0100] "GET /favicon.ico HTTP/1.1" 404 1181 "-" "Safari/13604.3.5 CFNetwork/889.9 Darwin/17.2.0 (x86_64)"
149.172.65.76 - - [21/Nov/2017:21:30:23 +0100] "GET /doc/b2_201203.jpg HTTP/1.1" 404 1181 "-" "Mozilla/5.0 (iPhone; CPU iPhone OS 10_3 like Mac OS X) AppleWebKit/603.1.30 (KHTML, like Gecko) Version/10.3 Mobile/14E277 Safari/603.1.30"
149.172.65.76 - - [21/Nov/2017:21:30:23 +0100] "GET /apple-touch-icon-precomposed.png HTTP/1.1" 404 1181 "-" "Safari/13604.3.5 CFNetwork/889.9 Darwin/17.2.0 (x86_64)"
149.172.65.76 - - [21/Nov/2017:21:30:23 +0100] "GET /apple-touch-icon.png HTTP/1.1" 404 1181 "-" "Safari/13604.3.5 CFNetwork/889.9 Darwin/17.2.0 (x86_64)"
149.172.65.76 - - [21/Nov/2017:21:30:23 +0100] "GET /favicon.ico HTTP/1.1" 404 1181 "-" "Safari/13604.3.5 CFNetwork/889.9 Darwin/17.2.0 (x86_64)"
149.172.65.76 - - [21/Nov/2017:21:30:23 +0100] "GET /apple-touch-icon-precomposed.png HTTP/1.1" 404 1181 "-" "Safari/13604.3.5 CFNetwork/889.9 Darwin/17.2.0 (x86_64)"
149.172.65.76 - - [21/Nov/2017:21:30:23 +0100] "GET /apple-touch-icon.png HTTP/1.1" 404 1181 "-" "Safari/13604.3.5 CFNetwork/889.9 Darwin/17.2.0 (x86_64)"
149.172.65.76 - - [21/Nov/2017:21:30:23 +0100] "GET /favicon.ico HTTP/1.1" 404 1181 "-" "Safari/13604.3.5 CFNetwork/889.9 Darwin/17.2.0 (x86_64)"
77.111.91.248 - - [21/Nov/2017:21:38:54 +0100] "GET / HTTP/1.1" 200 2023 "-" "Mozilla/5.0 (Windows NT 10.0; Win64; x64) AppleWebKit/537.36 (KHTML, like Gecko) Chrome/61.0.3163.100 Safari/537.36"
146.185.223.45 - - [21/Nov/2017:21:58:38 +0100] "GET /doc/osszefoglalo_070622.pdf HTTP/1.0" 404 1181 "http://www.mkk.zpok.hu/doc/osszefoglalo_070622.pdf" "Mozilla/5.0 (Windows NT 6.1; Win64; x64) AppleWebKit/537.36 (KHTML, like Gecko) Chrome/58.0.3029.81 Safari/537.36"
146.185.223.45 - - [21/Nov/2017:21:58:38 +0100] "GET / HTTP/1.0" 200 2023 "http://www.mkk.zpok.hu/" "Mozilla/5.0 (Windows NT 6.1; Win64; x64) AppleWebKit/537.36 (KHTML, like Gecko) Chrome/58.0.3029.81 Safari/537.36"
207.46.13.62 - - [21/Nov/2017:22:26:14 +0100] "GET / HTTP/1.1" 200 2023 "-" "Mozilla/5.0 (compatible; bingbot/2.0; +http://www.bing.com/bingbot.htm)"
162.208.50.87 - - [21/Nov/2017:22:53:06 +0100] "GET / HTTP/1.1" 200 2023 "-" "Mozilla/5.0 (Windows NT 10.0; WOW64; rv:40.0) Gecko/20100101 Firefox/40.0"
162.208.50.87 - - [21/Nov/2017:22:55:30 +0100] "GET /tagsag2.htm HTTP/1.1" 200 1335 "-" "Mozilla/5.0 (Windows NT 10.0; WOW64; rv:40.0) Gecko/20100101 Firefox/40.0"
157.55.39.69 - - [21/Nov/2017:23:13:52 +0100] "GET /robots.txt HTTP/1.1" 404 1181 "-" "Mozilla/5.0 (compatible; bingbot/2.0; +http://www.bing.com/bingbot.htm)"
95.140.42.178 - - [21/Nov/2017:23:22:06 +0100] "GET /robots.txt HTTP/1.0" 404 1181 "-" "Revealed-bot (crawler.revealed.ai)"
95.140.42.178 - - [21/Nov/2017:23:22:06 +0100] "GET / HTTP/1.0" 200 2023 "-" "Revealed-bot (crawler.revealed.ai)"
5.9.94.207 - - [21/Nov/2017:23:51:41 +0100] "GET /hirlevel/wp6_1006.pdf HTTP/1.1" 404 1181 "-" "Mozilla/5.0 (compatible; MSIE 10.0; Windows NT 6.1; Trident/6.0)"
199.58.86.209 - - [22/Nov/2017:00:55:25 +0100] "GET /robots.txt HTTP/1.1" 404 1181 "-" "Mozilla/5.0 (compatible; MJ12bot/v1.4.8; http://mj12bot.com/)"
199.58.86.209 - - [22/Nov/2017:00:55:27 +0100] "GET / HTTP/1.1" 200 2023 "-" "Mozilla/5.0 (compatible; MJ12bot/v1.4.8; http://mj12bot.com/)"
46.229.164.98 - - [22/Nov/2017:01:18:48 +0100] "GET /robots.txt HTTP/1.1" 404 1181 "-" "Mozilla/5.0 (compatible; SemrushBot/1.2~bl; +http://www.semrush.com/bot.html)"
157.55.39.118 - - [22/Nov/2017:01:21:39 +0100] "GET /robots.txt HTTP/1.1" 404 1181 "-" "Mozilla/5.0 (compatible; bingbot/2.0; +http://www.bing.com/bingbot.htm)"
157.55.39.69 - - [22/Nov/2017:01:21:46 +0100] "GET /hirlevel/vonattal0911.htm HTTP/1.1" 404 1181 "-" "Mozilla/5.0 (iPhone; CPU iPhone OS 7_0 like Mac OS X) AppleWebKit/537.51.1 (KHTML, like Gecko) Version/7.0 Mobile/11A465 Safari/9537.53 (compatible; bingbot/2.0; +http://www.bing.com/bingbot.htm)"
66.249.66.70 - - [22/Nov/2017:01:37:24 +0100] "GET /doc/b2_20102.jpg HTTP/1.1" 404 1181 "-" "Googlebot-Image/1.0"
95.140.42.153 - - [22/Nov/2017:01:49:05 +0100] "GET /robots.txt HTTP/1.0" 404 1181 "-" "Revealed-bot (crawler.revealed.ai)"
95.140.42.153 - - [22/Nov/2017:01:49:05 +0100] "GET /kikvagyunk2.htm HTTP/1.0" 200 17012 "-" "Revealed-bot (crawler.revealed.ai)"
95.140.42.153 - - [22/Nov/2017:01:49:05 +0100] "GET /tagsag2.htm HTTP/1.0" 200 1335 "-" "Revealed-bot (crawler.revealed.ai)"
95.140.42.153 - - [22/Nov/2017:01:49:06 +0100] "GET /projektek2.htm HTTP/1.0" 200 7634 "-" "Revealed-bot (crawler.revealed.ai)"
207.46.13.62 - - [22/Nov/2017:01:51:39 +0100] "GET /doc/vasuttal-budapest-kornyeken.pdf HTTP/1.1" 404 1181 "-" "Mozilla/5.0 (iPhone; CPU iPhone OS 7_0 like Mac OS X) AppleWebKit/537.51.1 (KHTML, like Gecko) Version/7.0 Mobile/11A465 Safari/9537.53 (compatible; bingbot/2.0; +http://www.bing.com/bingbot.htm)"
157.55.39.69 - - [22/Nov/2017:01:58:32 +0100] "GET /hirlevel/Eur%C3%B3pai%20Mobilit%C3%A1si%20H%C3%A1t-programja.pdf HTTP/1.1" 404 1181 "-" "Mozilla/5.0 (compatible; bingbot/2.0; +http://www.bing.com/bingbot.htm)"
68.180.229.217 - - [22/Nov/2017:02:21:04 +0100] "GET /robots.txt HTTP/1.1" 404 1181 "-" "Mozilla/5.0 (compatible; Yahoo! Slurp; http://help.yahoo.com/help/us/ysearch/slurp)"
68.180.229.217 - - [22/Nov/2017:02:21:07 +0100] "GET /doc/varos-videk_2009.pdf HTTP/1.1" 200 1636386 "-" "Mozilla/5.0 (compatible; Yahoo! Slurp; http://help.yahoo.com/help/us/ysearch/slurp)"
207.46.13.170 - - [22/Nov/2017:03:18:54 +0100] "GET /doc/A_kozlekedesmenedzsment_korszeru_eszkozei.pdf HTTP/1.1" 404 1181 "-" "Mozilla/5.0 (compatible; bingbot/2.0; +http://www.bing.com/bingbot.htm)"
163.172.68.99 - - [22/Nov/2017:03:26:25 +0100] "GET /robots.txt HTTP/1.1" 404 1181 "-" "Mozilla/5.0 ((Windows; U; Windows NT 6.1; fr; rv:1.9.2) Gecko/20100115 Firefox/3.6)"
163.172.68.99 - - [22/Nov/2017:03:26:26 +0100] "GET /hirlevel/vonattal1206.htm HTTP/1.1" 404 1181 "-" "Mozilla/5.0 ((Windows; U; Windows NT 6.1; fr; rv:1.9.2) Gecko/20100115 Firefox/3.6)"
40.77.167.29 - - [22/Nov/2017:03:47:40 +0100] "GET /doc/b2_2010.pdf HTTP/1.1" 404 1181 "-" "Mozilla/5.0 (compatible; bingbot/2.0; +http://www.bing.com/bingbot.htm)"
40.77.167.29 - - [22/Nov/2017:03:49:53 +0100] "GET /doc/sikeres_varos.pdf HTTP/1.1" 404 1181 "-" "Mozilla/5.0 (iPhone; CPU iPhone OS 7_0 like Mac OS X) AppleWebKit/537.51.1 (KHTML, like Gecko) Version/7.0 Mobile/11A465 Safari/9537.53 (compatible; bingbot/2.0; +http://www.bing.com/bingbot.htm)"
207.46.13.62 - - [22/Nov/2017:04:00:40 +0100] "GET / HTTP/1.1" 200 2023 "-" "Mozilla/5.0 (compatible; bingbot/2.0; +http://www.bing.com/bingbot.htm)"
157.55.39.69 - - [22/Nov/2017:05:03:43 +0100] "GET /hirlevel/MAV_102vonal_prezi201504.pdf HTTP/1.1" 404 1181 "-" "Mozilla/5.0 (iPhone; CPU iPhone OS 7_0 like Mac OS X) AppleWebKit/537.51.1 (KHTML, like Gecko) Version/7.0 Mobile/11A465 Safari/9537.53 (compatible; bingbot/2.0; +http://www.bing.com/bingbot.htm)"
40.77.167.29 - - [22/Nov/2017:05:19:18 +0100] "GET /doc/allomasok_kepes_osszefoglaloja.pdf HTTP/1.1" 200 5628186 "-" "Mozilla/5.0 (iPhone; CPU iPhone OS 7_0 like Mac OS X) AppleWebKit/537.51.1 (KHTML, like Gecko) Version/7.0 Mobile/11A465 Safari/9537.53 (compatible; bingbot/2.0; +http://www.bing.com/bingbot.htm)"
40.77.167.29 - - [22/Nov/2017:05:19:28 +0100] "GET /doc/147.pdf HTTP/1.1" 404 1181 "-" "Mozilla/5.0 (compatible; bingbot/2.0; +http://www.bing.com/bingbot.htm)"
68.180.229.217 - - [22/Nov/2017:05:21:36 +0100] "GET /hirlevel/vonattal1206.htm HTTP/1.1" 404 1181 "-" "Mozilla/5.0 (compatible; Yahoo! Slurp; http://help.yahoo.com/help/us/ysearch/slurp)"
35.184.189.105 - - [22/Nov/2017:05:25:10 +0100] "GET /robots.txt HTTP/1.1" 404 1181 "-" "ltx71 - (http://ltx71.com/)"
46.229.164.98 - - [22/Nov/2017:06:04:27 +0100] "GET /robots.txt HTTP/1.1" 404 1181 "-" "Mozilla/5.0 (compatible; SemrushBot/1.2~bl; +http://www.semrush.com/bot.html)"
207.46.13.62 - - [22/Nov/2017:06:45:03 +0100] "GET /doc/tisza-to_szoroanyag_2012.pdf HTTP/1.1" 404 1181 "-" "Mozilla/5.0 (iPhone; CPU iPhone OS 7_0 like Mac OS X) AppleWebKit/537.51.1 (KHTML, like Gecko) Version/7.0 Mobile/11A465 Safari/9537.53 (compatible; bingbot/2.0; +http://www.bing.com/bingbot.htm)"
157.55.39.69 - - [22/Nov/2017:06:52:43 +0100] "GET /doc/ttft.pdf HTTP/1.1" 200 6493253 "-" "Mozilla/5.0 (iPhone; CPU iPhone OS 7_0 like Mac OS X) AppleWebKit/537.51.1 (KHTML, like Gecko) Version/7.0 Mobile/11A465 Safari/9537.53 (compatible; bingbot/2.0; +http://www.bing.com/bingbot.htm)"
199.30.24.203 - - [22/Nov/2017:07:15:19 +0100] "GET /doc/allomasok_kepes_osszefoglaloja.pdf HTTP/1.1" 200 4382028 "-" "Mozilla/5.0 (iPhone; CPU iPhone OS 7_0 like Mac OS X) AppleWebKit/537.51.1 (KHTML, like Gecko) Version/7.0 Mobile/11A465 Safari/9537.53 BingPreview/1.0b"
216.244.66.199 - - [22/Nov/2017:07:46:55 +0100] "GET /robots.txt HTTP/1.1" 404 1181 "-" "Mozilla/5.0 (compatible; DotBot/1.1; http://www.opensiteexplorer.org/dotbot, help@moz.com)"
207.46.13.170 - - [22/Nov/2017:08:04:39 +0100] "GET /doc/alapsz03.pdf HTTP/1.1" 200 6009944 "-" "Mozilla/5.0 (iPhone; CPU iPhone OS 7_0 like Mac OS X) AppleWebKit/537.51.1 (KHTML, like Gecko) Version/7.0 Mobile/11A465 Safari/9537.53 (compatible; bingbot/2.0; +http://www.bing.com/bingbot.htm)"
138.201.30.66 - - [22/Nov/2017:08:06:03 +0100] "GET /robots.txt HTTP/1.0" 404 1181 "-" "Mozilla/5.0 (compatible; SEOkicks-Robot; +http://www.seokicks.de/robot.html)"
138.201.30.66 - - [22/Nov/2017:08:06:05 +0100] "GET / HTTP/1.0" 200 2023 "-" "Mozilla/5.0 (compatible; SEOkicks-Robot; +http://www.seokicks.de/robot.html)"
138.201.30.66 - - [22/Nov/2017:08:06:06 +0100] "GET /kikvagyunk2.htm HTTP/1.0" 200 17012 "http://www.mkk.zpok.hu/" "Mozilla/5.0 (compatible; SEOkicks-Robot; +http://www.seokicks.de/robot.html)"
138.201.30.66 - - [22/Nov/2017:08:06:07 +0100] "GET /projektek2.htm HTTP/1.0" 200 7634 "http://www.mkk.zpok.hu/" "Mozilla/5.0 (compatible; SEOkicks-Robot; +http://www.seokicks.de/robot.html)"
138.201.30.66 - - [22/Nov/2017:08:06:09 +0100] "GET /tagsag2.htm HTTP/1.0" 200 1335 "http://www.mkk.zpok.hu/" "Mozilla/5.0 (compatible; SEOkicks-Robot; +http://www.seokicks.de/robot.html)"
138.201.30.66 - - [22/Nov/2017:08:06:11 +0100] "GET /doc/kozh.zip HTTP/1.0" 200 18470 "http://www.mkk.zpok.hu/kikvagyunk2.htm" "Mozilla/5.0 (compatible; SEOkicks-Robot; +http://www.seokicks.de/robot.html)"
138.201.30.66 - - [22/Nov/2017:08:06:15 +0100] "GET /doc/westtakt_mnr_tkp.zip HTTP/1.0" 200 18473 "http://www.mkk.zpok.hu/projektek2.htm" "Mozilla/5.0 (compatible; SEOkicks-Robot; +http://www.seokicks.de/robot.html)"
138.201.30.66 - - [22/Nov/2017:08:06:17 +0100] "GET /doc/ipoly_konf.zip HTTP/1.0" 200 18471 "http://www.mkk.zpok.hu/projektek2.htm" "Mozilla/5.0 (compatible; SEOkicks-Robot; +http://www.seokicks.de/robot.html)"
78.43.100.201 - - [22/Nov/2017:08:22:54 +0100] "GET /doc/b2_201203.jpg HTTP/1.1" 404 1181 "-" "Mozilla/5.0 (Macintosh; Intel Mac OS X 10_13_1) AppleWebKit/604.3.5 (KHTML, like Gecko)"
78.43.100.201 - - [22/Nov/2017:08:22:55 +0100] "GET /apple-touch-icon-precomposed.png HTTP/1.1" 404 1181 "-" "Safari/13604.3.5 CFNetwork/889.9 Darwin/17.2.0 (x86_64)"
78.43.100.201 - - [22/Nov/2017:08:22:55 +0100] "GET /apple-touch-icon.png HTTP/1.1" 404 1181 "-" "Safari/13604.3.5 CFNetwork/889.9 Darwin/17.2.0 (x86_64)"
78.43.100.201 - - [22/Nov/2017:08:22:55 +0100] "GET /favicon.ico HTTP/1.1" 404 1181 "-" "Safari/13604.3.5 CFNetwork/889.9 Darwin/17.2.0 (x86_64)"
78.43.100.201 - - [22/Nov/2017:08:22:55 +0100] "GET /apple-touch-icon-precomposed.png HTTP/1.1" 404 1181 "-" "Safari/13604.3.5 CFNetwork/889.9 Darwin/17.2.0 (x86_64)"
78.43.100.201 - - [22/Nov/2017:08:22:55 +0100] "GET /apple-touch-icon.png HTTP/1.1" 404 1181 "-" "Safari/13604.3.5 CFNetwork/889.9 Darwin/17.2.0 (x86_64)"
78.43.100.201 - - [22/Nov/2017:08:22:55 +0100] "GET /favicon.ico HTTP/1.1" 404 1181 "-" "Safari/13604.3.5 CFNetwork/889.9 Darwin/17.2.0 (x86_64)"
78.43.100.201 - - [22/Nov/2017:08:22:55 +0100] "GET /doc/b2_201203.jpg HTTP/1.1" 404 1181 "-" "Mozilla/5.0 (iPhone; CPU iPhone OS 10_3 like Mac OS X) AppleWebKit/603.1.30 (KHTML, like Gecko) Version/10.3 Mobile/14E277 Safari/603.1.30"
78.43.100.201 - - [22/Nov/2017:08:22:55 +0100] "GET /apple-touch-icon-precomposed.png HTTP/1.1" 404 1181 "-" "Safari/13604.3.5 CFNetwork/889.9 Darwin/17.2.0 (x86_64)"
78.43.100.201 - - [22/Nov/2017:08:22:55 +0100] "GET /apple-touch-icon.png HTTP/1.1" 404 1181 "-" "Safari/13604.3.5 CFNetwork/889.9 Darwin/17.2.0 (x86_64)"
78.43.100.201 - - [22/Nov/2017:08:22:55 +0100] "GET /favicon.ico HTTP/1.1" 404 1181 "-" "Safari/13604.3.5 CFNetwork/889.9 Darwin/17.2.0 (x86_64)"
78.43.100.201 - - [22/Nov/2017:08:22:55 +0100] "GET /apple-touch-icon-precomposed.png HTTP/1.1" 404 1181 "-" "Safari/13604.3.5 CFNetwork/889.9 Darwin/17.2.0 (x86_64)"
78.43.100.201 - - [22/Nov/2017:08:22:55 +0100] "GET /apple-touch-icon.png HTTP/1.1" 404 1181 "-" "Safari/13604.3.5 CFNetwork/889.9 Darwin/17.2.0 (x86_64)"
78.43.100.201 - - [22/Nov/2017:08:22:55 +0100] "GET /favicon.ico HTTP/1.1" 404 1181 "-" "Safari/13604.3.5 CFNetwork/889.9 Darwin/17.2.0 (x86_64)"
157.55.39.69 - - [22/Nov/2017:08:45:04 +0100] "GET /hirlevel/vonattal1602.html HTTP/1.1" 404 1181 "-" "Mozilla/5.0 (iPhone; CPU iPhone OS 7_0 like Mac OS X) AppleWebKit/537.51.1 (KHTML, like Gecko) Version/7.0 Mobile/11A465 Safari/9537.53 (compatible; bingbot/2.0; +http://www.bing.com/bingbot.htm)"
40.77.167.29 - - [22/Nov/2017:09:00:13 +0100] "GET /doc/vonatrafel_c.pdf HTTP/1.1" 404 1181 "-" "Mozilla/5.0 (iPhone; CPU iPhone OS 7_0 like Mac OS X) AppleWebKit/537.51.1 (KHTML, like Gecko) Version/7.0 Mobile/11A465 Safari/9537.53 (compatible; bingbot/2.0; +http://www.bing.com/bingbot.htm)"
207.241.225.236 - - [22/Nov/2017:09:06:54 +0100] "GET /robots.txt HTTP/1.1" 404 1181 "-" "Mozilla/5.0 (compatible; archive.org_bot; Wayback Machine Live Record; +http://archive.org/details/archive.org_bot)"
207.241.225.227 - - [22/Nov/2017:09:06:56 +0100] "GET /robots.txt HTTP/1.1" 404 1181 "-" "Mozilla/5.0 (compatible; archive.org_bot; Wayback Machine Live Record; +http://archive.org/details/archive.org_bot)"
157.55.39.69 - - [22/Nov/2017:09:17:18 +0100] "GET /hirlevel/vonattal1107.htm HTTP/1.1" 404 1181 "-" "Mozilla/5.0 (iPhone; CPU iPhone OS 7_0 like Mac OS X) AppleWebKit/537.51.1 (KHTML, like Gecko) Version/7.0 Mobile/11A465 Safari/9537.53 (compatible; bingbot/2.0; +http://www.bing.com/bingbot.htm)"
157.55.39.69 - - [22/Nov/2017:09:18:54 +0100] "GET /robots.txt HTTP/1.1" 404 1181 "-" "Mozilla/5.0 (compatible; bingbot/2.0; +http://www.bing.com/bingbot.htm)"
78.43.100.201 - - [22/Nov/2017:09:31:22 +0100] "GET /doc/b2_201203.jpg HTTP/1.1" 404 1181 "-" "Mozilla/5.0 (Macintosh; Intel Mac OS X 10_13_1) AppleWebKit/604.3.5 (KHTML, like Gecko)"
78.43.100.201 - - [22/Nov/2017:09:31:22 +0100] "GET /apple-touch-icon-precomposed.png HTTP/1.1" 404 1181 "-" "Safari/13604.3.5 CFNetwork/889.9 Darwin/17.2.0 (x86_64)"
78.43.100.201 - - [22/Nov/2017:09:31:22 +0100] "GET /apple-touch-icon.png HTTP/1.1" 404 1181 "-" "Safari/13604.3.5 CFNetwork/889.9 Darwin/17.2.0 (x86_64)"
