78.42.170.238 - - [14/Nov/2017:21:32:40 +0100] "GET /apple-touch-icon.png HTTP/1.1" 404 1181 "-" "Safari/13604.3.5 CFNetwork/889.9 Darwin/17.2.0 (x86_64)"
78.42.170.238 - - [14/Nov/2017:21:32:40 +0100] "GET /favicon.ico HTTP/1.1" 404 1181 "-" "Safari/13604.3.5 CFNetwork/889.9 Darwin/17.2.0 (x86_64)"
78.42.170.238 - - [14/Nov/2017:21:32:40 +0100] "GET /apple-touch-icon-precomposed.png HTTP/1.1" 404 1181 "-" "Safari/13604.3.5 CFNetwork/889.9 Darwin/17.2.0 (x86_64)"
78.42.170.238 - - [14/Nov/2017:21:32:40 +0100] "GET /apple-touch-icon.png HTTP/1.1" 404 1181 "-" "Safari/13604.3.5 CFNetwork/889.9 Darwin/17.2.0 (x86_64)"
78.42.170.238 - - [14/Nov/2017:21:32:40 +0100] "GET /favicon.ico HTTP/1.1" 404 1181 "-" "Safari/13604.3.5 CFNetwork/889.9 Darwin/17.2.0 (x86_64)"
78.42.170.238 - - [14/Nov/2017:21:32:40 +0100] "GET /doc/b2_201203.jpg HTTP/1.1" 404 1181 "-" "Mozilla/5.0 (iPhone; CPU iPhone OS 10_3 like Mac OS X) AppleWebKit/603.1.30 (KHTML, like Gecko) Version/10.3 Mobile/14E277 Safari/603.1.30"
78.42.170.238 - - [14/Nov/2017:21:32:40 +0100] "GET /apple-touch-icon-precomposed.png HTTP/1.1" 404 1181 "-" "Safari/13604.3.5 CFNetwork/889.9 Darwin/17.2.0 (x86_64)"
78.42.170.238 - - [14/Nov/2017:21:32:40 +0100] "GET /apple-touch-icon.png HTTP/1.1" 404 1181 "-" "Safari/13604.3.5 CFNetwork/889.9 Darwin/17.2.0 (x86_64)"
78.42.170.238 - - [14/Nov/2017:21:32:40 +0100] "GET /favicon.ico HTTP/1.1" 404 1181 "-" "Safari/13604.3.5 CFNetwork/889.9 Darwin/17.2.0 (x86_64)"
78.42.170.238 - - [14/Nov/2017:21:32:40 +0100] "GET /apple-touch-icon-precomposed.png HTTP/1.1" 404 1181 "-" "Safari/13604.3.5 CFNetwork/889.9 Darwin/17.2.0 (x86_64)"
78.42.170.238 - - [14/Nov/2017:21:32:40 +0100] "GET /apple-touch-icon.png HTTP/1.1" 404 1181 "-" "Safari/13604.3.5 CFNetwork/889.9 Darwin/17.2.0 (x86_64)"
78.42.170.238 - - [14/Nov/2017:21:32:41 +0100] "GET /favicon.ico HTTP/1.1" 404 1181 "-" "Safari/13604.3.5 CFNetwork/889.9 Darwin/17.2.0 (x86_64)"
207.46.13.62 - - [14/Nov/2017:22:01:11 +0100] "GET /hirlevel/UtasforumJegyzkonyv141121.pdf HTTP/1.1" 404 1181 "-" "Mozilla/5.0 (compatible; bingbot/2.0; +http://www.bing.com/bingbot.htm)"
5.196.87.61 - - [14/Nov/2017:22:54:49 +0100] "GET /robots.txt HTTP/1.1" 404 1181 "-" "Mozilla/5.0 (compatible; AhrefsBot/5.2; +http://ahrefs.com/robot/)"
51.255.65.87 - - [14/Nov/2017:22:54:49 +0100] "GET /tagsag2.htm HTTP/1.1" 200 1335 "-" "Mozilla/5.0 (compatible; AhrefsBot/5.2; +http://ahrefs.com/robot/)"
157.55.39.214 - - [14/Nov/2017:23:11:10 +0100] "GET /doc/eletet-a-vasutnak.pdf HTTP/1.1" 200 5085257 "-" "Mozilla/5.0 (iPhone; CPU iPhone OS 7_0 like Mac OS X) AppleWebKit/537.51.1 (KHTML, like Gecko) Version/7.0 Mobile/11A465 Safari/9537.53 (compatible; bingbot/2.0; +http://www.bing.com/bingbot.htm)"
216.244.66.199 - - [14/Nov/2017:23:14:00 +0100] "GET /robots.txt HTTP/1.1" 404 1181 "-" "Mozilla/5.0 (compatible; DotBot/1.1; http://www.opensiteexplorer.org/dotbot, help@moz.com)"
207.46.13.62 - - [14/Nov/2017:23:23:05 +0100] "GET /doc/varos-videk_2009.pdf HTTP/1.1" 200 1636386 "-" "Mozilla/5.0 (iPhone; CPU iPhone OS 7_0 like Mac OS X) AppleWebKit/537.51.1 (KHTML, like Gecko) Version/7.0 Mobile/11A465 Safari/9537.53 (compatible; bingbot/2.0; +http://www.bing.com/bingbot.htm)"
46.229.164.98 - - [14/Nov/2017:23:35:40 +0100] "GET /robots.txt HTTP/1.1" 404 1181 "-" "Mozilla/5.0 (compatible; SemrushBot/1.2~bl; +http://www.semrush.com/bot.html)"
207.46.13.62 - - [14/Nov/2017:23:42:33 +0100] "GET /doc/b2_2012_03.pdf HTTP/1.1" 404 1181 "-" "Mozilla/5.0 (iPhone; CPU iPhone OS 7_0 like Mac OS X) AppleWebKit/537.51.1 (KHTML, like Gecko) Version/7.0 Mobile/11A465 Safari/9537.53 (compatible; bingbot/2.0; +http://www.bing.com/bingbot.htm)"
162.208.50.90 - - [15/Nov/2017:00:05:11 +0100] "GET / HTTP/1.1" 200 2023 "-" "Mozilla/5.0 (Windows NT 10.0; WOW64; rv:40.0) Gecko/20100101 Firefox/40.0"
162.208.50.90 - - [15/Nov/2017:00:08:37 +0100] "GET /blog.jpg HTTP/1.1" 200 29833 "-" "Windows-Media-Player/11.0.5721.5145"
34.241.173.216 - - [15/Nov/2017:00:42:29 +0100] "GET / HTTP/1.1" 200 2023 "-" "Mozilla/5.0 (compatible; YaK/1.0; http://linkfluence.com/; bot@linkfluence.com)"
207.46.13.62 - - [15/Nov/2017:00:50:18 +0100] "GET / HTTP/1.1" 200 2023 "-" "Mozilla/5.0 (iPhone; CPU iPhone OS 7_0 like Mac OS X) AppleWebKit/537.51.1 (KHTML, like Gecko) Version/7.0 Mobile/11A465 Safari/9537.53 (compatible; bingbot/2.0; +http://www.bing.com/bingbot.htm)"
157.55.39.214 - - [15/Nov/2017:00:58:41 +0100] "GET /doc/varos-videk.vasut_2009.pdf HTTP/1.1" 404 1181 "-" "Mozilla/5.0 (iPhone; CPU iPhone OS 7_0 like Mac OS X) AppleWebKit/537.51.1 (KHTML, like Gecko) Version/7.0 Mobile/11A465 Safari/9537.53 (compatible; bingbot/2.0; +http://www.bing.com/bingbot.htm)"
85.25.210.234 - - [15/Nov/2017:01:39:41 +0100] "GET /robots.txt HTTP/1.1" 404 1181 "-" "Mozilla/5.0 (compatible; seoscanners.net/1; +spider@seoscanners.net)"
85.25.210.234 - - [15/Nov/2017:01:39:41 +0100] "GET /doc/A_kozlekedesmenedzsment_korszeru_eszkozei.pdf HTTP/1.1" 404 1181 "-" "Mozilla/5.0 (compatible; seoscanners.net/1; +spider@seoscanners.net)"
207.46.13.62 - - [15/Nov/2017:02:10:02 +0100] "GET / HTTP/1.1" 200 2023 "-" "Mozilla/5.0 (compatible; bingbot/2.0; +http://www.bing.com/bingbot.htm)"
85.25.210.41 - - [15/Nov/2017:02:28:51 +0100] "GET /robots.txt HTTP/1.1" 404 1181 "-" "Mozilla/5.0 (compatible; seoscanners.net/1; +spider@seoscanners.net)"
85.25.210.41 - - [15/Nov/2017:02:28:51 +0100] "GET /hirlevel/vonattal1304.html HTTP/1.1" 404 1181 "-" "Mozilla/5.0 (compatible; seoscanners.net/1; +spider@seoscanners.net)"
77.75.79.95 - - [15/Nov/2017:02:29:10 +0100] "GET /robots.txt HTTP/1.1" 404 1181 "-" "Mozilla/5.0 (compatible; SeznamBot/3.2; +http://napoveda.seznam.cz/en/seznambot-intro/)"
77.75.79.95 - - [15/Nov/2017:02:29:11 +0100] "GET /doc/b2_2010.pdf HTTP/1.1" 404 1181 "-" "Mozilla/5.0 (compatible; SeznamBot/3.2; +http://napoveda.seznam.cz/en/seznambot-intro/)"
40.77.167.124 - - [15/Nov/2017:03:16:27 +0100] "GET /doc/b2_2010.pdf HTTP/1.1" 404 1181 "-" "Mozilla/5.0 (iPhone; CPU iPhone OS 7_0 like Mac OS X) AppleWebKit/537.51.1 (KHTML, like Gecko) Version/7.0 Mobile/11A465 Safari/9537.53 (compatible; bingbot/2.0; +http://www.bing.com/bingbot.htm)"
149.56.254.110 - - [15/Nov/2017:03:21:45 +0100] "GET / HTTP/1.1" 200 2023 "-" "Mozilla/4.0 (compatible; MSIE 5.0; Windows NT; DigExt; DTS Agent"
35.184.189.105 - - [15/Nov/2017:03:46:21 +0100] "GET /robots.txt HTTP/1.1" 404 1181 "-" "ltx71 - (http://ltx71.com/)"
35.184.189.105 - - [15/Nov/2017:03:47:45 +0100] "GET / HTTP/1.1" 200 2023 "-" "ltx71 - (http://ltx71.com/)"
65.55.210.183 - - [15/Nov/2017:03:57:50 +0100] "GET /mkk_banner.png HTTP/1.1" 200 62097 "-" "Mozilla/5.0 (iPhone; CPU iPhone OS 7_0 like Mac OS X) AppleWebKit/537.51.1 (KHTML, like Gecko) Version/7.0 Mobile/11A465 Safari/9537.53 BingPreview/1.0b"
65.55.210.183 - - [15/Nov/2017:03:57:52 +0100] "GET /blog.jpg HTTP/1.1" 200 29833 "-" "Mozilla/5.0 (iPhone; CPU iPhone OS 7_0 like Mac OS X) AppleWebKit/537.51.1 (KHTML, like Gecko) Version/7.0 Mobile/11A465 Safari/9537.53 BingPreview/1.0b"
65.55.210.114 - - [15/Nov/2017:03:57:53 +0100] "GET /facebook-logo-preview.png HTTP/1.1" 200 3924 "-" "Mozilla/5.0 (iPhone; CPU iPhone OS 7_0 like Mac OS X) AppleWebKit/537.51.1 (KHTML, like Gecko) Version/7.0 Mobile/11A465 Safari/9537.53 BingPreview/1.0b"
35.184.189.105 - - [15/Nov/2017:04:28:14 +0100] "GET /robots.txt HTTP/1.1" 404 1181 "-" "ltx71 - (http://ltx71.com/)"
169.54.233.124 - - [15/Nov/2017:04:28:34 +0100] "GET / HTTP/1.1" 200 2023 "-" "-"
23.237.4.26 - - [15/Nov/2017:04:54:13 +0100] "GET / HTTP/1.1" 200 2023 "-" "Mozilla/5.0 (compatible; AlphaBot/3.2; +http://alphaseobot.com/bot.html)"
157.55.39.214 - - [15/Nov/2017:05:23:31 +0100] "GET /hirlevel/vonattal1605.html HTTP/1.1" 404 1181 "-" "Mozilla/5.0 (iPhone; CPU iPhone OS 7_0 like Mac OS X) AppleWebKit/537.51.1 (KHTML, like Gecko) Version/7.0 Mobile/11A465 Safari/9537.53 (compatible; bingbot/2.0; +http://www.bing.com/bingbot.htm)"
35.184.189.105 - - [15/Nov/2017:05:25:43 +0100] "GET /robots.txt HTTP/1.1" 404 1181 "-" "ltx71 - (http://ltx71.com/)"
35.184.189.105 - - [15/Nov/2017:05:26:27 +0100] "GET /projektek2.htm HTTP/1.1" 200 7634 "-" "ltx71 - (http://ltx71.com/)"
35.184.189.105 - - [15/Nov/2017:05:27:36 +0100] "GET /tagsag2.htm HTTP/1.1" 200 1335 "-" "ltx71 - (http://ltx71.com/)"
35.184.189.105 - - [15/Nov/2017:05:28:02 +0100] "GET /kikvagyunk2.htm HTTP/1.1" 200 17012 "-" "ltx71 - (http://ltx71.com/)"
35.184.189.105 - - [15/Nov/2017:05:36:37 +0100] "GET /robots.txt HTTP/1.1" 404 1181 "-" "ltx71 - (http://ltx71.com/)"
216.244.66.245 - - [15/Nov/2017:05:52:10 +0100] "GET /robots.txt HTTP/1.1" 404 1181 "-" "Mozilla/5.0 (compatible; DotBot/1.1; http://www.opensiteexplorer.org/dotbot, help@moz.com)"
35.184.189.105 - - [15/Nov/2017:05:58:14 +0100] "GET /robots.txt HTTP/1.1" 404 1181 "-" "ltx71 - (http://ltx71.com/)"
37.72.189.166 - - [15/Nov/2017:06:05:48 +0100] "GET / HTTP/1.1" 200 2023 "-" "Mozilla/4.0 (compatible; MSIE 8.0; Win32)"
216.244.66.245 - - [15/Nov/2017:06:08:08 +0100] "GET /hirlevel/prezentacio_hv_201504.pdf HTTP/1.1" 404 1181 "-" "Mozilla/5.0 (compatible; DotBot/1.1; http://www.opensiteexplorer.org/dotbot, help@moz.com)"
35.184.189.105 - - [15/Nov/2017:06:16:21 +0100] "GET /robots.txt HTTP/1.1" 404 1181 "-" "ltx71 - (http://ltx71.com/)"
35.184.189.105 - - [15/Nov/2017:06:40:17 +0100] "GET /robots.txt HTTP/1.1" 404 1181 "-" "ltx71 - (http://ltx71.com/)"
66.249.64.195 - - [15/Nov/2017:06:40:30 +0100] "GET /doc/b2_2012_03.pdf HTTP/1.1" 404 1181 "-" "Mozilla/5.0 (Linux; Android 6.0.1; Nexus 5X Build/MMB29P) AppleWebKit/537.36 (KHTML, like Gecko) Chrome/41.0.2272.96 Mobile Safari/537.36 (compatible; Googlebot/2.1; +http://www.google.com/bot.html)"
35.184.189.105 - - [15/Nov/2017:06:56:11 +0100] "GET /robots.txt HTTP/1.1" 404 1181 "-" "ltx71 - (http://ltx71.com/)"
35.184.189.105 - - [15/Nov/2017:06:58:09 +0100] "GET /doc/allomasok_kepes_osszefoglaloja.pdf HTTP/1.1" 200 5628186 "-" "ltx71 - (http://ltx71.com/)"
77.111.91.248 - - [15/Nov/2017:07:01:04 +0100] "GET / HTTP/1.1" 200 2023 "-" "Mozilla/5.0 (Windows NT 10.0; Win64; x64) AppleWebKit/537.36 (KHTML, like Gecko) Chrome/61.0.3163.100 Safari/537.36"
80.77.124.230 - - [15/Nov/2017:07:12:45 +0100] "GET / HTTP/1.1" 200 2023 "-" "Mozilla/5.0 (Windows NT 10.0; Win64; x64) AppleWebKit/537.36 (KHTML, like Gecko) Chrome/61.0.3163.100 Safari/537.36"
157.55.39.214 - - [15/Nov/2017:07:31:42 +0100] "GET /hirlevel/vonattal1107.htm HTTP/1.1" 404 1181 "-" "Mozilla/5.0 (compatible; bingbot/2.0; +http://www.bing.com/bingbot.htm)"
35.184.189.105 - - [15/Nov/2017:07:37:49 +0100] "GET /robots.txt HTTP/1.1" 404 1181 "-" "ltx71 - (http://ltx71.com/)"
35.184.189.105 - - [15/Nov/2017:07:38:10 +0100] "GET /doc/westtakt_mnr_tkp.zip HTTP/1.1" 200 548715 "-" "ltx71 - (http://ltx71.com/)"
207.46.13.62 - - [15/Nov/2017:07:43:13 +0100] "GET / HTTP/1.1" 200 2023 "-" "Mozilla/5.0 (compatible; bingbot/2.0; +http://www.bing.com/bingbot.htm)"
66.249.64.192 - - [15/Nov/2017:08:20:50 +0100] "GET /robots.txt HTTP/1.1" 404 1181 "-" "Mozilla/5.0 (compatible; Googlebot/2.1; +http://www.google.com/bot.html)"
66.249.64.195 - - [15/Nov/2017:08:20:50 +0100] "GET / HTTP/1.1" 200 2023 "-" "Mozilla/5.0 (compatible; Googlebot/2.1; +http://www.google.com/bot.html)"
40.77.167.124 - - [15/Nov/2017:08:26:23 +0100] "GET /doc/ipoly_201109.pdf HTTP/1.1" 404 1181 "-" "Mozilla/5.0 (iPhone; CPU iPhone OS 7_0 like Mac OS X) AppleWebKit/537.51.1 (KHTML, like Gecko) Version/7.0 Mobile/11A465 Safari/9537.53 (compatible; bingbot/2.0; +http://www.bing.com/bingbot.htm)"
35.184.189.105 - - [15/Nov/2017:08:40:57 +0100] "GET /robots.txt HTTP/1.1" 404 1181 "-" "ltx71 - (http://ltx71.com/)"
35.184.189.105 - - [15/Nov/2017:08:41:37 +0100] "GET /doc/alapsz03.pdf HTTP/1.1" 200 6009944 "-" "ltx71 - (http://ltx71.com/)"
46.229.164.102 - - [15/Nov/2017:08:54:26 +0100] "GET /robots.txt HTTP/1.1" 404 1181 "-" "Mozilla/5.0 (compatible; SemrushBot/1.2~bl; +http://www.semrush.com/bot.html)"
35.184.189.105 - - [15/Nov/2017:09:07:52 +0100] "GET /robots.txt HTTP/1.1" 404 1181 "-" "ltx71 - (http://ltx71.com/)"
35.184.189.105 - - [15/Nov/2017:09:09:20 +0100] "GET /doc/bartok_20160703.pdf HTTP/1.1" 200 284990 "-" "ltx71 - (http://ltx71.com/)"
35.184.189.105 - - [15/Nov/2017:09:41:22 +0100] "GET /robots.txt HTTP/1.1" 404 1181 "-" "ltx71 - (http://ltx71.com/)"
35.184.189.105 - - [15/Nov/2017:09:41:56 +0100] "GET /doc/ttft.pdf HTTP/1.1" 200 6493253 "-" "ltx71 - (http://ltx71.com/)"
66.249.64.195 - - [15/Nov/2017:10:04:45 +0100] "GET /doc/halalraitelve.pdf HTTP/1.1" 404 1181 "-" "Mozilla/5.0 (compatible; Googlebot/2.1; +http://www.google.com/bot.html)"
35.184.189.105 - - [15/Nov/2017:10:19:12 +0100] "GET /robots.txt HTTP/1.1" 404 1181 "-" "ltx71 - (http://ltx71.com/)"
80.98.111.71 - - [15/Nov/2017:10:21:12 +0100] "GET /doc/A_kozlekedesmenedzsment_korszeru_eszkozei.pdf HTTP/1.1" 404 1181 "-" "Mozilla/4.5 (compatible; HTTrack 3.0x; Windows 98)"
133.130.102.240 - - [15/Nov/2017:10:38:43 +0100] "GET /doc/b2_2010.pdf HTTP/1.1" 404 1181 "-" "Mozilla/5.0 (Macintosh; Intel Mac OS X 10_10_3) AppleWebKit/537.36 (KHTML, like Gecko) Chrome/42.0.2311.90 Safari/537.36"
37.9.113.83 - - [15/Nov/2017:10:40:49 +0100] "GET /robots.txt HTTP/1.1" 404 1181 "-" "Mozilla/5.0 (compatible; YandexBot/3.0; +http://yandex.com/bots)"
37.9.113.87 - - [15/Nov/2017:10:40:53 +0100] "GET /doc/prezentacio_20150425_tokaj.pdf HTTP/1.1" 404 1181 "-" "Mozilla/5.0 (compatible; YandexBot/3.0; +http://yandex.com/bots)"
66.249.64.192 - - [15/Nov/2017:10:43:51 +0100] "GET /doc/ecseri_ut.pdf HTTP/1.1" 404 1181 "-" "Mozilla/5.0 (compatible; Googlebot/2.1; +http://www.google.com/bot.html)"
80.98.111.71 - - [15/Nov/2017:10:55:56 +0100] "GET /doc/varos-videk_2009.pdf HTTP/1.1" 200 1636386 "-" "Mozilla/4.5 (compatible; HTTrack 3.0x; Windows 98)"
80.98.111.71 - - [15/Nov/2017:11:08:08 +0100] "GET /doc/elovarosi_201301.pdf HTTP/1.1" 404 1181 "-" "Mozilla/4.5 (compatible; HTTrack 3.0x; Windows 98)"
188.6.229.32 - - [15/Nov/2017:11:10:59 +0100] "GET / HTTP/1.1" 200 2023 "https://www.google.hu/" "Mozilla/5.0 (Windows NT 6.3; Win64; x64) AppleWebKit/537.36 (KHTML, like Gecko) Chrome/61.0.3163.100 Safari/537.36"
188.6.229.32 - - [15/Nov/2017:11:10:59 +0100] "GET /blog.jpg HTTP/1.1" 200 29833 "http://www.mkk.zpok.hu/" "Mozilla/5.0 (Windows NT 6.3; Win64; x64) AppleWebKit/537.36 (KHTML, like Gecko) Chrome/61.0.3163.100 Safari/537.36"
188.6.229.32 - - [15/Nov/2017:11:10:59 +0100] "GET /facebook-logo-preview.png HTTP/1.1" 200 3924 "http://www.mkk.zpok.hu/" "Mozilla/5.0 (Windows NT 6.3; Win64; x64) AppleWebKit/537.36 (KHTML, like Gecko) Chrome/61.0.3163.100 Safari/537.36"
188.6.229.32 - - [15/Nov/2017:11:10:59 +0100] "GET /mkk_banner.png HTTP/1.1" 200 62097 "http://www.mkk.zpok.hu/" "Mozilla/5.0 (Windows NT 6.3; Win64; x64) AppleWebKit/537.36 (KHTML, like Gecko) Chrome/61.0.3163.100 Safari/537.36"
80.98.111.71 - - [15/Nov/2017:11:17:54 +0100] "GET /doc/osszefoglalo_070622.pdf HTTP/1.1" 404 1181 "-" "Mozilla/4.5 (compatible; HTTrack 3.0x; Windows 98)"
80.98.111.71 - - [15/Nov/2017:11:18:01 +0100] "GET /doc/hu_aps_positivbeispiele_aufl2_070622_klein.pdf HTTP/1.1" 200 2887217 "-" "Mozilla/4.5 (compatible; HTTrack 3.0x; Windows 98)"
157.55.39.118 - - [15/Nov/2017:11:18:30 +0100] "GET /robots.txt HTTP/1.1" 404 1181 "-" "Mozilla/5.0 (compatible; bingbot/2.0; +http://www.bing.com/bingbot.htm)"
157.55.39.214 - - [15/Nov/2017:11:18:36 +0100] "GET /hirlevel/vonattal0911.htm HTTP/1.1" 404 1181 "-" "Mozilla/5.0 (iPhone; CPU iPhone OS 7_0 like Mac OS X) AppleWebKit/537.51.1 (KHTML, like Gecko) Version/7.0 Mobile/11A465 Safari/9537.53 (compatible; bingbot/2.0; +http://www.bing.com/bingbot.htm)"
80.98.111.71 - - [15/Nov/2017:11:24:48 +0100] "GET /doc/T&E_junius2009.pdf HTTP/1.1" 404 1181 "-" "Mozilla/4.5 (compatible; HTTrack 3.0x; Windows 98)"
80.98.111.71 - - [15/Nov/2017:11:27:57 +0100] "GET /doc/menetrendi-koncepcio_090831.pdf HTTP/1.1" 404 1181 "-" "Mozilla/4.5 (compatible; HTTrack 3.0x; Windows 98)"
80.98.111.71 - - [15/Nov/2017:11:31:21 +0100] "GET /doc/mellv-konf_061121.pdf HTTP/1.1" 404 1181 "-" "Mozilla/4.5 (compatible; HTTrack 3.0x; Windows 98)"
80.98.111.71 - - [15/Nov/2017:11:31:57 +0100] "GET /doc/vasutbezarasok_200710.pdf HTTP/1.1" 404 1181 "-" "Mozilla/4.5 (compatible; HTTrack 3.0x; Windows 98)"
80.98.111.71 - - [15/Nov/2017:11:31:57 +0100] "GET /doc/mkk_allasfogl070622.pdf HTTP/1.1" 404 1181 "-" "Mozilla/4.5 (compatible; HTTrack 3.0x; Windows 98)"
81.88.129.2 - - [15/Nov/2017:11:37:51 +0100] "GET /images/vasutterkep_n.jpg HTTP/1.1" 404 1181 "-" "Mozilla/5.0 (Windows NT 10.0; Win64; x64; rv:56.0) Gecko/20100101 Firefox/56.0"
81.88.129.2 - - [15/Nov/2017:11:37:51 +0100] "GET /favicon.ico HTTP/1.1" 404 1181 "-" "Mozilla/5.0 (Windows NT 10.0; Win64; x64; rv:56.0) Gecko/20100101 Firefox/56.0"
46.107.115.16 - - [15/Nov/2017:11:41:35 +0100] "GET /favicon.ico HTTP/1.1" 404 1181 "http://www.mkk.zpok.hu/doc/mkk_eger_tanulmany_2014.pdf" "Mozilla/5.0 (Windows NT 6.1; Win64; x64) AppleWebKit/537.36 (KHTML, like Gecko) Chrome/61.0.3163.100 Safari/537.36"
46.107.115.16 - - [15/Nov/2017:11:41:35 +0100] "GET /doc/mkk_eger_tanulmany_2014.pdf HTTP/1.1" 200 851104 "https://www.google.hu/" "Mozilla/5.0 (Windows NT 6.1; Win64; x64) AppleWebKit/537.36 (KHTML, like Gecko) Chrome/61.0.3163.100 Safari/537.36"
136.243.89.157 - - [15/Nov/2017:12:21:50 +0100] "GET /robots.txt HTTP/1.0" 404 1181 "-" "Mozilla/5.0 (compatible; SEOkicks-Robot; +http://www.seokicks.de/robot.html)"
136.243.89.157 - - [15/Nov/2017:12:21:51 +0100] "GET / HTTP/1.0" 200 2023 "-" "Mozilla/5.0 (compatible; SEOkicks-Robot; +http://www.seokicks.de/robot.html)"
136.243.89.157 - - [15/Nov/2017:12:21:53 +0100] "GET /kikvagyunk2.htm HTTP/1.0" 200 17012 "http://www.mkk.zpok.hu/" "Mozilla/5.0 (compatible; SEOkicks-Robot; +http://www.seokicks.de/robot.html)"
136.243.89.157 - - [15/Nov/2017:12:21:54 +0100] "GET /projektek2.htm HTTP/1.0" 200 7634 "http://www.mkk.zpok.hu/" "Mozilla/5.0 (compatible; SEOkicks-Robot; +http://www.seokicks.de/robot.html)"
136.243.89.157 - - [15/Nov/2017:12:21:56 +0100] "GET /tagsag2.htm HTTP/1.0" 200 1335 "http://www.mkk.zpok.hu/" "Mozilla/5.0 (compatible; SEOkicks-Robot; +http://www.seokicks.de/robot.html)"
136.243.89.157 - - [15/Nov/2017:12:21:57 +0100] "GET /doc/kozh.zip HTTP/1.0" 200 18470 "http://www.mkk.zpok.hu/kikvagyunk2.htm" "Mozilla/5.0 (compatible; SEOkicks-Robot; +http://www.seokicks.de/robot.html)"
136.243.89.157 - - [15/Nov/2017:12:21:59 +0100] "GET /doc/westtakt_mnr_tkp.zip HTTP/1.0" 200 18473 "http://www.mkk.zpok.hu/projektek2.htm" "Mozilla/5.0 (compatible; SEOkicks-Robot; +http://www.seokicks.de/robot.html)"
136.243.89.157 - - [15/Nov/2017:12:22:00 +0100] "GET /doc/ipoly_konf.zip HTTP/1.0" 200 8192 "http://www.mkk.zpok.hu/projektek2.htm" "Mozilla/5.0 (compatible; SEOkicks-Robot; +http://www.seokicks.de/robot.html)"
91.82.166.45 - - [15/Nov/2017:12:39:34 +0100] "GET /images/vasutterkep_n.jpg HTTP/1.1" 404 1181 "http://oterkep.blogspot.hu/2007/11/magyarorszg-vasti-trkp.html" "Mozilla/5.0 (Windows NT 10.0; Win64; x64) AppleWebKit/537.36 (KHTML, like Gecko) Chrome/61.0.3163.100 Safari/537.36"
91.82.166.45 - - [15/Nov/2017:12:39:35 +0100] "GET /favicon.ico HTTP/1.1" 404 1181 "http://www.mkk.zpok.hu/images/vasutterkep_n.jpg" "Mozilla/5.0 (Windows NT 10.0; Win64; x64) AppleWebKit/537.36 (KHTML, like Gecko) Chrome/61.0.3163.100 Safari/537.36"
35.184.189.105 - - [15/Nov/2017:12:48:07 +0100] "GET /robots.txt HTTP/1.1" 404 1181 "-" "ltx71 - (http://ltx71.com/)"
35.184.189.105 - - [15/Nov/2017:12:48:46 +0100] "GET /doc/mkk_eger_tanulmany_2014.pdf HTTP/1.1" 200 851104 "-" "ltx71 - (http://ltx71.com/)"
35.184.189.105 - - [15/Nov/2017:12:49:09 +0100] "GET /doc/belepesinyilatkozat.pdf HTTP/1.1" 200 403937 "-" "ltx71 - (http://ltx71.com/)"
216.244.66.245 - - [15/Nov/2017:13:23:13 +0100] "GET /robots.txt HTTP/1.1" 404 1181 "-" "Mozilla/5.0 (compatible; DotBot/1.1; http://www.opensiteexplorer.org/dotbot, help@moz.com)"
66.249.64.31 - - [15/Nov/2017:13:23:48 +0100] "GET /robots.txt HTTP/1.1" 404 1181 "-" "Mozilla/5.0 (compatible; Googlebot/2.1; +http://www.google.com/bot.html)"
66.249.64.3 - - [15/Nov/2017:13:23:49 +0100] "GET /doc/allasf_091027.pdf HTTP/1.1" 404 1181 "-" "Mozilla/5.0 (compatible; Googlebot/2.1; +http://www.google.com/bot.html)"
40.77.167.124 - - [15/Nov/2017:13:35:23 +0100] "GET /doc/sikeres_varos.pdf HTTP/1.1" 404 1181 "-" "Mozilla/5.0 (iPhone; CPU iPhone OS 7_0 like Mac OS X) AppleWebKit/537.51.1 (KHTML, like Gecko) Version/7.0 Mobile/11A465 Safari/9537.53 (compatible; bingbot/2.0; +http://www.bing.com/bingbot.htm)"
207.46.13.62 - - [15/Nov/2017:13:44:01 +0100] "GET /hirlevel/vonattal1012.htm HTTP/1.1" 404 1181 "-" "Mozilla/5.0 (iPhone; CPU iPhone OS 7_0 like Mac OS X) AppleWebKit/537.51.1 (KHTML, like Gecko) Version/7.0 Mobile/11A465 Safari/9537.53 (compatible; bingbot/2.0; +http://www.bing.com/bingbot.htm)"
216.244.66.245 - - [15/Nov/2017:13:45:44 +0100] "GET /doc/belepesinyilatkozat.pdf HTTP/1.1" 200 403937 "-" "Mozilla/5.0 (compatible; DotBot/1.1; http://www.opensiteexplorer.org/dotbot, help@moz.com)"
66.249.64.192 - - [15/Nov/2017:13:53:04 +0100] "GET /hirlevel/emlekezteto_hevesvezekeny_201504.pdf HTTP/1.1" 404 1181 "-" "Mozilla/5.0 (compatible; Googlebot/2.1; +http://www.google.com/bot.html)"
66.249.64.222 - - [15/Nov/2017:13:54:04 +0100] "GET /hirlevel/MAV_102vonal_prezi201504.pdf HTTP/1.1" 404 1181 "-" "Mozilla/5.0 (compatible; Googlebot/2.1; +http://www.google.com/bot.html)"
35.184.189.105 - - [15/Nov/2017:14:06:03 +0100] "GET /robots.txt HTTP/1.1" 404 1181 "-" "ltx71 - (http://ltx71.com/)"
40.77.167.124 - - [15/Nov/2017:14:10:51 +0100] "GET /doc/vonatrafel_c.pdf HTTP/1.1" 404 1181 "-" "Mozilla/5.0 (iPhone; CPU iPhone OS 7_0 like Mac OS X) AppleWebKit/537.51.1 (KHTML, like Gecko) Version/7.0 Mobile/11A465 Safari/9537.53 (compatible; bingbot/2.0; +http://www.bing.com/bingbot.htm)"
66.249.64.192 - - [15/Nov/2017:14:21:02 +0100] "GET / HTTP/1.1" 200 2023 "-" "Mozilla/5.0 (Linux; Android 6.0.1; Nexus 5X Build/MMB29P) AppleWebKit/537.36 (KHTML, like Gecko) Chrome/41.0.2272.96 Mobile Safari/537.36 (compatible; Googlebot/2.1; +http://www.google.com/bot.html)"
207.46.13.62 - - [15/Nov/2017:14:21:29 +0100] "GET / HTTP/1.1" 200 2023 "-" "Mozilla/5.0 (compatible; bingbot/2.0; +http://www.bing.com/bingbot.htm)"
46.229.168.80 - - [15/Nov/2017:14:26:30 +0100] "GET /projektek2.htm HTTP/1.1" 200 7634 "-" "Mozilla/5.0 (compatible; SemrushBot/1.2~bl; +http://www.semrush.com/bot.html)"
204.79.180.19 - - [15/Nov/2017:14:29:02 +0100] "GET / HTTP/1.1" 200 2023 "-" "Mozilla/5.0 (compatible; MSIE 9.0; Windows NT 6.1; Trident/5.0; Trident/5.0)"
35.184.189.105 - - [15/Nov/2017:14:48:42 +0100] "GET /robots.txt HTTP/1.1" 404 1181 "-" "ltx71 - (http://ltx71.com/)"
35.184.189.105 - - [15/Nov/2017:15:05:45 +0100] "GET /robots.txt HTTP/1.1" 404 1181 "-" "ltx71 - (http://ltx71.com/)"
89.135.154.147 - - [15/Nov/2017:15:15:36 +0100] "GET / HTTP/1.0" 200 2023 "https://www.google.hu/" "Mozilla/5.0 (Windows NT 10.0; Win64; x64; rv:56.0) Gecko/20100101 Firefox/56.0"
89.135.154.147 - - [15/Nov/2017:15:15:36 +0100] "GET /facebook-logo-preview.png HTTP/1.0" 200 3924 "http://www.mkk.zpok.hu/" "Mozilla/5.0 (Windows NT 10.0; Win64; x64; rv:56.0) Gecko/20100101 Firefox/56.0"
89.135.154.147 - - [15/Nov/2017:15:15:36 +0100] "GET /mkk_banner.png HTTP/1.0" 200 62097 "http://www.mkk.zpok.hu/" "Mozilla/5.0 (Windows NT 10.0; Win64; x64; rv:56.0) Gecko/20100101 Firefox/56.0"
89.135.154.147 - - [15/Nov/2017:15:15:36 +0100] "GET /blog.jpg HTTP/1.0" 200 29833 "http://www.mkk.zpok.hu/" "Mozilla/5.0 (Windows NT 10.0; Win64; x64; rv:56.0) Gecko/20100101 Firefox/56.0"
89.135.154.147 - - [15/Nov/2017:15:15:43 +0100] "GET /favicon.ico HTTP/1.0" 404 1181 "-" "Mozilla/5.0 (Windows NT 10.0; Win64; x64; rv:56.0) Gecko/20100101 Firefox/56.0"
194.177.192.220 - - [15/Nov/2017:15:25:01 +0100] "GET / HTTP/1.1" 200 2023 "-" "-"
157.55.39.201 - - [15/Nov/2017:15:49:27 +0100] "GET /doc/alapsz03.pdf HTTP/1.1" 200 6009944 "-" "Mozilla/5.0 (iPhone; CPU iPhone OS 7_0 like Mac OS X) AppleWebKit/537.51.1 (KHTML, like Gecko) Version/7.0 Mobile/11A465 Safari/9537.53 (compatible; bingbot/2.0; +http://www.bing.com/bingbot.htm)"
46.229.164.98 - - [15/Nov/2017:15:55:36 +0100] "GET /robots.txt HTTP/1.1" 404 1181 "-" "Mozilla/5.0 (compatible; SemrushBot/1.2~bl; +http://www.semrush.com/bot.html)"
35.184.189.105 - - [15/Nov/2017:16:00:58 +0100] "GET /robots.txt HTTP/1.1" 404 1181 "-" "ltx71 - (http://ltx71.com/)"
213.239.205.118 - - [15/Nov/2017:16:01:06 +0100] "GET /robots.txt HTTP/1.0" 404 1181 "-" "Mozilla/5.0 (compatible; MSIE 10.0; Windows NT 6.1; WOW64; Trident/6.0; SLCC2; .NET CLR 2.0.50727; .NET CLR 3.5.30729; .NET CLR 3.0.30729; Media Center PC 6.0; eSobiSubscriber 2.0.4.16; InfoPath.3; .NET4.0C)"
157.55.39.182 - - [15/Nov/2017:16:13:07 +0100] "GET /hirlevel/vonattal1107.htm HTTP/1.1" 404 1181 "-" "Mozilla/5.0 (iPhone; CPU iPhone OS 7_0 like Mac OS X) AppleWebKit/537.51.1 (KHTML, like Gecko) Version/7.0 Mobile/11A465 Safari/9537.53 (compatible; bingbot/2.0; +http://www.bing.com/bingbot.htm)"
35.184.189.105 - - [15/Nov/2017:16:21:05 +0100] "GET /robots.txt HTTP/1.1" 404 1181 "-" "ltx71 - (http://ltx71.com/)"
66.249.64.1 - - [15/Nov/2017:17:00:11 +0100] "GET / HTTP/1.1" 200 2023 "-" "Mozilla/5.0 (Linux; Android 6.0.1; Nexus 5X Build/MMB29P) AppleWebKit/537.36 (KHTML, like Gecko) Chrome/41.0.2272.96 Mobile Safari/537.36 (compatible; Googlebot/2.1; +http://www.google.com/bot.html)"
162.210.196.97 - - [15/Nov/2017:17:08:41 +0100] "GET /robots.txt HTTP/1.1" 404 1181 "-" "Mozilla/5.0 (compatible; MJ12bot/v1.4.8; http://mj12bot.com/)"
162.210.196.97 - - [15/Nov/2017:17:08:43 +0100] "GET / HTTP/1.1" 200 2023 "-" "Mozilla/5.0 (compatible; MJ12bot/v1.4.8; http://mj12bot.com/)"
35.184.189.105 - - [15/Nov/2017:17:28:27 +0100] "GET /robots.txt HTTP/1.1" 404 1181 "-" "ltx71 - (http://ltx71.com/)"
35.184.189.105 - - [15/Nov/2017:17:29:10 +0100] "GET /doc/kerparoskozlekedes.pdf HTTP/1.1" 200 2540119 "-" "ltx71 - (http://ltx71.com/)"
35.184.189.105 - - [15/Nov/2017:17:47:42 +0100] "GET /robots.txt HTTP/1.1" 404 1181 "-" "ltx71 - (http://ltx71.com/)"
37.76.118.96 - - [15/Nov/2017:18:19:16 +0100] "GET / HTTP/1.1" 200 2023 "-" "Mozilla/5.0 (Linux; Android 7.0; SAMSUNG SM-A520F Build/NRD90M) AppleWebKit/537.36 (KHTML, like Gecko) SamsungBrowser/6.2 Chrome/56.0.2924.87 Mobile Safari/537.36"
37.76.118.96 - - [15/Nov/2017:18:19:16 +0100] "GET /blog.jpg HTTP/1.1" 200 29833 "http://www.mkk.zpok.hu/" "Mozilla/5.0 (Linux; Android 7.0; SAMSUNG SM-A520F Build/NRD90M) AppleWebKit/537.36 (KHTML, like Gecko) SamsungBrowser/6.2 Chrome/56.0.2924.87 Mobile Safari/537.36"
37.76.118.96 - - [15/Nov/2017:18:19:16 +0100] "GET /facebook-logo-preview.png HTTP/1.1" 200 3924 "http://www.mkk.zpok.hu/" "Mozilla/5.0 (Linux; Android 7.0; SAMSUNG SM-A520F Build/NRD90M) AppleWebKit/537.36 (KHTML, like Gecko) SamsungBrowser/6.2 Chrome/56.0.2924.87 Mobile Safari/537.36"
37.76.118.96 - - [15/Nov/2017:18:19:16 +0100] "GET /mkk_banner.png HTTP/1.1" 200 62097 "http://www.mkk.zpok.hu/" "Mozilla/5.0 (Linux; Android 7.0; SAMSUNG SM-A520F Build/NRD90M) AppleWebKit/537.36 (KHTML, like Gecko) SamsungBrowser/6.2 Chrome/56.0.2924.87 Mobile Safari/537.36"
37.76.118.96 - - [15/Nov/2017:18:19:20 +0100] "GET /favicon.ico HTTP/1.1" 404 1181 "http://www.mkk.zpok.hu/" "Mozilla/5.0 (Linux; Android 7.0; SAMSUNG SM-A520F Build/NRD90M) AppleWebKit/537.36 (KHTML, like Gecko) SamsungBrowser/6.2 Chrome/56.0.2924.87 Mobile Safari/537.36"
66.249.64.31 - - [15/Nov/2017:18:25:27 +0100] "GET / HTTP/1.1" 200 2023 "-" "Mozilla/5.0 (compatible; Googlebot/2.1; +http://www.google.com/bot.html)"
194.187.170.113 - - [15/Nov/2017:18:26:09 +0100] "GET /robots.txt HTTP/1.0" 404 1181 "-" "Mozilla/5.0 (compatible; Qwantify/2.4w; +https://www.qwant.com/)/2.4w"
194.187.170.113 - - [15/Nov/2017:18:26:09 +0100] "GET /kikvagyunk2.htm HTTP/1.0" 200 17012 "-" "Mozilla/5.0 (compatible; Qwantify/2.4w; +https://www.qwant.com/)/2.4w"
207.46.13.62 - - [15/Nov/2017:18:30:56 +0100] "GET /doc/emlekezteto_tatabanya_0327.pdf HTTP/1.1" 404 1181 "-" "Mozilla/5.0 (iPhone; CPU iPhone OS 7_0 like Mac OS X) AppleWebKit/537.51.1 (KHTML, like Gecko) Version/7.0 Mobile/11A465 Safari/9537.53 (compatible; bingbot/2.0; +http://www.bing.com/bingbot.htm)"
66.249.64.31 - - [15/Nov/2017:18:36:49 +0100] "GET / HTTP/1.1" 200 2023 "-" "Mozilla/5.0 (Linux; Android 6.0.1; Nexus 5X Build/MMB29P) AppleWebKit/537.36 (KHTML, like Gecko) Chrome/41.0.2272.96 Mobile Safari/537.36 (compatible; Googlebot/2.1; +http://www.google.com/bot.html)"
196.52.43.62 - - [15/Nov/2017:18:39:44 +0100] "GET / HTTP/1.1" 200 2023 "-" "-"
157.55.39.182 - - [15/Nov/2017:18:52:36 +0100] "GET /hirlevel/MAV_102vonal_prezi201504.pdf HTTP/1.1" 404 1181 "-" "Mozilla/5.0 (iPhone; CPU iPhone OS 7_0 like Mac OS X) AppleWebKit/537.51.1 (KHTML, like Gecko) Version/7.0 Mobile/11A465 Safari/9537.53 (compatible; bingbot/2.0; +http://www.bing.com/bingbot.htm)"
138.201.59.34 - - [15/Nov/2017:18:55:03 +0100] "GET /robots.txt HTTP/1.0" 404 1181 "-" "Mozilla/5.0 (compatible; SEOkicks-Robot; +http://www.seokicks.de/robot.html)"
138.201.59.34 - - [15/Nov/2017:18:55:04 +0100] "GET / HTTP/1.0" 200 2023 "-" "Mozilla/5.0 (compatible; SEOkicks-Robot; +http://www.seokicks.de/robot.html)"
138.201.59.34 - - [15/Nov/2017:18:55:05 +0100] "GET /kikvagyunk2.htm HTTP/1.0" 200 17012 "http://mkk.zpok.hu/" "Mozilla/5.0 (compatible; SEOkicks-Robot; +http://www.seokicks.de/robot.html)"
138.201.59.34 - - [15/Nov/2017:18:55:06 +0100] "GET /projektek2.htm HTTP/1.0" 200 7634 "http://mkk.zpok.hu/" "Mozilla/5.0 (compatible; SEOkicks-Robot; +http://www.seokicks.de/robot.html)"
138.201.59.34 - - [15/Nov/2017:18:55:08 +0100] "GET /tagsag2.htm HTTP/1.0" 200 1335 "http://mkk.zpok.hu/" "Mozilla/5.0 (compatible; SEOkicks-Robot; +http://www.seokicks.de/robot.html)"
138.201.59.34 - - [15/Nov/2017:18:55:09 +0100] "GET /doc/kozh.zip HTTP/1.0" 200 18470 "http://mkk.zpok.hu/kikvagyunk2.htm" "Mozilla/5.0 (compatible; SEOkicks-Robot; +http://www.seokicks.de/robot.html)"
138.201.59.34 - - [15/Nov/2017:18:55:10 +0100] "GET /doc/westtakt_mnr_tkp.zip HTTP/1.0" 200 18473 "http://mkk.zpok.hu/projektek2.htm" "Mozilla/5.0 (compatible; SEOkicks-Robot; +http://www.seokicks.de/robot.html)"
138.201.59.34 - - [15/Nov/2017:18:55:12 +0100] "GET /doc/ipoly_konf.zip HTTP/1.0" 200 18471 "http://mkk.zpok.hu/projektek2.htm" "Mozilla/5.0 (compatible; SEOkicks-Robot; +http://www.seokicks.de/robot.html)"
157.55.39.182 - - [15/Nov/2017:19:08:48 +0100] "GET /robots.txt HTTP/1.1" 404 1181 "-" "Mozilla/5.0 (compatible; bingbot/2.0; +http://www.bing.com/bingbot.htm)"
194.187.170.113 - - [15/Nov/2017:19:11:27 +0100] "GET /robots.txt HTTP/1.0" 404 1181 "-" "Mozilla/5.0 (compatible; Qwantify/2.4w; +https://www.qwant.com/)/2.4w"
194.187.170.113 - - [15/Nov/2017:19:11:42 +0100] "GET /doc/hu_aps_positivbeispiele_aufl2_070622_klein.pdf HTTP/1.0" 200 2887217 "-" "Mozilla/5.0 (compatible; Qwantify/2.4w; +https://www.qwant.com/)/2.4w"
194.187.170.113 - - [15/Nov/2017:19:14:29 +0100] "GET /tagsag2.htm HTTP/1.0" 200 1335 "-" "Mozilla/5.0 (compatible; Qwantify/2.4w; +https://www.qwant.com/)/2.4w"
167.114.219.41 - - [15/Nov/2017:19:14:56 +0100] "GET /robots.txt HTTP/1.1" 404 1181 "-" "Mozilla/5.0 (compatible; SiteExplorer/1.1b; +http://siteexplorer.info/Backlink-Checker-Spider/)"
84.0.253.8 - - [15/Nov/2017:19:30:01 +0100] "GET / HTTP/1.1" 200 2023 "https://www.google.hu/" "Mozilla/5.0 (Windows NT 10.0; Win64; x64) AppleWebKit/537.36 (KHTML, like Gecko) Chrome/61.0.3163.100 Safari/537.36"
84.0.253.8 - - [15/Nov/2017:19:30:01 +0100] "GET /blog.jpg HTTP/1.1" 200 29833 "http://www.mkk.zpok.hu/" "Mozilla/5.0 (Windows NT 10.0; Win64; x64) AppleWebKit/537.36 (KHTML, like Gecko) Chrome/61.0.3163.100 Safari/537.36"
84.0.253.8 - - [15/Nov/2017:19:30:01 +0100] "GET /facebook-logo-preview.png HTTP/1.1" 200 3924 "http://www.mkk.zpok.hu/" "Mozilla/5.0 (Windows NT 10.0; Win64; x64) AppleWebKit/537.36 (KHTML, like Gecko) Chrome/61.0.3163.100 Safari/537.36"
84.0.253.8 - - [15/Nov/2017:19:30:01 +0100] "GET /mkk_banner.png HTTP/1.1" 200 62097 "http://www.mkk.zpok.hu/" "Mozilla/5.0 (Windows NT 10.0; Win64; x64) AppleWebKit/537.36 (KHTML, like Gecko) Chrome/61.0.3163.100 Safari/537.36"
84.0.253.8 - - [15/Nov/2017:19:30:06 +0100] "GET /favicon.ico HTTP/1.1" 404 1181 "http://www.mkk.zpok.hu/" "Mozilla/5.0 (Windows NT 10.0; Win64; x64) AppleWebKit/537.36 (KHTML, like Gecko) Chrome/61.0.3163.100 Safari/537.36"
52.201.247.209 - - [15/Nov/2017:19:30:12 +0100] "GET /robots.txt HTTP/1.1" 404 1181 "-" "Mozilla/5.0 (compatible; proximic; +http://www.proximic.com/info/spider.php)"
46.229.164.102 - - [15/Nov/2017:19:31:49 +0100] "GET /robots.txt HTTP/1.1" 404 1181 "-" "Mozilla/5.0 (compatible; SemrushBot/1.2~bl; +http://www.semrush.com/bot.html)"
66.249.64.195 - - [15/Nov/2017:19:45:24 +0100] "GET /hirlevel/vonattal1209.htm HTTP/1.1" 404 1181 "-" "Mozilla/5.0 (compatible; Googlebot/2.1; +http://www.google.com/bot.html)"
194.187.170.113 - - [15/Nov/2017:19:48:24 +0100] "GET /projektek2.htm HTTP/1.0" 200 7634 "-" "Mozilla/5.0 (compatible; Qwantify/2.4w; +https://www.qwant.com/)/2.4w"
188.6.124.234 - - [15/Nov/2017:19:51:11 +0100] "GET / HTTP/1.1" 200 2023 "http://bkk.hu/partnerek/civil-partnereink/" "Mozilla/5.0 (Windows NT 10.0; Win64; x64) AppleWebKit/537.36 (KHTML, like Gecko) Chrome/61.0.3163.100 Safari/537.36"
188.6.124.234 - - [15/Nov/2017:19:51:11 +0100] "GET /blog.jpg HTTP/1.1" 200 29833 "http://www.mkk.zpok.hu/" "Mozilla/5.0 (Windows NT 10.0; Win64; x64) AppleWebKit/537.36 (KHTML, like Gecko) Chrome/61.0.3163.100 Safari/537.36"
188.6.124.234 - - [15/Nov/2017:19:51:11 +0100] "GET /facebook-logo-preview.png HTTP/1.1" 200 3924 "http://www.mkk.zpok.hu/" "Mozilla/5.0 (Windows NT 10.0; Win64; x64) AppleWebKit/537.36 (KHTML, like Gecko) Chrome/61.0.3163.100 Safari/537.36"
188.6.124.234 - - [15/Nov/2017:19:51:11 +0100] "GET /mkk_banner.png HTTP/1.1" 200 62097 "http://www.mkk.zpok.hu/" "Mozilla/5.0 (Windows NT 10.0; Win64; x64) AppleWebKit/537.36 (KHTML, like Gecko) Chrome/61.0.3163.100 Safari/537.36"
188.6.124.234 - - [15/Nov/2017:19:51:14 +0100] "GET /favicon.ico HTTP/1.1" 404 1181 "http://www.mkk.zpok.hu/" "Mozilla/5.0 (Windows NT 10.0; Win64; x64) AppleWebKit/537.36 (KHTML, like Gecko) Chrome/61.0.3163.100 Safari/537.36"
35.184.189.105 - - [15/Nov/2017:20:03:48 +0100] "GET /robots.txt HTTP/1.1" 404 1181 "-" "ltx71 - (http://ltx71.com/)"
131.253.25.210 - - [15/Nov/2017:20:10:13 +0100] "GET /doc/alapsz03.pdf HTTP/1.1" 200 4325376 "-" "Mozilla/5.0 (iPhone; CPU iPhone OS 7_0 like Mac OS X) AppleWebKit/537.51.1 (KHTML, like Gecko) Version/7.0 Mobile/11A465 Safari/9537.53 BingPreview/1.0b"
66.249.64.31 - - [15/Nov/2017:20:22:22 +0100] "GET /doc/varos-videk_2009.pdf HTTP/1.1" 200 1636386 "-" "Googlebot/2.1 (+http://www.google.com/bot.html)"
157.55.39.201 - - [15/Nov/2017:20:29:42 +0100] "GET /hirlevel/vasuttal0804.htm HTTP/1.1" 404 1181 "-" "Mozilla/5.0 (compatible; bingbot/2.0; +http://www.bing.com/bingbot.htm)"
5.38.139.248 - - [15/Nov/2017:20:31:26 +0100] "GET / HTTP/1.1" 200 2023 "http://iho.hu/hir/reakciok-egy-reakciora-171019" "Mozilla/5.0 (Windows NT 10.0; Win64; x64; rv:57.0) Gecko/20100101 Firefox/57.0"
5.38.139.248 - - [15/Nov/2017:20:31:26 +0100] "GET /blog.jpg HTTP/1.1" 200 29833 "http://www.mkk.zpok.hu/" "Mozilla/5.0 (Windows NT 10.0; Win64; x64; rv:57.0) Gecko/20100101 Firefox/57.0"
5.38.139.248 - - [15/Nov/2017:20:31:26 +0100] "GET /facebook-logo-preview.png HTTP/1.1" 200 3924 "http://www.mkk.zpok.hu/" "Mozilla/5.0 (Windows NT 10.0; Win64; x64; rv:57.0) Gecko/20100101 Firefox/57.0"
5.38.139.248 - - [15/Nov/2017:20:31:31 +0100] "GET /favicon.ico HTTP/1.1" 404 1181 "-" "Mozilla/5.0 (Windows NT 10.0; Win64; x64; rv:57.0) Gecko/20100101 Firefox/57.0"
5.38.139.248 - - [15/Nov/2017:20:31:31 +0100] "GET /favicon.ico HTTP/1.1" 404 1181 "-" "Mozilla/5.0 (Windows NT 10.0; Win64; x64; rv:57.0) Gecko/20100101 Firefox/57.0"
66.249.66.206 - - [15/Nov/2017:20:37:54 +0100] "GET /doc/konf-progr-apaczai.pdf HTTP/1.1" 404 1181 "-" "Googlebot/2.1 (+http://www.google.com/bot.html)"
66.249.66.195 - - [15/Nov/2017:20:59:19 +0100] "GET /robots.txt HTTP/1.1" 404 1181 "-" "Mozilla/5.0 (compatible; Googlebot/2.1; +http://www.google.com/bot.html)"
66.249.66.192 - - [15/Nov/2017:20:59:19 +0100] "GET /hirlevel/vonattal1209.htm HTTP/1.1" 404 1181 "-" "Mozilla/5.0 (compatible; Googlebot/2.1; +http://www.google.com/bot.html)"
144.76.23.74 - - [15/Nov/2017:21:17:50 +0100] "GET /robots.txt HTTP/1.1" 404 1181 "-" "Mozilla/5.0 (Windows; U; Windows NT 6.0; en-GB; rv:1.0; trendictionbot0.5.0; trendiction search; http://www.trendiction.de/bot; please let us know of any problems; web at trendiction.com) Gecko/20071127 Firefox/3.0.0.11"
144.76.23.74 - - [15/Nov/2017:21:17:51 +0100] "GET / HTTP/1.1" 200 2023 "-" "Mozilla/5.0 (Windows; U; Windows NT 6.0; en-GB; rv:1.0; trendictionbot0.5.0; trendiction search; http://www.trendiction.de/bot; please let us know of any problems; web at trendiction.com) Gecko/20071127 Firefox/3.0.0.11"
35.194.1.1 - - [15/Nov/2017:21:22:36 +0100] "GET /robots.txt HTTP/1.1" 404 1181 "-" "ltx71 - (http://ltx71.com/)"
207.46.13.62 - - [15/Nov/2017:22:46:32 +0100] "GET / HTTP/1.1" 200 2023 "-" "Mozilla/5.0 (compatible; bingbot/2.0; +http://www.bing.com/bingbot.htm)"
35.184.189.105 - - [16/Nov/2017:00:22:57 +0100] "GET /robots.txt HTTP/1.1" 404 1181 "-" "ltx71 - (http://ltx71.com/)"
157.55.39.182 - - [16/Nov/2017:00:24:36 +0100] "GET /hirlevel/vonattal1204.htm HTTP/1.1" 404 1181 "-" "Mozilla/5.0 (compatible; bingbot/2.0; +http://www.bing.com/bingbot.htm)"
35.184.189.105 - - [16/Nov/2017:00:30:58 +0100] "GET /robots.txt HTTP/1.1" 404 1181 "-" "ltx71 - (http://ltx71.com/)"
80.77.124.230 - - [16/Nov/2017:00:32:52 +0100] "GET / HTTP/1.1" 200 2023 "-" "Mozilla/5.0 (Windows NT 10.0; Win64; x64) AppleWebKit/537.36 (KHTML, like Gecko) Chrome/61.0.3163.100 Safari/537.36"
77.111.91.248 - - [16/Nov/2017:00:44:03 +0100] "GET / HTTP/1.1" 200 2023 "-" "Mozilla/5.0 (Windows NT 10.0; Win64; x64) AppleWebKit/537.36 (KHTML, like Gecko) Chrome/61.0.3163.100 Safari/537.36"
157.55.39.182 - - [16/Nov/2017:01:47:34 +0100] "GET /hirlevel/vonattal1107.htm HTTP/1.1" 404 1181 "-" "Mozilla/5.0 (iPhone; CPU iPhone OS 7_0 like Mac OS X) AppleWebKit/537.51.1 (KHTML, like Gecko) Version/7.0 Mobile/11A465 Safari/9537.53 (compatible; bingbot/2.0; +http://www.bing.com/bingbot.htm)"
157.55.39.201 - - [16/Nov/2017:01:58:01 +0100] "GET /hirlevel/vonattal1006.htm HTTP/1.1" 404 1181 "-" "Mozilla/5.0 (compatible; bingbot/2.0; +http://www.bing.com/bingbot.htm)"
66.249.66.192 - - [16/Nov/2017:01:59:55 +0100] "GET /hirlevel/images/1206_6.jpg HTTP/1.1" 404 1181 "-" "Googlebot-Image/1.0"
66.249.66.222 - - [16/Nov/2017:02:43:57 +0100] "GET /hirlevel/images/1103_d.jpg HTTP/1.1" 404 1181 "-" "Googlebot-Image/1.0"
35.184.189.105 - - [16/Nov/2017:03:16:11 +0100] "GET /robots.txt HTTP/1.1" 404 1181 "-" "ltx71 - (http://ltx71.com/)"
40.77.167.124 - - [16/Nov/2017:03:47:11 +0100] "GET /doc/allomasok_kepes_osszefoglaloja.pdf HTTP/1.1" 200 5628186 "-" "Mozilla/5.0 (compatible; bingbot/2.0; +http://www.bing.com/bingbot.htm)"
157.55.39.182 - - [16/Nov/2017:04:02:25 +0100] "GET /hirlevel/MAV_102vonal_prezi201504.pdf HTTP/1.1" 404 1181 "-" "Mozilla/5.0 (iPhone; CPU iPhone OS 7_0 like Mac OS X) AppleWebKit/537.51.1 (KHTML, like Gecko) Version/7.0 Mobile/11A465 Safari/9537.53 (compatible; bingbot/2.0; +http://www.bing.com/bingbot.htm)"
209.90.225.243 - - [16/Nov/2017:04:06:06 +0100] "GET /wp-content/plugins/revslider/temp/ HTTP/1.1" 404 1181 "http://mkk.zpok.hu/wp-content/plugins/revslider/temp/" "Mozilla/5.0 (Windows NT 6.1; WOW64) AppleWebKit/537.36 (KHTML, like Gecko) Chrome/42.0.2311.152 Safari/537.36"
157.55.39.182 - - [16/Nov/2017:04:45:36 +0100] "GET /doc/hatarmenti_infrastruktura.pdf HTTP/1.1" 404 1181 "-" "Mozilla/5.0 (iPhone; CPU iPhone OS 7_0 like Mac OS X) AppleWebKit/537.51.1 (KHTML, like Gecko) Version/7.0 Mobile/11A465 Safari/9537.53 (compatible; bingbot/2.0; +http://www.bing.com/bingbot.htm)"
66.249.66.195 - - [16/Nov/2017:05:04:53 +0100] "GET /hirlevel/jaszbereny_1109.doc HTTP/1.1" 404 1181 "-" "Mozilla/5.0 (compatible; Googlebot/2.1; +http://www.google.com/bot.html)"
207.46.13.62 - - [16/Nov/2017:05:06:30 +0100] "GET / HTTP/1.1" 200 2023 "-" "Mozilla/5.0 (compatible; bingbot/2.0; +http://www.bing.com/bingbot.htm)"
66.249.66.202 - - [16/Nov/2017:05:54:07 +0100] "GET /robots.txt HTTP/1.1" 404 1181 "-" "Mozilla/5.0 (compatible; Googlebot/2.1; +http://www.google.com/bot.html)"
66.249.66.206 - - [16/Nov/2017:05:54:07 +0100] "GET /doc/helyierdeku_vasutak2009.ppt HTTP/1.1" 404 1181 "-" "Mozilla/5.0 (compatible; Googlebot/2.1; +http://www.google.com/bot.html)"
157.55.39.182 - - [16/Nov/2017:05:59:45 +0100] "GET /hirlevel/vonattal1004.htm HTTP/1.1" 404 1181 "-" "Mozilla/5.0 (compatible; bingbot/2.0; +http://www.bing.com/bingbot.htm)"
157.55.39.201 - - [16/Nov/2017:06:08:42 +0100] "GET /hirlevel/images/1512_c.jpg HTTP/1.1" 404 1181 "-" "Mozilla/5.0 (compatible; bingbot/2.0; +http://www.bing.com/bingbot.htm)"
192.254.79.73 - - [16/Nov/2017:06:20:30 +0100] "GET / HTTP/1.1" 200 2023 "-" "Mozilla/4.0 (compatible; MSIE 5.0; Windows NT; DigExt; DTS Agent"
209.90.225.243 - - [16/Nov/2017:06:32:21 +0100] "GET /wp-content/plugins/revslider/temp/ HTTP/1.1" 404 1181 "http://www.mkk.zpok.hu/wp-content/plugins/revslider/temp/" "Mozilla/5.0 (Windows NT 6.1; WOW64) AppleWebKit/537.36 (KHTML, like Gecko) Chrome/42.0.2311.152 Safari/537.36"
46.229.164.101 - - [16/Nov/2017:07:17:49 +0100] "GET /robots.txt HTTP/1.1" 404 1181 "-" "Mozilla/5.0 (compatible; SemrushBot/1.2~bl; +http://www.semrush.com/bot.html)"
207.46.13.62 - - [16/Nov/2017:08:01:29 +0100] "GET /doc/varos-videk_2009.pdf HTTP/1.1" 200 1636386 "-" "Mozilla/5.0 (iPhone; CPU iPhone OS 7_0 like Mac OS X) AppleWebKit/537.51.1 (KHTML, like Gecko) Version/7.0 Mobile/11A465 Safari/9537.53 (compatible; bingbot/2.0; +http://www.bing.com/bingbot.htm)"
66.249.66.195 - - [16/Nov/2017:08:26:08 +0100] "GET /doc/mkk_allasfogl_vdszsz_20120608.pdf HTTP/1.1" 404 1181 "-" "Mozilla/5.0 (compatible; Googlebot/2.1; +http://www.google.com/bot.html)"
157.55.39.118 - - [16/Nov/2017:08:41:34 +0100] "GET /robots.txt HTTP/1.1" 404 1181 "-" "Mozilla/5.0 (compatible; bingbot/2.0; +http://www.bing.com/bingbot.htm)"
207.46.13.62 - - [16/Nov/2017:08:41:38 +0100] "GET / HTTP/1.1" 200 2023 "-" "Mozilla/5.0 (iPhone; CPU iPhone OS 7_0 like Mac OS X) AppleWebKit/537.51.1 (KHTML, like Gecko) Version/7.0 Mobile/11A465 Safari/9537.53 (compatible; bingbot/2.0; +http://www.bing.com/bingbot.htm)"
35.184.189.105 - - [16/Nov/2017:08:45:31 +0100] "GET /robots.txt HTTP/1.1" 404 1181 "-" "ltx71 - (http://ltx71.com/)"
207.46.13.62 - - [16/Nov/2017:08:48:15 +0100] "GET /doc/b2_2012_03.pdf HTTP/1.1" 404 1181 "-" "Mozilla/5.0 (iPhone; CPU iPhone OS 7_0 like Mac OS X) AppleWebKit/537.51.1 (KHTML, like Gecko) Version/7.0 Mobile/11A465 Safari/9537.53 (compatible; bingbot/2.0; +http://www.bing.com/bingbot.htm)"
66.249.66.202 - - [16/Nov/2017:08:59:21 +0100] "GET / HTTP/1.1" 200 2023 "-" "Mozilla/5.0 (Linux; Android 6.0.1; Nexus 5X Build/MMB29P) AppleWebKit/537.36 (KHTML, like Gecko) Chrome/41.0.2272.96 Mobile Safari/537.36 (compatible; Googlebot/2.1; +http://www.google.com/bot.html)"
194.88.45.120 - - [16/Nov/2017:09:10:31 +0100] "GET / HTTP/1.1" 200 2023 "-" "Mozilla/5.0 (Windows NT 6.1; WOW64; Trident/7.0; rv:11.0) like Gecko"
194.88.45.120 - - [16/Nov/2017:09:10:31 +0100] "GET /facebook-logo-preview.png HTTP/1.1" 200 3924 "http://mkk.zpok.hu/" "Mozilla/5.0 (Windows NT 6.1; WOW64; Trident/7.0; rv:11.0) like Gecko"
194.88.45.120 - - [16/Nov/2017:09:10:31 +0100] "GET /mkk_banner.png HTTP/1.1" 200 62097 "http://mkk.zpok.hu/" "Mozilla/5.0 (Windows NT 6.1; WOW64; Trident/7.0; rv:11.0) like Gecko"
194.88.45.120 - - [16/Nov/2017:09:10:31 +0100] "GET /blog.jpg HTTP/1.1" 200 29833 "http://mkk.zpok.hu/" "Mozilla/5.0 (Windows NT 6.1; WOW64; Trident/7.0; rv:11.0) like Gecko"
194.88.45.120 - - [16/Nov/2017:09:10:44 +0100] "GET /favicon.ico HTTP/1.1" 404 1181 "-" "Mozilla/5.0 (Windows NT 6.1; WOW64; Trident/7.0; rv:11.0) like Gecko"
66.249.66.192 - - [16/Nov/2017:09:12:21 +0100] "GET /robots.txt HTTP/1.1" 404 1181 "-" "Mozilla/5.0 (compatible; Googlebot/2.1; +http://www.google.com/bot.html)"
66.249.66.195 - - [16/Nov/2017:09:12:21 +0100] "GET /doc/b2_2010.pdf HTTP/1.1" 404 1181 "-" "Mozilla/5.0 (compatible; Googlebot/2.1; +http://www.google.com/bot.html)"
5.56.209.92 - - [16/Nov/2017:09:27:00 +0100] "GET /doc/b2_201203.jpg HTTP/1.1" 404 1181 "-" "Mozilla/5.0 (Macintosh; Intel Mac OS X 10_13_1) AppleWebKit/604.3.5 (KHTML, like Gecko)"
5.56.209.92 - - [16/Nov/2017:09:27:00 +0100] "GET /apple-touch-icon-precomposed.png HTTP/1.1" 404 1181 "-" "Safari/13604.3.5 CFNetwork/889.9 Darwin/17.2.0 (x86_64)"
5.56.209.92 - - [16/Nov/2017:09:27:00 +0100] "GET /apple-touch-icon.png HTTP/1.1" 404 1181 "-" "Safari/13604.3.5 CFNetwork/889.9 Darwin/17.2.0 (x86_64)"
5.56.209.92 - - [16/Nov/2017:09:27:00 +0100] "GET /favicon.ico HTTP/1.1" 404 1181 "-" "Safari/13604.3.5 CFNetwork/889.9 Darwin/17.2.0 (x86_64)"
5.56.209.92 - - [16/Nov/2017:09:27:00 +0100] "GET /apple-touch-icon-precomposed.png HTTP/1.1" 404 1181 "-" "Safari/13604.3.5 CFNetwork/889.9 Darwin/17.2.0 (x86_64)"
5.56.209.92 - - [16/Nov/2017:09:27:01 +0100] "GET /apple-touch-icon.png HTTP/1.1" 404 1181 "-" "Safari/13604.3.5 CFNetwork/889.9 Darwin/17.2.0 (x86_64)"
5.56.209.92 - - [16/Nov/2017:09:27:01 +0100] "GET /favicon.ico HTTP/1.1" 404 1181 "-" "Safari/13604.3.5 CFNetwork/889.9 Darwin/17.2.0 (x86_64)"
5.56.209.92 - - [16/Nov/2017:09:27:01 +0100] "GET /doc/b2_201203.jpg HTTP/1.1" 404 1181 "-" "Mozilla/5.0 (iPhone; CPU iPhone OS 10_3 like Mac OS X) AppleWebKit/603.1.30 (KHTML, like Gecko) Version/10.3 Mobile/14E277 Safari/603.1.30"
5.56.209.92 - - [16/Nov/2017:09:27:01 +0100] "GET /apple-touch-icon-precomposed.png HTTP/1.1" 404 1181 "-" "Safari/13604.3.5 CFNetwork/889.9 Darwin/17.2.0 (x86_64)"
5.56.209.92 - - [16/Nov/2017:09:27:01 +0100] "GET /apple-touch-icon.png HTTP/1.1" 404 1181 "-" "Safari/13604.3.5 CFNetwork/889.9 Darwin/17.2.0 (x86_64)"
5.56.209.92 - - [16/Nov/2017:09:27:01 +0100] "GET /favicon.ico HTTP/1.1" 404 1181 "-" "Safari/13604.3.5 CFNetwork/889.9 Darwin/17.2.0 (x86_64)"
5.56.209.92 - - [16/Nov/2017:09:27:01 +0100] "GET /apple-touch-icon-precomposed.png HTTP/1.1" 404 1181 "-" "Safari/13604.3.5 CFNetwork/889.9 Darwin/17.2.0 (x86_64)"
5.56.209.92 - - [16/Nov/2017:09:27:01 +0100] "GET /apple-touch-icon.png HTTP/1.1" 404 1181 "-" "Safari/13604.3.5 CFNetwork/889.9 Darwin/17.2.0 (x86_64)"
5.56.209.92 - - [16/Nov/2017:09:27:01 +0100] "GET /favicon.ico HTTP/1.1" 404 1181 "-" "Safari/13604.3.5 CFNetwork/889.9 Darwin/17.2.0 (x86_64)"
66.249.66.204 - - [16/Nov/2017:09:30:51 +0100] "GET /doc/ombudsman_0711.pdf HTTP/1.1" 404 1181 "-" "Mozilla/5.0 (compatible; Googlebot/2.1; +http://www.google.com/bot.html)"
66.249.66.195 - - [16/Nov/2017:09:43:33 +0100] "GET /hirlevel/Volnerlevel_120227.pdf HTTP/1.1" 404 1181 "-" "Mozilla/5.0 (compatible; Googlebot/2.1; +http://www.google.com/bot.html)"
173.252.124.236 - - [16/Nov/2017:10:14:10 +0100] "GET /images/vasutterkep_n.jpg HTTP/1.1" 404 1181 "-" "facebookexternalhit/1.1 (+http://www.facebook.com/externalhit_uatext.php)"
35.184.189.105 - - [16/Nov/2017:10:19:49 +0100] "GET /robots.txt HTTP/1.1" 404 1181 "-" "ltx71 - (http://ltx71.com/)"
35.184.189.105 - - [16/Nov/2017:10:21:13 +0100] "GET /doc/hu_aps_positivbeispiele_aufl2_070622_klein.pdf HTTP/1.1" 200 2887217 "-" "ltx71 - (http://ltx71.com/)"
35.184.189.105 - - [16/Nov/2017:10:22:36 +0100] "GET /doc/80_sln_su.pdf HTTP/1.1" 200 130637 "-" "ltx71 - (http://ltx71.com/)"
35.184.189.105 - - [16/Nov/2017:10:23:31 +0100] "GET /doc/87_fa_szv.pdf HTTP/1.1" 200 56286 "-" "ltx71 - (http://ltx71.com/)"
207.46.13.62 - - [16/Nov/2017:10:36:04 +0100] "GET / HTTP/1.1" 200 2023 "-" "Mozilla/5.0 (compatible; bingbot/2.0; +http://www.bing.com/bingbot.htm)"
66.249.93.211 - - [16/Nov/2017:10:52:14 +0100] "GET / HTTP/1.1" 200 2023 "-" "Mozilla/5.0 (Linux; Android 5.0; Lenovo A1000 Build/S100) AppleWebKit/537.36 (KHTML, like Gecko) Chrome/62.0.3202.84 Mobile Safari/537.36"
66.249.93.212 - - [16/Nov/2017:10:52:16 +0100] "GET /facebook-logo-preview.png HTTP/1.1" 200 3924 "http://www.mkk.zpok.hu/" "Mozilla/5.0 (Linux; Android 5.0; Lenovo A1000 Build/S100) AppleWebKit/537.36 (KHTML, like Gecko) Chrome/62.0.3202.84 Mobile Safari/537.36"
66.249.93.211 - - [16/Nov/2017:10:52:16 +0100] "GET /blog.jpg HTTP/1.1" 200 29833 "http://www.mkk.zpok.hu/" "Mozilla/5.0 (Linux; Android 5.0; Lenovo A1000 Build/S100) AppleWebKit/537.36 (KHTML, like Gecko) Chrome/62.0.3202.84 Mobile Safari/537.36"
66.249.93.213 - - [16/Nov/2017:10:52:16 +0100] "GET /mkk_banner.png HTTP/1.1" 200 62097 "http://www.mkk.zpok.hu/" "Mozilla/5.0 (Linux; Android 5.0; Lenovo A1000 Build/S100) AppleWebKit/537.36 (KHTML, like Gecko) Chrome/62.0.3202.84 Mobile Safari/537.36"
40.77.167.29 - - [16/Nov/2017:11:04:36 +0100] "GET /hirlevel/vonattal1207.htm HTTP/1.1" 404 1181 "-" "Mozilla/5.0 (iPhone; CPU iPhone OS 7_0 like Mac OS X) AppleWebKit/537.51.1 (KHTML, like Gecko) Version/7.0 Mobile/11A465 Safari/9537.53 (compatible; bingbot/2.0; +http://www.bing.com/bingbot.htm)"
40.77.167.29 - - [16/Nov/2017:11:18:39 +0100] "GET /doc/b2_2010.pdf HTTP/1.1" 404 1181 "-" "Mozilla/5.0 (iPhone; CPU iPhone OS 7_0 like Mac OS X) AppleWebKit/537.51.1 (KHTML, like Gecko) Version/7.0 Mobile/11A465 Safari/9537.53 (compatible; bingbot/2.0; +http://www.bing.com/bingbot.htm)"
157.55.39.182 - - [16/Nov/2017:11:22:40 +0100] "GET /robots.txt HTTP/1.1" 404 1181 "-" "Mozilla/5.0 (compatible; bingbot/2.0; +http://www.bing.com/bingbot.htm)"
46.139.12.149 - - [16/Nov/2017:11:56:52 +0100] "GET / HTTP/1.1" 200 2023 "-" "Mozilla/5.0 (Windows NT 10.0; Win64; x64) AppleWebKit/537.36 (KHTML, like Gecko) Chrome/62.0.3202.94 Safari/537.36"
