78.131.66.47 - - [26/Nov/2017:23:14:00 +0100] "GET /mkk_banner.png HTTP/1.1" 200 62097 "http://www.mkk.zpok.hu/" "Mozilla/5.0 (iPhone; CPU iPhone OS 10_3_1 like Mac OS X) AppleWebKit/603.1.30 (KHTML, like Gecko) Version/10.0 Mobile/14E304 Safari/602.1"
78.131.66.47 - - [26/Nov/2017:23:14:00 +0100] "GET /blog.jpg HTTP/1.1" 200 29833 "http://www.mkk.zpok.hu/" "Mozilla/5.0 (iPhone; CPU iPhone OS 10_3_1 like Mac OS X) AppleWebKit/603.1.30 (KHTML, like Gecko) Version/10.0 Mobile/14E304 Safari/602.1"
78.131.66.47 - - [26/Nov/2017:23:14:00 +0100] "GET /facebook-logo-preview.png HTTP/1.1" 200 3924 "http://www.mkk.zpok.hu/" "Mozilla/5.0 (iPhone; CPU iPhone OS 10_3_1 like Mac OS X) AppleWebKit/603.1.30 (KHTML, like Gecko) Version/10.0 Mobile/14E304 Safari/602.1"
78.131.66.47 - - [26/Nov/2017:23:14:40 +0100] "GET /kikvagyunk2.htm HTTP/1.1" 200 17012 "http://www.mkk.zpok.hu/" "Mozilla/5.0 (iPhone; CPU iPhone OS 10_3_1 like Mac OS X) AppleWebKit/603.1.30 (KHTML, like Gecko) Version/10.0 Mobile/14E304 Safari/602.1"
78.131.66.47 - - [26/Nov/2017:23:14:40 +0100] "GET /icons/icons_k/2.png HTTP/1.1" 200 8020 "http://www.mkk.zpok.hu/kikvagyunk2.htm" "Mozilla/5.0 (iPhone; CPU iPhone OS 10_3_1 like Mac OS X) AppleWebKit/603.1.30 (KHTML, like Gecko) Version/10.0 Mobile/14E304 Safari/602.1"
78.131.66.47 - - [26/Nov/2017:23:14:40 +0100] "GET /icons/icons_k/3.png HTTP/1.1" 200 5625 "http://www.mkk.zpok.hu/kikvagyunk2.htm" "Mozilla/5.0 (iPhone; CPU iPhone OS 10_3_1 like Mac OS X) AppleWebKit/603.1.30 (KHTML, like Gecko) Version/10.0 Mobile/14E304 Safari/602.1"
78.131.66.47 - - [26/Nov/2017:23:14:40 +0100] "GET /icons/icons_k/1.png HTTP/1.1" 200 7684 "http://www.mkk.zpok.hu/kikvagyunk2.htm" "Mozilla/5.0 (iPhone; CPU iPhone OS 10_3_1 like Mac OS X) AppleWebKit/603.1.30 (KHTML, like Gecko) Version/10.0 Mobile/14E304 Safari/602.1"
78.131.66.47 - - [26/Nov/2017:23:14:40 +0100] "GET /icons/icons_k/4.png HTTP/1.1" 200 5935 "http://www.mkk.zpok.hu/kikvagyunk2.htm" "Mozilla/5.0 (iPhone; CPU iPhone OS 10_3_1 like Mac OS X) AppleWebKit/603.1.30 (KHTML, like Gecko) Version/10.0 Mobile/14E304 Safari/602.1"
78.131.66.47 - - [26/Nov/2017:23:14:40 +0100] "GET /icons/icons_k/5.png HTTP/1.1" 200 5410 "http://www.mkk.zpok.hu/kikvagyunk2.htm" "Mozilla/5.0 (iPhone; CPU iPhone OS 10_3_1 like Mac OS X) AppleWebKit/603.1.30 (KHTML, like Gecko) Version/10.0 Mobile/14E304 Safari/602.1"
78.131.66.47 - - [26/Nov/2017:23:14:40 +0100] "GET /icons/icons_k/6.png HTTP/1.1" 200 4270 "http://www.mkk.zpok.hu/kikvagyunk2.htm" "Mozilla/5.0 (iPhone; CPU iPhone OS 10_3_1 like Mac OS X) AppleWebKit/603.1.30 (KHTML, like Gecko) Version/10.0 Mobile/14E304 Safari/602.1"
78.131.66.47 - - [26/Nov/2017:23:14:40 +0100] "GET /icons/icons_k/mpeter.png HTTP/1.1" 200 28939 "http://www.mkk.zpok.hu/kikvagyunk2.htm" "Mozilla/5.0 (iPhone; CPU iPhone OS 10_3_1 like Mac OS X) AppleWebKit/603.1.30 (KHTML, like Gecko) Version/10.0 Mobile/14E304 Safari/602.1"
78.131.66.47 - - [26/Nov/2017:23:14:40 +0100] "GET /kikvag1.jpg HTTP/1.1" 200 9565 "http://www.mkk.zpok.hu/kikvagyunk2.htm" "Mozilla/5.0 (iPhone; CPU iPhone OS 10_3_1 like Mac OS X) AppleWebKit/603.1.30 (KHTML, like Gecko) Version/10.0 Mobile/14E304 Safari/602.1"
78.131.66.47 - - [26/Nov/2017:23:14:40 +0100] "GET /pdf.png HTTP/1.1" 200 133123 "http://www.mkk.zpok.hu/kikvagyunk2.htm" "Mozilla/5.0 (iPhone; CPU iPhone OS 10_3_1 like Mac OS X) AppleWebKit/603.1.30 (KHTML, like Gecko) Version/10.0 Mobile/14E304 Safari/602.1"
78.131.66.47 - - [26/Nov/2017:23:15:43 +0100] "GET /tagsag2.htm HTTP/1.1" 200 1335 "http://www.mkk.zpok.hu/" "Mozilla/5.0 (iPhone; CPU iPhone OS 10_3_1 like Mac OS X) AppleWebKit/603.1.30 (KHTML, like Gecko) Version/10.0 Mobile/14E304 Safari/602.1"
40.77.167.71 - - [27/Nov/2017:01:04:52 +0100] "GET /doc/ipoly_201109.pdf HTTP/1.1" 404 1181 "-" "Mozilla/5.0 (iPhone; CPU iPhone OS 7_0 like Mac OS X) AppleWebKit/537.51.1 (KHTML, like Gecko) Version/7.0 Mobile/11A465 Safari/9537.53 (compatible; bingbot/2.0; +http://www.bing.com/bingbot.htm)"
77.111.91.248 - - [27/Nov/2017:01:13:24 +0100] "GET / HTTP/1.1" 200 2023 "-" "Mozilla/5.0 (Windows NT 10.0; Win64; x64) AppleWebKit/537.36 (KHTML, like Gecko) Chrome/61.0.3163.100 Safari/537.36"
80.77.124.230 - - [27/Nov/2017:01:26:41 +0100] "GET / HTTP/1.1" 200 2023 "-" "Mozilla/5.0 (Windows NT 10.0; Win64; x64) AppleWebKit/537.36 (KHTML, like Gecko) Chrome/61.0.3163.100 Safari/537.36"
199.30.25.184 - - [27/Nov/2017:01:42:38 +0100] "GET /mkk_banner.png HTTP/1.1" 200 62097 "-" "Mozilla/5.0 (iPhone; CPU iPhone OS 7_0 like Mac OS X) AppleWebKit/537.51.1 (KHTML, like Gecko) Version/7.0 Mobile/11A465 Safari/9537.53 BingPreview/1.0b"
199.30.24.200 - - [27/Nov/2017:01:42:40 +0100] "GET /blog.jpg HTTP/1.1" 200 29833 "-" "Mozilla/5.0 (iPhone; CPU iPhone OS 7_0 like Mac OS X) AppleWebKit/537.51.1 (KHTML, like Gecko) Version/7.0 Mobile/11A465 Safari/9537.53 BingPreview/1.0b"
199.30.24.76 - - [27/Nov/2017:01:42:42 +0100] "GET /facebook-logo-preview.png HTTP/1.1" 200 3924 "-" "Mozilla/5.0 (iPhone; CPU iPhone OS 7_0 like Mac OS X) AppleWebKit/537.51.1 (KHTML, like Gecko) Version/7.0 Mobile/11A465 Safari/9537.53 BingPreview/1.0b"
46.229.168.73 - - [27/Nov/2017:02:12:16 +0100] "GET /hirlevel/vonattal1408.html HTTP/1.1" 404 1181 "-" "Mozilla/5.0 (compatible; SemrushBot/1.2~bl; +http://www.semrush.com/bot.html)"
46.229.168.80 - - [27/Nov/2017:02:12:36 +0100] "GET /hirlevel/vonattal1408.html HTTP/1.1" 404 1181 "-" "Mozilla/5.0 (compatible; SemrushBot/1.2~bl; +http://www.semrush.com/bot.html)"
207.46.13.70 - - [27/Nov/2017:02:13:28 +0100] "GET /robots.txt HTTP/1.1" 404 1181 "-" "Mozilla/5.0 (compatible; bingbot/2.0; +http://www.bing.com/bingbot.htm)"
40.77.167.28 - - [27/Nov/2017:02:22:37 +0100] "GET / HTTP/1.1" 200 2023 "-" "Mozilla/5.0 (compatible; bingbot/2.0; +http://www.bing.com/bingbot.htm)"
125.209.235.185 - - [27/Nov/2017:03:08:23 +0100] "GET /robots.txt HTTP/1.1" 404 1181 "-" "Mozilla/5.0 (compatible; Yeti/1.1; +http://naver.me/bot)"
125.209.235.168 - - [27/Nov/2017:03:08:24 +0100] "GET / HTTP/1.1" 200 2023 "-" "Mozilla/5.0 (compatible; Yeti/1.1; +http://naver.me/bot)"
207.46.13.80 - - [27/Nov/2017:03:13:46 +0100] "GET /doc/hatarmenti_infrastruktura.pdf HTTP/1.1" 404 1181 "-" "Mozilla/5.0 (iPhone; CPU iPhone OS 7_0 like Mac OS X) AppleWebKit/537.51.1 (KHTML, like Gecko) Version/7.0 Mobile/11A465 Safari/9537.53 (compatible; bingbot/2.0; +http://www.bing.com/bingbot.htm)"
162.208.50.76 - - [27/Nov/2017:06:57:14 +0100] "GET /images/vasutterkep_n.jpg HTTP/1.1" 404 1181 "-" "Mozilla/5.0 (Windows NT 10.0; WOW64; rv:40.0) Gecko/20100101 Firefox/40.0"
40.77.167.38 - - [27/Nov/2017:07:20:20 +0100] "GET /doc/alapsz03.pdf HTTP/1.1" 200 6009944 "-" "Mozilla/5.0 (iPhone; CPU iPhone OS 7_0 like Mac OS X) AppleWebKit/537.51.1 (KHTML, like Gecko) Version/7.0 Mobile/11A465 Safari/9537.53 (compatible; bingbot/2.0; +http://www.bing.com/bingbot.htm)"
46.229.164.101 - - [27/Nov/2017:07:34:35 +0100] "GET /robots.txt HTTP/1.1" 404 1181 "-" "Mozilla/5.0 (compatible; SemrushBot/1.2~bl; +http://www.semrush.com/bot.html)"
87.229.72.29 - - [27/Nov/2017:07:36:26 +0100] "GET /robots.txt HTTP/1.0" 404 1181 "-" "Revealed-bot (crawler.revealed.ai)"
87.229.72.29 - - [27/Nov/2017:07:36:26 +0100] "GET /hirlevel/vonattal1508.html HTTP/1.0" 404 1181 "-" "Revealed-bot (crawler.revealed.ai)"
66.249.64.131 - - [27/Nov/2017:08:42:02 +0100] "GET /robots.txt HTTP/1.1" 404 1181 "-" "Mozilla/5.0 (compatible; Googlebot/2.1; +http://www.google.com/bot.html)"
66.249.64.158 - - [27/Nov/2017:08:42:03 +0100] "GET /hirlevel/images/1103_d.jpg HTTP/1.1" 404 1181 "-" "Googlebot-Image/1.0"
45.32.187.191 - - [27/Nov/2017:08:43:18 +0100] "GET / HTTP/1.1" 200 2023 "-" "Mozilla/5.0 (X11; Linux x86_64) AppleWebKit/537.36 (KHTML, like Gecko) Chrome/55.0.2883.87 Safari/537.36"
45.32.187.191 - - [27/Nov/2017:08:43:18 +0100] "GET / HTTP/1.1" 200 2023 "-" "Mozilla/5.0 (Windows NT 10.0; WOW64) AppleWebKit/537.36 (KHTML, like Gecko) Chrome/56.0.2924.87 Safari/537.36"
45.32.187.191 - - [27/Nov/2017:08:43:18 +0100] "GET /robots.txt HTTP/1.1" 404 1181 "-" "Mozilla/5.0 (Windows NT 6.1; WOW64) AppleWebKit/537.36 (KHTML, like Gecko) Chrome/56.0.2924.87 Safari/537.36"
45.32.187.191 - - [27/Nov/2017:08:43:18 +0100] "GET /sitemap.xml HTTP/1.1" 404 1181 "-" "Mozilla/5.0 (Windows NT 6.1; Win64; x64) AppleWebKit/537.36 (KHTML, like Gecko) Chrome/55.0.2883.87 Safari/537.36"
207.46.13.80 - - [27/Nov/2017:09:30:09 +0100] "GET /hirlevel/vonattal0911.htm HTTP/1.1" 404 1181 "-" "Mozilla/5.0 (compatible; bingbot/2.0; +http://www.bing.com/bingbot.htm)"
46.5.34.36 - - [27/Nov/2017:10:15:35 +0100] "GET /doc/b2_201203.jpg HTTP/1.1" 404 1181 "-" "Mozilla/5.0 (Macintosh; Intel Mac OS X 10_13_1) AppleWebKit/604.3.5 (KHTML, like Gecko)"
46.5.34.36 - - [27/Nov/2017:10:15:36 +0100] "GET /apple-touch-icon-precomposed.png HTTP/1.1" 404 1181 "-" "Safari/13604.3.5 CFNetwork/889.9 Darwin/17.2.0 (x86_64)"
46.5.34.36 - - [27/Nov/2017:10:15:36 +0100] "GET /apple-touch-icon.png HTTP/1.1" 404 1181 "-" "Safari/13604.3.5 CFNetwork/889.9 Darwin/17.2.0 (x86_64)"
46.5.34.36 - - [27/Nov/2017:10:15:36 +0100] "GET /favicon.ico HTTP/1.1" 404 1181 "-" "Safari/13604.3.5 CFNetwork/889.9 Darwin/17.2.0 (x86_64)"
46.5.34.36 - - [27/Nov/2017:10:15:36 +0100] "GET /apple-touch-icon-precomposed.png HTTP/1.1" 404 1181 "-" "Safari/13604.3.5 CFNetwork/889.9 Darwin/17.2.0 (x86_64)"
46.5.34.36 - - [27/Nov/2017:10:15:36 +0100] "GET /apple-touch-icon.png HTTP/1.1" 404 1181 "-" "Safari/13604.3.5 CFNetwork/889.9 Darwin/17.2.0 (x86_64)"
46.5.34.36 - - [27/Nov/2017:10:15:36 +0100] "GET /favicon.ico HTTP/1.1" 404 1181 "-" "Safari/13604.3.5 CFNetwork/889.9 Darwin/17.2.0 (x86_64)"
46.5.34.36 - - [27/Nov/2017:10:15:36 +0100] "GET /doc/b2_201203.jpg HTTP/1.1" 404 1181 "-" "Mozilla/5.0 (iPhone; CPU iPhone OS 10_3 like Mac OS X) AppleWebKit/603.1.30 (KHTML, like Gecko) Version/10.3 Mobile/14E277 Safari/603.1.30"
46.5.34.36 - - [27/Nov/2017:10:15:36 +0100] "GET /apple-touch-icon-precomposed.png HTTP/1.1" 404 1181 "-" "Safari/13604.3.5 CFNetwork/889.9 Darwin/17.2.0 (x86_64)"
46.5.34.36 - - [27/Nov/2017:10:15:36 +0100] "GET /apple-touch-icon.png HTTP/1.1" 404 1181 "-" "Safari/13604.3.5 CFNetwork/889.9 Darwin/17.2.0 (x86_64)"
46.5.34.36 - - [27/Nov/2017:10:15:36 +0100] "GET /favicon.ico HTTP/1.1" 404 1181 "-" "Safari/13604.3.5 CFNetwork/889.9 Darwin/17.2.0 (x86_64)"
46.5.34.36 - - [27/Nov/2017:10:15:36 +0100] "GET /apple-touch-icon-precomposed.png HTTP/1.1" 404 1181 "-" "Safari/13604.3.5 CFNetwork/889.9 Darwin/17.2.0 (x86_64)"
46.5.34.36 - - [27/Nov/2017:10:15:36 +0100] "GET /apple-touch-icon.png HTTP/1.1" 404 1181 "-" "Safari/13604.3.5 CFNetwork/889.9 Darwin/17.2.0 (x86_64)"
46.5.34.36 - - [27/Nov/2017:10:15:36 +0100] "GET /favicon.ico HTTP/1.1" 404 1181 "-" "Safari/13604.3.5 CFNetwork/889.9 Darwin/17.2.0 (x86_64)"
131.253.27.83 - - [27/Nov/2017:11:21:29 +0100] "GET /doc/alapsz03.pdf HTTP/1.1" 200 4292608 "-" "Mozilla/5.0 (iPhone; CPU iPhone OS 7_0 like Mac OS X) AppleWebKit/537.51.1 (KHTML, like Gecko) Version/7.0 Mobile/11A465 Safari/9537.53 BingPreview/1.0b"
40.77.167.71 - - [27/Nov/2017:11:32:46 +0100] "GET /doc/andreas_geissler.ppt HTTP/1.1" 404 1181 "-" "Mozilla/5.0 (iPhone; CPU iPhone OS 7_0 like Mac OS X) AppleWebKit/537.51.1 (KHTML, like Gecko) Version/7.0 Mobile/11A465 Safari/9537.53 (compatible; bingbot/2.0; +http://www.bing.com/bingbot.htm)"
194.149.37.3 - - [27/Nov/2017:12:00:08 +0100] "GET / HTTP/1.1" 200 2023 "http://www.google.hu/url?sa=t&rct=j&q=&esrc=s&source=web&cd=1&ved=0ahUKEwjB-J3wzN7XAhWjJ5oKHeLkCvkQFggmMAA&url=http%3A%2F%2Fwww.mkk.zpok.hu%2F&usg=AOvVaw0jwc9w5ajkZj3rf-pXBpvE" "Mozilla/5.0 (Windows NT 10.0; WOW64; Trident/7.0; rv:11.0) like Gecko"
194.149.37.3 - - [27/Nov/2017:12:00:08 +0100] "GET /blog.jpg HTTP/1.1" 200 29833 "http://www.mkk.zpok.hu/" "Mozilla/5.0 (Windows NT 10.0; WOW64; Trident/7.0; rv:11.0) like Gecko"
194.149.37.3 - - [27/Nov/2017:12:00:08 +0100] "GET /facebook-logo-preview.png HTTP/1.1" 200 3924 "http://www.mkk.zpok.hu/" "Mozilla/5.0 (Windows NT 10.0; WOW64; Trident/7.0; rv:11.0) like Gecko"
194.149.37.3 - - [27/Nov/2017:12:00:08 +0100] "GET /mkk_banner.png HTTP/1.1" 200 62097 "http://www.mkk.zpok.hu/" "Mozilla/5.0 (Windows NT 10.0; WOW64; Trident/7.0; rv:11.0) like Gecko"
194.149.37.3 - - [27/Nov/2017:12:00:15 +0100] "GET /kikvagyunk2.htm HTTP/1.1" 200 17012 "http://www.mkk.zpok.hu/" "Mozilla/5.0 (Windows NT 10.0; WOW64; Trident/7.0; rv:11.0) like Gecko"
194.149.37.3 - - [27/Nov/2017:12:00:15 +0100] "GET /icons/icons_k/1.png HTTP/1.1" 200 7684 "http://www.mkk.zpok.hu/kikvagyunk2.htm" "Mozilla/5.0 (Windows NT 10.0; WOW64; Trident/7.0; rv:11.0) like Gecko"
194.149.37.3 - - [27/Nov/2017:12:00:15 +0100] "GET /icons/icons_k/3.png HTTP/1.1" 200 5625 "http://www.mkk.zpok.hu/kikvagyunk2.htm" "Mozilla/5.0 (Windows NT 10.0; WOW64; Trident/7.0; rv:11.0) like Gecko"
194.149.37.3 - - [27/Nov/2017:12:00:15 +0100] "GET /icons/icons_k/6.png HTTP/1.1" 200 4270 "http://www.mkk.zpok.hu/kikvagyunk2.htm" "Mozilla/5.0 (Windows NT 10.0; WOW64; Trident/7.0; rv:11.0) like Gecko"
194.149.37.3 - - [27/Nov/2017:12:00:15 +0100] "GET /pdf.png HTTP/1.1" 200 133123 "http://www.mkk.zpok.hu/kikvagyunk2.htm" "Mozilla/5.0 (Windows NT 10.0; WOW64; Trident/7.0; rv:11.0) like Gecko"
194.149.37.3 - - [27/Nov/2017:12:00:15 +0100] "GET /icons/icons_k/4.png HTTP/1.1" 200 5935 "http://www.mkk.zpok.hu/kikvagyunk2.htm" "Mozilla/5.0 (Windows NT 10.0; WOW64; Trident/7.0; rv:11.0) like Gecko"
194.149.37.3 - - [27/Nov/2017:12:00:15 +0100] "GET /kikvag1.jpg HTTP/1.1" 200 9565 "http://www.mkk.zpok.hu/kikvagyunk2.htm" "Mozilla/5.0 (Windows NT 10.0; WOW64; Trident/7.0; rv:11.0) like Gecko"
194.149.37.3 - - [27/Nov/2017:12:00:15 +0100] "GET /icons/icons_k/2.png HTTP/1.1" 200 8020 "http://www.mkk.zpok.hu/kikvagyunk2.htm" "Mozilla/5.0 (Windows NT 10.0; WOW64; Trident/7.0; rv:11.0) like Gecko"
194.149.37.3 - - [27/Nov/2017:12:00:15 +0100] "GET /icons/icons_k/5.png HTTP/1.1" 200 5410 "http://www.mkk.zpok.hu/kikvagyunk2.htm" "Mozilla/5.0 (Windows NT 10.0; WOW64; Trident/7.0; rv:11.0) like Gecko"
194.149.37.3 - - [27/Nov/2017:12:00:15 +0100] "GET /icons/icons_k/mpeter.png HTTP/1.1" 200 28939 "http://www.mkk.zpok.hu/kikvagyunk2.htm" "Mozilla/5.0 (Windows NT 10.0; WOW64; Trident/7.0; rv:11.0) like Gecko"
194.149.37.3 - - [27/Nov/2017:12:00:15 +0100] "GET /favicon.ico HTTP/1.1" 404 1181 "-" "Mozilla/5.0 (Windows NT 10.0; Win64; x64; Trident/7.0; rv:11.0) like Gecko"
176.63.21.83 - - [27/Nov/2017:12:37:49 +0100] "GET /images/vasutterkep_n.jpg HTTP/1.1" 404 1181 "http://www.hobbivasut.hu/forum/topic_115_from.html?pg=3" "Mozilla/5.0 (Windows NT 10.0; Win64; x64; rv:57.0) Gecko/20100101 Firefox/57.0"
176.63.21.83 - - [27/Nov/2017:12:37:49 +0100] "GET /favicon.ico HTTP/1.1" 404 1181 "-" "Mozilla/5.0 (Windows NT 10.0; Win64; x64; rv:57.0) Gecko/20100101 Firefox/57.0"
176.63.21.83 - - [27/Nov/2017:12:37:49 +0100] "GET /favicon.ico HTTP/1.1" 404 1181 "-" "Mozilla/5.0 (Windows NT 10.0; Win64; x64; rv:57.0) Gecko/20100101 Firefox/57.0"
61.14.232.168 - - [27/Nov/2017:12:41:59 +0100] "POST /blog/xmlrpc.php HTTP/1.1" 404 1181 "-" "Mozilla/5.0 (Macintosh; U; Intel Mac OS X 10.6; fr; rv:1.9.2.8) Gecko/20100722 Firefox/3.6.8"
61.14.232.168 - - [27/Nov/2017:12:41:59 +0100] "POST /xmlrpc.php HTTP/1.1" 404 1181 "-" "Mozilla/5.0 (Macintosh; U; Intel Mac OS X 10.6; fr; rv:1.9.2.8) Gecko/20100722 Firefox/3.6.8"
40.77.167.14 - - [27/Nov/2017:12:59:59 +0100] "GET /hirlevel/vonattal1605.html HTTP/1.1" 404 1181 "-" "Mozilla/5.0 (iPhone; CPU iPhone OS 7_0 like Mac OS X) AppleWebKit/537.51.1 (KHTML, like Gecko) Version/7.0 Mobile/11A465 Safari/9537.53 (compatible; bingbot/2.0; +http://www.bing.com/bingbot.htm)"
162.210.196.129 - - [27/Nov/2017:13:22:12 +0100] "GET /robots.txt HTTP/1.1" 404 1181 "-" "Mozilla/5.0 (compatible; MJ12bot/v1.4.8; http://mj12bot.com/)"
162.210.196.129 - - [27/Nov/2017:13:22:14 +0100] "GET / HTTP/1.1" 200 2023 "-" "Mozilla/5.0 (compatible; MJ12bot/v1.4.8; http://mj12bot.com/)"
40.77.167.137 - - [27/Nov/2017:13:56:46 +0100] "GET / HTTP/1.1" 200 2023 "-" "Mozilla/5.0 (compatible; bingbot/2.0; +http://www.bing.com/bingbot.htm)"
40.77.167.137 - - [27/Nov/2017:14:22:19 +0100] "GET / HTTP/1.1" 200 2023 "-" "Mozilla/5.0 (iPhone; CPU iPhone OS 7_0 like Mac OS X) AppleWebKit/537.51.1 (KHTML, like Gecko) Version/7.0 Mobile/11A465 Safari/9537.53 (compatible; bingbot/2.0; +http://www.bing.com/bingbot.htm)"
40.77.167.14 - - [27/Nov/2017:14:29:44 +0100] "GET /doc/bartok_20160703.pdf HTTP/1.1" 200 284990 "-" "Mozilla/5.0 (compatible; bingbot/2.0; +http://www.bing.com/bingbot.htm)"
40.77.167.137 - - [27/Nov/2017:15:05:44 +0100] "GET /hirlevel/vonattal1309.html HTTP/1.1" 404 1181 "-" "Mozilla/5.0 (iPhone; CPU iPhone OS 7_0 like Mac OS X) AppleWebKit/537.51.1 (KHTML, like Gecko) Version/7.0 Mobile/11A465 Safari/9537.53 (compatible; bingbot/2.0; +http://www.bing.com/bingbot.htm)"
40.77.167.33 - - [27/Nov/2017:15:06:32 +0100] "GET /doc/A_kozlekedesmenedzsment_korszeru_eszkozei.pdf HTTP/1.1" 404 1181 "-" "Mozilla/5.0 (iPhone; CPU iPhone OS 7_0 like Mac OS X) AppleWebKit/537.51.1 (KHTML, like Gecko) Version/7.0 Mobile/11A465 Safari/9537.53 (compatible; bingbot/2.0; +http://www.bing.com/bingbot.htm)"
40.77.167.14 - - [27/Nov/2017:15:25:18 +0100] "GET /doc/eletet-a-vasutnak.pdf HTTP/1.1" 200 5085257 "-" "Mozilla/5.0 (iPhone; CPU iPhone OS 7_0 like Mac OS X) AppleWebKit/537.51.1 (KHTML, like Gecko) Version/7.0 Mobile/11A465 Safari/9537.53 (compatible; bingbot/2.0; +http://www.bing.com/bingbot.htm)"
68.180.229.217 - - [27/Nov/2017:16:04:30 +0100] "GET /robots.txt HTTP/1.1" 404 1181 "-" "Mozilla/5.0 (compatible; Yahoo! Slurp; http://help.yahoo.com/help/us/ysearch/slurp)"
68.180.229.217 - - [27/Nov/2017:16:04:31 +0100] "GET / HTTP/1.1" 200 2023 "-" "Mozilla/5.0 (compatible; Yahoo! Slurp; http://help.yahoo.com/help/us/ysearch/slurp)"
40.77.167.135 - - [27/Nov/2017:16:51:39 +0100] "GET /doc/varos-videk.vasut_2009.pdf HTTP/1.1" 404 1181 "-" "Mozilla/5.0 (iPhone; CPU iPhone OS 7_0 like Mac OS X) AppleWebKit/537.51.1 (KHTML, like Gecko) Version/7.0 Mobile/11A465 Safari/9537.53 (compatible; bingbot/2.0; +http://www.bing.com/bingbot.htm)"
40.77.167.135 - - [27/Nov/2017:18:20:37 +0100] "GET /hirlevel/vonattal0911.htm HTTP/1.1" 404 1181 "-" "Mozilla/5.0 (iPhone; CPU iPhone OS 7_0 like Mac OS X) AppleWebKit/537.51.1 (KHTML, like Gecko) Version/7.0 Mobile/11A465 Safari/9537.53 (compatible; bingbot/2.0; +http://www.bing.com/bingbot.htm)"
94.21.62.245 - - [27/Nov/2017:18:21:00 +0100] "GET /images/vasutterkep_n.jpg HTTP/1.1" 404 1181 "-" "Mozilla/5.0 (Windows NT 10.0; WOW64; rv:54.0) Gecko/20100101 Firefox/54.0"
94.21.62.245 - - [27/Nov/2017:18:21:00 +0100] "GET /favicon.ico HTTP/1.1" 404 1181 "-" "Mozilla/5.0 (Windows NT 10.0; WOW64; rv:54.0) Gecko/20100101 Firefox/54.0"
94.21.62.245 - - [27/Nov/2017:18:21:00 +0100] "GET /favicon.ico HTTP/1.1" 404 1181 "-" "Mozilla/5.0 (Windows NT 10.0; WOW64; rv:54.0) Gecko/20100101 Firefox/54.0"
164.132.161.38 - - [27/Nov/2017:18:30:23 +0100] "GET /hirlevel/vonattal1412.html HTTP/1.1" 404 1181 "-" "Mozilla/5.0 (compatible; AhrefsBot/5.2; +http://ahrefs.com/robot/)"
80.77.124.230 - - [27/Nov/2017:18:39:19 +0100] "GET / HTTP/1.1" 200 2023 "-" "Mozilla/5.0 (Windows NT 10.0; Win64; x64) AppleWebKit/537.36 (KHTML, like Gecko) Chrome/61.0.3163.100 Safari/537.36"
65.55.210.146 - - [27/Nov/2017:18:51:09 +0100] "GET /doc/eletet-a-vasutnak.pdf HTTP/1.1" 200 4300800 "-" "Mozilla/5.0 (iPhone; CPU iPhone OS 7_0 like Mac OS X) AppleWebKit/537.51.1 (KHTML, like Gecko) Version/7.0 Mobile/11A465 Safari/9537.53 BingPreview/1.0b"
77.111.91.248 - - [27/Nov/2017:18:52:42 +0100] "GET / HTTP/1.1" 200 2023 "-" "Mozilla/5.0 (Windows NT 10.0; Win64; x64) AppleWebKit/537.36 (KHTML, like Gecko) Chrome/61.0.3163.100 Safari/537.36"
89.147.73.40 - - [27/Nov/2017:19:04:03 +0100] "GET / HTTP/1.1" 200 2023 "https://www.google.hu/" "Mozilla/5.0 (Windows NT 5.1) AppleWebKit/537.36 (KHTML, like Gecko) Chrome/49.0.2623.112 Safari/537.36"
89.147.73.40 - - [27/Nov/2017:19:04:03 +0100] "GET /blog.jpg HTTP/1.1" 200 29833 "http://www.mkk.zpok.hu/" "Mozilla/5.0 (Windows NT 5.1) AppleWebKit/537.36 (KHTML, like Gecko) Chrome/49.0.2623.112 Safari/537.36"
89.147.73.40 - - [27/Nov/2017:19:04:03 +0100] "GET /facebook-logo-preview.png HTTP/1.1" 200 3924 "http://www.mkk.zpok.hu/" "Mozilla/5.0 (Windows NT 5.1) AppleWebKit/537.36 (KHTML, like Gecko) Chrome/49.0.2623.112 Safari/537.36"
89.147.73.40 - - [27/Nov/2017:19:04:03 +0100] "GET /mkk_banner.png HTTP/1.1" 200 62097 "http://www.mkk.zpok.hu/" "Mozilla/5.0 (Windows NT 5.1) AppleWebKit/537.36 (KHTML, like Gecko) Chrome/49.0.2623.112 Safari/537.36"
89.147.73.40 - - [27/Nov/2017:19:04:12 +0100] "GET /favicon.ico HTTP/1.1" 404 1181 "http://www.mkk.zpok.hu/" "Mozilla/5.0 (Windows NT 5.1) AppleWebKit/537.36 (KHTML, like Gecko) Chrome/49.0.2623.112 Safari/537.36"
40.77.167.71 - - [27/Nov/2017:19:07:54 +0100] "GET /doc/allomasok_kepes_osszefoglaloja.pdf HTTP/1.1" 200 5628186 "-" "Mozilla/5.0 (iPhone; CPU iPhone OS 7_0 like Mac OS X) AppleWebKit/537.51.1 (KHTML, like Gecko) Version/7.0 Mobile/11A465 Safari/9537.53 (compatible; bingbot/2.0; +http://www.bing.com/bingbot.htm)"
40.77.179.89 - - [27/Nov/2017:19:25:25 +0100] "GET / HTTP/1.1" 200 2023 "-" "Mozilla/5.0 (iPhone; CPU iPhone OS 7_0 like Mac OS X) AppleWebKit/537.51.1 (KHTML, like Gecko) Version/7.0 Mobile/11A465 Safari/9537.53 BingPreview/1.0b"
40.77.167.71 - - [27/Nov/2017:20:37:01 +0100] "GET /doc/sikeres_varos.pdf HTTP/1.1" 404 1181 "-" "Mozilla/5.0 (iPhone; CPU iPhone OS 7_0 like Mac OS X) AppleWebKit/537.51.1 (KHTML, like Gecko) Version/7.0 Mobile/11A465 Safari/9537.53 (compatible; bingbot/2.0; +http://www.bing.com/bingbot.htm)"
151.80.39.150 - - [27/Nov/2017:21:33:28 +0100] "GET /robots.txt HTTP/1.1" 404 1181 "-" "Mozilla/5.0 (compatible; AhrefsBot/5.2; +http://ahrefs.com/robot/)"
51.255.65.36 - - [27/Nov/2017:21:33:29 +0100] "GET /kikvagyunk2.htm HTTP/1.1" 200 17012 "-" "Mozilla/5.0 (compatible; AhrefsBot/5.2; +http://ahrefs.com/robot/)"
40.77.167.135 - - [27/Nov/2017:21:41:06 +0100] "GET /robots.txt HTTP/1.1" 404 1181 "-" "Mozilla/5.0 (compatible; bingbot/2.0; +http://www.bing.com/bingbot.htm)"
89.134.241.237 - - [27/Nov/2017:21:45:59 +0100] "GET /favicon.ico HTTP/1.1" 404 1181 "http://www.mkk.zpok.hu/doc/mkk_eger_tanulmany_2014.pdf" "Mozilla/5.0 (Windows NT 6.1; Win64; x64) AppleWebKit/537.36 (KHTML, like Gecko) Chrome/62.0.3202.94 Safari/537.36"
89.134.241.237 - - [27/Nov/2017:21:45:59 +0100] "GET /doc/mkk_eger_tanulmany_2014.pdf HTTP/1.1" 200 851104 "https://www.google.hu/" "Mozilla/5.0 (Windows NT 6.1; Win64; x64) AppleWebKit/537.36 (KHTML, like Gecko) Chrome/62.0.3202.94 Safari/537.36"
89.134.241.237 - - [27/Nov/2017:21:45:59 +0100] "GET /doc/mkk_eger_tanulmany_2014.pdf HTTP/1.1" 206 39852 "http://www.mkk.zpok.hu/doc/mkk_eger_tanulmany_2014.pdf" "Mozilla/5.0 (Windows NT 6.1; Win64; x64) AppleWebKit/537.36 (KHTML, like Gecko) Chrome/62.0.3202.94 Safari/537.36"
180.76.15.154 - - [27/Nov/2017:21:47:11 +0100] "GET /doc/mkk_eger_tanulmany_2014.pdf HTTP/1.1" 200 589824 "-" "Mozilla/5.0 (compatible; Baiduspider/2.0; +http://www.baidu.com/search/spider.html)"
40.77.167.137 - - [27/Nov/2017:22:04:21 +0100] "GET /doc/vasuttal-budapest-kornyeken.pdf HTTP/1.1" 404 1181 "-" "Mozilla/5.0 (iPhone; CPU iPhone OS 7_0 like Mac OS X) AppleWebKit/537.51.1 (KHTML, like Gecko) Version/7.0 Mobile/11A465 Safari/9537.53 (compatible; bingbot/2.0; +http://www.bing.com/bingbot.htm)"
180.76.15.140 - - [27/Nov/2017:22:20:28 +0100] "GET / HTTP/1.1" 200 2023 "-" "Mozilla/5.0 (compatible; Baiduspider/2.0; +http://www.baidu.com/search/spider.html)"
207.46.13.70 - - [27/Nov/2017:22:28:29 +0100] "GET /robots.txt HTTP/1.1" 404 1181 "-" "Mozilla/5.0 (compatible; bingbot/2.0; +http://www.bing.com/bingbot.htm)"
40.77.167.137 - - [27/Nov/2017:22:28:33 +0100] "GET / HTTP/1.1" 200 2023 "-" "Mozilla/5.0 (compatible; bingbot/2.0; +http://www.bing.com/bingbot.htm)"
199.30.25.176 - - [27/Nov/2017:22:42:56 +0100] "GET /doc/allomasok_kepes_osszefoglaloja.pdf HTTP/1.1" 200 4320672 "-" "Mozilla/5.0 (iPhone; CPU iPhone OS 7_0 like Mac OS X) AppleWebKit/537.51.1 (KHTML, like Gecko) Version/7.0 Mobile/11A465 Safari/9537.53 BingPreview/1.0b"
40.77.167.71 - - [27/Nov/2017:23:33:26 +0100] "GET /doc/vonatrafel_c.pdf HTTP/1.1" 404 1181 "-" "Mozilla/5.0 (iPhone; CPU iPhone OS 7_0 like Mac OS X) AppleWebKit/537.51.1 (KHTML, like Gecko) Version/7.0 Mobile/11A465 Safari/9537.53 (compatible; bingbot/2.0; +http://www.bing.com/bingbot.htm)"
66.249.70.14 - - [27/Nov/2017:23:35:14 +0100] "GET /robots.txt HTTP/1.1" 404 1181 "-" "Mozilla/5.0 (compatible; Googlebot/2.1; +http://www.google.com/bot.html)"
66.249.70.14 - - [27/Nov/2017:23:35:14 +0100] "GET / HTTP/1.1" 200 2023 "-" "Mozilla/5.0 (compatible; Googlebot/2.1; +http://www.google.com/bot.html)"
157.55.39.230 - - [27/Nov/2017:23:38:10 +0100] "GET /doc/ttft.pdf HTTP/1.1" 200 6493253 "-" "Mozilla/5.0 (iPhone; CPU iPhone OS 7_0 like Mac OS X) AppleWebKit/537.51.1 (KHTML, like Gecko) Version/7.0 Mobile/11A465 Safari/9537.53 (compatible; bingbot/2.0; +http://www.bing.com/bingbot.htm)"
207.46.13.70 - - [27/Nov/2017:23:38:10 +0100] "GET /robots.txt HTTP/1.1" 404 1181 "-" "Mozilla/5.0 (compatible; bingbot/2.0; +http://www.bing.com/bingbot.htm)"
157.55.39.230 - - [28/Nov/2017:00:30:42 +0100] "GET /hirlevel/vonattal1602.html HTTP/1.1" 404 1181 "-" "Mozilla/5.0 (iPhone; CPU iPhone OS 7_0 like Mac OS X) AppleWebKit/537.51.1 (KHTML, like Gecko) Version/7.0 Mobile/11A465 Safari/9537.53 (compatible; bingbot/2.0; +http://www.bing.com/bingbot.htm)"
40.77.167.137 - - [28/Nov/2017:00:51:38 +0100] "GET /doc/tisza-to_szoroanyag_2012.pdf HTTP/1.1" 404 1181 "-" "Mozilla/5.0 (iPhone; CPU iPhone OS 7_0 like Mac OS X) AppleWebKit/537.51.1 (KHTML, like Gecko) Version/7.0 Mobile/11A465 Safari/9537.53 (compatible; bingbot/2.0; +http://www.bing.com/bingbot.htm)"
40.77.167.33 - - [28/Nov/2017:01:07:18 +0100] "GET /doc/mkk_eger_tanulmany_2014.pdf HTTP/1.1" 200 851104 "-" "Mozilla/5.0 (iPhone; CPU iPhone OS 7_0 like Mac OS X) AppleWebKit/537.51.1 (KHTML, like Gecko) Version/7.0 Mobile/11A465 Safari/9537.53 (compatible; bingbot/2.0; +http://www.bing.com/bingbot.htm)"
130.43.203.207 - - [28/Nov/2017:01:41:04 +0100] "GET /images/vasutterkep_n.jpg HTTP/1.1" 404 1181 "http://www.terkepkalauz.hu/index.php?option=com_alphacontent§ion=4&cat=32&task=view&id=396&Itemid=99999999" "Mozilla/5.0 (Windows NT 6.1; Win64; x64) AppleWebKit/537.36 (KHTML, like Gecko) Chrome/62.0.3202.94 Safari/537.36"
130.43.203.207 - - [28/Nov/2017:01:41:04 +0100] "GET /favicon.ico HTTP/1.1" 404 1181 "http://www.mkk.zpok.hu/images/vasutterkep_n.jpg" "Mozilla/5.0 (Windows NT 6.1; Win64; x64) AppleWebKit/537.36 (KHTML, like Gecko) Chrome/62.0.3202.94 Safari/537.36"
40.77.167.137 - - [28/Nov/2017:01:46:15 +0100] "GET /hirlevel/vonattal1603.html HTTP/1.1" 404 1181 "-" "Mozilla/5.0 (iPhone; CPU iPhone OS 7_0 like Mac OS X) AppleWebKit/537.51.1 (KHTML, like Gecko) Version/7.0 Mobile/11A465 Safari/9537.53 (compatible; bingbot/2.0; +http://www.bing.com/bingbot.htm)"
157.55.39.230 - - [28/Nov/2017:02:10:58 +0100] "GET /robots.txt HTTP/1.1" 404 1181 "-" "Mozilla/5.0 (compatible; bingbot/2.0; +http://www.bing.com/bingbot.htm)"
35.184.189.105 - - [28/Nov/2017:02:49:22 +0100] "GET /robots.txt HTTP/1.1" 404 1181 "-" "ltx71 - (http://ltx71.com/)"
35.184.189.105 - - [28/Nov/2017:02:50:55 +0100] "GET /doc/ttft.pdf HTTP/1.1" 200 6493253 "-" "ltx71 - (http://ltx71.com/)"
40.77.167.137 - - [28/Nov/2017:03:06:40 +0100] "GET /hirlevel/Prezentacio_Partners%C3%A9g%20%20a%20jobb%20vas%C3%BAt%C3%A9rt.pdf HTTP/1.1" 404 1181 "-" "Mozilla/5.0 (iPhone; CPU iPhone OS 7_0 like Mac OS X) AppleWebKit/537.51.1 (KHTML, like Gecko) Version/7.0 Mobile/11A465 Safari/9537.53 (compatible; bingbot/2.0; +http://www.bing.com/bingbot.htm)"
199.30.25.99 - - [28/Nov/2017:03:12:39 +0100] "GET /doc/ttft.pdf HTTP/1.1" 200 4317184 "-" "Mozilla/5.0 (iPhone; CPU iPhone OS 7_0 like Mac OS X) AppleWebKit/537.51.1 (KHTML, like Gecko) Version/7.0 Mobile/11A465 Safari/9537.53 BingPreview/1.0b"
40.77.167.71 - - [28/Nov/2017:03:21:18 +0100] "GET /doc/westtakt_final_20160405.pdf HTTP/1.1" 200 633098 "-" "Mozilla/5.0 (compatible; bingbot/2.0; +http://www.bing.com/bingbot.htm)"
77.75.77.54 - - [28/Nov/2017:03:25:18 +0100] "GET /robots.txt HTTP/1.1" 404 1181 "-" "Mozilla/5.0 (compatible; SeznamBot/3.2; +http://napoveda.seznam.cz/en/seznambot-intro/)"
77.75.77.54 - - [28/Nov/2017:03:25:19 +0100] "GET /images/vasutterkep_n.jpg HTTP/1.1" 404 1181 "-" "Mozilla/5.0 (compatible; SeznamBot/3.2; +http://napoveda.seznam.cz/en/seznambot-intro/)"
40.77.167.137 - - [28/Nov/2017:04:00:09 +0100] "GET / HTTP/1.1" 200 2023 "-" "Mozilla/5.0 (compatible; bingbot/2.0; +http://www.bing.com/bingbot.htm)"
92.43.203.171 - - [28/Nov/2017:04:01:09 +0100] "HEAD / HTTP/1.1" 200 0 "-" "-"
40.77.167.71 - - [28/Nov/2017:04:13:42 +0100] "GET /hirlevel/vonattal1508.html HTTP/1.1" 404 1181 "-" "Mozilla/5.0 (iPhone; CPU iPhone OS 7_0 like Mac OS X) AppleWebKit/537.51.1 (KHTML, like Gecko) Version/7.0 Mobile/11A465 Safari/9537.53 (compatible; bingbot/2.0; +http://www.bing.com/bingbot.htm)"
40.77.167.33 - - [28/Nov/2017:04:34:14 +0100] "GET /hirlevel/emlekezteto_hevesvezekeny_201504.pdf HTTP/1.1" 404 1181 "-" "Mozilla/5.0 (iPhone; CPU iPhone OS 7_0 like Mac OS X) AppleWebKit/537.51.1 (KHTML, like Gecko) Version/7.0 Mobile/11A465 Safari/9537.53 (compatible; bingbot/2.0; +http://www.bing.com/bingbot.htm)"
46.229.164.99 - - [28/Nov/2017:05:09:59 +0100] "GET /robots.txt HTTP/1.1" 404 1181 "-" "Mozilla/5.0 (compatible; SemrushBot/1.2~bl; +http://www.semrush.com/bot.html)"
40.77.167.33 - - [28/Nov/2017:05:38:02 +0100] "GET /doc/hu_aps_positivbeispiele_aufl2_070622_klein.pdf HTTP/1.1" 200 2887217 "-" "Mozilla/5.0 (iPhone; CPU iPhone OS 7_0 like Mac OS X) AppleWebKit/537.51.1 (KHTML, like Gecko) Version/7.0 Mobile/11A465 Safari/9537.53 (compatible; bingbot/2.0; +http://www.bing.com/bingbot.htm)"
157.55.39.230 - - [28/Nov/2017:06:02:27 +0100] "GET /hirlevel/MAV_102vonal_prezi201504.pdf HTTP/1.1" 404 1181 "-" "Mozilla/5.0 (compatible; bingbot/2.0; +http://www.bing.com/bingbot.htm)"
35.184.189.105 - - [28/Nov/2017:06:13:27 +0100] "GET /robots.txt HTTP/1.1" 404 1181 "-" "ltx71 - (http://ltx71.com/)"
85.25.210.41 - - [28/Nov/2017:06:40:44 +0100] "GET /robots.txt HTTP/1.1" 404 1181 "-" "Mozilla/5.0 (compatible; seoscanners.net/1; +spider@seoscanners.net)"
85.25.210.41 - - [28/Nov/2017:06:40:44 +0100] "GET /hirlevel/vonattal1503.html HTTP/1.1" 404 1181 "-" "Mozilla/5.0 (compatible; seoscanners.net/1; +spider@seoscanners.net)"
62.138.0.25 - - [28/Nov/2017:07:07:17 +0100] "GET /robots.txt HTTP/1.1" 404 1181 "-" "Mozilla/5.0 (compatible; seoscanners.net/1; +spider@seoscanners.net)"
62.138.0.25 - - [28/Nov/2017:07:07:17 +0100] "GET /doc/PusztaTura_201101.pdf HTTP/1.1" 404 1181 "-" "Mozilla/5.0 (compatible; seoscanners.net/1; +spider@seoscanners.net)"
66.249.64.131 - - [28/Nov/2017:07:19:37 +0100] "GET /robots.txt HTTP/1.1" 404 1181 "-" "Mozilla/5.0 (compatible; Googlebot/2.1; +http://www.google.com/bot.html)"
66.249.64.128 - - [28/Nov/2017:07:19:37 +0100] "GET /hirlevel/vonattal1101-02.htm HTTP/1.1" 404 1181 "-" "Mozilla/5.0 (compatible; Googlebot/2.1; +http://www.google.com/bot.html)"
157.55.39.230 - - [28/Nov/2017:07:43:57 +0100] "GET /hirlevel/vonattal1409.html HTTP/1.1" 404 1181 "-" "Mozilla/5.0 (iPhone; CPU iPhone OS 7_0 like Mac OS X) AppleWebKit/537.51.1 (KHTML, like Gecko) Version/7.0 Mobile/11A465 Safari/9537.53 (compatible; bingbot/2.0; +http://www.bing.com/bingbot.htm)"
195.228.96.132 - - [28/Nov/2017:08:27:49 +0100] "GET / HTTP/1.1" 200 2023 "-" "Mozilla/5.0 (Windows NT 10.0; Win64; x64; rv:56.0) Gecko/20100101 Firefox/56.0"
195.228.96.132 - - [28/Nov/2017:08:27:50 +0100] "GET /facebook-logo-preview.png HTTP/1.1" 200 3924 "http://www.mkk.zpok.hu/" "Mozilla/5.0 (Windows NT 10.0; Win64; x64; rv:56.0) Gecko/20100101 Firefox/56.0"
195.228.96.132 - - [28/Nov/2017:08:27:50 +0100] "GET /blog.jpg HTTP/1.1" 200 29833 "http://www.mkk.zpok.hu/" "Mozilla/5.0 (Windows NT 10.0; Win64; x64; rv:56.0) Gecko/20100101 Firefox/56.0"
195.228.96.132 - - [28/Nov/2017:08:27:50 +0100] "GET /mkk_banner.png HTTP/1.1" 200 62097 "http://www.mkk.zpok.hu/" "Mozilla/5.0 (Windows NT 10.0; Win64; x64; rv:56.0) Gecko/20100101 Firefox/56.0"
195.228.96.132 - - [28/Nov/2017:08:27:52 +0100] "GET /favicon.ico HTTP/1.1" 404 1181 "-" "Mozilla/5.0 (Windows NT 10.0; Win64; x64; rv:56.0) Gecko/20100101 Firefox/56.0"
66.249.64.131 - - [28/Nov/2017:08:35:38 +0100] "GET /hirlevel/hatvan-eves-az-atmeno-forgalom_1110.pdf HTTP/1.1" 404 1181 "-" "Googlebot/2.1 (+http://www.google.com/bot.html)"
66.249.64.158 - - [28/Nov/2017:08:42:34 +0100] "GET /hirlevel/ahol_kerekparozni_jo.pdf HTTP/1.1" 404 1181 "-" "Googlebot/2.1 (+http://www.google.com/bot.html)"
46.229.168.66 - - [28/Nov/2017:08:48:26 +0100] "GET /projektek2.htm HTTP/1.1" 200 7634 "-" "Mozilla/5.0 (compatible; SemrushBot/1.2~bl; +http://www.semrush.com/bot.html)"
46.229.168.66 - - [28/Nov/2017:08:48:34 +0100] "GET /projektek2.htm HTTP/1.1" 200 7634 "-" "Mozilla/5.0 (compatible; SemrushBot/1.2~bl; +http://www.semrush.com/bot.html)"
66.249.70.14 - - [28/Nov/2017:09:13:36 +0100] "GET /doc/alapsz03.pdf HTTP/1.1" 200 6009944 "-" "Googlebot/2.1 (+http://www.google.com/bot.html)"
66.249.64.131 - - [28/Nov/2017:09:32:14 +0100] "GET /hirlevel/megyagozos.pdf HTTP/1.1" 404 1181 "-" "Googlebot/2.1 (+http://www.google.com/bot.html)"
5.196.87.61 - - [28/Nov/2017:09:46:13 +0100] "GET /robots.txt HTTP/1.1" 404 1181 "-" "Mozilla/5.0 (compatible; AhrefsBot/5.2; +http://ahrefs.com/robot/)"
164.132.161.16 - - [28/Nov/2017:09:46:13 +0100] "GET / HTTP/1.1" 200 2023 "-" "Mozilla/5.0 (compatible; AhrefsBot/5.2; +http://ahrefs.com/robot/)"
134.3.221.19 - - [28/Nov/2017:10:03:33 +0100] "GET /doc/b2_201203.jpg HTTP/1.1" 404 1181 "-" "Mozilla/5.0 (Macintosh; Intel Mac OS X 10_13_1) AppleWebKit/604.3.5 (KHTML, like Gecko)"
134.3.221.19 - - [28/Nov/2017:10:03:34 +0100] "GET /apple-touch-icon-precomposed.png HTTP/1.1" 404 1181 "-" "Safari/13604.3.5 CFNetwork/889.9 Darwin/17.2.0 (x86_64)"
134.3.221.19 - - [28/Nov/2017:10:03:34 +0100] "GET /apple-touch-icon.png HTTP/1.1" 404 1181 "-" "Safari/13604.3.5 CFNetwork/889.9 Darwin/17.2.0 (x86_64)"
134.3.221.19 - - [28/Nov/2017:10:03:34 +0100] "GET /favicon.ico HTTP/1.1" 404 1181 "-" "Safari/13604.3.5 CFNetwork/889.9 Darwin/17.2.0 (x86_64)"
134.3.221.19 - - [28/Nov/2017:10:03:34 +0100] "GET /apple-touch-icon-precomposed.png HTTP/1.1" 404 1181 "-" "Safari/13604.3.5 CFNetwork/889.9 Darwin/17.2.0 (x86_64)"
134.3.221.19 - - [28/Nov/2017:10:03:34 +0100] "GET /apple-touch-icon.png HTTP/1.1" 404 1181 "-" "Safari/13604.3.5 CFNetwork/889.9 Darwin/17.2.0 (x86_64)"
134.3.221.19 - - [28/Nov/2017:10:03:34 +0100] "GET /favicon.ico HTTP/1.1" 404 1181 "-" "Safari/13604.3.5 CFNetwork/889.9 Darwin/17.2.0 (x86_64)"
134.3.221.19 - - [28/Nov/2017:10:03:34 +0100] "GET /doc/b2_201203.jpg HTTP/1.1" 404 1181 "-" "Mozilla/5.0 (iPhone; CPU iPhone OS 10_3 like Mac OS X) AppleWebKit/603.1.30 (KHTML, like Gecko) Version/10.3 Mobile/14E277 Safari/603.1.30"
134.3.221.19 - - [28/Nov/2017:10:03:34 +0100] "GET /apple-touch-icon-precomposed.png HTTP/1.1" 404 1181 "-" "Safari/13604.3.5 CFNetwork/889.9 Darwin/17.2.0 (x86_64)"
134.3.221.19 - - [28/Nov/2017:10:03:35 +0100] "GET /apple-touch-icon.png HTTP/1.1" 404 1181 "-" "Safari/13604.3.5 CFNetwork/889.9 Darwin/17.2.0 (x86_64)"
134.3.221.19 - - [28/Nov/2017:10:03:35 +0100] "GET /favicon.ico HTTP/1.1" 404 1181 "-" "Safari/13604.3.5 CFNetwork/889.9 Darwin/17.2.0 (x86_64)"
134.3.221.19 - - [28/Nov/2017:10:03:35 +0100] "GET /apple-touch-icon-precomposed.png HTTP/1.1" 404 1181 "-" "Safari/13604.3.5 CFNetwork/889.9 Darwin/17.2.0 (x86_64)"
134.3.221.19 - - [28/Nov/2017:10:03:35 +0100] "GET /apple-touch-icon.png HTTP/1.1" 404 1181 "-" "Safari/13604.3.5 CFNetwork/889.9 Darwin/17.2.0 (x86_64)"
134.3.221.19 - - [28/Nov/2017:10:03:35 +0100] "GET /favicon.ico HTTP/1.1" 404 1181 "-" "Safari/13604.3.5 CFNetwork/889.9 Darwin/17.2.0 (x86_64)"
40.77.167.137 - - [28/Nov/2017:10:44:50 +0100] "GET / HTTP/1.1" 200 2023 "-" "Mozilla/5.0 (compatible; bingbot/2.0; +http://www.bing.com/bingbot.htm)"
78.42.168.136 - - [28/Nov/2017:11:39:04 +0100] "GET /doc/b2_201203.jpg HTTP/1.1" 404 1181 "-" "Mozilla/5.0 (Macintosh; Intel Mac OS X 10_13_1) AppleWebKit/604.3.5 (KHTML, like Gecko)"
78.42.168.136 - - [28/Nov/2017:11:39:05 +0100] "GET /apple-touch-icon-precomposed.png HTTP/1.1" 404 1181 "-" "Safari/13604.3.5 CFNetwork/889.9 Darwin/17.2.0 (x86_64)"
78.42.168.136 - - [28/Nov/2017:11:39:05 +0100] "GET /apple-touch-icon.png HTTP/1.1" 404 1181 "-" "Safari/13604.3.5 CFNetwork/889.9 Darwin/17.2.0 (x86_64)"
78.42.168.136 - - [28/Nov/2017:11:39:05 +0100] "GET /favicon.ico HTTP/1.1" 404 1181 "-" "Safari/13604.3.5 CFNetwork/889.9 Darwin/17.2.0 (x86_64)"
78.42.168.136 - - [28/Nov/2017:11:39:05 +0100] "GET /apple-touch-icon-precomposed.png HTTP/1.1" 404 1181 "-" "Safari/13604.3.5 CFNetwork/889.9 Darwin/17.2.0 (x86_64)"
78.42.168.136 - - [28/Nov/2017:11:39:05 +0100] "GET /apple-touch-icon.png HTTP/1.1" 404 1181 "-" "Safari/13604.3.5 CFNetwork/889.9 Darwin/17.2.0 (x86_64)"
78.42.168.136 - - [28/Nov/2017:11:39:05 +0100] "GET /favicon.ico HTTP/1.1" 404 1181 "-" "Safari/13604.3.5 CFNetwork/889.9 Darwin/17.2.0 (x86_64)"
78.42.168.136 - - [28/Nov/2017:11:39:05 +0100] "GET /doc/b2_201203.jpg HTTP/1.1" 404 1181 "-" "Mozilla/5.0 (iPhone; CPU iPhone OS 10_3 like Mac OS X) AppleWebKit/603.1.30 (KHTML, like Gecko) Version/10.3 Mobile/14E277 Safari/603.1.30"
78.42.168.136 - - [28/Nov/2017:11:39:05 +0100] "GET /apple-touch-icon-precomposed.png HTTP/1.1" 404 1181 "-" "Safari/13604.3.5 CFNetwork/889.9 Darwin/17.2.0 (x86_64)"
78.42.168.136 - - [28/Nov/2017:11:39:05 +0100] "GET /apple-touch-icon.png HTTP/1.1" 404 1181 "-" "Safari/13604.3.5 CFNetwork/889.9 Darwin/17.2.0 (x86_64)"
78.42.168.136 - - [28/Nov/2017:11:39:05 +0100] "GET /favicon.ico HTTP/1.1" 404 1181 "-" "Safari/13604.3.5 CFNetwork/889.9 Darwin/17.2.0 (x86_64)"
78.42.168.136 - - [28/Nov/2017:11:39:05 +0100] "GET /apple-touch-icon-precomposed.png HTTP/1.1" 404 1181 "-" "Safari/13604.3.5 CFNetwork/889.9 Darwin/17.2.0 (x86_64)"
78.42.168.136 - - [28/Nov/2017:11:39:05 +0100] "GET /apple-touch-icon.png HTTP/1.1" 404 1181 "-" "Safari/13604.3.5 CFNetwork/889.9 Darwin/17.2.0 (x86_64)"
78.42.168.136 - - [28/Nov/2017:11:39:05 +0100] "GET /favicon.ico HTTP/1.1" 404 1181 "-" "Safari/13604.3.5 CFNetwork/889.9 Darwin/17.2.0 (x86_64)"
40.77.167.137 - - [28/Nov/2017:12:20:42 +0100] "GET /doc/emlekezteto_tatabanya_0327.pdf HTTP/1.1" 404 1181 "-" "Mozilla/5.0 (iPhone; CPU iPhone OS 7_0 like Mac OS X) AppleWebKit/537.51.1 (KHTML, like Gecko) Version/7.0 Mobile/11A465 Safari/9537.53 (compatible; bingbot/2.0; +http://www.bing.com/bingbot.htm)"
77.111.91.248 - - [28/Nov/2017:12:44:41 +0100] "GET / HTTP/1.1" 200 2023 "-" "Mozilla/5.0 (Windows NT 10.0; Win64; x64) AppleWebKit/537.36 (KHTML, like Gecko) Chrome/61.0.3163.100 Safari/537.36"
185.31.32.138 - - [28/Nov/2017:12:45:36 +0100] "GET / HTTP/1.1" 200 2023 "http://www.derke.hu/taxonomy/term/75" "Mozilla/5.0 (Windows NT 6.1; WOW64) AppleWebKit/537.36 (KHTML, like Gecko) Chrome/62.0.3202.94 Safari/537.36"
185.31.32.138 - - [28/Nov/2017:12:45:37 +0100] "GET /blog.jpg HTTP/1.1" 200 29833 "http://www.mkk.zpok.hu/" "Mozilla/5.0 (Windows NT 6.1; WOW64) AppleWebKit/537.36 (KHTML, like Gecko) Chrome/62.0.3202.94 Safari/537.36"
185.31.32.138 - - [28/Nov/2017:12:45:37 +0100] "GET /facebook-logo-preview.png HTTP/1.1" 200 3924 "http://www.mkk.zpok.hu/" "Mozilla/5.0 (Windows NT 6.1; WOW64) AppleWebKit/537.36 (KHTML, like Gecko) Chrome/62.0.3202.94 Safari/537.36"
185.31.32.138 - - [28/Nov/2017:12:45:37 +0100] "GET /mkk_banner.png HTTP/1.1" 200 62097 "http://www.mkk.zpok.hu/" "Mozilla/5.0 (Windows NT 6.1; WOW64) AppleWebKit/537.36 (KHTML, like Gecko) Chrome/62.0.3202.94 Safari/537.36"
185.31.32.138 - - [28/Nov/2017:12:45:40 +0100] "GET /favicon.ico HTTP/1.1" 404 1181 "http://www.mkk.zpok.hu/" "Mozilla/5.0 (Windows NT 6.1; WOW64) AppleWebKit/537.36 (KHTML, like Gecko) Chrome/62.0.3202.94 Safari/537.36"
217.182.132.53 - - [28/Nov/2017:12:52:21 +0100] "GET /hirlevel/images/citylight_bakonyvasut_kicsi.jpg HTTP/1.1" 404 1181 "-" "Mozilla/5.0 (compatible; AhrefsBot/5.2; +http://ahrefs.com/robot/)"
80.77.124.230 - - [28/Nov/2017:12:58:28 +0100] "GET / HTTP/1.1" 200 2023 "-" "Mozilla/5.0 (Windows NT 10.0; Win64; x64) AppleWebKit/537.36 (KHTML, like Gecko) Chrome/61.0.3163.100 Safari/537.36"
78.42.168.136 - - [28/Nov/2017:13:14:07 +0100] "GET /doc/b2_201203.jpg HTTP/1.1" 404 1181 "-" "Mozilla/5.0 (Macintosh; Intel Mac OS X 10_13_1) AppleWebKit/604.3.5 (KHTML, like Gecko)"
78.42.168.136 - - [28/Nov/2017:13:14:08 +0100] "GET /apple-touch-icon-precomposed.png HTTP/1.1" 404 1181 "-" "Safari/13604.3.5 CFNetwork/889.9 Darwin/17.2.0 (x86_64)"
78.42.168.136 - - [28/Nov/2017:13:14:08 +0100] "GET /apple-touch-icon.png HTTP/1.1" 404 1181 "-" "Safari/13604.3.5 CFNetwork/889.9 Darwin/17.2.0 (x86_64)"
78.42.168.136 - - [28/Nov/2017:13:14:08 +0100] "GET /favicon.ico HTTP/1.1" 404 1181 "-" "Safari/13604.3.5 CFNetwork/889.9 Darwin/17.2.0 (x86_64)"
78.42.168.136 - - [28/Nov/2017:13:14:08 +0100] "GET /apple-touch-icon-precomposed.png HTTP/1.1" 404 1181 "-" "Safari/13604.3.5 CFNetwork/889.9 Darwin/17.2.0 (x86_64)"
78.42.168.136 - - [28/Nov/2017:13:14:08 +0100] "GET /apple-touch-icon.png HTTP/1.1" 404 1181 "-" "Safari/13604.3.5 CFNetwork/889.9 Darwin/17.2.0 (x86_64)"
78.42.168.136 - - [28/Nov/2017:13:14:08 +0100] "GET /favicon.ico HTTP/1.1" 404 1181 "-" "Safari/13604.3.5 CFNetwork/889.9 Darwin/17.2.0 (x86_64)"
78.42.168.136 - - [28/Nov/2017:13:14:08 +0100] "GET /doc/b2_201203.jpg HTTP/1.1" 404 1181 "-" "Mozilla/5.0 (iPhone; CPU iPhone OS 10_3 like Mac OS X) AppleWebKit/603.1.30 (KHTML, like Gecko) Version/10.3 Mobile/14E277 Safari/603.1.30"
78.42.168.136 - - [28/Nov/2017:13:14:08 +0100] "GET /apple-touch-icon-precomposed.png HTTP/1.1" 404 1181 "-" "Safari/13604.3.5 CFNetwork/889.9 Darwin/17.2.0 (x86_64)"
78.42.168.136 - - [28/Nov/2017:13:14:08 +0100] "GET /apple-touch-icon.png HTTP/1.1" 404 1181 "-" "Safari/13604.3.5 CFNetwork/889.9 Darwin/17.2.0 (x86_64)"
78.42.168.136 - - [28/Nov/2017:13:14:08 +0100] "GET /favicon.ico HTTP/1.1" 404 1181 "-" "Safari/13604.3.5 CFNetwork/889.9 Darwin/17.2.0 (x86_64)"
78.42.168.136 - - [28/Nov/2017:13:14:08 +0100] "GET /apple-touch-icon-precomposed.png HTTP/1.1" 404 1181 "-" "Safari/13604.3.5 CFNetwork/889.9 Darwin/17.2.0 (x86_64)"
78.42.168.136 - - [28/Nov/2017:13:14:08 +0100] "GET /apple-touch-icon.png HTTP/1.1" 404 1181 "-" "Safari/13604.3.5 CFNetwork/889.9 Darwin/17.2.0 (x86_64)"
78.42.168.136 - - [28/Nov/2017:13:14:08 +0100] "GET /favicon.ico HTTP/1.1" 404 1181 "-" "Safari/13604.3.5 CFNetwork/889.9 Darwin/17.2.0 (x86_64)"
157.55.39.230 - - [28/Nov/2017:13:28:46 +0100] "GET /hirlevel/vonattal1107.htm HTTP/1.1" 404 1181 "-" "Mozilla/5.0 (iPhone; CPU iPhone OS 7_0 like Mac OS X) AppleWebKit/537.51.1 (KHTML, like Gecko) Version/7.0 Mobile/11A465 Safari/9537.53 (compatible; bingbot/2.0; +http://www.bing.com/bingbot.htm)"
37.76.106.159 - - [28/Nov/2017:13:52:43 +0100] "GET / HTTP/1.1" 200 2023 "https://www.google.hu/" "Mozilla/5.0 (Linux; Android 7.0; VKY-L09 Build/HUAWEIVKY-L09) AppleWebKit/537.36 (KHTML, like Gecko) Chrome/62.0.3202.84 Mobile Safari/537.36"
37.76.106.159 - - [28/Nov/2017:13:52:44 +0100] "GET /blog.jpg HTTP/1.1" 200 29833 "http://www.mkk.zpok.hu/" "Mozilla/5.0 (Linux; Android 7.0; VKY-L09 Build/HUAWEIVKY-L09) AppleWebKit/537.36 (KHTML, like Gecko) Chrome/62.0.3202.84 Mobile Safari/537.36"
37.76.106.159 - - [28/Nov/2017:13:52:44 +0100] "GET /facebook-logo-preview.png HTTP/1.1" 200 3924 "http://www.mkk.zpok.hu/" "Mozilla/5.0 (Linux; Android 7.0; VKY-L09 Build/HUAWEIVKY-L09) AppleWebKit/537.36 (KHTML, like Gecko) Chrome/62.0.3202.84 Mobile Safari/537.36"
37.76.106.159 - - [28/Nov/2017:13:52:44 +0100] "GET /mkk_banner.png HTTP/1.1" 200 62097 "http://www.mkk.zpok.hu/" "Mozilla/5.0 (Linux; Android 7.0; VKY-L09 Build/HUAWEIVKY-L09) AppleWebKit/537.36 (KHTML, like Gecko) Chrome/62.0.3202.84 Mobile Safari/537.36"
37.76.106.159 - - [28/Nov/2017:13:52:47 +0100] "GET /favicon.ico HTTP/1.1" 404 1181 "http://www.mkk.zpok.hu/" "Mozilla/5.0 (Linux; Android 7.0; VKY-L09 Build/HUAWEIVKY-L09) AppleWebKit/537.36 (KHTML, like Gecko) Chrome/62.0.3202.84 Mobile Safari/537.36"
40.77.167.137 - - [28/Nov/2017:15:40:20 +0100] "GET /doc/plakat_zirc_120620.pdf HTTP/1.1" 404 1181 "-" "Mozilla/5.0 (compatible; bingbot/2.0; +http://www.bing.com/bingbot.htm)"
217.182.132.19 - - [28/Nov/2017:15:41:57 +0100] "GET /tagsag2.htm HTTP/1.1" 200 1335 "-" "Mozilla/5.0 (compatible; AhrefsBot/5.2; +http://ahrefs.com/robot/)"
66.249.64.128 - - [28/Nov/2017:15:48:05 +0100] "GET / HTTP/1.1" 200 2023 "-" "Mozilla/5.0 (compatible; Googlebot/2.1; +http://www.google.com/bot.html)"
40.77.167.137 - - [28/Nov/2017:15:59:31 +0100] "GET / HTTP/1.1" 200 2023 "-" "Mozilla/5.0 (compatible; bingbot/2.0; +http://www.bing.com/bingbot.htm)"
40.77.167.137 - - [28/Nov/2017:16:13:18 +0100] "GET /doc/emlekezteto_tatabanya_0327.pdf HTTP/1.1" 404 1181 "-" "Mozilla/5.0 (iPhone; CPU iPhone OS 7_0 like Mac OS X) AppleWebKit/537.51.1 (KHTML, like Gecko) Version/7.0 Mobile/11A465 Safari/9537.53 (compatible; bingbot/2.0; +http://www.bing.com/bingbot.htm)"
178.154.200.11 - - [28/Nov/2017:17:00:42 +0100] "GET /robots.txt HTTP/1.1" 404 1181 "-" "Mozilla/5.0 (compatible; YandexBot/3.0; +http://yandex.com/bots)"
178.154.200.17 - - [28/Nov/2017:17:00:43 +0100] "GET /robots.txt HTTP/1.1" 404 1181 "-" "Mozilla/5.0 (compatible; YandexBot/3.0; +http://yandex.com/bots)"
178.154.200.17 - - [28/Nov/2017:17:00:46 +0100] "GET / HTTP/1.1" 200 2023 "-" "Mozilla/5.0 (compatible; YandexBot/3.0; +http://yandex.com/bots)"
37.9.113.81 - - [28/Nov/2017:17:00:46 +0100] "GET / HTTP/1.1" 200 2023 "-" "Mozilla/5.0 (compatible; YandexBot/3.0; +http://yandex.com/bots)"
195.230.184.123 - - [28/Nov/2017:17:07:03 +0100] "GET /doc/b2_201203.jpg HTTP/1.1" 404 1181 "http://vasut.kteam.hu/indexde.html" "Mozilla/5.0 (Linux; Android 5.1; B3-A20 Build/LMY47I) AppleWebKit/537.36 (KHTML, like Gecko) Chrome/55.0.2883.91 Safari/537.36"
195.230.184.123 - - [28/Nov/2017:17:07:04 +0100] "GET /favicon.ico HTTP/1.1" 404 1181 "http://mkk.zpok.hu/doc/b2_201203.jpg" "Mozilla/5.0 (Linux; Android 5.1; B3-A20 Build/LMY47I) AppleWebKit/537.36 (KHTML, like Gecko) Chrome/55.0.2883.91 Safari/537.36"
144.76.23.74 - - [28/Nov/2017:17:13:38 +0100] "GET /robots.txt HTTP/1.1" 404 1181 "-" "Mozilla/5.0 (Windows; U; Windows NT 6.0; en-GB; rv:1.0; trendictionbot0.5.0; trendiction search; http://www.trendiction.de/bot; please let us know of any problems; web at trendiction.com) Gecko/20071127 Firefox/3.0.0.11"
144.76.23.74 - - [28/Nov/2017:17:13:39 +0100] "GET / HTTP/1.1" 200 2023 "-" "Mozilla/5.0 (Windows; U; Windows NT 6.0; en-GB; rv:1.0; trendictionbot0.5.0; trendiction search; http://www.trendiction.de/bot; please let us know of any problems; web at trendiction.com) Gecko/20071127 Firefox/3.0.0.11"
144.76.23.74 - - [28/Nov/2017:17:13:41 +0100] "GET /kikvagyunk2.htm HTTP/1.1" 200 17012 "-" "Mozilla/5.0 (Windows; U; Windows NT 6.0; en-GB; rv:1.0; trendictionbot0.5.0; trendiction search; http://www.trendiction.de/bot; please let us know of any problems; web at trendiction.com) Gecko/20071127 Firefox/3.0.0.11"
144.76.23.74 - - [28/Nov/2017:17:13:42 +0100] "GET /tagsag2.htm HTTP/1.1" 200 1335 "-" "Mozilla/5.0 (Windows; U; Windows NT 6.0; en-GB; rv:1.0; trendictionbot0.5.0; trendiction search; http://www.trendiction.de/bot; please let us know of any problems; web at trendiction.com) Gecko/20071127 Firefox/3.0.0.11"
144.76.23.74 - - [28/Nov/2017:17:13:43 +0100] "GET /projektek2.htm HTTP/1.1" 200 7634 "-" "Mozilla/5.0 (Windows; U; Windows NT 6.0; en-GB; rv:1.0; trendictionbot0.5.0; trendiction search; http://www.trendiction.de/bot; please let us know of any problems; web at trendiction.com) Gecko/20071127 Firefox/3.0.0.11"
207.46.13.206 - - [28/Nov/2017:17:24:48 +0100] "GET /doc/kerparoskozlekedes.pdf HTTP/1.1" 200 2540119 "-" "Mozilla/5.0 (iPhone; CPU iPhone OS 7_0 like Mac OS X) AppleWebKit/537.51.1 (KHTML, like Gecko) Version/7.0 Mobile/11A465 Safari/9537.53 (compatible; bingbot/2.0; +http://www.bing.com/bingbot.htm)"
178.255.215.87 - - [28/Nov/2017:17:26:32 +0100] "GET /robots.txt HTTP/1.1" 404 1181 "-" "Mozilla/5.0 (compatible; Exabot/3.0; +http://www.exabot.com/go/robot)"
178.255.215.87 - - [28/Nov/2017:17:26:32 +0100] "GET /hirek.xml HTTP/1.1" 404 1181 "-" "Mozilla/5.0 (compatible; Exabot/3.0; +http://www.exabot.com/go/robot)"
178.255.215.87 - - [28/Nov/2017:17:32:44 +0100] "GET / HTTP/1.1" 200 2023 "-" "Mozilla/5.0 (compatible; Exabot/3.0; +http://www.exabot.com/go/robot)"
157.55.39.230 - - [28/Nov/2017:17:40:14 +0100] "GET /robots.txt HTTP/1.1" 404 1181 "-" "Mozilla/5.0 (compatible; bingbot/2.0; +http://www.bing.com/bingbot.htm)"
157.55.39.230 - - [28/Nov/2017:18:05:39 +0100] "GET /hirlevel/vonattal1605.html HTTP/1.1" 404 1181 "-" "Mozilla/5.0 (compatible; bingbot/2.0; +http://www.bing.com/bingbot.htm)"
69.138.15.136 - - [28/Nov/2017:18:12:14 +0100] "GET /kikvagyunk2.htm HTTP/1.1" 200 17012 "-" "Mozilla/5.0 (Windows NT 6.1; WOW64) AppleWebKit/537.36 (KHTML, like Gecko) Chrome/34.0.1847.131 Safari/537.36"
69.138.15.136 - - [28/Nov/2017:18:12:14 +0100] "GET /projektek2.htm HTTP/1.1" 200 7634 "-" "Mozilla/5.0 (Windows NT 6.1; WOW64) AppleWebKit/537.36 (KHTML, like Gecko) Chrome/34.0.1847.131 Safari/537.36"
69.138.15.136 - - [28/Nov/2017:18:12:14 +0100] "GET /tagsag2.htm HTTP/1.1" 200 1335 "-" "Mozilla/5.0 (Windows NT 6.1; WOW64) AppleWebKit/537.36 (KHTML, like Gecko) Chrome/34.0.1847.131 Safari/537.36"
66.249.64.222 - - [28/Nov/2017:18:23:56 +0100] "GET /hirlevel/images/1109a.jpg HTTP/1.1" 404 1181 "-" "Googlebot-Image/1.0"
66.249.64.192 - - [28/Nov/2017:18:39:48 +0100] "GET /hirlevel/images/1109c.jpg HTTP/1.1" 404 1181 "-" "Googlebot-Image/1.0"
