54.242.66.154 - - [22/Apr/2018:23:08:35 +0200] "GET /robots.txt HTTP/1.1" 404 1181 "-" "Mozilla/5.0 (compatible; linkdexbot/2.2; +http://www.linkdex.com/bots/)"
54.242.66.154 - - [22/Apr/2018:23:08:36 +0200] "GET /doc/mkk_eger_tanulmany_2014.pdf HTTP/1.1" 200 851104 "-" "Mozilla/5.0 (compatible; linkdexbot/2.2; +http://www.linkdex.com/bots/)"
66.249.64.131 - - [23/Apr/2018:00:15:33 +0200] "GET /hirlevel/vonattal1508.html HTTP/1.1" 404 1181 "-" "Mozilla/5.0 (Linux; Android 6.0.1; Nexus 5X Build/MMB29P) AppleWebKit/537.36 (KHTML, like Gecko) Chrome/41.0.2272.96 Mobile Safari/537.36 (compatible; Googlebot/2.1; +http://www.google.com/bot.html)"
157.55.39.84 - - [23/Apr/2018:00:22:31 +0200] "GET / HTTP/1.1" 200 2023 "-" "Mozilla/5.0 (compatible; bingbot/2.0; +http://www.bing.com/bingbot.htm)"
37.228.228.198 - - [23/Apr/2018:00:31:17 +0200] "GET /doc/b2_201203.jpg HTTP/1.1" 404 1181 "http://www.skyscrapercity.com/showthread.php?t=723100&page=14" "Mozilla/5.0 (Windows NT 10.0; Win64; x64) AppleWebKit/537.36 (KHTML, like Gecko) Chrome/52.0.2743.116 Safari/537.36 Edge/15.15063"
157.55.39.36 - - [23/Apr/2018:00:53:42 +0200] "GET /doc/A_kozlekedesmenedzsment_korszeru_eszkozei.pdf HTTP/1.1" 404 1181 "-" "Mozilla/5.0 (iPhone; CPU iPhone OS 7_0 like Mac OS X) AppleWebKit/537.51.1 (KHTML, like Gecko) Version/7.0 Mobile/11A465 Safari/9537.53 (compatible; bingbot/2.0; +http://www.bing.com/bingbot.htm)"
46.229.168.83 - - [23/Apr/2018:01:07:13 +0200] "GET /robots.txt HTTP/1.1" 404 1181 "-" "Mozilla/5.0 (compatible; SemrushBot/1.2~bl; +http://www.semrush.com/bot.html)"
157.55.39.84 - - [23/Apr/2018:01:14:40 +0200] "GET /doc/varos-videk_2009.pdf HTTP/1.1" 200 1636386 "-" "Mozilla/5.0 (iPhone; CPU iPhone OS 7_0 like Mac OS X) AppleWebKit/537.51.1 (KHTML, like Gecko) Version/7.0 Mobile/11A465 Safari/9537.53 (compatible; bingbot/2.0; +http://www.bing.com/bingbot.htm)"
66.249.64.131 - - [23/Apr/2018:01:14:46 +0200] "GET / HTTP/1.1" 200 2023 "-" "Mozilla/5.0 (compatible; Googlebot/2.1; +http://www.google.com/bot.html)"
34.203.229.66 - - [23/Apr/2018:01:16:20 +0200] "GET /robots.txt HTTP/1.1" 404 1181 "-" ""
34.203.229.66 - - [23/Apr/2018:01:16:20 +0200] "GET /ads.txt HTTP/1.1" 404 1181 "-" ""
207.46.13.203 - - [23/Apr/2018:01:44:48 +0200] "GET /robots.txt HTTP/1.1" 404 1181 "-" "Mozilla/5.0 (compatible; bingbot/2.0; +http://www.bing.com/bingbot.htm)"
157.55.39.84 - - [23/Apr/2018:01:44:53 +0200] "GET /doc/vasuttal-budapest-kornyeken.pdf HTTP/1.1" 404 1181 "-" "Mozilla/5.0 (iPhone; CPU iPhone OS 7_0 like Mac OS X) AppleWebKit/537.51.1 (KHTML, like Gecko) Version/7.0 Mobile/11A465 Safari/9537.53 (compatible; bingbot/2.0; +http://www.bing.com/bingbot.htm)"
157.55.39.183 - - [23/Apr/2018:02:28:32 +0200] "GET /doc/b2_2010.pdf HTTP/1.1" 404 1181 "-" "Mozilla/5.0 (iPhone; CPU iPhone OS 7_0 like Mac OS X) AppleWebKit/537.51.1 (KHTML, like Gecko) Version/7.0 Mobile/11A465 Safari/9537.53 (compatible; bingbot/2.0; +http://www.bing.com/bingbot.htm)"
157.55.39.84 - - [23/Apr/2018:03:40:58 +0200] "GET /hirlevel/Prezentacio_Partners%C3%A9g%20%20a%20jobb%20vas%C3%BAt%C3%A9rt.pdf HTTP/1.1" 404 1181 "-" "Mozilla/5.0 (iPhone; CPU iPhone OS 7_0 like Mac OS X) AppleWebKit/537.51.1 (KHTML, like Gecko) Version/7.0 Mobile/11A465 Safari/9537.53 (compatible; bingbot/2.0; +http://www.bing.com/bingbot.htm)"
46.4.100.132 - - [23/Apr/2018:05:17:18 +0200] "GET / HTTP/1.1" 200 2023 "-" "Mozilla/5.0 (compatible; MegaIndex.ru/2.0; +http://megaindex.com/crawler)"
46.4.100.132 - - [23/Apr/2018:05:17:20 +0200] "GET /robots.txt HTTP/1.1" 404 1181 "-" "Mozilla/5.0 (compatible; MegaIndex.ru/2.0; +http://megaindex.com/crawler)"
46.4.100.132 - - [23/Apr/2018:05:17:21 +0200] "GET /kikvagyunk2.htm HTTP/1.1" 200 17012 "-" "Mozilla/5.0 (compatible; MegaIndex.ru/2.0; +http://megaindex.com/crawler)"
46.4.100.132 - - [23/Apr/2018:05:17:22 +0200] "GET /projektek2.htm HTTP/1.1" 200 7634 "-" "Mozilla/5.0 (compatible; MegaIndex.ru/2.0; +http://megaindex.com/crawler)"
46.4.100.132 - - [23/Apr/2018:05:17:24 +0200] "GET /tagsag2.htm HTTP/1.1" 200 1335 "-" "Mozilla/5.0 (compatible; MegaIndex.ru/2.0; +http://megaindex.com/crawler)"
80.98.131.109 - - [23/Apr/2018:05:28:14 +0200] "GET /doc/hu_aps_positivbeispiele_aufl2_070622_klein.pdf HTTP/1.1" 200 2887217 "http://mkk.zpok.hu/doc/hu_aps_positivbeispiele_aufl2_070622_klein.pdf" "Mozilla/5.0 (Windows NT 10.0; Win64; x64) AppleWebKit/537.36 (KHTML, like Gecko) Chrome/66.0.3359.117 Safari/537.36"
80.98.131.109 - - [23/Apr/2018:05:28:46 +0200] "GET /doc/varos-videk_2009.pdf HTTP/1.1" 200 1636386 "http://mkk.zpok.hu/doc/varos-videk_2009.pdf" "Mozilla/5.0 (Windows NT 10.0; Win64; x64) AppleWebKit/537.36 (KHTML, like Gecko) Chrome/66.0.3359.117 Safari/537.36"
5.196.87.126 - - [23/Apr/2018:05:54:46 +0200] "GET /robots.txt HTTP/1.1" 404 1181 "-" "Mozilla/5.0 (compatible; AhrefsBot/5.2; +http://ahrefs.com/robot/)"
146.185.223.111 - - [23/Apr/2018:06:41:15 +0200] "GET /doc/osszefoglalo_070622.pdf HTTP/1.0" 404 1181 "http://www.mkk.zpok.hu/doc/osszefoglalo_070622.pdf" "Mozilla/5.0 (Windows NT 6.1; Win64; x64; rv:56.0) Gecko/20100101 Firefox/56.0"
146.185.223.111 - - [23/Apr/2018:06:41:15 +0200] "GET / HTTP/1.0" 200 2023 "http://www.mkk.zpok.hu/" "Mozilla/5.0 (Windows NT 6.1; Win64; x64; rv:56.0) Gecko/20100101 Firefox/56.0"
37.76.14.157 - - [23/Apr/2018:06:43:47 +0200] "GET /images/vasutterkep_n.jpg HTTP/1.1" 404 1181 "-" "Mozilla/5.0 (iPhone; CPU iPhone OS 11_3 like Mac OS X) AppleWebKit/605.1.15 (KHTML, like Gecko) Version/11.0 Mobile/15E148 Safari/604.1"
37.76.14.157 - - [23/Apr/2018:06:43:47 +0200] "GET /apple-touch-icon-120x120-precomposed.png HTTP/1.1" 404 1181 "-" "MobileSafari/604.1 CFNetwork/897.15 Darwin/17.5.0"
37.76.14.157 - - [23/Apr/2018:06:43:47 +0200] "GET /apple-touch-icon-120x120.png HTTP/1.1" 404 1181 "-" "MobileSafari/604.1 CFNetwork/897.15 Darwin/17.5.0"
37.76.14.157 - - [23/Apr/2018:06:43:47 +0200] "GET /apple-touch-icon-precomposed.png HTTP/1.1" 404 1181 "-" "MobileSafari/604.1 CFNetwork/897.15 Darwin/17.5.0"
37.76.14.157 - - [23/Apr/2018:06:43:47 +0200] "GET /apple-touch-icon.png HTTP/1.1" 404 1181 "-" "MobileSafari/604.1 CFNetwork/897.15 Darwin/17.5.0"
37.76.14.157 - - [23/Apr/2018:06:43:47 +0200] "GET /favicon.ico HTTP/1.1" 404 1181 "-" "MobileSafari/604.1 CFNetwork/897.15 Darwin/17.5.0"
37.76.14.157 - - [23/Apr/2018:06:43:48 +0200] "GET /apple-touch-icon-120x120-precomposed.png HTTP/1.1" 404 1181 "-" "MobileSafari/604.1 CFNetwork/897.15 Darwin/17.5.0"
37.76.14.157 - - [23/Apr/2018:06:43:48 +0200] "GET /apple-touch-icon-120x120.png HTTP/1.1" 404 1181 "-" "MobileSafari/604.1 CFNetwork/897.15 Darwin/17.5.0"
37.76.14.157 - - [23/Apr/2018:06:43:48 +0200] "GET /apple-touch-icon-precomposed.png HTTP/1.1" 404 1181 "-" "MobileSafari/604.1 CFNetwork/897.15 Darwin/17.5.0"
37.76.14.157 - - [23/Apr/2018:06:43:48 +0200] "GET /apple-touch-icon.png HTTP/1.1" 404 1181 "-" "MobileSafari/604.1 CFNetwork/897.15 Darwin/17.5.0"
37.76.14.157 - - [23/Apr/2018:06:43:48 +0200] "GET /favicon.ico HTTP/1.1" 404 1181 "-" "MobileSafari/604.1 CFNetwork/897.15 Darwin/17.5.0"
144.76.119.24 - - [23/Apr/2018:06:56:53 +0200] "GET /robots.txt HTTP/1.1" 404 1181 "-" "Mozilla/5.0 (compatible; MJ12bot/v1.4.8; http://mj12bot.com/)"
144.76.119.24 - - [23/Apr/2018:06:56:55 +0200] "GET / HTTP/1.1" 200 2023 "-" "Mozilla/5.0 (compatible; MJ12bot/v1.4.8; http://mj12bot.com/)"
180.76.15.31 - - [23/Apr/2018:07:57:53 +0200] "GET /doc/mkk_eger_tanulmany_2014.pdf HTTP/1.1" 200 589824 "-" "Mozilla/5.0 (compatible; Baiduspider/2.0; +http://www.baidu.com/search/spider.html)"
77.111.91.248 - - [23/Apr/2018:08:39:50 +0200] "GET / HTTP/1.1" 200 2023 "-" "Mozilla/5.0 (Windows NT 10.0; Win64; x64) AppleWebKit/537.36 (KHTML, like Gecko) Chrome/62.0.3202.94 Safari/537.36"
80.77.124.233 - - [23/Apr/2018:08:46:13 +0200] "GET / HTTP/1.1" 200 2023 "-" "Mozilla/5.0 (Windows NT 10.0; Win64; x64) AppleWebKit/537.36 (KHTML, like Gecko) Chrome/62.0.3202.94 Safari/537.36"
88.198.43.207 - - [23/Apr/2018:08:52:55 +0200] "GET /hirlevel/wp6_1006.pdf HTTP/1.1" 404 1181 "-" "Mozilla/5.0 (Windows NT 10.0; Win64; x64) AppleWebKit/537.36 (KHTML, like Gecko) Chrome/64.0.3282.119 Safari/537.36"
66.249.64.74 - - [23/Apr/2018:08:53:42 +0200] "GET /robots.txt HTTP/1.1" 404 1181 "-" "Mozilla/5.0 (compatible; Googlebot/2.1; +http://www.google.com/bot.html)"
66.249.64.78 - - [23/Apr/2018:08:53:42 +0200] "GET /favicon.ico HTTP/1.1" 404 1181 "-" "Googlebot-Image/1.0"
78.42.71.206 - - [23/Apr/2018:09:45:26 +0200] "GET /doc/b2_201203.jpg HTTP/1.1" 404 1181 "-" "Mozilla/5.0 (Macintosh; Intel Mac OS X 10_13_4) AppleWebKit/605.1.15 (KHTML, like Gecko)"
78.42.71.206 - - [23/Apr/2018:09:45:26 +0200] "GET /apple-touch-icon-precomposed.png HTTP/1.1" 404 1181 "-" "Safari/13605.1.33.1.2 CFNetwork/897.15 Darwin/17.5.0 (x86_64)"
78.42.71.206 - - [23/Apr/2018:09:45:26 +0200] "GET /apple-touch-icon.png HTTP/1.1" 404 1181 "-" "Safari/13605.1.33.1.2 CFNetwork/897.15 Darwin/17.5.0 (x86_64)"
78.42.71.206 - - [23/Apr/2018:09:45:27 +0200] "GET /favicon.ico HTTP/1.1" 404 1181 "-" "Safari/13605.1.33.1.2 CFNetwork/897.15 Darwin/17.5.0 (x86_64)"
78.42.71.206 - - [23/Apr/2018:09:45:27 +0200] "GET /apple-touch-icon-precomposed.png HTTP/1.1" 404 1181 "-" "Safari/13605.1.33.1.2 CFNetwork/897.15 Darwin/17.5.0 (x86_64)"
78.42.71.206 - - [23/Apr/2018:09:45:27 +0200] "GET /apple-touch-icon.png HTTP/1.1" 404 1181 "-" "Safari/13605.1.33.1.2 CFNetwork/897.15 Darwin/17.5.0 (x86_64)"
78.42.71.206 - - [23/Apr/2018:09:45:27 +0200] "GET /favicon.ico HTTP/1.1" 404 1181 "-" "Safari/13605.1.33.1.2 CFNetwork/897.15 Darwin/17.5.0 (x86_64)"
78.42.71.206 - - [23/Apr/2018:09:45:27 +0200] "GET /doc/b2_201203.jpg HTTP/1.1" 404 1181 "-" "\"Mozilla/5.0 (iPhone; CPU iPhone OS 11_0 like Mac OS X) AppleWebKit/604.1.38 (KHTML, like Gecko) Version/11.0 Mobile/15A372 Safari/604.1\""
78.42.71.206 - - [23/Apr/2018:09:45:27 +0200] "GET /apple-touch-icon-precomposed.png HTTP/1.1" 404 1181 "-" "Safari/13605.1.33.1.2 CFNetwork/897.15 Darwin/17.5.0 (x86_64)"
78.42.71.206 - - [23/Apr/2018:09:45:27 +0200] "GET /apple-touch-icon.png HTTP/1.1" 404 1181 "-" "Safari/13605.1.33.1.2 CFNetwork/897.15 Darwin/17.5.0 (x86_64)"
78.42.71.206 - - [23/Apr/2018:09:45:28 +0200] "GET /favicon.ico HTTP/1.1" 404 1181 "-" "Safari/13605.1.33.1.2 CFNetwork/897.15 Darwin/17.5.0 (x86_64)"
78.42.71.206 - - [23/Apr/2018:09:45:28 +0200] "GET /apple-touch-icon-precomposed.png HTTP/1.1" 404 1181 "-" "Safari/13605.1.33.1.2 CFNetwork/897.15 Darwin/17.5.0 (x86_64)"
78.42.71.206 - - [23/Apr/2018:09:45:28 +0200] "GET /apple-touch-icon.png HTTP/1.1" 404 1181 "-" "Safari/13605.1.33.1.2 CFNetwork/897.15 Darwin/17.5.0 (x86_64)"
78.42.71.206 - - [23/Apr/2018:09:45:28 +0200] "GET /favicon.ico HTTP/1.1" 404 1181 "-" "Safari/13605.1.33.1.2 CFNetwork/897.15 Darwin/17.5.0 (x86_64)"
195.201.94.141 - - [23/Apr/2018:09:54:39 +0200] "GET / HTTP/1.1" 200 2023 "-" "Go-http-client/1.1"
62.77.218.194 - - [23/Apr/2018:11:24:26 +0200] "GET /doc/mkk_eger_tanulmany_2014.pdf HTTP/1.1" 200 851104 "https://www.google.hu/" "Mozilla/5.0 (Linux; Android 5.1.1; SM-J320FN Build/LMY47V) AppleWebKit/537.36 (KHTML, like Gecko) Chrome/66.0.3359.106 Mobile Safari/537.36"
66.249.93.42 - - [23/Apr/2018:11:24:41 +0200] "GET / HTTP/1.1" 200 2023 "-" "Mozilla/5.0 (X11; Linux x86_64) AppleWebKit/537.36 (KHTML, like Gecko) Chrome/49.0.2623.75 Safari/537.36 Google Favicon"
66.249.93.44 - - [23/Apr/2018:11:24:41 +0200] "GET /favicon.ico HTTP/1.1" 404 1181 "-" "Mozilla/5.0 (X11; Linux x86_64) AppleWebKit/537.36 (KHTML, like Gecko) Chrome/49.0.2623.75 Safari/537.36 Google Favicon"
78.42.71.206 - - [23/Apr/2018:11:39:58 +0200] "GET /doc/b2_201203.jpg HTTP/1.1" 404 1181 "-" "Mozilla/5.0 (Macintosh; Intel Mac OS X 10_13_4) AppleWebKit/605.1.15 (KHTML, like Gecko)"
78.42.71.206 - - [23/Apr/2018:11:39:58 +0200] "GET /apple-touch-icon-precomposed.png HTTP/1.1" 404 1181 "-" "Safari/13605.1.33.1.2 CFNetwork/897.15 Darwin/17.5.0 (x86_64)"
78.42.71.206 - - [23/Apr/2018:11:39:58 +0200] "GET /apple-touch-icon.png HTTP/1.1" 404 1181 "-" "Safari/13605.1.33.1.2 CFNetwork/897.15 Darwin/17.5.0 (x86_64)"
78.42.71.206 - - [23/Apr/2018:11:39:58 +0200] "GET /favicon.ico HTTP/1.1" 404 1181 "-" "Safari/13605.1.33.1.2 CFNetwork/897.15 Darwin/17.5.0 (x86_64)"
78.42.71.206 - - [23/Apr/2018:11:39:58 +0200] "GET /apple-touch-icon-precomposed.png HTTP/1.1" 404 1181 "-" "Safari/13605.1.33.1.2 CFNetwork/897.15 Darwin/17.5.0 (x86_64)"
78.42.71.206 - - [23/Apr/2018:11:39:58 +0200] "GET /apple-touch-icon.png HTTP/1.1" 404 1181 "-" "Safari/13605.1.33.1.2 CFNetwork/897.15 Darwin/17.5.0 (x86_64)"
78.42.71.206 - - [23/Apr/2018:11:39:58 +0200] "GET /favicon.ico HTTP/1.1" 404 1181 "-" "Safari/13605.1.33.1.2 CFNetwork/897.15 Darwin/17.5.0 (x86_64)"
78.42.71.206 - - [23/Apr/2018:11:39:58 +0200] "GET /doc/b2_201203.jpg HTTP/1.1" 404 1181 "-" "\"Mozilla/5.0 (iPhone; CPU iPhone OS 11_0 like Mac OS X) AppleWebKit/604.1.38 (KHTML, like Gecko) Version/11.0 Mobile/15A372 Safari/604.1\""
78.42.71.206 - - [23/Apr/2018:11:39:58 +0200] "GET /apple-touch-icon-precomposed.png HTTP/1.1" 404 1181 "-" "Safari/13605.1.33.1.2 CFNetwork/897.15 Darwin/17.5.0 (x86_64)"
78.42.71.206 - - [23/Apr/2018:11:39:58 +0200] "GET /apple-touch-icon.png HTTP/1.1" 404 1181 "-" "Safari/13605.1.33.1.2 CFNetwork/897.15 Darwin/17.5.0 (x86_64)"
78.42.71.206 - - [23/Apr/2018:11:39:59 +0200] "GET /favicon.ico HTTP/1.1" 404 1181 "-" "Safari/13605.1.33.1.2 CFNetwork/897.15 Darwin/17.5.0 (x86_64)"
78.42.71.206 - - [23/Apr/2018:11:39:59 +0200] "GET /apple-touch-icon-precomposed.png HTTP/1.1" 404 1181 "-" "Safari/13605.1.33.1.2 CFNetwork/897.15 Darwin/17.5.0 (x86_64)"
78.42.71.206 - - [23/Apr/2018:11:39:59 +0200] "GET /apple-touch-icon.png HTTP/1.1" 404 1181 "-" "Safari/13605.1.33.1.2 CFNetwork/897.15 Darwin/17.5.0 (x86_64)"
78.42.71.206 - - [23/Apr/2018:11:39:59 +0200] "GET /favicon.ico HTTP/1.1" 404 1181 "-" "Safari/13605.1.33.1.2 CFNetwork/897.15 Darwin/17.5.0 (x86_64)"
66.249.81.106 - - [23/Apr/2018:13:01:57 +0200] "GET /favicon.ico HTTP/1.1" 404 1181 "-" "Mozilla/5.0 (Linux; Android 5.0; Lenovo A1000 Build/S100) AppleWebKit/537.36 (KHTML, like Gecko) Chrome/65.0.3325.109 Mobile Safari/537.36"
86.59.152.198 - - [23/Apr/2018:13:11:37 +0200] "GET /images/vasutterkep_n.jpg HTTP/1.1" 404 1181 "-" "Mozilla/5.0 (Macintosh; Intel Mac OS X 10_10_5) AppleWebKit/603.3.8 (KHTML, like Gecko) Version/10.1.2 Safari/603.3.8"
86.59.152.198 - - [23/Apr/2018:13:11:37 +0200] "GET /favicon.ico HTTP/1.1" 404 1181 "http://www.mkk.zpok.hu/images/vasutterkep_n.jpg" "Mozilla/5.0 (Macintosh; Intel Mac OS X 10_10_5) AppleWebKit/603.3.8 (KHTML, like Gecko) Version/10.1.2 Safari/603.3.8"
207.46.13.89 - - [23/Apr/2018:13:24:02 +0200] "GET /hirlevel/vonattal1004.htm HTTP/1.1" 404 1181 "-" "Mozilla/5.0 (compatible; bingbot/2.0; +http://www.bing.com/bingbot.htm)"
157.55.39.248 - - [23/Apr/2018:13:28:28 +0200] "GET /doc/alapsz03.pdf HTTP/1.1" 200 6009944 "-" "Mozilla/5.0 (iPhone; CPU iPhone OS 7_0 like Mac OS X) AppleWebKit/537.51.1 (KHTML, like Gecko) Version/7.0 Mobile/11A465 Safari/9537.53 (compatible; bingbot/2.0; +http://www.bing.com/bingbot.htm)"
207.46.13.89 - - [23/Apr/2018:13:28:59 +0200] "GET /robots.txt HTTP/1.1" 404 1181 "-" "Mozilla/5.0 (compatible; bingbot/2.0; +http://www.bing.com/bingbot.htm)"
199.30.24.145 - - [23/Apr/2018:14:30:05 +0200] "GET /doc/alapsz03.pdf HTTP/1.1" 200 4317184 "-" "Mozilla/5.0 (iPhone; CPU iPhone OS 7_0 like Mac OS X) AppleWebKit/537.51.1 (KHTML, like Gecko) Version/7.0 Mobile/11A465 Safari/9537.53 BingPreview/1.0b"
157.55.39.248 - - [23/Apr/2018:14:55:29 +0200] "GET /doc/hu_aps_positivbeispiele_aufl2_070622_klein.pdf HTTP/1.1" 200 2887217 "-" "Mozilla/5.0 (iPhone; CPU iPhone OS 7_0 like Mac OS X) AppleWebKit/537.51.1 (KHTML, like Gecko) Version/7.0 Mobile/11A465 Safari/9537.53 (compatible; bingbot/2.0; +http://www.bing.com/bingbot.htm)"
207.46.13.142 - - [23/Apr/2018:14:56:08 +0200] "GET /robots.txt HTTP/1.1" 404 1181 "-" "Mozilla/5.0 (compatible; bingbot/2.0; +http://www.bing.com/bingbot.htm)"
31.13.126.75 - - [23/Apr/2018:15:40:06 +0200] "GET / HTTP/1.1" 206 2023 "-" "facebookexternalhit/1.1 (+http://www.facebook.com/externalhit_uatext.php)"
157.55.39.248 - - [23/Apr/2018:17:06:02 +0200] "GET /hirlevel/vonattal1206.htm HTTP/1.1" 404 1181 "-" "Mozilla/5.0 (compatible; bingbot/2.0; +http://www.bing.com/bingbot.htm)"
185.180.72.10 - - [23/Apr/2018:17:36:18 +0200] "GET /hirlevel/vonattal1207.htm HTTP/1.1" 404 1181 "http://vasutallomasok.hu/allomas.php?az=toka" "Mozilla/5.0 (Windows NT 6.1; Win64; x64) AppleWebKit/537.36 (KHTML, like Gecko) Chrome/63.0.3239.132 Safari/537.36"
185.180.72.10 - - [23/Apr/2018:17:36:18 +0200] "GET /favicon.ico HTTP/1.1" 404 1181 "http://mkk.zpok.hu/hirlevel/vonattal1207.htm" "Mozilla/5.0 (Windows NT 6.1; Win64; x64) AppleWebKit/537.36 (KHTML, like Gecko) Chrome/63.0.3239.132 Safari/537.36"
5.196.87.126 - - [23/Apr/2018:17:55:11 +0200] "GET /robots.txt HTTP/1.1" 404 1181 "-" "Mozilla/5.0 (compatible; AhrefsBot/5.2; +http://ahrefs.com/robot/)"
51.15.80.69 - - [23/Apr/2018:17:59:38 +0200] "GET / HTTP/1.1" 200 2023 "-" "Go-http-client/1.1"
157.55.39.84 - - [23/Apr/2018:18:31:56 +0200] "GET / HTTP/1.1" 200 2023 "-" "Mozilla/5.0 (compatible; bingbot/2.0; +http://www.bing.com/bingbot.htm)"
91.83.51.90 - - [23/Apr/2018:19:42:56 +0200] "GET /doc/b2_2010.pdf HTTP/1.1" 404 1181 "https://de.m.wikipedia.org/" "Mozilla/5.0 (Linux; Android 7.0; SAMSUNG SM-T585 Build/NRD90M) AppleWebKit/537.36 (KHTML, like Gecko) SamsungBrowser/6.4 Chrome/56.0.2924.87 Safari/537.36"
91.83.51.90 - - [23/Apr/2018:19:42:56 +0200] "GET /favicon.ico HTTP/1.1" 404 1181 "http://mkk.zpok.hu/doc/b2_2010.pdf" "Mozilla/5.0 (Linux; Android 7.0; SAMSUNG SM-T585 Build/NRD90M) AppleWebKit/537.36 (KHTML, like Gecko) SamsungBrowser/6.4 Chrome/56.0.2924.87 Safari/537.36"
123.125.67.220 - - [23/Apr/2018:20:07:48 +0200] "GET /robots.txt HTTP/1.1" 404 1181 "-" "Mozilla/5.0 (Windows NT 10.0; WOW64) AppleWebKit/537.36 (KHTML, like Gecko) Chrome/45.0.2454.93 Safari/537.36"
66.249.64.131 - - [23/Apr/2018:21:19:32 +0200] "GET /robots.txt HTTP/1.1" 404 1181 "-" "Mozilla/5.0 (compatible; Googlebot/2.1; +http://www.google.com/bot.html)"
66.249.64.158 - - [23/Apr/2018:21:19:33 +0200] "GET /doc/recs_konf_1103.pdf HTTP/1.1" 404 1181 "-" "Googlebot/2.1 (+http://www.google.com/bot.html)"
157.55.39.248 - - [23/Apr/2018:21:31:57 +0200] "GET /doc/kerparoskozlekedes.pdf HTTP/1.1" 200 2540119 "-" "Mozilla/5.0 (iPhone; CPU iPhone OS 7_0 like Mac OS X) AppleWebKit/537.51.1 (KHTML, like Gecko) Version/7.0 Mobile/11A465 Safari/9537.53 (compatible; bingbot/2.0; +http://www.bing.com/bingbot.htm)"
80.77.124.233 - - [23/Apr/2018:23:22:52 +0200] "GET / HTTP/1.1" 200 2023 "-" "Mozilla/5.0 (Windows NT 10.0; Win64; x64) AppleWebKit/537.36 (KHTML, like Gecko) Chrome/62.0.3202.94 Safari/537.36"
77.111.91.248 - - [23/Apr/2018:23:29:17 +0200] "GET / HTTP/1.1" 200 2023 "-" "Mozilla/5.0 (Windows NT 10.0; Win64; x64) AppleWebKit/537.36 (KHTML, like Gecko) Chrome/62.0.3202.94 Safari/537.36"
207.244.149.108 - - [24/Apr/2018:00:24:45 +0200] "GET /wp-content/plugins/revslider/temp/update_extract/ HTTP/1.1" 404 1181 "http://www.mkk.zpok.hu/wp-content/plugins/revslider/temp/update_extract/" "Mozilla/5.0 (Windows NT 6.1; WOW64) AppleWebKit/537.36 (KHTML, like Gecko) Chrome/42.0.2311.152 Safari/537.36"
216.244.66.245 - - [24/Apr/2018:01:31:19 +0200] "GET /robots.txt HTTP/1.1" 404 1181 "-" "Mozilla/5.0 (compatible; DotBot/1.1; http://www.opensiteexplorer.org/dotbot, help@moz.com)"
216.244.66.245 - - [24/Apr/2018:01:39:54 +0200] "GET /doc/ecseri_ut.pdf HTTP/1.1" 404 1181 "-" "Mozilla/5.0 (compatible; DotBot/1.1; http://www.opensiteexplorer.org/dotbot, help@moz.com)"
157.55.39.28 - - [24/Apr/2018:01:55:51 +0200] "GET /robots.txt HTTP/1.1" 404 1181 "-" "Mozilla/5.0 (compatible; bingbot/2.0; +http://www.bing.com/bingbot.htm)"
40.77.167.62 - - [24/Apr/2018:01:55:57 +0200] "GET /doc/varos-videk_2009.pdf HTTP/1.1" 200 1636386 "-" "Mozilla/5.0 (compatible; bingbot/2.0; +http://www.bing.com/bingbot.htm)"
40.77.167.68 - - [24/Apr/2018:01:56:11 +0200] "GET /robots.txt HTTP/1.1" 404 1181 "-" "Mozilla/5.0 (compatible; bingbot/2.0; +http://www.bing.com/bingbot.htm)"
180.76.15.29 - - [24/Apr/2018:03:59:42 +0200] "GET /doc/kerparoskozlekedes.pdf HTTP/1.1" 200 622592 "-" "Mozilla/5.0 (compatible; Baiduspider/2.0; +http://www.baidu.com/search/spider.html)"
66.249.69.78 - - [24/Apr/2018:04:48:02 +0200] "GET /robots.txt HTTP/1.1" 404 1181 "-" "Mozilla/5.0 (compatible; Googlebot/2.1; +http://www.google.com/bot.html)"
66.249.69.76 - - [24/Apr/2018:04:48:02 +0200] "GET /favicon.ico HTTP/1.1" 404 1181 "-" "Googlebot-Image/1.0"
179.113.236.24 - - [24/Apr/2018:04:50:31 +0200] "GET /doc/b2_201203.jpg HTTP/1.1" 404 1181 "http://www.skyscrapercity.com/showthread.php?t=723100&page=14" "Mozilla/5.0 (Windows NT 6.3; Win64; x64) AppleWebKit/537.36 (KHTML, like Gecko) Chrome/66.0.3359.117 Safari/537.36"
157.55.39.28 - - [24/Apr/2018:04:56:14 +0200] "GET /robots.txt HTTP/1.1" 404 1181 "-" "Mozilla/5.0 (compatible; bingbot/2.0; +http://www.bing.com/bingbot.htm)"
157.55.39.230 - - [24/Apr/2018:04:56:26 +0200] "GET /doc/bevasar.pdf HTTP/1.1" 404 1181 "-" "Mozilla/5.0 (iPhone; CPU iPhone OS 7_0 like Mac OS X) AppleWebKit/537.51.1 (KHTML, like Gecko) Version/7.0 Mobile/11A465 Safari/9537.53 (compatible; bingbot/2.0; +http://www.bing.com/bingbot.htm)"
158.85.81.119 - - [24/Apr/2018:05:07:50 +0200] "GET / HTTP/1.1" 200 2023 "-" "-"
144.76.6.230 - - [24/Apr/2018:05:08:23 +0200] "GET /robots.txt HTTP/1.1" 404 1181 "-" "Mozilla/5.0 (compatible; MJ12bot/v1.4.8; http://mj12bot.com/)"
144.76.6.230 - - [24/Apr/2018:05:08:25 +0200] "GET / HTTP/1.1" 200 2023 "-" "Mozilla/5.0 (compatible; MJ12bot/v1.4.8; http://mj12bot.com/)"
66.249.69.192 - - [24/Apr/2018:05:19:28 +0200] "GET / HTTP/1.1" 200 2023 "-" "Mozilla/5.0 (compatible; Googlebot/2.1; +http://www.google.com/bot.html)"
220.181.108.161 - - [24/Apr/2018:05:47:31 +0200] "GET /doc/vasuttal-budapest-kornyeken.pdf HTTP/1.1" 404 1181 "-" "Mozilla/5.0 (compatible; Baiduspider/2.0; +http://www.baidu.com/search/spider.html)"
46.229.168.73 - - [24/Apr/2018:06:45:47 +0200] "GET /hirlevel/vonattal1107.htm HTTP/1.1" 404 1181 "-" "Mozilla/5.0 (compatible; SemrushBot/1.2~bl; +http://www.semrush.com/bot.html)"
46.229.168.75 - - [24/Apr/2018:06:46:02 +0200] "GET /hirlevel/vonattal1207.htm HTTP/1.1" 404 1181 "-" "Mozilla/5.0 (compatible; SemrushBot/1.2~bl; +http://www.semrush.com/bot.html)"
157.55.39.230 - - [24/Apr/2018:08:07:21 +0200] "GET /hirlevel/hatarmenten_201109.pdf HTTP/1.1" 404 1181 "-" "Mozilla/5.0 (iPhone; CPU iPhone OS 7_0 like Mac OS X) AppleWebKit/537.51.1 (KHTML, like Gecko) Version/7.0 Mobile/11A465 Safari/9537.53 (compatible; bingbot/2.0; +http://www.bing.com/bingbot.htm)"
216.244.66.246 - - [24/Apr/2018:08:45:15 +0200] "GET /robots.txt HTTP/1.1" 404 1181 "-" "Mozilla/5.0 (compatible; DotBot/1.1; http://www.opensiteexplorer.org/dotbot, help@moz.com)"
141.8.183.17 - - [24/Apr/2018:09:10:21 +0200] "GET /robots.txt HTTP/1.1" 404 1181 "-" "Mozilla/5.0 (compatible; YandexBot/3.0; +http://yandex.com/bots)"
141.8.183.17 - - [24/Apr/2018:09:10:21 +0200] "GET /robots.txt HTTP/1.1" 404 1181 "-" "Mozilla/5.0 (compatible; YandexBot/3.0; +http://yandex.com/bots)"
141.8.183.17 - - [24/Apr/2018:09:10:25 +0200] "GET / HTTP/1.1" 200 2023 "-" "Mozilla/5.0 (compatible; YandexBot/3.0; +http://yandex.com/bots)"
141.8.183.17 - - [24/Apr/2018:09:10:25 +0200] "GET / HTTP/1.1" 200 2023 "-" "Mozilla/5.0 (compatible; YandexBot/3.0; +http://yandex.com/bots)"
78.42.71.206 - - [24/Apr/2018:09:37:18 +0200] "GET /doc/b2_201203.jpg HTTP/1.1" 404 1181 "-" "Mozilla/5.0 (Macintosh; Intel Mac OS X 10_13_4) AppleWebKit/605.1.15 (KHTML, like Gecko)"
78.42.71.206 - - [24/Apr/2018:09:37:19 +0200] "GET /apple-touch-icon-precomposed.png HTTP/1.1" 404 1181 "-" "Safari/13605.1.33.1.2 CFNetwork/897.15 Darwin/17.5.0 (x86_64)"
78.42.71.206 - - [24/Apr/2018:09:37:19 +0200] "GET /apple-touch-icon.png HTTP/1.1" 404 1181 "-" "Safari/13605.1.33.1.2 CFNetwork/897.15 Darwin/17.5.0 (x86_64)"
78.42.71.206 - - [24/Apr/2018:09:37:20 +0200] "GET /favicon.ico HTTP/1.1" 404 1181 "-" "Safari/13605.1.33.1.2 CFNetwork/897.15 Darwin/17.5.0 (x86_64)"
78.42.71.206 - - [24/Apr/2018:09:37:20 +0200] "GET /apple-touch-icon-precomposed.png HTTP/1.1" 404 1181 "-" "Safari/13605.1.33.1.2 CFNetwork/897.15 Darwin/17.5.0 (x86_64)"
78.42.71.206 - - [24/Apr/2018:09:37:20 +0200] "GET /apple-touch-icon.png HTTP/1.1" 404 1181 "-" "Safari/13605.1.33.1.2 CFNetwork/897.15 Darwin/17.5.0 (x86_64)"
78.42.71.206 - - [24/Apr/2018:09:37:20 +0200] "GET /favicon.ico HTTP/1.1" 404 1181 "-" "Safari/13605.1.33.1.2 CFNetwork/897.15 Darwin/17.5.0 (x86_64)"
78.42.71.206 - - [24/Apr/2018:09:37:20 +0200] "GET /doc/b2_201203.jpg HTTP/1.1" 404 1181 "-" "\"Mozilla/5.0 (iPhone; CPU iPhone OS 11_0 like Mac OS X) AppleWebKit/604.1.38 (KHTML, like Gecko) Version/11.0 Mobile/15A372 Safari/604.1\""
78.42.71.206 - - [24/Apr/2018:09:37:20 +0200] "GET /apple-touch-icon-precomposed.png HTTP/1.1" 404 1181 "-" "Safari/13605.1.33.1.2 CFNetwork/897.15 Darwin/17.5.0 (x86_64)"
78.42.71.206 - - [24/Apr/2018:09:37:20 +0200] "GET /apple-touch-icon.png HTTP/1.1" 404 1181 "-" "Safari/13605.1.33.1.2 CFNetwork/897.15 Darwin/17.5.0 (x86_64)"
78.42.71.206 - - [24/Apr/2018:09:37:20 +0200] "GET /favicon.ico HTTP/1.1" 404 1181 "-" "Safari/13605.1.33.1.2 CFNetwork/897.15 Darwin/17.5.0 (x86_64)"
78.42.71.206 - - [24/Apr/2018:09:37:20 +0200] "GET /apple-touch-icon-precomposed.png HTTP/1.1" 404 1181 "-" "Safari/13605.1.33.1.2 CFNetwork/897.15 Darwin/17.5.0 (x86_64)"
78.42.71.206 - - [24/Apr/2018:09:37:20 +0200] "GET /apple-touch-icon.png HTTP/1.1" 404 1181 "-" "Safari/13605.1.33.1.2 CFNetwork/897.15 Darwin/17.5.0 (x86_64)"
78.42.71.206 - - [24/Apr/2018:09:37:20 +0200] "GET /favicon.ico HTTP/1.1" 404 1181 "-" "Safari/13605.1.33.1.2 CFNetwork/897.15 Darwin/17.5.0 (x86_64)"
23.237.4.26 - - [24/Apr/2018:10:34:58 +0200] "GET / HTTP/1.1" 200 2023 "-" "Mozilla/5.0 (compatible; AlphaBot/3.2; +http://alphaseobot.com/bot.html)"
216.244.66.246 - - [24/Apr/2018:10:45:41 +0200] "GET /tagsag2.htm HTTP/1.1" 200 1335 "-" "Mozilla/5.0 (compatible; DotBot/1.1; http://www.opensiteexplorer.org/dotbot, help@moz.com)"
35.192.136.35 - - [24/Apr/2018:10:59:00 +0200] "GET / HTTP/1.1" 200 2023 "-" "Mozilla/5.0 (X11; Linux i686 (x86_64)) AppleWebKit/537.36 (KHTML, like Gecko) Chrome/68.0.3406.0 Safari/537.36"
35.192.136.35 - - [24/Apr/2018:10:59:07 +0200] "GET /facebook-logo-preview.png HTTP/1.1" 200 3924 "http://mkk.zpok.hu/" "Mozilla/5.0 (X11; Linux i686 (x86_64)) AppleWebKit/537.36 (KHTML, like Gecko) Chrome/68.0.3406.0 Safari/537.36"
35.192.136.35 - - [24/Apr/2018:10:59:07 +0200] "GET /mkk_banner.png HTTP/1.1" 200 62097 "http://mkk.zpok.hu/" "Mozilla/5.0 (X11; Linux i686 (x86_64)) AppleWebKit/537.36 (KHTML, like Gecko) Chrome/68.0.3406.0 Safari/537.36"
35.192.136.35 - - [24/Apr/2018:10:59:07 +0200] "GET /blog.jpg HTTP/1.1" 200 29833 "http://mkk.zpok.hu/" "Mozilla/5.0 (X11; Linux i686 (x86_64)) AppleWebKit/537.36 (KHTML, like Gecko) Chrome/68.0.3406.0 Safari/537.36"
78.42.71.206 - - [24/Apr/2018:11:11:03 +0200] "GET /doc/b2_201203.jpg HTTP/1.1" 404 1181 "-" "Mozilla/5.0 (Macintosh; Intel Mac OS X 10_13_4) AppleWebKit/605.1.15 (KHTML, like Gecko)"
78.42.71.206 - - [24/Apr/2018:11:11:04 +0200] "GET /apple-touch-icon-precomposed.png HTTP/1.1" 404 1181 "-" "Safari/13605.1.33.1.2 CFNetwork/897.15 Darwin/17.5.0 (x86_64)"
78.42.71.206 - - [24/Apr/2018:11:11:04 +0200] "GET /apple-touch-icon.png HTTP/1.1" 404 1181 "-" "Safari/13605.1.33.1.2 CFNetwork/897.15 Darwin/17.5.0 (x86_64)"
78.42.71.206 - - [24/Apr/2018:11:11:04 +0200] "GET /favicon.ico HTTP/1.1" 404 1181 "-" "Safari/13605.1.33.1.2 CFNetwork/897.15 Darwin/17.5.0 (x86_64)"
78.42.71.206 - - [24/Apr/2018:11:11:04 +0200] "GET /apple-touch-icon-precomposed.png HTTP/1.1" 404 1181 "-" "Safari/13605.1.33.1.2 CFNetwork/897.15 Darwin/17.5.0 (x86_64)"
78.42.71.206 - - [24/Apr/2018:11:11:04 +0200] "GET /apple-touch-icon.png HTTP/1.1" 404 1181 "-" "Safari/13605.1.33.1.2 CFNetwork/897.15 Darwin/17.5.0 (x86_64)"
78.42.71.206 - - [24/Apr/2018:11:11:04 +0200] "GET /favicon.ico HTTP/1.1" 404 1181 "-" "Safari/13605.1.33.1.2 CFNetwork/897.15 Darwin/17.5.0 (x86_64)"
78.42.71.206 - - [24/Apr/2018:11:11:05 +0200] "GET /doc/b2_201203.jpg HTTP/1.1" 404 1181 "-" "\"Mozilla/5.0 (iPhone; CPU iPhone OS 11_0 like Mac OS X) AppleWebKit/604.1.38 (KHTML, like Gecko) Version/11.0 Mobile/15A372 Safari/604.1\""
78.42.71.206 - - [24/Apr/2018:11:11:05 +0200] "GET /apple-touch-icon-precomposed.png HTTP/1.1" 404 1181 "-" "Safari/13605.1.33.1.2 CFNetwork/897.15 Darwin/17.5.0 (x86_64)"
78.42.71.206 - - [24/Apr/2018:11:11:05 +0200] "GET /apple-touch-icon.png HTTP/1.1" 404 1181 "-" "Safari/13605.1.33.1.2 CFNetwork/897.15 Darwin/17.5.0 (x86_64)"
78.42.71.206 - - [24/Apr/2018:11:11:06 +0200] "GET /favicon.ico HTTP/1.1" 404 1181 "-" "Safari/13605.1.33.1.2 CFNetwork/897.15 Darwin/17.5.0 (x86_64)"
78.42.71.206 - - [24/Apr/2018:11:11:07 +0200] "GET /apple-touch-icon-precomposed.png HTTP/1.1" 404 1181 "-" "Safari/13605.1.33.1.2 CFNetwork/897.15 Darwin/17.5.0 (x86_64)"
78.42.71.206 - - [24/Apr/2018:11:11:07 +0200] "GET /apple-touch-icon.png HTTP/1.1" 404 1181 "-" "Safari/13605.1.33.1.2 CFNetwork/897.15 Darwin/17.5.0 (x86_64)"
78.42.71.206 - - [24/Apr/2018:11:11:07 +0200] "GET /favicon.ico HTTP/1.1" 404 1181 "-" "Safari/13605.1.33.1.2 CFNetwork/897.15 Darwin/17.5.0 (x86_64)"
51.15.80.69 - - [24/Apr/2018:11:23:00 +0200] "GET / HTTP/1.1" 200 2023 "-" "Go-http-client/1.1"
157.55.39.223 - - [24/Apr/2018:11:29:59 +0200] "GET /doc/meszaros_peter.ppt HTTP/1.1" 404 1181 "-" "Mozilla/5.0 (iPhone; CPU iPhone OS 7_0 like Mac OS X) AppleWebKit/537.51.1 (KHTML, like Gecko) Version/7.0 Mobile/11A465 Safari/9537.53 (compatible; bingbot/2.0; +http://www.bing.com/bingbot.htm)"
207.244.149.108 - - [24/Apr/2018:12:11:50 +0200] "GET /wp-content/plugins/revslider/temp/update_extract/ HTTP/1.1" 404 1181 "http://mkk.zpok.hu/wp-content/plugins/revslider/temp/update_extract/" "Mozilla/5.0 (Windows NT 6.1; WOW64) AppleWebKit/537.36 (KHTML, like Gecko) Chrome/42.0.2311.152 Safari/537.36"
216.244.66.245 - - [24/Apr/2018:12:18:18 +0200] "GET /robots.txt HTTP/1.1" 404 1181 "-" "Mozilla/5.0 (compatible; DotBot/1.1; http://www.opensiteexplorer.org/dotbot, help@moz.com)"
216.244.66.245 - - [24/Apr/2018:12:28:08 +0200] "GET /doc/b2_201203.jpg HTTP/1.1" 404 1181 "-" "Mozilla/5.0 (compatible; DotBot/1.1; http://www.opensiteexplorer.org/dotbot, help@moz.com)"
66.249.93.46 - - [24/Apr/2018:12:43:51 +0200] "GET /favicon.ico HTTP/1.1" 404 1181 "http://www.mkk.zpok.hu/" "Mozilla/5.0 (Linux; Android 5.0; Lenovo A1000 Build/S100) AppleWebKit/537.36 (KHTML, like Gecko) Chrome/65.0.3325.109 Mobile Safari/537.36"
77.111.91.248 - - [24/Apr/2018:12:57:03 +0200] "GET / HTTP/1.1" 200 2023 "-" "Mozilla/5.0 (Windows NT 10.0; Win64; x64) AppleWebKit/537.36 (KHTML, like Gecko) Chrome/62.0.3202.94 Safari/537.36"
80.77.124.233 - - [24/Apr/2018:13:03:37 +0200] "GET / HTTP/1.1" 200 2023 "-" "Mozilla/5.0 (Windows NT 10.0; Win64; x64) AppleWebKit/537.36 (KHTML, like Gecko) Chrome/62.0.3202.94 Safari/537.36"
66.249.69.76 - - [24/Apr/2018:13:32:01 +0200] "GET /favicon.ico HTTP/1.1" 404 1181 "-" "Googlebot-Image/1.0"
5.196.87.126 - - [24/Apr/2018:15:19:05 +0200] "GET /robots.txt HTTP/1.1" 404 1181 "-" "Mozilla/5.0 (compatible; AhrefsBot/5.2; +http://ahrefs.com/robot/)"
194.218.146.228 - - [24/Apr/2018:15:27:44 +0200] "GET / HTTP/1.1" 200 2023 "-" "Mozilla/5.0 (Windows NT 10.0; Win64; x64) AppleWebKit/537.36 (KHTML, like Gecko) Chrome/65.0.3325.181 Safari/537.36"
194.218.146.228 - - [24/Apr/2018:15:27:44 +0200] "GET /blog.jpg HTTP/1.1" 200 29833 "http://www.mkk.zpok.hu/" "Mozilla/5.0 (Windows NT 10.0; Win64; x64) AppleWebKit/537.36 (KHTML, like Gecko) Chrome/65.0.3325.181 Safari/537.36"
194.218.146.228 - - [24/Apr/2018:15:27:44 +0200] "GET /facebook-logo-preview.png HTTP/1.1" 200 3924 "http://www.mkk.zpok.hu/" "Mozilla/5.0 (Windows NT 10.0; Win64; x64) AppleWebKit/537.36 (KHTML, like Gecko) Chrome/65.0.3325.181 Safari/537.36"
194.218.146.228 - - [24/Apr/2018:15:27:44 +0200] "GET /mkk_banner.png HTTP/1.1" 200 62097 "http://www.mkk.zpok.hu/" "Mozilla/5.0 (Windows NT 10.0; Win64; x64) AppleWebKit/537.36 (KHTML, like Gecko) Chrome/65.0.3325.181 Safari/537.36"
194.218.146.228 - - [24/Apr/2018:15:27:46 +0200] "GET /favicon.ico HTTP/1.1" 404 1181 "http://www.mkk.zpok.hu/" "Mozilla/5.0 (Windows NT 10.0; Win64; x64) AppleWebKit/537.36 (KHTML, like Gecko) Chrome/65.0.3325.181 Safari/537.36"
194.218.146.228 - - [24/Apr/2018:15:28:07 +0200] "GET /kikvagyunk2.htm HTTP/1.1" 200 17012 "http://www.mkk.zpok.hu/" "Mozilla/5.0 (Windows NT 10.0; Win64; x64) AppleWebKit/537.36 (KHTML, like Gecko) Chrome/65.0.3325.181 Safari/537.36"
194.218.146.228 - - [24/Apr/2018:15:28:08 +0200] "GET /icons/icons_k/2.png HTTP/1.1" 200 8020 "http://www.mkk.zpok.hu/kikvagyunk2.htm" "Mozilla/5.0 (Windows NT 10.0; Win64; x64) AppleWebKit/537.36 (KHTML, like Gecko) Chrome/65.0.3325.181 Safari/537.36"
194.218.146.228 - - [24/Apr/2018:15:28:08 +0200] "GET /icons/icons_k/3.png HTTP/1.1" 200 5625 "http://www.mkk.zpok.hu/kikvagyunk2.htm" "Mozilla/5.0 (Windows NT 10.0; Win64; x64) AppleWebKit/537.36 (KHTML, like Gecko) Chrome/65.0.3325.181 Safari/537.36"
194.218.146.228 - - [24/Apr/2018:15:28:08 +0200] "GET /icons/icons_k/4.png HTTP/1.1" 200 5935 "http://www.mkk.zpok.hu/kikvagyunk2.htm" "Mozilla/5.0 (Windows NT 10.0; Win64; x64) AppleWebKit/537.36 (KHTML, like Gecko) Chrome/65.0.3325.181 Safari/537.36"
194.218.146.228 - - [24/Apr/2018:15:28:08 +0200] "GET /icons/icons_k/1.png HTTP/1.1" 200 7684 "http://www.mkk.zpok.hu/kikvagyunk2.htm" "Mozilla/5.0 (Windows NT 10.0; Win64; x64) AppleWebKit/537.36 (KHTML, like Gecko) Chrome/65.0.3325.181 Safari/537.36"
194.218.146.228 - - [24/Apr/2018:15:28:08 +0200] "GET /icons/icons_k/5.png HTTP/1.1" 200 5410 "http://www.mkk.zpok.hu/kikvagyunk2.htm" "Mozilla/5.0 (Windows NT 10.0; Win64; x64) AppleWebKit/537.36 (KHTML, like Gecko) Chrome/65.0.3325.181 Safari/537.36"
194.218.146.228 - - [24/Apr/2018:15:28:08 +0200] "GET /icons/icons_k/6.png HTTP/1.1" 200 4270 "http://www.mkk.zpok.hu/kikvagyunk2.htm" "Mozilla/5.0 (Windows NT 10.0; Win64; x64) AppleWebKit/537.36 (KHTML, like Gecko) Chrome/65.0.3325.181 Safari/537.36"
194.218.146.228 - - [24/Apr/2018:15:28:08 +0200] "GET /icons/icons_k/mpeter.png HTTP/1.1" 200 28939 "http://www.mkk.zpok.hu/kikvagyunk2.htm" "Mozilla/5.0 (Windows NT 10.0; Win64; x64) AppleWebKit/537.36 (KHTML, like Gecko) Chrome/65.0.3325.181 Safari/537.36"
194.218.146.228 - - [24/Apr/2018:15:28:08 +0200] "GET /kikvag1.jpg HTTP/1.1" 200 9565 "http://www.mkk.zpok.hu/kikvagyunk2.htm" "Mozilla/5.0 (Windows NT 10.0; Win64; x64) AppleWebKit/537.36 (KHTML, like Gecko) Chrome/65.0.3325.181 Safari/537.36"
194.218.146.228 - - [24/Apr/2018:15:28:08 +0200] "GET /pdf.png HTTP/1.1" 200 133123 "http://www.mkk.zpok.hu/kikvagyunk2.htm" "Mozilla/5.0 (Windows NT 10.0; Win64; x64) AppleWebKit/537.36 (KHTML, like Gecko) Chrome/65.0.3325.181 Safari/537.36"
37.76.15.114 - - [24/Apr/2018:15:36:53 +0200] "GET /images/vasutterkep_n.jpg HTTP/1.1" 404 1181 "-" "Mozilla/5.0 (iPhone; CPU iPhone OS 11_3 like Mac OS X) AppleWebKit/605.1.15 (KHTML, like Gecko) Version/11.0 Mobile/15E148 Safari/604.1"
37.76.15.114 - - [24/Apr/2018:15:36:53 +0200] "GET /apple-touch-icon-120x120-precomposed.png HTTP/1.1" 404 1181 "-" "MobileSafari/604.1 CFNetwork/897.15 Darwin/17.5.0"
37.76.15.114 - - [24/Apr/2018:15:36:53 +0200] "GET /apple-touch-icon-120x120.png HTTP/1.1" 404 1181 "-" "MobileSafari/604.1 CFNetwork/897.15 Darwin/17.5.0"
37.76.15.114 - - [24/Apr/2018:15:36:53 +0200] "GET /apple-touch-icon-precomposed.png HTTP/1.1" 404 1181 "-" "MobileSafari/604.1 CFNetwork/897.15 Darwin/17.5.0"
37.76.15.114 - - [24/Apr/2018:15:36:53 +0200] "GET /apple-touch-icon.png HTTP/1.1" 404 1181 "-" "MobileSafari/604.1 CFNetwork/897.15 Darwin/17.5.0"
37.76.15.114 - - [24/Apr/2018:15:36:53 +0200] "GET /favicon.ico HTTP/1.1" 404 1181 "-" "MobileSafari/604.1 CFNetwork/897.15 Darwin/17.5.0"
37.76.15.114 - - [24/Apr/2018:15:36:54 +0200] "GET /apple-touch-icon-120x120-precomposed.png HTTP/1.1" 404 1181 "-" "MobileSafari/604.1 CFNetwork/897.15 Darwin/17.5.0"
37.76.15.114 - - [24/Apr/2018:15:36:54 +0200] "GET /apple-touch-icon-120x120.png HTTP/1.1" 404 1181 "-" "MobileSafari/604.1 CFNetwork/897.15 Darwin/17.5.0"
37.76.15.114 - - [24/Apr/2018:15:36:54 +0200] "GET /apple-touch-icon-precomposed.png HTTP/1.1" 404 1181 "-" "MobileSafari/604.1 CFNetwork/897.15 Darwin/17.5.0"
37.76.15.114 - - [24/Apr/2018:15:36:54 +0200] "GET /apple-touch-icon.png HTTP/1.1" 404 1181 "-" "MobileSafari/604.1 CFNetwork/897.15 Darwin/17.5.0"
37.76.15.114 - - [24/Apr/2018:15:36:54 +0200] "GET /favicon.ico HTTP/1.1" 404 1181 "-" "MobileSafari/604.1 CFNetwork/897.15 Darwin/17.5.0"
78.42.71.206 - - [24/Apr/2018:15:59:27 +0200] "GET /doc/b2_201203.jpg HTTP/1.1" 404 1181 "-" "Mozilla/5.0 (Macintosh; Intel Mac OS X 10_13_4) AppleWebKit/605.1.15 (KHTML, like Gecko)"
78.42.71.206 - - [24/Apr/2018:15:59:27 +0200] "GET /apple-touch-icon-precomposed.png HTTP/1.1" 404 1181 "-" "Safari/13605.1.33.1.2 CFNetwork/897.15 Darwin/17.5.0 (x86_64)"
78.42.71.206 - - [24/Apr/2018:15:59:27 +0200] "GET /apple-touch-icon.png HTTP/1.1" 404 1181 "-" "Safari/13605.1.33.1.2 CFNetwork/897.15 Darwin/17.5.0 (x86_64)"
78.42.71.206 - - [24/Apr/2018:15:59:28 +0200] "GET /favicon.ico HTTP/1.1" 404 1181 "-" "Safari/13605.1.33.1.2 CFNetwork/897.15 Darwin/17.5.0 (x86_64)"
78.42.71.206 - - [24/Apr/2018:15:59:28 +0200] "GET /apple-touch-icon-precomposed.png HTTP/1.1" 404 1181 "-" "Safari/13605.1.33.1.2 CFNetwork/897.15 Darwin/17.5.0 (x86_64)"
78.42.71.206 - - [24/Apr/2018:15:59:28 +0200] "GET /apple-touch-icon.png HTTP/1.1" 404 1181 "-" "Safari/13605.1.33.1.2 CFNetwork/897.15 Darwin/17.5.0 (x86_64)"
78.42.71.206 - - [24/Apr/2018:15:59:28 +0200] "GET /favicon.ico HTTP/1.1" 404 1181 "-" "Safari/13605.1.33.1.2 CFNetwork/897.15 Darwin/17.5.0 (x86_64)"
78.42.71.206 - - [24/Apr/2018:15:59:28 +0200] "GET /doc/b2_201203.jpg HTTP/1.1" 404 1181 "-" "\"Mozilla/5.0 (iPhone; CPU iPhone OS 11_0 like Mac OS X) AppleWebKit/604.1.38 (KHTML, like Gecko) Version/11.0 Mobile/15A372 Safari/604.1\""
78.42.71.206 - - [24/Apr/2018:15:59:28 +0200] "GET /apple-touch-icon-precomposed.png HTTP/1.1" 404 1181 "-" "Safari/13605.1.33.1.2 CFNetwork/897.15 Darwin/17.5.0 (x86_64)"
78.42.71.206 - - [24/Apr/2018:15:59:28 +0200] "GET /apple-touch-icon.png HTTP/1.1" 404 1181 "-" "Safari/13605.1.33.1.2 CFNetwork/897.15 Darwin/17.5.0 (x86_64)"
78.42.71.206 - - [24/Apr/2018:15:59:28 +0200] "GET /favicon.ico HTTP/1.1" 404 1181 "-" "Safari/13605.1.33.1.2 CFNetwork/897.15 Darwin/17.5.0 (x86_64)"
78.42.71.206 - - [24/Apr/2018:15:59:28 +0200] "GET /apple-touch-icon-precomposed.png HTTP/1.1" 404 1181 "-" "Safari/13605.1.33.1.2 CFNetwork/897.15 Darwin/17.5.0 (x86_64)"
78.42.71.206 - - [24/Apr/2018:15:59:29 +0200] "GET /apple-touch-icon.png HTTP/1.1" 404 1181 "-" "Safari/13605.1.33.1.2 CFNetwork/897.15 Darwin/17.5.0 (x86_64)"
78.42.71.206 - - [24/Apr/2018:15:59:29 +0200] "GET /favicon.ico HTTP/1.1" 404 1181 "-" "Safari/13605.1.33.1.2 CFNetwork/897.15 Darwin/17.5.0 (x86_64)"
91.200.12.98 - - [24/Apr/2018:16:08:33 +0200] "GET /wp-content/plugins/estatik/readme.txt HTTP/1.1" 404 1181 "http://www.mkk.zpok.hu/wp-content/plugins/estatik/readme.txt" "Mozilla/5.0 (Windows NT 6.1; WOW64) AppleWebKit/537.36 (KHTML, like Gecko) Chrome/42.0.2311.152 Safari/537.36"
54.36.148.251 - - [24/Apr/2018:16:46:51 +0200] "GET /hirlevel/vonattal1409.html HTTP/1.1" 404 1181 "-" "Mozilla/5.0 (compatible; AhrefsBot/5.2; +http://ahrefs.com/robot/)"
66.249.93.46 - - [24/Apr/2018:16:57:25 +0200] "GET /favicon.ico HTTP/1.1" 404 1181 "http://www.mkk.zpok.hu/" "Mozilla/5.0 (Linux; Android 5.0; Lenovo A1000 Build/S100) AppleWebKit/537.36 (KHTML, like Gecko) Chrome/65.0.3325.109 Mobile Safari/537.36"
176.77.128.41 - - [24/Apr/2018:17:06:49 +0200] "GET /doc/mkk_eger_tanulmany_2014.pdf HTTP/1.1" 200 851104 "https://www.google.com/" "Mozilla/5.0 (iPhone; CPU iPhone OS 10_3_3 like Mac OS X) AppleWebKit/603.3.8 (KHTML, like Gecko) Version/10.0 Mobile/14G60 Safari/602.1"
40.77.167.112 - - [24/Apr/2018:17:20:43 +0200] "GET /doc/varos-videk.vasut_2009.pdf HTTP/1.1" 404 1181 "-" "Mozilla/5.0 (iPhone; CPU iPhone OS 7_0 like Mac OS X) AppleWebKit/537.51.1 (KHTML, like Gecko) Version/7.0 Mobile/11A465 Safari/9537.53 (compatible; bingbot/2.0; +http://www.bing.com/bingbot.htm)"
66.249.69.78 - - [24/Apr/2018:17:31:24 +0200] "GET /robots.txt HTTP/1.1" 404 1181 "-" "Mozilla/5.0 (compatible; Googlebot/2.1; +http://www.google.com/bot.html)"
66.249.69.78 - - [24/Apr/2018:17:31:25 +0200] "GET / HTTP/1.1" 200 2023 "-" "Mozilla/5.0 (Linux; Android 6.0.1; Nexus 5X Build/MMB29P) AppleWebKit/537.36 (KHTML, like Gecko) Chrome/41.0.2272.96 Mobile Safari/537.36 (compatible; Googlebot/2.1; +http://www.google.com/bot.html)"
78.42.71.206 - - [24/Apr/2018:17:35:20 +0200] "GET /doc/b2_201203.jpg HTTP/1.1" 404 1181 "-" "Mozilla/5.0 (Macintosh; Intel Mac OS X 10_13_4) AppleWebKit/605.1.15 (KHTML, like Gecko)"
78.42.71.206 - - [24/Apr/2018:17:35:21 +0200] "GET /apple-touch-icon-precomposed.png HTTP/1.1" 404 1181 "-" "Safari/13605.1.33.1.2 CFNetwork/897.15 Darwin/17.5.0 (x86_64)"
78.42.71.206 - - [24/Apr/2018:17:35:21 +0200] "GET /apple-touch-icon.png HTTP/1.1" 404 1181 "-" "Safari/13605.1.33.1.2 CFNetwork/897.15 Darwin/17.5.0 (x86_64)"
78.42.71.206 - - [24/Apr/2018:17:35:21 +0200] "GET /favicon.ico HTTP/1.1" 404 1181 "-" "Safari/13605.1.33.1.2 CFNetwork/897.15 Darwin/17.5.0 (x86_64)"
78.42.71.206 - - [24/Apr/2018:17:35:21 +0200] "GET /apple-touch-icon-precomposed.png HTTP/1.1" 404 1181 "-" "Safari/13605.1.33.1.2 CFNetwork/897.15 Darwin/17.5.0 (x86_64)"
78.42.71.206 - - [24/Apr/2018:17:35:21 +0200] "GET /apple-touch-icon.png HTTP/1.1" 404 1181 "-" "Safari/13605.1.33.1.2 CFNetwork/897.15 Darwin/17.5.0 (x86_64)"
78.42.71.206 - - [24/Apr/2018:17:35:21 +0200] "GET /favicon.ico HTTP/1.1" 404 1181 "-" "Safari/13605.1.33.1.2 CFNetwork/897.15 Darwin/17.5.0 (x86_64)"
78.42.71.206 - - [24/Apr/2018:17:35:21 +0200] "GET /doc/b2_201203.jpg HTTP/1.1" 404 1181 "-" "\"Mozilla/5.0 (iPhone; CPU iPhone OS 11_0 like Mac OS X) AppleWebKit/604.1.38 (KHTML, like Gecko) Version/11.0 Mobile/15A372 Safari/604.1\""
78.42.71.206 - - [24/Apr/2018:17:35:21 +0200] "GET /apple-touch-icon-precomposed.png HTTP/1.1" 404 1181 "-" "Safari/13605.1.33.1.2 CFNetwork/897.15 Darwin/17.5.0 (x86_64)"
78.42.71.206 - - [24/Apr/2018:17:35:21 +0200] "GET /apple-touch-icon.png HTTP/1.1" 404 1181 "-" "Safari/13605.1.33.1.2 CFNetwork/897.15 Darwin/17.5.0 (x86_64)"
78.42.71.206 - - [24/Apr/2018:17:35:21 +0200] "GET /favicon.ico HTTP/1.1" 404 1181 "-" "Safari/13605.1.33.1.2 CFNetwork/897.15 Darwin/17.5.0 (x86_64)"
78.42.71.206 - - [24/Apr/2018:17:35:21 +0200] "GET /apple-touch-icon-precomposed.png HTTP/1.1" 404 1181 "-" "Safari/13605.1.33.1.2 CFNetwork/897.15 Darwin/17.5.0 (x86_64)"
78.42.71.206 - - [24/Apr/2018:17:35:21 +0200] "GET /apple-touch-icon.png HTTP/1.1" 404 1181 "-" "Safari/13605.1.33.1.2 CFNetwork/897.15 Darwin/17.5.0 (x86_64)"
78.42.71.206 - - [24/Apr/2018:17:35:21 +0200] "GET /favicon.ico HTTP/1.1" 404 1181 "-" "Safari/13605.1.33.1.2 CFNetwork/897.15 Darwin/17.5.0 (x86_64)"
40.77.167.210 - - [24/Apr/2018:17:35:34 +0200] "GET /doc/alapsz03.pdf HTTP/1.1" 200 6009944 "-" "Mozilla/5.0 (iPhone; CPU iPhone OS 7_0 like Mac OS X) AppleWebKit/537.51.1 (KHTML, like Gecko) Version/7.0 Mobile/11A465 Safari/9537.53 (compatible; bingbot/2.0; +http://www.bing.com/bingbot.htm)"
40.77.167.112 - - [24/Apr/2018:17:35:49 +0200] "GET /robots.txt HTTP/1.1" 404 1181 "-" "Mozilla/5.0 (compatible; bingbot/2.0; +http://www.bing.com/bingbot.htm)"
157.55.39.216 - - [24/Apr/2018:18:12:58 +0200] "GET /doc/westtakt_final_20160405.pdf HTTP/1.1" 200 633098 "-" "Mozilla/5.0 (iPhone; CPU iPhone OS 7_0 like Mac OS X) AppleWebKit/537.51.1 (KHTML, like Gecko) Version/7.0 Mobile/11A465 Safari/9537.53 (compatible; bingbot/2.0; +http://www.bing.com/bingbot.htm)"
46.229.168.85 - - [24/Apr/2018:18:25:59 +0200] "GET /robots.txt HTTP/1.1" 404 1181 "-" "Mozilla/5.0 (compatible; SemrushBot/1.2~bl; +http://www.semrush.com/bot.html)"
131.253.27.114 - - [24/Apr/2018:18:37:08 +0200] "GET /doc/alapsz03.pdf HTTP/1.1" 200 4308992 "-" "Mozilla/5.0 (iPhone; CPU iPhone OS 7_0 like Mac OS X) AppleWebKit/537.51.1 (KHTML, like Gecko) Version/7.0 Mobile/11A465 Safari/9537.53 BingPreview/1.0b"
176.63.17.71 - - [24/Apr/2018:18:44:34 +0200] "GET /blog.jpg HTTP/1.1" 200 29833 "http://www.mkk.zpok.hu/" "Mozilla/5.0 (Linux; Android 7.1.1; SM-J510FN Build/NMF26X) AppleWebKit/537.36 (KHTML, like Gecko) Chrome/65.0.3325.109 Mobile Safari/537.36"
176.63.17.71 - - [24/Apr/2018:18:44:34 +0200] "GET /mkk_banner.png HTTP/1.1" 200 62097 "http://www.mkk.zpok.hu/" "Mozilla/5.0 (Linux; Android 7.1.1; SM-J510FN Build/NMF26X) AppleWebKit/537.36 (KHTML, like Gecko) Chrome/65.0.3325.109 Mobile Safari/537.36"
176.63.17.71 - - [24/Apr/2018:18:44:40 +0200] "GET /favicon.ico HTTP/1.1" 404 1181 "http://www.mkk.zpok.hu/" "Mozilla/5.0 (Linux; Android 7.1.1; SM-J510FN Build/NMF26X) AppleWebKit/537.36 (KHTML, like Gecko) Chrome/65.0.3325.109 Mobile Safari/537.36"
136.243.89.157 - - [24/Apr/2018:19:15:29 +0200] "GET /robots.txt HTTP/1.0" 404 1181 "-" "Mozilla/5.0 (compatible; SEOkicks-Robot; +http://www.seokicks.de/robot.html)"
136.243.89.157 - - [24/Apr/2018:19:15:31 +0200] "GET / HTTP/1.0" 200 2023 "-" "Mozilla/5.0 (compatible; SEOkicks-Robot; +http://www.seokicks.de/robot.html)"
136.243.89.157 - - [24/Apr/2018:19:15:33 +0200] "GET /kikvagyunk2.htm HTTP/1.0" 200 17012 "http://www.mkk.zpok.hu/" "Mozilla/5.0 (compatible; SEOkicks-Robot; +http://www.seokicks.de/robot.html)"
136.243.89.157 - - [24/Apr/2018:19:15:35 +0200] "GET /projektek2.htm HTTP/1.0" 200 7634 "http://www.mkk.zpok.hu/" "Mozilla/5.0 (compatible; SEOkicks-Robot; +http://www.seokicks.de/robot.html)"
136.243.89.157 - - [24/Apr/2018:19:15:37 +0200] "GET /tagsag2.htm HTTP/1.0" 200 1335 "http://www.mkk.zpok.hu/" "Mozilla/5.0 (compatible; SEOkicks-Robot; +http://www.seokicks.de/robot.html)"
136.243.89.157 - - [24/Apr/2018:19:15:39 +0200] "GET /doc/kozh.zip HTTP/1.0" 200 18470 "http://www.mkk.zpok.hu/kikvagyunk2.htm" "Mozilla/5.0 (compatible; SEOkicks-Robot; +http://www.seokicks.de/robot.html)"
136.243.89.157 - - [24/Apr/2018:19:15:40 +0200] "GET /doc/westtakt_mnr_tkp.zip HTTP/1.0" 200 18473 "http://www.mkk.zpok.hu/projektek2.htm" "Mozilla/5.0 (compatible; SEOkicks-Robot; +http://www.seokicks.de/robot.html)"
136.243.89.157 - - [24/Apr/2018:19:15:41 +0200] "GET /doc/ipoly_konf.zip HTTP/1.0" 200 18471 "http://www.mkk.zpok.hu/projektek2.htm" "Mozilla/5.0 (compatible; SEOkicks-Robot; +http://www.seokicks.de/robot.html)"
5.196.87.126 - - [24/Apr/2018:19:40:17 +0200] "GET /robots.txt HTTP/1.1" 404 1181 "-" "Mozilla/5.0 (compatible; AhrefsBot/5.2; +http://ahrefs.com/robot/)"
77.201.31.96 - - [24/Apr/2018:19:41:12 +0200] "GET /doc/b2_201203.jpg HTTP/1.1" 404 1181 "http://www.skyscrapercity.com/showthread.php?t=723100&page=14" "Mozilla/5.0 (Windows NT 6.3; Win64; x64) AppleWebKit/537.36 (KHTML, like Gecko) Chrome/65.0.3325.181 Safari/537.36"
66.249.69.76 - - [24/Apr/2018:20:38:49 +0200] "GET / HTTP/1.1" 200 2023 "-" "Mozilla/5.0 (Linux; Android 6.0.1; Nexus 5X Build/MMB29P) AppleWebKit/537.36 (KHTML, like Gecko) Chrome/41.0.2272.96 Mobile Safari/537.36 (compatible; Googlebot/2.1; +http://www.google.com/bot.html)"
78.47.244.172 - - [24/Apr/2018:20:59:25 +0200] "GET /robots.txt HTTP/1.0" 404 1181 "-" "Mozilla/5.0 (compatible; MJ12bot/v1.4.8; http://mj12bot.com/)"
40.77.167.141 - - [24/Apr/2018:21:30:31 +0200] "GET / HTTP/1.1" 200 2023 "-" "Mozilla/5.0 (compatible; bingbot/2.0; +http://www.bing.com/bingbot.htm)"
40.77.167.91 - - [24/Apr/2018:21:36:02 +0200] "GET /doc/vonatrafel_c.pdf HTTP/1.1" 404 1181 "-" "Mozilla/5.0 (iPhone; CPU iPhone OS 7_0 like Mac OS X) AppleWebKit/537.51.1 (KHTML, like Gecko) Version/7.0 Mobile/11A465 Safari/9537.53 (compatible; bingbot/2.0; +http://www.bing.com/bingbot.htm)"
66.249.69.192 - - [24/Apr/2018:21:45:34 +0200] "GET /robots.txt HTTP/1.1" 404 1181 "-" "Mozilla/5.0 (compatible; Googlebot/2.1; +http://www.google.com/bot.html)"
66.249.69.222 - - [24/Apr/2018:21:45:34 +0200] "GET /doc/Allasfoglalas_201203.pdf HTTP/1.1" 404 1181 "-" "Googlebot/2.1 (+http://www.google.com/bot.html)"
66.249.69.76 - - [24/Apr/2018:21:59:44 +0200] "GET /doc/vonattalmellekvonalakon.pdf HTTP/1.1" 404 1181 "-" "Googlebot/2.1 (+http://www.google.com/bot.html)"
136.243.17.161 - - [24/Apr/2018:22:34:02 +0200] "GET /doc/hu_aps_positivbeispiele_aufl2_070622_klein.pdf HTTP/1.1" 200 2887217 "-" "Mozilla/5.0 (X11; Linux x86_64; rv:52.0) Gecko/20100101 Firefox/52.0"
66.249.69.78 - - [24/Apr/2018:22:44:11 +0200] "GET /favicon.ico HTTP/1.1" 404 1181 "-" "Googlebot-Image/1.0"
46.229.168.83 - - [25/Apr/2018:00:21:20 +0200] "GET /robots.txt HTTP/1.1" 404 1181 "-" "Mozilla/5.0 (compatible; SemrushBot/1.2~bl; +http://www.semrush.com/bot.html)"
178.40.135.47 - - [25/Apr/2018:00:24:09 +0200] "GET / HTTP/1.1" 200 2023 "https://www.google.sk/" "Mozilla/5.0 (Windows NT 6.3; Win64; x64) AppleWebKit/537.36 (KHTML, like Gecko) Chrome/66.0.3359.117 Safari/537.36"
178.40.135.47 - - [25/Apr/2018:00:24:09 +0200] "GET /mkk_banner.png HTTP/1.1" 200 62097 "http://www.mkk.zpok.hu/" "Mozilla/5.0 (Windows NT 6.3; Win64; x64) AppleWebKit/537.36 (KHTML, like Gecko) Chrome/66.0.3359.117 Safari/537.36"
178.40.135.47 - - [25/Apr/2018:00:24:09 +0200] "GET /blog.jpg HTTP/1.1" 200 29833 "http://www.mkk.zpok.hu/" "Mozilla/5.0 (Windows NT 6.3; Win64; x64) AppleWebKit/537.36 (KHTML, like Gecko) Chrome/66.0.3359.117 Safari/537.36"
178.40.135.47 - - [25/Apr/2018:00:24:09 +0200] "GET /facebook-logo-preview.png HTTP/1.1" 200 3924 "http://www.mkk.zpok.hu/" "Mozilla/5.0 (Windows NT 6.3; Win64; x64) AppleWebKit/537.36 (KHTML, like Gecko) Chrome/66.0.3359.117 Safari/537.36"
