34.245.239.176 - - [12/Apr/2018:20:22:21 +0200] "GET / HTTP/1.1" 200 2023 "-" "Mozilla/5.0 (compatible; JobKereso; +https://www.kozvetlen-allasok.hu/robot.jsp info@kozvetlen-allasok.hu)"
34.245.239.176 - - [12/Apr/2018:20:22:21 +0200] "HEAD /favicon.ico HTTP/1.1" 404 0 "https://www.kozvetlen-allasok.hu" "Mozilla/5.0 (compatible; JobKeresoBot; +https://www.kozvetlen-allasok.hu/help.jsp; info@kozvetlen-allasok.hu; 5.0"
54.36.148.106 - - [12/Apr/2018:20:29:28 +0200] "GET /doc/b2_20102.jpg HTTP/1.1" 404 1181 "-" "Mozilla/5.0 (compatible; AhrefsBot/5.2; +http://ahrefs.com/robot/)"
94.248.135.187 - - [12/Apr/2018:20:31:44 +0200] "GET / HTTP/1.1" 200 2023 "https://www.google.hu/" "Mozilla/5.0 (iPad; CPU OS 10_3_2 like Mac OS X) AppleWebKit/603.2.4 (KHTML, like Gecko) Version/10.0 Mobile/14F89 Safari/602.1"
94.248.135.187 - - [12/Apr/2018:20:31:44 +0200] "GET /mkk_banner.png HTTP/1.1" 200 62097 "http://www.mkk.zpok.hu/" "Mozilla/5.0 (iPad; CPU OS 10_3_2 like Mac OS X) AppleWebKit/603.2.4 (KHTML, like Gecko) Version/10.0 Mobile/14F89 Safari/602.1"
94.248.135.187 - - [12/Apr/2018:20:31:44 +0200] "GET /blog.jpg HTTP/1.1" 200 29833 "http://www.mkk.zpok.hu/" "Mozilla/5.0 (iPad; CPU OS 10_3_2 like Mac OS X) AppleWebKit/603.2.4 (KHTML, like Gecko) Version/10.0 Mobile/14F89 Safari/602.1"
94.248.135.187 - - [12/Apr/2018:20:31:44 +0200] "GET /facebook-logo-preview.png HTTP/1.1" 200 3924 "http://www.mkk.zpok.hu/" "Mozilla/5.0 (iPad; CPU OS 10_3_2 like Mac OS X) AppleWebKit/603.2.4 (KHTML, like Gecko) Version/10.0 Mobile/14F89 Safari/602.1"
66.249.64.74 - - [12/Apr/2018:20:58:33 +0200] "GET /doc/mkk_eger_tanulmany_2014.pdf HTTP/1.1" 304 - "-" "Mozilla/5.0 (Linux; Android 6.0.1; Nexus 5X Build/MMB29P) AppleWebKit/537.36 (KHTML, like Gecko) Chrome/41.0.2272.96 Mobile Safari/537.36 (compatible; Googlebot/2.1; +http://www.google.com/bot.html)"
34.242.162.95 - - [12/Apr/2018:21:03:32 +0200] "HEAD / HTTP/1.1" 200 0 "-" "Mozilla/5.0 (compatible; JobKereso; +https://www.kozvetlen-allasok.hu/robot.jsp info@kozvetlen-allasok.hu)"
34.242.162.95 - - [12/Apr/2018:21:03:32 +0200] "GET /robots.txt HTTP/1.1" 404 1181 "-" "Mozilla/5.0 (compatible; JobKereso; +https://www.kozvetlen-allasok.hu/robot.jsp info@kozvetlen-allasok.hu)"
34.242.162.95 - - [12/Apr/2018:21:03:32 +0200] "HEAD / HTTP/1.1" 200 0 "-" "Mozilla/5.0 (compatible; JobKereso; +https://www.kozvetlen-allasok.hu/robot.jsp info@kozvetlen-allasok.hu)"
34.242.162.95 - - [12/Apr/2018:21:03:33 +0200] "GET / HTTP/1.1" 200 2023 "-" "Mozilla/5.0 (compatible; JobKereso; +https://www.kozvetlen-allasok.hu/robot.jsp info@kozvetlen-allasok.hu)"
34.242.162.95 - - [12/Apr/2018:21:03:33 +0200] "HEAD /favicon.ico HTTP/1.1" 404 0 "https://www.kozvetlen-allasok.hu" "Mozilla/5.0 (compatible; JobKeresoBot; +https://www.kozvetlen-allasok.hu/help.jsp; info@kozvetlen-allasok.hu; 5.0"
40.77.167.68 - - [12/Apr/2018:21:18:50 +0200] "GET /doc/tisza-to_szoroanyag_2012.pdf HTTP/1.1" 404 1181 "-" "Mozilla/5.0 (iPhone; CPU iPhone OS 7_0 like Mac OS X) AppleWebKit/537.51.1 (KHTML, like Gecko) Version/7.0 Mobile/11A465 Safari/9537.53 (compatible; bingbot/2.0; +http://www.bing.com/bingbot.htm)"
77.234.65.140 - - [12/Apr/2018:21:49:22 +0200] "GET / HTTP/1.1" 200 2023 "-" "Mozilla/5.0 (Windows NT 6.1) AppleWebKit/537.36 (KHTML, like Gecko) Chrome/65.0.3325.181 Safari/537.36"
77.234.65.140 - - [12/Apr/2018:21:49:22 +0200] "GET /blog.jpg HTTP/1.1" 200 29833 "http://mkk.zpok.hu/" "Mozilla/5.0 (Windows NT 6.1) AppleWebKit/537.36 (KHTML, like Gecko) Chrome/65.0.3325.181 Safari/537.36"
77.234.65.140 - - [12/Apr/2018:21:49:22 +0200] "GET /facebook-logo-preview.png HTTP/1.1" 200 3924 "http://mkk.zpok.hu/" "Mozilla/5.0 (Windows NT 6.1) AppleWebKit/537.36 (KHTML, like Gecko) Chrome/65.0.3325.181 Safari/537.36"
77.234.65.140 - - [12/Apr/2018:21:49:22 +0200] "GET /mkk_banner.png HTTP/1.1" 200 62097 "http://mkk.zpok.hu/" "Mozilla/5.0 (Windows NT 6.1) AppleWebKit/537.36 (KHTML, like Gecko) Chrome/65.0.3325.181 Safari/537.36"
77.234.65.140 - - [12/Apr/2018:21:49:27 +0200] "GET /favicon.ico HTTP/1.1" 404 1181 "http://mkk.zpok.hu/" "Mozilla/5.0 (Windows NT 6.1) AppleWebKit/537.36 (KHTML, like Gecko) Chrome/65.0.3325.181 Safari/537.36"
77.234.65.140 - - [12/Apr/2018:21:49:28 +0200] "GET /projektek2.htm HTTP/1.1" 200 7634 "http://mkk.zpok.hu/" "Mozilla/5.0 (Windows NT 6.1) AppleWebKit/537.36 (KHTML, like Gecko) Chrome/65.0.3325.181 Safari/537.36"
77.234.65.140 - - [12/Apr/2018:21:49:29 +0200] "GET /icons/icons_k/ipoly.png HTTP/1.1" 200 26376 "http://mkk.zpok.hu/projektek2.htm" "Mozilla/5.0 (Windows NT 6.1) AppleWebKit/537.36 (KHTML, like Gecko) Chrome/65.0.3325.181 Safari/537.36"
77.234.65.140 - - [12/Apr/2018:21:49:29 +0200] "GET /icons/icons_k/eger.png HTTP/1.1" 200 28174 "http://mkk.zpok.hu/projektek2.htm" "Mozilla/5.0 (Windows NT 6.1) AppleWebKit/537.36 (KHTML, like Gecko) Chrome/65.0.3325.181 Safari/537.36"
77.234.65.140 - - [12/Apr/2018:21:49:29 +0200] "GET /icons/icons_k/aps.png HTTP/1.1" 200 8274 "http://mkk.zpok.hu/projektek2.htm" "Mozilla/5.0 (Windows NT 6.1) AppleWebKit/537.36 (KHTML, like Gecko) Chrome/65.0.3325.181 Safari/537.36"
77.234.65.140 - - [12/Apr/2018:21:49:29 +0200] "GET /icons/icons_k/westtakt.png HTTP/1.1" 200 8683 "http://mkk.zpok.hu/projektek2.htm" "Mozilla/5.0 (Windows NT 6.1) AppleWebKit/537.36 (KHTML, like Gecko) Chrome/65.0.3325.181 Safari/537.36"
77.234.65.140 - - [12/Apr/2018:21:49:29 +0200] "GET /icons/icons_k/fogadj.png HTTP/1.1" 200 31018 "http://mkk.zpok.hu/projektek2.htm" "Mozilla/5.0 (Windows NT 6.1) AppleWebKit/537.36 (KHTML, like Gecko) Chrome/65.0.3325.181 Safari/537.36"
77.234.65.140 - - [12/Apr/2018:21:49:29 +0200] "GET /icons/icons_k/kiskore.png HTTP/1.1" 200 25890 "http://mkk.zpok.hu/projektek2.htm" "Mozilla/5.0 (Windows NT 6.1) AppleWebKit/537.36 (KHTML, like Gecko) Chrome/65.0.3325.181 Safari/537.36"
77.234.65.140 - - [12/Apr/2018:21:49:29 +0200] "GET /icons/icons_k/bringa.png HTTP/1.1" 200 22141 "http://mkk.zpok.hu/projektek2.htm" "Mozilla/5.0 (Windows NT 6.1) AppleWebKit/537.36 (KHTML, like Gecko) Chrome/65.0.3325.181 Safari/537.36"
77.234.65.140 - - [12/Apr/2018:21:49:49 +0200] "GET /doc/allomasok_kepes_osszefoglaloja.pdf HTTP/1.1" 200 5628186 "http://mkk.zpok.hu/projektek2.htm" "Mozilla/5.0 (Windows NT 6.1) AppleWebKit/537.36 (KHTML, like Gecko) Chrome/65.0.3325.181 Safari/537.36"
77.234.65.140 - - [12/Apr/2018:21:50:35 +0200] "GET /tagsag2.htm HTTP/1.1" 200 1335 "http://mkk.zpok.hu/" "Mozilla/5.0 (Windows NT 6.1) AppleWebKit/537.36 (KHTML, like Gecko) Chrome/65.0.3325.181 Safari/537.36"
77.234.65.140 - - [12/Apr/2018:21:50:50 +0200] "GET /doc/belepesinyilatkozat.pdf HTTP/1.1" 200 403937 "http://mkk.zpok.hu/tagsag2.htm" "Mozilla/5.0 (Windows NT 6.1) AppleWebKit/537.36 (KHTML, like Gecko) Chrome/65.0.3325.181 Safari/537.36"
77.234.65.140 - - [12/Apr/2018:21:51:53 +0200] "GET /kikvagyunk2.htm HTTP/1.1" 200 17012 "http://mkk.zpok.hu/" "Mozilla/5.0 (Windows NT 6.1) AppleWebKit/537.36 (KHTML, like Gecko) Chrome/65.0.3325.181 Safari/537.36"
77.234.65.140 - - [12/Apr/2018:21:51:53 +0200] "GET /icons/icons_k/1.png HTTP/1.1" 200 7684 "http://mkk.zpok.hu/kikvagyunk2.htm" "Mozilla/5.0 (Windows NT 6.1) AppleWebKit/537.36 (KHTML, like Gecko) Chrome/65.0.3325.181 Safari/537.36"
77.234.65.140 - - [12/Apr/2018:21:51:53 +0200] "GET /icons/icons_k/4.png HTTP/1.1" 200 5935 "http://mkk.zpok.hu/kikvagyunk2.htm" "Mozilla/5.0 (Windows NT 6.1) AppleWebKit/537.36 (KHTML, like Gecko) Chrome/65.0.3325.181 Safari/537.36"
77.234.65.140 - - [12/Apr/2018:21:51:53 +0200] "GET /icons/icons_k/5.png HTTP/1.1" 200 5410 "http://mkk.zpok.hu/kikvagyunk2.htm" "Mozilla/5.0 (Windows NT 6.1) AppleWebKit/537.36 (KHTML, like Gecko) Chrome/65.0.3325.181 Safari/537.36"
77.234.65.140 - - [12/Apr/2018:21:51:53 +0200] "GET /icons/icons_k/3.png HTTP/1.1" 200 5625 "http://mkk.zpok.hu/kikvagyunk2.htm" "Mozilla/5.0 (Windows NT 6.1) AppleWebKit/537.36 (KHTML, like Gecko) Chrome/65.0.3325.181 Safari/537.36"
77.234.65.140 - - [12/Apr/2018:21:51:53 +0200] "GET /icons/icons_k/6.png HTTP/1.1" 200 4270 "http://mkk.zpok.hu/kikvagyunk2.htm" "Mozilla/5.0 (Windows NT 6.1) AppleWebKit/537.36 (KHTML, like Gecko) Chrome/65.0.3325.181 Safari/537.36"
77.234.65.140 - - [12/Apr/2018:21:51:53 +0200] "GET /icons/icons_k/2.png HTTP/1.1" 200 8020 "http://mkk.zpok.hu/kikvagyunk2.htm" "Mozilla/5.0 (Windows NT 6.1) AppleWebKit/537.36 (KHTML, like Gecko) Chrome/65.0.3325.181 Safari/537.36"
77.234.65.140 - - [12/Apr/2018:21:51:53 +0200] "GET /icons/icons_k/mpeter.png HTTP/1.1" 200 28939 "http://mkk.zpok.hu/kikvagyunk2.htm" "Mozilla/5.0 (Windows NT 6.1) AppleWebKit/537.36 (KHTML, like Gecko) Chrome/65.0.3325.181 Safari/537.36"
77.234.65.140 - - [12/Apr/2018:21:51:53 +0200] "GET /kikvag1.jpg HTTP/1.1" 200 9565 "http://mkk.zpok.hu/kikvagyunk2.htm" "Mozilla/5.0 (Windows NT 6.1) AppleWebKit/537.36 (KHTML, like Gecko) Chrome/65.0.3325.181 Safari/537.36"
77.234.65.140 - - [12/Apr/2018:21:51:53 +0200] "GET /pdf.png HTTP/1.1" 200 133123 "http://mkk.zpok.hu/kikvagyunk2.htm" "Mozilla/5.0 (Windows NT 6.1) AppleWebKit/537.36 (KHTML, like Gecko) Chrome/65.0.3325.181 Safari/537.36"
220.181.108.187 - - [12/Apr/2018:21:53:52 +0200] "GET /doc/vasuttal-budapest-kornyeken.pdf HTTP/1.1" 404 1181 "-" "Mozilla/5.0 (compatible; Baiduspider/2.0; +http://www.baidu.com/search/spider.html)"
66.249.64.131 - - [12/Apr/2018:21:55:37 +0200] "GET /robots.txt HTTP/1.1" 404 1181 "-" "Mozilla/5.0 (compatible; Googlebot/2.1; +http://www.google.com/bot.html)"
66.249.64.131 - - [12/Apr/2018:21:55:37 +0200] "GET / HTTP/1.1" 200 2023 "-" "Mozilla/5.0 (compatible; Googlebot/2.1; +http://www.google.com/bot.html)"
78.55.15.59 - - [12/Apr/2018:21:56:39 +0200] "GET /doc/b2_2010.pdf HTTP/1.1" 404 1181 "https://de.wikipedia.org/" "Mozilla/5.0 (Windows NT 10.0; Win64; x64; rv:59.0) Gecko/20100101 Firefox/59.0"
78.55.15.59 - - [12/Apr/2018:21:56:39 +0200] "GET /favicon.ico HTTP/1.1" 404 1181 "-" "Mozilla/5.0 (Windows NT 10.0; Win64; x64; rv:59.0) Gecko/20100101 Firefox/59.0"
85.25.210.41 - - [12/Apr/2018:22:08:12 +0200] "GET /robots.txt HTTP/1.1" 404 1181 "-" "Mozilla/5.0 (compatible; adscanner/)"
85.25.210.41 - - [12/Apr/2018:22:08:12 +0200] "GET /hirlevel/vonattal1304.html HTTP/1.1" 404 1181 "-" "Mozilla/5.0 (compatible; adscanner/)"
40.77.167.1 - - [12/Apr/2018:22:49:05 +0200] "GET /doc/mkk_eger_tanulmany_2014.pdf HTTP/1.1" 200 851104 "-" "Mozilla/5.0 (iPhone; CPU iPhone OS 7_0 like Mac OS X) AppleWebKit/537.51.1 (KHTML, like Gecko) Version/7.0 Mobile/11A465 Safari/9537.53 (compatible; bingbot/2.0; +http://www.bing.com/bingbot.htm)"
107.167.109.167 - - [12/Apr/2018:22:54:56 +0200] "GET /images/vasutterkep_n.jpg HTTP/1.1" 404 1181 "https://hu.m.wikipedia.org/" "Mozilla/5.0 (Linux; U; Android 5.0; SM-N9005 Build/LRX21V; wv) AppleWebKit/537.36 (KHTML, like Gecko) Version/4.0 Chrome/65.0.3325.109 Mobile Safari/537.36 OPR/33.0.2254.125672"
107.167.109.167 - - [12/Apr/2018:22:54:56 +0200] "GET /favicon.ico HTTP/1.1" 404 1181 "http://www.mkk.zpok.hu/images/vasutterkep_n.jpg" "Mozilla/5.0 (Linux; U; Android 5.0; SM-N9005 Build/LRX21V; wv) AppleWebKit/537.36 (KHTML, like Gecko) Version/4.0 Chrome/65.0.3325.109 Mobile Safari/537.36 OPR/33.0.2254.125672"
176.109.176.146 - - [13/Apr/2018:00:18:27 +0200] "GET / HTTP/1.0" 200 2023 "http://www.mkk.zpok.hu/" "Mozilla/5.0 (Windows NT 7.0; rv:33.1) Gecko/20100101 Firefox/33.1"
66.249.64.158 - - [13/Apr/2018:00:19:44 +0200] "GET /hirlevel/images/0912b.jpg HTTP/1.1" 404 1181 "-" "Googlebot-Image/1.0"
80.110.72.174 - - [13/Apr/2018:00:38:29 +0200] "GET /images/vasutterkep_n.jpg HTTP/1.1" 404 1181 "http://www.hoeckmann.de/karten/europa/ungarn/index.htm" "Mozilla/5.0 (Windows NT 10.0; Win64; x64) AppleWebKit/537.36 (KHTML, like Gecko) Chrome/65.0.3325.181 Safari/537.36"
80.110.72.174 - - [13/Apr/2018:00:38:30 +0200] "GET /favicon.ico HTTP/1.1" 404 1181 "http://www.mkk.zpok.hu/images/vasutterkep_n.jpg" "Mozilla/5.0 (Windows NT 10.0; Win64; x64) AppleWebKit/537.36 (KHTML, like Gecko) Chrome/65.0.3325.181 Safari/537.36"
40.77.167.68 - - [13/Apr/2018:01:50:18 +0200] "GET / HTTP/1.1" 200 2023 "-" "Mozilla/5.0 (compatible; bingbot/2.0; +http://www.bing.com/bingbot.htm)"
207.46.13.140 - - [13/Apr/2018:03:45:36 +0200] "GET /doc/ttft.pdf HTTP/1.1" 200 6493253 "-" "Mozilla/5.0 (compatible; bingbot/2.0; +http://www.bing.com/bingbot.htm)"
40.77.167.75 - - [13/Apr/2018:03:58:21 +0200] "GET /doc/alapsz03.pdf HTTP/1.1" 200 6009944 "-" "Mozilla/5.0 (iPhone; CPU iPhone OS 7_0 like Mac OS X) AppleWebKit/537.51.1 (KHTML, like Gecko) Version/7.0 Mobile/11A465 Safari/9537.53 (compatible; bingbot/2.0; +http://www.bing.com/bingbot.htm)"
207.46.13.140 - - [13/Apr/2018:03:58:27 +0200] "GET /robots.txt HTTP/1.1" 404 1181 "-" "Mozilla/5.0 (compatible; bingbot/2.0; +http://www.bing.com/bingbot.htm)"
131.253.27.21 - - [13/Apr/2018:04:59:51 +0200] "GET /doc/alapsz03.pdf HTTP/1.1" 200 4325376 "-" "Mozilla/5.0 (iPhone; CPU iPhone OS 7_0 like Mac OS X) AppleWebKit/537.51.1 (KHTML, like Gecko) Version/7.0 Mobile/11A465 Safari/9537.53 BingPreview/1.0b"
66.249.64.74 - - [13/Apr/2018:05:46:46 +0200] "GET /robots.txt HTTP/1.1" 404 1181 "-" "Mozilla/5.0 (compatible; Googlebot/2.1; +http://www.google.com/bot.html)"
66.249.64.74 - - [13/Apr/2018:05:46:46 +0200] "GET /doc/mkk_eger_tanulmany_2014.pdf HTTP/1.1" 304 - "-" "Mozilla/5.0 (Linux; Android 6.0.1; Nexus 5X Build/MMB29P) AppleWebKit/537.36 (KHTML, like Gecko) Chrome/41.0.2272.96 Mobile Safari/537.36 (compatible; Googlebot/2.1; +http://www.google.com/bot.html)"
176.63.16.80 - - [13/Apr/2018:06:07:43 +0200] "GET /mkk_banner.png HTTP/1.1" 200 62097 "http://www.mkk.zpok.hu/" "Mozilla/5.0 (Linux; Android 7.1.1; SM-J510FN Build/NMF26X) AppleWebKit/537.36 (KHTML, like Gecko) Chrome/65.0.3325.109 Mobile Safari/537.36"
176.63.16.80 - - [13/Apr/2018:06:07:47 +0200] "GET /favicon.ico HTTP/1.1" 404 1181 "http://www.mkk.zpok.hu/" "Mozilla/5.0 (Linux; Android 7.1.1; SM-J510FN Build/NMF26X) AppleWebKit/537.36 (KHTML, like Gecko) Chrome/65.0.3325.109 Mobile Safari/537.36"
77.111.91.248 - - [13/Apr/2018:06:15:40 +0200] "GET / HTTP/1.1" 200 2023 "-" "Mozilla/5.0 (Windows NT 10.0; Win64; x64) AppleWebKit/537.36 (KHTML, like Gecko) Chrome/62.0.3202.94 Safari/537.36"
80.77.124.233 - - [13/Apr/2018:06:22:52 +0200] "GET / HTTP/1.1" 200 2023 "-" "Mozilla/5.0 (Windows NT 10.0; Win64; x64) AppleWebKit/537.36 (KHTML, like Gecko) Chrome/62.0.3202.94 Safari/537.36"
35.226.23.240 - - [13/Apr/2018:06:24:42 +0200] "GET /robots.txt HTTP/1.1" 404 1181 "-" "ltx71 - (http://ltx71.com/)"
66.249.64.76 - - [13/Apr/2018:06:24:46 +0200] "GET /doc/mkk_eger_tanulmany_2014.pdf HTTP/1.1" 200 851104 "-" "Mozilla/5.0 (compatible; Googlebot/2.1; +http://www.google.com/bot.html)"
216.244.66.245 - - [13/Apr/2018:07:08:27 +0200] "GET /robots.txt HTTP/1.1" 404 1181 "-" "Mozilla/5.0 (compatible; DotBot/1.1; http://www.opensiteexplorer.org/dotbot, help@moz.com)"
138.197.217.55 - - [13/Apr/2018:08:36:59 +0200] "GET / HTTP/1.1" 200 2023 "mkk.zpok.hu" "Mozilla/5.0 (Windows; U; Windows NT 5.1; en-US) AppleWebKit/533.4 (KHTML, like Gecko) Chrome/5.0.375.99 Safari/533.4"
138.197.217.55 - - [13/Apr/2018:08:37:03 +0200] "GET / HTTP/1.1" 200 2023 "mkk.zpok.hu" "Mozilla/5.0 (Windows; U; Windows NT 5.1; en-US) AppleWebKit/533.4 (KHTML, like Gecko) Chrome/5.0.375.99 Safari/533.4"
138.197.217.55 - - [13/Apr/2018:08:37:30 +0200] "GET / HTTP/1.1" 200 2023 "mkk.zpok.hu" "Mozilla/5.0 (Windows; U; Windows NT 5.1; en-US) AppleWebKit/533.4 (KHTML, like Gecko) Chrome/5.0.375.99 Safari/533.4"
138.197.217.55 - - [13/Apr/2018:08:37:39 +0200] "GET / HTTP/1.1" 200 2023 "mkk.zpok.hu" "Mozilla/5.0 (Windows; U; Windows NT 5.1; en-US) AppleWebKit/533.4 (KHTML, like Gecko) Chrome/5.0.375.99 Safari/533.4"
123.125.71.92 - - [13/Apr/2018:09:00:15 +0200] "GET /doc/vasuttal-budapest-kornyeken.pdf HTTP/1.1" 404 1181 "-" "Mozilla/5.0 (compatible; Baiduspider/2.0; +http://www.baidu.com/search/spider.html)"
37.187.56.76 - - [13/Apr/2018:09:19:02 +0200] "GET /robots.txt HTTP/1.0" 404 1181 "-" ""
37.187.56.76 - - [13/Apr/2018:09:19:02 +0200] "GET / HTTP/1.1" 206 2023 "-" "Mozilla/5.0 (X11; Linux i686; rv:21.0) Gecko/20100101 Firefox/21.0"
37.187.56.76 - - [13/Apr/2018:09:19:04 +0200] "GET /kikvagyunk2.htm HTTP/1.1" 206 17012 "-" "Mozilla/5.0 (X11; Linux i686; rv:21.0) Gecko/20100101 Firefox/21.0"
37.187.56.76 - - [13/Apr/2018:09:19:06 +0200] "GET /projektek2.htm HTTP/1.1" 206 7634 "-" "Mozilla/5.0 (X11; Linux i686; rv:21.0) Gecko/20100101 Firefox/21.0"
37.187.56.76 - - [13/Apr/2018:09:19:08 +0200] "GET /tagsag2.htm HTTP/1.1" 206 1335 "-" "Mozilla/5.0 (X11; Linux i686; rv:21.0) Gecko/20100101 Firefox/21.0"
95.208.214.248 - - [13/Apr/2018:09:35:11 +0200] "GET /doc/b2_201203.jpg HTTP/1.1" 404 1181 "-" "Mozilla/5.0 (Macintosh; Intel Mac OS X 10_13_4) AppleWebKit/605.1.15 (KHTML, like Gecko)"
95.208.214.248 - - [13/Apr/2018:09:35:13 +0200] "GET /apple-touch-icon-precomposed.png HTTP/1.1" 404 1181 "-" "Safari/13605.1.33.1.2 CFNetwork/897.15 Darwin/17.5.0 (x86_64)"
95.208.214.248 - - [13/Apr/2018:09:35:13 +0200] "GET /apple-touch-icon.png HTTP/1.1" 404 1181 "-" "Safari/13605.1.33.1.2 CFNetwork/897.15 Darwin/17.5.0 (x86_64)"
95.208.214.248 - - [13/Apr/2018:09:35:13 +0200] "GET /favicon.ico HTTP/1.1" 404 1181 "-" "Safari/13605.1.33.1.2 CFNetwork/897.15 Darwin/17.5.0 (x86_64)"
95.208.214.248 - - [13/Apr/2018:09:35:13 +0200] "GET /apple-touch-icon-precomposed.png HTTP/1.1" 404 1181 "-" "Safari/13605.1.33.1.2 CFNetwork/897.15 Darwin/17.5.0 (x86_64)"
95.208.214.248 - - [13/Apr/2018:09:35:13 +0200] "GET /apple-touch-icon.png HTTP/1.1" 404 1181 "-" "Safari/13605.1.33.1.2 CFNetwork/897.15 Darwin/17.5.0 (x86_64)"
95.208.214.248 - - [13/Apr/2018:09:35:13 +0200] "GET /favicon.ico HTTP/1.1" 404 1181 "-" "Safari/13605.1.33.1.2 CFNetwork/897.15 Darwin/17.5.0 (x86_64)"
95.208.214.248 - - [13/Apr/2018:09:35:13 +0200] "GET /doc/b2_201203.jpg HTTP/1.1" 404 1181 "-" "\"Mozilla/5.0 (iPhone; CPU iPhone OS 11_0 like Mac OS X) AppleWebKit/604.1.38 (KHTML, like Gecko) Version/11.0 Mobile/15A372 Safari/604.1\""
95.208.214.248 - - [13/Apr/2018:09:35:13 +0200] "GET /apple-touch-icon-precomposed.png HTTP/1.1" 404 1181 "-" "Safari/13605.1.33.1.2 CFNetwork/897.15 Darwin/17.5.0 (x86_64)"
95.208.214.248 - - [13/Apr/2018:09:35:13 +0200] "GET /apple-touch-icon.png HTTP/1.1" 404 1181 "-" "Safari/13605.1.33.1.2 CFNetwork/897.15 Darwin/17.5.0 (x86_64)"
95.208.214.248 - - [13/Apr/2018:09:35:13 +0200] "GET /favicon.ico HTTP/1.1" 404 1181 "-" "Safari/13605.1.33.1.2 CFNetwork/897.15 Darwin/17.5.0 (x86_64)"
95.208.214.248 - - [13/Apr/2018:09:35:13 +0200] "GET /apple-touch-icon-precomposed.png HTTP/1.1" 404 1181 "-" "Safari/13605.1.33.1.2 CFNetwork/897.15 Darwin/17.5.0 (x86_64)"
95.208.214.248 - - [13/Apr/2018:09:35:13 +0200] "GET /apple-touch-icon.png HTTP/1.1" 404 1181 "-" "Safari/13605.1.33.1.2 CFNetwork/897.15 Darwin/17.5.0 (x86_64)"
95.208.214.248 - - [13/Apr/2018:09:35:14 +0200] "GET /favicon.ico HTTP/1.1" 404 1181 "-" "Safari/13605.1.33.1.2 CFNetwork/897.15 Darwin/17.5.0 (x86_64)"
157.55.39.155 - - [13/Apr/2018:09:52:39 +0200] "GET /hirlevel/vonattal0912.htm HTTP/1.1" 404 1181 "-" "Mozilla/5.0 (compatible; bingbot/2.0; +http://www.bing.com/bingbot.htm)"
87.97.106.96 - - [13/Apr/2018:09:58:47 +0200] "GET /doc/mkk_eger_tanulmany_2014.pdf HTTP/1.1" 200 851104 "https://www.google.hu/" "Mozilla/5.0 (Macintosh; Intel Mac OS X 10_11_6) AppleWebKit/605.1.15 (KHTML, like Gecko) Version/11.1 Safari/605.1.15"
87.97.106.96 - - [13/Apr/2018:09:58:48 +0200] "GET /favicon.ico HTTP/1.1" 404 1181 "http://www.mkk.zpok.hu/doc/mkk_eger_tanulmany_2014.pdf" "Mozilla/5.0 (Macintosh; Intel Mac OS X 10_11_6) AppleWebKit/605.1.15 (KHTML, like Gecko) Version/11.1 Safari/605.1.15"
40.77.167.1 - - [13/Apr/2018:10:16:06 +0200] "GET / HTTP/1.1" 200 2023 "-" "Mozilla/5.0 (compatible; bingbot/2.0; +http://www.bing.com/bingbot.htm)"
216.244.66.245 - - [13/Apr/2018:11:17:31 +0200] "GET /robots.txt HTTP/1.1" 404 1181 "-" "Mozilla/5.0 (compatible; DotBot/1.1; http://www.opensiteexplorer.org/dotbot, help@moz.com)"
31.13.124.192 - - [13/Apr/2018:11:44:38 +0200] "GET /mkk_banner.png HTTP/1.1" 200 62097 "-" "facebookexternalhit/1.1 (+http://www.facebook.com/externalhit_uatext.php)"
31.13.124.120 - - [13/Apr/2018:11:44:41 +0200] "GET /mkk_banner.png HTTP/1.1" 200 62097 "-" "facebookexternalhit/1.1 (+http://www.facebook.com/externalhit_uatext.php)"
31.13.125.59 - - [13/Apr/2018:11:44:42 +0200] "GET /mkk_banner.png HTTP/1.1" 200 62097 "-" "facebookexternalhit/1.1 (+http://www.facebook.com/externalhit_uatext.php)"
78.42.28.43 - - [13/Apr/2018:13:17:09 +0200] "GET /doc/b2_201203.jpg HTTP/1.1" 404 1181 "-" "Mozilla/5.0 (Macintosh; Intel Mac OS X 10_13_4) AppleWebKit/605.1.15 (KHTML, like Gecko)"
78.42.28.43 - - [13/Apr/2018:13:17:09 +0200] "GET /apple-touch-icon-precomposed.png HTTP/1.1" 404 1181 "-" "Safari/13605.1.33.1.2 CFNetwork/897.15 Darwin/17.5.0 (x86_64)"
78.42.28.43 - - [13/Apr/2018:13:17:09 +0200] "GET /apple-touch-icon.png HTTP/1.1" 404 1181 "-" "Safari/13605.1.33.1.2 CFNetwork/897.15 Darwin/17.5.0 (x86_64)"
78.42.28.43 - - [13/Apr/2018:13:17:09 +0200] "GET /favicon.ico HTTP/1.1" 404 1181 "-" "Safari/13605.1.33.1.2 CFNetwork/897.15 Darwin/17.5.0 (x86_64)"
78.42.28.43 - - [13/Apr/2018:13:17:10 +0200] "GET /apple-touch-icon-precomposed.png HTTP/1.1" 404 1181 "-" "Safari/13605.1.33.1.2 CFNetwork/897.15 Darwin/17.5.0 (x86_64)"
78.42.28.43 - - [13/Apr/2018:13:17:10 +0200] "GET /apple-touch-icon.png HTTP/1.1" 404 1181 "-" "Safari/13605.1.33.1.2 CFNetwork/897.15 Darwin/17.5.0 (x86_64)"
78.42.28.43 - - [13/Apr/2018:13:17:10 +0200] "GET /favicon.ico HTTP/1.1" 404 1181 "-" "Safari/13605.1.33.1.2 CFNetwork/897.15 Darwin/17.5.0 (x86_64)"
78.42.28.43 - - [13/Apr/2018:13:17:10 +0200] "GET /doc/b2_201203.jpg HTTP/1.1" 404 1181 "-" "\"Mozilla/5.0 (iPhone; CPU iPhone OS 11_0 like Mac OS X) AppleWebKit/604.1.38 (KHTML, like Gecko) Version/11.0 Mobile/15A372 Safari/604.1\""
78.42.28.43 - - [13/Apr/2018:13:17:10 +0200] "GET /apple-touch-icon-precomposed.png HTTP/1.1" 404 1181 "-" "Safari/13605.1.33.1.2 CFNetwork/897.15 Darwin/17.5.0 (x86_64)"
78.42.28.43 - - [13/Apr/2018:13:17:10 +0200] "GET /apple-touch-icon.png HTTP/1.1" 404 1181 "-" "Safari/13605.1.33.1.2 CFNetwork/897.15 Darwin/17.5.0 (x86_64)"
78.42.28.43 - - [13/Apr/2018:13:17:10 +0200] "GET /favicon.ico HTTP/1.1" 404 1181 "-" "Safari/13605.1.33.1.2 CFNetwork/897.15 Darwin/17.5.0 (x86_64)"
78.42.28.43 - - [13/Apr/2018:13:17:10 +0200] "GET /apple-touch-icon-precomposed.png HTTP/1.1" 404 1181 "-" "Safari/13605.1.33.1.2 CFNetwork/897.15 Darwin/17.5.0 (x86_64)"
78.42.28.43 - - [13/Apr/2018:13:17:10 +0200] "GET /apple-touch-icon.png HTTP/1.1" 404 1181 "-" "Safari/13605.1.33.1.2 CFNetwork/897.15 Darwin/17.5.0 (x86_64)"
78.42.28.43 - - [13/Apr/2018:13:17:10 +0200] "GET /favicon.ico HTTP/1.1" 404 1181 "-" "Safari/13605.1.33.1.2 CFNetwork/897.15 Darwin/17.5.0 (x86_64)"
109.41.128.74 - - [13/Apr/2018:13:18:51 +0200] "GET /doc/b2_201203.jpg HTTP/1.1" 404 1181 "http://vasut.kteam.hu/indexde.html" "Mozilla/5.0 (Windows NT 10.0; Win64; x64; rv:59.0) Gecko/20100101 Firefox/59.0"
109.41.128.74 - - [13/Apr/2018:13:18:51 +0200] "GET /favicon.ico HTTP/1.1" 404 1181 "-" "Mozilla/5.0 (Windows NT 10.0; Win64; x64; rv:59.0) Gecko/20100101 Firefox/59.0"
193.68.41.10 - - [13/Apr/2018:13:22:38 +0200] "GET /hirlevel/images/zsuzsi.jpg HTTP/1.1" 404 1181 "http://blog.xfree.hu/myblog.tvn?SID=&pev=2010&pho=01&pnap=19&n=bodaaniko" "Mozilla/5.0 (Windows NT 6.1) AppleWebKit/537.36 (KHTML, like Gecko) Chrome/65.0.3325.181 Safari/537.36"
180.76.15.146 - - [13/Apr/2018:13:25:47 +0200] "GET /robots.txt HTTP/1.1" 404 1181 "-" "Mozilla/5.0 (Windows NT 5.1; rv:6.0.2) Gecko/20100101 Firefox/6.0.2"
199.58.86.209 - - [13/Apr/2018:13:50:35 +0200] "GET /robots.txt HTTP/1.1" 404 1181 "-" "Mozilla/5.0 (compatible; MJ12bot/v1.4.8; http://mj12bot.com/)"
199.58.86.209 - - [13/Apr/2018:13:50:38 +0200] "GET / HTTP/1.1" 200 2023 "-" "Mozilla/5.0 (compatible; MJ12bot/v1.4.8; http://mj12bot.com/)"
180.76.15.138 - - [13/Apr/2018:13:56:06 +0200] "GET /doc/varos-videk_2009.pdf HTTP/1.1" 200 589824 "-" "Mozilla/5.0 (compatible; Baiduspider/2.0; +http://www.baidu.com/search/spider.html)"
5.196.87.126 - - [13/Apr/2018:14:11:11 +0200] "GET /robots.txt HTTP/1.1" 404 1181 "-" "Mozilla/5.0 (compatible; AhrefsBot/5.2; +http://ahrefs.com/robot/)"
180.76.15.31 - - [13/Apr/2018:14:29:24 +0200] "GET / HTTP/1.1" 200 2023 "-" "Mozilla/5.0 (compatible; Baiduspider/2.0; +http://www.baidu.com/search/spider.html)"
207.244.149.75 - - [13/Apr/2018:14:51:32 +0200] "GET /wp-content/plugins/formcraft/file-upload/server/content/upload.php HTTP/1.1" 404 1181 "http://mkk.zpok.hu/wp-content/plugins/formcraft/file-upload/server/content/upload.php" "Mozilla/5.0 (Windows NT 6.1; WOW64) AppleWebKit/537.36 (KHTML, like Gecko) Chrome/42.0.2311.152 Safari/537.36"
176.77.136.76 - - [13/Apr/2018:16:24:09 +0200] "GET / HTTP/1.1" 200 2023 "https://www.google.hu/" "Mozilla/5.0 (Linux; Android 7.0; VTR-L09 Build/HUAWEIVTR-L09) AppleWebKit/537.36 (KHTML, like Gecko) Chrome/65.0.3325.109 Mobile Safari/537.36"
176.77.136.76 - - [13/Apr/2018:16:24:09 +0200] "GET /blog.jpg HTTP/1.1" 200 29833 "http://www.mkk.zpok.hu/" "Mozilla/5.0 (Linux; Android 7.0; VTR-L09 Build/HUAWEIVTR-L09) AppleWebKit/537.36 (KHTML, like Gecko) Chrome/65.0.3325.109 Mobile Safari/537.36"
176.77.136.76 - - [13/Apr/2018:16:24:09 +0200] "GET /facebook-logo-preview.png HTTP/1.1" 200 3924 "http://www.mkk.zpok.hu/" "Mozilla/5.0 (Linux; Android 7.0; VTR-L09 Build/HUAWEIVTR-L09) AppleWebKit/537.36 (KHTML, like Gecko) Chrome/65.0.3325.109 Mobile Safari/537.36"
176.77.136.76 - - [13/Apr/2018:16:24:09 +0200] "GET /mkk_banner.png HTTP/1.1" 200 62097 "http://www.mkk.zpok.hu/" "Mozilla/5.0 (Linux; Android 7.0; VTR-L09 Build/HUAWEIVTR-L09) AppleWebKit/537.36 (KHTML, like Gecko) Chrome/65.0.3325.109 Mobile Safari/537.36"
176.77.136.76 - - [13/Apr/2018:16:24:12 +0200] "GET /favicon.ico HTTP/1.1" 404 1181 "http://www.mkk.zpok.hu/" "Mozilla/5.0 (Linux; Android 7.0; VTR-L09 Build/HUAWEIVTR-L09) AppleWebKit/537.36 (KHTML, like Gecko) Chrome/65.0.3325.109 Mobile Safari/537.36"
66.249.64.74 - - [13/Apr/2018:16:37:45 +0200] "GET /doc/forum_valaszok_0903.pdf HTTP/1.1" 404 1181 "-" "Mozilla/5.0 (compatible; Googlebot/2.1; +http://www.google.com/bot.html)"
40.77.167.1 - - [13/Apr/2018:16:38:44 +0200] "GET / HTTP/1.1" 200 2023 "-" "Mozilla/5.0 (compatible; bingbot/2.0; +http://www.bing.com/bingbot.htm)"
176.63.92.195 - - [13/Apr/2018:16:53:20 +0200] "GET /doc/varos-videk_2009.pdf HTTP/1.1" 200 1636386 "http://kozlekedesiklub.blog.hu/2017/03/23/regionalis_vasutak_merre_van_az_elore" "Mozilla/5.0 (Windows NT 6.1; Win64; x64) AppleWebKit/537.36 (KHTML, like Gecko) Chrome/65.0.3325.181 Safari/537.36"
176.63.92.195 - - [13/Apr/2018:16:53:24 +0200] "GET /favicon.ico HTTP/1.1" 404 1181 "http://mkk.zpok.hu/doc/varos-videk_2009.pdf" "Mozilla/5.0 (Windows NT 6.1; Win64; x64) AppleWebKit/537.36 (KHTML, like Gecko) Chrome/65.0.3325.181 Safari/537.36"
176.63.92.195 - - [13/Apr/2018:16:53:25 +0200] "GET /favicon.ico HTTP/1.1" 404 1181 "http://mkk.zpok.hu/doc/hu_aps_positivbeispiele_aufl2_070622_klein.pdf" "Mozilla/5.0 (Windows NT 6.1; Win64; x64) AppleWebKit/537.36 (KHTML, like Gecko) Chrome/65.0.3325.181 Safari/537.36"
176.63.92.195 - - [13/Apr/2018:16:53:29 +0200] "GET /doc/hu_aps_positivbeispiele_aufl2_070622_klein.pdf HTTP/1.1" 200 2887217 "http://kozlekedesiklub.blog.hu/2017/03/23/regionalis_vasutak_merre_van_az_elore" "Mozilla/5.0 (Windows NT 6.1; Win64; x64) AppleWebKit/537.36 (KHTML, like Gecko) Chrome/65.0.3325.181 Safari/537.36"
157.55.39.155 - - [13/Apr/2018:16:54:09 +0200] "GET /doc/allomasok_kepes_osszefoglaloja.pdf HTTP/1.1" 200 5628186 "-" "Mozilla/5.0 (compatible; bingbot/2.0; +http://www.bing.com/bingbot.htm)"
5.196.87.126 - - [13/Apr/2018:17:36:43 +0200] "GET /robots.txt HTTP/1.1" 404 1181 "-" "Mozilla/5.0 (compatible; AhrefsBot/5.2; +http://ahrefs.com/robot/)"
94.248.135.187 - - [13/Apr/2018:18:32:50 +0200] "GET / HTTP/1.1" 200 2023 "https://www.google.hu/" "Mozilla/5.0 (iPad; CPU OS 10_3_2 like Mac OS X) AppleWebKit/603.2.4 (KHTML, like Gecko) Version/10.0 Mobile/14F89 Safari/602.1"
94.248.135.187 - - [13/Apr/2018:18:32:50 +0200] "GET /mkk_banner.png HTTP/1.1" 200 62097 "http://www.mkk.zpok.hu/" "Mozilla/5.0 (iPad; CPU OS 10_3_2 like Mac OS X) AppleWebKit/603.2.4 (KHTML, like Gecko) Version/10.0 Mobile/14F89 Safari/602.1"
94.248.135.187 - - [13/Apr/2018:18:32:50 +0200] "GET /blog.jpg HTTP/1.1" 200 29833 "http://www.mkk.zpok.hu/" "Mozilla/5.0 (iPad; CPU OS 10_3_2 like Mac OS X) AppleWebKit/603.2.4 (KHTML, like Gecko) Version/10.0 Mobile/14F89 Safari/602.1"
94.248.135.187 - - [13/Apr/2018:18:32:50 +0200] "GET /facebook-logo-preview.png HTTP/1.1" 200 3924 "http://www.mkk.zpok.hu/" "Mozilla/5.0 (iPad; CPU OS 10_3_2 like Mac OS X) AppleWebKit/603.2.4 (KHTML, like Gecko) Version/10.0 Mobile/14F89 Safari/602.1"
66.249.64.128 - - [13/Apr/2018:18:42:45 +0200] "GET /robots.txt HTTP/1.1" 404 1181 "-" "Mozilla/5.0 (compatible; Googlebot/2.1; +http://www.google.com/bot.html)"
66.249.64.128 - - [13/Apr/2018:18:42:46 +0200] "GET /hirlevel/vonattal1006.htm HTTP/1.1" 404 1181 "-" "Mozilla/5.0 (compatible; Googlebot/2.1; +http://www.google.com/bot.html)"
178.154.171.90 - - [13/Apr/2018:18:53:55 +0200] "GET /robots.txt HTTP/1.1" 404 1181 "-" "Mozilla/5.0 (compatible; YandexBot/3.0; +http://yandex.com/bots)"
141.8.183.17 - - [13/Apr/2018:18:53:56 +0200] "GET /robots.txt HTTP/1.1" 404 1181 "-" "Mozilla/5.0 (compatible; YandexBot/3.0; +http://yandex.com/bots)"
141.8.183.17 - - [13/Apr/2018:18:53:59 +0200] "GET / HTTP/1.1" 200 2023 "-" "Mozilla/5.0 (compatible; YandexBot/3.0; +http://yandex.com/bots)"
178.154.171.90 - - [13/Apr/2018:18:53:59 +0200] "GET / HTTP/1.1" 200 2023 "-" "Mozilla/5.0 (compatible; YandexBot/3.0; +http://yandex.com/bots)"
207.46.13.140 - - [13/Apr/2018:19:03:02 +0200] "GET /doc/eletet-a-vasutnak.pdf HTTP/1.1" 200 5085257 "-" "Mozilla/5.0 (iPhone; CPU iPhone OS 7_0 like Mac OS X) AppleWebKit/537.51.1 (KHTML, like Gecko) Version/7.0 Mobile/11A465 Safari/9537.53 (compatible; bingbot/2.0; +http://www.bing.com/bingbot.htm)"
167.99.226.155 - - [13/Apr/2018:19:10:18 +0200] "GET /robots.txt HTTP/1.1" 404 1181 "-" "AHC/1.0"
80.77.124.233 - - [13/Apr/2018:19:50:32 +0200] "GET / HTTP/1.1" 200 2023 "-" "Mozilla/5.0 (Windows NT 10.0; Win64; x64) AppleWebKit/537.36 (KHTML, like Gecko) Chrome/62.0.3202.94 Safari/537.36"
77.111.91.248 - - [13/Apr/2018:19:57:03 +0200] "GET / HTTP/1.1" 200 2023 "-" "Mozilla/5.0 (Windows NT 10.0; Win64; x64) AppleWebKit/537.36 (KHTML, like Gecko) Chrome/62.0.3202.94 Safari/537.36"
131.253.27.33 - - [13/Apr/2018:20:04:24 +0200] "GET /doc/eletet-a-vasutnak.pdf HTTP/1.1" 200 4308992 "-" "Mozilla/5.0 (iPhone; CPU iPhone OS 7_0 like Mac OS X) AppleWebKit/537.51.1 (KHTML, like Gecko) Version/7.0 Mobile/11A465 Safari/9537.53 BingPreview/1.0b"
180.76.15.136 - - [13/Apr/2018:20:10:52 +0200] "GET / HTTP/1.1" 200 2023 "-" "Mozilla/5.0 (compatible; Baiduspider/2.0; +http://www.baidu.com/search/spider.html)"
176.63.92.195 - - [13/Apr/2018:20:10:52 +0200] "GET /doc/hu_aps_positivbeispiele_aufl2_070622_klein.pdf HTTP/1.1" 304 - "http://kozlekedesiklub.blog.hu/2017/03/23/regionalis_vasutak_merre_van_az_elore" "Mozilla/5.0 (Windows NT 6.1; Win64; x64) AppleWebKit/537.36 (KHTML, like Gecko) Chrome/65.0.3325.181 Safari/537.36"
176.63.92.195 - - [13/Apr/2018:20:10:54 +0200] "GET /doc/varos-videk_2009.pdf HTTP/1.1" 304 - "http://kozlekedesiklub.blog.hu/2017/03/23/regionalis_vasutak_merre_van_az_elore" "Mozilla/5.0 (Windows NT 6.1; Win64; x64) AppleWebKit/537.36 (KHTML, like Gecko) Chrome/65.0.3325.181 Safari/537.36"
66.249.64.131 - - [13/Apr/2018:20:23:20 +0200] "GET /doc/OT_2014_Utdij_allasfoglalas_aprilis27-1.pdf HTTP/1.1" 404 1181 "-" "Googlebot/2.1 (+http://www.google.com/bot.html)"
94.27.250.122 - - [13/Apr/2018:20:43:18 +0200] "HEAD / HTTP/1.1" 200 0 "-" "Mozilla/5.0 (Windows NT 6.1; Win64; x64; rv:59.0) Gecko/20100101 Firefox/59.0"
148.64.56.64 - - [13/Apr/2018:20:49:38 +0200] "GET /robots.txt HTTP/1.1" 404 1181 "-" "Mozilla/5.0 (compatible; GrapeshotCrawler/2.0; +http://www.grapeshot.co.uk/crawler.php)"
148.64.56.64 - - [13/Apr/2018:20:49:39 +0200] "GET / HTTP/1.1" 200 2023 "-" "Mozilla/5.0 (compatible; GrapeshotCrawler/2.0; +http://www.grapeshot.co.uk/crawler.php)"
54.36.148.145 - - [13/Apr/2018:21:47:00 +0200] "GET /hirlevel/vonattal1503.html HTTP/1.1" 404 1181 "-" "Mozilla/5.0 (compatible; AhrefsBot/5.2; +http://ahrefs.com/robot/)"
176.10.99.200 - - [13/Apr/2018:21:54:50 +0200] "GET / HTTP/1.1" 200 2023 "-" "Python-urllib/2.7"
51.15.69.198 - - [13/Apr/2018:22:07:48 +0200] "GET / HTTP/1.1" 200 2023 "-" "Mozilla/5.0 (Windows NT 6.1) AppleWebKit/537.36 (KHTML, like Gecko) Chrome/41.0.2228.0 Safari/537.36"
157.55.39.71 - - [13/Apr/2018:22:32:54 +0200] "GET / HTTP/1.1" 200 2023 "-" "Mozilla/5.0 (iPhone; CPU iPhone OS 7_0 like Mac OS X) AppleWebKit/537.51.1 (KHTML, like Gecko) Version/7.0 Mobile/11A465 Safari/9537.53 (compatible; bingbot/2.0; +http://www.bing.com/bingbot.htm)"
40.77.177.93 - - [13/Apr/2018:22:32:58 +0200] "GET /mkk_banner.png HTTP/1.1" 200 62097 "-" "Mozilla/5.0 (iPhone; CPU iPhone OS 7_0 like Mac OS X) AppleWebKit/537.51.1 (KHTML, like Gecko) Version/7.0 Mobile/11A465 Safari/9537.53 BingPreview/1.0b"
40.77.177.250 - - [13/Apr/2018:22:32:58 +0200] "GET /blog.jpg HTTP/1.1" 200 29833 "-" "Mozilla/5.0 (iPhone; CPU iPhone OS 7_0 like Mac OS X) AppleWebKit/537.51.1 (KHTML, like Gecko) Version/7.0 Mobile/11A465 Safari/9537.53 BingPreview/1.0b"
40.77.178.131 - - [13/Apr/2018:22:32:59 +0200] "GET /facebook-logo-preview.png HTTP/1.1" 200 3924 "-" "Mozilla/5.0 (iPhone; CPU iPhone OS 7_0 like Mac OS X) AppleWebKit/537.51.1 (KHTML, like Gecko) Version/7.0 Mobile/11A465 Safari/9537.53 BingPreview/1.0b"
66.249.64.128 - - [13/Apr/2018:23:56:51 +0200] "GET / HTTP/1.1" 200 2023 "-" "Mozilla/5.0 (compatible; Googlebot/2.1; +http://www.google.com/bot.html)"
66.249.64.131 - - [14/Apr/2018:00:07:07 +0200] "GET /doc/b2_2010.pdf HTTP/1.1" 404 1181 "-" "Mozilla/5.0 (compatible; Googlebot/2.1; +http://www.google.com/bot.html)"
216.244.66.245 - - [14/Apr/2018:00:12:01 +0200] "GET /robots.txt HTTP/1.1" 404 1181 "-" "Mozilla/5.0 (compatible; DotBot/1.1; http://www.opensiteexplorer.org/dotbot, help@moz.com)"
66.249.64.131 - - [14/Apr/2018:00:16:07 +0200] "GET /doc/nctazaro.pdf HTTP/1.1" 404 1181 "-" "Mozilla/5.0 (compatible; Googlebot/2.1; +http://www.google.com/bot.html)"
216.244.66.245 - - [14/Apr/2018:00:17:16 +0200] "GET /hirlevel/vonattal1601.html HTTP/1.1" 404 1181 "-" "Mozilla/5.0 (compatible; DotBot/1.1; http://www.opensiteexplorer.org/dotbot, help@moz.com)"
66.249.64.131 - - [14/Apr/2018:00:23:51 +0200] "GET /doc/honig-ceges.pdf HTTP/1.1" 404 1181 "-" "Mozilla/5.0 (compatible; Googlebot/2.1; +http://www.google.com/bot.html)"
157.55.39.3 - - [14/Apr/2018:00:35:48 +0200] "GET /robots.txt HTTP/1.1" 404 1181 "-" "Mozilla/5.0 (compatible; bingbot/2.0; +http://www.bing.com/bingbot.htm)"
185.191.204.8 - - [14/Apr/2018:00:36:56 +0200] "GET / HTTP/1.0" 200 2023 "-" "Mozilla/5.0 (Windows NT 6.3; WOW64) AppleWebKit/537.36 (KHTML, like Gecko) Chrome/34.0.1847.137 Safari/537.36"
66.249.64.131 - - [14/Apr/2018:00:38:47 +0200] "GET /doc/halalraitelve.pdf HTTP/1.1" 404 1181 "-" "Mozilla/5.0 (compatible; Googlebot/2.1; +http://www.google.com/bot.html)"
66.249.64.128 - - [14/Apr/2018:00:48:46 +0200] "GET /doc/putnoklevel_0911.pdf HTTP/1.1" 404 1181 "-" "Mozilla/5.0 (compatible; Googlebot/2.1; +http://www.google.com/bot.html)"
176.63.16.205 - - [14/Apr/2018:00:58:25 +0200] "GET /favicon.ico HTTP/1.1" 404 1181 "http://www.mkk.zpok.hu/" "Mozilla/5.0 (Linux; Android 7.1.1; SM-J510FN Build/NMF26X) AppleWebKit/537.36 (KHTML, like Gecko) Chrome/65.0.3325.109 Mobile Safari/537.36"
66.249.64.131 - - [14/Apr/2018:00:59:27 +0200] "GET /hirlevel/Volnerlevel_120227.pdf HTTP/1.1" 404 1181 "-" "Mozilla/5.0 (compatible; Googlebot/2.1; +http://www.google.com/bot.html)"
66.249.64.158 - - [14/Apr/2018:01:10:20 +0200] "GET /projektek2.htm HTTP/1.1" 200 7634 "-" "Mozilla/5.0 (compatible; Googlebot/2.1; +http://www.google.com/bot.html)"
66.249.64.131 - - [14/Apr/2018:01:21:05 +0200] "GET /kikvagyunk2.htm HTTP/1.1" 200 17012 "-" "Mozilla/5.0 (compatible; Googlebot/2.1; +http://www.google.com/bot.html)"
216.244.66.246 - - [14/Apr/2018:01:21:59 +0200] "GET /robots.txt HTTP/1.1" 404 1181 "-" "Mozilla/5.0 (compatible; DotBot/1.1; http://www.opensiteexplorer.org/dotbot, help@moz.com)"
207.46.13.140 - - [14/Apr/2018:01:30:07 +0200] "GET /doc/ttft.pdf HTTP/1.1" 200 6493253 "-" "Mozilla/5.0 (iPhone; CPU iPhone OS 7_0 like Mac OS X) AppleWebKit/537.51.1 (KHTML, like Gecko) Version/7.0 Mobile/11A465 Safari/9537.53 (compatible; bingbot/2.0; +http://www.bing.com/bingbot.htm)"
66.249.64.74 - - [14/Apr/2018:02:00:20 +0200] "GET /robots.txt HTTP/1.1" 404 1181 "-" "Mozilla/5.0 (compatible; Googlebot/2.1; +http://www.google.com/bot.html)"
66.249.64.76 - - [14/Apr/2018:02:00:21 +0200] "GET /doc/helyierdeku_vasutak2009.ppt HTTP/1.1" 404 1181 "-" "Mozilla/5.0 (compatible; Googlebot/2.1; +http://www.google.com/bot.html)"
17.58.103.205 - - [14/Apr/2018:02:04:19 +0200] "GET / HTTP/1.1" 200 2023 "-" "Mozilla/5.0 (Macintosh; Intel Mac OS X 10_10_1) AppleWebKit/600.2.5 (KHTML, like Gecko) Version/8.0.2 Safari/600.2.5 (Applebot/0.1; +http://www.apple.com/go/applebot)"
66.249.64.128 - - [14/Apr/2018:02:10:21 +0200] "GET /hirlevel/ot-2010-kozl-allasfoglalas.pdf HTTP/1.1" 404 1181 "-" "Mozilla/5.0 (compatible; Googlebot/2.1; +http://www.google.com/bot.html)"
35.202.181.29 - - [14/Apr/2018:02:13:05 +0200] "GET /robots.txt HTTP/1.1" 404 1181 "-" "ltx71 - (http://ltx71.com/)"
66.249.64.78 - - [14/Apr/2018:02:21:06 +0200] "GET /doc/kozl-vb-bajnai_0912.pdf HTTP/1.1" 404 1181 "-" "Mozilla/5.0 (compatible; Googlebot/2.1; +http://www.google.com/bot.html)"
66.249.64.131 - - [14/Apr/2018:02:31:15 +0200] "GET /tagsag2.htm HTTP/1.1" 200 1335 "-" "Mozilla/5.0 (compatible; Googlebot/2.1; +http://www.google.com/bot.html)"
40.77.178.59 - - [14/Apr/2018:02:31:49 +0200] "GET /doc/ttft.pdf HTTP/1.1" 200 4362512 "-" "Mozilla/5.0 (iPhone; CPU iPhone OS 7_0 like Mac OS X) AppleWebKit/537.51.1 (KHTML, like Gecko) Version/7.0 Mobile/11A465 Safari/9537.53 BingPreview/1.0b"
40.77.167.197 - - [14/Apr/2018:02:31:53 +0200] "GET /robots.txt HTTP/1.1" 404 1181 "-" "Mozilla/5.0 (compatible; bingbot/2.0; +http://www.bing.com/bingbot.htm)"
168.1.128.35 - - [14/Apr/2018:03:04:25 +0200] "GET / HTTP/1.1" 200 2023 "-" "-"
216.244.66.246 - - [14/Apr/2018:03:08:00 +0200] "GET /tagsag2.htm HTTP/1.1" 200 1335 "-" "Mozilla/5.0 (compatible; DotBot/1.1; http://www.opensiteexplorer.org/dotbot, help@moz.com)"
66.249.64.158 - - [14/Apr/2018:03:12:23 +0200] "GET /doc/alapsz03.pdf HTTP/1.1" 200 6009944 "-" "Mozilla/5.0 (compatible; Googlebot/2.1; +http://www.google.com/bot.html)"
66.249.64.158 - - [14/Apr/2018:03:26:46 +0200] "GET /doc/bartok_20160703.pdf HTTP/1.1" 200 284990 "-" "Mozilla/5.0 (compatible; Googlebot/2.1; +http://www.google.com/bot.html)"
66.249.64.76 - - [14/Apr/2018:03:38:43 +0200] "GET /doc/allasf_091027.pdf HTTP/1.1" 404 1181 "-" "Mozilla/5.0 (compatible; Googlebot/2.1; +http://www.google.com/bot.html)"
66.249.64.131 - - [14/Apr/2018:03:50:18 +0200] "GET /hirlevel/tersegi-targyalasokhoz.pdf HTTP/1.1" 404 1181 "-" "Mozilla/5.0 (compatible; Googlebot/2.1; +http://www.google.com/bot.html)"
66.249.64.158 - - [14/Apr/2018:04:01:42 +0200] "GET /doc/87_fa_szv.pdf HTTP/1.1" 200 56286 "-" "Mozilla/5.0 (compatible; Googlebot/2.1; +http://www.google.com/bot.html)"
66.249.64.158 - - [14/Apr/2018:04:13:13 +0200] "GET /doc/80_sln_su.pdf HTTP/1.1" 200 130637 "-" "Mozilla/5.0 (compatible; Googlebot/2.1; +http://www.google.com/bot.html)"
66.249.64.131 - - [14/Apr/2018:04:25:54 +0200] "GET /doc/varos-videk_2009.pdf HTTP/1.1" 200 1636386 "-" "Mozilla/5.0 (compatible; Googlebot/2.1; +http://www.google.com/bot.html)"
40.77.167.43 - - [14/Apr/2018:04:27:24 +0200] "GET / HTTP/1.1" 200 2023 "-" "Mozilla/5.0 (compatible; bingbot/2.0; +http://www.bing.com/bingbot.htm)"
207.46.13.113 - - [14/Apr/2018:04:30:50 +0200] "GET /doc/hu_aps_positivbeispiele_aufl2_070622_klein.pdf HTTP/1.1" 200 2887217 "-" "Mozilla/5.0 (compatible; bingbot/2.0; +http://www.bing.com/bingbot.htm)"
66.249.64.74 - - [14/Apr/2018:04:38:41 +0200] "GET /doc/mellekvonal-bajnai_0912.pdf HTTP/1.1" 404 1181 "-" "Mozilla/5.0 (compatible; Googlebot/2.1; +http://www.google.com/bot.html)"
169.53.184.5 - - [14/Apr/2018:04:51:14 +0200] "GET / HTTP/1.1" 200 2023 "-" "-"
66.249.64.74 - - [14/Apr/2018:04:52:22 +0200] "GET /doc/ombudsman_0711.pdf HTTP/1.1" 404 1181 "-" "Mozilla/5.0 (compatible; Googlebot/2.1; +http://www.google.com/bot.html)"
66.249.64.158 - - [14/Apr/2018:05:03:51 +0200] "GET /doc/eletet-a-vasutnak.pdf HTTP/1.1" 200 5085257 "-" "Mozilla/5.0 (compatible; Googlebot/2.1; +http://www.google.com/bot.html)"
66.249.64.128 - - [14/Apr/2018:05:18:48 +0200] "GET /doc/kerparoskozlekedes.pdf HTTP/1.1" 200 2540119 "-" "Mozilla/5.0 (compatible; Googlebot/2.1; +http://www.google.com/bot.html)"
66.249.64.128 - - [14/Apr/2018:05:31:42 +0200] "GET /doc/belepesinyilatkozat.pdf HTTP/1.1" 200 403937 "-" "Mozilla/5.0 (compatible; Googlebot/2.1; +http://www.google.com/bot.html)"
66.249.64.131 - - [14/Apr/2018:05:45:05 +0200] "GET /doc/allomasok_kepes_osszefoglaloja.pdf HTTP/1.1" 200 5628186 "-" "Mozilla/5.0 (compatible; Googlebot/2.1; +http://www.google.com/bot.html)"
66.249.64.131 - - [14/Apr/2018:05:57:15 +0200] "GET /doc/hu_aps_positivbeispiele_aufl2_070622_klein.pdf HTTP/1.1" 200 2887217 "-" "Mozilla/5.0 (compatible; Googlebot/2.1; +http://www.google.com/bot.html)"
66.249.64.158 - - [14/Apr/2018:06:39:49 +0200] "GET /doc/ttft.pdf HTTP/1.1" 200 6493253 "-" "Mozilla/5.0 (compatible; Googlebot/2.1; +http://www.google.com/bot.html)"
66.249.64.158 - - [14/Apr/2018:06:51:55 +0200] "GET /robots.txt HTTP/1.1" 404 1181 "-" "Mozilla/5.0 (compatible; Googlebot/2.1; +http://www.google.com/bot.html)"
66.249.64.131 - - [14/Apr/2018:06:51:56 +0200] "GET /doc/westtakt_final_20160405.pdf HTTP/1.1" 200 633098 "-" "Mozilla/5.0 (compatible; Googlebot/2.1; +http://www.google.com/bot.html)"
66.249.64.158 - - [14/Apr/2018:07:05:10 +0200] "GET /doc/mkk_eger_tanulmany_2014.pdf HTTP/1.1" 200 851104 "-" "Mozilla/5.0 (compatible; Googlebot/2.1; +http://www.google.com/bot.html)"
66.249.64.158 - - [14/Apr/2018:07:55:47 +0200] "GET /doc/kelenfold_1009.pdf HTTP/1.1" 404 1181 "-" "Mozilla/5.0 (compatible; Googlebot/2.1; +http://www.google.com/bot.html)"
207.46.13.113 - - [14/Apr/2018:08:00:06 +0200] "GET /doc/kerparoskozlekedes.pdf HTTP/1.1" 200 2540119 "-" "Mozilla/5.0 (iPhone; CPU iPhone OS 7_0 like Mac OS X) AppleWebKit/537.51.1 (KHTML, like Gecko) Version/7.0 Mobile/11A465 Safari/9537.53 (compatible; bingbot/2.0; +http://www.bing.com/bingbot.htm)"
88.198.90.9 - - [14/Apr/2018:08:34:28 +0200] "GET /hirlevel/konferencia_program-szallasok_tapolca.pdf HTTP/1.1" 404 1181 "-" "Mozilla/5.0 (Windows NT 6.1; WOW64) AppleWebKit/537.36 (KHTML, like Gecko) Chrome/43.0.2357.134 Safari/537.36"
66.249.64.78 - - [14/Apr/2018:08:38:43 +0200] "GET /doc/VM%202010%2012.pdf HTTP/1.1" 404 1181 "-" "Mozilla/5.0 (compatible; Googlebot/2.1; +http://www.google.com/bot.html)"
157.55.39.202 - - [14/Apr/2018:09:01:32 +0200] "GET /doc/allomasok_kepes_osszefoglaloja.pdf HTTP/1.1" 200 5628186 "-" "Mozilla/5.0 (iPhone; CPU iPhone OS 7_0 like Mac OS X) AppleWebKit/537.51.1 (KHTML, like Gecko) Version/7.0 Mobile/11A465 Safari/9537.53 (compatible; bingbot/2.0; +http://www.bing.com/bingbot.htm)"
66.249.64.131 - - [14/Apr/2018:09:03:02 +0200] "GET /doc/A_kozlekedesmenedzsment_korszeru_eszkozei.pdf HTTP/1.1" 404 1181 "-" "Googlebot/2.1 (+http://www.google.com/bot.html)"
66.249.64.158 - - [14/Apr/2018:09:05:25 +0200] "GET /doc/OT_2014_allasfoglalas_multimodalis_kozlekedes_aprilis_27.pdf HTTP/1.1" 404 1181 "-" "Googlebot/2.1 (+http://www.google.com/bot.html)"
46.229.168.69 - - [14/Apr/2018:09:12:57 +0200] "GET /projektek2.htm HTTP/1.1" 200 7634 "-" "Mozilla/5.0 (compatible; SemrushBot/1.2~bl; +http://www.semrush.com/bot.html)"
46.229.168.77 - - [14/Apr/2018:09:13:10 +0200] "GET /doc/A_kozlekedesmenedzsment_korszeru_eszkozei.htm HTTP/1.1" 404 1181 "-" "Mozilla/5.0 (compatible; SemrushBot/1.2~bl; +http://www.semrush.com/bot.html)"
77.111.91.248 - - [14/Apr/2018:09:15:53 +0200] "GET / HTTP/1.1" 200 2023 "-" "Mozilla/5.0 (Windows NT 10.0; Win64; x64) AppleWebKit/537.36 (KHTML, like Gecko) Chrome/62.0.3202.94 Safari/537.36"
109.192.206.183 - - [14/Apr/2018:09:22:02 +0200] "GET /doc/b2_201203.jpg HTTP/1.1" 404 1181 "-" "Mozilla/5.0 (Macintosh; Intel Mac OS X 10_13_4) AppleWebKit/605.1.15 (KHTML, like Gecko)"
109.192.206.183 - - [14/Apr/2018:09:22:03 +0200] "GET /apple-touch-icon-precomposed.png HTTP/1.1" 404 1181 "-" "Safari/13605.1.33.1.2 CFNetwork/897.15 Darwin/17.5.0 (x86_64)"
109.192.206.183 - - [14/Apr/2018:09:22:03 +0200] "GET /apple-touch-icon.png HTTP/1.1" 404 1181 "-" "Safari/13605.1.33.1.2 CFNetwork/897.15 Darwin/17.5.0 (x86_64)"
109.192.206.183 - - [14/Apr/2018:09:22:03 +0200] "GET /favicon.ico HTTP/1.1" 404 1181 "-" "Safari/13605.1.33.1.2 CFNetwork/897.15 Darwin/17.5.0 (x86_64)"
109.192.206.183 - - [14/Apr/2018:09:22:03 +0200] "GET /apple-touch-icon-precomposed.png HTTP/1.1" 404 1181 "-" "Safari/13605.1.33.1.2 CFNetwork/897.15 Darwin/17.5.0 (x86_64)"
109.192.206.183 - - [14/Apr/2018:09:22:03 +0200] "GET /apple-touch-icon.png HTTP/1.1" 404 1181 "-" "Safari/13605.1.33.1.2 CFNetwork/897.15 Darwin/17.5.0 (x86_64)"
109.192.206.183 - - [14/Apr/2018:09:22:03 +0200] "GET /favicon.ico HTTP/1.1" 404 1181 "-" "Safari/13605.1.33.1.2 CFNetwork/897.15 Darwin/17.5.0 (x86_64)"
109.192.206.183 - - [14/Apr/2018:09:22:04 +0200] "GET /doc/b2_201203.jpg HTTP/1.1" 404 1181 "-" "\"Mozilla/5.0 (iPhone; CPU iPhone OS 11_0 like Mac OS X) AppleWebKit/604.1.38 (KHTML, like Gecko) Version/11.0 Mobile/15A372 Safari/604.1\""
109.192.206.183 - - [14/Apr/2018:09:22:04 +0200] "GET /apple-touch-icon-precomposed.png HTTP/1.1" 404 1181 "-" "Safari/13605.1.33.1.2 CFNetwork/897.15 Darwin/17.5.0 (x86_64)"
109.192.206.183 - - [14/Apr/2018:09:22:04 +0200] "GET /apple-touch-icon.png HTTP/1.1" 404 1181 "-" "Safari/13605.1.33.1.2 CFNetwork/897.15 Darwin/17.5.0 (x86_64)"
109.192.206.183 - - [14/Apr/2018:09:22:04 +0200] "GET /favicon.ico HTTP/1.1" 404 1181 "-" "Safari/13605.1.33.1.2 CFNetwork/897.15 Darwin/17.5.0 (x86_64)"
109.192.206.183 - - [14/Apr/2018:09:22:04 +0200] "GET /apple-touch-icon-precomposed.png HTTP/1.1" 404 1181 "-" "Safari/13605.1.33.1.2 CFNetwork/897.15 Darwin/17.5.0 (x86_64)"
109.192.206.183 - - [14/Apr/2018:09:22:04 +0200] "GET /apple-touch-icon.png HTTP/1.1" 404 1181 "-" "Safari/13605.1.33.1.2 CFNetwork/897.15 Darwin/17.5.0 (x86_64)"
109.192.206.183 - - [14/Apr/2018:09:22:04 +0200] "GET /favicon.ico HTTP/1.1" 404 1181 "-" "Safari/13605.1.33.1.2 CFNetwork/897.15 Darwin/17.5.0 (x86_64)"
80.77.124.233 - - [14/Apr/2018:09:22:42 +0200] "GET / HTTP/1.1" 200 2023 "-" "Mozilla/5.0 (Windows NT 10.0; Win64; x64) AppleWebKit/537.36 (KHTML, like Gecko) Chrome/62.0.3202.94 Safari/537.36"
79.120.135.134 - - [14/Apr/2018:09:40:59 +0200] "GET / HTTP/1.1" 200 2023 "https://www.google.hu/" "Mozilla/5.0 (Windows NT 10.0; Win64; x64) AppleWebKit/537.36 (KHTML, like Gecko) Chrome/65.0.3325.181 Safari/537.36"
79.120.135.134 - - [14/Apr/2018:09:40:59 +0200] "GET /mkk_banner.png HTTP/1.1" 200 62097 "http://www.mkk.zpok.hu/" "Mozilla/5.0 (Windows NT 10.0; Win64; x64) AppleWebKit/537.36 (KHTML, like Gecko) Chrome/65.0.3325.181 Safari/537.36"
79.120.135.134 - - [14/Apr/2018:09:40:59 +0200] "GET /blog.jpg HTTP/1.1" 200 29833 "http://www.mkk.zpok.hu/" "Mozilla/5.0 (Windows NT 10.0; Win64; x64) AppleWebKit/537.36 (KHTML, like Gecko) Chrome/65.0.3325.181 Safari/537.36"
79.120.135.134 - - [14/Apr/2018:09:40:59 +0200] "GET /facebook-logo-preview.png HTTP/1.1" 200 3924 "http://www.mkk.zpok.hu/" "Mozilla/5.0 (Windows NT 10.0; Win64; x64) AppleWebKit/537.36 (KHTML, like Gecko) Chrome/65.0.3325.181 Safari/537.36"
79.120.135.134 - - [14/Apr/2018:09:41:07 +0200] "GET /favicon.ico HTTP/1.1" 404 1181 "http://www.mkk.zpok.hu/" "Mozilla/5.0 (Windows NT 10.0; Win64; x64) AppleWebKit/537.36 (KHTML, like Gecko) Chrome/65.0.3325.181 Safari/537.36"
66.249.64.131 - - [14/Apr/2018:09:45:38 +0200] "GET /doc/recs_konf_1103.pdf HTTP/1.1" 404 1181 "-" "Mozilla/5.0 (compatible; Googlebot/2.1; +http://www.google.com/bot.html)"
199.30.25.17 - - [14/Apr/2018:10:02:58 +0200] "GET /doc/allomasok_kepes_osszefoglaloja.pdf HTTP/1.1" 200 4300800 "-" "Mozilla/5.0 (iPhone; CPU iPhone OS 7_0 like Mac OS X) AppleWebKit/537.51.1 (KHTML, like Gecko) Version/7.0 Mobile/11A465 Safari/9537.53 BingPreview/1.0b"
185.98.7.140 - - [14/Apr/2018:10:30:10 +0200] "GET / HTTP/1.1" 200 2023 "mkk.zpok.hu" "Mozilla/5.0 (Windows; U; Windows NT 5.1; en-US) AppleWebKit/533.4 (KHTML, like Gecko) Chrome/5.0.375.99 Safari/533.4"
185.98.7.140 - - [14/Apr/2018:10:30:14 +0200] "GET / HTTP/1.1" 200 2023 "mkk.zpok.hu" "Mozilla/5.0 (Windows; U; Windows NT 5.1; en-US) AppleWebKit/533.4 (KHTML, like Gecko) Chrome/5.0.375.99 Safari/533.4"
185.98.7.140 - - [14/Apr/2018:10:30:46 +0200] "GET / HTTP/1.1" 200 2023 "mkk.zpok.hu" "Mozilla/5.0 (Windows; U; Windows NT 5.1; en-US) AppleWebKit/533.4 (KHTML, like Gecko) Chrome/5.0.375.99 Safari/533.4"
66.249.64.76 - - [14/Apr/2018:11:05:15 +0200] "GET /images/vasutterkep_n.jpg HTTP/1.1" 404 1181 "-" "Googlebot-Image/1.0"
207.46.13.113 - - [14/Apr/2018:11:28:24 +0200] "GET /doc/bevasar.pdf HTTP/1.1" 404 1181 "-" "Mozilla/5.0 (iPhone; CPU iPhone OS 7_0 like Mac OS X) AppleWebKit/537.51.1 (KHTML, like Gecko) Version/7.0 Mobile/11A465 Safari/9537.53 (compatible; bingbot/2.0; +http://www.bing.com/bingbot.htm)"
173.252.88.25 - - [14/Apr/2018:11:32:26 +0200] "GET /hirlevel/images/1206_6.jpg HTTP/1.1" 404 1181 "-" "facebookexternalhit/1.1 (+http://www.facebook.com/externalhit_uatext.php)"
79.143.180.15 - - [14/Apr/2018:11:49:06 +0200] "GET /robots.txt HTTP/1.1" 404 1181 "-" "Wget/1.17.1 (linux-gnu)"
