193.68.41.10 - - [10/Apr/2018:11:50:52 +0200] "GET /facebook-logo-preview.png HTTP/1.1" 200 3924 "http://www.mkk.zpok.hu/" "Mozilla/5.0 (Windows NT 6.1) AppleWebKit/537.36 (KHTML, like Gecko) Chrome/63.0.3239.132 Safari/537.36"
193.68.41.10 - - [10/Apr/2018:11:50:54 +0200] "GET /favicon.ico HTTP/1.1" 404 1181 "http://www.mkk.zpok.hu/" "Mozilla/5.0 (Windows NT 6.1) AppleWebKit/537.36 (KHTML, like Gecko) Chrome/63.0.3239.132 Safari/537.36"
193.68.41.10 - - [10/Apr/2018:11:51:09 +0200] "GET /kikvagyunk2.htm HTTP/1.1" 200 17012 "http://www.mkk.zpok.hu/" "Mozilla/5.0 (Windows NT 6.1) AppleWebKit/537.36 (KHTML, like Gecko) Chrome/63.0.3239.132 Safari/537.36"
193.68.41.10 - - [10/Apr/2018:11:51:09 +0200] "GET /icons/icons_k/1.png HTTP/1.1" 200 7684 "http://www.mkk.zpok.hu/kikvagyunk2.htm" "Mozilla/5.0 (Windows NT 6.1) AppleWebKit/537.36 (KHTML, like Gecko) Chrome/63.0.3239.132 Safari/537.36"
193.68.41.10 - - [10/Apr/2018:11:51:09 +0200] "GET /icons/icons_k/2.png HTTP/1.1" 200 8020 "http://www.mkk.zpok.hu/kikvagyunk2.htm" "Mozilla/5.0 (Windows NT 6.1) AppleWebKit/537.36 (KHTML, like Gecko) Chrome/63.0.3239.132 Safari/537.36"
193.68.41.10 - - [10/Apr/2018:11:51:09 +0200] "GET /icons/icons_k/4.png HTTP/1.1" 200 5935 "http://www.mkk.zpok.hu/kikvagyunk2.htm" "Mozilla/5.0 (Windows NT 6.1) AppleWebKit/537.36 (KHTML, like Gecko) Chrome/63.0.3239.132 Safari/537.36"
193.68.41.10 - - [10/Apr/2018:11:51:09 +0200] "GET /icons/icons_k/3.png HTTP/1.1" 200 5625 "http://www.mkk.zpok.hu/kikvagyunk2.htm" "Mozilla/5.0 (Windows NT 6.1) AppleWebKit/537.36 (KHTML, like Gecko) Chrome/63.0.3239.132 Safari/537.36"
193.68.41.10 - - [10/Apr/2018:11:51:09 +0200] "GET /icons/icons_k/5.png HTTP/1.1" 200 5410 "http://www.mkk.zpok.hu/kikvagyunk2.htm" "Mozilla/5.0 (Windows NT 6.1) AppleWebKit/537.36 (KHTML, like Gecko) Chrome/63.0.3239.132 Safari/537.36"
193.68.41.10 - - [10/Apr/2018:11:51:09 +0200] "GET /icons/icons_k/6.png HTTP/1.1" 200 4270 "http://www.mkk.zpok.hu/kikvagyunk2.htm" "Mozilla/5.0 (Windows NT 6.1) AppleWebKit/537.36 (KHTML, like Gecko) Chrome/63.0.3239.132 Safari/537.36"
193.68.41.10 - - [10/Apr/2018:11:51:09 +0200] "GET /icons/icons_k/mpeter.png HTTP/1.1" 200 28939 "http://www.mkk.zpok.hu/kikvagyunk2.htm" "Mozilla/5.0 (Windows NT 6.1) AppleWebKit/537.36 (KHTML, like Gecko) Chrome/63.0.3239.132 Safari/537.36"
193.68.41.10 - - [10/Apr/2018:11:51:09 +0200] "GET /kikvag1.jpg HTTP/1.1" 200 9565 "http://www.mkk.zpok.hu/kikvagyunk2.htm" "Mozilla/5.0 (Windows NT 6.1) AppleWebKit/537.36 (KHTML, like Gecko) Chrome/63.0.3239.132 Safari/537.36"
193.68.41.10 - - [10/Apr/2018:11:51:09 +0200] "GET /pdf.png HTTP/1.1" 200 133123 "http://www.mkk.zpok.hu/kikvagyunk2.htm" "Mozilla/5.0 (Windows NT 6.1) AppleWebKit/537.36 (KHTML, like Gecko) Chrome/63.0.3239.132 Safari/537.36"
193.68.41.10 - - [10/Apr/2018:11:51:37 +0200] "GET /doc/alapsz03.pdf HTTP/1.1" 200 6009944 "http://www.mkk.zpok.hu/kikvagyunk2.htm" "Mozilla/5.0 (Windows NT 6.1) AppleWebKit/537.36 (KHTML, like Gecko) Chrome/63.0.3239.132 Safari/537.36"
193.68.41.10 - - [10/Apr/2018:11:52:26 +0200] "GET /projektek2.htm HTTP/1.1" 200 7634 "http://www.mkk.zpok.hu/" "Mozilla/5.0 (Windows NT 6.1) AppleWebKit/537.36 (KHTML, like Gecko) Chrome/63.0.3239.132 Safari/537.36"
193.68.41.10 - - [10/Apr/2018:11:52:26 +0200] "GET /icons/icons_k/westtakt.png HTTP/1.1" 200 8683 "http://www.mkk.zpok.hu/projektek2.htm" "Mozilla/5.0 (Windows NT 6.1) AppleWebKit/537.36 (KHTML, like Gecko) Chrome/63.0.3239.132 Safari/537.36"
193.68.41.10 - - [10/Apr/2018:11:52:26 +0200] "GET /icons/icons_k/eger.png HTTP/1.1" 200 28174 "http://www.mkk.zpok.hu/projektek2.htm" "Mozilla/5.0 (Windows NT 6.1) AppleWebKit/537.36 (KHTML, like Gecko) Chrome/63.0.3239.132 Safari/537.36"
193.68.41.10 - - [10/Apr/2018:11:52:26 +0200] "GET /icons/icons_k/kiskore.png HTTP/1.1" 200 25890 "http://www.mkk.zpok.hu/projektek2.htm" "Mozilla/5.0 (Windows NT 6.1) AppleWebKit/537.36 (KHTML, like Gecko) Chrome/63.0.3239.132 Safari/537.36"
193.68.41.10 - - [10/Apr/2018:11:52:26 +0200] "GET /icons/icons_k/aps.png HTTP/1.1" 200 8274 "http://www.mkk.zpok.hu/projektek2.htm" "Mozilla/5.0 (Windows NT 6.1) AppleWebKit/537.36 (KHTML, like Gecko) Chrome/63.0.3239.132 Safari/537.36"
193.68.41.10 - - [10/Apr/2018:11:52:26 +0200] "GET /icons/icons_k/fogadj.png HTTP/1.1" 200 31018 "http://www.mkk.zpok.hu/projektek2.htm" "Mozilla/5.0 (Windows NT 6.1) AppleWebKit/537.36 (KHTML, like Gecko) Chrome/63.0.3239.132 Safari/537.36"
193.68.41.10 - - [10/Apr/2018:11:52:26 +0200] "GET /icons/icons_k/ipoly.png HTTP/1.1" 200 26376 "http://www.mkk.zpok.hu/projektek2.htm" "Mozilla/5.0 (Windows NT 6.1) AppleWebKit/537.36 (KHTML, like Gecko) Chrome/63.0.3239.132 Safari/537.36"
193.68.41.10 - - [10/Apr/2018:11:52:26 +0200] "GET /icons/icons_k/bringa.png HTTP/1.1" 200 22141 "http://www.mkk.zpok.hu/projektek2.htm" "Mozilla/5.0 (Windows NT 6.1) AppleWebKit/537.36 (KHTML, like Gecko) Chrome/63.0.3239.132 Safari/537.36"
193.68.41.10 - - [10/Apr/2018:11:52:42 +0200] "GET /tagsag2.htm HTTP/1.1" 200 1335 "http://www.mkk.zpok.hu/" "Mozilla/5.0 (Windows NT 6.1) AppleWebKit/537.36 (KHTML, like Gecko) Chrome/63.0.3239.132 Safari/537.36"
207.46.13.197 - - [10/Apr/2018:13:28:50 +0200] "GET /robots.txt HTTP/1.1" 404 1181 "-" "Mozilla/5.0 (compatible; bingbot/2.0; +http://www.bing.com/bingbot.htm)"
157.55.39.143 - - [10/Apr/2018:13:36:32 +0200] "GET /doc/allomasok_kepes_osszefoglaloja.pdf HTTP/1.1" 200 5628186 "-" "Mozilla/5.0 (iPhone; CPU iPhone OS 7_0 like Mac OS X) AppleWebKit/537.51.1 (KHTML, like Gecko) Version/7.0 Mobile/11A465 Safari/9537.53 (compatible; bingbot/2.0; +http://www.bing.com/bingbot.htm)"
62.138.0.25 - - [10/Apr/2018:14:20:29 +0200] "GET /robots.txt HTTP/1.1" 404 1181 "-" "Mozilla/5.0 (compatible; adscanner/)"
62.138.0.25 - - [10/Apr/2018:14:20:30 +0200] "GET /hirlevel/vonattal1304.html HTTP/1.1" 404 1181 "-" "Mozilla/5.0 (compatible; adscanner/)"
40.77.178.100 - - [10/Apr/2018:14:38:14 +0200] "GET /doc/allomasok_kepes_osszefoglaloja.pdf HTTP/1.1" 200 4315500 "-" "Mozilla/5.0 (iPhone; CPU iPhone OS 7_0 like Mac OS X) AppleWebKit/537.51.1 (KHTML, like Gecko) Version/7.0 Mobile/11A465 Safari/9537.53 BingPreview/1.0b"
207.46.13.197 - - [10/Apr/2018:14:59:08 +0200] "GET /robots.txt HTTP/1.1" 404 1181 "-" "Mozilla/5.0 (compatible; bingbot/2.0; +http://www.bing.com/bingbot.htm)"
212.197.171.175 - - [10/Apr/2018:15:14:05 +0200] "GET /doc/b2_201203.jpg HTTP/1.1" 404 1181 "http://vasut.kteam.hu/" "Mozilla/5.0 (Windows NT 6.1; rv:59.0) Gecko/20100101 Firefox/59.0"
212.197.171.175 - - [10/Apr/2018:15:14:05 +0200] "GET /favicon.ico HTTP/1.1" 404 1181 "-" "Mozilla/5.0 (Windows NT 6.1; rv:59.0) Gecko/20100101 Firefox/59.0"
212.197.171.175 - - [10/Apr/2018:15:14:09 +0200] "GET /doc/b2_2010.pdf HTTP/1.1" 404 1181 "http://vasut.kteam.hu/" "Mozilla/5.0 (Windows NT 6.1; rv:59.0) Gecko/20100101 Firefox/59.0"
185.220.101.10 - - [10/Apr/2018:15:19:44 +0200] "GET / HTTP/1.1" 200 2023 "-" "Mozilla/5.0 (Windows NT 10.0; WOW64) AppleWebKit/537.36 (KHTML, like Gecko) Chrome/60.0.3112.90 Safari/537.36"
216.244.66.245 - - [10/Apr/2018:15:27:21 +0200] "GET /robots.txt HTTP/1.1" 404 1181 "-" "Mozilla/5.0 (compatible; DotBot/1.1; http://www.opensiteexplorer.org/dotbot, help@moz.com)"
207.46.13.142 - - [10/Apr/2018:15:32:06 +0200] "GET /doc/kerparoskozlekedes.pdf HTTP/1.1" 200 2540119 "-" "Mozilla/5.0 (iPhone; CPU iPhone OS 7_0 like Mac OS X) AppleWebKit/537.51.1 (KHTML, like Gecko) Version/7.0 Mobile/11A465 Safari/9537.53 (compatible; bingbot/2.0; +http://www.bing.com/bingbot.htm)"
217.149.164.46 - - [10/Apr/2018:15:35:58 +0200] "GET /doc/b2_2010.pdf HTTP/1.1" 404 1181 "https://de.wikipedia.org/" "Mozilla/5.0 (Windows NT 10.0; Win64; x64; rv:59.0) Gecko/20100101 Firefox/59.0"
217.149.164.46 - - [10/Apr/2018:15:35:58 +0200] "GET /favicon.ico HTTP/1.1" 404 1181 "-" "Mozilla/5.0 (Windows NT 10.0; Win64; x64; rv:59.0) Gecko/20100101 Firefox/59.0"
217.149.164.46 - - [10/Apr/2018:15:35:58 +0200] "GET /favicon.ico HTTP/1.1" 404 1181 "-" "Mozilla/5.0 (Windows NT 10.0; Win64; x64; rv:59.0) Gecko/20100101 Firefox/59.0"
216.244.66.245 - - [10/Apr/2018:15:36:02 +0200] "GET /hirlevel/vonattal1503.html HTTP/1.1" 404 1181 "-" "Mozilla/5.0 (compatible; DotBot/1.1; http://www.opensiteexplorer.org/dotbot, help@moz.com)"
37.220.136.18 - - [10/Apr/2018:15:46:19 +0200] "GET / HTTP/1.1" 200 2023 "https://www.google.hu/" "Mozilla/5.0 (Windows NT 6.1; rv:59.0) Gecko/20100101 Firefox/59.0"
37.220.136.18 - - [10/Apr/2018:15:46:19 +0200] "GET /blog.jpg HTTP/1.1" 200 29833 "http://www.mkk.zpok.hu/" "Mozilla/5.0 (Windows NT 6.1; rv:59.0) Gecko/20100101 Firefox/59.0"
37.220.136.18 - - [10/Apr/2018:15:46:19 +0200] "GET /facebook-logo-preview.png HTTP/1.1" 200 3924 "http://www.mkk.zpok.hu/" "Mozilla/5.0 (Windows NT 6.1; rv:59.0) Gecko/20100101 Firefox/59.0"
37.220.136.18 - - [10/Apr/2018:15:46:19 +0200] "GET /mkk_banner.png HTTP/1.1" 200 62097 "http://www.mkk.zpok.hu/" "Mozilla/5.0 (Windows NT 6.1; rv:59.0) Gecko/20100101 Firefox/59.0"
37.220.136.18 - - [10/Apr/2018:15:46:24 +0200] "GET /favicon.ico HTTP/1.1" 404 1181 "-" "Mozilla/5.0 (Windows NT 6.1; rv:59.0) Gecko/20100101 Firefox/59.0"
37.220.136.18 - - [10/Apr/2018:15:46:24 +0200] "GET /favicon.ico HTTP/1.1" 404 1181 "-" "Mozilla/5.0 (Windows NT 6.1; rv:59.0) Gecko/20100101 Firefox/59.0"
66.249.64.131 - - [10/Apr/2018:16:32:15 +0200] "GET /robots.txt HTTP/1.1" 404 1181 "-" "Mozilla/5.0 (compatible; Googlebot/2.1; +http://www.google.com/bot.html)"
66.249.64.158 - - [10/Apr/2018:16:32:15 +0200] "GET /doc/ecseri_ut.pdf HTTP/1.1" 404 1181 "-" "Mozilla/5.0 (compatible; Googlebot/2.1; +http://www.google.com/bot.html)"
46.229.164.102 - - [10/Apr/2018:16:44:58 +0200] "GET /robots.txt HTTP/1.1" 404 1181 "-" "Mozilla/5.0 (compatible; SemrushBot/1.2~bl; +http://www.semrush.com/bot.html)"
207.241.226.219 - - [10/Apr/2018:17:20:26 +0200] "GET /robots.txt HTTP/1.1" 404 1181 "-" "Mozilla/5.0 (compatible; archive.org_bot; Wayback Machine Live Record; +http://archive.org/details/archive.org_bot)"
207.241.225.227 - - [10/Apr/2018:17:20:28 +0200] "GET /robots.txt HTTP/1.1" 404 1181 "-" "Mozilla/5.0 (compatible; archive.org_bot; Wayback Machine Live Record; +http://archive.org/details/archive.org_bot)"
5.56.211.8 - - [10/Apr/2018:17:59:14 +0200] "GET /doc/b2_201203.jpg HTTP/1.1" 404 1181 "-" "Mozilla/5.0 (Macintosh; Intel Mac OS X 10_13_4) AppleWebKit/605.1.15 (KHTML, like Gecko)"
5.56.211.8 - - [10/Apr/2018:17:59:14 +0200] "GET /apple-touch-icon-precomposed.png HTTP/1.1" 404 1181 "-" "Safari/13605.1.33.1.2 CFNetwork/897.15 Darwin/17.5.0 (x86_64)"
5.56.211.8 - - [10/Apr/2018:17:59:14 +0200] "GET /apple-touch-icon.png HTTP/1.1" 404 1181 "-" "Safari/13605.1.33.1.2 CFNetwork/897.15 Darwin/17.5.0 (x86_64)"
5.56.211.8 - - [10/Apr/2018:17:59:14 +0200] "GET /favicon.ico HTTP/1.1" 404 1181 "-" "Safari/13605.1.33.1.2 CFNetwork/897.15 Darwin/17.5.0 (x86_64)"
5.56.211.8 - - [10/Apr/2018:17:59:14 +0200] "GET /apple-touch-icon-precomposed.png HTTP/1.1" 404 1181 "-" "Safari/13605.1.33.1.2 CFNetwork/897.15 Darwin/17.5.0 (x86_64)"
5.56.211.8 - - [10/Apr/2018:17:59:14 +0200] "GET /apple-touch-icon.png HTTP/1.1" 404 1181 "-" "Safari/13605.1.33.1.2 CFNetwork/897.15 Darwin/17.5.0 (x86_64)"
5.56.211.8 - - [10/Apr/2018:17:59:14 +0200] "GET /favicon.ico HTTP/1.1" 404 1181 "-" "Safari/13605.1.33.1.2 CFNetwork/897.15 Darwin/17.5.0 (x86_64)"
5.56.211.8 - - [10/Apr/2018:17:59:14 +0200] "GET /doc/b2_201203.jpg HTTP/1.1" 404 1181 "-" "\"Mozilla/5.0 (iPhone; CPU iPhone OS 11_0 like Mac OS X) AppleWebKit/604.1.38 (KHTML, like Gecko) Version/11.0 Mobile/15A372 Safari/604.1\""
5.56.211.8 - - [10/Apr/2018:17:59:14 +0200] "GET /apple-touch-icon-precomposed.png HTTP/1.1" 404 1181 "-" "Safari/13605.1.33.1.2 CFNetwork/897.15 Darwin/17.5.0 (x86_64)"
5.56.211.8 - - [10/Apr/2018:17:59:14 +0200] "GET /apple-touch-icon.png HTTP/1.1" 404 1181 "-" "Safari/13605.1.33.1.2 CFNetwork/897.15 Darwin/17.5.0 (x86_64)"
5.56.211.8 - - [10/Apr/2018:17:59:14 +0200] "GET /favicon.ico HTTP/1.1" 404 1181 "-" "Safari/13605.1.33.1.2 CFNetwork/897.15 Darwin/17.5.0 (x86_64)"
5.56.211.8 - - [10/Apr/2018:17:59:14 +0200] "GET /apple-touch-icon-precomposed.png HTTP/1.1" 404 1181 "-" "Safari/13605.1.33.1.2 CFNetwork/897.15 Darwin/17.5.0 (x86_64)"
5.56.211.8 - - [10/Apr/2018:17:59:14 +0200] "GET /apple-touch-icon.png HTTP/1.1" 404 1181 "-" "Safari/13605.1.33.1.2 CFNetwork/897.15 Darwin/17.5.0 (x86_64)"
5.56.211.8 - - [10/Apr/2018:17:59:15 +0200] "GET /favicon.ico HTTP/1.1" 404 1181 "-" "Safari/13605.1.33.1.2 CFNetwork/897.15 Darwin/17.5.0 (x86_64)"
5.56.211.8 - - [10/Apr/2018:18:14:44 +0200] "GET /doc/b2_201203.jpg HTTP/1.1" 404 1181 "-" "Mozilla/5.0 (Macintosh; Intel Mac OS X 10_13_4) AppleWebKit/605.1.15 (KHTML, like Gecko)"
5.56.211.8 - - [10/Apr/2018:18:14:45 +0200] "GET /apple-touch-icon-precomposed.png HTTP/1.1" 404 1181 "-" "Safari/13605.1.33.1.2 CFNetwork/897.15 Darwin/17.5.0 (x86_64)"
5.56.211.8 - - [10/Apr/2018:18:14:45 +0200] "GET /apple-touch-icon.png HTTP/1.1" 404 1181 "-" "Safari/13605.1.33.1.2 CFNetwork/897.15 Darwin/17.5.0 (x86_64)"
5.56.211.8 - - [10/Apr/2018:18:14:45 +0200] "GET /favicon.ico HTTP/1.1" 404 1181 "-" "Safari/13605.1.33.1.2 CFNetwork/897.15 Darwin/17.5.0 (x86_64)"
5.56.211.8 - - [10/Apr/2018:18:14:45 +0200] "GET /apple-touch-icon-precomposed.png HTTP/1.1" 404 1181 "-" "Safari/13605.1.33.1.2 CFNetwork/897.15 Darwin/17.5.0 (x86_64)"
5.56.211.8 - - [10/Apr/2018:18:14:45 +0200] "GET /apple-touch-icon.png HTTP/1.1" 404 1181 "-" "Safari/13605.1.33.1.2 CFNetwork/897.15 Darwin/17.5.0 (x86_64)"
5.56.211.8 - - [10/Apr/2018:18:14:45 +0200] "GET /favicon.ico HTTP/1.1" 404 1181 "-" "Safari/13605.1.33.1.2 CFNetwork/897.15 Darwin/17.5.0 (x86_64)"
5.56.211.8 - - [10/Apr/2018:18:14:45 +0200] "GET /doc/b2_201203.jpg HTTP/1.1" 404 1181 "-" "\"Mozilla/5.0 (iPhone; CPU iPhone OS 11_0 like Mac OS X) AppleWebKit/604.1.38 (KHTML, like Gecko) Version/11.0 Mobile/15A372 Safari/604.1\""
5.56.211.8 - - [10/Apr/2018:18:14:45 +0200] "GET /apple-touch-icon-precomposed.png HTTP/1.1" 404 1181 "-" "Safari/13605.1.33.1.2 CFNetwork/897.15 Darwin/17.5.0 (x86_64)"
5.56.211.8 - - [10/Apr/2018:18:14:45 +0200] "GET /apple-touch-icon.png HTTP/1.1" 404 1181 "-" "Safari/13605.1.33.1.2 CFNetwork/897.15 Darwin/17.5.0 (x86_64)"
5.56.211.8 - - [10/Apr/2018:18:14:45 +0200] "GET /favicon.ico HTTP/1.1" 404 1181 "-" "Safari/13605.1.33.1.2 CFNetwork/897.15 Darwin/17.5.0 (x86_64)"
5.56.211.8 - - [10/Apr/2018:18:14:45 +0200] "GET /apple-touch-icon-precomposed.png HTTP/1.1" 404 1181 "-" "Safari/13605.1.33.1.2 CFNetwork/897.15 Darwin/17.5.0 (x86_64)"
5.56.211.8 - - [10/Apr/2018:18:14:45 +0200] "GET /apple-touch-icon.png HTTP/1.1" 404 1181 "-" "Safari/13605.1.33.1.2 CFNetwork/897.15 Darwin/17.5.0 (x86_64)"
5.56.211.8 - - [10/Apr/2018:18:14:45 +0200] "GET /favicon.ico HTTP/1.1" 404 1181 "-" "Safari/13605.1.33.1.2 CFNetwork/897.15 Darwin/17.5.0 (x86_64)"
89.134.27.10 - - [10/Apr/2018:18:16:39 +0200] "GET /favicon.ico HTTP/1.1" 404 1181 "http://www.mkk.zpok.hu/doc/allomasok_kepes_osszefoglaloja.pdf" "Mozilla/5.0 (Windows NT 6.1; Win64; x64) AppleWebKit/537.36 (KHTML, like Gecko) Chrome/65.0.3325.181 Safari/537.36"
89.134.27.10 - - [10/Apr/2018:18:16:44 +0200] "GET /doc/allomasok_kepes_osszefoglaloja.pdf HTTP/1.1" 200 5628186 "-" "Mozilla/5.0 (Windows NT 6.1; Win64; x64) AppleWebKit/537.36 (KHTML, like Gecko) Chrome/65.0.3325.181 Safari/537.36"
157.55.39.83 - - [10/Apr/2018:18:18:14 +0200] "GET /doc/A_kozlekedesmenedzsment_korszeru_eszkozei.pdf HTTP/1.1" 404 1181 "-" "Mozilla/5.0 (iPhone; CPU iPhone OS 7_0 like Mac OS X) AppleWebKit/537.51.1 (KHTML, like Gecko) Version/7.0 Mobile/11A465 Safari/9537.53 (compatible; bingbot/2.0; +http://www.bing.com/bingbot.htm)"
207.46.13.113 - - [10/Apr/2018:18:40:33 +0200] "GET /doc/varos-videk_2009.pdf HTTP/1.1" 200 1636386 "-" "Mozilla/5.0 (iPhone; CPU iPhone OS 7_0 like Mac OS X) AppleWebKit/537.51.1 (KHTML, like Gecko) Version/7.0 Mobile/11A465 Safari/9537.53 (compatible; bingbot/2.0; +http://www.bing.com/bingbot.htm)"
144.76.23.74 - - [10/Apr/2018:18:49:18 +0200] "GET /robots.txt HTTP/1.1" 404 1181 "-" "Mozilla/5.0 (Windows; U; Windows NT 6.0; en-GB; rv:1.0; trendictionbot0.5.0; trendiction search; http://www.trendiction.de/bot; please let us know of any problems; web at trendiction.com) Gecko/20071127 Firefox/3.0.0.11"
144.76.23.74 - - [10/Apr/2018:18:49:19 +0200] "GET / HTTP/1.1" 200 2023 "-" "Mozilla/5.0 (Windows; U; Windows NT 6.0; en-GB; rv:1.0; trendictionbot0.5.0; trendiction search; http://www.trendiction.de/bot; please let us know of any problems; web at trendiction.com) Gecko/20071127 Firefox/3.0.0.11"
207.46.13.113 - - [10/Apr/2018:19:03:07 +0200] "GET /doc/tisza-to_szoroanyag_2012.pdf HTTP/1.1" 404 1181 "-" "Mozilla/5.0 (iPhone; CPU iPhone OS 7_0 like Mac OS X) AppleWebKit/537.51.1 (KHTML, like Gecko) Version/7.0 Mobile/11A465 Safari/9537.53 (compatible; bingbot/2.0; +http://www.bing.com/bingbot.htm)"
81.94.250.123 - - [10/Apr/2018:19:19:42 +0200] "GET / HTTP/1.1" 200 2023 "https://www.google.hu/" "Mozilla/5.0 (Windows NT 10.0; Win64; x64) AppleWebKit/537.36 (KHTML, like Gecko) Chrome/65.0.3325.181 Safari/537.36"
81.94.250.123 - - [10/Apr/2018:19:19:42 +0200] "GET /blog.jpg HTTP/1.1" 200 29833 "http://www.mkk.zpok.hu/" "Mozilla/5.0 (Windows NT 10.0; Win64; x64) AppleWebKit/537.36 (KHTML, like Gecko) Chrome/65.0.3325.181 Safari/537.36"
81.94.250.123 - - [10/Apr/2018:19:19:42 +0200] "GET /facebook-logo-preview.png HTTP/1.1" 200 3924 "http://www.mkk.zpok.hu/" "Mozilla/5.0 (Windows NT 10.0; Win64; x64) AppleWebKit/537.36 (KHTML, like Gecko) Chrome/65.0.3325.181 Safari/537.36"
81.94.250.123 - - [10/Apr/2018:19:19:43 +0200] "GET /mkk_banner.png HTTP/1.1" 200 62097 "http://www.mkk.zpok.hu/" "Mozilla/5.0 (Windows NT 10.0; Win64; x64) AppleWebKit/537.36 (KHTML, like Gecko) Chrome/65.0.3325.181 Safari/537.36"
40.77.167.100 - - [10/Apr/2018:19:21:44 +0200] "GET /doc/b2_2010.pdf HTTP/1.1" 404 1181 "-" "Mozilla/5.0 (iPhone; CPU iPhone OS 7_0 like Mac OS X) AppleWebKit/537.51.1 (KHTML, like Gecko) Version/7.0 Mobile/11A465 Safari/9537.53 (compatible; bingbot/2.0; +http://www.bing.com/bingbot.htm)"
207.244.149.74 - - [10/Apr/2018:19:26:00 +0200] "GET /wp-content/plugins/formcraft/file-upload/server/content/upload.php HTTP/1.1" 404 1181 "http://www.mkk.zpok.hu/wp-content/plugins/formcraft/file-upload/server/content/upload.php" "Mozilla/5.0 (Windows NT 6.1; WOW64) AppleWebKit/537.36 (KHTML, like Gecko) Chrome/42.0.2311.152 Safari/537.36"
207.46.13.113 - - [10/Apr/2018:19:38:29 +0200] "GET / HTTP/1.1" 200 2023 "-" "Mozilla/5.0 (compatible; bingbot/2.0; +http://www.bing.com/bingbot.htm)"
141.8.183.17 - - [10/Apr/2018:20:07:41 +0200] "GET /robots.txt HTTP/1.1" 404 1181 "-" "Mozilla/5.0 (compatible; YandexBot/3.0; +http://yandex.com/bots)"
141.8.132.36 - - [10/Apr/2018:20:07:46 +0200] "GET /doc/mkk_eger_tanulmany_2014.pdf HTTP/1.1" 200 851104 "-" "Mozilla/5.0 (iPhone; CPU iPhone OS 8_1 like Mac OS X) AppleWebKit/600.1.4 (KHTML, like Gecko) Version/8.0 Mobile/12B411 Safari/600.1.4 (compatible; YandexMobileBot/3.0; +http://yandex.com/bots)"
207.46.13.113 - - [10/Apr/2018:20:18:12 +0200] "GET /hirlevel/Prezentacio_Partners%C3%A9g%20%20a%20jobb%20vas%C3%BAt%C3%A9rt.pdf HTTP/1.1" 404 1181 "-" "Mozilla/5.0 (iPhone; CPU iPhone OS 7_0 like Mac OS X) AppleWebKit/537.51.1 (KHTML, like Gecko) Version/7.0 Mobile/11A465 Safari/9537.53 (compatible; bingbot/2.0; +http://www.bing.com/bingbot.htm)"
79.251.247.113 - - [10/Apr/2018:20:24:11 +0200] "GET /images/vasutterkep_n.jpg HTTP/1.1" 404 1181 "-" "Mozilla/5.0 (iPad; CPU OS 11_3 like Mac OS X) AppleWebKit/605.1.15 (KHTML, like Gecko) Version/11.0 Mobile/15E148 Safari/604.1"
79.251.247.113 - - [10/Apr/2018:20:24:11 +0200] "GET /apple-touch-icon-152x152-precomposed.png HTTP/1.1" 404 1181 "-" "MobileSafari/604.1 CFNetwork/897.15 Darwin/17.5.0"
79.251.247.113 - - [10/Apr/2018:20:24:11 +0200] "GET /apple-touch-icon-152x152.png HTTP/1.1" 404 1181 "-" "MobileSafari/604.1 CFNetwork/897.15 Darwin/17.5.0"
79.251.247.113 - - [10/Apr/2018:20:24:11 +0200] "GET /apple-touch-icon-precomposed.png HTTP/1.1" 404 1181 "-" "MobileSafari/604.1 CFNetwork/897.15 Darwin/17.5.0"
79.251.247.113 - - [10/Apr/2018:20:24:11 +0200] "GET /apple-touch-icon.png HTTP/1.1" 404 1181 "-" "MobileSafari/604.1 CFNetwork/897.15 Darwin/17.5.0"
79.251.247.113 - - [10/Apr/2018:20:24:12 +0200] "GET /favicon.ico HTTP/1.1" 404 1181 "-" "MobileSafari/604.1 CFNetwork/897.15 Darwin/17.5.0"
79.251.247.113 - - [10/Apr/2018:20:24:12 +0200] "GET /apple-touch-icon-152x152-precomposed.png HTTP/1.1" 404 1181 "-" "MobileSafari/604.1 CFNetwork/897.15 Darwin/17.5.0"
79.251.247.113 - - [10/Apr/2018:20:24:12 +0200] "GET /apple-touch-icon-152x152.png HTTP/1.1" 404 1181 "-" "MobileSafari/604.1 CFNetwork/897.15 Darwin/17.5.0"
79.251.247.113 - - [10/Apr/2018:20:24:12 +0200] "GET /apple-touch-icon-precomposed.png HTTP/1.1" 404 1181 "-" "MobileSafari/604.1 CFNetwork/897.15 Darwin/17.5.0"
79.251.247.113 - - [10/Apr/2018:20:24:12 +0200] "GET /apple-touch-icon.png HTTP/1.1" 404 1181 "-" "MobileSafari/604.1 CFNetwork/897.15 Darwin/17.5.0"
79.251.247.113 - - [10/Apr/2018:20:24:12 +0200] "GET /favicon.ico HTTP/1.1" 404 1181 "-" "MobileSafari/604.1 CFNetwork/897.15 Darwin/17.5.0"
54.76.43.217 - - [10/Apr/2018:20:25:41 +0200] "HEAD / HTTP/1.1" 200 0 "-" "Mozilla/5.0 (compatible; JobKereso; +https://www.kozvetlen-allasok.hu/robot.jsp info@kozvetlen-allasok.hu)"
54.76.43.217 - - [10/Apr/2018:20:25:41 +0200] "GET /robots.txt HTTP/1.1" 404 1181 "-" "Mozilla/5.0 (compatible; JobKereso; +https://www.kozvetlen-allasok.hu/robot.jsp info@kozvetlen-allasok.hu)"
54.76.43.217 - - [10/Apr/2018:20:25:41 +0200] "HEAD / HTTP/1.1" 200 0 "-" "Mozilla/5.0 (compatible; JobKereso; +https://www.kozvetlen-allasok.hu/robot.jsp info@kozvetlen-allasok.hu)"
54.76.43.217 - - [10/Apr/2018:20:25:41 +0200] "GET / HTTP/1.1" 200 2023 "-" "Mozilla/5.0 (compatible; JobKereso; +https://www.kozvetlen-allasok.hu/robot.jsp info@kozvetlen-allasok.hu)"
54.76.43.217 - - [10/Apr/2018:20:25:41 +0200] "HEAD /favicon.ico HTTP/1.1" 404 0 "https://www.kozvetlen-allasok.hu" "Mozilla/5.0 (compatible; JobKeresoBot; +https://www.kozvetlen-allasok.hu/help.jsp; info@kozvetlen-allasok.hu; 5.0"
157.55.39.83 - - [10/Apr/2018:20:37:09 +0200] "GET /doc/hu_aps_positivbeispiele_aufl2_070622_klein.pdf HTTP/1.1" 200 2887217 "-" "Mozilla/5.0 (compatible; bingbot/2.0; +http://www.bing.com/bingbot.htm)"
34.245.77.135 - - [10/Apr/2018:21:05:02 +0200] "HEAD / HTTP/1.1" 200 0 "-" "Mozilla/5.0 (compatible; JobKereso; +https://www.kozvetlen-allasok.hu/robot.jsp info@kozvetlen-allasok.hu)"
34.245.77.135 - - [10/Apr/2018:21:05:03 +0200] "GET /robots.txt HTTP/1.1" 404 1181 "-" "Mozilla/5.0 (compatible; JobKereso; +https://www.kozvetlen-allasok.hu/robot.jsp info@kozvetlen-allasok.hu)"
34.245.77.135 - - [10/Apr/2018:21:05:03 +0200] "HEAD / HTTP/1.1" 200 0 "-" "Mozilla/5.0 (compatible; JobKereso; +https://www.kozvetlen-allasok.hu/robot.jsp info@kozvetlen-allasok.hu)"
34.245.77.135 - - [10/Apr/2018:21:05:03 +0200] "GET / HTTP/1.1" 200 2023 "-" "Mozilla/5.0 (compatible; JobKereso; +https://www.kozvetlen-allasok.hu/robot.jsp info@kozvetlen-allasok.hu)"
34.245.77.135 - - [10/Apr/2018:21:05:03 +0200] "HEAD /favicon.ico HTTP/1.1" 404 0 "https://www.kozvetlen-allasok.hu" "Mozilla/5.0 (compatible; JobKeresoBot; +https://www.kozvetlen-allasok.hu/help.jsp; info@kozvetlen-allasok.hu; 5.0"
5.9.17.118 - - [10/Apr/2018:21:12:26 +0200] "GET /hirlevel/utasf_1205.pdf HTTP/1.1" 404 1181 "-" "Mozilla/5.0 (Windows NT 10.0; Win64; x64) AppleWebKit/537.36 (KHTML, like Gecko) Chrome/58.0.3029.110 Safari/537.36 Edge/16.16299"
157.55.39.83 - - [10/Apr/2018:21:37:03 +0200] "GET /doc/mkk_eger_tanulmany_2014.pdf HTTP/1.1" 200 851104 "-" "Mozilla/5.0 (iPhone; CPU iPhone OS 7_0 like Mac OS X) AppleWebKit/537.51.1 (KHTML, like Gecko) Version/7.0 Mobile/11A465 Safari/9537.53 (compatible; bingbot/2.0; +http://www.bing.com/bingbot.htm)"
114.115.190.4 - - [10/Apr/2018:21:38:50 +0200] "GET /robots.txt HTTP/1.0" 404 1181 "-" "nutch-1.4/Nutch-1.4"
114.115.190.4 - - [10/Apr/2018:21:38:51 +0200] "GET / HTTP/1.0" 200 2023 "-" "nutch-1.4/Nutch-1.4"
46.229.164.101 - - [10/Apr/2018:21:55:33 +0200] "GET /robots.txt HTTP/1.1" 404 1181 "-" "Mozilla/5.0 (compatible; SemrushBot/1.2~bl; +http://www.semrush.com/bot.html)"
216.244.66.245 - - [10/Apr/2018:22:27:25 +0200] "GET /robots.txt HTTP/1.1" 404 1181 "-" "Mozilla/5.0 (compatible; DotBot/1.1; http://www.opensiteexplorer.org/dotbot, help@moz.com)"
77.111.91.248 - - [10/Apr/2018:22:45:40 +0200] "GET / HTTP/1.1" 200 2023 "-" "Mozilla/5.0 (Windows NT 10.0; Win64; x64) AppleWebKit/537.36 (KHTML, like Gecko) Chrome/62.0.3202.94 Safari/537.36"
80.77.124.233 - - [10/Apr/2018:22:52:02 +0200] "GET / HTTP/1.1" 200 2023 "-" "Mozilla/5.0 (Windows NT 10.0; Win64; x64) AppleWebKit/537.36 (KHTML, like Gecko) Chrome/62.0.3202.94 Safari/537.36"
176.63.24.248 - - [10/Apr/2018:23:06:04 +0200] "GET /favicon.ico HTTP/1.1" 404 1181 "http://www.mkk.zpok.hu/doc/kerparoskozlekedes.pdf" "Mozilla/5.0 (Windows NT 10.0; Win64; x64) AppleWebKit/537.36 (KHTML, like Gecko) Chrome/65.0.3325.181 Safari/537.36"
176.63.24.248 - - [10/Apr/2018:23:06:13 +0200] "GET /doc/kerparoskozlekedes.pdf HTTP/1.1" 200 2540119 "https://www.google.hu/" "Mozilla/5.0 (Windows NT 10.0; Win64; x64) AppleWebKit/537.36 (KHTML, like Gecko) Chrome/65.0.3325.181 Safari/537.36"
81.182.161.199 - - [10/Apr/2018:23:52:11 +0200] "GET / HTTP/1.1" 200 2023 "https://www.google.hu/" "Mozilla/5.0 (Windows NT 10.0; WOW64) AppleWebKit/537.36 (KHTML, like Gecko) Chrome/65.0.3325.181 Safari/537.36"
81.182.161.199 - - [10/Apr/2018:23:52:12 +0200] "GET /facebook-logo-preview.png HTTP/1.1" 200 3924 "http://www.mkk.zpok.hu/" "Mozilla/5.0 (Windows NT 10.0; WOW64) AppleWebKit/537.36 (KHTML, like Gecko) Chrome/65.0.3325.181 Safari/537.36"
81.182.161.199 - - [10/Apr/2018:23:52:12 +0200] "GET /blog.jpg HTTP/1.1" 200 29833 "http://www.mkk.zpok.hu/" "Mozilla/5.0 (Windows NT 10.0; WOW64) AppleWebKit/537.36 (KHTML, like Gecko) Chrome/65.0.3325.181 Safari/537.36"
81.182.161.199 - - [10/Apr/2018:23:52:12 +0200] "GET /mkk_banner.png HTTP/1.1" 200 62097 "http://www.mkk.zpok.hu/" "Mozilla/5.0 (Windows NT 10.0; WOW64) AppleWebKit/537.36 (KHTML, like Gecko) Chrome/65.0.3325.181 Safari/537.36"
81.182.161.199 - - [10/Apr/2018:23:52:21 +0200] "GET /favicon.ico HTTP/1.1" 404 1181 "http://www.mkk.zpok.hu/" "Mozilla/5.0 (Windows NT 10.0; WOW64) AppleWebKit/537.36 (KHTML, like Gecko) Chrome/65.0.3325.181 Safari/537.36"
81.182.161.199 - - [10/Apr/2018:23:52:32 +0200] "GET /projektek2.htm HTTP/1.1" 200 7634 "http://www.mkk.zpok.hu/" "Mozilla/5.0 (Windows NT 10.0; WOW64) AppleWebKit/537.36 (KHTML, like Gecko) Chrome/65.0.3325.181 Safari/537.36"
81.182.161.199 - - [10/Apr/2018:23:52:32 +0200] "GET /icons/icons_k/westtakt.png HTTP/1.1" 200 8683 "http://www.mkk.zpok.hu/projektek2.htm" "Mozilla/5.0 (Windows NT 10.0; WOW64) AppleWebKit/537.36 (KHTML, like Gecko) Chrome/65.0.3325.181 Safari/537.36"
81.182.161.199 - - [10/Apr/2018:23:52:32 +0200] "GET /icons/icons_k/aps.png HTTP/1.1" 200 8274 "http://www.mkk.zpok.hu/projektek2.htm" "Mozilla/5.0 (Windows NT 10.0; WOW64) AppleWebKit/537.36 (KHTML, like Gecko) Chrome/65.0.3325.181 Safari/537.36"
81.182.161.199 - - [10/Apr/2018:23:52:32 +0200] "GET /icons/icons_k/eger.png HTTP/1.1" 200 28174 "http://www.mkk.zpok.hu/projektek2.htm" "Mozilla/5.0 (Windows NT 10.0; WOW64) AppleWebKit/537.36 (KHTML, like Gecko) Chrome/65.0.3325.181 Safari/537.36"
81.182.161.199 - - [10/Apr/2018:23:52:32 +0200] "GET /icons/icons_k/ipoly.png HTTP/1.1" 200 26376 "http://www.mkk.zpok.hu/projektek2.htm" "Mozilla/5.0 (Windows NT 10.0; WOW64) AppleWebKit/537.36 (KHTML, like Gecko) Chrome/65.0.3325.181 Safari/537.36"
81.182.161.199 - - [10/Apr/2018:23:52:33 +0200] "GET /icons/icons_k/kiskore.png HTTP/1.1" 200 25890 "http://www.mkk.zpok.hu/projektek2.htm" "Mozilla/5.0 (Windows NT 10.0; WOW64) AppleWebKit/537.36 (KHTML, like Gecko) Chrome/65.0.3325.181 Safari/537.36"
81.182.161.199 - - [10/Apr/2018:23:52:33 +0200] "GET /icons/icons_k/fogadj.png HTTP/1.1" 200 31018 "http://www.mkk.zpok.hu/projektek2.htm" "Mozilla/5.0 (Windows NT 10.0; WOW64) AppleWebKit/537.36 (KHTML, like Gecko) Chrome/65.0.3325.181 Safari/537.36"
81.182.161.199 - - [10/Apr/2018:23:52:33 +0200] "GET /icons/icons_k/bringa.png HTTP/1.1" 200 22141 "http://www.mkk.zpok.hu/projektek2.htm" "Mozilla/5.0 (Windows NT 10.0; WOW64) AppleWebKit/537.36 (KHTML, like Gecko) Chrome/65.0.3325.181 Safari/537.36"
81.182.161.199 - - [10/Apr/2018:23:52:40 +0200] "GET /tagsag2.htm HTTP/1.1" 200 1335 "http://www.mkk.zpok.hu/" "Mozilla/5.0 (Windows NT 10.0; WOW64) AppleWebKit/537.36 (KHTML, like Gecko) Chrome/65.0.3325.181 Safari/537.36"
81.182.161.199 - - [10/Apr/2018:23:52:45 +0200] "GET /kikvagyunk2.htm HTTP/1.1" 200 17012 "http://www.mkk.zpok.hu/" "Mozilla/5.0 (Windows NT 10.0; WOW64) AppleWebKit/537.36 (KHTML, like Gecko) Chrome/65.0.3325.181 Safari/537.36"
81.182.161.199 - - [10/Apr/2018:23:52:45 +0200] "GET /icons/icons_k/1.png HTTP/1.1" 200 7684 "http://www.mkk.zpok.hu/kikvagyunk2.htm" "Mozilla/5.0 (Windows NT 10.0; WOW64) AppleWebKit/537.36 (KHTML, like Gecko) Chrome/65.0.3325.181 Safari/537.36"
81.182.161.199 - - [10/Apr/2018:23:52:45 +0200] "GET /icons/icons_k/2.png HTTP/1.1" 200 8020 "http://www.mkk.zpok.hu/kikvagyunk2.htm" "Mozilla/5.0 (Windows NT 10.0; WOW64) AppleWebKit/537.36 (KHTML, like Gecko) Chrome/65.0.3325.181 Safari/537.36"
81.182.161.199 - - [10/Apr/2018:23:52:45 +0200] "GET /icons/icons_k/4.png HTTP/1.1" 200 5935 "http://www.mkk.zpok.hu/kikvagyunk2.htm" "Mozilla/5.0 (Windows NT 10.0; WOW64) AppleWebKit/537.36 (KHTML, like Gecko) Chrome/65.0.3325.181 Safari/537.36"
81.182.161.199 - - [10/Apr/2018:23:52:45 +0200] "GET /icons/icons_k/5.png HTTP/1.1" 200 5410 "http://www.mkk.zpok.hu/kikvagyunk2.htm" "Mozilla/5.0 (Windows NT 10.0; WOW64) AppleWebKit/537.36 (KHTML, like Gecko) Chrome/65.0.3325.181 Safari/537.36"
81.182.161.199 - - [10/Apr/2018:23:52:45 +0200] "GET /icons/icons_k/3.png HTTP/1.1" 200 5625 "http://www.mkk.zpok.hu/kikvagyunk2.htm" "Mozilla/5.0 (Windows NT 10.0; WOW64) AppleWebKit/537.36 (KHTML, like Gecko) Chrome/65.0.3325.181 Safari/537.36"
81.182.161.199 - - [10/Apr/2018:23:52:45 +0200] "GET /icons/icons_k/6.png HTTP/1.1" 200 4270 "http://www.mkk.zpok.hu/kikvagyunk2.htm" "Mozilla/5.0 (Windows NT 10.0; WOW64) AppleWebKit/537.36 (KHTML, like Gecko) Chrome/65.0.3325.181 Safari/537.36"
81.182.161.199 - - [10/Apr/2018:23:52:45 +0200] "GET /icons/icons_k/mpeter.png HTTP/1.1" 200 28939 "http://www.mkk.zpok.hu/kikvagyunk2.htm" "Mozilla/5.0 (Windows NT 10.0; WOW64) AppleWebKit/537.36 (KHTML, like Gecko) Chrome/65.0.3325.181 Safari/537.36"
81.182.161.199 - - [10/Apr/2018:23:52:45 +0200] "GET /kikvag1.jpg HTTP/1.1" 200 9565 "http://www.mkk.zpok.hu/kikvagyunk2.htm" "Mozilla/5.0 (Windows NT 10.0; WOW64) AppleWebKit/537.36 (KHTML, like Gecko) Chrome/65.0.3325.181 Safari/537.36"
81.182.161.199 - - [10/Apr/2018:23:52:46 +0200] "GET /pdf.png HTTP/1.1" 200 133123 "http://www.mkk.zpok.hu/kikvagyunk2.htm" "Mozilla/5.0 (Windows NT 10.0; WOW64) AppleWebKit/537.36 (KHTML, like Gecko) Chrome/65.0.3325.181 Safari/537.36"
151.230.210.60 - - [10/Apr/2018:23:56:19 +0200] "GET /wp-login.php HTTP/1.1" 404 1181 "-" "Mozilla/5.0 (Windows NT 6.1; WOW64; rv:40.0) Gecko/20100101 Firefox/40.1"
151.230.210.60 - - [10/Apr/2018:23:56:19 +0200] "GET / HTTP/1.1" 200 2023 "-" "Mozilla/5.0 (Windows NT 6.1; WOW64; rv:40.0) Gecko/20100101 Firefox/40.1"
66.249.64.78 - - [11/Apr/2018:00:34:43 +0200] "GET /robots.txt HTTP/1.1" 404 1181 "-" "Mozilla/5.0 (compatible; Googlebot/2.1; +http://www.google.com/bot.html)"
66.249.64.76 - - [11/Apr/2018:00:34:44 +0200] "GET / HTTP/1.1" 200 2023 "-" "Mozilla/5.0 (compatible; Googlebot/2.1; +http://www.google.com/bot.html)"
66.249.64.78 - - [11/Apr/2018:00:36:05 +0200] "GET /favicon.ico HTTP/1.1" 404 1181 "-" "Googlebot-Image/1.0"
216.244.66.245 - - [11/Apr/2018:00:36:07 +0200] "GET /robots.txt HTTP/1.1" 404 1181 "-" "Mozilla/5.0 (compatible; DotBot/1.1; http://www.opensiteexplorer.org/dotbot, help@moz.com)"
91.210.144.230 - - [11/Apr/2018:00:38:53 +0200] "GET / HTTP/1.1" 200 2023 "http://mkk.zpok.hu" "Mozilla/5.0 (Windows NT 6.1; WOW64) AppleWebKit/537.36 (KHTML, like Gecko) Chrome/31.0.1650.57 Safari/537.36"
91.210.144.230 - - [11/Apr/2018:00:39:03 +0200] "GET /blog/ HTTP/1.1" 404 1181 "http://mkk.zpok.hu/blog/" "Mozilla/5.0 (Windows NT 6.1; WOW64) AppleWebKit/537.36 (KHTML, like Gecko) Chrome/31.0.1650.57 Safari/537.36"
216.244.66.245 - - [11/Apr/2018:00:47:59 +0200] "GET /doc/mkk_eger_tanulmany_2014.pdf HTTP/1.1" 200 851104 "-" "Mozilla/5.0 (compatible; DotBot/1.1; http://www.opensiteexplorer.org/dotbot, help@moz.com)"
216.244.66.245 - - [11/Apr/2018:01:01:25 +0200] "GET /robots.txt HTTP/1.1" 404 1181 "-" "Mozilla/5.0 (compatible; DotBot/1.1; http://www.opensiteexplorer.org/dotbot, help@moz.com)"
216.244.66.245 - - [11/Apr/2018:01:14:46 +0200] "GET /doc/Honig_level_20091104.pdf HTTP/1.1" 404 1181 "-" "Mozilla/5.0 (compatible; DotBot/1.1; http://www.opensiteexplorer.org/dotbot, help@moz.com)"
207.46.13.113 - - [11/Apr/2018:01:17:09 +0200] "GET / HTTP/1.1" 200 2023 "-" "Mozilla/5.0 (compatible; bingbot/2.0; +http://www.bing.com/bingbot.htm)"
66.249.64.78 - - [11/Apr/2018:01:36:34 +0200] "GET / HTTP/1.1" 200 2023 "-" "Mozilla/5.0 (Linux; Android 6.0.1; Nexus 5X Build/MMB29P) AppleWebKit/537.36 (KHTML, like Gecko) Chrome/41.0.2272.96 Mobile Safari/537.36 (compatible; Googlebot/2.1; +http://www.google.com/bot.html)"
54.36.148.58 - - [11/Apr/2018:01:39:22 +0200] "GET /hirlevel/vonattal1501.html HTTP/1.1" 404 1181 "-" "Mozilla/5.0 (compatible; AhrefsBot/5.2; +http://ahrefs.com/robot/)"
66.249.64.74 - - [11/Apr/2018:01:40:00 +0200] "GET /favicon.ico HTTP/1.1" 404 1181 "-" "Googlebot-Image/1.0"
216.244.66.245 - - [11/Apr/2018:02:19:00 +0200] "GET /robots.txt HTTP/1.1" 404 1181 "-" "Mozilla/5.0 (compatible; DotBot/1.1; http://www.opensiteexplorer.org/dotbot, help@moz.com)"
216.244.66.245 - - [11/Apr/2018:02:28:54 +0200] "GET /doc/hu_aps_positivbeispiele_aufl2_070622_klein.pdf HTTP/1.1" 200 1087114 "-" "Mozilla/5.0 (compatible; DotBot/1.1; http://www.opensiteexplorer.org/dotbot, help@moz.com)"
23.237.4.26 - - [11/Apr/2018:02:42:42 +0200] "GET / HTTP/1.1" 200 2023 "-" "Mozilla/5.0 (compatible; AlphaBot/3.2; +http://alphaseobot.com/bot.html)"
157.55.39.83 - - [11/Apr/2018:02:49:07 +0200] "GET /doc/alapsz03.pdf HTTP/1.1" 200 6009944 "-" "Mozilla/5.0 (iPhone; CPU iPhone OS 7_0 like Mac OS X) AppleWebKit/537.51.1 (KHTML, like Gecko) Version/7.0 Mobile/11A465 Safari/9537.53 (compatible; bingbot/2.0; +http://www.bing.com/bingbot.htm)"
131.253.27.43 - - [11/Apr/2018:03:50:37 +0200] "GET /doc/alapsz03.pdf HTTP/1.1" 200 4317184 "-" "Mozilla/5.0 (iPhone; CPU iPhone OS 7_0 like Mac OS X) AppleWebKit/537.51.1 (KHTML, like Gecko) Version/7.0 Mobile/11A465 Safari/9537.53 BingPreview/1.0b"
138.201.59.34 - - [11/Apr/2018:04:43:54 +0200] "GET /robots.txt HTTP/1.0" 404 1181 "-" "Mozilla/5.0 (compatible; SEOkicks-Robot; +http://www.seokicks.de/robot.html)"
138.201.59.34 - - [11/Apr/2018:04:43:55 +0200] "GET / HTTP/1.0" 200 2023 "-" "Mozilla/5.0 (compatible; SEOkicks-Robot; +http://www.seokicks.de/robot.html)"
138.201.59.34 - - [11/Apr/2018:04:43:56 +0200] "GET /kikvagyunk2.htm HTTP/1.0" 200 17012 "http://www.mkk.zpok.hu/" "Mozilla/5.0 (compatible; SEOkicks-Robot; +http://www.seokicks.de/robot.html)"
138.201.59.34 - - [11/Apr/2018:04:43:58 +0200] "GET /projektek2.htm HTTP/1.0" 200 7634 "http://www.mkk.zpok.hu/" "Mozilla/5.0 (compatible; SEOkicks-Robot; +http://www.seokicks.de/robot.html)"
138.201.59.34 - - [11/Apr/2018:04:43:59 +0200] "GET /tagsag2.htm HTTP/1.0" 200 1335 "http://www.mkk.zpok.hu/" "Mozilla/5.0 (compatible; SEOkicks-Robot; +http://www.seokicks.de/robot.html)"
138.201.59.34 - - [11/Apr/2018:04:44:00 +0200] "GET /doc/kozh.zip HTTP/1.0" 200 18470 "http://www.mkk.zpok.hu/kikvagyunk2.htm" "Mozilla/5.0 (compatible; SEOkicks-Robot; +http://www.seokicks.de/robot.html)"
138.201.59.34 - - [11/Apr/2018:04:44:02 +0200] "GET /doc/westtakt_mnr_tkp.zip HTTP/1.0" 200 18473 "http://www.mkk.zpok.hu/projektek2.htm" "Mozilla/5.0 (compatible; SEOkicks-Robot; +http://www.seokicks.de/robot.html)"
138.201.59.34 - - [11/Apr/2018:04:44:03 +0200] "GET /doc/ipoly_konf.zip HTTP/1.0" 200 8192 "http://www.mkk.zpok.hu/projektek2.htm" "Mozilla/5.0 (compatible; SEOkicks-Robot; +http://www.seokicks.de/robot.html)"
94.23.33.67 - - [11/Apr/2018:05:09:11 +0200] "GET //wp-content/themes/u-design/style.css HTTP/1.0" 404 1181 "-" "Mozilla/5.0 (Windows NT 6.1; Win64; x64) AppleWebKit/537.36 (KHTML, like Gecko) Chrome/62.0.3202.94 Safari/537.36"
94.23.33.67 - - [11/Apr/2018:05:09:11 +0200] "GET //wp-content/themes/u-design/style.css HTTP/1.0" 404 1181 "-" "Mozilla/5.0 (Windows NT 6.1; Win64; x64) AppleWebKit/537.36 (KHTML, like Gecko) Chrome/62.0.3202.94 Safari/537.36"
162.208.51.12 - - [11/Apr/2018:05:20:58 +0200] "GET / HTTP/1.1" 200 2023 "-" "Mozilla/5.0 (Windows NT 10.0; WOW64; rv:40.0) Gecko/20100101 Firefox/40.0"
162.208.51.12 - - [11/Apr/2018:05:24:14 +0200] "GET /blog.jpg HTTP/1.1" 200 29833 "-" "Mozilla/5.0 (Windows; U; Windows NT 6.1; rv:2.2) Gecko/20110201"
144.76.23.74 - - [11/Apr/2018:05:34:26 +0200] "GET /robots.txt HTTP/1.1" 404 1181 "-" "Mozilla/5.0 (Windows; U; Windows NT 6.0; en-GB; rv:1.0; trendictionbot0.5.0; trendiction search; http://www.trendiction.de/bot; please let us know of any problems; web at trendiction.com) Gecko/20071127 Firefox/3.0.0.11"
144.76.23.74 - - [11/Apr/2018:05:34:27 +0200] "GET / HTTP/1.1" 304 - "-" "Mozilla/5.0 (Windows; U; Windows NT 6.0; en-GB; rv:1.0; trendictionbot0.5.0; trendiction search; http://www.trendiction.de/bot; please let us know of any problems; web at trendiction.com) Gecko/20071127 Firefox/3.0.0.11"
144.76.23.74 - - [11/Apr/2018:05:34:28 +0200] "GET /kikvagyunk2.htm HTTP/1.1" 200 17012 "-" "Mozilla/5.0 (Windows; U; Windows NT 6.0; en-GB; rv:1.0; trendictionbot0.5.0; trendiction search; http://www.trendiction.de/bot; please let us know of any problems; web at trendiction.com) Gecko/20071127 Firefox/3.0.0.11"
144.76.23.74 - - [11/Apr/2018:05:34:30 +0200] "GET /tagsag2.htm HTTP/1.1" 200 1335 "-" "Mozilla/5.0 (Windows; U; Windows NT 6.0; en-GB; rv:1.0; trendictionbot0.5.0; trendiction search; http://www.trendiction.de/bot; please let us know of any problems; web at trendiction.com) Gecko/20071127 Firefox/3.0.0.11"
144.76.23.74 - - [11/Apr/2018:05:34:32 +0200] "GET /projektek2.htm HTTP/1.1" 200 7634 "-" "Mozilla/5.0 (Windows; U; Windows NT 6.0; en-GB; rv:1.0; trendictionbot0.5.0; trendiction search; http://www.trendiction.de/bot; please let us know of any problems; web at trendiction.com) Gecko/20071127 Firefox/3.0.0.11"
46.229.164.102 - - [11/Apr/2018:05:44:18 +0200] "GET /robots.txt HTTP/1.1" 404 1181 "-" "Mozilla/5.0 (compatible; SemrushBot/1.2~bl; +http://www.semrush.com/bot.html)"
216.244.66.245 - - [11/Apr/2018:06:09:51 +0200] "GET /robots.txt HTTP/1.1" 404 1181 "-" "Mozilla/5.0 (compatible; DotBot/1.1; http://www.opensiteexplorer.org/dotbot, help@moz.com)"
216.244.66.245 - - [11/Apr/2018:06:12:50 +0200] "GET /images/vasutterkep_n.jpg HTTP/1.1" 404 1181 "-" "Mozilla/5.0 (compatible; DotBot/1.1; http://www.opensiteexplorer.org/dotbot, help@moz.com)"
157.55.39.83 - - [11/Apr/2018:06:26:21 +0200] "GET /projektek2.htm HTTP/1.1" 200 7634 "-" "Mozilla/5.0 (compatible; bingbot/2.0; +http://www.bing.com/bingbot.htm)"
216.244.66.245 - - [11/Apr/2018:07:01:35 +0200] "GET /robots.txt HTTP/1.1" 404 1181 "-" "Mozilla/5.0 (compatible; DotBot/1.1; http://www.opensiteexplorer.org/dotbot, help@moz.com)"
216.244.66.245 - - [11/Apr/2018:07:07:39 +0200] "GET /doc/eletet-a-vasutnak.pdf HTTP/1.1" 200 1162410 "-" "Mozilla/5.0 (compatible; DotBot/1.1; http://www.opensiteexplorer.org/dotbot, help@moz.com)"
46.5.32.36 - - [11/Apr/2018:09:24:25 +0200] "GET /doc/b2_201203.jpg HTTP/1.1" 404 1181 "-" "Mozilla/5.0 (Macintosh; Intel Mac OS X 10_13_4) AppleWebKit/605.1.15 (KHTML, like Gecko)"
46.5.32.36 - - [11/Apr/2018:09:24:27 +0200] "GET /apple-touch-icon-precomposed.png HTTP/1.1" 404 1181 "-" "Safari/13605.1.33.1.2 CFNetwork/897.15 Darwin/17.5.0 (x86_64)"
46.5.32.36 - - [11/Apr/2018:09:24:27 +0200] "GET /apple-touch-icon.png HTTP/1.1" 404 1181 "-" "Safari/13605.1.33.1.2 CFNetwork/897.15 Darwin/17.5.0 (x86_64)"
46.5.32.36 - - [11/Apr/2018:09:24:27 +0200] "GET /favicon.ico HTTP/1.1" 404 1181 "-" "Safari/13605.1.33.1.2 CFNetwork/897.15 Darwin/17.5.0 (x86_64)"
46.5.32.36 - - [11/Apr/2018:09:24:28 +0200] "GET /apple-touch-icon-precomposed.png HTTP/1.1" 404 1181 "-" "Safari/13605.1.33.1.2 CFNetwork/897.15 Darwin/17.5.0 (x86_64)"
46.5.32.36 - - [11/Apr/2018:09:24:28 +0200] "GET /apple-touch-icon.png HTTP/1.1" 404 1181 "-" "Safari/13605.1.33.1.2 CFNetwork/897.15 Darwin/17.5.0 (x86_64)"
46.5.32.36 - - [11/Apr/2018:09:24:29 +0200] "GET /favicon.ico HTTP/1.1" 404 1181 "-" "Safari/13605.1.33.1.2 CFNetwork/897.15 Darwin/17.5.0 (x86_64)"
46.5.32.36 - - [11/Apr/2018:09:24:29 +0200] "GET /doc/b2_201203.jpg HTTP/1.1" 404 1181 "-" "\"Mozilla/5.0 (iPhone; CPU iPhone OS 11_0 like Mac OS X) AppleWebKit/604.1.38 (KHTML, like Gecko) Version/11.0 Mobile/15A372 Safari/604.1\""
46.5.32.36 - - [11/Apr/2018:09:24:30 +0200] "GET /apple-touch-icon-precomposed.png HTTP/1.1" 404 1181 "-" "Safari/13605.1.33.1.2 CFNetwork/897.15 Darwin/17.5.0 (x86_64)"
46.5.32.36 - - [11/Apr/2018:09:24:30 +0200] "GET /apple-touch-icon.png HTTP/1.1" 404 1181 "-" "Safari/13605.1.33.1.2 CFNetwork/897.15 Darwin/17.5.0 (x86_64)"
46.5.32.36 - - [11/Apr/2018:09:24:31 +0200] "GET /favicon.ico HTTP/1.1" 404 1181 "-" "Safari/13605.1.33.1.2 CFNetwork/897.15 Darwin/17.5.0 (x86_64)"
46.5.32.36 - - [11/Apr/2018:09:24:32 +0200] "GET /apple-touch-icon-precomposed.png HTTP/1.1" 404 1181 "-" "Safari/13605.1.33.1.2 CFNetwork/897.15 Darwin/17.5.0 (x86_64)"
46.5.32.36 - - [11/Apr/2018:09:24:32 +0200] "GET /apple-touch-icon.png HTTP/1.1" 404 1181 "-" "Safari/13605.1.33.1.2 CFNetwork/897.15 Darwin/17.5.0 (x86_64)"
46.5.32.36 - - [11/Apr/2018:09:24:33 +0200] "GET /favicon.ico HTTP/1.1" 404 1181 "-" "Safari/13605.1.33.1.2 CFNetwork/897.15 Darwin/17.5.0 (x86_64)"
107.22.74.152 - - [11/Apr/2018:09:42:29 +0200] "GET /doc/belepesinyilatkozat.pdf HTTP/1.1" 200 403937 "-" "python-requests/2.18.4"
213.202.36.254 - - [11/Apr/2018:09:48:27 +0200] "GET /doc/b2_2010.pdf HTTP/1.1" 404 1181 "https://de.wikipedia.org/" "Mozilla/5.0 (Windows NT 10.0; Win64; x64; rv:59.0) Gecko/20100101 Firefox/59.0"
213.202.36.254 - - [11/Apr/2018:09:48:27 +0200] "GET /favicon.ico HTTP/1.1" 404 1181 "-" "Mozilla/5.0 (Windows NT 10.0; Win64; x64; rv:59.0) Gecko/20100101 Firefox/59.0"
5.196.87.126 - - [11/Apr/2018:10:04:11 +0200] "GET /robots.txt HTTP/1.1" 404 1181 "-" "Mozilla/5.0 (compatible; AhrefsBot/5.2; +http://ahrefs.com/robot/)"
79.251.253.85 - - [11/Apr/2018:10:40:29 +0200] "GET /images/vasutterkep_n.jpg HTTP/1.1" 404 1181 "-" "Mozilla/5.0 (iPad; CPU OS 11_3 like Mac OS X) AppleWebKit/605.1.15 (KHTML, like Gecko) Version/11.0 Mobile/15E148 Safari/604.1"
79.251.253.85 - - [11/Apr/2018:10:40:29 +0200] "GET /apple-touch-icon-152x152-precomposed.png HTTP/1.1" 404 1181 "-" "MobileSafari/604.1 CFNetwork/897.15 Darwin/17.5.0"
79.251.253.85 - - [11/Apr/2018:10:40:29 +0200] "GET /apple-touch-icon-152x152.png HTTP/1.1" 404 1181 "-" "MobileSafari/604.1 CFNetwork/897.15 Darwin/17.5.0"
79.251.253.85 - - [11/Apr/2018:10:40:29 +0200] "GET /apple-touch-icon-precomposed.png HTTP/1.1" 404 1181 "-" "MobileSafari/604.1 CFNetwork/897.15 Darwin/17.5.0"
79.251.253.85 - - [11/Apr/2018:10:40:29 +0200] "GET /apple-touch-icon.png HTTP/1.1" 404 1181 "-" "MobileSafari/604.1 CFNetwork/897.15 Darwin/17.5.0"
79.251.253.85 - - [11/Apr/2018:10:40:29 +0200] "GET /favicon.ico HTTP/1.1" 404 1181 "-" "MobileSafari/604.1 CFNetwork/897.15 Darwin/17.5.0"
79.251.253.85 - - [11/Apr/2018:10:40:30 +0200] "GET /apple-touch-icon-152x152-precomposed.png HTTP/1.1" 404 1181 "-" "MobileSafari/604.1 CFNetwork/897.15 Darwin/17.5.0"
79.251.253.85 - - [11/Apr/2018:10:40:30 +0200] "GET /apple-touch-icon-152x152.png HTTP/1.1" 404 1181 "-" "MobileSafari/604.1 CFNetwork/897.15 Darwin/17.5.0"
79.251.253.85 - - [11/Apr/2018:10:40:30 +0200] "GET /apple-touch-icon-precomposed.png HTTP/1.1" 404 1181 "-" "MobileSafari/604.1 CFNetwork/897.15 Darwin/17.5.0"
79.251.253.85 - - [11/Apr/2018:10:40:30 +0200] "GET /apple-touch-icon.png HTTP/1.1" 404 1181 "-" "MobileSafari/604.1 CFNetwork/897.15 Darwin/17.5.0"
79.251.253.85 - - [11/Apr/2018:10:40:30 +0200] "GET /favicon.ico HTTP/1.1" 404 1181 "-" "MobileSafari/604.1 CFNetwork/897.15 Darwin/17.5.0"
199.58.86.211 - - [11/Apr/2018:10:58:19 +0200] "GET /robots.txt HTTP/1.1" 404 1181 "-" "Mozilla/5.0 (compatible; MJ12bot/v1.4.8; http://mj12bot.com/)"
199.58.86.211 - - [11/Apr/2018:10:58:21 +0200] "GET / HTTP/1.1" 200 2023 "-" "Mozilla/5.0 (compatible; MJ12bot/v1.4.8; http://mj12bot.com/)"
217.83.227.113 - - [11/Apr/2018:11:02:08 +0200] "GET /doc/b2_2010.pdf HTTP/1.1" 404 1181 "https://de.wikipedia.org/" "Mozilla/5.0 (Windows NT 6.1; Win64; x64) AppleWebKit/537.36 (KHTML, like Gecko) Chrome/65.0.3325.181 Safari/537.36"
217.83.227.113 - - [11/Apr/2018:11:02:08 +0200] "GET /favicon.ico HTTP/1.1" 404 1181 "http://mkk.zpok.hu/doc/b2_2010.pdf" "Mozilla/5.0 (Windows NT 6.1; Win64; x64) AppleWebKit/537.36 (KHTML, like Gecko) Chrome/65.0.3325.181 Safari/537.36"
207.46.13.113 - - [11/Apr/2018:11:02:19 +0200] "GET / HTTP/1.1" 200 2023 "-" "Mozilla/5.0 (compatible; bingbot/2.0; +http://www.bing.com/bingbot.htm)"
5.196.87.126 - - [11/Apr/2018:11:38:01 +0200] "GET /robots.txt HTTP/1.1" 404 1181 "-" "Mozilla/5.0 (compatible; AhrefsBot/5.2; +http://ahrefs.com/robot/)"
216.244.66.245 - - [11/Apr/2018:11:43:22 +0200] "GET /robots.txt HTTP/1.1" 404 1181 "-" "Mozilla/5.0 (compatible; DotBot/1.1; http://www.opensiteexplorer.org/dotbot, help@moz.com)"
220.181.108.186 - - [11/Apr/2018:11:50:34 +0200] "GET /doc/vasuttal-budapest-kornyeken.pdf HTTP/1.1" 404 1181 "-" "Mozilla/5.0 (compatible; Baiduspider/2.0; +http://www.baidu.com/search/spider.html)"
138.201.59.34 - - [11/Apr/2018:11:51:23 +0200] "GET /robots.txt HTTP/1.0" 404 1181 "-" "Mozilla/5.0 (compatible; SEOkicks-Robot; +http://www.seokicks.de/robot.html)"
138.201.59.34 - - [11/Apr/2018:11:51:24 +0200] "GET / HTTP/1.0" 200 2023 "-" "Mozilla/5.0 (compatible; SEOkicks-Robot; +http://www.seokicks.de/robot.html)"
138.201.59.34 - - [11/Apr/2018:11:51:25 +0200] "GET /kikvagyunk2.htm HTTP/1.0" 200 17012 "http://mkk.zpok.hu/" "Mozilla/5.0 (compatible; SEOkicks-Robot; +http://www.seokicks.de/robot.html)"
138.201.59.34 - - [11/Apr/2018:11:51:27 +0200] "GET /projektek2.htm HTTP/1.0" 200 7634 "http://mkk.zpok.hu/" "Mozilla/5.0 (compatible; SEOkicks-Robot; +http://www.seokicks.de/robot.html)"
138.201.59.34 - - [11/Apr/2018:11:51:28 +0200] "GET /tagsag2.htm HTTP/1.0" 200 1335 "http://mkk.zpok.hu/" "Mozilla/5.0 (compatible; SEOkicks-Robot; +http://www.seokicks.de/robot.html)"
138.201.59.34 - - [11/Apr/2018:11:51:29 +0200] "GET /doc/kozh.zip HTTP/1.0" 200 18470 "http://mkk.zpok.hu/kikvagyunk2.htm" "Mozilla/5.0 (compatible; SEOkicks-Robot; +http://www.seokicks.de/robot.html)"
138.201.59.34 - - [11/Apr/2018:11:51:31 +0200] "GET /doc/westtakt_mnr_tkp.zip HTTP/1.0" 200 18473 "http://mkk.zpok.hu/projektek2.htm" "Mozilla/5.0 (compatible; SEOkicks-Robot; +http://www.seokicks.de/robot.html)"
138.201.59.34 - - [11/Apr/2018:11:51:32 +0200] "GET /doc/ipoly_konf.zip HTTP/1.0" 200 18471 "http://mkk.zpok.hu/projektek2.htm" "Mozilla/5.0 (compatible; SEOkicks-Robot; +http://www.seokicks.de/robot.html)"
31.46.41.30 - - [11/Apr/2018:11:51:51 +0200] "GET / HTTP/1.1" 200 2023 "https://www.google.hu/" "Mozilla/5.0 (Windows NT 10.0; Win64; x64; rv:59.0) Gecko/20100101 Firefox/59.0"
31.46.41.30 - - [11/Apr/2018:11:51:51 +0200] "GET /blog.jpg HTTP/1.1" 200 29833 "http://www.mkk.zpok.hu/" "Mozilla/5.0 (Windows NT 10.0; Win64; x64; rv:59.0) Gecko/20100101 Firefox/59.0"
31.46.41.30 - - [11/Apr/2018:11:51:51 +0200] "GET /facebook-logo-preview.png HTTP/1.1" 200 3924 "http://www.mkk.zpok.hu/" "Mozilla/5.0 (Windows NT 10.0; Win64; x64; rv:59.0) Gecko/20100101 Firefox/59.0"
31.46.41.30 - - [11/Apr/2018:11:51:51 +0200] "GET /mkk_banner.png HTTP/1.1" 200 62097 "http://www.mkk.zpok.hu/" "Mozilla/5.0 (Windows NT 10.0; Win64; x64; rv:59.0) Gecko/20100101 Firefox/59.0"
31.46.41.30 - - [11/Apr/2018:11:51:53 +0200] "GET /favicon.ico HTTP/1.1" 404 1181 "-" "Mozilla/5.0 (Windows NT 10.0; Win64; x64; rv:59.0) Gecko/20100101 Firefox/59.0"
31.46.41.30 - - [11/Apr/2018:11:51:53 +0200] "GET /favicon.ico HTTP/1.1" 404 1181 "-" "Mozilla/5.0 (Windows NT 10.0; Win64; x64; rv:59.0) Gecko/20100101 Firefox/59.0"
54.36.149.60 - - [11/Apr/2018:12:18:49 +0200] "GET /hirlevel/vonattal1107.htm HTTP/1.1" 404 1181 "-" "Mozilla/5.0 (compatible; AhrefsBot/5.2; +http://ahrefs.com/robot/)"
80.77.124.233 - - [11/Apr/2018:13:01:16 +0200] "GET / HTTP/1.1" 200 2023 "-" "Mozilla/5.0 (Windows NT 10.0; Win64; x64) AppleWebKit/537.36 (KHTML, like Gecko) Chrome/62.0.3202.94 Safari/537.36"
77.111.91.248 - - [11/Apr/2018:13:08:28 +0200] "GET / HTTP/1.1" 200 2023 "-" "Mozilla/5.0 (Windows NT 10.0; Win64; x64) AppleWebKit/537.36 (KHTML, like Gecko) Chrome/62.0.3202.94 Safari/537.36"
66.249.64.76 - - [11/Apr/2018:13:39:58 +0200] "GET /robots.txt HTTP/1.1" 404 1181 "-" "Mozilla/5.0 (compatible; Googlebot/2.1; +http://www.google.com/bot.html)"
66.249.64.74 - - [11/Apr/2018:13:40:05 +0200] "GET /doc/eletet-a-vasutnak.pdf HTTP/1.1" 200 5085257 "-" "Mozilla/5.0 (Linux; Android 6.0.1; Nexus 5X Build/MMB29P) AppleWebKit/537.36 (KHTML, like Gecko) Chrome/41.0.2272.96 Mobile Safari/537.36 (compatible; Googlebot/2.1; +http://www.google.com/bot.html)"
94.23.33.67 - - [11/Apr/2018:13:44:43 +0200] "GET //wp-content/plugins/cherry-plugin/admin/css/cherry-admin-plugin.css HTTP/1.0" 404 1181 "-" "Mozilla/5.0 (Windows NT 6.1; Win64; x64) AppleWebKit/537.36 (KHTML, like Gecko) Chrome/62.0.3202.94 Safari/537.36"
