193.225.249.2 - - [15/Apr/2018:20:42:35 +0200] "GET /icons/icons_k/kiskore.png HTTP/1.1" 200 25890 "http://www.mkk.zpok.hu/projektek2.htm" "Mozilla/5.0 (Windows NT 6.1; Win64; x64) AppleWebKit/537.36 (KHTML, like Gecko) Chrome/65.0.3325.181 Safari/537.36"
193.225.249.2 - - [15/Apr/2018:20:42:35 +0200] "GET /icons/icons_k/bringa.png HTTP/1.1" 200 22141 "http://www.mkk.zpok.hu/projektek2.htm" "Mozilla/5.0 (Windows NT 6.1; Win64; x64) AppleWebKit/537.36 (KHTML, like Gecko) Chrome/65.0.3325.181 Safari/537.36"
193.225.249.2 - - [15/Apr/2018:20:42:51 +0200] "GET /doc/bartok_20160703.pdf HTTP/1.1" 200 284990 "http://www.mkk.zpok.hu/projektek2.htm" "Mozilla/5.0 (Windows NT 6.1; Win64; x64) AppleWebKit/537.36 (KHTML, like Gecko) Chrome/65.0.3325.181 Safari/537.36"
193.225.249.2 - - [15/Apr/2018:20:43:04 +0200] "GET /doc/80_sln_su.pdf HTTP/1.1" 200 130637 "http://www.mkk.zpok.hu/projektek2.htm" "Mozilla/5.0 (Windows NT 6.1; Win64; x64) AppleWebKit/537.36 (KHTML, like Gecko) Chrome/65.0.3325.181 Safari/537.36"
193.225.249.2 - - [15/Apr/2018:20:43:09 +0200] "GET /doc/mkk_eger_tanulmany_2014.pdf HTTP/1.1" 200 851104 "http://www.mkk.zpok.hu/projektek2.htm" "Mozilla/5.0 (Windows NT 6.1; Win64; x64) AppleWebKit/537.36 (KHTML, like Gecko) Chrome/65.0.3325.181 Safari/537.36"
193.225.249.2 - - [15/Apr/2018:20:43:16 +0200] "GET /tagsag2.htm HTTP/1.1" 200 1335 "http://www.mkk.zpok.hu/" "Mozilla/5.0 (Windows NT 6.1; Win64; x64) AppleWebKit/537.36 (KHTML, like Gecko) Chrome/65.0.3325.181 Safari/537.36"
178.154.171.90 - - [15/Apr/2018:20:44:00 +0200] "GET /hirlevel/vonattal1003.htm HTTP/1.1" 404 1181 "-" "Mozilla/5.0 (compatible; YandexBot/3.0; +http://yandex.com/bots)"
66.249.64.128 - - [15/Apr/2018:20:45:04 +0200] "GET /kikvagyunk2.htm HTTP/1.1" 200 17012 "-" "Mozilla/5.0 (Linux; Android 6.0.1; Nexus 5X Build/MMB29P) AppleWebKit/537.36 (KHTML, like Gecko) Chrome/41.0.2272.96 Mobile Safari/537.36 (compatible; Googlebot/2.1; +http://www.google.com/bot.html)"
54.171.156.146 - - [15/Apr/2018:21:02:31 +0200] "HEAD / HTTP/1.1" 200 0 "-" "Mozilla/5.0 (compatible; JobKereso; +https://www.kozvetlen-allasok.hu/robot.jsp info@kozvetlen-allasok.hu)"
54.171.156.146 - - [15/Apr/2018:21:02:31 +0200] "GET /robots.txt HTTP/1.1" 404 1181 "-" "Mozilla/5.0 (compatible; JobKereso; +https://www.kozvetlen-allasok.hu/robot.jsp info@kozvetlen-allasok.hu)"
54.171.156.146 - - [15/Apr/2018:21:02:31 +0200] "HEAD / HTTP/1.1" 200 0 "-" "Mozilla/5.0 (compatible; JobKereso; +https://www.kozvetlen-allasok.hu/robot.jsp info@kozvetlen-allasok.hu)"
54.171.156.146 - - [15/Apr/2018:21:02:31 +0200] "GET / HTTP/1.1" 200 2023 "-" "Mozilla/5.0 (compatible; JobKereso; +https://www.kozvetlen-allasok.hu/robot.jsp info@kozvetlen-allasok.hu)"
54.171.156.146 - - [15/Apr/2018:21:02:31 +0200] "HEAD /favicon.ico HTTP/1.1" 404 0 "https://www.kozvetlen-allasok.hu" "Mozilla/5.0 (compatible; JobKeresoBot; +https://www.kozvetlen-allasok.hu/help.jsp; info@kozvetlen-allasok.hu; 5.0"
206.189.127.13 - - [15/Apr/2018:21:26:59 +0200] "GET / HTTP/1.1" 200 2023 "-" "Mozilla/5.0 (compatible; MJ12bot/v1.4.7; http://www.majestic12.co.uk/bot.php?+)"
5.255.253.13 - - [15/Apr/2018:21:53:52 +0200] "GET / HTTP/1.1" 200 2023 "-" "Mozilla/5.0 (compatible; YandexBot/3.0; +http://yandex.com/bots)"
178.154.171.90 - - [15/Apr/2018:21:53:52 +0200] "GET /robots.txt HTTP/1.1" 404 1181 "-" "Mozilla/5.0 (compatible; YandexBot/3.0; +http://yandex.com/bots)"
141.8.183.17 - - [15/Apr/2018:21:53:56 +0200] "GET / HTTP/1.1" 200 2023 "-" "Mozilla/5.0 (compatible; YandexBot/3.0; +http://yandex.com/bots)"
62.138.0.25 - - [15/Apr/2018:22:07:58 +0200] "GET /robots.txt HTTP/1.1" 404 1181 "-" "Mozilla/5.0 (compatible; adscanner/)"
62.138.0.25 - - [15/Apr/2018:22:07:58 +0200] "GET /hirlevel/vonattal1503.html HTTP/1.1" 404 1181 "-" "Mozilla/5.0 (compatible; adscanner/)"
62.138.0.25 - - [15/Apr/2018:22:36:48 +0200] "GET /robots.txt HTTP/1.1" 404 1181 "-" "Mozilla/5.0 (compatible; adscanner/)"
62.138.0.25 - - [15/Apr/2018:22:36:48 +0200] "GET /doc/mkk_allasfogl_vdszsz_20120608.pdf HTTP/1.1" 404 1181 "-" "Mozilla/5.0 (compatible; adscanner/)"
141.8.183.17 - - [15/Apr/2018:23:53:48 +0200] "GET /robots.txt HTTP/1.1" 404 1181 "-" "Mozilla/5.0 (compatible; YandexBot/3.0; +http://yandex.com/bots)"
141.8.183.17 - - [15/Apr/2018:23:53:52 +0200] "GET /hirlevel/vonattal0903.htm HTTP/1.1" 404 1181 "-" "Mozilla/5.0 (compatible; YandexBot/3.0; +http://yandex.com/bots)"
157.55.39.42 - - [16/Apr/2018:00:23:21 +0200] "GET / HTTP/1.1" 200 2023 "-" "Mozilla/5.0 (compatible; bingbot/2.0; +http://www.bing.com/bingbot.htm)"
80.77.124.233 - - [16/Apr/2018:01:40:30 +0200] "GET / HTTP/1.1" 200 2023 "-" "Mozilla/5.0 (Windows NT 10.0; Win64; x64) AppleWebKit/537.36 (KHTML, like Gecko) Chrome/62.0.3202.94 Safari/537.36"
157.55.39.42 - - [16/Apr/2018:01:42:54 +0200] "GET / HTTP/1.1" 200 2023 "-" "Mozilla/5.0 (compatible; bingbot/2.0; +http://www.bing.com/bingbot.htm)"
77.111.91.248 - - [16/Apr/2018:01:47:08 +0200] "GET / HTTP/1.1" 200 2023 "-" "Mozilla/5.0 (Windows NT 10.0; Win64; x64) AppleWebKit/537.36 (KHTML, like Gecko) Chrome/62.0.3202.94 Safari/537.36"
64.62.252.164 - - [16/Apr/2018:02:18:56 +0200] "GET /robots.txt HTTP/1.1" 404 1181 "-" "BUbiNG (+http://law.di.unimi.it/BUbiNG.html)"
64.62.252.164 - - [16/Apr/2018:02:18:56 +0200] "GET /kikvagyunk2.htm HTTP/1.1" 200 17012 "-" "BUbiNG (+http://law.di.unimi.it/BUbiNG.html)"
64.62.252.164 - - [16/Apr/2018:02:19:06 +0200] "GET /projektek2.htm HTTP/1.1" 200 7634 "-" "BUbiNG (+http://law.di.unimi.it/BUbiNG.html)"
64.62.252.164 - - [16/Apr/2018:02:19:07 +0200] "GET /tagsag2.htm HTTP/1.1" 200 1335 "-" "BUbiNG (+http://law.di.unimi.it/BUbiNG.html)"
66.249.64.76 - - [16/Apr/2018:04:21:19 +0200] "GET /doc/vonattalmellekvonalakon.pdf HTTP/1.1" 404 1181 "-" "Mozilla/5.0 (Linux; Android 6.0.1; Nexus 5X Build/MMB29P) AppleWebKit/537.36 (KHTML, like Gecko) Chrome/41.0.2272.96 Mobile Safari/537.36 (compatible; Googlebot/2.1; +http://www.google.com/bot.html)"
162.208.51.41 - - [16/Apr/2018:04:58:18 +0200] "GET / HTTP/1.1" 200 2023 "-" "Mozilla/5.0 (Windows NT 10.0; WOW64; rv:40.0) Gecko/20100101 Firefox/40.0"
162.208.51.41 - - [16/Apr/2018:05:00:50 +0200] "GET /blog.jpg HTTP/1.1" 200 29833 "-" "Mozilla/5.0 (Windows; U; Windows NT 6.1; rv:2.2) Gecko/20110201"
5.196.87.126 - - [16/Apr/2018:05:11:34 +0200] "GET /robots.txt HTTP/1.1" 404 1181 "-" "Mozilla/5.0 (compatible; AhrefsBot/5.2; +http://ahrefs.com/robot/)"
207.46.13.201 - - [16/Apr/2018:05:35:16 +0200] "GET /robots.txt HTTP/1.1" 404 1181 "-" "Mozilla/5.0 (compatible; bingbot/2.0; +http://www.bing.com/bingbot.htm)"
157.55.39.176 - - [16/Apr/2018:05:35:29 +0200] "GET /doc/kozh10.pdf HTTP/1.1" 404 1181 "-" "Mozilla/5.0 (compatible; bingbot/2.0; +http://www.bing.com/bingbot.htm)"
198.204.244.90 - - [16/Apr/2018:06:28:19 +0200] "GET /robots.txt HTTP/1.1" 404 1181 "-" "Mozilla/5.0 (compatible; MJ12bot/v1.4.8; http://mj12bot.com/)"
198.204.244.90 - - [16/Apr/2018:06:28:50 +0200] "GET / HTTP/1.1" 200 2023 "-" "Mozilla/5.0 (compatible; MJ12bot/v1.4.8; http://mj12bot.com/)"
5.196.87.126 - - [16/Apr/2018:07:52:49 +0200] "GET /robots.txt HTTP/1.1" 404 1181 "-" "Mozilla/5.0 (compatible; AhrefsBot/5.2; +http://ahrefs.com/robot/)"
216.244.66.245 - - [16/Apr/2018:10:09:26 +0200] "GET /robots.txt HTTP/1.1" 404 1181 "-" "Mozilla/5.0 (compatible; DotBot/1.1; http://www.opensiteexplorer.org/dotbot, help@moz.com)"
216.244.66.245 - - [16/Apr/2018:10:25:50 +0200] "GET /doc/osszefoglalo_070622.pdf HTTP/1.1" 404 1181 "-" "Mozilla/5.0 (compatible; DotBot/1.1; http://www.opensiteexplorer.org/dotbot, help@moz.com)"
79.143.180.15 - - [16/Apr/2018:10:27:29 +0200] "GET /doc/konf_0807.pdf HTTP/1.1" 404 1181 "-" "Wget/1.17.1 (linux-gnu)"
146.185.223.202 - - [16/Apr/2018:11:38:31 +0200] "GET /doc/osszefoglalo_070622.pdf HTTP/1.0" 404 1181 "http://www.mkk.zpok.hu/doc/osszefoglalo_070622.pdf" "Mozilla/5.0 (Windows NT 6.1; WOW64) AppleWebKit/537.36 (KHTML, like Gecko) Chrome/61.0.3163.100 YaBrowser/17.10.1.1204 Yowser/2.5 Safari/537.36"
146.185.223.202 - - [16/Apr/2018:11:38:31 +0200] "GET / HTTP/1.0" 200 2023 "http://www.mkk.zpok.hu/" "Mozilla/5.0 (Windows NT 6.1; WOW64) AppleWebKit/537.36 (KHTML, like Gecko) Chrome/61.0.3163.100 YaBrowser/17.10.1.1204 Yowser/2.5 Safari/537.36"
193.201.224.228 - - [16/Apr/2018:11:57:23 +0200] "GET /wp-content/plugins/gallery-plugin/upload/php.php HTTP/1.1" 404 1181 "http://www.mkk.zpok.hu/wp-content/plugins/gallery-plugin/upload/php.php" "Mozilla/5.0 (Windows NT 6.1; WOW64) AppleWebKit/537.36 (KHTML, like Gecko) Chrome/42.0.2311.152 Safari/537.36"
173.252.124.59 - - [16/Apr/2018:12:09:19 +0200] "GET / HTTP/1.1" 206 2023 "-" "facebookexternalhit/1.1 (+http://www.facebook.com/externalhit_uatext.php)"
207.46.13.140 - - [16/Apr/2018:12:14:54 +0200] "GET /doc/bevasar.pdf HTTP/1.1" 404 1181 "-" "Mozilla/5.0 (iPhone; CPU iPhone OS 7_0 like Mac OS X) AppleWebKit/537.51.1 (KHTML, like Gecko) Version/7.0 Mobile/11A465 Safari/9537.53 (compatible; bingbot/2.0; +http://www.bing.com/bingbot.htm)"
46.229.168.79 - - [16/Apr/2018:12:43:05 +0200] "GET /kikvagyunk2.htm HTTP/1.1" 200 17012 "-" "Mozilla/5.0 (compatible; SemrushBot/1.2~bl; +http://www.semrush.com/bot.html)"
207.46.13.140 - - [16/Apr/2018:12:43:19 +0200] "GET /hirlevel/hatarmenten_201109.pdf HTTP/1.1" 404 1181 "-" "Mozilla/5.0 (iPhone; CPU iPhone OS 7_0 like Mac OS X) AppleWebKit/537.51.1 (KHTML, like Gecko) Version/7.0 Mobile/11A465 Safari/9537.53 (compatible; bingbot/2.0; +http://www.bing.com/bingbot.htm)"
46.229.168.74 - - [16/Apr/2018:12:43:40 +0200] "GET /hirlevel/vonattal0812.htm HTTP/1.1" 404 1181 "-" "Mozilla/5.0 (compatible; SemrushBot/1.2~bl; +http://www.semrush.com/bot.html)"
46.229.168.73 - - [16/Apr/2018:12:43:52 +0200] "GET /hirlevel/vonattal1408.html HTTP/1.1" 404 1181 "-" "Mozilla/5.0 (compatible; SemrushBot/1.2~bl; +http://www.semrush.com/bot.html)"
46.229.168.74 - - [16/Apr/2018:12:43:52 +0200] "GET /hirlevel/vonattal0812.htm HTTP/1.1" 404 1181 "-" "Mozilla/5.0 (compatible; SemrushBot/1.2~bl; +http://www.semrush.com/bot.html)"
46.229.168.79 - - [16/Apr/2018:12:44:01 +0200] "GET /hirlevel/vonattal1408.html HTTP/1.1" 404 1181 "-" "Mozilla/5.0 (compatible; SemrushBot/1.2~bl; +http://www.semrush.com/bot.html)"
46.229.168.65 - - [16/Apr/2018:12:44:16 +0200] "GET /tagsag2.htm HTTP/1.1" 200 1335 "-" "Mozilla/5.0 (compatible; SemrushBot/1.2~bl; +http://www.semrush.com/bot.html)"
46.229.168.65 - - [16/Apr/2018:12:44:40 +0200] "GET / HTTP/1.1" 200 2023 "-" "Mozilla/5.0 (compatible; SemrushBot/1.2~bl; +http://www.semrush.com/bot.html)"
162.210.196.130 - - [16/Apr/2018:12:54:50 +0200] "GET /robots.txt HTTP/1.1" 404 1181 "-" "Mozilla/5.0 (compatible; MJ12bot/v1.4.8; http://mj12bot.com/)"
162.210.196.130 - - [16/Apr/2018:12:54:52 +0200] "GET / HTTP/1.1" 200 2023 "-" "Mozilla/5.0 (compatible; MJ12bot/v1.4.8; http://mj12bot.com/)"
176.63.16.78 - - [16/Apr/2018:13:47:21 +0200] "GET /mkk_banner.png HTTP/1.1" 200 62097 "http://www.mkk.zpok.hu/" "Mozilla/5.0 (Linux; Android 7.1.1; SM-J510FN Build/NMF26X) AppleWebKit/537.36 (KHTML, like Gecko) Chrome/65.0.3325.109 Mobile Safari/537.36"
176.63.16.78 - - [16/Apr/2018:13:47:24 +0200] "GET /favicon.ico HTTP/1.1" 404 1181 "http://www.mkk.zpok.hu/" "Mozilla/5.0 (Linux; Android 7.1.1; SM-J510FN Build/NMF26X) AppleWebKit/537.36 (KHTML, like Gecko) Chrome/65.0.3325.109 Mobile Safari/537.36"
84.3.20.6 - - [16/Apr/2018:14:22:36 +0200] "GET /images/vasutterkep_n.jpg HTTP/1.1" 404 1181 "http://oterkep.blogspot.hu/2007/11/magyarorszg-vasti-trkp.html" "Mozilla/5.0 (Windows NT 6.3; Win64; x64) AppleWebKit/537.36 (KHTML, like Gecko) Chrome/65.0.3325.181 Safari/537.36"
84.3.20.6 - - [16/Apr/2018:14:22:37 +0200] "GET /favicon.ico HTTP/1.1" 404 1181 "http://www.mkk.zpok.hu/images/vasutterkep_n.jpg" "Mozilla/5.0 (Windows NT 6.3; Win64; x64) AppleWebKit/537.36 (KHTML, like Gecko) Chrome/65.0.3325.181 Safari/537.36"
62.77.229.26 - - [16/Apr/2018:14:42:08 +0200] "GET / HTTP/1.1" 200 2023 "https://www.google.hu/" "Mozilla/5.0 (Windows NT 10.0; Win64; x64) AppleWebKit/537.36 (KHTML, like Gecko) Chrome/65.0.3325.181 Safari/537.36"
62.77.229.26 - - [16/Apr/2018:14:42:08 +0200] "GET /mkk_banner.png HTTP/1.1" 200 62097 "http://www.mkk.zpok.hu/" "Mozilla/5.0 (Windows NT 10.0; Win64; x64) AppleWebKit/537.36 (KHTML, like Gecko) Chrome/65.0.3325.181 Safari/537.36"
62.77.229.26 - - [16/Apr/2018:14:42:08 +0200] "GET /blog.jpg HTTP/1.1" 200 29833 "http://www.mkk.zpok.hu/" "Mozilla/5.0 (Windows NT 10.0; Win64; x64) AppleWebKit/537.36 (KHTML, like Gecko) Chrome/65.0.3325.181 Safari/537.36"
62.77.229.26 - - [16/Apr/2018:14:42:08 +0200] "GET /facebook-logo-preview.png HTTP/1.1" 200 3924 "http://www.mkk.zpok.hu/" "Mozilla/5.0 (Windows NT 10.0; Win64; x64) AppleWebKit/537.36 (KHTML, like Gecko) Chrome/65.0.3325.181 Safari/537.36"
62.77.229.26 - - [16/Apr/2018:14:42:18 +0200] "GET /favicon.ico HTTP/1.1" 404 1181 "http://www.mkk.zpok.hu/" "Mozilla/5.0 (Windows NT 10.0; Win64; x64) AppleWebKit/537.36 (KHTML, like Gecko) Chrome/65.0.3325.181 Safari/537.36"
157.55.39.161 - - [16/Apr/2018:15:02:07 +0200] "GET / HTTP/1.1" 200 2023 "-" "Mozilla/5.0 (compatible; bingbot/2.0; +http://www.bing.com/bingbot.htm)"
77.111.91.248 - - [16/Apr/2018:15:08:15 +0200] "GET / HTTP/1.1" 200 2023 "-" "Mozilla/5.0 (Windows NT 10.0; Win64; x64) AppleWebKit/537.36 (KHTML, like Gecko) Chrome/62.0.3202.94 Safari/537.36"
80.77.124.233 - - [16/Apr/2018:15:14:30 +0200] "GET / HTTP/1.1" 200 2023 "-" "Mozilla/5.0 (Windows NT 10.0; Win64; x64) AppleWebKit/537.36 (KHTML, like Gecko) Chrome/62.0.3202.94 Safari/537.36"
54.36.148.190 - - [16/Apr/2018:15:28:52 +0200] "GET /hirlevel/vonattal1409.html HTTP/1.1" 404 1181 "-" "Mozilla/5.0 (compatible; AhrefsBot/5.2; +http://ahrefs.com/robot/)"
207.244.149.74 - - [16/Apr/2018:15:35:33 +0200] "GET /wp-content/plugins/wp-copysafe-pdf/lib/uploadify/uploadify.php HTTP/1.1" 404 1181 "http://www.mkk.zpok.hu/wp-content/plugins/wp-copysafe-pdf/lib/uploadify/uploadify.php" "Mozilla/5.0 (Windows NT 6.1; WOW64) AppleWebKit/537.36 (KHTML, like Gecko) Chrome/42.0.2311.152 Safari/537.36"
54.81.116.187 - - [16/Apr/2018:15:43:03 +0200] "GET /robots.txt HTTP/1.0" 404 1181 "-" "CCBot/2.0 (http://commoncrawl.org/faq/)"
54.81.116.187 - - [16/Apr/2018:15:43:04 +0200] "GET / HTTP/1.0" 200 2023 "-" "CCBot/2.0 (http://commoncrawl.org/faq/)"
66.249.64.74 - - [16/Apr/2018:15:43:57 +0200] "GET /robots.txt HTTP/1.1" 404 1181 "-" "Mozilla/5.0 (compatible; Googlebot/2.1; +http://www.google.com/bot.html)"
66.249.64.76 - - [16/Apr/2018:15:43:57 +0200] "GET / HTTP/1.1" 200 2023 "-" "Mozilla/5.0 (compatible; Googlebot/2.1; +http://www.google.com/bot.html)"
66.249.64.74 - - [16/Apr/2018:15:45:31 +0200] "GET /favicon.ico HTTP/1.1" 404 1181 "-" "Googlebot-Image/1.0"
46.229.164.100 - - [16/Apr/2018:16:04:04 +0200] "GET /robots.txt HTTP/1.1" 404 1181 "-" "Mozilla/5.0 (compatible; SemrushBot/1.2~bl; +http://www.semrush.com/bot.html)"
91.82.149.151 - - [16/Apr/2018:16:36:18 +0200] "GET / HTTP/1.1" 200 2023 "https://www.google.hu/" "Mozilla/5.0 (Windows NT 6.3; WOW64) AppleWebKit/537.36 (KHTML, like Gecko) Chrome/65.0.3325.181 Safari/537.36"
91.82.149.151 - - [16/Apr/2018:16:36:19 +0200] "GET /blog.jpg HTTP/1.1" 200 29833 "http://www.mkk.zpok.hu/" "Mozilla/5.0 (Windows NT 6.3; WOW64) AppleWebKit/537.36 (KHTML, like Gecko) Chrome/65.0.3325.181 Safari/537.36"
91.82.149.151 - - [16/Apr/2018:16:36:19 +0200] "GET /facebook-logo-preview.png HTTP/1.1" 200 3924 "http://www.mkk.zpok.hu/" "Mozilla/5.0 (Windows NT 6.3; WOW64) AppleWebKit/537.36 (KHTML, like Gecko) Chrome/65.0.3325.181 Safari/537.36"
91.82.149.151 - - [16/Apr/2018:16:36:19 +0200] "GET /mkk_banner.png HTTP/1.1" 200 62097 "http://www.mkk.zpok.hu/" "Mozilla/5.0 (Windows NT 6.3; WOW64) AppleWebKit/537.36 (KHTML, like Gecko) Chrome/65.0.3325.181 Safari/537.36"
66.249.64.131 - - [16/Apr/2018:16:45:29 +0200] "GET /robots.txt HTTP/1.1" 404 1181 "-" "Mozilla/5.0 (compatible; Googlebot/2.1; +http://www.google.com/bot.html)"
66.249.64.158 - - [16/Apr/2018:16:45:30 +0200] "GET /doc/tisza-to_kozlekedese.pdf HTTP/1.1" 404 1181 "-" "Mozilla/5.0 (compatible; Googlebot/2.1; +http://www.google.com/bot.html)"
207.46.13.140 - - [16/Apr/2018:17:01:57 +0200] "GET /doc/hu_aps_positivbeispiele_aufl2_070622_klein.pdf HTTP/1.1" 200 2887217 "-" "Mozilla/5.0 (compatible; bingbot/2.0; +http://www.bing.com/bingbot.htm)"
66.249.64.78 - - [16/Apr/2018:17:03:57 +0200] "GET / HTTP/1.1" 200 2023 "-" "Mozilla/5.0 (Linux; Android 6.0.1; Nexus 5X Build/MMB29P) AppleWebKit/537.36 (KHTML, like Gecko) Chrome/41.0.2272.96 Mobile Safari/537.36 (compatible; Googlebot/2.1; +http://www.google.com/bot.html)"
66.249.64.76 - - [16/Apr/2018:17:05:48 +0200] "GET /favicon.ico HTTP/1.1" 404 1181 "-" "Googlebot-Image/1.0"
207.46.13.140 - - [16/Apr/2018:17:22:12 +0200] "GET /doc/hu_aps_positivbeispiele_aufl2_070622_klein.pdf HTTP/1.1" 200 2887217 "-" "Mozilla/5.0 (iPhone; CPU iPhone OS 7_0 like Mac OS X) AppleWebKit/537.51.1 (KHTML, like Gecko) Version/7.0 Mobile/11A465 Safari/9537.53 (compatible; bingbot/2.0; +http://www.bing.com/bingbot.htm)"
157.55.39.179 - - [16/Apr/2018:17:22:30 +0200] "GET /robots.txt HTTP/1.1" 404 1181 "-" "Mozilla/5.0 (compatible; bingbot/2.0; +http://www.bing.com/bingbot.htm)"
207.46.13.140 - - [16/Apr/2018:17:22:30 +0200] "GET /doc/T&E_junius2009.pdf HTTP/1.1" 404 1181 "-" "Mozilla/5.0 (compatible; bingbot/2.0; +http://www.bing.com/bingbot.htm)"
40.77.167.138 - - [16/Apr/2018:17:24:05 +0200] "GET / HTTP/1.1" 200 2023 "-" "Mozilla/5.0 (iPhone; CPU iPhone OS 7_0 like Mac OS X) AppleWebKit/537.51.1 (KHTML, like Gecko) Version/7.0 Mobile/11A465 Safari/9537.53 (compatible; bingbot/2.0; +http://www.bing.com/bingbot.htm)"
157.55.39.179 - - [16/Apr/2018:17:24:16 +0200] "GET /robots.txt HTTP/1.1" 404 1181 "-" "Mozilla/5.0 (compatible; bingbot/2.0; +http://www.bing.com/bingbot.htm)"
80.243.50.7 - - [16/Apr/2018:17:36:23 +0200] "GET /images/vasutterkep_n.jpg HTTP/1.1" 404 1181 "http://www.hoeckmann.de/karten/europa/ungarn/index.htm" "Mozilla/5.0 (Windows NT 5.1; rv:52.0) Gecko/20100101 Firefox/52.0"
80.243.50.7 - - [16/Apr/2018:17:36:24 +0200] "GET /favicon.ico HTTP/1.1" 404 1181 "-" "Mozilla/5.0 (Windows NT 5.1; rv:52.0) Gecko/20100101 Firefox/52.0"
80.243.50.7 - - [16/Apr/2018:17:36:24 +0200] "GET /favicon.ico HTTP/1.1" 404 1181 "-" "Mozilla/5.0 (Windows NT 5.1; rv:52.0) Gecko/20100101 Firefox/52.0"
80.243.50.7 - - [16/Apr/2018:17:36:31 +0200] "GET /images/vasutterkep_n.jpg HTTP/1.1" 404 1181 "http://www.hoeckmann.de/karten/europa/ungarn/index.htm" "Mozilla/5.0 (Windows NT 5.1; rv:52.0) Gecko/20100101 Firefox/52.0"
66.249.64.131 - - [16/Apr/2018:17:37:47 +0200] "GET /hirlevel/majdan_janos_a_kozlekedes_tortenete_nagy_laszlo.pdf HTTP/1.1" 404 1181 "-" "Mozilla/5.0 (compatible; Googlebot/2.1; +http://www.google.com/bot.html)"
31.13.125.205 - - [16/Apr/2018:18:02:56 +0200] "GET /mkk_banner.png HTTP/1.1" 200 62097 "-" "facebookexternalhit/1.1 (+http://www.facebook.com/externalhit_uatext.php)"
31.13.125.217 - - [16/Apr/2018:18:02:59 +0200] "GET /mkk_banner.png HTTP/1.1" 200 62097 "-" "facebookexternalhit/1.1 (+http://www.facebook.com/externalhit_uatext.php)"
31.13.124.218 - - [16/Apr/2018:18:03:00 +0200] "GET /mkk_banner.png HTTP/1.1" 200 62097 "-" "facebookexternalhit/1.1 (+http://www.facebook.com/externalhit_uatext.php)"
180.76.15.29 - - [16/Apr/2018:18:40:33 +0200] "GET /doc/kerparoskozlekedes.pdf HTTP/1.1" 200 622592 "-" "Mozilla/5.0 (compatible; Baiduspider/2.0; +http://www.baidu.com/search/spider.html)"
66.249.64.78 - - [16/Apr/2018:18:51:39 +0200] "GET /doc/helyierdeku_vasutak2009.ppt HTTP/1.1" 404 1181 "-" "Mozilla/5.0 (Linux; Android 6.0.1; Nexus 5X Build/MMB29P) AppleWebKit/537.36 (KHTML, like Gecko) Chrome/41.0.2272.96 Mobile Safari/537.36 (compatible; Googlebot/2.1; +http://www.google.com/bot.html)"
46.229.168.73 - - [16/Apr/2018:18:58:24 +0200] "GET /robots.txt HTTP/1.1" 404 1181 "-" "Mozilla/5.0 (compatible; SemrushBot/2~bl; +http://www.semrush.com/bot.html)"
46.229.168.79 - - [16/Apr/2018:18:58:24 +0200] "GET /kikvagyunk2.htm HTTP/1.1" 200 17012 "-" "Mozilla/5.0 (compatible; SemrushBot/2~bl; +http://www.semrush.com/bot.html)"
46.229.168.79 - - [16/Apr/2018:18:58:34 +0200] "GET /tagsag2.htm HTTP/1.1" 200 1335 "-" "Mozilla/5.0 (compatible; SemrushBot/2~bl; +http://www.semrush.com/bot.html)"
46.229.168.79 - - [16/Apr/2018:18:58:48 +0200] "GET /hirlevel/vonattal1605.html HTTP/1.1" 404 1181 "-" "Mozilla/5.0 (compatible; SemrushBot/2~bl; +http://www.semrush.com/bot.html)"
46.229.168.79 - - [16/Apr/2018:18:59:01 +0200] "GET /hirlevel/vonattal1105-6.html HTTP/1.1" 404 1181 "-" "Mozilla/5.0 (compatible; SemrushBot/2~bl; +http://www.semrush.com/bot.html)"
46.229.168.79 - - [16/Apr/2018:18:59:12 +0200] "GET /hirlevel/vonattal1209.htm HTTP/1.1" 404 1181 "-" "Mozilla/5.0 (compatible; SemrushBot/2~bl; +http://www.semrush.com/bot.html)"
46.229.168.79 - - [16/Apr/2018:18:59:24 +0200] "GET /hirlevel/vonattal1408.html HTTP/1.1" 404 1181 "-" "Mozilla/5.0 (compatible; SemrushBot/2~bl; +http://www.semrush.com/bot.html)"
46.229.168.79 - - [16/Apr/2018:18:59:37 +0200] "GET / HTTP/1.1" 200 2023 "-" "Mozilla/5.0 (compatible; SemrushBot/2~bl; +http://www.semrush.com/bot.html)"
46.229.168.79 - - [16/Apr/2018:18:59:51 +0200] "GET /hirlevel/vonattal1108.htm HTTP/1.1" 404 1181 "-" "Mozilla/5.0 (compatible; SemrushBot/2~bl; +http://www.semrush.com/bot.html)"
77.234.89.115 - - [16/Apr/2018:19:11:21 +0200] "GET / HTTP/1.1" 200 2023 "https://www.google.hu/" "Mozilla/5.0 (Windows NT 10.0; Win64; x64) AppleWebKit/537.36 (KHTML, like Gecko) Chrome/65.0.3325.181 Safari/537.36"
77.234.89.115 - - [16/Apr/2018:19:11:21 +0200] "GET /facebook-logo-preview.png HTTP/1.1" 200 3924 "http://www.mkk.zpok.hu/" "Mozilla/5.0 (Windows NT 10.0; Win64; x64) AppleWebKit/537.36 (KHTML, like Gecko) Chrome/65.0.3325.181 Safari/537.36"
77.234.89.115 - - [16/Apr/2018:19:11:21 +0200] "GET /blog.jpg HTTP/1.1" 200 29833 "http://www.mkk.zpok.hu/" "Mozilla/5.0 (Windows NT 10.0; Win64; x64) AppleWebKit/537.36 (KHTML, like Gecko) Chrome/65.0.3325.181 Safari/537.36"
77.234.89.115 - - [16/Apr/2018:19:11:21 +0200] "GET /mkk_banner.png HTTP/1.1" 200 62097 "http://www.mkk.zpok.hu/" "Mozilla/5.0 (Windows NT 10.0; Win64; x64) AppleWebKit/537.36 (KHTML, like Gecko) Chrome/65.0.3325.181 Safari/537.36"
54.36.149.49 - - [16/Apr/2018:19:26:11 +0200] "GET /hirlevel/vonattal1410.html HTTP/1.1" 404 1181 "-" "Mozilla/5.0 (compatible; AhrefsBot/5.2; +http://ahrefs.com/robot/)"
133.130.48.124 - - [16/Apr/2018:19:33:48 +0200] "GET /doc/b2_2010.pdf HTTP/1.1" 404 1181 "-" "Mozilla/5.0 (Macintosh; Intel Mac OS X 10_10_3) AppleWebKit/537.36 (KHTML, like Gecko) Chrome/42.0.2311.90 Safari/537.36"
207.241.226.230 - - [16/Apr/2018:19:34:11 +0200] "GET /robots.txt HTTP/1.1" 404 1181 "-" "Mozilla/5.0 (compatible; archive.org_bot; Wayback Machine Live Record; +http://archive.org/details/archive.org_bot)"
207.241.226.234 - - [16/Apr/2018:19:34:12 +0200] "GET /robots.txt HTTP/1.1" 404 1181 "-" "Mozilla/5.0 (compatible; archive.org_bot; Wayback Machine Live Record; +http://archive.org/details/archive.org_bot)"
87.97.39.142 - - [16/Apr/2018:19:39:54 +0200] "GET /images/vasutterkep_n.jpg HTTP/1.1" 404 1181 "http://www.terkepkalauz.hu/index.php?option=com_alphacontent§ion=4&cat=32&task=view&id=396&Itemid=99999999" "Mozilla/5.0 (Windows NT 6.1; Win64; x64) AppleWebKit/537.36 (KHTML, like Gecko) Chrome/65.0.3325.181 Safari/537.36"
87.97.39.142 - - [16/Apr/2018:19:39:54 +0200] "GET /favicon.ico HTTP/1.1" 404 1181 "http://www.mkk.zpok.hu/images/vasutterkep_n.jpg" "Mozilla/5.0 (Windows NT 6.1; Win64; x64) AppleWebKit/537.36 (KHTML, like Gecko) Chrome/65.0.3325.181 Safari/537.36"
87.97.39.142 - - [16/Apr/2018:19:40:02 +0200] "GET /images/vasutterkep_n.jpg HTTP/1.1" 404 1181 "http://www.terkepkalauz.hu/index.php?option=com_alphacontent§ion=4&cat=32&task=view&id=396&Itemid=99999999" "Mozilla/5.0 (Windows NT 6.1; Win64; x64) AppleWebKit/537.36 (KHTML, like Gecko) Chrome/65.0.3325.181 Safari/537.36"
62.4.15.41 - - [16/Apr/2018:20:24:24 +0200] "GET /logo_img.php HTTP/1.1" 404 1181 "-" "Mozilla/5.0 (Windows NT 6.1; Win64; x64) AppleWebKit/537.36 (KHTML, like Gecko) Chrome/60.0.3112.113 Safari/537.36"
66.249.64.131 - - [16/Apr/2018:20:45:29 +0200] "GET /hirlevel/vonattal0907.htm HTTP/1.1" 404 1181 "-" "Mozilla/5.0 (compatible; Googlebot/2.1; +http://www.google.com/bot.html)"
123.125.67.222 - - [16/Apr/2018:20:55:18 +0200] "GET /robots.txt HTTP/1.1" 404 1181 "-" "Mozilla/5.0 (Windows NT 10.0; WOW64) AppleWebKit/537.36 (KHTML, like Gecko) Chrome/45.0.2454.93 Safari/537.36"
84.176.224.16 - - [16/Apr/2018:21:48:21 +0200] "GET /images/vasutterkep_n.jpg HTTP/1.1" 404 1181 "-" "Mozilla/5.0 (iPad; CPU OS 11_3 like Mac OS X) AppleWebKit/605.1.15 (KHTML, like Gecko) Version/11.0 Mobile/15E148 Safari/604.1"
84.176.224.16 - - [16/Apr/2018:21:48:21 +0200] "GET /apple-touch-icon-152x152-precomposed.png HTTP/1.1" 404 1181 "-" "MobileSafari/604.1 CFNetwork/897.15 Darwin/17.5.0"
84.176.224.16 - - [16/Apr/2018:21:48:21 +0200] "GET /apple-touch-icon-152x152.png HTTP/1.1" 404 1181 "-" "MobileSafari/604.1 CFNetwork/897.15 Darwin/17.5.0"
84.176.224.16 - - [16/Apr/2018:21:48:21 +0200] "GET /apple-touch-icon-precomposed.png HTTP/1.1" 404 1181 "-" "MobileSafari/604.1 CFNetwork/897.15 Darwin/17.5.0"
84.176.224.16 - - [16/Apr/2018:21:48:21 +0200] "GET /apple-touch-icon.png HTTP/1.1" 404 1181 "-" "MobileSafari/604.1 CFNetwork/897.15 Darwin/17.5.0"
84.176.224.16 - - [16/Apr/2018:21:48:21 +0200] "GET /favicon.ico HTTP/1.1" 404 1181 "-" "MobileSafari/604.1 CFNetwork/897.15 Darwin/17.5.0"
84.176.224.16 - - [16/Apr/2018:21:48:21 +0200] "GET /apple-touch-icon-152x152-precomposed.png HTTP/1.1" 404 1181 "-" "MobileSafari/604.1 CFNetwork/897.15 Darwin/17.5.0"
84.176.224.16 - - [16/Apr/2018:21:48:21 +0200] "GET /apple-touch-icon-152x152.png HTTP/1.1" 404 1181 "-" "MobileSafari/604.1 CFNetwork/897.15 Darwin/17.5.0"
84.176.224.16 - - [16/Apr/2018:21:48:21 +0200] "GET /apple-touch-icon-precomposed.png HTTP/1.1" 404 1181 "-" "MobileSafari/604.1 CFNetwork/897.15 Darwin/17.5.0"
84.176.224.16 - - [16/Apr/2018:21:48:21 +0200] "GET /apple-touch-icon.png HTTP/1.1" 404 1181 "-" "MobileSafari/604.1 CFNetwork/897.15 Darwin/17.5.0"
84.176.224.16 - - [16/Apr/2018:21:48:21 +0200] "GET /favicon.ico HTTP/1.1" 404 1181 "-" "MobileSafari/604.1 CFNetwork/897.15 Darwin/17.5.0"
66.249.64.76 - - [16/Apr/2018:21:59:20 +0200] "GET /doc/mkk_eger_tanulmany_2014.pdf HTTP/1.1" 304 - "-" "Mozilla/5.0 (Linux; Android 6.0.1; Nexus 5X Build/MMB29P) AppleWebKit/537.36 (KHTML, like Gecko) Chrome/41.0.2272.96 Mobile Safari/537.36 (compatible; Googlebot/2.1; +http://www.google.com/bot.html)"
207.46.13.140 - - [16/Apr/2018:21:59:24 +0200] "GET /doc/alapsz03.pdf HTTP/1.1" 200 6009944 "-" "Mozilla/5.0 (iPhone; CPU iPhone OS 7_0 like Mac OS X) AppleWebKit/537.51.1 (KHTML, like Gecko) Version/7.0 Mobile/11A465 Safari/9537.53 (compatible; bingbot/2.0; +http://www.bing.com/bingbot.htm)"
46.229.164.101 - - [16/Apr/2018:21:59:46 +0200] "GET /robots.txt HTTP/1.1" 404 1181 "-" "Mozilla/5.0 (compatible; SemrushBot/1.2~bl; +http://www.semrush.com/bot.html)"
54.81.216.108 - - [16/Apr/2018:22:00:40 +0200] "GET /robots.txt HTTP/1.0" 404 1181 "-" "CCBot/2.0 (http://commoncrawl.org/faq/)"
54.81.216.108 - - [16/Apr/2018:22:00:40 +0200] "GET /kikvagyunk2.htm HTTP/1.0" 200 17012 "-" "CCBot/2.0 (http://commoncrawl.org/faq/)"
66.249.64.158 - - [16/Apr/2018:22:21:10 +0200] "GET /hirlevel/K%C3%A9rd%C5%91%C3%ADv201604.doc HTTP/1.1" 404 1181 "-" "Googlebot/2.1 (+http://www.google.com/bot.html)"
66.249.64.76 - - [16/Apr/2018:22:45:29 +0200] "GET /doc/media_070622.pdf HTTP/1.1" 404 1181 "-" "Mozilla/5.0 (compatible; Googlebot/2.1; +http://www.google.com/bot.html)"
91.200.12.12 - - [16/Apr/2018:22:58:54 +0200] "GET /admin/images/cal_date_over.gif HTTP/1.1" 404 1181 "-" "python-requests/2.9.0"
91.200.12.12 - - [16/Apr/2018:22:58:56 +0200] "GET /admin/login.php HTTP/1.1" 404 1181 "-" "python-requests/2.9.0"
91.200.12.12 - - [16/Apr/2018:22:58:59 +0200] "GET /templates/system/css/system.css HTTP/1.1" 404 1181 "-" "python-requests/2.9.0"
91.200.12.12 - - [16/Apr/2018:22:59:02 +0200] "GET / HTTP/1.1" 200 2023 "-" "python-requests/2.9.0"
91.200.12.12 - - [16/Apr/2018:22:59:05 +0200] "GET /fckeditor/editor/filemanager/connectors/php/upload.php?Type=Media HTTP/1.1" 404 1181 "-" "python-requests/2.9.0"
65.55.210.198 - - [16/Apr/2018:23:00:52 +0200] "GET /doc/alapsz03.pdf HTTP/1.1" 200 4308992 "-" "Mozilla/5.0 (iPhone; CPU iPhone OS 7_0 like Mac OS X) AppleWebKit/537.51.1 (KHTML, like Gecko) Version/7.0 Mobile/11A465 Safari/9537.53 BingPreview/1.0b"
35.226.23.240 - - [16/Apr/2018:23:14:49 +0200] "GET /robots.txt HTTP/1.1" 404 1181 "-" "ltx71 - (http://ltx71.com/)"
54.81.216.108 - - [16/Apr/2018:23:33:18 +0200] "GET /tagsag2.htm HTTP/1.0" 200 1335 "-" "CCBot/2.0 (http://commoncrawl.org/faq/)"
216.244.66.245 - - [16/Apr/2018:23:50:55 +0200] "GET /robots.txt HTTP/1.1" 404 1181 "-" "Mozilla/5.0 (compatible; DotBot/1.1; http://www.opensiteexplorer.org/dotbot, help@moz.com)"
35.226.23.240 - - [16/Apr/2018:23:51:09 +0200] "GET /robots.txt HTTP/1.1" 404 1181 "-" "ltx71 - (http://ltx71.com/)"
216.244.66.245 - - [17/Apr/2018:00:08:19 +0200] "GET /doc/menetrendi-koncepcio_090831.pdf HTTP/1.1" 404 1181 "-" "Mozilla/5.0 (compatible; DotBot/1.1; http://www.opensiteexplorer.org/dotbot, help@moz.com)"
35.226.23.240 - - [17/Apr/2018:00:10:24 +0200] "GET /robots.txt HTTP/1.1" 404 1181 "-" "ltx71 - (http://ltx71.com/)"
54.81.216.108 - - [17/Apr/2018:00:38:56 +0200] "GET /projektek2.htm HTTP/1.0" 200 7634 "-" "CCBot/2.0 (http://commoncrawl.org/faq/)"
66.249.64.76 - - [17/Apr/2018:01:01:07 +0200] "GET /doc/hu_aps_positivbeispiele_aufl2_070622_klein.pdf HTTP/1.1" 200 2887217 "-" "Mozilla/5.0 (compatible; Googlebot/2.1; +http://www.google.com/bot.html)"
40.77.167.15 - - [17/Apr/2018:02:32:26 +0200] "GET / HTTP/1.1" 200 2023 "-" "Mozilla/5.0 (compatible; bingbot/2.0; +http://www.bing.com/bingbot.htm)"
54.198.122.70 - - [17/Apr/2018:02:34:14 +0200] "GET /robots.txt HTTP/1.0" 404 1181 "-" "CCBot/2.0 (http://commoncrawl.org/faq/)"
54.198.122.70 - - [17/Apr/2018:02:34:15 +0200] "GET /doc/allomasok_kepes_osszefoglaloja.pdf HTTP/1.0" 200 297935 "-" "CCBot/2.0 (http://commoncrawl.org/faq/)"
178.255.215.87 - - [17/Apr/2018:02:43:51 +0200] "GET /robots.txt HTTP/1.1" 404 1181 "-" "Mozilla/5.0 (compatible; Exabot/3.0; +http://www.exabot.com/go/robot)"
178.255.215.87 - - [17/Apr/2018:02:43:52 +0200] "GET /doc/varos-videk_2009.pdf HTTP/1.1" 200 173383 "-" "Mozilla/5.0 (compatible; Exabot/3.0; +http://www.exabot.com/go/robot)"
54.198.122.70 - - [17/Apr/2018:02:53:32 +0200] "GET /doc/alapsz03.pdf HTTP/1.0" 200 522960 "-" "CCBot/2.0 (http://commoncrawl.org/faq/)"
66.249.64.76 - - [17/Apr/2018:03:06:04 +0200] "GET /doc/mkk_eger_tanulmany_2014.pdf HTTP/1.1" 304 - "-" "Mozilla/5.0 (Linux; Android 6.0.1; Nexus 5X Build/MMB29P) AppleWebKit/537.36 (KHTML, like Gecko) Chrome/41.0.2272.96 Mobile Safari/537.36 (compatible; Googlebot/2.1; +http://www.google.com/bot.html)"
216.244.66.245 - - [17/Apr/2018:03:08:22 +0200] "GET /robots.txt HTTP/1.1" 404 1181 "-" "Mozilla/5.0 (compatible; DotBot/1.1; http://www.opensiteexplorer.org/dotbot, help@moz.com)"
216.244.66.245 - - [17/Apr/2018:03:14:27 +0200] "GET /hirlevel/vonattal1206.htm HTTP/1.1" 404 1181 "-" "Mozilla/5.0 (compatible; DotBot/1.1; http://www.opensiteexplorer.org/dotbot, help@moz.com)"
180.76.15.149 - - [17/Apr/2018:04:29:52 +0200] "GET / HTTP/1.1" 200 2023 "-" "Mozilla/5.0 (compatible; Baiduspider/2.0; +http://www.baidu.com/search/spider.html)"
80.77.124.233 - - [17/Apr/2018:04:32:56 +0200] "GET / HTTP/1.1" 200 2023 "-" "Mozilla/5.0 (Windows NT 10.0; Win64; x64) AppleWebKit/537.36 (KHTML, like Gecko) Chrome/62.0.3202.94 Safari/537.36"
77.111.91.248 - - [17/Apr/2018:04:39:18 +0200] "GET / HTTP/1.1" 200 2023 "-" "Mozilla/5.0 (Windows NT 10.0; Win64; x64) AppleWebKit/537.36 (KHTML, like Gecko) Chrome/62.0.3202.94 Safari/537.36"
5.196.87.126 - - [17/Apr/2018:05:23:44 +0200] "GET /robots.txt HTTP/1.1" 404 1181 "-" "Mozilla/5.0 (compatible; AhrefsBot/5.2; +http://ahrefs.com/robot/)"
54.198.122.70 - - [17/Apr/2018:06:46:58 +0200] "GET /doc/belepesinyilatkozat.pdf HTTP/1.0" 200 294912 "-" "CCBot/2.0 (http://commoncrawl.org/faq/)"
66.249.64.78 - - [17/Apr/2018:07:28:23 +0200] "GET /robots.txt HTTP/1.1" 404 1181 "-" "Mozilla/5.0 (compatible; Googlebot/2.1; +http://www.google.com/bot.html)"
66.249.64.74 - - [17/Apr/2018:07:28:34 +0200] "GET /doc/alapsz03.pdf HTTP/1.1" 200 6009944 "-" "Googlebot/2.1 (+http://www.google.com/bot.html)"
5.196.87.126 - - [17/Apr/2018:08:30:32 +0200] "GET /robots.txt HTTP/1.1" 404 1181 "-" "Mozilla/5.0 (compatible; AhrefsBot/5.2; +http://ahrefs.com/robot/)"
195.228.58.201 - - [17/Apr/2018:09:44:58 +0200] "GET / HTTP/1.1" 200 2023 "https://www.google.hu/" "Mozilla/5.0 (Windows NT 6.1) AppleWebKit/537.36 (KHTML, like Gecko) Chrome/65.0.3325.181 Safari/537.36"
195.228.58.201 - - [17/Apr/2018:09:44:59 +0200] "GET /mkk_banner.png HTTP/1.1" 200 62097 "http://www.mkk.zpok.hu/" "Mozilla/5.0 (Windows NT 6.1) AppleWebKit/537.36 (KHTML, like Gecko) Chrome/65.0.3325.181 Safari/537.36"
195.228.58.201 - - [17/Apr/2018:09:44:59 +0200] "GET /facebook-logo-preview.png HTTP/1.1" 200 3924 "http://www.mkk.zpok.hu/" "Mozilla/5.0 (Windows NT 6.1) AppleWebKit/537.36 (KHTML, like Gecko) Chrome/65.0.3325.181 Safari/537.36"
195.228.58.201 - - [17/Apr/2018:09:44:59 +0200] "GET /blog.jpg HTTP/1.1" 200 29833 "http://www.mkk.zpok.hu/" "Mozilla/5.0 (Windows NT 6.1) AppleWebKit/537.36 (KHTML, like Gecko) Chrome/65.0.3325.181 Safari/537.36"
195.228.58.201 - - [17/Apr/2018:09:45:18 +0200] "GET /favicon.ico HTTP/1.1" 404 1181 "http://www.mkk.zpok.hu/" "Mozilla/5.0 (Windows NT 6.1) AppleWebKit/537.36 (KHTML, like Gecko) Chrome/65.0.3325.181 Safari/537.36"
54.174.24.226 - - [17/Apr/2018:09:45:31 +0200] "GET /robots.txt HTTP/1.1" 404 1181 "-" "Mozilla/5.0 (compatible; proximic; +http://www.proximic.com/info/spider.php)"
77.75.79.17 - - [17/Apr/2018:10:12:23 +0200] "GET /robots.txt HTTP/1.1" 404 1181 "-" "Mozilla/5.0 (compatible; SeznamBot/3.2; +http://napoveda.seznam.cz/en/seznambot-intro/)"
77.75.79.17 - - [17/Apr/2018:10:12:23 +0200] "GET / HTTP/1.1" 304 - "-" "Mozilla/5.0 (compatible; SeznamBot/3.2; +http://napoveda.seznam.cz/en/seznambot-intro/)"
54.81.116.180 - - [17/Apr/2018:10:49:21 +0200] "GET /robots.txt HTTP/1.0" 404 1181 "-" "CCBot/2.0 (http://commoncrawl.org/faq/)"
54.81.116.180 - - [17/Apr/2018:10:49:22 +0200] "GET /doc/mkk_eger_tanulmany_2014.pdf HTTP/1.0" 200 316761 "-" "CCBot/2.0 (http://commoncrawl.org/faq/)"
54.81.116.180 - - [17/Apr/2018:11:23:22 +0200] "GET /doc/bartok_20160703.pdf HTTP/1.0" 200 267529 "-" "CCBot/2.0 (http://commoncrawl.org/faq/)"
54.81.116.180 - - [17/Apr/2018:11:40:23 +0200] "GET /doc/kerparoskozlekedes.pdf HTTP/1.0" 200 319655 "-" "CCBot/2.0 (http://commoncrawl.org/faq/)"
23.237.4.26 - - [17/Apr/2018:11:50:29 +0200] "GET / HTTP/1.1" 200 2023 "-" "Mozilla/5.0 (compatible; AlphaBot/3.2; +http://alphaseobot.com/bot.html)"
66.249.64.74 - - [17/Apr/2018:11:58:20 +0200] "GET /doc/mkk_eger_tanulmany_2014.pdf HTTP/1.1" 304 - "-" "Mozilla/5.0 (Linux; Android 6.0.1; Nexus 5X Build/MMB29P) AppleWebKit/537.36 (KHTML, like Gecko) Chrome/41.0.2272.96 Mobile Safari/537.36 (compatible; Googlebot/2.1; +http://www.google.com/bot.html)"
158.69.254.103 - - [17/Apr/2018:12:27:29 +0200] "GET /robots.txt HTTP/1.1" 404 1181 "-" "Mozilla/5.0 (compatible; MJ12bot/v1.4.8; http://mj12bot.com/)"
158.69.254.103 - - [17/Apr/2018:12:27:53 +0200] "GET / HTTP/1.1" 200 2023 "-" "Mozilla/5.0 (compatible; MJ12bot/v1.4.8; http://mj12bot.com/)"
54.81.116.180 - - [17/Apr/2018:13:10:37 +0200] "GET /doc/hu_aps_positivbeispiele_aufl2_070622_klein.pdf HTTP/1.0" 200 294912 "-" "CCBot/2.0 (http://commoncrawl.org/faq/)"
78.43.107.175 - - [17/Apr/2018:13:13:27 +0200] "GET /doc/b2_201203.jpg HTTP/1.1" 404 1181 "-" "Mozilla/5.0 (Macintosh; Intel Mac OS X 10_13_4) AppleWebKit/605.1.15 (KHTML, like Gecko)"
78.43.107.175 - - [17/Apr/2018:13:13:27 +0200] "GET /apple-touch-icon-precomposed.png HTTP/1.1" 404 1181 "-" "Safari/13605.1.33.1.2 CFNetwork/897.15 Darwin/17.5.0 (x86_64)"
78.43.107.175 - - [17/Apr/2018:13:13:27 +0200] "GET /apple-touch-icon.png HTTP/1.1" 404 1181 "-" "Safari/13605.1.33.1.2 CFNetwork/897.15 Darwin/17.5.0 (x86_64)"
78.43.107.175 - - [17/Apr/2018:13:13:27 +0200] "GET /favicon.ico HTTP/1.1" 404 1181 "-" "Safari/13605.1.33.1.2 CFNetwork/897.15 Darwin/17.5.0 (x86_64)"
78.43.107.175 - - [17/Apr/2018:13:13:27 +0200] "GET /apple-touch-icon-precomposed.png HTTP/1.1" 404 1181 "-" "Safari/13605.1.33.1.2 CFNetwork/897.15 Darwin/17.5.0 (x86_64)"
78.43.107.175 - - [17/Apr/2018:13:13:27 +0200] "GET /apple-touch-icon.png HTTP/1.1" 404 1181 "-" "Safari/13605.1.33.1.2 CFNetwork/897.15 Darwin/17.5.0 (x86_64)"
78.43.107.175 - - [17/Apr/2018:13:13:28 +0200] "GET /favicon.ico HTTP/1.1" 404 1181 "-" "Safari/13605.1.33.1.2 CFNetwork/897.15 Darwin/17.5.0 (x86_64)"
78.43.107.175 - - [17/Apr/2018:13:13:28 +0200] "GET /doc/b2_201203.jpg HTTP/1.1" 404 1181 "-" "\"Mozilla/5.0 (iPhone; CPU iPhone OS 11_0 like Mac OS X) AppleWebKit/604.1.38 (KHTML, like Gecko) Version/11.0 Mobile/15A372 Safari/604.1\""
78.43.107.175 - - [17/Apr/2018:13:13:28 +0200] "GET /apple-touch-icon-precomposed.png HTTP/1.1" 404 1181 "-" "Safari/13605.1.33.1.2 CFNetwork/897.15 Darwin/17.5.0 (x86_64)"
78.43.107.175 - - [17/Apr/2018:13:13:28 +0200] "GET /apple-touch-icon.png HTTP/1.1" 404 1181 "-" "Safari/13605.1.33.1.2 CFNetwork/897.15 Darwin/17.5.0 (x86_64)"
78.43.107.175 - - [17/Apr/2018:13:13:28 +0200] "GET /favicon.ico HTTP/1.1" 404 1181 "-" "Safari/13605.1.33.1.2 CFNetwork/897.15 Darwin/17.5.0 (x86_64)"
78.43.107.175 - - [17/Apr/2018:13:13:28 +0200] "GET /apple-touch-icon-precomposed.png HTTP/1.1" 404 1181 "-" "Safari/13605.1.33.1.2 CFNetwork/897.15 Darwin/17.5.0 (x86_64)"
78.43.107.175 - - [17/Apr/2018:13:13:28 +0200] "GET /apple-touch-icon.png HTTP/1.1" 404 1181 "-" "Safari/13605.1.33.1.2 CFNetwork/897.15 Darwin/17.5.0 (x86_64)"
78.43.107.175 - - [17/Apr/2018:13:13:28 +0200] "GET /favicon.ico HTTP/1.1" 404 1181 "-" "Safari/13605.1.33.1.2 CFNetwork/897.15 Darwin/17.5.0 (x86_64)"
81.16.194.230 - - [17/Apr/2018:13:19:46 +0200] "GET /favicon.ico HTTP/1.1" 404 1181 "http://www.mkk.zpok.hu/doc/westtakt_final_20160405.pdf" "Mozilla/5.0 (Windows NT 10.0; Win64; x64) AppleWebKit/537.36 (KHTML, like Gecko) Chrome/65.0.3325.181 Safari/537.36"
81.16.194.230 - - [17/Apr/2018:13:19:47 +0200] "GET /doc/westtakt_final_20160405.pdf HTTP/1.1" 200 633098 "https://www.google.hu/" "Mozilla/5.0 (Windows NT 10.0; Win64; x64) AppleWebKit/537.36 (KHTML, like Gecko) Chrome/65.0.3325.181 Safari/537.36"
54.81.116.180 - - [17/Apr/2018:13:51:53 +0200] "GET /doc/87_fa_szv.pdf HTTP/1.0" 200 56286 "-" "CCBot/2.0 (http://commoncrawl.org/faq/)"
213.222.183.49 - - [17/Apr/2018:13:54:13 +0200] "GET / HTTP/1.1" 200 2023 "https://www.google.hu/" "Mozilla/5.0 (Windows NT 6.1; Win64; x64) AppleWebKit/537.36 (KHTML, like Gecko) Chrome/65.0.3325.181 Safari/537.36"
213.222.183.49 - - [17/Apr/2018:13:54:13 +0200] "GET /mkk_banner.png HTTP/1.1" 200 62097 "http://www.mkk.zpok.hu/" "Mozilla/5.0 (Windows NT 6.1; Win64; x64) AppleWebKit/537.36 (KHTML, like Gecko) Chrome/65.0.3325.181 Safari/537.36"
213.222.183.49 - - [17/Apr/2018:13:54:13 +0200] "GET /blog.jpg HTTP/1.1" 200 29833 "http://www.mkk.zpok.hu/" "Mozilla/5.0 (Windows NT 6.1; Win64; x64) AppleWebKit/537.36 (KHTML, like Gecko) Chrome/65.0.3325.181 Safari/537.36"
213.222.183.49 - - [17/Apr/2018:13:54:13 +0200] "GET /facebook-logo-preview.png HTTP/1.1" 200 3924 "http://www.mkk.zpok.hu/" "Mozilla/5.0 (Windows NT 6.1; Win64; x64) AppleWebKit/537.36 (KHTML, like Gecko) Chrome/65.0.3325.181 Safari/537.36"
54.81.116.180 - - [17/Apr/2018:14:07:09 +0200] "GET /doc/eletet-a-vasutnak.pdf HTTP/1.0" 200 252624 "-" "CCBot/2.0 (http://commoncrawl.org/faq/)"
66.249.64.78 - - [17/Apr/2018:14:18:02 +0200] "GET / HTTP/1.1" 200 2023 "-" "Mozilla/5.0 (Linux; Android 6.0.1; Nexus 5X Build/MMB29P) AppleWebKit/537.36 (KHTML, like Gecko) Chrome/41.0.2272.96 Mobile Safari/537.36 (compatible; Googlebot/2.1; +http://www.google.com/bot.html)"
78.92.92.37 - - [17/Apr/2018:14:36:52 +0200] "GET / HTTP/1.1" 200 2023 "https://www.google.hu/" "Mozilla/5.0 (Windows NT 6.1; Win64; x64) AppleWebKit/537.36 (KHTML, like Gecko) Chrome/65.0.3325.181 Safari/537.36"
78.92.92.37 - - [17/Apr/2018:14:36:52 +0200] "GET /mkk_banner.png HTTP/1.1" 200 62097 "http://www.mkk.zpok.hu/" "Mozilla/5.0 (Windows NT 6.1; Win64; x64) AppleWebKit/537.36 (KHTML, like Gecko) Chrome/65.0.3325.181 Safari/537.36"
78.92.92.37 - - [17/Apr/2018:14:36:52 +0200] "GET /blog.jpg HTTP/1.1" 200 29833 "http://www.mkk.zpok.hu/" "Mozilla/5.0 (Windows NT 6.1; Win64; x64) AppleWebKit/537.36 (KHTML, like Gecko) Chrome/65.0.3325.181 Safari/537.36"
78.92.92.37 - - [17/Apr/2018:14:36:52 +0200] "GET /facebook-logo-preview.png HTTP/1.1" 200 3924 "http://www.mkk.zpok.hu/" "Mozilla/5.0 (Windows NT 6.1; Win64; x64) AppleWebKit/537.36 (KHTML, like Gecko) Chrome/65.0.3325.181 Safari/537.36"
78.92.92.37 - - [17/Apr/2018:14:37:01 +0200] "GET /kikvagyunk2.htm HTTP/1.1" 200 17012 "http://www.mkk.zpok.hu/" "Mozilla/5.0 (Windows NT 6.1; Win64; x64) AppleWebKit/537.36 (KHTML, like Gecko) Chrome/65.0.3325.181 Safari/537.36"
78.92.92.37 - - [17/Apr/2018:14:37:01 +0200] "GET /icons/icons_k/1.png HTTP/1.1" 200 7684 "http://www.mkk.zpok.hu/kikvagyunk2.htm" "Mozilla/5.0 (Windows NT 6.1; Win64; x64) AppleWebKit/537.36 (KHTML, like Gecko) Chrome/65.0.3325.181 Safari/537.36"
78.92.92.37 - - [17/Apr/2018:14:37:01 +0200] "GET /icons/icons_k/2.png HTTP/1.1" 200 8020 "http://www.mkk.zpok.hu/kikvagyunk2.htm" "Mozilla/5.0 (Windows NT 6.1; Win64; x64) AppleWebKit/537.36 (KHTML, like Gecko) Chrome/65.0.3325.181 Safari/537.36"
78.92.92.37 - - [17/Apr/2018:14:37:01 +0200] "GET /icons/icons_k/4.png HTTP/1.1" 200 5935 "http://www.mkk.zpok.hu/kikvagyunk2.htm" "Mozilla/5.0 (Windows NT 6.1; Win64; x64) AppleWebKit/537.36 (KHTML, like Gecko) Chrome/65.0.3325.181 Safari/537.36"
78.92.92.37 - - [17/Apr/2018:14:37:01 +0200] "GET /icons/icons_k/5.png HTTP/1.1" 200 5410 "http://www.mkk.zpok.hu/kikvagyunk2.htm" "Mozilla/5.0 (Windows NT 6.1; Win64; x64) AppleWebKit/537.36 (KHTML, like Gecko) Chrome/65.0.3325.181 Safari/537.36"
78.92.92.37 - - [17/Apr/2018:14:37:01 +0200] "GET /icons/icons_k/3.png HTTP/1.1" 200 5625 "http://www.mkk.zpok.hu/kikvagyunk2.htm" "Mozilla/5.0 (Windows NT 6.1; Win64; x64) AppleWebKit/537.36 (KHTML, like Gecko) Chrome/65.0.3325.181 Safari/537.36"
78.92.92.37 - - [17/Apr/2018:14:37:01 +0200] "GET /kikvag1.jpg HTTP/1.1" 200 9565 "http://www.mkk.zpok.hu/kikvagyunk2.htm" "Mozilla/5.0 (Windows NT 6.1; Win64; x64) AppleWebKit/537.36 (KHTML, like Gecko) Chrome/65.0.3325.181 Safari/537.36"
78.92.92.37 - - [17/Apr/2018:14:37:01 +0200] "GET /icons/icons_k/6.png HTTP/1.1" 200 4270 "http://www.mkk.zpok.hu/kikvagyunk2.htm" "Mozilla/5.0 (Windows NT 6.1; Win64; x64) AppleWebKit/537.36 (KHTML, like Gecko) Chrome/65.0.3325.181 Safari/537.36"
78.92.92.37 - - [17/Apr/2018:14:37:01 +0200] "GET /pdf.png HTTP/1.1" 200 133123 "http://www.mkk.zpok.hu/kikvagyunk2.htm" "Mozilla/5.0 (Windows NT 6.1; Win64; x64) AppleWebKit/537.36 (KHTML, like Gecko) Chrome/65.0.3325.181 Safari/537.36"
78.92.92.37 - - [17/Apr/2018:14:37:01 +0200] "GET /icons/icons_k/mpeter.png HTTP/1.1" 200 28939 "http://www.mkk.zpok.hu/kikvagyunk2.htm" "Mozilla/5.0 (Windows NT 6.1; Win64; x64) AppleWebKit/537.36 (KHTML, like Gecko) Chrome/65.0.3325.181 Safari/537.36"
78.92.92.37 - - [17/Apr/2018:14:37:02 +0200] "GET /favicon.ico HTTP/1.1" 404 1181 "http://www.mkk.zpok.hu/" "Mozilla/5.0 (Windows NT 6.1; Win64; x64) AppleWebKit/537.36 (KHTML, like Gecko) Chrome/65.0.3325.181 Safari/537.36"
54.81.116.180 - - [17/Apr/2018:14:50:37 +0200] "GET /doc/80_sln_su.pdf HTTP/1.0" 200 130637 "-" "CCBot/2.0 (http://commoncrawl.org/faq/)"
194.187.170.145 - - [17/Apr/2018:15:27:56 +0200] "GET /robots.txt HTTP/1.0" 404 1181 "-" "Mozilla/5.0 (compatible; Qwantify/2.4w; +https://www.qwant.com/)/2.4w"
194.187.170.145 - - [17/Apr/2018:15:27:56 +0200] "GET / HTTP/1.0" 200 2023 "-" "Mozilla/5.0 (compatible; Qwantify/2.4w; +https://www.qwant.com/)/2.4w"
66.249.64.78 - - [17/Apr/2018:15:31:28 +0200] "GET / HTTP/1.1" 200 2023 "-" "Mozilla/5.0 (Linux; Android 6.0.1; Nexus 5X Build/MMB29P) AppleWebKit/537.36 (KHTML, like Gecko) Chrome/41.0.2272.96 Mobile Safari/537.36 (compatible; Googlebot/2.1; +http://www.google.com/bot.html)"
54.81.116.180 - - [17/Apr/2018:15:52:34 +0200] "GET /doc/westtakt_final_20160405.pdf HTTP/1.0" 200 262144 "-" "CCBot/2.0 (http://commoncrawl.org/faq/)"
54.81.116.180 - - [17/Apr/2018:15:54:21 +0200] "GET /doc/varos-videk_2009.pdf HTTP/1.0" 200 293591 "-" "CCBot/2.0 (http://commoncrawl.org/faq/)"
180.76.15.135 - - [17/Apr/2018:16:05:20 +0200] "GET /doc/varos-videk_2009.pdf HTTP/1.1" 200 622592 "-" "Mozilla/5.0 (compatible; Baiduspider/2.0; +http://www.baidu.com/search/spider.html)"
192.254.77.109 - - [17/Apr/2018:16:06:39 +0200] "GET / HTTP/1.1" 200 2023 "http://www.mkk.zpok.hu/" "Mozilla/4.0 (compatible; MSIE 6.0; Windows NT 5.1; SV1; .NET CLR 2.0.50727; .NET CLR 1.1.4322)"
192.254.77.109 - - [17/Apr/2018:16:06:39 +0200] "GET / HTTP/1.1" 200 2023 "http://www.mkk.zpok.hu/" "Mozilla/4.0 (compatible; MSIE 6.0; Windows NT 5.1; SV1; .NET CLR 2.0.50727; .NET CLR 1.1.4322)"
66.249.64.128 - - [17/Apr/2018:16:19:58 +0200] "GET /robots.txt HTTP/1.1" 404 1181 "-" "Mozilla/5.0 (compatible; Googlebot/2.1; +http://www.google.com/bot.html)"
66.249.64.158 - - [17/Apr/2018:16:19:58 +0200] "GET /doc/b2_20102.jpg HTTP/1.1" 404 1181 "-" "Googlebot-Image/1.0"
66.249.64.74 - - [17/Apr/2018:17:18:56 +0200] "GET / HTTP/1.1" 200 2023 "-" "Mozilla/5.0 (Linux; Android 6.0.1; Nexus 5X Build/MMB29P) AppleWebKit/537.36 (KHTML, like Gecko) Chrome/41.0.2272.96 Mobile Safari/537.36 (compatible; Googlebot/2.1; +http://www.google.com/bot.html)"
212.83.171.239 - - [17/Apr/2018:17:40:54 +0200] "GET / HTTP/1.0" 200 2023 "-" "Mozilla/5.0 (Windows NT 6.3; WOW64) AppleWebKit/537.36 (KHTML, like Gecko) Chrome/34.0.1847.137 Safari/537.36"
185.26.92.74 - - [17/Apr/2018:17:52:13 +0200] "GET /robots.txt HTTP/1.1" 404 1181 "-" "GarlikCrawler/1.2 (http://garlik.com/, crawler@garlik.com)"
185.26.92.74 - - [17/Apr/2018:17:52:13 +0200] "GET /doc/nctazaro.pdf HTTP/1.1" 404 1181 "-" "GarlikCrawler/1.2 (http://garlik.com/, crawler@garlik.com)"
185.26.92.74 - - [17/Apr/2018:17:52:22 +0200] "GET /doc/b2_2010.pdf HTTP/1.1" 404 1181 "-" "GarlikCrawler/1.2 (http://garlik.com/, crawler@garlik.com)"
35.226.23.240 - - [17/Apr/2018:17:53:00 +0200] "GET /robots.txt HTTP/1.1" 404 1181 "-" "ltx71 - (http://ltx71.com/)"
35.202.181.29 - - [17/Apr/2018:17:58:22 +0200] "GET /robots.txt HTTP/1.1" 404 1181 "-" "ltx71 - (http://ltx71.com/)"
77.111.91.248 - - [17/Apr/2018:17:59:53 +0200] "GET / HTTP/1.1" 200 2023 "-" "Mozilla/5.0 (Windows NT 10.0; Win64; x64) AppleWebKit/537.36 (KHTML, like Gecko) Chrome/62.0.3202.94 Safari/537.36"
80.77.124.233 - - [17/Apr/2018:18:06:50 +0200] "GET / HTTP/1.1" 200 2023 "-" "Mozilla/5.0 (Windows NT 10.0; Win64; x64) AppleWebKit/537.36 (KHTML, like Gecko) Chrome/62.0.3202.94 Safari/537.36"
66.249.64.78 - - [17/Apr/2018:18:28:47 +0200] "GET / HTTP/1.1" 200 2023 "-" "Mozilla/5.0 (Linux; Android 6.0.1; Nexus 5X Build/MMB29P) AppleWebKit/537.36 (KHTML, like Gecko) Chrome/41.0.2272.96 Mobile Safari/537.36 (compatible; Googlebot/2.1; +http://www.google.com/bot.html)"
123.125.71.39 - - [17/Apr/2018:19:05:46 +0200] "GET /doc/vasuttal-budapest-kornyeken.pdf HTTP/1.1" 404 1181 "-" "Mozilla/5.0 (compatible; Baiduspider/2.0; +http://www.baidu.com/search/spider.html)"
207.241.226.234 - - [17/Apr/2018:19:45:49 +0200] "GET /robots.txt HTTP/1.1" 404 1181 "-" "Mozilla/5.0 (compatible; archive.org_bot; Wayback Machine Live Record; +http://archive.org/details/archive.org_bot)"
207.241.226.230 - - [17/Apr/2018:19:45:51 +0200] "GET /robots.txt HTTP/1.1" 404 1181 "-" "Mozilla/5.0 (compatible; archive.org_bot; Wayback Machine Live Record; +http://archive.org/details/archive.org_bot)"
162.210.196.97 - - [17/Apr/2018:20:02:05 +0200] "GET /robots.txt HTTP/1.1" 404 1181 "-" "Mozilla/5.0 (compatible; MJ12bot/v1.4.8; http://mj12bot.com/)"
162.210.196.97 - - [17/Apr/2018:20:02:07 +0200] "GET / HTTP/1.1" 200 2023 "-" "Mozilla/5.0 (compatible; MJ12bot/v1.4.8; http://mj12bot.com/)"
94.248.135.187 - - [17/Apr/2018:20:19:49 +0200] "GET / HTTP/1.1" 200 2023 "https://www.google.hu/" "Mozilla/5.0 (iPad; CPU OS 10_3_2 like Mac OS X) AppleWebKit/603.2.4 (KHTML, like Gecko) Version/10.0 Mobile/14F89 Safari/602.1"
94.248.135.187 - - [17/Apr/2018:20:19:49 +0200] "GET /mkk_banner.png HTTP/1.1" 200 62097 "http://www.mkk.zpok.hu/" "Mozilla/5.0 (iPad; CPU OS 10_3_2 like Mac OS X) AppleWebKit/603.2.4 (KHTML, like Gecko) Version/10.0 Mobile/14F89 Safari/602.1"
94.248.135.187 - - [17/Apr/2018:20:19:49 +0200] "GET /facebook-logo-preview.png HTTP/1.1" 200 3924 "http://www.mkk.zpok.hu/" "Mozilla/5.0 (iPad; CPU OS 10_3_2 like Mac OS X) AppleWebKit/603.2.4 (KHTML, like Gecko) Version/10.0 Mobile/14F89 Safari/602.1"
94.248.135.187 - - [17/Apr/2018:20:19:49 +0200] "GET /blog.jpg HTTP/1.1" 200 29833 "http://www.mkk.zpok.hu/" "Mozilla/5.0 (iPad; CPU OS 10_3_2 like Mac OS X) AppleWebKit/603.2.4 (KHTML, like Gecko) Version/10.0 Mobile/14F89 Safari/602.1"
52.48.190.121 - - [17/Apr/2018:20:22:35 +0200] "HEAD / HTTP/1.1" 200 0 "-" "Mozilla/5.0 (compatible; JobKereso; +https://www.kozvetlen-allasok.hu/robot.jsp info@kozvetlen-allasok.hu)"
52.48.190.121 - - [17/Apr/2018:20:22:35 +0200] "GET /robots.txt HTTP/1.1" 404 1181 "-" "Mozilla/5.0 (compatible; JobKereso; +https://www.kozvetlen-allasok.hu/robot.jsp info@kozvetlen-allasok.hu)"
52.48.190.121 - - [17/Apr/2018:20:22:36 +0200] "HEAD / HTTP/1.1" 200 0 "-" "Mozilla/5.0 (compatible; JobKereso; +https://www.kozvetlen-allasok.hu/robot.jsp info@kozvetlen-allasok.hu)"
52.48.190.121 - - [17/Apr/2018:20:22:36 +0200] "GET / HTTP/1.1" 200 2023 "-" "Mozilla/5.0 (compatible; JobKereso; +https://www.kozvetlen-allasok.hu/robot.jsp info@kozvetlen-allasok.hu)"
