37.9.113.24 - - [05/Aug/2019:10:19:25 +0200] "GET /robots.txt HTTP/1.1" 301 323 "-" "Mozilla/5.0 (compatible; YandexBot/3.0; +http://yandex.com/bots)"
87.250.224.88 - - [05/Aug/2019:10:19:40 +0200] "GET /robots.txt HTTP/1.1" 301 323 "-" "Mozilla/5.0 (compatible; YandexBot/3.0; +http://yandex.com/bots)"
213.180.203.45 - - [05/Aug/2019:10:19:56 +0200] "GET /robots.txt HTTP/1.1" 301 323 "-" "Mozilla/5.0 (compatible; YandexBot/3.0; +http://yandex.com/bots)"
141.8.183.205 - - [05/Aug/2019:10:20:26 +0200] "GET /robots.txt HTTP/1.1" 301 323 "-" "Mozilla/5.0 (compatible; YandexBot/3.0; +http://yandex.com/bots)"
178.154.200.36 - - [05/Aug/2019:10:21:26 +0200] "GET /robots.txt HTTP/1.1" 301 323 "-" "Mozilla/5.0 (compatible; YandexBot/3.0; +http://yandex.com/bots)"
5.45.207.35 - - [05/Aug/2019:10:22:27 +0200] "GET /robots.txt HTTP/1.1" 301 323 "-" "Mozilla/5.0 (compatible; YandexBot/3.0; +http://yandex.com/bots)"
37.9.113.42 - - [05/Aug/2019:10:24:27 +0200] "GET /robots.txt HTTP/1.1" 301 323 "-" "Mozilla/5.0 (compatible; YandexBot/3.0; +http://yandex.com/bots)"
141.8.183.17 - - [05/Aug/2019:10:25:41 +0200] "GET /robots.txt HTTP/1.1" 301 319 "-" "Mozilla/5.0 (compatible; YandexBot/3.0; +http://yandex.com/bots)"
37.9.113.81 - - [05/Aug/2019:10:27:27 +0200] "GET /robots.txt HTTP/1.1" 301 323 "-" "Mozilla/5.0 (compatible; YandexBot/3.0; +http://yandex.com/bots)"
178.154.200.35 - - [05/Aug/2019:10:32:27 +0200] "GET /robots.txt HTTP/1.1" 301 323 "-" "Mozilla/5.0 (compatible; YandexBot/3.0; +http://yandex.com/bots)"
141.8.132.23 - - [05/Aug/2019:10:40:27 +0200] "GET /robots.txt HTTP/1.1" 301 323 "-" "Mozilla/5.0 (compatible; YandexBot/3.0; +http://yandex.com/bots)"
37.9.113.195 - - [05/Aug/2019:10:50:27 +0200] "GET /robots.txt HTTP/1.1" 301 323 "-" "Mozilla/5.0 (compatible; YandexBot/3.0; +http://yandex.com/bots)"
37.9.113.87 - - [05/Aug/2019:11:00:28 +0200] "GET /robots.txt HTTP/1.1" 301 323 "-" "Mozilla/5.0 (compatible; YandexBot/3.0; +http://yandex.com/bots)"
178.154.200.35 - - [05/Aug/2019:11:10:28 +0200] "GET /robots.txt HTTP/1.1" 301 323 "-" "Mozilla/5.0 (compatible; YandexBot/3.0; +http://yandex.com/bots)"
141.8.183.17 - - [05/Aug/2019:11:20:28 +0200] "GET /robots.txt HTTP/1.1" 301 323 "-" "Mozilla/5.0 (compatible; YandexBot/3.0; +http://yandex.com/bots)"
141.8.183.17 - - [05/Aug/2019:11:30:28 +0200] "GET /robots.txt HTTP/1.1" 301 323 "-" "Mozilla/5.0 (compatible; YandexBot/3.0; +http://yandex.com/bots)"
141.8.183.17 - - [05/Aug/2019:11:40:28 +0200] "GET /robots.txt HTTP/1.1" 301 323 "-" "Mozilla/5.0 (compatible; YandexBot/3.0; +http://yandex.com/bots)"
141.8.183.17 - - [05/Aug/2019:11:50:29 +0200] "GET /robots.txt HTTP/1.1" 301 323 "-" "Mozilla/5.0 (compatible; YandexBot/3.0; +http://yandex.com/bots)"
141.8.183.17 - - [05/Aug/2019:12:00:29 +0200] "GET /robots.txt HTTP/1.1" 301 323 "-" "Mozilla/5.0 (compatible; YandexBot/3.0; +http://yandex.com/bots)"
141.8.183.17 - - [05/Aug/2019:12:10:29 +0200] "GET /robots.txt HTTP/1.1" 301 323 "-" "Mozilla/5.0 (compatible; YandexBot/3.0; +http://yandex.com/bots)"
141.8.183.17 - - [05/Aug/2019:12:20:29 +0200] "GET /robots.txt HTTP/1.1" 301 323 "-" "Mozilla/5.0 (compatible; YandexBot/3.0; +http://yandex.com/bots)"
141.8.183.17 - - [05/Aug/2019:12:30:29 +0200] "GET /robots.txt HTTP/1.1" 301 323 "-" "Mozilla/5.0 (compatible; YandexBot/3.0; +http://yandex.com/bots)"
180.76.15.147 - - [05/Aug/2019:12:35:24 +0200] "GET /robots.txt HTTP/1.1" 301 319 "-" "Mozilla/5.0 (Windows NT 5.1; rv:6.0.2) Gecko/20100101 Firefox/6.0.2"
180.76.15.142 - - [05/Aug/2019:12:35:24 +0200] "GET /robots.txt HTTP/1.1" 301 319 "-" "Mozilla/5.0 (Windows NT 5.1; rv:6.0.2) Gecko/20100101 Firefox/6.0.2"
141.8.183.17 - - [05/Aug/2019:12:40:29 +0200] "GET /robots.txt HTTP/1.1" 301 323 "-" "Mozilla/5.0 (compatible; YandexBot/3.0; +http://yandex.com/bots)"
141.8.183.17 - - [05/Aug/2019:12:50:30 +0200] "GET /robots.txt HTTP/1.1" 301 323 "-" "Mozilla/5.0 (compatible; YandexBot/3.0; +http://yandex.com/bots)"
141.8.183.17 - - [05/Aug/2019:13:00:30 +0200] "GET /robots.txt HTTP/1.1" 301 323 "-" "Mozilla/5.0 (compatible; YandexBot/3.0; +http://yandex.com/bots)"
180.76.15.142 - - [05/Aug/2019:13:08:41 +0200] "GET /doc/mkk_eger_tanulmany_2014.pdf HTTP/1.1" 301 340 "-" "Mozilla/5.0 (compatible; Baiduspider/2.0; +http://www.baidu.com/search/spider.html)"
141.8.183.17 - - [05/Aug/2019:13:10:30 +0200] "GET /robots.txt HTTP/1.1" 301 323 "-" "Mozilla/5.0 (compatible; YandexBot/3.0; +http://yandex.com/bots)"
141.8.183.17 - - [05/Aug/2019:13:20:30 +0200] "GET /robots.txt HTTP/1.1" 301 323 "-" "Mozilla/5.0 (compatible; YandexBot/3.0; +http://yandex.com/bots)"
173.252.127.13 - - [05/Aug/2019:14:30:44 +0200] "GET / HTTP/1.1" 301 313 "-" "facebookexternalhit/1.1 (+http://www.facebook.com/externalhit_uatext.php)"
40.77.167.204 - - [05/Aug/2019:14:47:24 +0200] "GET /doc/mkk_eger_tanulmany_2014.pdf HTTP/1.1" 301 340 "-" "Mozilla/5.0 (compatible; bingbot/2.0; +http://www.bing.com/bingbot.htm)"
35.202.2.1 - - [05/Aug/2019:15:13:45 +0200] "GET /robots.txt HTTP/1.1" 301 319 "-" "ltx71 - (http://ltx71.com/)"
180.76.15.12 - - [05/Aug/2019:15:22:00 +0200] "GET / HTTP/1.1" 301 309 "-" "Mozilla/5.0 (compatible; Baiduspider/2.0; +http://www.baidu.com/search/spider.html)"
35.202.2.1 - - [05/Aug/2019:15:29:26 +0200] "GET /robots.txt HTTP/1.1" 301 319 "-" "ltx71 - (http://ltx71.com/)"
141.8.183.17 - - [05/Aug/2019:15:43:45 +0200] "GET /robots.txt HTTP/1.1" 301 319 "-" "Mozilla/5.0 (compatible; YandexBot/3.0; +http://yandex.com/bots)"
178.154.171.90 - - [05/Aug/2019:15:43:51 +0200] "GET /robots.txt HTTP/1.1" 301 319 "-" "Mozilla/5.0 (compatible; YandexBot/3.0; +http://yandex.com/bots)"
178.154.200.17 - - [05/Aug/2019:15:43:56 +0200] "GET /robots.txt HTTP/1.1" 301 319 "-" "Mozilla/5.0 (compatible; YandexBot/3.0; +http://yandex.com/bots)"
141.8.142.171 - - [05/Aug/2019:15:44:01 +0200] "GET /robots.txt HTTP/1.1" 301 319 "-" "Mozilla/5.0 (compatible; YandexBot/3.0; +http://yandex.com/bots)"
5.45.207.72 - - [05/Aug/2019:15:44:16 +0200] "GET /robots.txt HTTP/1.1" 301 319 "-" "Mozilla/5.0 (compatible; YandexBot/3.0; +http://yandex.com/bots)"
178.154.200.35 - - [05/Aug/2019:15:44:31 +0200] "GET /robots.txt HTTP/1.1" 301 319 "-" "Mozilla/5.0 (compatible; YandexBot/3.0; +http://yandex.com/bots)"
141.8.183.205 - - [05/Aug/2019:15:45:01 +0200] "GET /robots.txt HTTP/1.1" 301 319 "-" "Mozilla/5.0 (compatible; YandexBot/3.0; +http://yandex.com/bots)"
95.108.181.88 - - [05/Aug/2019:15:46:02 +0200] "GET /robots.txt HTTP/1.1" 301 319 "-" "Mozilla/5.0 (compatible; YandexBot/3.0; +http://yandex.com/bots)"
95.108.213.22 - - [05/Aug/2019:15:47:02 +0200] "GET /robots.txt HTTP/1.1" 301 319 "-" "Mozilla/5.0 (compatible; YandexBot/3.0; +http://yandex.com/bots)"
178.154.200.63 - - [05/Aug/2019:15:49:02 +0200] "GET /robots.txt HTTP/1.1" 301 319 "-" "Mozilla/5.0 (compatible; YandexBot/3.0; +http://yandex.com/bots)"
141.8.142.126 - - [05/Aug/2019:15:52:02 +0200] "GET /robots.txt HTTP/1.1" 301 319 "-" "Mozilla/5.0 (compatible; YandexBot/3.0; +http://yandex.com/bots)"
5.45.207.35 - - [05/Aug/2019:15:57:02 +0200] "GET /robots.txt HTTP/1.1" 301 319 "-" "Mozilla/5.0 (compatible; YandexBot/3.0; +http://yandex.com/bots)"
95.108.213.21 - - [05/Aug/2019:16:05:02 +0200] "GET /robots.txt HTTP/1.1" 301 319 "-" "Mozilla/5.0 (compatible; YandexBot/3.0; +http://yandex.com/bots)"
141.8.142.195 - - [05/Aug/2019:16:15:02 +0200] "GET /robots.txt HTTP/1.1" 301 319 "-" "Mozilla/5.0 (compatible; YandexBot/3.0; +http://yandex.com/bots)"
213.180.203.45 - - [05/Aug/2019:16:25:03 +0200] "GET /robots.txt HTTP/1.1" 301 319 "-" "Mozilla/5.0 (compatible; YandexBot/3.0; +http://yandex.com/bots)"
37.9.113.24 - - [05/Aug/2019:16:35:03 +0200] "GET /robots.txt HTTP/1.1" 301 319 "-" "Mozilla/5.0 (compatible; YandexBot/3.0; +http://yandex.com/bots)"
178.154.200.17 - - [05/Aug/2019:16:45:03 +0200] "GET /robots.txt HTTP/1.1" 301 319 "-" "Mozilla/5.0 (compatible; YandexBot/3.0; +http://yandex.com/bots)"
141.8.183.17 - - [05/Aug/2019:16:55:03 +0200] "GET /robots.txt HTTP/1.1" 301 319 "-" "Mozilla/5.0 (compatible; YandexBot/3.0; +http://yandex.com/bots)"
141.8.183.17 - - [05/Aug/2019:17:05:03 +0200] "GET /robots.txt HTTP/1.1" 301 319 "-" "Mozilla/5.0 (compatible; YandexBot/3.0; +http://yandex.com/bots)"
141.8.183.17 - - [05/Aug/2019:17:15:04 +0200] "GET /robots.txt HTTP/1.1" 301 319 "-" "Mozilla/5.0 (compatible; YandexBot/3.0; +http://yandex.com/bots)"
141.8.183.17 - - [05/Aug/2019:17:25:04 +0200] "GET /robots.txt HTTP/1.1" 301 319 "-" "Mozilla/5.0 (compatible; YandexBot/3.0; +http://yandex.com/bots)"
141.8.183.17 - - [05/Aug/2019:17:35:04 +0200] "GET /robots.txt HTTP/1.1" 301 319 "-" "Mozilla/5.0 (compatible; YandexBot/3.0; +http://yandex.com/bots)"
141.8.183.17 - - [05/Aug/2019:17:45:04 +0200] "GET /robots.txt HTTP/1.1" 301 319 "-" "Mozilla/5.0 (compatible; YandexBot/3.0; +http://yandex.com/bots)"
141.8.183.17 - - [05/Aug/2019:17:55:04 +0200] "GET /robots.txt HTTP/1.1" 301 319 "-" "Mozilla/5.0 (compatible; YandexBot/3.0; +http://yandex.com/bots)"
141.8.183.17 - - [05/Aug/2019:18:16:08 +0200] "GET /robots.txt HTTP/1.1" 301 319 "-" "Mozilla/5.0 (compatible; YandexBot/3.0; +http://yandex.com/bots)"
178.154.171.90 - - [05/Aug/2019:18:16:13 +0200] "GET /robots.txt HTTP/1.1" 301 319 "-" "Mozilla/5.0 (compatible; YandexBot/3.0; +http://yandex.com/bots)"
5.255.253.13 - - [05/Aug/2019:18:16:19 +0200] "GET /robots.txt HTTP/1.1" 301 319 "-" "Mozilla/5.0 (compatible; YandexBot/3.0; +http://yandex.com/bots)"
213.180.203.45 - - [05/Aug/2019:18:16:24 +0200] "GET /robots.txt HTTP/1.1" 301 319 "-" "Mozilla/5.0 (compatible; YandexBot/3.0; +http://yandex.com/bots)"
37.9.113.24 - - [05/Aug/2019:18:16:39 +0200] "GET /robots.txt HTTP/1.1" 301 319 "-" "Mozilla/5.0 (compatible; YandexBot/3.0; +http://yandex.com/bots)"
178.154.200.34 - - [05/Aug/2019:18:16:54 +0200] "GET /robots.txt HTTP/1.1" 301 319 "-" "Mozilla/5.0 (compatible; YandexBot/3.0; +http://yandex.com/bots)"
141.8.188.24 - - [05/Aug/2019:18:17:24 +0200] "GET /robots.txt HTTP/1.1" 301 319 "-" "Mozilla/5.0 (compatible; YandexBot/3.0; +http://yandex.com/bots)"
93.158.166.3 - - [05/Aug/2019:18:18:24 +0200] "GET /robots.txt HTTP/1.1" 301 319 "-" "Mozilla/5.0 (compatible; YandexBot/3.0; +http://yandex.com/bots)"
213.180.203.28 - - [05/Aug/2019:18:19:24 +0200] "GET /robots.txt HTTP/1.1" 301 319 "-" "Mozilla/5.0 (compatible; YandexBot/3.0; +http://yandex.com/bots)"
37.9.113.38 - - [05/Aug/2019:18:21:25 +0200] "GET /robots.txt HTTP/1.1" 301 319 "-" "Mozilla/5.0 (compatible; YandexBot/3.0; +http://yandex.com/bots)"
103.221.220.213 - - [05/Aug/2019:18:21:34 +0200] "GET // HTTP/1.1" 301 309 "-" "Mozilla/5.0 (X11; Ubuntu; Linux x86_64; rv:62.0) Gecko/20100101 Firefox/62.0"
178.154.200.36 - - [05/Aug/2019:18:24:25 +0200] "GET /robots.txt HTTP/1.1" 301 319 "-" "Mozilla/5.0 (compatible; YandexBot/3.0; +http://yandex.com/bots)"
37.9.113.195 - - [05/Aug/2019:18:29:25 +0200] "GET /robots.txt HTTP/1.1" 301 319 "-" "Mozilla/5.0 (compatible; YandexBot/3.0; +http://yandex.com/bots)"
141.8.142.126 - - [05/Aug/2019:18:37:25 +0200] "GET /robots.txt HTTP/1.1" 301 319 "-" "Mozilla/5.0 (compatible; YandexBot/3.0; +http://yandex.com/bots)"
95.108.213.21 - - [05/Aug/2019:18:47:25 +0200] "GET /robots.txt HTTP/1.1" 301 319 "-" "Mozilla/5.0 (compatible; YandexBot/3.0; +http://yandex.com/bots)"
141.8.142.184 - - [05/Aug/2019:18:57:26 +0200] "GET /robots.txt HTTP/1.1" 301 319 "-" "Mozilla/5.0 (compatible; YandexBot/3.0; +http://yandex.com/bots)"
37.9.113.133 - - [05/Aug/2019:19:07:26 +0200] "GET /robots.txt HTTP/1.1" 301 319 "-" "Mozilla/5.0 (compatible; YandexBot/3.0; +http://yandex.com/bots)"
141.8.183.17 - - [05/Aug/2019:19:15:14 +0200] "GET /robots.txt HTTP/1.1" 301 323 "-" "Mozilla/5.0 (compatible; YandexBot/3.0; +http://yandex.com/bots)"
178.154.171.90 - - [05/Aug/2019:19:15:19 +0200] "GET /robots.txt HTTP/1.1" 301 323 "-" "Mozilla/5.0 (compatible; YandexBot/3.0; +http://yandex.com/bots)"
141.8.142.171 - - [05/Aug/2019:19:15:24 +0200] "GET /robots.txt HTTP/1.1" 301 323 "-" "Mozilla/5.0 (compatible; YandexBot/3.0; +http://yandex.com/bots)"
93.158.166.3 - - [05/Aug/2019:19:15:29 +0200] "GET /robots.txt HTTP/1.1" 301 323 "-" "Mozilla/5.0 (compatible; YandexBot/3.0; +http://yandex.com/bots)"
213.180.203.45 - - [05/Aug/2019:19:15:45 +0200] "GET /robots.txt HTTP/1.1" 301 323 "-" "Mozilla/5.0 (compatible; YandexBot/3.0; +http://yandex.com/bots)"
178.154.200.35 - - [05/Aug/2019:19:16:00 +0200] "GET /robots.txt HTTP/1.1" 301 323 "-" "Mozilla/5.0 (compatible; YandexBot/3.0; +http://yandex.com/bots)"
141.8.142.67 - - [05/Aug/2019:19:16:30 +0200] "GET /robots.txt HTTP/1.1" 301 323 "-" "Mozilla/5.0 (compatible; YandexBot/3.0; +http://yandex.com/bots)"
141.8.142.114 - - [05/Aug/2019:19:17:26 +0200] "GET /robots.txt HTTP/1.1" 301 319 "-" "Mozilla/5.0 (compatible; YandexBot/3.0; +http://yandex.com/bots)"
178.154.171.18 - - [05/Aug/2019:19:17:29 +0200] "GET /robots.txt HTTP/1.1" 301 323 "-" "Mozilla/5.0 (compatible; YandexBot/3.0; +http://yandex.com/bots)"
141.8.142.160 - - [05/Aug/2019:19:18:30 +0200] "GET /robots.txt HTTP/1.1" 301 323 "-" "Mozilla/5.0 (compatible; YandexBot/3.0; +http://yandex.com/bots)"
178.154.200.34 - - [05/Aug/2019:19:20:30 +0200] "GET /robots.txt HTTP/1.1" 301 323 "-" "Mozilla/5.0 (compatible; YandexBot/3.0; +http://yandex.com/bots)"
5.45.207.30 - - [05/Aug/2019:19:23:31 +0200] "GET /robots.txt HTTP/1.1" 301 323 "-" "Mozilla/5.0 (compatible; YandexBot/3.0; +http://yandex.com/bots)"
141.8.183.17 - - [05/Aug/2019:19:27:26 +0200] "GET /robots.txt HTTP/1.1" 301 319 "-" "Mozilla/5.0 (compatible; YandexBot/3.0; +http://yandex.com/bots)"
141.8.142.170 - - [05/Aug/2019:19:28:31 +0200] "GET /robots.txt HTTP/1.1" 301 323 "-" "Mozilla/5.0 (compatible; YandexBot/3.0; +http://yandex.com/bots)"
37.9.113.151 - - [05/Aug/2019:19:36:31 +0200] "GET /robots.txt HTTP/1.1" 301 323 "-" "Mozilla/5.0 (compatible; YandexBot/3.0; +http://yandex.com/bots)"
141.8.183.17 - - [05/Aug/2019:19:37:26 +0200] "GET /robots.txt HTTP/1.1" 301 319 "-" "Mozilla/5.0 (compatible; YandexBot/3.0; +http://yandex.com/bots)"
95.108.213.6 - - [05/Aug/2019:19:46:31 +0200] "GET /robots.txt HTTP/1.1" 301 323 "-" "Mozilla/5.0 (compatible; YandexBot/3.0; +http://yandex.com/bots)"
141.8.183.17 - - [05/Aug/2019:19:47:27 +0200] "GET /robots.txt HTTP/1.1" 301 319 "-" "Mozilla/5.0 (compatible; YandexBot/3.0; +http://yandex.com/bots)"
141.8.132.23 - - [05/Aug/2019:19:56:31 +0200] "GET /robots.txt HTTP/1.1" 301 323 "-" "Mozilla/5.0 (compatible; YandexBot/3.0; +http://yandex.com/bots)"
141.8.183.17 - - [05/Aug/2019:19:57:27 +0200] "GET /robots.txt HTTP/1.1" 301 319 "-" "Mozilla/5.0 (compatible; YandexBot/3.0; +http://yandex.com/bots)"
178.154.200.36 - - [05/Aug/2019:20:06:31 +0200] "GET /robots.txt HTTP/1.1" 301 323 "-" "Mozilla/5.0 (compatible; YandexBot/3.0; +http://yandex.com/bots)"
141.8.183.17 - - [05/Aug/2019:20:07:27 +0200] "GET /robots.txt HTTP/1.1" 301 319 "-" "Mozilla/5.0 (compatible; YandexBot/3.0; +http://yandex.com/bots)"
5.45.207.72 - - [05/Aug/2019:20:16:32 +0200] "GET /robots.txt HTTP/1.1" 301 323 "-" "Mozilla/5.0 (compatible; YandexBot/3.0; +http://yandex.com/bots)"
141.8.183.17 - - [05/Aug/2019:20:17:27 +0200] "GET /robots.txt HTTP/1.1" 301 319 "-" "Mozilla/5.0 (compatible; YandexBot/3.0; +http://yandex.com/bots)"
141.8.183.17 - - [05/Aug/2019:20:26:32 +0200] "GET /robots.txt HTTP/1.1" 301 323 "-" "Mozilla/5.0 (compatible; YandexBot/3.0; +http://yandex.com/bots)"
141.8.183.17 - - [05/Aug/2019:20:27:28 +0200] "GET /robots.txt HTTP/1.1" 301 319 "-" "Mozilla/5.0 (compatible; YandexBot/3.0; +http://yandex.com/bots)"
141.8.183.17 - - [05/Aug/2019:20:36:32 +0200] "GET /robots.txt HTTP/1.1" 301 323 "-" "Mozilla/5.0 (compatible; YandexBot/3.0; +http://yandex.com/bots)"
141.8.183.17 - - [05/Aug/2019:20:46:33 +0200] "GET /robots.txt HTTP/1.1" 301 323 "-" "Mozilla/5.0 (compatible; YandexBot/3.0; +http://yandex.com/bots)"
66.249.69.249 - - [05/Aug/2019:20:54:24 +0200] "GET /robots.txt HTTP/1.1" 301 323 "-" "Mozilla/5.0 (compatible; Googlebot/2.1; +http://www.google.com/bot.html)"
66.249.69.251 - - [05/Aug/2019:20:54:25 +0200] "GET /doc/hu_aps_positivbeispiele_aufl2_070622_klein.pdf HTTP/1.1" 301 363 "-" "Mozilla/5.0 (Linux; Android 6.0.1; Nexus 5X Build/MMB29P) AppleWebKit/537.36 (KHTML, like Gecko) Chrome/41.0.2272.96 Mobile Safari/537.36 (compatible; Googlebot/2.1; +http://www.google.com/bot.html)"
141.8.183.17 - - [05/Aug/2019:20:56:33 +0200] "GET /robots.txt HTTP/1.1" 301 323 "-" "Mozilla/5.0 (compatible; YandexBot/3.0; +http://yandex.com/bots)"
141.8.183.17 - - [05/Aug/2019:21:06:33 +0200] "GET /robots.txt HTTP/1.1" 301 323 "-" "Mozilla/5.0 (compatible; YandexBot/3.0; +http://yandex.com/bots)"
78.46.22.88 - - [05/Aug/2019:21:06:59 +0200] "GET /doc/b2_2010.pdf HTTP/1.1" 301 324 "-" "RyteBot/1.0.0 (+https://bot.ryte.com/)"
144.76.23.74 - - [05/Aug/2019:21:14:55 +0200] "GET /robots.txt HTTP/1.1" 301 319 "-" "Mozilla/5.0 (Windows NT 10.0; Win64; x64; trendictionbot0.5.0; trendiction search; http://www.trendiction.de/bot; please let us know of any problems; web at trendiction.com) Gecko/20170101 Firefox/67.0"
144.76.23.74 - - [05/Aug/2019:21:14:57 +0200] "GET / HTTP/1.1" 301 309 "-" "Mozilla/5.0 (Windows NT 10.0; Win64; x64; trendictionbot0.5.0; trendiction search; http://www.trendiction.de/bot; please let us know of any problems; web at trendiction.com) Gecko/20170101 Firefox/67.0"
178.154.171.90 - - [05/Aug/2019:21:16:33 +0200] "GET /robots.txt HTTP/1.1" 301 323 "-" "Mozilla/5.0 (compatible; YandexBot/3.0; +http://yandex.com/bots)"
141.8.183.17 - - [05/Aug/2019:21:26:33 +0200] "GET /robots.txt HTTP/1.1" 301 323 "-" "Mozilla/5.0 (compatible; YandexBot/3.0; +http://yandex.com/bots)"
84.1.34.139 - - [05/Aug/2019:21:31:49 +0200] "GET /images/vasutterkep_n.jpg HTTP/1.1" 301 337 "-" "Mozilla/5.0 (iPhone; CPU iPhone OS 12_3_1 like Mac OS X) AppleWebKit/605.1.15 (KHTML, like Gecko) Version/12.1.1 Mobile/15E148 Safari/604.1"
141.8.183.17 - - [05/Aug/2019:21:36:34 +0200] "GET /robots.txt HTTP/1.1" 301 323 "-" "Mozilla/5.0 (compatible; YandexBot/3.0; +http://yandex.com/bots)"
207.46.13.174 - - [05/Aug/2019:21:42:23 +0200] "GET / HTTP/1.1" 301 313 "-" "Mozilla/5.0 (iPhone; CPU iPhone OS 7_0 like Mac OS X) AppleWebKit/537.51.1 (KHTML, like Gecko) Version/7.0 Mobile/11A465 Safari/9537.53 (compatible; bingbot/2.0; +http://www.bing.com/bingbot.htm)"
141.8.183.17 - - [05/Aug/2019:21:46:34 +0200] "GET /robots.txt HTTP/1.1" 301 323 "-" "Mozilla/5.0 (compatible; YandexBot/3.0; +http://yandex.com/bots)"
141.8.183.17 - - [05/Aug/2019:21:56:34 +0200] "GET /robots.txt HTTP/1.1" 301 323 "-" "Mozilla/5.0 (compatible; YandexBot/3.0; +http://yandex.com/bots)"
141.8.183.17 - - [05/Aug/2019:22:06:34 +0200] "GET /robots.txt HTTP/1.1" 301 323 "-" "Mozilla/5.0 (compatible; YandexBot/3.0; +http://yandex.com/bots)"
141.8.183.17 - - [05/Aug/2019:22:16:34 +0200] "GET /robots.txt HTTP/1.1" 301 323 "-" "Mozilla/5.0 (compatible; YandexBot/3.0; +http://yandex.com/bots)"
66.249.69.253 - - [06/Aug/2019:02:46:05 +0200] "GET / HTTP/1.1" 301 313 "-" "Mozilla/5.0 (Linux; Android 6.0.1; Nexus 5X Build/MMB29P) AppleWebKit/537.36 (KHTML, like Gecko) Chrome/41.0.2272.96 Mobile Safari/537.36 (compatible; Googlebot/2.1; +http://www.google.com/bot.html)"
213.239.211.142 - - [06/Aug/2019:02:50:30 +0200] "GET /hirlevel/klimakonf_0810.pdf HTTP/1.1" 301 336 "-" "Mozilla/5.0 (Windows NT 10.0) AppleWebKit/537.36 (KHTML, like Gecko) Chrome/63.0.3239.132 Safari/537.36"
46.229.168.129 - - [06/Aug/2019:04:08:41 +0200] "GET /robots.txt HTTP/1.1" 301 323 "-" "Mozilla/5.0 (compatible; SemrushBot/3~bl; +http://www.semrush.com/bot.html)"
46.229.168.132 - - [06/Aug/2019:04:08:42 +0200] "GET / HTTP/1.1" 301 313 "-" "Mozilla/5.0 (compatible; SemrushBot/3~bl; +http://www.semrush.com/bot.html)"
106.38.241.155 - - [06/Aug/2019:06:59:17 +0200] "GET /robots.txt HTTP/1.1" 301 319 "-" "Sogou web spider/4.0(+http://www.sogou.com/docs/help/webmasters.htm#07)"
106.38.241.155 - - [06/Aug/2019:06:59:17 +0200] "GET /robots.txt HTTP/1.1" 301 319 "-" "Sogou web spider/4.0(+http://www.sogou.com/docs/help/webmasters.htm#07)"
40.77.167.95 - - [06/Aug/2019:09:16:46 +0200] "GET /doc/varos-videk.vasut_2009.pdf HTTP/1.1" 301 339 "-" "Mozilla/5.0 (iPhone; CPU iPhone OS 7_0 like Mac OS X) AppleWebKit/537.51.1 (KHTML, like Gecko) Version/7.0 Mobile/11A465 Safari/9537.53 (compatible; bingbot/2.0; +http://www.bing.com/bingbot.htm)"
34.211.72.188 - - [06/Aug/2019:09:31:23 +0200] "GET / HTTP/1.1" 301 313 "-" "Mozilla/5.0 (Macintosh; Intel Mac OS X 10_10_3) AppleWebKit/537.36 (KHTML, like Gecko) Chrome/44.0.2403.89 Safari/537.36"
5.45.207.72 - - [06/Aug/2019:09:36:40 +0200] "GET /robots.txt HTTP/1.1" 301 319 "-" "Mozilla/5.0 (compatible; YandexBot/3.0; +http://yandex.com/bots)"
213.180.203.28 - - [06/Aug/2019:09:36:45 +0200] "GET /robots.txt HTTP/1.1" 301 319 "-" "Mozilla/5.0 (compatible; YandexBot/3.0; +http://yandex.com/bots)"
93.158.166.8 - - [06/Aug/2019:09:36:50 +0200] "GET /robots.txt HTTP/1.1" 301 319 "-" "Mozilla/5.0 (compatible; YandexBot/3.0; +http://yandex.com/bots)"
87.250.224.88 - - [06/Aug/2019:09:36:55 +0200] "GET /robots.txt HTTP/1.1" 301 319 "-" "Mozilla/5.0 (compatible; YandexBot/3.0; +http://yandex.com/bots)"
95.108.213.22 - - [06/Aug/2019:09:37:10 +0200] "GET /robots.txt HTTP/1.1" 301 319 "-" "Mozilla/5.0 (compatible; YandexBot/3.0; +http://yandex.com/bots)"
5.255.253.13 - - [06/Aug/2019:09:37:25 +0200] "GET /robots.txt HTTP/1.1" 301 319 "-" "Mozilla/5.0 (compatible; YandexBot/3.0; +http://yandex.com/bots)"
141.8.183.17 - - [06/Aug/2019:09:37:56 +0200] "GET /robots.txt HTTP/1.1" 301 319 "-" "Mozilla/5.0 (compatible; YandexBot/3.0; +http://yandex.com/bots)"
178.154.171.90 - - [06/Aug/2019:09:38:56 +0200] "GET /robots.txt HTTP/1.1" 301 319 "-" "Mozilla/5.0 (compatible; YandexBot/3.0; +http://yandex.com/bots)"
141.8.132.36 - - [06/Aug/2019:09:39:56 +0200] "GET /robots.txt HTTP/1.1" 301 319 "-" "Mozilla/5.0 (compatible; YandexBot/3.0; +http://yandex.com/bots)"
37.9.113.15 - - [06/Aug/2019:09:41:56 +0200] "GET /robots.txt HTTP/1.1" 301 319 "-" "Mozilla/5.0 (compatible; YandexBot/3.0; +http://yandex.com/bots)"
37.9.113.81 - - [06/Aug/2019:09:44:56 +0200] "GET /robots.txt HTTP/1.1" 301 319 "-" "Mozilla/5.0 (compatible; YandexBot/3.0; +http://yandex.com/bots)"
178.154.200.35 - - [06/Aug/2019:09:49:56 +0200] "GET /robots.txt HTTP/1.1" 301 319 "-" "Mozilla/5.0 (compatible; YandexBot/3.0; +http://yandex.com/bots)"
141.8.142.160 - - [06/Aug/2019:09:57:57 +0200] "GET /robots.txt HTTP/1.1" 301 319 "-" "Mozilla/5.0 (compatible; YandexBot/3.0; +http://yandex.com/bots)"
40.77.167.138 - - [06/Aug/2019:10:04:37 +0200] "GET /doc/westtakt_final_20160405.pdf HTTP/1.1" 301 344 "-" "Mozilla/5.0 (iPhone; CPU iPhone OS 7_0 like Mac OS X) AppleWebKit/537.51.1 (KHTML, like Gecko) Version/7.0 Mobile/11A465 Safari/9537.53 (compatible; bingbot/2.0; +http://www.bing.com/bingbot.htm)"
95.108.213.35 - - [06/Aug/2019:10:07:57 +0200] "GET /robots.txt HTTP/1.1" 301 319 "-" "Mozilla/5.0 (compatible; YandexBot/3.0; +http://yandex.com/bots)"
66.249.69.56 - - [06/Aug/2019:10:08:19 +0200] "GET /robots.txt HTTP/1.1" 301 319 "-" "Mozilla/5.0 (compatible; Googlebot/2.1; +http://www.google.com/bot.html)"
66.249.69.60 - - [06/Aug/2019:10:08:19 +0200] "GET /hirlevel/vonattal1508.html HTTP/1.1" 301 335 "-" "Mozilla/5.0 (Linux; Android 6.0.1; Nexus 5X Build/MMB29P) AppleWebKit/537.36 (KHTML, like Gecko) Chrome/41.0.2272.96 Mobile Safari/537.36 (compatible; Googlebot/2.1; +http://www.google.com/bot.html)"
37.9.113.87 - - [06/Aug/2019:10:17:56 +0200] "GET /robots.txt HTTP/1.1" 301 319 "-" "Mozilla/5.0 (compatible; YandexBot/3.0; +http://yandex.com/bots)"
141.8.142.170 - - [06/Aug/2019:10:27:57 +0200] "GET /robots.txt HTTP/1.1" 301 319 "-" "Mozilla/5.0 (compatible; YandexBot/3.0; +http://yandex.com/bots)"
178.154.200.35 - - [06/Aug/2019:10:37:57 +0200] "GET /robots.txt HTTP/1.1" 301 319 "-" "Mozilla/5.0 (compatible; YandexBot/3.0; +http://yandex.com/bots)"
46.105.99.163 - - [06/Aug/2019:10:43:02 +0200] "GET /wp-login.php HTTP/1.1" 301 325 "-" "Mozilla/5.0 (Windows NT 10.0; WOW64) AppleWebKit/537.36 (KHTML, like Gecko) Chrome/46.0.2490.80 Safari/537.36"
46.105.99.163 - - [06/Aug/2019:10:43:02 +0200] "GET /administrator/wp-login.php HTTP/1.1" 301 339 "-" "Mozilla/5.0 (Windows NT 10.0; WOW64) AppleWebKit/537.36 (KHTML, like Gecko) Chrome/46.0.2490.80 Safari/537.36"
46.105.99.163 - - [06/Aug/2019:10:43:15 +0200] "GET /robots.txt HTTP/1.1" 301 323 "-" "Mozilla/5.0 (Windows NT 10.0; WOW64) AppleWebKit/537.36 (KHTML, like Gecko) Chrome/46.0.2490.80 Safari/537.36"
46.105.99.163 - - [06/Aug/2019:10:43:15 +0200] "GET /administrator/robots.txt HTTP/1.1" 301 337 "-" "Mozilla/5.0 (Windows NT 10.0; WOW64) AppleWebKit/537.36 (KHTML, like Gecko) Chrome/46.0.2490.80 Safari/537.36"
141.8.183.17 - - [06/Aug/2019:10:47:57 +0200] "GET /robots.txt HTTP/1.1" 301 319 "-" "Mozilla/5.0 (compatible; YandexBot/3.0; +http://yandex.com/bots)"
66.249.69.56 - - [06/Aug/2019:10:54:07 +0200] "GET / HTTP/1.1" 301 309 "-" "Mozilla/5.0 (compatible; Googlebot/2.1; +http://www.google.com/bot.html)"
40.77.167.208 - - [06/Aug/2019:10:57:04 +0200] "GET /hirlevel/hatarmenten_201109.pdf HTTP/1.1" 301 340 "-" "Mozilla/5.0 (iPhone; CPU iPhone OS 7_0 like Mac OS X) AppleWebKit/537.51.1 (KHTML, like Gecko) Version/7.0 Mobile/11A465 Safari/9537.53 (compatible; bingbot/2.0; +http://www.bing.com/bingbot.htm)"
141.8.183.17 - - [06/Aug/2019:10:57:58 +0200] "GET /robots.txt HTTP/1.1" 301 319 "-" "Mozilla/5.0 (compatible; YandexBot/3.0; +http://yandex.com/bots)"
141.8.183.17 - - [06/Aug/2019:11:07:58 +0200] "GET /robots.txt HTTP/1.1" 301 319 "-" "Mozilla/5.0 (compatible; YandexBot/3.0; +http://yandex.com/bots)"
141.8.183.17 - - [06/Aug/2019:11:17:57 +0200] "GET /robots.txt HTTP/1.1" 301 319 "-" "Mozilla/5.0 (compatible; YandexBot/3.0; +http://yandex.com/bots)"
141.8.183.17 - - [06/Aug/2019:11:27:58 +0200] "GET /robots.txt HTTP/1.1" 301 319 "-" "Mozilla/5.0 (compatible; YandexBot/3.0; +http://yandex.com/bots)"
141.8.183.17 - - [06/Aug/2019:11:30:22 +0200] "GET /robots.txt HTTP/1.1" 301 323 "-" "Mozilla/5.0 (compatible; YandexBot/3.0; +http://yandex.com/bots)"
5.255.253.13 - - [06/Aug/2019:11:30:27 +0200] "GET /robots.txt HTTP/1.1" 301 323 "-" "Mozilla/5.0 (compatible; YandexBot/3.0; +http://yandex.com/bots)"
37.9.113.15 - - [06/Aug/2019:11:30:32 +0200] "GET /robots.txt HTTP/1.1" 301 323 "-" "Mozilla/5.0 (compatible; YandexBot/3.0; +http://yandex.com/bots)"
87.250.224.88 - - [06/Aug/2019:11:30:37 +0200] "GET /robots.txt HTTP/1.1" 301 323 "-" "Mozilla/5.0 (compatible; YandexBot/3.0; +http://yandex.com/bots)"
141.8.142.114 - - [06/Aug/2019:11:30:52 +0200] "GET /robots.txt HTTP/1.1" 301 323 "-" "Mozilla/5.0 (compatible; YandexBot/3.0; +http://yandex.com/bots)"
141.8.142.67 - - [06/Aug/2019:11:31:07 +0200] "GET /robots.txt HTTP/1.1" 301 323 "-" "Mozilla/5.0 (compatible; YandexBot/3.0; +http://yandex.com/bots)"
141.8.132.23 - - [06/Aug/2019:11:31:37 +0200] "GET /robots.txt HTTP/1.1" 301 323 "-" "Mozilla/5.0 (compatible; YandexBot/3.0; +http://yandex.com/bots)"
178.154.200.34 - - [06/Aug/2019:11:32:38 +0200] "GET /robots.txt HTTP/1.1" 301 323 "-" "Mozilla/5.0 (compatible; YandexBot/3.0; +http://yandex.com/bots)"
95.108.213.35 - - [06/Aug/2019:11:33:38 +0200] "GET /robots.txt HTTP/1.1" 301 323 "-" "Mozilla/5.0 (compatible; YandexBot/3.0; +http://yandex.com/bots)"
141.8.142.126 - - [06/Aug/2019:11:35:38 +0200] "GET /robots.txt HTTP/1.1" 301 323 "-" "Mozilla/5.0 (compatible; YandexBot/3.0; +http://yandex.com/bots)"
141.8.183.17 - - [06/Aug/2019:11:37:58 +0200] "GET /robots.txt HTTP/1.1" 301 319 "-" "Mozilla/5.0 (compatible; YandexBot/3.0; +http://yandex.com/bots)"
37.9.113.42 - - [06/Aug/2019:11:38:38 +0200] "GET /robots.txt HTTP/1.1" 301 323 "-" "Mozilla/5.0 (compatible; YandexBot/3.0; +http://yandex.com/bots)"
95.108.181.111 - - [06/Aug/2019:11:43:38 +0200] "GET /robots.txt HTTP/1.1" 301 323 "-" "Mozilla/5.0 (compatible; YandexBot/3.0; +http://yandex.com/bots)"
141.8.183.17 - - [06/Aug/2019:11:47:59 +0200] "GET /robots.txt HTTP/1.1" 301 319 "-" "Mozilla/5.0 (compatible; YandexBot/3.0; +http://yandex.com/bots)"
178.154.171.18 - - [06/Aug/2019:11:51:38 +0200] "GET /robots.txt HTTP/1.1" 301 323 "-" "Mozilla/5.0 (compatible; YandexBot/3.0; +http://yandex.com/bots)"
109.91.32.215 - - [06/Aug/2019:11:57:02 +0200] "GET /doc/b2_201203.jpg HTTP/1.1" 301 326 "http://vasut.kteam.hu/indexde.html" "Mozilla/5.0 (Windows NT 10.0; Win64; x64) AppleWebKit/537.36 (KHTML, like Gecko) Chrome/75.0.3770.142 Safari/537.36"
141.8.132.18 - - [06/Aug/2019:12:01:39 +0200] "GET /robots.txt HTTP/1.1" 301 323 "-" "Mozilla/5.0 (compatible; YandexBot/3.0; +http://yandex.com/bots)"
207.46.13.61 - - [06/Aug/2019:12:10:44 +0200] "GET /doc/alapsz03.pdf HTTP/1.1" 301 329 "-" "Mozilla/5.0 (iPhone; CPU iPhone OS 7_0 like Mac OS X) AppleWebKit/537.51.1 (KHTML, like Gecko) Version/7.0 Mobile/11A465 Safari/9537.53 (compatible; bingbot/2.0; +http://www.bing.com/bingbot.htm)"
37.9.113.38 - - [06/Aug/2019:12:11:39 +0200] "GET /robots.txt HTTP/1.1" 301 323 "-" "Mozilla/5.0 (compatible; YandexBot/3.0; +http://yandex.com/bots)"
37.9.113.81 - - [06/Aug/2019:12:21:39 +0200] "GET /robots.txt HTTP/1.1" 301 323 "-" "Mozilla/5.0 (compatible; YandexBot/3.0; +http://yandex.com/bots)"
141.8.183.17 - - [06/Aug/2019:12:31:39 +0200] "GET /robots.txt HTTP/1.1" 301 323 "-" "Mozilla/5.0 (compatible; YandexBot/3.0; +http://yandex.com/bots)"
141.8.183.17 - - [06/Aug/2019:12:41:40 +0200] "GET /robots.txt HTTP/1.1" 301 323 "-" "Mozilla/5.0 (compatible; YandexBot/3.0; +http://yandex.com/bots)"
141.8.183.17 - - [06/Aug/2019:12:51:40 +0200] "GET /robots.txt HTTP/1.1" 301 323 "-" "Mozilla/5.0 (compatible; YandexBot/3.0; +http://yandex.com/bots)"
141.8.183.17 - - [06/Aug/2019:13:01:40 +0200] "GET /robots.txt HTTP/1.1" 301 323 "-" "Mozilla/5.0 (compatible; YandexBot/3.0; +http://yandex.com/bots)"
141.8.183.17 - - [06/Aug/2019:13:11:40 +0200] "GET /robots.txt HTTP/1.1" 301 323 "-" "Mozilla/5.0 (compatible; YandexBot/3.0; +http://yandex.com/bots)"
141.8.183.17 - - [06/Aug/2019:13:21:40 +0200] "GET /robots.txt HTTP/1.1" 301 323 "-" "Mozilla/5.0 (compatible; YandexBot/3.0; +http://yandex.com/bots)"
141.8.183.17 - - [06/Aug/2019:13:31:41 +0200] "GET /robots.txt HTTP/1.1" 301 323 "-" "Mozilla/5.0 (compatible; YandexBot/3.0; +http://yandex.com/bots)"
217.225.222.15 - - [06/Aug/2019:13:31:53 +0200] "GET /doc/b2_2010.pdf HTTP/1.1" 301 324 "https://de.wikipedia.org/" "Mozilla/5.0 (Windows NT 10.0; Win64; x64) AppleWebKit/537.36 (KHTML, like Gecko) Chrome/75.0.3770.142 Safari/537.36"
141.8.183.17 - - [06/Aug/2019:13:41:41 +0200] "GET /robots.txt HTTP/1.1" 301 323 "-" "Mozilla/5.0 (compatible; YandexBot/3.0; +http://yandex.com/bots)"
141.8.183.17 - - [06/Aug/2019:13:48:22 +0200] "GET /robots.txt HTTP/1.1" 301 319 "-" "Mozilla/5.0 (compatible; YandexBot/3.0; +http://yandex.com/bots)"
178.154.171.90 - - [06/Aug/2019:13:48:28 +0200] "GET /robots.txt HTTP/1.1" 301 319 "-" "Mozilla/5.0 (compatible; YandexBot/3.0; +http://yandex.com/bots)"
141.8.142.171 - - [06/Aug/2019:13:48:33 +0200] "GET /robots.txt HTTP/1.1" 301 319 "-" "Mozilla/5.0 (compatible; YandexBot/3.0; +http://yandex.com/bots)"
213.180.203.45 - - [06/Aug/2019:13:48:38 +0200] "GET /robots.txt HTTP/1.1" 301 319 "-" "Mozilla/5.0 (compatible; YandexBot/3.0; +http://yandex.com/bots)"
5.45.207.72 - - [06/Aug/2019:13:48:53 +0200] "GET /robots.txt HTTP/1.1" 301 319 "-" "Mozilla/5.0 (compatible; YandexBot/3.0; +http://yandex.com/bots)"
141.8.132.18 - - [06/Aug/2019:13:49:09 +0200] "GET /robots.txt HTTP/1.1" 301 319 "-" "Mozilla/5.0 (compatible; YandexBot/3.0; +http://yandex.com/bots)"
37.9.113.15 - - [06/Aug/2019:13:49:39 +0200] "GET /robots.txt HTTP/1.1" 301 319 "-" "Mozilla/5.0 (compatible; YandexBot/3.0; +http://yandex.com/bots)"
37.9.113.195 - - [06/Aug/2019:13:50:39 +0200] "GET /robots.txt HTTP/1.1" 301 319 "-" "Mozilla/5.0 (compatible; YandexBot/3.0; +http://yandex.com/bots)"
87.250.224.88 - - [06/Aug/2019:13:51:39 +0200] "GET /robots.txt HTTP/1.1" 301 319 "-" "Mozilla/5.0 (compatible; YandexBot/3.0; +http://yandex.com/bots)"
178.154.171.90 - - [06/Aug/2019:13:51:41 +0200] "GET /robots.txt HTTP/1.1" 301 323 "-" "Mozilla/5.0 (compatible; YandexBot/3.0; +http://yandex.com/bots)"
141.8.142.126 - - [06/Aug/2019:13:53:39 +0200] "GET /robots.txt HTTP/1.1" 301 319 "-" "Mozilla/5.0 (compatible; YandexBot/3.0; +http://yandex.com/bots)"
46.229.168.136 - - [06/Aug/2019:13:55:01 +0200] "GET /robots.txt HTTP/1.1" 301 319 "-" "Mozilla/5.0 (compatible; SemrushBot/3~bl; +http://www.semrush.com/bot.html)"
46.229.168.139 - - [06/Aug/2019:13:55:03 +0200] "GET /hirlevel/vonattal1408.html HTTP/1.1" 301 335 "-" "Mozilla/5.0 (compatible; SemrushBot/3~bl; +http://www.semrush.com/bot.html)"
5.45.207.35 - - [06/Aug/2019:13:56:39 +0200] "GET /robots.txt HTTP/1.1" 301 319 "-" "Mozilla/5.0 (compatible; YandexBot/3.0; +http://yandex.com/bots)"
95.108.213.21 - - [06/Aug/2019:14:01:40 +0200] "GET /robots.txt HTTP/1.1" 301 319 "-" "Mozilla/5.0 (compatible; YandexBot/3.0; +http://yandex.com/bots)"
178.154.171.90 - - [06/Aug/2019:14:01:42 +0200] "GET /robots.txt HTTP/1.1" 301 323 "-" "Mozilla/5.0 (compatible; YandexBot/3.0; +http://yandex.com/bots)"
93.158.166.3 - - [06/Aug/2019:14:09:40 +0200] "GET /robots.txt HTTP/1.1" 301 319 "-" "Mozilla/5.0 (compatible; YandexBot/3.0; +http://yandex.com/bots)"
141.8.183.17 - - [06/Aug/2019:14:11:42 +0200] "GET /robots.txt HTTP/1.1" 301 323 "-" "Mozilla/5.0 (compatible; YandexBot/3.0; +http://yandex.com/bots)"
95.108.213.6 - - [06/Aug/2019:14:19:40 +0200] "GET /robots.txt HTTP/1.1" 301 319 "-" "Mozilla/5.0 (compatible; YandexBot/3.0; +http://yandex.com/bots)"
141.8.183.17 - - [06/Aug/2019:14:21:42 +0200] "GET /robots.txt HTTP/1.1" 301 323 "-" "Mozilla/5.0 (compatible; YandexBot/3.0; +http://yandex.com/bots)"
141.8.183.205 - - [06/Aug/2019:14:29:41 +0200] "GET /robots.txt HTTP/1.1" 301 319 "-" "Mozilla/5.0 (compatible; YandexBot/3.0; +http://yandex.com/bots)"
141.8.183.17 - - [06/Aug/2019:14:31:42 +0200] "GET /robots.txt HTTP/1.1" 301 323 "-" "Mozilla/5.0 (compatible; YandexBot/3.0; +http://yandex.com/bots)"
37.9.113.118 - - [06/Aug/2019:14:39:41 +0200] "GET /robots.txt HTTP/1.1" 301 319 "-" "Mozilla/5.0 (compatible; YandexBot/3.0; +http://yandex.com/bots)"
141.8.142.114 - - [06/Aug/2019:14:49:41 +0200] "GET /robots.txt HTTP/1.1" 301 319 "-" "Mozilla/5.0 (compatible; YandexBot/3.0; +http://yandex.com/bots)"
40.77.167.208 - - [06/Aug/2019:14:53:52 +0200] "GET /doc/meszaros_peter.ppt HTTP/1.1" 301 335 "-" "Mozilla/5.0 (iPhone; CPU iPhone OS 7_0 like Mac OS X) AppleWebKit/537.51.1 (KHTML, like Gecko) Version/7.0 Mobile/11A465 Safari/9537.53 (compatible; bingbot/2.0; +http://www.bing.com/bingbot.htm)"
141.8.183.17 - - [06/Aug/2019:14:59:41 +0200] "GET /robots.txt HTTP/1.1" 301 319 "-" "Mozilla/5.0 (compatible; YandexBot/3.0; +http://yandex.com/bots)"
141.8.183.17 - - [06/Aug/2019:15:09:41 +0200] "GET /robots.txt HTTP/1.1" 301 319 "-" "Mozilla/5.0 (compatible; YandexBot/3.0; +http://yandex.com/bots)"
157.55.39.30 - - [06/Aug/2019:15:10:22 +0200] "GET /robots.txt HTTP/1.1" 301 319 "-" "Mozilla/5.0 (compatible; bingbot/2.0; +http://www.bing.com/bingbot.htm)"
207.46.13.61 - - [06/Aug/2019:15:10:39 +0200] "GET /doc/kerparoskozlekedes.pdf HTTP/1.1" 301 335 "-" "Mozilla/5.0 (iPhone; CPU iPhone OS 7_0 like Mac OS X) AppleWebKit/537.51.1 (KHTML, like Gecko) Version/7.0 Mobile/11A465 Safari/9537.53 (compatible; bingbot/2.0; +http://www.bing.com/bingbot.htm)"
141.8.183.17 - - [06/Aug/2019:15:19:41 +0200] "GET /robots.txt HTTP/1.1" 301 319 "-" "Mozilla/5.0 (compatible; YandexBot/3.0; +http://yandex.com/bots)"
141.8.183.17 - - [06/Aug/2019:15:29:41 +0200] "GET /robots.txt HTTP/1.1" 301 319 "-" "Mozilla/5.0 (compatible; YandexBot/3.0; +http://yandex.com/bots)"
141.8.183.17 - - [06/Aug/2019:15:38:02 +0200] "GET /robots.txt HTTP/1.1" 301 323 "-" "Mozilla/5.0 (compatible; YandexBot/3.0; +http://yandex.com/bots)"
178.154.171.90 - - [06/Aug/2019:15:38:07 +0200] "GET /robots.txt HTTP/1.1" 301 323 "-" "Mozilla/5.0 (compatible; YandexBot/3.0; +http://yandex.com/bots)"
178.154.200.17 - - [06/Aug/2019:15:38:13 +0200] "GET /robots.txt HTTP/1.1" 301 323 "-" "Mozilla/5.0 (compatible; YandexBot/3.0; +http://yandex.com/bots)"
37.9.113.81 - - [06/Aug/2019:15:38:18 +0200] "GET /robots.txt HTTP/1.1" 301 323 "-" "Mozilla/5.0 (compatible; YandexBot/3.0; +http://yandex.com/bots)"
37.9.113.24 - - [06/Aug/2019:15:38:33 +0200] "GET /robots.txt HTTP/1.1" 301 323 "-" "Mozilla/5.0 (compatible; YandexBot/3.0; +http://yandex.com/bots)"
87.250.224.88 - - [06/Aug/2019:15:38:48 +0200] "GET /robots.txt HTTP/1.1" 301 323 "-" "Mozilla/5.0 (compatible; YandexBot/3.0; +http://yandex.com/bots)"
37.9.113.38 - - [06/Aug/2019:15:39:18 +0200] "GET /robots.txt HTTP/1.1" 301 323 "-" "Mozilla/5.0 (compatible; YandexBot/3.0; +http://yandex.com/bots)"
141.8.183.17 - - [06/Aug/2019:15:39:42 +0200] "GET /robots.txt HTTP/1.1" 301 319 "-" "Mozilla/5.0 (compatible; YandexBot/3.0; +http://yandex.com/bots)"
95.108.213.6 - - [06/Aug/2019:15:40:18 +0200] "GET /robots.txt HTTP/1.1" 301 323 "-" "Mozilla/5.0 (compatible; YandexBot/3.0; +http://yandex.com/bots)"
178.154.200.34 - - [06/Aug/2019:15:41:19 +0200] "GET /robots.txt HTTP/1.1" 301 323 "-" "Mozilla/5.0 (compatible; YandexBot/3.0; +http://yandex.com/bots)"
37.9.113.75 - - [06/Aug/2019:15:43:19 +0200] "GET /robots.txt HTTP/1.1" 301 323 "-" "Mozilla/5.0 (compatible; YandexBot/3.0; +http://yandex.com/bots)"
37.9.113.195 - - [06/Aug/2019:15:46:19 +0200] "GET /robots.txt HTTP/1.1" 301 323 "-" "Mozilla/5.0 (compatible; YandexBot/3.0; +http://yandex.com/bots)"
141.8.183.17 - - [06/Aug/2019:15:49:42 +0200] "GET /robots.txt HTTP/1.1" 301 319 "-" "Mozilla/5.0 (compatible; YandexBot/3.0; +http://yandex.com/bots)"
37.9.113.83 - - [06/Aug/2019:15:51:19 +0200] "GET /robots.txt HTTP/1.1" 301 323 "-" "Mozilla/5.0 (compatible; YandexBot/3.0; +http://yandex.com/bots)"
37.9.113.42 - - [06/Aug/2019:15:59:19 +0200] "GET /robots.txt HTTP/1.1" 301 323 "-" "Mozilla/5.0 (compatible; YandexBot/3.0; +http://yandex.com/bots)"
141.8.183.17 - - [06/Aug/2019:15:59:42 +0200] "GET /robots.txt HTTP/1.1" 301 319 "-" "Mozilla/5.0 (compatible; YandexBot/3.0; +http://yandex.com/bots)"
141.8.142.195 - - [06/Aug/2019:16:09:19 +0200] "GET /robots.txt HTTP/1.1" 301 323 "-" "Mozilla/5.0 (compatible; YandexBot/3.0; +http://yandex.com/bots)"
141.8.183.17 - - [06/Aug/2019:16:12:54 +0200] "GET /robots.txt HTTP/1.1" 301 319 "-" "Mozilla/5.0 (compatible; YandexBot/3.0; +http://yandex.com/bots)"
178.154.171.90 - - [06/Aug/2019:16:12:59 +0200] "GET /robots.txt HTTP/1.1" 301 319 "-" "Mozilla/5.0 (compatible; YandexBot/3.0; +http://yandex.com/bots)"
5.255.253.13 - - [06/Aug/2019:16:13:04 +0200] "GET /robots.txt HTTP/1.1" 301 319 "-" "Mozilla/5.0 (compatible; YandexBot/3.0; +http://yandex.com/bots)"
141.8.132.36 - - [06/Aug/2019:16:13:09 +0200] "GET /robots.txt HTTP/1.1" 301 319 "-" "Mozilla/5.0 (compatible; YandexBot/3.0; +http://yandex.com/bots)"
178.154.200.17 - - [06/Aug/2019:16:13:24 +0200] "GET /robots.txt HTTP/1.1" 301 319 "-" "Mozilla/5.0 (compatible; YandexBot/3.0; +http://yandex.com/bots)"
141.8.188.24 - - [06/Aug/2019:16:13:40 +0200] "GET /robots.txt HTTP/1.1" 301 319 "-" "Mozilla/5.0 (compatible; YandexBot/3.0; +http://yandex.com/bots)"
141.8.142.171 - - [06/Aug/2019:16:14:10 +0200] "GET /robots.txt HTTP/1.1" 301 319 "-" "Mozilla/5.0 (compatible; YandexBot/3.0; +http://yandex.com/bots)"
141.8.132.23 - - [06/Aug/2019:16:15:10 +0200] "GET /robots.txt HTTP/1.1" 301 319 "-" "Mozilla/5.0 (compatible; YandexBot/3.0; +http://yandex.com/bots)"
37.9.113.15 - - [06/Aug/2019:16:16:10 +0200] "GET /robots.txt HTTP/1.1" 301 319 "-" "Mozilla/5.0 (compatible; YandexBot/3.0; +http://yandex.com/bots)"
141.8.142.126 - - [06/Aug/2019:16:18:10 +0200] "GET /robots.txt HTTP/1.1" 301 319 "-" "Mozilla/5.0 (compatible; YandexBot/3.0; +http://yandex.com/bots)"
141.8.142.126 - - [06/Aug/2019:16:19:19 +0200] "GET /robots.txt HTTP/1.1" 301 323 "-" "Mozilla/5.0 (compatible; YandexBot/3.0; +http://yandex.com/bots)"
40.77.167.208 - - [06/Aug/2019:16:20:09 +0200] "GET /doc/allomasok_kepes_osszefoglaloja.pdf HTTP/1.1" 301 347 "-" "Mozilla/5.0 (iPhone; CPU iPhone OS 7_0 like Mac OS X) AppleWebKit/537.51.1 (KHTML, like Gecko) Version/7.0 Mobile/11A465 Safari/9537.53 (compatible; bingbot/2.0; +http://www.bing.com/bingbot.htm)"
95.108.213.35 - - [06/Aug/2019:16:21:10 +0200] "GET /robots.txt HTTP/1.1" 301 319 "-" "Mozilla/5.0 (compatible; YandexBot/3.0; +http://yandex.com/bots)"
37.9.113.87 - - [06/Aug/2019:16:26:10 +0200] "GET /robots.txt HTTP/1.1" 301 319 "-" "Mozilla/5.0 (compatible; YandexBot/3.0; +http://yandex.com/bots)"
141.8.142.184 - - [06/Aug/2019:16:29:20 +0200] "GET /robots.txt HTTP/1.1" 301 323 "-" "Mozilla/5.0 (compatible; YandexBot/3.0; +http://yandex.com/bots)"
5.45.207.39 - - [06/Aug/2019:16:34:11 +0200] "GET /robots.txt HTTP/1.1" 301 319 "-" "Mozilla/5.0 (compatible; YandexBot/3.0; +http://yandex.com/bots)"
141.8.142.136 - - [06/Aug/2019:16:39:20 +0200] "GET /robots.txt HTTP/1.1" 301 323 "-" "Mozilla/5.0 (compatible; YandexBot/3.0; +http://yandex.com/bots)"
5.45.207.72 - - [06/Aug/2019:16:44:18 +0200] "GET /robots.txt HTTP/1.1" 301 319 "-" "Mozilla/5.0 (compatible; YandexBot/3.0; +http://yandex.com/bots)"
66.249.69.251 - - [06/Aug/2019:16:45:58 +0200] "GET /robots.txt HTTP/1.1" 301 323 "-" "Mozilla/5.0 (compatible; Googlebot/2.1; +http://www.google.com/bot.html)"
66.249.69.249 - - [06/Aug/2019:16:45:58 +0200] "GET /tanulmanyok/vasutikerekasztal.pdf HTTP/1.1" 301 346 "-" "Mozilla/5.0 (Linux; Android 6.0.1; Nexus 5X Build/MMB29P) AppleWebKit/537.36 (KHTML, like Gecko) Chrome/41.0.2272.96 Mobile Safari/537.36 (compatible; Googlebot/2.1; +http://www.google.com/bot.html)"
141.8.183.17 - - [06/Aug/2019:16:49:20 +0200] "GET /robots.txt HTTP/1.1" 301 323 "-" "Mozilla/5.0 (compatible; YandexBot/3.0; +http://yandex.com/bots)"
95.108.213.22 - - [06/Aug/2019:16:54:22 +0200] "GET /robots.txt HTTP/1.1" 301 319 "-" "Mozilla/5.0 (compatible; YandexBot/3.0; +http://yandex.com/bots)"
66.249.69.56 - - [06/Aug/2019:16:55:25 +0200] "GET /doc/utaseszrevetelek_irasban_1209.pdf HTTP/1.1" 301 346 "-" "Mozilla/5.0 (Linux; Android 6.0.1; Nexus 5X Build/MMB29P) AppleWebKit/537.36 (KHTML, like Gecko) Chrome/41.0.2272.96 Mobile Safari/537.36 (compatible; Googlebot/2.1; +http://www.google.com/bot.html)"
141.8.183.17 - - [06/Aug/2019:16:59:20 +0200] "GET /robots.txt HTTP/1.1" 301 323 "-" "Mozilla/5.0 (compatible; YandexBot/3.0; +http://yandex.com/bots)"
141.8.142.160 - - [06/Aug/2019:17:04:22 +0200] "GET /robots.txt HTTP/1.1" 301 319 "-" "Mozilla/5.0 (compatible; YandexBot/3.0; +http://yandex.com/bots)"
141.8.183.17 - - [06/Aug/2019:17:09:20 +0200] "GET /robots.txt HTTP/1.1" 301 323 "-" "Mozilla/5.0 (compatible; YandexBot/3.0; +http://yandex.com/bots)"
157.55.39.249 - - [06/Aug/2019:17:11:16 +0200] "GET / HTTP/1.1" 301 309 "-" "Mozilla/5.0 (iPhone; CPU iPhone OS 7_0 like Mac OS X) AppleWebKit/537.51.1 (KHTML, like Gecko) Version/7.0 Mobile/11A465 Safari/9537.53 (compatible; bingbot/2.0; +http://www.bing.com/bingbot.htm)"
141.8.188.24 - - [06/Aug/2019:17:14:23 +0200] "GET /robots.txt HTTP/1.1" 301 319 "-" "Mozilla/5.0 (compatible; YandexBot/3.0; +http://yandex.com/bots)"
141.8.183.17 - - [06/Aug/2019:17:19:20 +0200] "GET /robots.txt HTTP/1.1" 301 323 "-" "Mozilla/5.0 (compatible; YandexBot/3.0; +http://yandex.com/bots)"
141.8.183.17 - - [06/Aug/2019:17:24:23 +0200] "GET /robots.txt HTTP/1.1" 301 319 "-" "Mozilla/5.0 (compatible; YandexBot/3.0; +http://yandex.com/bots)"
141.8.183.17 - - [06/Aug/2019:17:29:21 +0200] "GET /robots.txt HTTP/1.1" 301 323 "-" "Mozilla/5.0 (compatible; YandexBot/3.0; +http://yandex.com/bots)"
141.8.183.17 - - [06/Aug/2019:17:34:23 +0200] "GET /robots.txt HTTP/1.1" 301 319 "-" "Mozilla/5.0 (compatible; YandexBot/3.0; +http://yandex.com/bots)"
141.8.183.17 - - [06/Aug/2019:17:39:21 +0200] "GET /robots.txt HTTP/1.1" 301 323 "-" "Mozilla/5.0 (compatible; YandexBot/3.0; +http://yandex.com/bots)"
141.8.183.17 - - [06/Aug/2019:17:44:23 +0200] "GET /robots.txt HTTP/1.1" 301 319 "-" "Mozilla/5.0 (compatible; YandexBot/3.0; +http://yandex.com/bots)"
141.8.183.17 - - [06/Aug/2019:17:49:21 +0200] "GET /robots.txt HTTP/1.1" 301 323 "-" "Mozilla/5.0 (compatible; YandexBot/3.0; +http://yandex.com/bots)"
178.154.171.90 - - [06/Aug/2019:17:54:23 +0200] "GET /robots.txt HTTP/1.1" 301 319 "-" "Mozilla/5.0 (compatible; YandexBot/3.0; +http://yandex.com/bots)"
178.154.171.90 - - [06/Aug/2019:17:59:21 +0200] "GET /robots.txt HTTP/1.1" 301 323 "-" "Mozilla/5.0 (compatible; YandexBot/3.0; +http://yandex.com/bots)"
66.249.66.220 - - [06/Aug/2019:18:01:42 +0200] "GET /doc/allomasok_kepes_osszefoglaloja.pdf HTTP/1.1" 301 347 "-" "Mozilla/5.0 (Linux; Android 6.0.1; Nexus 5X Build/MMB29P) AppleWebKit/537.36 (KHTML, like Gecko) Chrome/41.0.2272.96 Mobile Safari/537.36 (compatible; Googlebot/2.1; +http://www.google.com/bot.html)"
141.8.183.17 - - [06/Aug/2019:18:04:24 +0200] "GET /robots.txt HTTP/1.1" 301 319 "-" "Mozilla/5.0 (compatible; YandexBot/3.0; +http://yandex.com/bots)"
141.8.183.17 - - [06/Aug/2019:18:09:21 +0200] "GET /robots.txt HTTP/1.1" 301 323 "-" "Mozilla/5.0 (compatible; YandexBot/3.0; +http://yandex.com/bots)"
141.8.183.17 - - [06/Aug/2019:18:14:24 +0200] "GET /robots.txt HTTP/1.1" 301 319 "-" "Mozilla/5.0 (compatible; YandexBot/3.0; +http://yandex.com/bots)"
141.8.183.17 - - [06/Aug/2019:18:19:21 +0200] "GET /robots.txt HTTP/1.1" 301 323 "-" "Mozilla/5.0 (compatible; YandexBot/3.0; +http://yandex.com/bots)"
141.8.183.17 - - [06/Aug/2019:18:24:24 +0200] "GET /robots.txt HTTP/1.1" 301 319 "-" "Mozilla/5.0 (compatible; YandexBot/3.0; +http://yandex.com/bots)"
141.8.183.17 - - [06/Aug/2019:18:29:22 +0200] "GET /robots.txt HTTP/1.1" 301 323 "-" "Mozilla/5.0 (compatible; YandexBot/3.0; +http://yandex.com/bots)"
180.76.15.5 - - [06/Aug/2019:18:37:04 +0200] "GET / HTTP/1.1" 301 309 "-" "Mozilla/5.0 (compatible; Baiduspider/2.0; +http://www.baidu.com/search/spider.html)"
141.8.183.17 - - [06/Aug/2019:18:39:22 +0200] "GET /robots.txt HTTP/1.1" 301 323 "-" "Mozilla/5.0 (compatible; YandexBot/3.0; +http://yandex.com/bots)"
207.46.13.61 - - [06/Aug/2019:19:01:37 +0200] "GET /doc/A_kozlekedesmenedzsment_korszeru_eszkozei.pdf HTTP/1.1" 301 358 "-" "Mozilla/5.0 (iPhone; CPU iPhone OS 7_0 like Mac OS X) AppleWebKit/537.51.1 (KHTML, like Gecko) Version/7.0 Mobile/11A465 Safari/9537.53 (compatible; bingbot/2.0; +http://www.bing.com/bingbot.htm)"
157.55.39.86 - - [06/Aug/2019:19:05:28 +0200] "GET /doc/varos-videk_2009.pdf HTTP/1.1" 301 333 "-" "Mozilla/5.0 (iPhone; CPU iPhone OS 7_0 like Mac OS X) AppleWebKit/537.51.1 (KHTML, like Gecko) Version/7.0 Mobile/11A465 Safari/9537.53 (compatible; bingbot/2.0; +http://www.bing.com/bingbot.htm)"
66.249.66.222 - - [06/Aug/2019:19:30:18 +0200] "GET /doc/alapsz03.pdf HTTP/1.1" 301 329 "-" "Googlebot/2.1 (+http://www.google.com/bot.html)"
31.13.127.24 - - [06/Aug/2019:19:46:40 +0200] "GET /mkk_banner.png HTTP/1.1" 301 327 "-" "facebookexternalhit/1.1 (+http://www.facebook.com/externalhit_uatext.php)"
157.55.39.86 - - [06/Aug/2019:20:07:00 +0200] "GET /doc/vasuttal-budapest-kornyeken.pdf HTTP/1.1" 301 348 "-" "Mozilla/5.0 (iPhone; CPU iPhone OS 7_0 like Mac OS X) AppleWebKit/537.51.1 (KHTML, like Gecko) Version/7.0 Mobile/11A465 Safari/9537.53 (compatible; bingbot/2.0; +http://www.bing.com/bingbot.htm)"
207.46.13.204 - - [06/Aug/2019:20:08:12 +0200] "GET /doc/b2_2010.pdf HTTP/1.1" 301 324 "-" "Mozilla/5.0 (iPhone; CPU iPhone OS 7_0 like Mac OS X) AppleWebKit/537.51.1 (KHTML, like Gecko) Version/7.0 Mobile/11A465 Safari/9537.53 (compatible; bingbot/2.0; +http://www.bing.com/bingbot.htm)"
141.8.183.17 - - [06/Aug/2019:20:42:52 +0200] "GET /robots.txt HTTP/1.1" 301 319 "-" "Mozilla/5.0 (compatible; YandexBot/3.0; +http://yandex.com/bots)"
5.255.253.13 - - [06/Aug/2019:20:42:57 +0200] "GET /robots.txt HTTP/1.1" 301 319 "-" "Mozilla/5.0 (compatible; YandexBot/3.0; +http://yandex.com/bots)"
141.8.142.171 - - [06/Aug/2019:20:43:03 +0200] "GET /robots.txt HTTP/1.1" 301 319 "-" "Mozilla/5.0 (compatible; YandexBot/3.0; +http://yandex.com/bots)"
141.8.132.36 - - [06/Aug/2019:20:43:08 +0200] "GET /robots.txt HTTP/1.1" 301 319 "-" "Mozilla/5.0 (compatible; YandexBot/3.0; +http://yandex.com/bots)"
141.8.142.114 - - [06/Aug/2019:20:43:23 +0200] "GET /robots.txt HTTP/1.1" 301 319 "-" "Mozilla/5.0 (compatible; YandexBot/3.0; +http://yandex.com/bots)"
37.9.113.24 - - [06/Aug/2019:20:43:38 +0200] "GET /robots.txt HTTP/1.1" 301 319 "-" "Mozilla/5.0 (compatible; YandexBot/3.0; +http://yandex.com/bots)"
93.158.166.8 - - [06/Aug/2019:20:44:09 +0200] "GET /robots.txt HTTP/1.1" 301 319 "-" "Mozilla/5.0 (compatible; YandexBot/3.0; +http://yandex.com/bots)"
213.180.203.45 - - [06/Aug/2019:20:45:09 +0200] "GET /robots.txt HTTP/1.1" 301 319 "-" "Mozilla/5.0 (compatible; YandexBot/3.0; +http://yandex.com/bots)"
5.45.207.35 - - [06/Aug/2019:20:46:09 +0200] "GET /robots.txt HTTP/1.1" 301 319 "-" "Mozilla/5.0 (compatible; YandexBot/3.0; +http://yandex.com/bots)"
93.158.166.3 - - [06/Aug/2019:20:48:09 +0200] "GET /robots.txt HTTP/1.1" 301 319 "-" "Mozilla/5.0 (compatible; YandexBot/3.0; +http://yandex.com/bots)"
95.108.213.6 - - [06/Aug/2019:20:51:09 +0200] "GET /robots.txt HTTP/1.1" 301 319 "-" "Mozilla/5.0 (compatible; YandexBot/3.0; +http://yandex.com/bots)"
141.8.132.18 - - [06/Aug/2019:20:56:10 +0200] "GET /robots.txt HTTP/1.1" 301 319 "-" "Mozilla/5.0 (compatible; YandexBot/3.0; +http://yandex.com/bots)"
207.46.13.204 - - [06/Aug/2019:21:03:54 +0200] "GET /doc/allomasok_kepes_osszefoglaloja.pdf HTTP/1.1" 301 351 "-" "Mozilla/5.0 (iPhone; CPU iPhone OS 7_0 like Mac OS X) AppleWebKit/537.51.1 (KHTML, like Gecko) Version/7.0 Mobile/11A465 Safari/9537.53 (compatible; bingbot/2.0; +http://www.bing.com/bingbot.htm)"
141.8.183.205 - - [06/Aug/2019:21:04:10 +0200] "GET /robots.txt HTTP/1.1" 301 319 "-" "Mozilla/5.0 (compatible; YandexBot/3.0; +http://yandex.com/bots)"
