95.108.213.56 - - [24/Aug/2019:01:55:12 +0200] "GET /robots.txt HTTP/1.1" 301 319 "-" "Mozilla/5.0 (compatible; YandexBot/3.0; +http://yandex.com/bots)"
157.55.39.189 - - [24/Aug/2019:01:59:50 +0200] "GET /hirlevel/vonattal1209.htm HTTP/1.1" 301 334 "-" "Mozilla/5.0 (compatible; bingbot/2.0; +http://www.bing.com/bingbot.htm)"
213.180.203.2 - - [24/Aug/2019:02:05:13 +0200] "GET /robots.txt HTTP/1.1" 301 319 "-" "Mozilla/5.0 (compatible; YandexBot/3.0; +http://yandex.com/bots)"
37.9.113.75 - - [24/Aug/2019:02:15:13 +0200] "GET /robots.txt HTTP/1.1" 301 319 "-" "Mozilla/5.0 (compatible; YandexBot/3.0; +http://yandex.com/bots)"
141.8.183.17 - - [24/Aug/2019:02:25:13 +0200] "GET /robots.txt HTTP/1.1" 301 319 "-" "Mozilla/5.0 (compatible; YandexBot/3.0; +http://yandex.com/bots)"
157.55.39.127 - - [24/Aug/2019:02:32:50 +0200] "GET /doc/westtakt_final_20160405.pdf HTTP/1.1" 301 344 "-" "Mozilla/5.0 (compatible; bingbot/2.0; +http://www.bing.com/bingbot.htm)"
141.8.183.17 - - [24/Aug/2019:02:35:13 +0200] "GET /robots.txt HTTP/1.1" 301 319 "-" "Mozilla/5.0 (compatible; YandexBot/3.0; +http://yandex.com/bots)"
141.8.183.17 - - [24/Aug/2019:02:45:14 +0200] "GET /robots.txt HTTP/1.1" 301 319 "-" "Mozilla/5.0 (compatible; YandexBot/3.0; +http://yandex.com/bots)"
157.55.39.127 - - [24/Aug/2019:02:47:05 +0200] "GET /hirlevel/vonattal0903.htm HTTP/1.1" 301 334 "-" "Mozilla/5.0 (compatible; bingbot/2.0; +http://www.bing.com/bingbot.htm)"
157.55.39.12 - - [24/Aug/2019:02:52:15 +0200] "GET /hirlevel/vonattal1503.html HTTP/1.1" 301 335 "-" "Mozilla/5.0 (compatible; bingbot/2.0; +http://www.bing.com/bingbot.htm)"
141.8.183.17 - - [24/Aug/2019:02:55:15 +0200] "GET /robots.txt HTTP/1.1" 301 319 "-" "Mozilla/5.0 (compatible; YandexBot/3.0; +http://yandex.com/bots)"
141.8.183.17 - - [24/Aug/2019:03:05:15 +0200] "GET /robots.txt HTTP/1.1" 301 319 "-" "Mozilla/5.0 (compatible; YandexBot/3.0; +http://yandex.com/bots)"
141.8.183.17 - - [24/Aug/2019:03:15:15 +0200] "GET /robots.txt HTTP/1.1" 301 319 "-" "Mozilla/5.0 (compatible; YandexBot/3.0; +http://yandex.com/bots)"
141.8.183.17 - - [24/Aug/2019:03:25:15 +0200] "GET /robots.txt HTTP/1.1" 301 319 "-" "Mozilla/5.0 (compatible; YandexBot/3.0; +http://yandex.com/bots)"
157.55.39.127 - - [24/Aug/2019:03:35:04 +0200] "GET /hirlevel/vonattal1101-02.htm HTTP/1.1" 301 337 "-" "Mozilla/5.0 (compatible; bingbot/2.0; +http://www.bing.com/bingbot.htm)"
66.249.73.158 - - [24/Aug/2019:04:35:20 +0200] "GET / HTTP/1.1" 301 313 "-" "Mozilla/5.0 (Linux; Android 6.0.1; Nexus 5X Build/MMB29P) AppleWebKit/537.36 (KHTML, like Gecko) Chrome/41.0.2272.96 Mobile Safari/537.36 (compatible; Googlebot/2.1; +http://www.google.com/bot.html)"
157.55.39.104 - - [24/Aug/2019:04:57:59 +0200] "GET /hirlevel/vonattal1206.htm HTTP/1.1" 301 334 "-" "Mozilla/5.0 (compatible; bingbot/2.0; +http://www.bing.com/bingbot.htm)"
141.8.183.17 - - [24/Aug/2019:05:21:10 +0200] "GET /robots.txt HTTP/1.1" 301 319 "-" "Mozilla/5.0 (compatible; YandexBot/3.0; +http://yandex.com/bots)"
5.255.253.13 - - [24/Aug/2019:05:21:15 +0200] "GET /robots.txt HTTP/1.1" 301 319 "-" "Mozilla/5.0 (compatible; YandexBot/3.0; +http://yandex.com/bots)"
141.8.142.171 - - [24/Aug/2019:05:21:21 +0200] "GET /robots.txt HTTP/1.1" 301 319 "-" "Mozilla/5.0 (compatible; YandexBot/3.0; +http://yandex.com/bots)"
37.9.113.81 - - [24/Aug/2019:05:21:26 +0200] "GET /robots.txt HTTP/1.1" 301 319 "-" "Mozilla/5.0 (compatible; YandexBot/3.0; +http://yandex.com/bots)"
87.250.224.88 - - [24/Aug/2019:05:21:41 +0200] "GET /robots.txt HTTP/1.1" 301 319 "-" "Mozilla/5.0 (compatible; YandexBot/3.0; +http://yandex.com/bots)"
213.180.203.28 - - [24/Aug/2019:05:21:56 +0200] "GET /robots.txt HTTP/1.1" 301 319 "-" "Mozilla/5.0 (compatible; YandexBot/3.0; +http://yandex.com/bots)"
95.108.213.6 - - [24/Aug/2019:05:22:29 +0200] "GET /robots.txt HTTP/1.1" 301 319 "-" "Mozilla/5.0 (compatible; YandexBot/3.0; +http://yandex.com/bots)"
37.9.113.38 - - [24/Aug/2019:05:23:31 +0200] "GET /robots.txt HTTP/1.1" 301 319 "-" "Mozilla/5.0 (compatible; YandexBot/3.0; +http://yandex.com/bots)"
37.9.113.83 - - [24/Aug/2019:05:24:31 +0200] "GET /robots.txt HTTP/1.1" 301 319 "-" "Mozilla/5.0 (compatible; YandexBot/3.0; +http://yandex.com/bots)"
5.45.207.72 - - [24/Aug/2019:05:26:31 +0200] "GET /robots.txt HTTP/1.1" 301 319 "-" "Mozilla/5.0 (compatible; YandexBot/3.0; +http://yandex.com/bots)"
66.249.65.208 - - [24/Aug/2019:05:29:03 +0200] "GET /robots.txt HTTP/1.1" 301 319 "-" "Mozilla/5.0 (compatible; Googlebot/2.1; +http://www.google.com/bot.html)"
66.249.65.208 - - [24/Aug/2019:05:29:03 +0200] "GET /hirlevel/emh-1.pdf HTTP/1.1" 301 327 "-" "Mozilla/5.0 (Linux; Android 6.0.1; Nexus 5X Build/MMB29P) AppleWebKit/537.36 (KHTML, like Gecko) Chrome/41.0.2272.96 Mobile Safari/537.36 (compatible; Googlebot/2.1; +http://www.google.com/bot.html)"
95.108.213.22 - - [24/Aug/2019:05:29:31 +0200] "GET /robots.txt HTTP/1.1" 301 319 "-" "Mozilla/5.0 (compatible; YandexBot/3.0; +http://yandex.com/bots)"
37.9.113.75 - - [24/Aug/2019:05:34:32 +0200] "GET /robots.txt HTTP/1.1" 301 319 "-" "Mozilla/5.0 (compatible; YandexBot/3.0; +http://yandex.com/bots)"
37.9.113.195 - - [24/Aug/2019:05:42:32 +0200] "GET /robots.txt HTTP/1.1" 301 319 "-" "Mozilla/5.0 (compatible; YandexBot/3.0; +http://yandex.com/bots)"
178.154.171.24 - - [24/Aug/2019:05:52:32 +0200] "GET /robots.txt HTTP/1.1" 301 319 "-" "Mozilla/5.0 (compatible; YandexBot/3.0; +http://yandex.com/bots)"
37.9.113.42 - - [24/Aug/2019:06:02:33 +0200] "GET /robots.txt HTTP/1.1" 301 319 "-" "Mozilla/5.0 (compatible; YandexBot/3.0; +http://yandex.com/bots)"
66.249.65.206 - - [24/Aug/2019:06:06:55 +0200] "GET /hirlevel/vonattal1601.html HTTP/1.1" 301 335 "-" "Mozilla/5.0 (Linux; Android 6.0.1; Nexus 5X Build/MMB29P) AppleWebKit/537.36 (KHTML, like Gecko) Chrome/41.0.2272.96 Mobile Safari/537.36 (compatible; Googlebot/2.1; +http://www.google.com/bot.html)"
141.8.188.24 - - [24/Aug/2019:06:12:33 +0200] "GET /robots.txt HTTP/1.1" 301 319 "-" "Mozilla/5.0 (compatible; YandexBot/3.0; +http://yandex.com/bots)"
66.249.65.204 - - [24/Aug/2019:06:16:23 +0200] "GET /hirlevel/vonattal1605.html HTTP/1.1" 301 335 "-" "Mozilla/5.0 (Linux; Android 6.0.1; Nexus 5X Build/MMB29P) AppleWebKit/537.36 (KHTML, like Gecko) Chrome/41.0.2272.96 Mobile Safari/537.36 (compatible; Googlebot/2.1; +http://www.google.com/bot.html)"
141.8.183.17 - - [24/Aug/2019:06:22:33 +0200] "GET /robots.txt HTTP/1.1" 301 319 "-" "Mozilla/5.0 (compatible; YandexBot/3.0; +http://yandex.com/bots)"
66.249.65.208 - - [24/Aug/2019:06:25:51 +0200] "GET /hirlevel/vonattal1603.html HTTP/1.1" 301 335 "-" "Mozilla/5.0 (Linux; Android 6.0.1; Nexus 5X Build/MMB29P) AppleWebKit/537.36 (KHTML, like Gecko) Chrome/41.0.2272.96 Mobile Safari/537.36 (compatible; Googlebot/2.1; +http://www.google.com/bot.html)"
207.182.140.213 - - [24/Aug/2019:06:28:54 +0200] "GET / HTTP/1.1" 301 309 "-" "Mozilla/5.0 (Windows NT 6.1; Win64; x64; +http://www.komodia.com/newwiki/index.php/URL_server_crawler) KomodiaBot/1.0"
141.8.183.17 - - [24/Aug/2019:06:32:33 +0200] "GET /robots.txt HTTP/1.1" 301 319 "-" "Mozilla/5.0 (compatible; YandexBot/3.0; +http://yandex.com/bots)"
66.249.65.208 - - [24/Aug/2019:06:35:19 +0200] "GET /doc/varos-videk.vasut_2009.pdf HTTP/1.1" 301 339 "-" "Mozilla/5.0 (Linux; Android 6.0.1; Nexus 5X Build/MMB29P) AppleWebKit/537.36 (KHTML, like Gecko) Chrome/41.0.2272.96 Mobile Safari/537.36 (compatible; Googlebot/2.1; +http://www.google.com/bot.html)"
141.8.183.17 - - [24/Aug/2019:06:42:33 +0200] "GET /robots.txt HTTP/1.1" 301 319 "-" "Mozilla/5.0 (compatible; YandexBot/3.0; +http://yandex.com/bots)"
66.249.65.206 - - [24/Aug/2019:06:44:47 +0200] "GET /hirlevel/vonattal1512.html HTTP/1.1" 301 335 "-" "Mozilla/5.0 (Linux; Android 6.0.1; Nexus 5X Build/MMB29P) AppleWebKit/537.36 (KHTML, like Gecko) Chrome/41.0.2272.96 Mobile Safari/537.36 (compatible; Googlebot/2.1; +http://www.google.com/bot.html)"
141.8.183.17 - - [24/Aug/2019:06:52:34 +0200] "GET /robots.txt HTTP/1.1" 301 319 "-" "Mozilla/5.0 (compatible; YandexBot/3.0; +http://yandex.com/bots)"
66.249.65.206 - - [24/Aug/2019:06:54:15 +0200] "GET /hirlevel/vonattal1304.html HTTP/1.1" 301 335 "-" "Mozilla/5.0 (Linux; Android 6.0.1; Nexus 5X Build/MMB29P) AppleWebKit/537.36 (KHTML, like Gecko) Chrome/41.0.2272.96 Mobile Safari/537.36 (compatible; Googlebot/2.1; +http://www.google.com/bot.html)"
141.8.183.17 - - [24/Aug/2019:07:02:34 +0200] "GET /robots.txt HTTP/1.1" 301 319 "-" "Mozilla/5.0 (compatible; YandexBot/3.0; +http://yandex.com/bots)"
66.249.73.154 - - [24/Aug/2019:07:03:44 +0200] "GET /doc/fejezetek_delbuda_kozlekedesebol.pdf HTTP/1.1" 301 353 "-" "Mozilla/5.0 (Linux; Android 6.0.1; Nexus 5X Build/MMB29P) AppleWebKit/537.36 (KHTML, like Gecko) Chrome/41.0.2272.96 Mobile Safari/537.36 (compatible; Googlebot/2.1; +http://www.google.com/bot.html)"
141.8.183.17 - - [24/Aug/2019:07:12:35 +0200] "GET /robots.txt HTTP/1.1" 301 319 "-" "Mozilla/5.0 (compatible; YandexBot/3.0; +http://yandex.com/bots)"
141.8.183.17 - - [24/Aug/2019:07:22:35 +0200] "GET /robots.txt HTTP/1.1" 301 319 "-" "Mozilla/5.0 (compatible; YandexBot/3.0; +http://yandex.com/bots)"
157.55.39.110 - - [24/Aug/2019:07:31:51 +0200] "GET /hirlevel/vonattal1107.htm HTTP/1.1" 301 334 "-" "Mozilla/5.0 (compatible; bingbot/2.0; +http://www.bing.com/bingbot.htm)"
66.249.65.208 - - [24/Aug/2019:07:32:07 +0200] "GET /doc/prezentacio_20150425_tokaj.pdf HTTP/1.1" 301 343 "-" "Mozilla/5.0 (Linux; Android 6.0.1; Nexus 5X Build/MMB29P) AppleWebKit/537.36 (KHTML, like Gecko) Chrome/41.0.2272.96 Mobile Safari/537.36 (compatible; Googlebot/2.1; +http://www.google.com/bot.html)"
141.8.183.17 - - [24/Aug/2019:07:32:35 +0200] "GET /robots.txt HTTP/1.1" 301 319 "-" "Mozilla/5.0 (compatible; YandexBot/3.0; +http://yandex.com/bots)"
66.249.65.204 - - [24/Aug/2019:07:34:49 +0200] "GET /doc/gkm_omkormanyzatoknak.pdf HTTP/1.1" 301 338 "-" "Mozilla/5.0 (Linux; Android 6.0.1; Nexus 5X Build/MMB29P) AppleWebKit/537.36 (KHTML, like Gecko) Chrome/41.0.2272.96 Mobile Safari/537.36 (compatible; Googlebot/2.1; +http://www.google.com/bot.html)"
66.249.65.206 - - [24/Aug/2019:07:42:06 +0200] "GET /doc/tisza-to_szoroanyag_2012.pdf HTTP/1.1" 301 341 "-" "Mozilla/5.0 (Linux; Android 6.0.1; Nexus 5X Build/MMB29P) AppleWebKit/537.36 (KHTML, like Gecko) Chrome/41.0.2272.96 Mobile Safari/537.36 (compatible; Googlebot/2.1; +http://www.google.com/bot.html)"
40.77.167.108 - - [24/Aug/2019:07:44:20 +0200] "GET /hirlevel/vonattal1603.html HTTP/1.1" 301 335 "-" "Mozilla/5.0 (compatible; bingbot/2.0; +http://www.bing.com/bingbot.htm)"
66.249.65.204 - - [24/Aug/2019:08:00:31 +0200] "GET /hirlevel/K%C3%A9rd%C5%91%C3%ADv201604.doc HTTP/1.1" 301 350 "-" "Mozilla/5.0 (Linux; Android 6.0.1; Nexus 5X Build/MMB29P) AppleWebKit/537.36 (KHTML, like Gecko) Chrome/41.0.2272.96 Mobile Safari/537.36 (compatible; Googlebot/2.1; +http://www.google.com/bot.html)"
66.249.65.204 - - [24/Aug/2019:08:09:59 +0200] "GET /doc/kozleked%C3%A9siszekcio_20150425_tokaj.pdf HTTP/1.1" 301 355 "-" "Mozilla/5.0 (Linux; Android 6.0.1; Nexus 5X Build/MMB29P) AppleWebKit/537.36 (KHTML, like Gecko) Chrome/41.0.2272.96 Mobile Safari/537.36 (compatible; Googlebot/2.1; +http://www.google.com/bot.html)"
40.77.167.65 - - [24/Aug/2019:08:32:29 +0200] "GET /hirlevel/vonattal1512.html HTTP/1.1" 301 335 "-" "Mozilla/5.0 (compatible; bingbot/2.0; +http://www.bing.com/bingbot.htm)"
60.191.38.77 - - [24/Aug/2019:09:01:45 +0200] "GET / HTTP/1.1" 301 309 "-" "Mozilla/5.0 (Macintosh; Intel Mac OS X 10.11; rv:47.0) Gecko/20100101 Firefox/47.0"
66.249.65.204 - - [24/Aug/2019:09:02:53 +0200] "GET /doc/meghivo_kgy_1111.pdf HTTP/1.1" 301 333 "-" "Mozilla/5.0 (Linux; Android 6.0.1; Nexus 5X Build/MMB29P) AppleWebKit/537.36 (KHTML, like Gecko) Chrome/41.0.2272.96 Mobile Safari/537.36 (compatible; Googlebot/2.1; +http://www.google.com/bot.html)"
141.8.183.17 - - [24/Aug/2019:09:20:30 +0200] "GET /robots.txt HTTP/1.1" 301 319 "-" "Mozilla/5.0 (compatible; YandexBot/3.0; +http://yandex.com/bots)"
5.255.253.13 - - [24/Aug/2019:09:20:35 +0200] "GET /robots.txt HTTP/1.1" 301 319 "-" "Mozilla/5.0 (compatible; YandexBot/3.0; +http://yandex.com/bots)"
178.154.171.18 - - [24/Aug/2019:09:20:40 +0200] "GET /robots.txt HTTP/1.1" 301 319 "-" "Mozilla/5.0 (compatible; YandexBot/3.0; +http://yandex.com/bots)"
37.9.113.81 - - [24/Aug/2019:09:20:45 +0200] "GET /robots.txt HTTP/1.1" 301 319 "-" "Mozilla/5.0 (compatible; YandexBot/3.0; +http://yandex.com/bots)"
141.8.142.114 - - [24/Aug/2019:09:21:00 +0200] "GET /robots.txt HTTP/1.1" 301 319 "-" "Mozilla/5.0 (compatible; YandexBot/3.0; +http://yandex.com/bots)"
95.108.213.22 - - [24/Aug/2019:09:21:15 +0200] "GET /robots.txt HTTP/1.1" 301 319 "-" "Mozilla/5.0 (compatible; YandexBot/3.0; +http://yandex.com/bots)"
141.8.142.160 - - [24/Aug/2019:09:21:46 +0200] "GET /robots.txt HTTP/1.1" 301 319 "-" "Mozilla/5.0 (compatible; YandexBot/3.0; +http://yandex.com/bots)"
141.8.142.136 - - [24/Aug/2019:09:22:46 +0200] "GET /robots.txt HTTP/1.1" 301 319 "-" "Mozilla/5.0 (compatible; YandexBot/3.0; +http://yandex.com/bots)"
178.154.200.63 - - [24/Aug/2019:09:23:46 +0200] "GET /robots.txt HTTP/1.1" 301 319 "-" "Mozilla/5.0 (compatible; YandexBot/3.0; +http://yandex.com/bots)"
95.108.213.21 - - [24/Aug/2019:09:25:46 +0200] "GET /robots.txt HTTP/1.1" 301 319 "-" "Mozilla/5.0 (compatible; YandexBot/3.0; +http://yandex.com/bots)"
141.8.142.171 - - [24/Aug/2019:09:28:47 +0200] "GET /robots.txt HTTP/1.1" 301 319 "-" "Mozilla/5.0 (compatible; YandexBot/3.0; +http://yandex.com/bots)"
87.250.224.88 - - [24/Aug/2019:09:33:47 +0200] "GET /robots.txt HTTP/1.1" 301 319 "-" "Mozilla/5.0 (compatible; YandexBot/3.0; +http://yandex.com/bots)"
178.154.200.35 - - [24/Aug/2019:09:41:47 +0200] "GET /robots.txt HTTP/1.1" 301 319 "-" "Mozilla/5.0 (compatible; YandexBot/3.0; +http://yandex.com/bots)"
37.9.113.38 - - [24/Aug/2019:09:51:47 +0200] "GET /robots.txt HTTP/1.1" 301 319 "-" "Mozilla/5.0 (compatible; YandexBot/3.0; +http://yandex.com/bots)"
66.249.73.154 - - [24/Aug/2019:09:59:10 +0200] "GET /robots.txt HTTP/1.1" 301 323 "-" "Mozilla/5.0 (compatible; Googlebot/2.1; +http://www.google.com/bot.html)"
66.249.73.154 - - [24/Aug/2019:09:59:10 +0200] "GET /hirlevel/szarvas_1109.doc HTTP/1.1" 301 338 "-" "Mozilla/5.0 (Linux; Android 6.0.1; Nexus 5X Build/MMB29P) AppleWebKit/537.36 (KHTML, like Gecko) Chrome/41.0.2272.96 Mobile Safari/537.36 (compatible; Googlebot/2.1; +http://www.google.com/bot.html)"
37.9.113.118 - - [24/Aug/2019:10:01:47 +0200] "GET /robots.txt HTTP/1.1" 301 319 "-" "Mozilla/5.0 (compatible; YandexBot/3.0; +http://yandex.com/bots)"
87.250.224.88 - - [24/Aug/2019:10:11:48 +0200] "GET /robots.txt HTTP/1.1" 301 319 "-" "Mozilla/5.0 (compatible; YandexBot/3.0; +http://yandex.com/bots)"
66.249.65.206 - - [24/Aug/2019:10:16:42 +0200] "GET /doc/mkk-rkert_mobhet_1009.pdf HTTP/1.1" 301 338 "-" "Mozilla/5.0 (Linux; Android 6.0.1; Nexus 5X Build/MMB29P) AppleWebKit/537.36 (KHTML, like Gecko) Chrome/41.0.2272.96 Mobile Safari/537.36 (compatible; Googlebot/2.1; +http://www.google.com/bot.html)"
141.8.183.17 - - [24/Aug/2019:10:21:48 +0200] "GET /robots.txt HTTP/1.1" 301 319 "-" "Mozilla/5.0 (compatible; YandexBot/3.0; +http://yandex.com/bots)"
157.55.39.183 - - [24/Aug/2019:10:31:06 +0200] "GET /robots.txt HTTP/1.1" 301 323 "-" "Mozilla/5.0 (compatible; bingbot/2.0; +http://www.bing.com/bingbot.htm)"
141.8.183.17 - - [24/Aug/2019:10:31:48 +0200] "GET /robots.txt HTTP/1.1" 301 319 "-" "Mozilla/5.0 (compatible; YandexBot/3.0; +http://yandex.com/bots)"
141.8.183.17 - - [24/Aug/2019:10:41:48 +0200] "GET /robots.txt HTTP/1.1" 301 319 "-" "Mozilla/5.0 (compatible; YandexBot/3.0; +http://yandex.com/bots)"
141.8.183.17 - - [24/Aug/2019:10:51:48 +0200] "GET /robots.txt HTTP/1.1" 301 319 "-" "Mozilla/5.0 (compatible; YandexBot/3.0; +http://yandex.com/bots)"
141.8.183.17 - - [24/Aug/2019:11:01:49 +0200] "GET /robots.txt HTTP/1.1" 301 319 "-" "Mozilla/5.0 (compatible; YandexBot/3.0; +http://yandex.com/bots)"
66.249.65.208 - - [24/Aug/2019:11:04:22 +0200] "GET /doc/vasuttal-budapest-kornyeken.pdf HTTP/1.1" 301 344 "-" "Mozilla/5.0 (Linux; Android 6.0.1; Nexus 5X Build/MMB29P) AppleWebKit/537.36 (KHTML, like Gecko) Chrome/41.0.2272.96 Mobile Safari/537.36 (compatible; Googlebot/2.1; +http://www.google.com/bot.html)"
141.8.183.17 - - [24/Aug/2019:11:11:49 +0200] "GET /robots.txt HTTP/1.1" 301 319 "-" "Mozilla/5.0 (compatible; YandexBot/3.0; +http://yandex.com/bots)"
141.8.183.17 - - [24/Aug/2019:11:21:49 +0200] "GET /robots.txt HTTP/1.1" 301 319 "-" "Mozilla/5.0 (compatible; YandexBot/3.0; +http://yandex.com/bots)"
78.92.230.168 - - [24/Aug/2019:11:28:18 +0200] "GET / HTTP/1.1" 301 313 "-" "Mozilla/5.0 (Windows NT 6.1; Win64; x64) AppleWebKit/537.36 (KHTML, like Gecko) Chrome/75.0.3770.142 Safari/537.36 OPR/62.0.3331.116"
141.8.183.17 - - [24/Aug/2019:11:31:49 +0200] "GET /robots.txt HTTP/1.1" 301 319 "-" "Mozilla/5.0 (compatible; YandexBot/3.0; +http://yandex.com/bots)"
141.8.183.17 - - [24/Aug/2019:12:40:05 +0200] "GET /robots.txt HTTP/1.1" 301 319 "-" "Mozilla/5.0 (compatible; YandexBot/3.0; +http://yandex.com/bots)"
178.154.171.90 - - [24/Aug/2019:12:40:11 +0200] "GET /robots.txt HTTP/1.1" 301 319 "-" "Mozilla/5.0 (compatible; YandexBot/3.0; +http://yandex.com/bots)"
141.8.132.36 - - [24/Aug/2019:12:40:16 +0200] "GET /robots.txt HTTP/1.1" 301 319 "-" "Mozilla/5.0 (compatible; YandexBot/3.0; +http://yandex.com/bots)"
178.154.171.18 - - [24/Aug/2019:12:40:21 +0200] "GET /robots.txt HTTP/1.1" 301 319 "-" "Mozilla/5.0 (compatible; YandexBot/3.0; +http://yandex.com/bots)"
87.250.224.88 - - [24/Aug/2019:12:40:36 +0200] "GET /robots.txt HTTP/1.1" 301 319 "-" "Mozilla/5.0 (compatible; YandexBot/3.0; +http://yandex.com/bots)"
95.108.213.6 - - [24/Aug/2019:12:40:52 +0200] "GET /robots.txt HTTP/1.1" 301 319 "-" "Mozilla/5.0 (compatible; YandexBot/3.0; +http://yandex.com/bots)"
93.158.166.3 - - [24/Aug/2019:12:41:23 +0200] "GET /robots.txt HTTP/1.1" 301 319 "-" "Mozilla/5.0 (compatible; YandexBot/3.0; +http://yandex.com/bots)"
95.108.181.78 - - [24/Aug/2019:12:42:23 +0200] "GET /robots.txt HTTP/1.1" 301 319 "-" "Mozilla/5.0 (compatible; YandexBot/3.0; +http://yandex.com/bots)"
37.9.113.195 - - [24/Aug/2019:12:43:23 +0200] "GET /robots.txt HTTP/1.1" 301 319 "-" "Mozilla/5.0 (compatible; YandexBot/3.0; +http://yandex.com/bots)"
141.8.142.160 - - [24/Aug/2019:12:45:24 +0200] "GET /robots.txt HTTP/1.1" 301 319 "-" "Mozilla/5.0 (compatible; YandexBot/3.0; +http://yandex.com/bots)"
37.9.113.87 - - [24/Aug/2019:12:48:24 +0200] "GET /robots.txt HTTP/1.1" 301 319 "-" "Mozilla/5.0 (compatible; YandexBot/3.0; +http://yandex.com/bots)"
141.8.142.170 - - [24/Aug/2019:12:53:24 +0200] "GET /robots.txt HTTP/1.1" 301 319 "-" "Mozilla/5.0 (compatible; YandexBot/3.0; +http://yandex.com/bots)"
40.77.167.82 - - [24/Aug/2019:13:00:50 +0200] "GET /hirlevel/vonattal1304.html HTTP/1.1" 301 335 "-" "Mozilla/5.0 (compatible; bingbot/2.0; +http://www.bing.com/bingbot.htm)"
95.108.213.56 - - [24/Aug/2019:13:01:24 +0200] "GET /robots.txt HTTP/1.1" 301 319 "-" "Mozilla/5.0 (compatible; YandexBot/3.0; +http://yandex.com/bots)"
157.55.39.67 - - [24/Aug/2019:13:01:55 +0200] "GET /hirlevel/hatarmenten_201109.pdf HTTP/1.1" 301 340 "-" "Mozilla/5.0 (iPhone; CPU iPhone OS 7_0 like Mac OS X) AppleWebKit/537.51.1 (KHTML, like Gecko) Version/7.0 Mobile/11A465 Safari/9537.53 (compatible; bingbot/2.0; +http://www.bing.com/bingbot.htm)"
213.180.203.2 - - [24/Aug/2019:13:11:24 +0200] "GET /robots.txt HTTP/1.1" 301 319 "-" "Mozilla/5.0 (compatible; YandexBot/3.0; +http://yandex.com/bots)"
178.154.200.34 - - [24/Aug/2019:13:21:24 +0200] "GET /robots.txt HTTP/1.1" 301 319 "-" "Mozilla/5.0 (compatible; YandexBot/3.0; +http://yandex.com/bots)"
66.249.73.156 - - [24/Aug/2019:13:30:40 +0200] "GET /hirlevel/images/vonattal-zircrol.pdf HTTP/1.1" 301 349 "-" "Mozilla/5.0 (Linux; Android 6.0.1; Nexus 5X Build/MMB29P) AppleWebKit/537.36 (KHTML, like Gecko) Chrome/41.0.2272.96 Mobile Safari/537.36 (compatible; Googlebot/2.1; +http://www.google.com/bot.html)"
141.8.142.67 - - [24/Aug/2019:13:31:25 +0200] "GET /robots.txt HTTP/1.1" 301 319 "-" "Mozilla/5.0 (compatible; YandexBot/3.0; +http://yandex.com/bots)"
93.158.166.3 - - [24/Aug/2019:13:41:25 +0200] "GET /robots.txt HTTP/1.1" 301 319 "-" "Mozilla/5.0 (compatible; YandexBot/3.0; +http://yandex.com/bots)"
40.77.167.6 - - [24/Aug/2019:13:45:01 +0200] "GET /doc/bevasar.pdf HTTP/1.1" 301 328 "-" "Mozilla/5.0 (iPhone; CPU iPhone OS 7_0 like Mac OS X) AppleWebKit/537.51.1 (KHTML, like Gecko) Version/7.0 Mobile/11A465 Safari/9537.53 (compatible; bingbot/2.0; +http://www.bing.com/bingbot.htm)"
141.8.183.17 - - [24/Aug/2019:13:51:25 +0200] "GET /robots.txt HTTP/1.1" 301 319 "-" "Mozilla/5.0 (compatible; YandexBot/3.0; +http://yandex.com/bots)"
66.249.73.158 - - [24/Aug/2019:13:56:37 +0200] "GET /doc/szandeknyilatkozat_0711.doc HTTP/1.1" 301 344 "-" "Mozilla/5.0 (Linux; Android 6.0.1; Nexus 5X Build/MMB29P) AppleWebKit/537.36 (KHTML, like Gecko) Chrome/41.0.2272.96 Mobile Safari/537.36 (compatible; Googlebot/2.1; +http://www.google.com/bot.html)"
141.8.183.17 - - [24/Aug/2019:14:01:25 +0200] "GET /robots.txt HTTP/1.1" 301 319 "-" "Mozilla/5.0 (compatible; YandexBot/3.0; +http://yandex.com/bots)"
141.8.183.17 - - [24/Aug/2019:14:11:26 +0200] "GET /robots.txt HTTP/1.1" 301 319 "-" "Mozilla/5.0 (compatible; YandexBot/3.0; +http://yandex.com/bots)"
5.187.197.237 - - [24/Aug/2019:14:15:25 +0200] "GET / HTTP/1.1" 301 313 "-" "Mozilla/5.0 (Windows NT 6.1; Win64; x64; rv:68.0) Gecko/20100101 Firefox/68.0"
141.8.183.17 - - [24/Aug/2019:14:21:26 +0200] "GET /robots.txt HTTP/1.1" 301 319 "-" "Mozilla/5.0 (compatible; YandexBot/3.0; +http://yandex.com/bots)"
141.8.183.17 - - [24/Aug/2019:14:31:26 +0200] "GET /robots.txt HTTP/1.1" 301 319 "-" "Mozilla/5.0 (compatible; YandexBot/3.0; +http://yandex.com/bots)"
141.8.183.17 - - [24/Aug/2019:14:41:26 +0200] "GET /robots.txt HTTP/1.1" 301 319 "-" "Mozilla/5.0 (compatible; YandexBot/3.0; +http://yandex.com/bots)"
141.8.183.17 - - [24/Aug/2019:14:51:26 +0200] "GET /robots.txt HTTP/1.1" 301 319 "-" "Mozilla/5.0 (compatible; YandexBot/3.0; +http://yandex.com/bots)"
84.183.231.193 - - [24/Aug/2019:14:53:43 +0200] "GET /doc/b2_2010.pdf HTTP/1.1" 301 324 "https://de.wikipedia.org/" "Mozilla/5.0 (X11; Ubuntu; Linux x86_64; rv:68.0) Gecko/20100101 Firefox/68.0"
40.77.167.6 - - [24/Aug/2019:15:14:43 +0200] "GET /doc/alapsz03.pdf HTTP/1.1" 301 329 "-" "Mozilla/5.0 (iPhone; CPU iPhone OS 7_0 like Mac OS X) AppleWebKit/537.51.1 (KHTML, like Gecko) Version/7.0 Mobile/11A465 Safari/9537.53 (compatible; bingbot/2.0; +http://www.bing.com/bingbot.htm)"
141.8.183.17 - - [24/Aug/2019:15:22:15 +0200] "GET /robots.txt HTTP/1.1" 301 323 "-" "Mozilla/5.0 (compatible; YandexBot/3.0; +http://yandex.com/bots)"
178.154.171.90 - - [24/Aug/2019:15:22:20 +0200] "GET /robots.txt HTTP/1.1" 301 323 "-" "Mozilla/5.0 (compatible; YandexBot/3.0; +http://yandex.com/bots)"
5.255.253.13 - - [24/Aug/2019:15:22:25 +0200] "GET /robots.txt HTTP/1.1" 301 323 "-" "Mozilla/5.0 (compatible; YandexBot/3.0; +http://yandex.com/bots)"
178.154.171.18 - - [24/Aug/2019:15:22:30 +0200] "GET /robots.txt HTTP/1.1" 301 323 "-" "Mozilla/5.0 (compatible; YandexBot/3.0; +http://yandex.com/bots)"
37.9.113.15 - - [24/Aug/2019:15:22:45 +0200] "GET /robots.txt HTTP/1.1" 301 323 "-" "Mozilla/5.0 (compatible; YandexBot/3.0; +http://yandex.com/bots)"
141.8.142.67 - - [24/Aug/2019:15:23:01 +0200] "GET /robots.txt HTTP/1.1" 301 323 "-" "Mozilla/5.0 (compatible; YandexBot/3.0; +http://yandex.com/bots)"
37.9.113.105 - - [24/Aug/2019:15:23:31 +0200] "GET /robots.txt HTTP/1.1" 301 323 "-" "Mozilla/5.0 (compatible; YandexBot/3.0; +http://yandex.com/bots)"
141.8.142.160 - - [24/Aug/2019:15:24:31 +0200] "GET /robots.txt HTTP/1.1" 301 323 "-" "Mozilla/5.0 (compatible; YandexBot/3.0; +http://yandex.com/bots)"
37.9.113.195 - - [24/Aug/2019:15:25:31 +0200] "GET /robots.txt HTTP/1.1" 301 323 "-" "Mozilla/5.0 (compatible; YandexBot/3.0; +http://yandex.com/bots)"
213.180.203.28 - - [24/Aug/2019:15:27:31 +0200] "GET /robots.txt HTTP/1.1" 301 323 "-" "Mozilla/5.0 (compatible; YandexBot/3.0; +http://yandex.com/bots)"
178.154.200.36 - - [24/Aug/2019:15:30:31 +0200] "GET /robots.txt HTTP/1.1" 301 323 "-" "Mozilla/5.0 (compatible; YandexBot/3.0; +http://yandex.com/bots)"
207.46.13.98 - - [24/Aug/2019:15:34:24 +0200] "GET /hirlevel/vonattal0903.htm HTTP/1.1" 301 334 "-" "Mozilla/5.0 (compatible; bingbot/2.0; +http://www.bing.com/bingbot.htm)"
178.154.200.63 - - [24/Aug/2019:15:35:32 +0200] "GET /robots.txt HTTP/1.1" 301 323 "-" "Mozilla/5.0 (compatible; YandexBot/3.0; +http://yandex.com/bots)"
178.154.200.70 - - [24/Aug/2019:15:43:36 +0200] "GET /robots.txt HTTP/1.1" 301 323 "-" "Mozilla/5.0 (compatible; YandexBot/3.0; +http://yandex.com/bots)"
5.45.207.39 - - [24/Aug/2019:15:53:36 +0200] "GET /robots.txt HTTP/1.1" 301 323 "-" "Mozilla/5.0 (compatible; YandexBot/3.0; +http://yandex.com/bots)"
66.249.65.206 - - [24/Aug/2019:15:58:21 +0200] "GET /doc/daki@kti.hu HTTP/1.1" 301 324 "-" "Mozilla/5.0 (Linux; Android 6.0.1; Nexus 5X Build/MMB29P) AppleWebKit/537.36 (KHTML, like Gecko) Chrome/41.0.2272.96 Mobile Safari/537.36 (compatible; Googlebot/2.1; +http://www.google.com/bot.html)"
66.249.65.204 - - [24/Aug/2019:15:58:41 +0200] "GET /hirlevel/szekcio_201504.pdf HTTP/1.1" 301 336 "-" "Mozilla/5.0 (Linux; Android 6.0.1; Nexus 5X Build/MMB29P) AppleWebKit/537.36 (KHTML, like Gecko) Chrome/41.0.2272.96 Mobile Safari/537.36 (compatible; Googlebot/2.1; +http://www.google.com/bot.html)"
207.46.13.241 - - [24/Aug/2019:16:01:27 +0200] "GET /hirlevel/vonattal1204.htm HTTP/1.1" 301 334 "-" "Mozilla/5.0 (compatible; bingbot/2.0; +http://www.bing.com/bingbot.htm)"
141.8.142.184 - - [24/Aug/2019:16:03:37 +0200] "GET /robots.txt HTTP/1.1" 301 323 "-" "Mozilla/5.0 (compatible; YandexBot/3.0; +http://yandex.com/bots)"
37.9.113.24 - - [24/Aug/2019:16:13:37 +0200] "GET /robots.txt HTTP/1.1" 301 323 "-" "Mozilla/5.0 (compatible; YandexBot/3.0; +http://yandex.com/bots)"
93.158.166.3 - - [24/Aug/2019:16:23:37 +0200] "GET /robots.txt HTTP/1.1" 301 323 "-" "Mozilla/5.0 (compatible; YandexBot/3.0; +http://yandex.com/bots)"
141.8.183.17 - - [24/Aug/2019:16:33:37 +0200] "GET /robots.txt HTTP/1.1" 301 323 "-" "Mozilla/5.0 (compatible; YandexBot/3.0; +http://yandex.com/bots)"
66.249.73.156 - - [24/Aug/2019:16:39:31 +0200] "GET /hirlevel/miskolc_1109.doc HTTP/1.1" 301 338 "-" "Mozilla/5.0 (Linux; Android 6.0.1; Nexus 5X Build/MMB29P) AppleWebKit/537.36 (KHTML, like Gecko) Chrome/41.0.2272.96 Mobile Safari/537.36 (compatible; Googlebot/2.1; +http://www.google.com/bot.html)"
141.8.183.17 - - [24/Aug/2019:16:43:37 +0200] "GET /robots.txt HTTP/1.1" 301 323 "-" "Mozilla/5.0 (compatible; YandexBot/3.0; +http://yandex.com/bots)"
207.46.13.200 - - [24/Aug/2019:16:45:08 +0200] "GET /hirlevel/vonattal1206.htm HTTP/1.1" 301 334 "-" "Mozilla/5.0 (compatible; bingbot/2.0; +http://www.bing.com/bingbot.htm)"
207.46.13.98 - - [24/Aug/2019:16:51:00 +0200] "GET /doc/meszaros_peter.ppt HTTP/1.1" 301 335 "-" "Mozilla/5.0 (iPhone; CPU iPhone OS 7_0 like Mac OS X) AppleWebKit/537.51.1 (KHTML, like Gecko) Version/7.0 Mobile/11A465 Safari/9537.53 (compatible; bingbot/2.0; +http://www.bing.com/bingbot.htm)"
141.8.183.17 - - [24/Aug/2019:16:53:38 +0200] "GET /robots.txt HTTP/1.1" 301 323 "-" "Mozilla/5.0 (compatible; YandexBot/3.0; +http://yandex.com/bots)"
141.8.183.17 - - [24/Aug/2019:17:03:38 +0200] "GET /robots.txt HTTP/1.1" 301 323 "-" "Mozilla/5.0 (compatible; YandexBot/3.0; +http://yandex.com/bots)"
141.8.183.17 - - [24/Aug/2019:17:13:38 +0200] "GET /robots.txt HTTP/1.1" 301 323 "-" "Mozilla/5.0 (compatible; YandexBot/3.0; +http://yandex.com/bots)"
66.249.73.158 - - [24/Aug/2019:17:16:37 +0200] "GET /doc/ksz-ek_alakitasa_lehetosegek.ppt HTTP/1.1" 301 349 "-" "Mozilla/5.0 (Linux; Android 6.0.1; Nexus 5X Build/MMB29P) AppleWebKit/537.36 (KHTML, like Gecko) Chrome/41.0.2272.96 Mobile Safari/537.36 (compatible; Googlebot/2.1; +http://www.google.com/bot.html)"
141.8.183.17 - - [24/Aug/2019:17:23:38 +0200] "GET /robots.txt HTTP/1.1" 301 323 "-" "Mozilla/5.0 (compatible; YandexBot/3.0; +http://yandex.com/bots)"
66.249.73.156 - - [24/Aug/2019:17:31:28 +0200] "GET /doc/osszefoglalo_070622.pdf HTTP/1.1" 301 340 "-" "Mozilla/5.0 (Linux; Android 6.0.1; Nexus 5X Build/MMB29P) AppleWebKit/537.36 (KHTML, like Gecko) Chrome/41.0.2272.96 Mobile Safari/537.36 (compatible; Googlebot/2.1; +http://www.google.com/bot.html)"
141.8.183.17 - - [24/Aug/2019:17:33:38 +0200] "GET /robots.txt HTTP/1.1" 301 323 "-" "Mozilla/5.0 (compatible; YandexBot/3.0; +http://yandex.com/bots)"
141.8.183.17 - - [24/Aug/2019:17:43:39 +0200] "GET /robots.txt HTTP/1.1" 301 323 "-" "Mozilla/5.0 (compatible; YandexBot/3.0; +http://yandex.com/bots)"
207.46.13.241 - - [24/Aug/2019:17:46:03 +0200] "GET /hirlevel/vonattal1503.html HTTP/1.1" 301 335 "-" "Mozilla/5.0 (compatible; bingbot/2.0; +http://www.bing.com/bingbot.htm)"
141.8.183.17 - - [24/Aug/2019:17:53:39 +0200] "GET /robots.txt HTTP/1.1" 301 323 "-" "Mozilla/5.0 (compatible; YandexBot/3.0; +http://yandex.com/bots)"
141.8.183.17 - - [24/Aug/2019:18:03:39 +0200] "GET /robots.txt HTTP/1.1" 301 323 "-" "Mozilla/5.0 (compatible; YandexBot/3.0; +http://yandex.com/bots)"
141.8.183.17 - - [24/Aug/2019:18:13:39 +0200] "GET /robots.txt HTTP/1.1" 301 323 "-" "Mozilla/5.0 (compatible; YandexBot/3.0; +http://yandex.com/bots)"
141.8.183.17 - - [24/Aug/2019:18:23:39 +0200] "GET /robots.txt HTTP/1.1" 301 323 "-" "Mozilla/5.0 (compatible; YandexBot/3.0; +http://yandex.com/bots)"
66.249.65.208 - - [24/Aug/2019:18:38:16 +0200] "GET /robots.txt HTTP/1.1" 301 319 "-" "Mozilla/5.0 (compatible; Googlebot/2.1; +http://www.google.com/bot.html)"
66.249.65.206 - - [24/Aug/2019:18:38:16 +0200] "GET /doc/gkm_omkormanyzatoknak.pdf HTTP/1.1" 301 338 "-" "Mozilla/5.0 (Linux; Android 6.0.1; Nexus 5X Build/MMB29P) AppleWebKit/537.36 (KHTML, like Gecko) Chrome/41.0.2272.96 Mobile Safari/537.36 (compatible; Googlebot/2.1; +http://www.google.com/bot.html)"
207.46.13.53 - - [24/Aug/2019:19:02:27 +0200] "GET /hirlevel/vonattal1508.html HTTP/1.1" 301 335 "-" "Mozilla/5.0 (compatible; bingbot/2.0; +http://www.bing.com/bingbot.htm)"
207.46.13.200 - - [24/Aug/2019:19:35:57 +0200] "GET /doc/hu_aps_positivbeispiele_aufl2_070622_klein.pdf HTTP/1.1" 301 363 "-" "Mozilla/5.0 (iPhone; CPU iPhone OS 7_0 like Mac OS X) AppleWebKit/537.51.1 (KHTML, like Gecko) Version/7.0 Mobile/11A465 Safari/9537.53 (compatible; bingbot/2.0; +http://www.bing.com/bingbot.htm)"
84.1.34.139 - - [24/Aug/2019:21:01:36 +0200] "GET /images/vasutterkep_n.jpg HTTP/1.1" 301 337 "-" "Mozilla/5.0 (iPhone; CPU iPhone OS 12_4 like Mac OS X) AppleWebKit/605.1.15 (KHTML, like Gecko) Version/12.1.2 Mobile/15E148 Safari/604.1"
40.77.167.118 - - [24/Aug/2019:21:48:48 +0200] "GET /doc/vasuttal-budapest-kornyeken.pdf HTTP/1.1" 301 348 "-" "Mozilla/5.0 (iPhone; CPU iPhone OS 7_0 like Mac OS X) AppleWebKit/537.51.1 (KHTML, like Gecko) Version/7.0 Mobile/11A465 Safari/9537.53 (compatible; bingbot/2.0; +http://www.bing.com/bingbot.htm)"
40.77.167.118 - - [24/Aug/2019:21:49:28 +0200] "GET /hirlevel/vonattal1603.html HTTP/1.1" 301 335 "-" "Mozilla/5.0 (compatible; bingbot/2.0; +http://www.bing.com/bingbot.htm)"
46.229.168.130 - - [24/Aug/2019:22:29:30 +0200] "GET /robots.txt HTTP/1.1" 301 319 "-" "Mozilla/5.0 (compatible; SemrushBot/6~bl; +http://www.semrush.com/bot.html)"
46.229.168.147 - - [24/Aug/2019:22:29:30 +0200] "GET /hirlevel/vonattal1602.html HTTP/1.1" 301 335 "-" "Mozilla/5.0 (compatible; SemrushBot/6~bl; +http://www.semrush.com/bot.html)"
141.8.183.17 - - [24/Aug/2019:22:33:32 +0200] "GET /robots.txt HTTP/1.1" 301 319 "-" "Mozilla/5.0 (compatible; YandexBot/3.0; +http://yandex.com/bots)"
5.255.253.13 - - [24/Aug/2019:22:33:37 +0200] "GET /robots.txt HTTP/1.1" 301 319 "-" "Mozilla/5.0 (compatible; YandexBot/3.0; +http://yandex.com/bots)"
37.9.113.15 - - [24/Aug/2019:22:33:42 +0200] "GET /robots.txt HTTP/1.1" 301 319 "-" "Mozilla/5.0 (compatible; YandexBot/3.0; +http://yandex.com/bots)"
93.158.166.3 - - [24/Aug/2019:22:33:47 +0200] "GET /robots.txt HTTP/1.1" 301 319 "-" "Mozilla/5.0 (compatible; YandexBot/3.0; +http://yandex.com/bots)"
95.108.213.6 - - [24/Aug/2019:22:34:03 +0200] "GET /robots.txt HTTP/1.1" 301 319 "-" "Mozilla/5.0 (compatible; YandexBot/3.0; +http://yandex.com/bots)"
5.45.207.72 - - [24/Aug/2019:22:34:18 +0200] "GET /robots.txt HTTP/1.1" 301 319 "-" "Mozilla/5.0 (compatible; YandexBot/3.0; +http://yandex.com/bots)"
141.8.142.67 - - [24/Aug/2019:22:34:48 +0200] "GET /robots.txt HTTP/1.1" 301 319 "-" "Mozilla/5.0 (compatible; YandexBot/3.0; +http://yandex.com/bots)"
141.8.142.114 - - [24/Aug/2019:22:35:48 +0200] "GET /robots.txt HTTP/1.1" 301 319 "-" "Mozilla/5.0 (compatible; YandexBot/3.0; +http://yandex.com/bots)"
178.154.171.18 - - [24/Aug/2019:22:36:48 +0200] "GET /robots.txt HTTP/1.1" 301 319 "-" "Mozilla/5.0 (compatible; YandexBot/3.0; +http://yandex.com/bots)"
141.8.188.24 - - [24/Aug/2019:22:38:49 +0200] "GET /robots.txt HTTP/1.1" 301 319 "-" "Mozilla/5.0 (compatible; YandexBot/3.0; +http://yandex.com/bots)"
141.8.183.205 - - [24/Aug/2019:22:41:49 +0200] "GET /robots.txt HTTP/1.1" 301 319 "-" "Mozilla/5.0 (compatible; YandexBot/3.0; +http://yandex.com/bots)"
37.9.113.75 - - [24/Aug/2019:22:46:49 +0200] "GET /robots.txt HTTP/1.1" 301 319 "-" "Mozilla/5.0 (compatible; YandexBot/3.0; +http://yandex.com/bots)"
37.9.113.118 - - [24/Aug/2019:22:54:49 +0200] "GET /robots.txt HTTP/1.1" 301 319 "-" "Mozilla/5.0 (compatible; YandexBot/3.0; +http://yandex.com/bots)"
95.108.213.35 - - [24/Aug/2019:23:04:49 +0200] "GET /robots.txt HTTP/1.1" 301 319 "-" "Mozilla/5.0 (compatible; YandexBot/3.0; +http://yandex.com/bots)"
37.9.113.83 - - [24/Aug/2019:23:14:49 +0200] "GET /robots.txt HTTP/1.1" 301 319 "-" "Mozilla/5.0 (compatible; YandexBot/3.0; +http://yandex.com/bots)"
141.8.142.170 - - [24/Aug/2019:23:24:50 +0200] "GET /robots.txt HTTP/1.1" 301 319 "-" "Mozilla/5.0 (compatible; YandexBot/3.0; +http://yandex.com/bots)"
213.180.203.28 - - [24/Aug/2019:23:34:50 +0200] "GET /robots.txt HTTP/1.1" 301 319 "-" "Mozilla/5.0 (compatible; YandexBot/3.0; +http://yandex.com/bots)"
141.8.183.17 - - [24/Aug/2019:23:44:50 +0200] "GET /robots.txt HTTP/1.1" 301 319 "-" "Mozilla/5.0 (compatible; YandexBot/3.0; +http://yandex.com/bots)"
40.77.167.118 - - [24/Aug/2019:23:45:07 +0200] "GET / HTTP/1.1" 301 313 "-" "Mozilla/5.0 (compatible; bingbot/2.0; +http://www.bing.com/bingbot.htm)"
141.8.183.17 - - [24/Aug/2019:23:54:50 +0200] "GET /robots.txt HTTP/1.1" 301 319 "-" "Mozilla/5.0 (compatible; YandexBot/3.0; +http://yandex.com/bots)"
141.8.183.17 - - [25/Aug/2019:00:04:51 +0200] "GET /robots.txt HTTP/1.1" 301 319 "-" "Mozilla/5.0 (compatible; YandexBot/3.0; +http://yandex.com/bots)"
141.8.183.17 - - [25/Aug/2019:00:14:51 +0200] "GET /robots.txt HTTP/1.1" 301 319 "-" "Mozilla/5.0 (compatible; YandexBot/3.0; +http://yandex.com/bots)"
213.239.211.142 - - [25/Aug/2019:00:15:45 +0200] "GET /doc/hu_aps_positivbeispiele_aufl2_070622_klein.pdf HTTP/1.1" 301 363 "-" "Mozilla/5.0 (Windows NT 6.1; Win64; x64) AppleWebKit/537.36 (KHTML, like Gecko) Chrome/64.0.3282.140 Safari/537.36"
46.229.168.144 - - [25/Aug/2019:00:20:40 +0200] "GET /robots.txt HTTP/1.1" 301 319 "-" "Mozilla/5.0 (compatible; SemrushBot/6~bl; +http://www.semrush.com/bot.html)"
46.229.168.153 - - [25/Aug/2019:00:20:40 +0200] "GET /hirlevel/vonattal1409.html HTTP/1.1" 301 335 "-" "Mozilla/5.0 (compatible; SemrushBot/6~bl; +http://www.semrush.com/bot.html)"
66.249.65.206 - - [25/Aug/2019:00:23:26 +0200] "GET /doc/szandeknyilatkozat_0711.doc HTTP/1.1" 301 340 "-" "Mozilla/5.0 (Linux; Android 6.0.1; Nexus 5X Build/MMB29P) AppleWebKit/537.36 (KHTML, like Gecko) Chrome/41.0.2272.96 Mobile Safari/537.36 (compatible; Googlebot/2.1; +http://www.google.com/bot.html)"
141.8.183.17 - - [25/Aug/2019:00:24:51 +0200] "GET /robots.txt HTTP/1.1" 301 319 "-" "Mozilla/5.0 (compatible; YandexBot/3.0; +http://yandex.com/bots)"
207.46.13.146 - - [25/Aug/2019:00:33:26 +0200] "GET /doc/kerparoskozlekedes.pdf HTTP/1.1" 301 335 "-" "Mozilla/5.0 (iPhone; CPU iPhone OS 7_0 like Mac OS X) AppleWebKit/537.51.1 (KHTML, like Gecko) Version/7.0 Mobile/11A465 Safari/9537.53 (compatible; bingbot/2.0; +http://www.bing.com/bingbot.htm)"
141.8.183.17 - - [25/Aug/2019:00:34:51 +0200] "GET /robots.txt HTTP/1.1" 301 319 "-" "Mozilla/5.0 (compatible; YandexBot/3.0; +http://yandex.com/bots)"
141.8.183.17 - - [25/Aug/2019:00:44:52 +0200] "GET /robots.txt HTTP/1.1" 301 319 "-" "Mozilla/5.0 (compatible; YandexBot/3.0; +http://yandex.com/bots)"
40.77.167.206 - - [25/Aug/2019:00:58:30 +0200] "GET /doc/ttft.pdf HTTP/1.1" 301 321 "-" "Mozilla/5.0 (compatible; bingbot/2.0; +http://www.bing.com/bingbot.htm)"
207.46.13.146 - - [25/Aug/2019:01:00:56 +0200] "GET /hirlevel/vonattal1512.html HTTP/1.1" 301 335 "-" "Mozilla/5.0 (compatible; bingbot/2.0; +http://www.bing.com/bingbot.htm)"
207.46.13.146 - - [25/Aug/2019:01:25:22 +0200] "GET /doc/kerparoskozlekedes.pdf HTTP/1.1" 301 339 "-" "Mozilla/5.0 (iPhone; CPU iPhone OS 7_0 like Mac OS X) AppleWebKit/537.51.1 (KHTML, like Gecko) Version/7.0 Mobile/11A465 Safari/9537.53 (compatible; bingbot/2.0; +http://www.bing.com/bingbot.htm)"
40.77.167.206 - - [25/Aug/2019:01:32:28 +0200] "GET /doc/eletet-a-vasutnak.pdf HTTP/1.1" 301 338 "-" "Mozilla/5.0 (iPhone; CPU iPhone OS 7_0 like Mac OS X) AppleWebKit/537.51.1 (KHTML, like Gecko) Version/7.0 Mobile/11A465 Safari/9537.53 (compatible; bingbot/2.0; +http://www.bing.com/bingbot.htm)"
66.249.65.208 - - [25/Aug/2019:01:33:56 +0200] "GET /doc/meghivo_kgy_1111.pdf HTTP/1.1" 301 333 "-" "Mozilla/5.0 (Linux; Android 6.0.1; Nexus 5X Build/MMB29P) AppleWebKit/537.36 (KHTML, like Gecko) Chrome/41.0.2272.96 Mobile Safari/537.36 (compatible; Googlebot/2.1; +http://www.google.com/bot.html)"
207.46.13.181 - - [25/Aug/2019:01:37:26 +0200] "GET /doc/allomasok_kepes_osszefoglaloja.pdf HTTP/1.1" 301 347 "-" "Mozilla/5.0 (iPhone; CPU iPhone OS 7_0 like Mac OS X) AppleWebKit/537.51.1 (KHTML, like Gecko) Version/7.0 Mobile/11A465 Safari/9537.53 (compatible; bingbot/2.0; +http://www.bing.com/bingbot.htm)"
207.46.13.181 - - [25/Aug/2019:02:14:28 +0200] "GET /doc/allomasok_kepes_osszefoglaloja.pdf HTTP/1.1" 301 351 "-" "Mozilla/5.0 (iPhone; CPU iPhone OS 7_0 like Mac OS X) AppleWebKit/537.51.1 (KHTML, like Gecko) Version/7.0 Mobile/11A465 Safari/9537.53 (compatible; bingbot/2.0; +http://www.bing.com/bingbot.htm)"
66.249.65.208 - - [25/Aug/2019:03:58:41 +0200] "GET /hirlevel/1371_2007_utasjogi_rendelet.pdf HTTP/1.1" 301 349 "-" "Mozilla/5.0 (Linux; Android 6.0.1; Nexus 5X Build/MMB29P) AppleWebKit/537.36 (KHTML, like Gecko) Chrome/41.0.2272.96 Mobile Safari/537.36 (compatible; Googlebot/2.1; +http://www.google.com/bot.html)"
141.8.183.17 - - [25/Aug/2019:04:18:15 +0200] "GET /robots.txt HTTP/1.1" 301 319 "-" "Mozilla/5.0 (compatible; YandexBot/3.0; +http://yandex.com/bots)"
5.255.253.13 - - [25/Aug/2019:04:18:21 +0200] "GET /robots.txt HTTP/1.1" 301 319 "-" "Mozilla/5.0 (compatible; YandexBot/3.0; +http://yandex.com/bots)"
178.154.171.18 - - [25/Aug/2019:04:18:26 +0200] "GET /robots.txt HTTP/1.1" 301 319 "-" "Mozilla/5.0 (compatible; YandexBot/3.0; +http://yandex.com/bots)"
93.158.166.8 - - [25/Aug/2019:04:18:31 +0200] "GET /robots.txt HTTP/1.1" 301 319 "-" "Mozilla/5.0 (compatible; YandexBot/3.0; +http://yandex.com/bots)"
141.8.142.114 - - [25/Aug/2019:04:18:46 +0200] "GET /robots.txt HTTP/1.1" 301 319 "-" "Mozilla/5.0 (compatible; YandexBot/3.0; +http://yandex.com/bots)"
37.9.113.38 - - [25/Aug/2019:04:19:01 +0200] "GET /robots.txt HTTP/1.1" 301 319 "-" "Mozilla/5.0 (compatible; YandexBot/3.0; +http://yandex.com/bots)"
95.108.181.88 - - [25/Aug/2019:04:19:31 +0200] "GET /robots.txt HTTP/1.1" 301 319 "-" "Mozilla/5.0 (compatible; YandexBot/3.0; +http://yandex.com/bots)"
37.9.113.81 - - [25/Aug/2019:04:20:32 +0200] "GET /robots.txt HTTP/1.1" 301 319 "-" "Mozilla/5.0 (compatible; YandexBot/3.0; +http://yandex.com/bots)"
87.250.224.62 - - [25/Aug/2019:04:21:34 +0200] "GET /robots.txt HTTP/1.1" 301 319 "-" "Mozilla/5.0 (compatible; YandexBot/3.0; +http://yandex.com/bots)"
178.154.200.63 - - [25/Aug/2019:04:23:36 +0200] "GET /robots.txt HTTP/1.1" 301 319 "-" "Mozilla/5.0 (compatible; YandexBot/3.0; +http://yandex.com/bots)"
37.9.113.83 - - [25/Aug/2019:04:26:36 +0200] "GET /robots.txt HTTP/1.1" 301 319 "-" "Mozilla/5.0 (compatible; YandexBot/3.0; +http://yandex.com/bots)"
37.9.113.42 - - [25/Aug/2019:04:31:36 +0200] "GET /robots.txt HTTP/1.1" 301 319 "-" "Mozilla/5.0 (compatible; YandexBot/3.0; +http://yandex.com/bots)"
141.8.142.29 - - [25/Aug/2019:04:39:36 +0200] "GET /robots.txt HTTP/1.1" 301 319 "-" "Mozilla/5.0 (compatible; YandexBot/3.0; +http://yandex.com/bots)"
141.8.142.195 - - [25/Aug/2019:04:49:36 +0200] "GET /robots.txt HTTP/1.1" 301 319 "-" "Mozilla/5.0 (compatible; YandexBot/3.0; +http://yandex.com/bots)"
95.216.96.244 - - [25/Aug/2019:04:56:09 +0200] "GET /robots.txt HTTP/1.1" 301 323 "-" "Mozilla/5.0 (compatible; SEOkicks; +https://www.seokicks.de/robot.html)"
95.216.96.244 - - [25/Aug/2019:04:56:10 +0200] "GET / HTTP/1.1" 301 313 "-" "Mozilla/5.0 (compatible; SEOkicks; +https://www.seokicks.de/robot.html)"
37.9.113.209 - - [25/Aug/2019:04:59:36 +0200] "GET /robots.txt HTTP/1.1" 301 319 "-" "Mozilla/5.0 (compatible; YandexBot/3.0; +http://yandex.com/bots)"
141.8.183.17 - - [25/Aug/2019:05:09:37 +0200] "GET /robots.txt HTTP/1.1" 301 319 "-" "Mozilla/5.0 (compatible; YandexBot/3.0; +http://yandex.com/bots)"
141.8.183.17 - - [25/Aug/2019:05:19:36 +0200] "GET /robots.txt HTTP/1.1" 301 319 "-" "Mozilla/5.0 (compatible; YandexBot/3.0; +http://yandex.com/bots)"
141.8.183.17 - - [25/Aug/2019:05:29:37 +0200] "GET /robots.txt HTTP/1.1" 301 319 "-" "Mozilla/5.0 (compatible; YandexBot/3.0; +http://yandex.com/bots)"
141.8.183.17 - - [25/Aug/2019:05:39:37 +0200] "GET /robots.txt HTTP/1.1" 301 319 "-" "Mozilla/5.0 (compatible; YandexBot/3.0; +http://yandex.com/bots)"
141.8.183.17 - - [25/Aug/2019:05:49:37 +0200] "GET /robots.txt HTTP/1.1" 301 319 "-" "Mozilla/5.0 (compatible; YandexBot/3.0; +http://yandex.com/bots)"
141.8.183.17 - - [25/Aug/2019:05:59:37 +0200] "GET /robots.txt HTTP/1.1" 301 319 "-" "Mozilla/5.0 (compatible; YandexBot/3.0; +http://yandex.com/bots)"
66.249.73.154 - - [25/Aug/2019:06:08:35 +0200] "GET /robots.txt HTTP/1.1" 301 323 "-" "Mozilla/5.0 (compatible; Googlebot/2.1; +http://www.google.com/bot.html)"
66.249.73.156 - - [25/Aug/2019:06:08:35 +0200] "GET /hirlevel/images/vonattal-zircrol.pdf HTTP/1.1" 301 349 "-" "Mozilla/5.0 (Linux; Android 6.0.1; Nexus 5X Build/MMB29P) AppleWebKit/537.36 (KHTML, like Gecko) Chrome/41.0.2272.96 Mobile Safari/537.36 (compatible; Googlebot/2.1; +http://www.google.com/bot.html)"
141.8.183.17 - - [25/Aug/2019:06:09:38 +0200] "GET /robots.txt HTTP/1.1" 301 319 "-" "Mozilla/5.0 (compatible; YandexBot/3.0; +http://yandex.com/bots)"
141.8.183.17 - - [25/Aug/2019:06:19:37 +0200] "GET /robots.txt HTTP/1.1" 301 319 "-" "Mozilla/5.0 (compatible; YandexBot/3.0; +http://yandex.com/bots)"
141.8.183.17 - - [25/Aug/2019:06:29:38 +0200] "GET /robots.txt HTTP/1.1" 301 319 "-" "Mozilla/5.0 (compatible; YandexBot/3.0; +http://yandex.com/bots)"
66.249.73.156 - - [25/Aug/2019:07:48:47 +0200] "GET /hirlevel/szarvas_1109.doc HTTP/1.1" 301 338 "-" "Mozilla/5.0 (Linux; Android 6.0.1; Nexus 5X Build/MMB29P) AppleWebKit/537.36 (KHTML, like Gecko) Chrome/41.0.2272.96 Mobile Safari/537.36 (compatible; Googlebot/2.1; +http://www.google.com/bot.html)"
141.8.183.17 - - [25/Aug/2019:08:37:09 +0200] "GET /robots.txt HTTP/1.1" 301 319 "-" "Mozilla/5.0 (compatible; YandexBot/3.0; +http://yandex.com/bots)"
178.154.171.90 - - [25/Aug/2019:08:37:15 +0200] "GET /robots.txt HTTP/1.1" 301 319 "-" "Mozilla/5.0 (compatible; YandexBot/3.0; +http://yandex.com/bots)"
5.255.253.13 - - [25/Aug/2019:08:37:20 +0200] "GET /robots.txt HTTP/1.1" 301 319 "-" "Mozilla/5.0 (compatible; YandexBot/3.0; +http://yandex.com/bots)"
141.8.132.36 - - [25/Aug/2019:08:37:25 +0200] "GET /robots.txt HTTP/1.1" 301 319 "-" "Mozilla/5.0 (compatible; YandexBot/3.0; +http://yandex.com/bots)"
178.154.200.34 - - [25/Aug/2019:08:37:40 +0200] "GET /robots.txt HTTP/1.1" 301 319 "-" "Mozilla/5.0 (compatible; YandexBot/3.0; +http://yandex.com/bots)"
141.8.142.67 - - [25/Aug/2019:08:37:56 +0200] "GET /robots.txt HTTP/1.1" 301 319 "-" "Mozilla/5.0 (compatible; YandexBot/3.0; +http://yandex.com/bots)"
141.8.142.171 - - [25/Aug/2019:08:38:26 +0200] "GET /robots.txt HTTP/1.1" 301 319 "-" "Mozilla/5.0 (compatible; YandexBot/3.0; +http://yandex.com/bots)"
37.9.113.105 - - [25/Aug/2019:08:39:26 +0200] "GET /robots.txt HTTP/1.1" 301 319 "-" "Mozilla/5.0 (compatible; YandexBot/3.0; +http://yandex.com/bots)"
213.180.203.28 - - [25/Aug/2019:08:40:26 +0200] "GET /robots.txt HTTP/1.1" 301 319 "-" "Mozilla/5.0 (compatible; YandexBot/3.0; +http://yandex.com/bots)"
95.108.213.22 - - [25/Aug/2019:08:42:26 +0200] "GET /robots.txt HTTP/1.1" 301 319 "-" "Mozilla/5.0 (compatible; YandexBot/3.0; +http://yandex.com/bots)"
37.9.113.83 - - [25/Aug/2019:08:45:26 +0200] "GET /robots.txt HTTP/1.1" 301 319 "-" "Mozilla/5.0 (compatible; YandexBot/3.0; +http://yandex.com/bots)"
37.9.113.42 - - [25/Aug/2019:08:50:27 +0200] "GET /robots.txt HTTP/1.1" 301 319 "-" "Mozilla/5.0 (compatible; YandexBot/3.0; +http://yandex.com/bots)"
141.8.142.29 - - [25/Aug/2019:08:58:27 +0200] "GET /robots.txt HTTP/1.1" 301 319 "-" "Mozilla/5.0 (compatible; YandexBot/3.0; +http://yandex.com/bots)"
141.8.142.195 - - [25/Aug/2019:09:08:27 +0200] "GET /robots.txt HTTP/1.1" 301 319 "-" "Mozilla/5.0 (compatible; YandexBot/3.0; +http://yandex.com/bots)"
5.187.197.237 - - [25/Aug/2019:09:16:54 +0200] "GET / HTTP/1.1" 301 313 "-" "Mozilla/5.0 (Windows NT 6.1; Win64; x64; rv:68.0) Gecko/20100101 Firefox/68.0"
93.158.166.8 - - [25/Aug/2019:09:18:27 +0200] "GET /robots.txt HTTP/1.1" 301 319 "-" "Mozilla/5.0 (compatible; YandexBot/3.0; +http://yandex.com/bots)"
178.154.200.35 - - [25/Aug/2019:09:28:27 +0200] "GET /robots.txt HTTP/1.1" 301 319 "-" "Mozilla/5.0 (compatible; YandexBot/3.0; +http://yandex.com/bots)"
37.9.113.75 - - [25/Aug/2019:09:38:28 +0200] "GET /robots.txt HTTP/1.1" 301 319 "-" "Mozilla/5.0 (compatible; YandexBot/3.0; +http://yandex.com/bots)"
141.8.142.67 - - [25/Aug/2019:09:48:28 +0200] "GET /robots.txt HTTP/1.1" 301 319 "-" "Mozilla/5.0 (compatible; YandexBot/3.0; +http://yandex.com/bots)"
141.8.183.17 - - [25/Aug/2019:09:58:28 +0200] "GET /robots.txt HTTP/1.1" 301 319 "-" "Mozilla/5.0 (compatible; YandexBot/3.0; +http://yandex.com/bots)"
141.8.183.17 - - [25/Aug/2019:10:08:28 +0200] "GET /robots.txt HTTP/1.1" 301 319 "-" "Mozilla/5.0 (compatible; YandexBot/3.0; +http://yandex.com/bots)"
141.8.183.17 - - [25/Aug/2019:10:18:28 +0200] "GET /robots.txt HTTP/1.1" 301 319 "-" "Mozilla/5.0 (compatible; YandexBot/3.0; +http://yandex.com/bots)"
141.8.183.17 - - [25/Aug/2019:10:28:28 +0200] "GET /robots.txt HTTP/1.1" 301 319 "-" "Mozilla/5.0 (compatible; YandexBot/3.0; +http://yandex.com/bots)"
141.8.183.17 - - [25/Aug/2019:10:38:29 +0200] "GET /robots.txt HTTP/1.1" 301 319 "-" "Mozilla/5.0 (compatible; YandexBot/3.0; +http://yandex.com/bots)"
157.55.39.191 - - [25/Aug/2019:10:45:15 +0200] "GET /hirlevel/vonattal0903.htm HTTP/1.1" 301 334 "-" "Mozilla/5.0 (compatible; bingbot/2.0; +http://www.bing.com/bingbot.htm)"
66.249.65.208 - - [25/Aug/2019:10:46:56 +0200] "GET /robots.txt HTTP/1.1" 301 319 "-" "Mozilla/5.0 (compatible; Googlebot/2.1; +http://www.google.com/bot.html)"
66.249.65.206 - - [25/Aug/2019:10:46:56 +0200] "GET /doc/mkk-rkert_mobhet_1009.pdf HTTP/1.1" 301 338 "-" "Mozilla/5.0 (Linux; Android 6.0.1; Nexus 5X Build/MMB29P) AppleWebKit/537.36 (KHTML, like Gecko) Chrome/41.0.2272.96 Mobile Safari/537.36 (compatible; Googlebot/2.1; +http://www.google.com/bot.html)"
141.8.183.17 - - [25/Aug/2019:10:48:29 +0200] "GET /robots.txt HTTP/1.1" 301 319 "-" "Mozilla/5.0 (compatible; YandexBot/3.0; +http://yandex.com/bots)"
66.249.65.204 - - [25/Aug/2019:10:54:21 +0200] "GET /doc/vonatritkitaslevel_20120228.pdf HTTP/1.1" 301 344 "-" "Mozilla/5.0 (Linux; Android 6.0.1; Nexus 5X Build/MMB29P) AppleWebKit/537.36 (KHTML, like Gecko) Chrome/41.0.2272.96 Mobile Safari/537.36 (compatible; Googlebot/2.1; +http://www.google.com/bot.html)"
66.249.65.204 - - [25/Aug/2019:10:59:26 +0200] "GET /doc/Honig_level_20091104.pdf HTTP/1.1" 301 337 "-" "Mozilla/5.0 (Linux; Android 6.0.1; Nexus 5X Build/MMB29P) AppleWebKit/537.36 (KHTML, like Gecko) Chrome/41.0.2272.96 Mobile Safari/537.36 (compatible; Googlebot/2.1; +http://www.google.com/bot.html)"
46.4.100.132 - - [25/Aug/2019:11:25:01 +0200] "GET / HTTP/1.1" 301 313 "-" "Mozilla/5.0 (compatible; MegaIndex.ru/2.0; +http://megaindex.com/crawler)"
66.249.65.204 - - [25/Aug/2019:11:46:46 +0200] "GET /doc/Bajnai-mellekvonal091209.pdf HTTP/1.1" 301 341 "-" "Mozilla/5.0 (Linux; Android 6.0.1; Nexus 5X Build/MMB29P) AppleWebKit/537.36 (KHTML, like Gecko) Chrome/41.0.2272.96 Mobile Safari/537.36 (compatible; Googlebot/2.1; +http://www.google.com/bot.html)"
35.202.2.1 - - [25/Aug/2019:12:35:53 +0200] "GET /robots.txt HTTP/1.1" 301 319 "-" "ltx71 - (http://ltx71.com/)"
35.202.2.1 - - [25/Aug/2019:12:37:43 +0200] "GET /hirlevel/vonattal0812.htm HTTP/1.1" 301 334 "-" "ltx71 - (http://ltx71.com/)"
157.55.39.10 - - [25/Aug/2019:13:16:57 +0200] "GET /doc/vonatrafel_c.pdf HTTP/1.1" 301 333 "-" "Mozilla/5.0 (iPhone; CPU iPhone OS 7_0 like Mac OS X) AppleWebKit/537.51.1 (KHTML, like Gecko) Version/7.0 Mobile/11A465 Safari/9537.53 (compatible; bingbot/2.0; +http://www.bing.com/bingbot.htm)"
95.216.96.170 - - [25/Aug/2019:14:06:46 +0200] "GET /robots.txt HTTP/1.1" 301 319 "-" "Mozilla/5.0 (compatible; SEOkicks; +https://www.seokicks.de/robot.html)"
95.216.96.170 - - [25/Aug/2019:14:06:47 +0200] "GET / HTTP/1.1" 301 309 "-" "Mozilla/5.0 (compatible; SEOkicks; +https://www.seokicks.de/robot.html)"
