95.108.213.35 - - [04/Aug/2019:06:36:08 +0200] "GET /robots.txt HTTP/1.1" 301 323 "-" "Mozilla/5.0 (compatible; YandexBot/3.0; +http://yandex.com/bots)"
93.158.166.8 - - [04/Aug/2019:06:46:08 +0200] "GET /robots.txt HTTP/1.1" 301 323 "-" "Mozilla/5.0 (compatible; YandexBot/3.0; +http://yandex.com/bots)"
141.8.183.17 - - [04/Aug/2019:06:56:08 +0200] "GET /robots.txt HTTP/1.1" 301 323 "-" "Mozilla/5.0 (compatible; YandexBot/3.0; +http://yandex.com/bots)"
141.8.183.17 - - [04/Aug/2019:07:06:08 +0200] "GET /robots.txt HTTP/1.1" 301 323 "-" "Mozilla/5.0 (compatible; YandexBot/3.0; +http://yandex.com/bots)"
141.8.183.17 - - [04/Aug/2019:07:16:09 +0200] "GET /robots.txt HTTP/1.1" 301 323 "-" "Mozilla/5.0 (compatible; YandexBot/3.0; +http://yandex.com/bots)"
141.8.183.17 - - [04/Aug/2019:07:26:09 +0200] "GET /robots.txt HTTP/1.1" 301 323 "-" "Mozilla/5.0 (compatible; YandexBot/3.0; +http://yandex.com/bots)"
141.8.183.17 - - [04/Aug/2019:07:36:09 +0200] "GET /robots.txt HTTP/1.1" 301 323 "-" "Mozilla/5.0 (compatible; YandexBot/3.0; +http://yandex.com/bots)"
141.8.183.17 - - [04/Aug/2019:07:46:09 +0200] "GET /robots.txt HTTP/1.1" 301 323 "-" "Mozilla/5.0 (compatible; YandexBot/3.0; +http://yandex.com/bots)"
141.8.183.17 - - [04/Aug/2019:07:56:09 +0200] "GET /robots.txt HTTP/1.1" 301 323 "-" "Mozilla/5.0 (compatible; YandexBot/3.0; +http://yandex.com/bots)"
141.8.183.17 - - [04/Aug/2019:08:06:10 +0200] "GET /robots.txt HTTP/1.1" 301 323 "-" "Mozilla/5.0 (compatible; YandexBot/3.0; +http://yandex.com/bots)"
141.8.183.17 - - [04/Aug/2019:08:16:10 +0200] "GET /robots.txt HTTP/1.1" 301 323 "-" "Mozilla/5.0 (compatible; YandexBot/3.0; +http://yandex.com/bots)"
40.77.167.166 - - [04/Aug/2019:08:20:10 +0200] "GET /doc/hu_aps_positivbeispiele_aufl2_070622_klein.pdf HTTP/1.1" 301 363 "-" "Mozilla/5.0 (iPhone; CPU iPhone OS 7_0 like Mac OS X) AppleWebKit/537.51.1 (KHTML, like Gecko) Version/7.0 Mobile/11A465 Safari/9537.53 (compatible; bingbot/2.0; +http://www.bing.com/bingbot.htm)"
141.8.183.17 - - [04/Aug/2019:08:26:10 +0200] "GET /robots.txt HTTP/1.1" 301 323 "-" "Mozilla/5.0 (compatible; YandexBot/3.0; +http://yandex.com/bots)"
180.76.15.155 - - [04/Aug/2019:08:27:43 +0200] "GET /doc/mkk_eger_tanulmany_2014.pdf HTTP/1.1" 301 340 "-" "Mozilla/5.0 (compatible; Baiduspider/2.0; +http://www.baidu.com/search/spider.html)"
141.8.183.17 - - [04/Aug/2019:08:36:10 +0200] "GET /robots.txt HTTP/1.1" 301 323 "-" "Mozilla/5.0 (compatible; YandexBot/3.0; +http://yandex.com/bots)"
141.8.183.17 - - [04/Aug/2019:08:46:10 +0200] "GET /robots.txt HTTP/1.1" 301 323 "-" "Mozilla/5.0 (compatible; YandexBot/3.0; +http://yandex.com/bots)"
157.55.39.192 - - [04/Aug/2019:08:52:42 +0200] "GET / HTTP/1.1" 301 309 "-" "Mozilla/5.0 (iPhone; CPU iPhone OS 7_0 like Mac OS X) AppleWebKit/537.51.1 (KHTML, like Gecko) Version/7.0 Mobile/11A465 Safari/9537.53 (compatible; bingbot/2.0; +http://www.bing.com/bingbot.htm)"
141.8.183.17 - - [04/Aug/2019:08:56:11 +0200] "GET /robots.txt HTTP/1.1" 301 323 "-" "Mozilla/5.0 (compatible; YandexBot/3.0; +http://yandex.com/bots)"
31.13.127.8 - - [04/Aug/2019:09:16:41 +0200] "GET /mkk_banner.png HTTP/1.1" 301 327 "-" "facebookexternalhit/1.1 (+http://www.facebook.com/externalhit_uatext.php)"
217.149.160.56 - - [04/Aug/2019:09:51:11 +0200] "GET /doc/b2_2010.pdf HTTP/1.1" 301 324 "-" "Mozilla/5.0 (Windows NT 6.1; WOW64; Trident/7.0; MAAU; rv:11.0) like Gecko"
66.249.64.190 - - [04/Aug/2019:10:11:52 +0200] "GET /robots.txt HTTP/1.1" 301 323 "-" "Mozilla/5.0 (compatible; Googlebot/2.1; +http://www.google.com/bot.html)"
66.249.64.186 - - [04/Aug/2019:10:11:52 +0200] "GET /doc/Allasfoglalas_201203 HTTP/1.1" 301 337 "-" "Mozilla/5.0 (Linux; Android 6.0.1; Nexus 5X Build/MMB29P) AppleWebKit/537.36 (KHTML, like Gecko) Chrome/41.0.2272.96 Mobile Safari/537.36 (compatible; Googlebot/2.1; +http://www.google.com/bot.html)"
157.55.39.1 - - [04/Aug/2019:11:14:52 +0200] "GET /robots.txt HTTP/1.1" 301 323 "-" "Mozilla/5.0 (compatible; bingbot/2.0; +http://www.bing.com/bingbot.htm)"
157.55.39.150 - - [04/Aug/2019:11:14:57 +0200] "GET /doc/alapsz03.pdf HTTP/1.1" 301 329 "-" "Mozilla/5.0 (iPhone; CPU iPhone OS 7_0 like Mac OS X) AppleWebKit/537.51.1 (KHTML, like Gecko) Version/7.0 Mobile/11A465 Safari/9537.53 (compatible; bingbot/2.0; +http://www.bing.com/bingbot.htm)"
141.8.183.17 - - [04/Aug/2019:11:23:56 +0200] "GET /robots.txt HTTP/1.1" 301 323 "-" "Mozilla/5.0 (compatible; YandexBot/3.0; +http://yandex.com/bots)"
178.154.171.90 - - [04/Aug/2019:11:24:02 +0200] "GET /robots.txt HTTP/1.1" 301 323 "-" "Mozilla/5.0 (compatible; YandexBot/3.0; +http://yandex.com/bots)"
141.8.142.171 - - [04/Aug/2019:11:24:07 +0200] "GET /robots.txt HTTP/1.1" 301 323 "-" "Mozilla/5.0 (compatible; YandexBot/3.0; +http://yandex.com/bots)"
37.9.113.81 - - [04/Aug/2019:11:24:12 +0200] "GET /robots.txt HTTP/1.1" 301 323 "-" "Mozilla/5.0 (compatible; YandexBot/3.0; +http://yandex.com/bots)"
178.154.171.18 - - [04/Aug/2019:11:24:27 +0200] "GET /robots.txt HTTP/1.1" 301 323 "-" "Mozilla/5.0 (compatible; YandexBot/3.0; +http://yandex.com/bots)"
95.108.213.6 - - [04/Aug/2019:11:24:42 +0200] "GET /robots.txt HTTP/1.1" 301 323 "-" "Mozilla/5.0 (compatible; YandexBot/3.0; +http://yandex.com/bots)"
87.250.224.88 - - [04/Aug/2019:11:25:12 +0200] "GET /robots.txt HTTP/1.1" 301 323 "-" "Mozilla/5.0 (compatible; YandexBot/3.0; +http://yandex.com/bots)"
141.8.132.23 - - [04/Aug/2019:11:26:13 +0200] "GET /robots.txt HTTP/1.1" 301 323 "-" "Mozilla/5.0 (compatible; YandexBot/3.0; +http://yandex.com/bots)"
141.8.142.67 - - [04/Aug/2019:11:27:13 +0200] "GET /robots.txt HTTP/1.1" 301 323 "-" "Mozilla/5.0 (compatible; YandexBot/3.0; +http://yandex.com/bots)"
37.9.113.105 - - [04/Aug/2019:11:29:13 +0200] "GET /robots.txt HTTP/1.1" 301 323 "-" "Mozilla/5.0 (compatible; YandexBot/3.0; +http://yandex.com/bots)"
141.8.188.24 - - [04/Aug/2019:11:32:13 +0200] "GET /robots.txt HTTP/1.1" 301 323 "-" "Mozilla/5.0 (compatible; YandexBot/3.0; +http://yandex.com/bots)"
95.108.181.78 - - [04/Aug/2019:11:37:13 +0200] "GET /robots.txt HTTP/1.1" 301 323 "-" "Mozilla/5.0 (compatible; YandexBot/3.0; +http://yandex.com/bots)"
178.154.200.36 - - [04/Aug/2019:11:45:14 +0200] "GET /robots.txt HTTP/1.1" 301 323 "-" "Mozilla/5.0 (compatible; YandexBot/3.0; +http://yandex.com/bots)"
37.9.113.195 - - [04/Aug/2019:11:55:14 +0200] "GET /robots.txt HTTP/1.1" 301 323 "-" "Mozilla/5.0 (compatible; YandexBot/3.0; +http://yandex.com/bots)"
178.154.171.24 - - [04/Aug/2019:12:05:14 +0200] "GET /robots.txt HTTP/1.1" 301 323 "-" "Mozilla/5.0 (compatible; YandexBot/3.0; +http://yandex.com/bots)"
157.55.39.1 - - [04/Aug/2019:12:12:22 +0200] "GET /robots.txt HTTP/1.1" 301 323 "-" "Mozilla/5.0 (compatible; bingbot/2.0; +http://www.bing.com/bingbot.htm)"
157.55.39.154 - - [04/Aug/2019:12:13:12 +0200] "GET / HTTP/1.1" 301 313 "-" "Mozilla/5.0 (compatible; bingbot/2.0; +http://www.bing.com/bingbot.htm)"
37.9.113.87 - - [04/Aug/2019:12:15:14 +0200] "GET /robots.txt HTTP/1.1" 301 323 "-" "Mozilla/5.0 (compatible; YandexBot/3.0; +http://yandex.com/bots)"
91.5.153.38 - - [04/Aug/2019:12:21:27 +0200] "GET /doc/b2_2010.pdf HTTP/1.1" 301 324 "https://de.m.wikipedia.org/" "Mozilla/5.0 (Linux; Android 8.0.0; LG-H850) AppleWebKit/537.36 (KHTML, like Gecko) Chrome/76.0.3809.89 Mobile Safari/537.36"
157.55.39.1 - - [04/Aug/2019:12:24:41 +0200] "GET /robots.txt HTTP/1.1" 301 319 "-" "Mozilla/5.0 (compatible; bingbot/2.0; +http://www.bing.com/bingbot.htm)"
157.55.39.154 - - [04/Aug/2019:12:24:45 +0200] "GET /doc/b2_2012_03.pdf HTTP/1.1" 301 327 "-" "Mozilla/5.0 (iPhone; CPU iPhone OS 7_0 like Mac OS X) AppleWebKit/537.51.1 (KHTML, like Gecko) Version/7.0 Mobile/11A465 Safari/9537.53 (compatible; bingbot/2.0; +http://www.bing.com/bingbot.htm)"
5.45.207.72 - - [04/Aug/2019:12:25:14 +0200] "GET /robots.txt HTTP/1.1" 301 323 "-" "Mozilla/5.0 (compatible; YandexBot/3.0; +http://yandex.com/bots)"
141.8.183.17 - - [04/Aug/2019:12:35:14 +0200] "GET /robots.txt HTTP/1.1" 301 323 "-" "Mozilla/5.0 (compatible; YandexBot/3.0; +http://yandex.com/bots)"
141.8.183.17 - - [04/Aug/2019:12:39:13 +0200] "GET /robots.txt HTTP/1.1" 301 319 "-" "Mozilla/5.0 (compatible; YandexBot/3.0; +http://yandex.com/bots)"
178.154.171.90 - - [04/Aug/2019:12:39:18 +0200] "GET /robots.txt HTTP/1.1" 301 319 "-" "Mozilla/5.0 (compatible; YandexBot/3.0; +http://yandex.com/bots)"
141.8.142.171 - - [04/Aug/2019:12:39:23 +0200] "GET /robots.txt HTTP/1.1" 301 319 "-" "Mozilla/5.0 (compatible; YandexBot/3.0; +http://yandex.com/bots)"
5.255.253.13 - - [04/Aug/2019:12:39:28 +0200] "GET /robots.txt HTTP/1.1" 301 319 "-" "Mozilla/5.0 (compatible; YandexBot/3.0; +http://yandex.com/bots)"
93.158.166.8 - - [04/Aug/2019:12:39:44 +0200] "GET /robots.txt HTTP/1.1" 301 319 "-" "Mozilla/5.0 (compatible; YandexBot/3.0; +http://yandex.com/bots)"
93.158.166.3 - - [04/Aug/2019:12:39:59 +0200] "GET /robots.txt HTTP/1.1" 301 319 "-" "Mozilla/5.0 (compatible; YandexBot/3.0; +http://yandex.com/bots)"
178.154.200.34 - - [04/Aug/2019:12:40:29 +0200] "GET /robots.txt HTTP/1.1" 301 319 "-" "Mozilla/5.0 (compatible; YandexBot/3.0; +http://yandex.com/bots)"
141.8.142.160 - - [04/Aug/2019:12:41:29 +0200] "GET /robots.txt HTTP/1.1" 301 319 "-" "Mozilla/5.0 (compatible; YandexBot/3.0; +http://yandex.com/bots)"
37.9.113.75 - - [04/Aug/2019:12:42:29 +0200] "GET /robots.txt HTTP/1.1" 301 319 "-" "Mozilla/5.0 (compatible; YandexBot/3.0; +http://yandex.com/bots)"
95.108.213.22 - - [04/Aug/2019:12:44:29 +0200] "GET /robots.txt HTTP/1.1" 301 319 "-" "Mozilla/5.0 (compatible; YandexBot/3.0; +http://yandex.com/bots)"
141.8.183.17 - - [04/Aug/2019:12:45:15 +0200] "GET /robots.txt HTTP/1.1" 301 323 "-" "Mozilla/5.0 (compatible; YandexBot/3.0; +http://yandex.com/bots)"
178.154.200.36 - - [04/Aug/2019:12:47:30 +0200] "GET /robots.txt HTTP/1.1" 301 319 "-" "Mozilla/5.0 (compatible; YandexBot/3.0; +http://yandex.com/bots)"
87.250.224.62 - - [04/Aug/2019:12:52:30 +0200] "GET /robots.txt HTTP/1.1" 301 319 "-" "Mozilla/5.0 (compatible; YandexBot/3.0; +http://yandex.com/bots)"
141.8.183.17 - - [04/Aug/2019:12:55:15 +0200] "GET /robots.txt HTTP/1.1" 301 323 "-" "Mozilla/5.0 (compatible; YandexBot/3.0; +http://yandex.com/bots)"
37.9.113.83 - - [04/Aug/2019:13:00:30 +0200] "GET /robots.txt HTTP/1.1" 301 319 "-" "Mozilla/5.0 (compatible; YandexBot/3.0; +http://yandex.com/bots)"
141.8.183.17 - - [04/Aug/2019:13:05:15 +0200] "GET /robots.txt HTTP/1.1" 301 323 "-" "Mozilla/5.0 (compatible; YandexBot/3.0; +http://yandex.com/bots)"
95.108.213.21 - - [04/Aug/2019:13:10:30 +0200] "GET /robots.txt HTTP/1.1" 301 319 "-" "Mozilla/5.0 (compatible; YandexBot/3.0; +http://yandex.com/bots)"
141.8.183.17 - - [04/Aug/2019:13:15:15 +0200] "GET /robots.txt HTTP/1.1" 301 323 "-" "Mozilla/5.0 (compatible; YandexBot/3.0; +http://yandex.com/bots)"
141.8.142.184 - - [04/Aug/2019:13:20:30 +0200] "GET /robots.txt HTTP/1.1" 301 319 "-" "Mozilla/5.0 (compatible; YandexBot/3.0; +http://yandex.com/bots)"
141.8.183.17 - - [04/Aug/2019:13:25:15 +0200] "GET /robots.txt HTTP/1.1" 301 323 "-" "Mozilla/5.0 (compatible; YandexBot/3.0; +http://yandex.com/bots)"
157.55.39.150 - - [04/Aug/2019:13:26:59 +0200] "GET /hirlevel/hatarmenten_201109.pdf HTTP/1.1" 301 340 "-" "Mozilla/5.0 (iPhone; CPU iPhone OS 7_0 like Mac OS X) AppleWebKit/537.51.1 (KHTML, like Gecko) Version/7.0 Mobile/11A465 Safari/9537.53 (compatible; bingbot/2.0; +http://www.bing.com/bingbot.htm)"
178.154.171.18 - - [04/Aug/2019:13:30:30 +0200] "GET /robots.txt HTTP/1.1" 301 319 "-" "Mozilla/5.0 (compatible; YandexBot/3.0; +http://yandex.com/bots)"
141.8.183.17 - - [04/Aug/2019:13:35:16 +0200] "GET /robots.txt HTTP/1.1" 301 323 "-" "Mozilla/5.0 (compatible; YandexBot/3.0; +http://yandex.com/bots)"
178.154.200.17 - - [04/Aug/2019:13:40:31 +0200] "GET /robots.txt HTTP/1.1" 301 319 "-" "Mozilla/5.0 (compatible; YandexBot/3.0; +http://yandex.com/bots)"
141.8.183.17 - - [04/Aug/2019:13:45:16 +0200] "GET /robots.txt HTTP/1.1" 301 323 "-" "Mozilla/5.0 (compatible; YandexBot/3.0; +http://yandex.com/bots)"
46.229.168.162 - - [04/Aug/2019:13:46:26 +0200] "GET /robots.txt HTTP/1.1" 301 319 "-" "Mozilla/5.0 (compatible; SemrushBot/3~bl; +http://www.semrush.com/bot.html)"
46.229.168.162 - - [04/Aug/2019:13:46:27 +0200] "GET /hirlevel/vonattal1209.htm HTTP/1.1" 301 334 "-" "Mozilla/5.0 (compatible; SemrushBot/3~bl; +http://www.semrush.com/bot.html)"
40.77.167.161 - - [04/Aug/2019:13:46:55 +0200] "GET /doc/varos-videk.vasut_2009.pdf HTTP/1.1" 301 339 "-" "Mozilla/5.0 (iPhone; CPU iPhone OS 7_0 like Mac OS X) AppleWebKit/537.51.1 (KHTML, like Gecko) Version/7.0 Mobile/11A465 Safari/9537.53 (compatible; bingbot/2.0; +http://www.bing.com/bingbot.htm)"
141.8.183.17 - - [04/Aug/2019:13:50:31 +0200] "GET /robots.txt HTTP/1.1" 301 319 "-" "Mozilla/5.0 (compatible; YandexBot/3.0; +http://yandex.com/bots)"
141.8.183.17 - - [04/Aug/2019:13:55:16 +0200] "GET /robots.txt HTTP/1.1" 301 323 "-" "Mozilla/5.0 (compatible; YandexBot/3.0; +http://yandex.com/bots)"
141.8.183.17 - - [04/Aug/2019:14:00:31 +0200] "GET /robots.txt HTTP/1.1" 301 319 "-" "Mozilla/5.0 (compatible; YandexBot/3.0; +http://yandex.com/bots)"
157.55.39.150 - - [04/Aug/2019:14:04:22 +0200] "GET /doc/kerparoskozlekedes.pdf HTTP/1.1" 301 339 "-" "Mozilla/5.0 (iPhone; CPU iPhone OS 7_0 like Mac OS X) AppleWebKit/537.51.1 (KHTML, like Gecko) Version/7.0 Mobile/11A465 Safari/9537.53 (compatible; bingbot/2.0; +http://www.bing.com/bingbot.htm)"
141.8.183.17 - - [04/Aug/2019:14:05:16 +0200] "GET /robots.txt HTTP/1.1" 301 323 "-" "Mozilla/5.0 (compatible; YandexBot/3.0; +http://yandex.com/bots)"
141.8.183.17 - - [04/Aug/2019:14:10:31 +0200] "GET /robots.txt HTTP/1.1" 301 319 "-" "Mozilla/5.0 (compatible; YandexBot/3.0; +http://yandex.com/bots)"
141.8.183.17 - - [04/Aug/2019:14:15:16 +0200] "GET /robots.txt HTTP/1.1" 301 323 "-" "Mozilla/5.0 (compatible; YandexBot/3.0; +http://yandex.com/bots)"
141.8.183.17 - - [04/Aug/2019:14:20:31 +0200] "GET /robots.txt HTTP/1.1" 301 319 "-" "Mozilla/5.0 (compatible; YandexBot/3.0; +http://yandex.com/bots)"
141.8.183.17 - - [04/Aug/2019:14:25:17 +0200] "GET /robots.txt HTTP/1.1" 301 323 "-" "Mozilla/5.0 (compatible; YandexBot/3.0; +http://yandex.com/bots)"
141.8.183.17 - - [04/Aug/2019:14:30:32 +0200] "GET /robots.txt HTTP/1.1" 301 319 "-" "Mozilla/5.0 (compatible; YandexBot/3.0; +http://yandex.com/bots)"
141.8.183.17 - - [04/Aug/2019:14:40:32 +0200] "GET /robots.txt HTTP/1.1" 301 319 "-" "Mozilla/5.0 (compatible; YandexBot/3.0; +http://yandex.com/bots)"
157.55.39.91 - - [04/Aug/2019:14:41:45 +0200] "GET /doc/westtakt_final_20160405.pdf HTTP/1.1" 301 344 "-" "Mozilla/5.0 (iPhone; CPU iPhone OS 7_0 like Mac OS X) AppleWebKit/537.51.1 (KHTML, like Gecko) Version/7.0 Mobile/11A465 Safari/9537.53 (compatible; bingbot/2.0; +http://www.bing.com/bingbot.htm)"
141.8.183.17 - - [04/Aug/2019:14:50:32 +0200] "GET /robots.txt HTTP/1.1" 301 319 "-" "Mozilla/5.0 (compatible; YandexBot/3.0; +http://yandex.com/bots)"
141.8.183.17 - - [04/Aug/2019:15:05:13 +0200] "GET /robots.txt HTTP/1.1" 301 323 "-" "Mozilla/5.0 (compatible; YandexBot/3.0; +http://yandex.com/bots)"
5.255.253.13 - - [04/Aug/2019:15:05:18 +0200] "GET /robots.txt HTTP/1.1" 301 323 "-" "Mozilla/5.0 (compatible; YandexBot/3.0; +http://yandex.com/bots)"
213.180.203.45 - - [04/Aug/2019:15:05:23 +0200] "GET /robots.txt HTTP/1.1" 301 323 "-" "Mozilla/5.0 (compatible; YandexBot/3.0; +http://yandex.com/bots)"
87.250.224.88 - - [04/Aug/2019:15:05:28 +0200] "GET /robots.txt HTTP/1.1" 301 323 "-" "Mozilla/5.0 (compatible; YandexBot/3.0; +http://yandex.com/bots)"
141.8.142.67 - - [04/Aug/2019:15:05:43 +0200] "GET /robots.txt HTTP/1.1" 301 323 "-" "Mozilla/5.0 (compatible; YandexBot/3.0; +http://yandex.com/bots)"
178.154.200.35 - - [04/Aug/2019:15:05:59 +0200] "GET /robots.txt HTTP/1.1" 301 323 "-" "Mozilla/5.0 (compatible; YandexBot/3.0; +http://yandex.com/bots)"
95.108.213.22 - - [04/Aug/2019:15:06:29 +0200] "GET /robots.txt HTTP/1.1" 301 323 "-" "Mozilla/5.0 (compatible; YandexBot/3.0; +http://yandex.com/bots)"
157.55.39.91 - - [04/Aug/2019:15:07:24 +0200] "GET /hirlevel/vonattal0903.htm HTTP/1.1" 301 334 "-" "Mozilla/5.0 (compatible; bingbot/2.0; +http://www.bing.com/bingbot.htm)"
37.9.113.105 - - [04/Aug/2019:15:07:29 +0200] "GET /robots.txt HTTP/1.1" 301 323 "-" "Mozilla/5.0 (compatible; YandexBot/3.0; +http://yandex.com/bots)"
95.108.181.88 - - [04/Aug/2019:15:08:29 +0200] "GET /robots.txt HTTP/1.1" 301 323 "-" "Mozilla/5.0 (compatible; YandexBot/3.0; +http://yandex.com/bots)"
87.250.224.62 - - [04/Aug/2019:15:10:30 +0200] "GET /robots.txt HTTP/1.1" 301 323 "-" "Mozilla/5.0 (compatible; YandexBot/3.0; +http://yandex.com/bots)"
141.8.142.126 - - [04/Aug/2019:15:13:30 +0200] "GET /robots.txt HTTP/1.1" 301 323 "-" "Mozilla/5.0 (compatible; YandexBot/3.0; +http://yandex.com/bots)"
157.55.39.91 - - [04/Aug/2019:15:13:31 +0200] "GET /hirlevel/vonattal1304.html HTTP/1.1" 301 335 "-" "Mozilla/5.0 (compatible; bingbot/2.0; +http://www.bing.com/bingbot.htm)"
5.45.207.35 - - [04/Aug/2019:15:18:29 +0200] "GET /robots.txt HTTP/1.1" 301 323 "-" "Mozilla/5.0 (compatible; YandexBot/3.0; +http://yandex.com/bots)"
157.55.39.91 - - [04/Aug/2019:15:22:27 +0200] "GET /doc/andreas_geissler.ppt HTTP/1.1" 301 333 "-" "Mozilla/5.0 (compatible; bingbot/2.0; +http://www.bing.com/bingbot.htm)"
95.108.213.21 - - [04/Aug/2019:15:26:30 +0200] "GET /robots.txt HTTP/1.1" 301 323 "-" "Mozilla/5.0 (compatible; YandexBot/3.0; +http://yandex.com/bots)"
77.75.77.119 - - [04/Aug/2019:15:30:50 +0200] "GET /robots.txt HTTP/1.1" 301 319 "-" "Mozilla/5.0 (compatible; SeznamBot/3.2; +http://napoveda.seznam.cz/en/seznambot-intro/)"
77.75.77.119 - - [04/Aug/2019:15:30:51 +0200] "GET /doc/b2_2010.pdf HTTP/1.1" 301 324 "-" "Mozilla/5.0 (compatible; SeznamBot/3.2; +http://napoveda.seznam.cz/en/seznambot-intro/)"
141.8.142.195 - - [04/Aug/2019:15:36:30 +0200] "GET /robots.txt HTTP/1.1" 301 323 "-" "Mozilla/5.0 (compatible; YandexBot/3.0; +http://yandex.com/bots)"
60.191.38.77 - - [04/Aug/2019:15:43:39 +0200] "GET / HTTP/1.1" 301 309 "-" "Mozilla/5.0 (Macintosh; Intel Mac OS X 10.11; rv:47.0) Gecko/20100101 Firefox/47.0"
157.55.39.29 - - [04/Aug/2019:15:44:53 +0200] "GET /hirlevel/vonattal1503.html HTTP/1.1" 301 335 "-" "Mozilla/5.0 (compatible; bingbot/2.0; +http://www.bing.com/bingbot.htm)"
37.9.113.209 - - [04/Aug/2019:15:46:30 +0200] "GET /robots.txt HTTP/1.1" 301 323 "-" "Mozilla/5.0 (compatible; YandexBot/3.0; +http://yandex.com/bots)"
157.55.39.209 - - [04/Aug/2019:15:56:07 +0200] "GET /hirlevel/Prezentacio_Partners%C3%A9g%20%20a%20jobb%20vas%C3%BAt%C3%A9rt.pdf HTTP/1.1" 301 384 "-" "Mozilla/5.0 (iPhone; CPU iPhone OS 7_0 like Mac OS X) AppleWebKit/537.51.1 (KHTML, like Gecko) Version/7.0 Mobile/11A465 Safari/9537.53 (compatible; bingbot/2.0; +http://www.bing.com/bingbot.htm)"
141.8.183.17 - - [04/Aug/2019:15:56:31 +0200] "GET /robots.txt HTTP/1.1" 301 323 "-" "Mozilla/5.0 (compatible; YandexBot/3.0; +http://yandex.com/bots)"
141.8.183.17 - - [04/Aug/2019:16:06:31 +0200] "GET /robots.txt HTTP/1.1" 301 323 "-" "Mozilla/5.0 (compatible; YandexBot/3.0; +http://yandex.com/bots)"
141.8.183.17 - - [04/Aug/2019:16:16:31 +0200] "GET /robots.txt HTTP/1.1" 301 323 "-" "Mozilla/5.0 (compatible; YandexBot/3.0; +http://yandex.com/bots)"
159.69.121.253 - - [04/Aug/2019:16:20:39 +0200] "GET / HTTP/1.1" 301 309 "-" "Mozilla/5.0 (X11; Ubuntu; Linux i686; rv:28.0) Gecko/20100101 Firefox/28.0"
66.249.64.60 - - [04/Aug/2019:16:21:00 +0200] "GET /robots.txt HTTP/1.1" 301 319 "-" "Mozilla/5.0 (compatible; Googlebot/2.1; +http://www.google.com/bot.html)"
66.249.64.56 - - [04/Aug/2019:16:21:00 +0200] "GET /doc/memorandum_0807.pdf HTTP/1.1" 301 332 "-" "Mozilla/5.0 (Linux; Android 6.0.1; Nexus 5X Build/MMB29P) AppleWebKit/537.36 (KHTML, like Gecko) Chrome/41.0.2272.96 Mobile Safari/537.36 (compatible; Googlebot/2.1; +http://www.google.com/bot.html)"
66.249.64.60 - - [04/Aug/2019:16:22:38 +0200] "GET /doc/konf_0807.pdf HTTP/1.1" 301 326 "-" "Mozilla/5.0 (Linux; Android 6.0.1; Nexus 5X Build/MMB29P) AppleWebKit/537.36 (KHTML, like Gecko) Chrome/41.0.2272.96 Mobile Safari/537.36 (compatible; Googlebot/2.1; +http://www.google.com/bot.html)"
141.8.183.17 - - [04/Aug/2019:16:26:31 +0200] "GET /robots.txt HTTP/1.1" 301 323 "-" "Mozilla/5.0 (compatible; YandexBot/3.0; +http://yandex.com/bots)"
141.8.183.17 - - [04/Aug/2019:16:36:31 +0200] "GET /robots.txt HTTP/1.1" 301 323 "-" "Mozilla/5.0 (compatible; YandexBot/3.0; +http://yandex.com/bots)"
141.8.183.17 - - [04/Aug/2019:16:46:32 +0200] "GET /robots.txt HTTP/1.1" 301 323 "-" "Mozilla/5.0 (compatible; YandexBot/3.0; +http://yandex.com/bots)"
141.8.183.17 - - [04/Aug/2019:16:56:32 +0200] "GET /robots.txt HTTP/1.1" 301 323 "-" "Mozilla/5.0 (compatible; YandexBot/3.0; +http://yandex.com/bots)"
141.8.183.17 - - [04/Aug/2019:17:06:32 +0200] "GET /robots.txt HTTP/1.1" 301 323 "-" "Mozilla/5.0 (compatible; YandexBot/3.0; +http://yandex.com/bots)"
141.8.183.17 - - [04/Aug/2019:17:16:32 +0200] "GET /robots.txt HTTP/1.1" 301 323 "-" "Mozilla/5.0 (compatible; YandexBot/3.0; +http://yandex.com/bots)"
141.8.183.17 - - [04/Aug/2019:17:26:32 +0200] "GET /robots.txt HTTP/1.1" 301 323 "-" "Mozilla/5.0 (compatible; YandexBot/3.0; +http://yandex.com/bots)"
40.77.167.91 - - [04/Aug/2019:17:27:28 +0200] "GET /doc/kelenfold_1009.pdf HTTP/1.1" 301 335 "-" "Mozilla/5.0 (compatible; bingbot/2.0; +http://www.bing.com/bingbot.htm)"
40.77.167.91 - - [04/Aug/2019:17:28:08 +0200] "GET /hirlevel/vonattal1304.html HTTP/1.1" 301 335 "-" "Mozilla/5.0 (compatible; bingbot/2.0; +http://www.bing.com/bingbot.htm)"
40.77.167.91 - - [04/Aug/2019:17:36:19 +0200] "GET /doc/meszaros_peter.ppt HTTP/1.1" 301 335 "-" "Mozilla/5.0 (iPhone; CPU iPhone OS 7_0 like Mac OS X) AppleWebKit/537.51.1 (KHTML, like Gecko) Version/7.0 Mobile/11A465 Safari/9537.53 (compatible; bingbot/2.0; +http://www.bing.com/bingbot.htm)"
141.8.183.17 - - [04/Aug/2019:17:36:33 +0200] "GET /robots.txt HTTP/1.1" 301 323 "-" "Mozilla/5.0 (compatible; YandexBot/3.0; +http://yandex.com/bots)"
123.125.67.164 - - [04/Aug/2019:17:39:27 +0200] "GET /robots.txt HTTP/1.1" 301 323 "-" "Mozilla/5.0 (Windows NT 10.0; WOW64) AppleWebKit/537.36 (KHTML, like Gecko) Chrome/45.0.2454.93 Safari/537.36"
220.181.108.120 - - [04/Aug/2019:17:41:48 +0200] "GET /doc/vasuttal-budapest-kornyeken.pdf HTTP/1.1" 301 348 "-" "Mozilla/5.0 (compatible; Baiduspider/2.0; +http://www.baidu.com/search/spider.html)"
141.8.183.17 - - [04/Aug/2019:17:46:33 +0200] "GET /robots.txt HTTP/1.1" 301 323 "-" "Mozilla/5.0 (compatible; YandexBot/3.0; +http://yandex.com/bots)"
141.8.183.17 - - [04/Aug/2019:17:56:33 +0200] "GET /robots.txt HTTP/1.1" 301 323 "-" "Mozilla/5.0 (compatible; YandexBot/3.0; +http://yandex.com/bots)"
94.27.240.19 - - [04/Aug/2019:18:01:18 +0200] "GET /favicon.ico HTTP/1.1" 301 324 "-" "Mozilla/5.0 (Windows NT 6.1; WOW64) AppleWebKit/537.36 (KHTML, like Gecko) Chrome/75.0.3770.143 YaBrowser/19.7.1.114 Yowser/2.5 Safari/537.36"
141.8.183.17 - - [04/Aug/2019:18:06:33 +0200] "GET /robots.txt HTTP/1.1" 301 323 "-" "Mozilla/5.0 (compatible; YandexBot/3.0; +http://yandex.com/bots)"
66.249.64.56 - - [04/Aug/2019:18:34:33 +0200] "GET /hirlevel/vonattal1003.htm HTTP/1.1" 301 334 "-" "Mozilla/5.0 (Linux; Android 6.0.1; Nexus 5X Build/MMB29P) AppleWebKit/537.36 (KHTML, like Gecko) Chrome/41.0.2272.96 Mobile Safari/537.36 (compatible; Googlebot/2.1; +http://www.google.com/bot.html)"
141.8.183.17 - - [04/Aug/2019:19:25:00 +0200] "GET /robots.txt HTTP/1.1" 301 319 "-" "Mozilla/5.0 (compatible; YandexBot/3.0; +http://yandex.com/bots)"
178.154.171.90 - - [04/Aug/2019:19:25:05 +0200] "GET /robots.txt HTTP/1.1" 301 319 "-" "Mozilla/5.0 (compatible; YandexBot/3.0; +http://yandex.com/bots)"
5.255.253.13 - - [04/Aug/2019:19:25:11 +0200] "GET /robots.txt HTTP/1.1" 301 319 "-" "Mozilla/5.0 (compatible; YandexBot/3.0; +http://yandex.com/bots)"
141.8.142.171 - - [04/Aug/2019:19:25:16 +0200] "GET /robots.txt HTTP/1.1" 301 319 "-" "Mozilla/5.0 (compatible; YandexBot/3.0; +http://yandex.com/bots)"
37.9.113.15 - - [04/Aug/2019:19:25:31 +0200] "GET /robots.txt HTTP/1.1" 301 319 "-" "Mozilla/5.0 (compatible; YandexBot/3.0; +http://yandex.com/bots)"
95.108.213.6 - - [04/Aug/2019:19:25:46 +0200] "GET /robots.txt HTTP/1.1" 301 319 "-" "Mozilla/5.0 (compatible; YandexBot/3.0; +http://yandex.com/bots)"
141.8.188.24 - - [04/Aug/2019:19:26:16 +0200] "GET /robots.txt HTTP/1.1" 301 319 "-" "Mozilla/5.0 (compatible; YandexBot/3.0; +http://yandex.com/bots)"
37.9.113.105 - - [04/Aug/2019:19:27:16 +0200] "GET /robots.txt HTTP/1.1" 301 319 "-" "Mozilla/5.0 (compatible; YandexBot/3.0; +http://yandex.com/bots)"
141.8.142.67 - - [04/Aug/2019:19:28:17 +0200] "GET /robots.txt HTTP/1.1" 301 319 "-" "Mozilla/5.0 (compatible; YandexBot/3.0; +http://yandex.com/bots)"
5.45.207.30 - - [04/Aug/2019:19:30:17 +0200] "GET /robots.txt HTTP/1.1" 301 319 "-" "Mozilla/5.0 (compatible; YandexBot/3.0; +http://yandex.com/bots)"
37.9.113.87 - - [04/Aug/2019:19:33:17 +0200] "GET /robots.txt HTTP/1.1" 301 319 "-" "Mozilla/5.0 (compatible; YandexBot/3.0; +http://yandex.com/bots)"
213.180.203.45 - - [04/Aug/2019:19:38:17 +0200] "GET /robots.txt HTTP/1.1" 301 319 "-" "Mozilla/5.0 (compatible; YandexBot/3.0; +http://yandex.com/bots)"
141.8.142.114 - - [04/Aug/2019:19:46:17 +0200] "GET /robots.txt HTTP/1.1" 301 319 "-" "Mozilla/5.0 (compatible; YandexBot/3.0; +http://yandex.com/bots)"
95.108.181.78 - - [04/Aug/2019:19:56:17 +0200] "GET /robots.txt HTTP/1.1" 301 319 "-" "Mozilla/5.0 (compatible; YandexBot/3.0; +http://yandex.com/bots)"
40.77.167.91 - - [04/Aug/2019:20:02:47 +0200] "GET /hirlevel/vonattal0903.htm HTTP/1.1" 301 334 "-" "Mozilla/5.0 (compatible; bingbot/2.0; +http://www.bing.com/bingbot.htm)"
37.9.113.75 - - [04/Aug/2019:20:06:18 +0200] "GET /robots.txt HTTP/1.1" 301 319 "-" "Mozilla/5.0 (compatible; YandexBot/3.0; +http://yandex.com/bots)"
141.8.183.17 - - [04/Aug/2019:20:14:08 +0200] "GET /robots.txt HTTP/1.1" 301 323 "-" "Mozilla/5.0 (compatible; YandexBot/3.0; +http://yandex.com/bots)"
178.154.171.90 - - [04/Aug/2019:20:14:14 +0200] "GET /robots.txt HTTP/1.1" 301 323 "-" "Mozilla/5.0 (compatible; YandexBot/3.0; +http://yandex.com/bots)"
141.8.132.36 - - [04/Aug/2019:20:14:19 +0200] "GET /robots.txt HTTP/1.1" 301 323 "-" "Mozilla/5.0 (compatible; YandexBot/3.0; +http://yandex.com/bots)"
178.154.200.17 - - [04/Aug/2019:20:14:24 +0200] "GET /robots.txt HTTP/1.1" 301 323 "-" "Mozilla/5.0 (compatible; YandexBot/3.0; +http://yandex.com/bots)"
37.9.113.81 - - [04/Aug/2019:20:14:39 +0200] "GET /robots.txt HTTP/1.1" 301 323 "-" "Mozilla/5.0 (compatible; YandexBot/3.0; +http://yandex.com/bots)"
141.8.188.24 - - [04/Aug/2019:20:14:54 +0200] "GET /robots.txt HTTP/1.1" 301 323 "-" "Mozilla/5.0 (compatible; YandexBot/3.0; +http://yandex.com/bots)"
141.8.132.23 - - [04/Aug/2019:20:15:24 +0200] "GET /robots.txt HTTP/1.1" 301 323 "-" "Mozilla/5.0 (compatible; YandexBot/3.0; +http://yandex.com/bots)"
141.8.142.53 - - [04/Aug/2019:20:16:18 +0200] "GET /robots.txt HTTP/1.1" 301 319 "-" "Mozilla/5.0 (compatible; YandexBot/3.0; +http://yandex.com/bots)"
37.9.113.105 - - [04/Aug/2019:20:16:25 +0200] "GET /robots.txt HTTP/1.1" 301 323 "-" "Mozilla/5.0 (compatible; YandexBot/3.0; +http://yandex.com/bots)"
178.154.200.63 - - [04/Aug/2019:20:17:24 +0200] "GET /robots.txt HTTP/1.1" 301 323 "-" "Mozilla/5.0 (compatible; YandexBot/3.0; +http://yandex.com/bots)"
157.55.39.209 - - [04/Aug/2019:20:18:17 +0200] "GET /hirlevel/vonattal1209.htm HTTP/1.1" 301 334 "-" "Mozilla/5.0 (compatible; bingbot/2.0; +http://www.bing.com/bingbot.htm)"
213.180.203.28 - - [04/Aug/2019:20:19:25 +0200] "GET /robots.txt HTTP/1.1" 301 323 "-" "Mozilla/5.0 (compatible; YandexBot/3.0; +http://yandex.com/bots)"
178.154.200.35 - - [04/Aug/2019:20:22:25 +0200] "GET /robots.txt HTTP/1.1" 301 323 "-" "Mozilla/5.0 (compatible; YandexBot/3.0; +http://yandex.com/bots)"
37.9.113.81 - - [04/Aug/2019:20:26:18 +0200] "GET /robots.txt HTTP/1.1" 301 319 "-" "Mozilla/5.0 (compatible; YandexBot/3.0; +http://yandex.com/bots)"
141.8.142.160 - - [04/Aug/2019:20:27:25 +0200] "GET /robots.txt HTTP/1.1" 301 323 "-" "Mozilla/5.0 (compatible; YandexBot/3.0; +http://yandex.com/bots)"
37.9.113.83 - - [04/Aug/2019:20:35:26 +0200] "GET /robots.txt HTTP/1.1" 301 323 "-" "Mozilla/5.0 (compatible; YandexBot/3.0; +http://yandex.com/bots)"
141.8.183.17 - - [04/Aug/2019:20:36:18 +0200] "GET /robots.txt HTTP/1.1" 301 319 "-" "Mozilla/5.0 (compatible; YandexBot/3.0; +http://yandex.com/bots)"
95.108.213.21 - - [04/Aug/2019:20:45:26 +0200] "GET /robots.txt HTTP/1.1" 301 323 "-" "Mozilla/5.0 (compatible; YandexBot/3.0; +http://yandex.com/bots)"
141.8.183.17 - - [04/Aug/2019:20:46:18 +0200] "GET /robots.txt HTTP/1.1" 301 319 "-" "Mozilla/5.0 (compatible; YandexBot/3.0; +http://yandex.com/bots)"
141.8.142.184 - - [04/Aug/2019:20:55:26 +0200] "GET /robots.txt HTTP/1.1" 301 323 "-" "Mozilla/5.0 (compatible; YandexBot/3.0; +http://yandex.com/bots)"
141.8.183.17 - - [04/Aug/2019:20:56:18 +0200] "GET /robots.txt HTTP/1.1" 301 319 "-" "Mozilla/5.0 (compatible; YandexBot/3.0; +http://yandex.com/bots)"
178.154.171.18 - - [04/Aug/2019:21:05:26 +0200] "GET /robots.txt HTTP/1.1" 301 323 "-" "Mozilla/5.0 (compatible; YandexBot/3.0; +http://yandex.com/bots)"
141.8.183.17 - - [04/Aug/2019:21:06:19 +0200] "GET /robots.txt HTTP/1.1" 301 319 "-" "Mozilla/5.0 (compatible; YandexBot/3.0; +http://yandex.com/bots)"
93.158.166.3 - - [04/Aug/2019:21:15:26 +0200] "GET /robots.txt HTTP/1.1" 301 323 "-" "Mozilla/5.0 (compatible; YandexBot/3.0; +http://yandex.com/bots)"
141.8.183.17 - - [04/Aug/2019:21:16:19 +0200] "GET /robots.txt HTTP/1.1" 301 319 "-" "Mozilla/5.0 (compatible; YandexBot/3.0; +http://yandex.com/bots)"
141.8.183.17 - - [04/Aug/2019:21:25:27 +0200] "GET /robots.txt HTTP/1.1" 301 323 "-" "Mozilla/5.0 (compatible; YandexBot/3.0; +http://yandex.com/bots)"
141.8.183.17 - - [04/Aug/2019:21:26:19 +0200] "GET /robots.txt HTTP/1.1" 301 319 "-" "Mozilla/5.0 (compatible; YandexBot/3.0; +http://yandex.com/bots)"
207.46.13.99 - - [04/Aug/2019:21:28:59 +0200] "GET /hirlevel/vonattal1503.html HTTP/1.1" 301 335 "-" "Mozilla/5.0 (compatible; bingbot/2.0; +http://www.bing.com/bingbot.htm)"
141.8.183.17 - - [04/Aug/2019:21:35:27 +0200] "GET /robots.txt HTTP/1.1" 301 323 "-" "Mozilla/5.0 (compatible; YandexBot/3.0; +http://yandex.com/bots)"
141.8.183.17 - - [04/Aug/2019:21:36:19 +0200] "GET /robots.txt HTTP/1.1" 301 319 "-" "Mozilla/5.0 (compatible; YandexBot/3.0; +http://yandex.com/bots)"
40.77.167.84 - - [04/Aug/2019:21:39:56 +0200] "GET /hirlevel/vonattal1101-02.htm HTTP/1.1" 301 337 "-" "Mozilla/5.0 (compatible; bingbot/2.0; +http://www.bing.com/bingbot.htm)"
141.8.183.17 - - [04/Aug/2019:21:45:27 +0200] "GET /robots.txt HTTP/1.1" 301 323 "-" "Mozilla/5.0 (compatible; YandexBot/3.0; +http://yandex.com/bots)"
141.8.183.17 - - [04/Aug/2019:21:55:27 +0200] "GET /robots.txt HTTP/1.1" 301 323 "-" "Mozilla/5.0 (compatible; YandexBot/3.0; +http://yandex.com/bots)"
141.8.183.17 - - [04/Aug/2019:22:05:27 +0200] "GET /robots.txt HTTP/1.1" 301 323 "-" "Mozilla/5.0 (compatible; YandexBot/3.0; +http://yandex.com/bots)"
141.8.183.17 - - [04/Aug/2019:22:15:28 +0200] "GET /robots.txt HTTP/1.1" 301 323 "-" "Mozilla/5.0 (compatible; YandexBot/3.0; +http://yandex.com/bots)"
141.8.183.17 - - [04/Aug/2019:22:25:28 +0200] "GET /robots.txt HTTP/1.1" 301 323 "-" "Mozilla/5.0 (compatible; YandexBot/3.0; +http://yandex.com/bots)"
141.8.183.17 - - [04/Aug/2019:22:35:28 +0200] "GET /robots.txt HTTP/1.1" 301 323 "-" "Mozilla/5.0 (compatible; YandexBot/3.0; +http://yandex.com/bots)"
141.8.183.17 - - [04/Aug/2019:22:45:28 +0200] "GET /robots.txt HTTP/1.1" 301 323 "-" "Mozilla/5.0 (compatible; YandexBot/3.0; +http://yandex.com/bots)"
40.77.167.38 - - [04/Aug/2019:22:45:34 +0200] "GET /hirlevel/vonattal1206.htm HTTP/1.1" 301 334 "-" "Mozilla/5.0 (compatible; bingbot/2.0; +http://www.bing.com/bingbot.htm)"
40.77.167.84 - - [04/Aug/2019:22:48:17 +0200] "GET /doc/allomasok_kepes_osszefoglaloja.pdf HTTP/1.1" 301 351 "-" "Mozilla/5.0 (iPhone; CPU iPhone OS 7_0 like Mac OS X) AppleWebKit/537.51.1 (KHTML, like Gecko) Version/7.0 Mobile/11A465 Safari/9537.53 (compatible; bingbot/2.0; +http://www.bing.com/bingbot.htm)"
141.8.183.17 - - [04/Aug/2019:22:55:28 +0200] "GET /robots.txt HTTP/1.1" 301 323 "-" "Mozilla/5.0 (compatible; YandexBot/3.0; +http://yandex.com/bots)"
207.46.13.174 - - [04/Aug/2019:23:01:42 +0200] "GET /doc/vasuttal-budapest-kornyeken.pdf HTTP/1.1" 301 348 "-" "Mozilla/5.0 (iPhone; CPU iPhone OS 7_0 like Mac OS X) AppleWebKit/537.51.1 (KHTML, like Gecko) Version/7.0 Mobile/11A465 Safari/9537.53 (compatible; bingbot/2.0; +http://www.bing.com/bingbot.htm)"
141.8.183.17 - - [04/Aug/2019:23:05:29 +0200] "GET /robots.txt HTTP/1.1" 301 323 "-" "Mozilla/5.0 (compatible; YandexBot/3.0; +http://yandex.com/bots)"
141.8.183.17 - - [04/Aug/2019:23:15:29 +0200] "GET /robots.txt HTTP/1.1" 301 323 "-" "Mozilla/5.0 (compatible; YandexBot/3.0; +http://yandex.com/bots)"
141.8.183.17 - - [04/Aug/2019:23:58:36 +0200] "GET /robots.txt HTTP/1.1" 301 319 "-" "Mozilla/5.0 (compatible; YandexBot/3.0; +http://yandex.com/bots)"
5.255.253.13 - - [04/Aug/2019:23:58:42 +0200] "GET /robots.txt HTTP/1.1" 301 319 "-" "Mozilla/5.0 (compatible; YandexBot/3.0; +http://yandex.com/bots)"
213.180.203.45 - - [04/Aug/2019:23:58:47 +0200] "GET /robots.txt HTTP/1.1" 301 319 "-" "Mozilla/5.0 (compatible; YandexBot/3.0; +http://yandex.com/bots)"
87.250.224.88 - - [04/Aug/2019:23:58:52 +0200] "GET /robots.txt HTTP/1.1" 301 319 "-" "Mozilla/5.0 (compatible; YandexBot/3.0; +http://yandex.com/bots)"
141.8.142.67 - - [04/Aug/2019:23:59:07 +0200] "GET /robots.txt HTTP/1.1" 301 319 "-" "Mozilla/5.0 (compatible; YandexBot/3.0; +http://yandex.com/bots)"
178.154.200.35 - - [04/Aug/2019:23:59:22 +0200] "GET /robots.txt HTTP/1.1" 301 319 "-" "Mozilla/5.0 (compatible; YandexBot/3.0; +http://yandex.com/bots)"
95.108.213.22 - - [04/Aug/2019:23:59:52 +0200] "GET /robots.txt HTTP/1.1" 301 319 "-" "Mozilla/5.0 (compatible; YandexBot/3.0; +http://yandex.com/bots)"
37.9.113.105 - - [05/Aug/2019:00:00:53 +0200] "GET /robots.txt HTTP/1.1" 301 319 "-" "Mozilla/5.0 (compatible; YandexBot/3.0; +http://yandex.com/bots)"
95.108.181.88 - - [05/Aug/2019:00:01:53 +0200] "GET /robots.txt HTTP/1.1" 301 319 "-" "Mozilla/5.0 (compatible; YandexBot/3.0; +http://yandex.com/bots)"
87.250.224.62 - - [05/Aug/2019:00:03:53 +0200] "GET /robots.txt HTTP/1.1" 301 319 "-" "Mozilla/5.0 (compatible; YandexBot/3.0; +http://yandex.com/bots)"
141.8.142.126 - - [05/Aug/2019:00:06:54 +0200] "GET /robots.txt HTTP/1.1" 301 319 "-" "Mozilla/5.0 (compatible; YandexBot/3.0; +http://yandex.com/bots)"
95.108.213.21 - - [05/Aug/2019:00:11:54 +0200] "GET /robots.txt HTTP/1.1" 301 319 "-" "Mozilla/5.0 (compatible; YandexBot/3.0; +http://yandex.com/bots)"
5.9.145.132 - - [05/Aug/2019:00:16:28 +0200] "GET /doc/T&E_marcius2009.pdf HTTP/1.1" 301 336 "-" "Mozilla/5.0 (Macintosh; Intel Mac OS X 10_13_3) AppleWebKit/537.36 (KHTML, like Gecko) Chrome/63.0.3239.132 Safari/537.36"
141.8.142.195 - - [05/Aug/2019:00:19:54 +0200] "GET /robots.txt HTTP/1.1" 301 319 "-" "Mozilla/5.0 (compatible; YandexBot/3.0; +http://yandex.com/bots)"
37.9.113.209 - - [05/Aug/2019:00:29:54 +0200] "GET /robots.txt HTTP/1.1" 301 319 "-" "Mozilla/5.0 (compatible; YandexBot/3.0; +http://yandex.com/bots)"
141.8.132.36 - - [05/Aug/2019:00:39:54 +0200] "GET /robots.txt HTTP/1.1" 301 319 "-" "Mozilla/5.0 (compatible; YandexBot/3.0; +http://yandex.com/bots)"
5.255.253.13 - - [05/Aug/2019:00:49:54 +0200] "GET /robots.txt HTTP/1.1" 301 319 "-" "Mozilla/5.0 (compatible; YandexBot/3.0; +http://yandex.com/bots)"
141.8.183.17 - - [05/Aug/2019:00:59:54 +0200] "GET /robots.txt HTTP/1.1" 301 319 "-" "Mozilla/5.0 (compatible; YandexBot/3.0; +http://yandex.com/bots)"
141.8.183.17 - - [05/Aug/2019:01:09:55 +0200] "GET /robots.txt HTTP/1.1" 301 319 "-" "Mozilla/5.0 (compatible; YandexBot/3.0; +http://yandex.com/bots)"
207.46.13.107 - - [05/Aug/2019:01:10:19 +0200] "GET /hirlevel/vonattal1508.html HTTP/1.1" 301 335 "-" "Mozilla/5.0 (compatible; bingbot/2.0; +http://www.bing.com/bingbot.htm)"
141.8.183.17 - - [05/Aug/2019:01:19:55 +0200] "GET /robots.txt HTTP/1.1" 301 319 "-" "Mozilla/5.0 (compatible; YandexBot/3.0; +http://yandex.com/bots)"
141.8.183.17 - - [05/Aug/2019:01:29:55 +0200] "GET /robots.txt HTTP/1.1" 301 319 "-" "Mozilla/5.0 (compatible; YandexBot/3.0; +http://yandex.com/bots)"
141.8.183.17 - - [05/Aug/2019:01:39:55 +0200] "GET /robots.txt HTTP/1.1" 301 319 "-" "Mozilla/5.0 (compatible; YandexBot/3.0; +http://yandex.com/bots)"
66.249.64.58 - - [05/Aug/2019:01:43:51 +0200] "GET /doc/nctazaro.pdf HTTP/1.1" 301 325 "-" "Mozilla/5.0 (Linux; Android 6.0.1; Nexus 5X Build/MMB29P) AppleWebKit/537.36 (KHTML, like Gecko) Chrome/41.0.2272.96 Mobile Safari/537.36 (compatible; Googlebot/2.1; +http://www.google.com/bot.html)"
141.8.183.17 - - [05/Aug/2019:01:49:55 +0200] "GET /robots.txt HTTP/1.1" 301 319 "-" "Mozilla/5.0 (compatible; YandexBot/3.0; +http://yandex.com/bots)"
141.8.183.17 - - [05/Aug/2019:01:59:56 +0200] "GET /robots.txt HTTP/1.1" 301 319 "-" "Mozilla/5.0 (compatible; YandexBot/3.0; +http://yandex.com/bots)"
13.66.139.1 - - [05/Aug/2019:02:07:01 +0200] "GET /robots.txt HTTP/1.1" 301 323 "-" "Mozilla/5.0 (compatible; bingbot/2.0; +http://www.bing.com/bingbot.htm)"
141.8.183.17 - - [05/Aug/2019:02:09:56 +0200] "GET /robots.txt HTTP/1.1" 301 319 "-" "Mozilla/5.0 (compatible; YandexBot/3.0; +http://yandex.com/bots)"
207.46.13.174 - - [05/Aug/2019:02:11:06 +0200] "GET /doc/tisza-to_szoroanyag_2012.pdf HTTP/1.1" 301 341 "-" "Mozilla/5.0 (iPhone; CPU iPhone OS 7_0 like Mac OS X) AppleWebKit/537.51.1 (KHTML, like Gecko) Version/7.0 Mobile/11A465 Safari/9537.53 (compatible; bingbot/2.0; +http://www.bing.com/bingbot.htm)"
13.66.139.1 - - [05/Aug/2019:02:11:43 +0200] "GET /robots.txt HTTP/1.1" 301 323 "-" "Mozilla/5.0 (compatible; bingbot/2.0; +http://www.bing.com/bingbot.htm)"
13.66.139.1 - - [05/Aug/2019:02:12:45 +0200] "GET /robots.txt HTTP/1.1" 301 323 "-" "Mozilla/5.0 (compatible; bingbot/2.0; +http://www.bing.com/bingbot.htm)"
13.66.139.0 - - [05/Aug/2019:02:12:48 +0200] "GET /doc/T&E_junius2009.pdf HTTP/1.1" 301 339 "-" "Mozilla/5.0 (compatible; bingbot/2.0; +http://www.bing.com/bingbot.htm)"
180.76.15.20 - - [05/Aug/2019:02:13:19 +0200] "GET /robots.txt HTTP/1.1" 301 319 "-" "Mozilla/5.0 (Windows NT 5.1; rv:6.0.2) Gecko/20100101 Firefox/6.0.2"
180.76.15.18 - - [05/Aug/2019:02:13:19 +0200] "GET /robots.txt HTTP/1.1" 301 319 "-" "Mozilla/5.0 (Windows NT 5.1; rv:6.0.2) Gecko/20100101 Firefox/6.0.2"
180.76.15.160 - - [05/Aug/2019:02:33:33 +0200] "GET / HTTP/1.1" 301 309 "-" "Mozilla/5.0 (compatible; Baiduspider/2.0; +http://www.baidu.com/search/spider.html)"
207.46.13.174 - - [05/Aug/2019:03:07:05 +0200] "GET /hirlevel/vonattal1603.html HTTP/1.1" 301 335 "-" "Mozilla/5.0 (compatible; bingbot/2.0; +http://www.bing.com/bingbot.htm)"
157.55.39.13 - - [05/Aug/2019:03:08:47 +0200] "GET /robots.txt HTTP/1.1" 301 323 "-" "Mozilla/5.0 (compatible; bingbot/2.0; +http://www.bing.com/bingbot.htm)"
157.55.39.253 - - [05/Aug/2019:03:10:18 +0200] "GET /doc/eletet-a-vasutnak.pdf HTTP/1.1" 301 338 "-" "Mozilla/5.0 (iPhone; CPU iPhone OS 7_0 like Mac OS X) AppleWebKit/537.51.1 (KHTML, like Gecko) Version/7.0 Mobile/11A465 Safari/9537.53 (compatible; bingbot/2.0; +http://www.bing.com/bingbot.htm)"
78.46.63.108 - - [05/Aug/2019:04:13:36 +0200] "GET /robots.txt HTTP/1.1" 301 319 "-" "Mozilla/5.0 (compatible; MJ12bot/v1.4.8; http://mj12bot.com/)"
78.46.63.108 - - [05/Aug/2019:04:13:38 +0200] "GET / HTTP/1.1" 301 309 "-" "Mozilla/5.0 (compatible; MJ12bot/v1.4.8; http://mj12bot.com/)"
78.46.63.108 - - [05/Aug/2019:04:13:41 +0200] "GET /robots.txt HTTP/1.1" 301 323 "-" "Mozilla/5.0 (compatible; MJ12bot/v1.4.8; http://mj12bot.com/)"
78.46.63.108 - - [05/Aug/2019:04:13:42 +0200] "GET / HTTP/1.1" 301 313 "-" "Mozilla/5.0 (compatible; MJ12bot/v1.4.8; http://mj12bot.com/)"
157.55.39.253 - - [05/Aug/2019:04:14:48 +0200] "GET /hirlevel/vonattal1107.htm HTTP/1.1" 301 334 "-" "Mozilla/5.0 (compatible; bingbot/2.0; +http://www.bing.com/bingbot.htm)"
207.46.13.211 - - [05/Aug/2019:05:31:52 +0200] "GET /hirlevel/vonattal1512.html HTTP/1.1" 301 335 "-" "Mozilla/5.0 (compatible; bingbot/2.0; +http://www.bing.com/bingbot.htm)"
37.9.113.81 - - [05/Aug/2019:06:00:48 +0200] "GET /robots.txt HTTP/1.1" 301 323 "-" "Mozilla/5.0 (compatible; YandexBot/3.0; +http://yandex.com/bots)"
141.8.183.17 - - [05/Aug/2019:06:00:53 +0200] "GET /robots.txt HTTP/1.1" 301 323 "-" "Mozilla/5.0 (compatible; YandexBot/3.0; +http://yandex.com/bots)"
178.154.171.90 - - [05/Aug/2019:06:00:58 +0200] "GET /robots.txt HTTP/1.1" 301 323 "-" "Mozilla/5.0 (compatible; YandexBot/3.0; +http://yandex.com/bots)"
37.9.113.24 - - [05/Aug/2019:06:01:03 +0200] "GET /robots.txt HTTP/1.1" 301 323 "-" "Mozilla/5.0 (compatible; YandexBot/3.0; +http://yandex.com/bots)"
93.158.166.8 - - [05/Aug/2019:06:01:19 +0200] "GET /robots.txt HTTP/1.1" 301 323 "-" "Mozilla/5.0 (compatible; YandexBot/3.0; +http://yandex.com/bots)"
178.154.200.34 - - [05/Aug/2019:06:01:34 +0200] "GET /robots.txt HTTP/1.1" 301 323 "-" "Mozilla/5.0 (compatible; YandexBot/3.0; +http://yandex.com/bots)"
178.154.171.18 - - [05/Aug/2019:06:02:04 +0200] "GET /robots.txt HTTP/1.1" 301 323 "-" "Mozilla/5.0 (compatible; YandexBot/3.0; +http://yandex.com/bots)"
141.8.142.171 - - [05/Aug/2019:06:03:04 +0200] "GET /robots.txt HTTP/1.1" 301 323 "-" "Mozilla/5.0 (compatible; YandexBot/3.0; +http://yandex.com/bots)"
37.9.113.87 - - [05/Aug/2019:06:04:05 +0200] "GET /robots.txt HTTP/1.1" 301 323 "-" "Mozilla/5.0 (compatible; YandexBot/3.0; +http://yandex.com/bots)"
141.8.142.170 - - [05/Aug/2019:06:06:05 +0200] "GET /robots.txt HTTP/1.1" 301 323 "-" "Mozilla/5.0 (compatible; YandexBot/3.0; +http://yandex.com/bots)"
141.8.142.67 - - [05/Aug/2019:06:09:05 +0200] "GET /robots.txt HTTP/1.1" 301 323 "-" "Mozilla/5.0 (compatible; YandexBot/3.0; +http://yandex.com/bots)"
178.154.200.35 - - [05/Aug/2019:06:14:05 +0200] "GET /robots.txt HTTP/1.1" 301 323 "-" "Mozilla/5.0 (compatible; YandexBot/3.0; +http://yandex.com/bots)"
95.108.213.22 - - [05/Aug/2019:06:22:05 +0200] "GET /robots.txt HTTP/1.1" 301 323 "-" "Mozilla/5.0 (compatible; YandexBot/3.0; +http://yandex.com/bots)"
95.108.181.88 - - [05/Aug/2019:06:32:05 +0200] "GET /robots.txt HTTP/1.1" 301 323 "-" "Mozilla/5.0 (compatible; YandexBot/3.0; +http://yandex.com/bots)"
178.154.200.63 - - [05/Aug/2019:06:42:06 +0200] "GET /robots.txt HTTP/1.1" 301 323 "-" "Mozilla/5.0 (compatible; YandexBot/3.0; +http://yandex.com/bots)"
141.8.142.114 - - [05/Aug/2019:06:52:06 +0200] "GET /robots.txt HTTP/1.1" 301 323 "-" "Mozilla/5.0 (compatible; YandexBot/3.0; +http://yandex.com/bots)"
157.55.39.253 - - [05/Aug/2019:06:54:15 +0200] "GET /doc/ttft.pdf HTTP/1.1" 301 321 "-" "Mozilla/5.0 (iPhone; CPU iPhone OS 7_0 like Mac OS X) AppleWebKit/537.51.1 (KHTML, like Gecko) Version/7.0 Mobile/11A465 Safari/9537.53 (compatible; bingbot/2.0; +http://www.bing.com/bingbot.htm)"
141.8.183.17 - - [05/Aug/2019:07:02:06 +0200] "GET /robots.txt HTTP/1.1" 301 323 "-" "Mozilla/5.0 (compatible; YandexBot/3.0; +http://yandex.com/bots)"
141.8.183.17 - - [05/Aug/2019:07:12:06 +0200] "GET /robots.txt HTTP/1.1" 301 323 "-" "Mozilla/5.0 (compatible; YandexBot/3.0; +http://yandex.com/bots)"
207.46.13.114 - - [05/Aug/2019:07:18:07 +0200] "GET /doc/vonatrafel_c.pdf HTTP/1.1" 301 333 "-" "Mozilla/5.0 (iPhone; CPU iPhone OS 7_0 like Mac OS X) AppleWebKit/537.51.1 (KHTML, like Gecko) Version/7.0 Mobile/11A465 Safari/9537.53 (compatible; bingbot/2.0; +http://www.bing.com/bingbot.htm)"
141.8.183.17 - - [05/Aug/2019:07:22:06 +0200] "GET /robots.txt HTTP/1.1" 301 323 "-" "Mozilla/5.0 (compatible; YandexBot/3.0; +http://yandex.com/bots)"
31.13.127.18 - - [05/Aug/2019:07:31:08 +0200] "GET /mkk_banner.png HTTP/1.1" 301 327 "-" "facebookexternalhit/1.1 (+http://www.facebook.com/externalhit_uatext.php)"
141.8.183.17 - - [05/Aug/2019:07:32:07 +0200] "GET /robots.txt HTTP/1.1" 301 323 "-" "Mozilla/5.0 (compatible; YandexBot/3.0; +http://yandex.com/bots)"
141.8.183.17 - - [05/Aug/2019:07:42:07 +0200] "GET /robots.txt HTTP/1.1" 301 323 "-" "Mozilla/5.0 (compatible; YandexBot/3.0; +http://yandex.com/bots)"
141.8.183.17 - - [05/Aug/2019:07:52:07 +0200] "GET /robots.txt HTTP/1.1" 301 323 "-" "Mozilla/5.0 (compatible; YandexBot/3.0; +http://yandex.com/bots)"
141.8.183.17 - - [05/Aug/2019:08:02:07 +0200] "GET /robots.txt HTTP/1.1" 301 323 "-" "Mozilla/5.0 (compatible; YandexBot/3.0; +http://yandex.com/bots)"
141.8.183.17 - - [05/Aug/2019:08:12:07 +0200] "GET /robots.txt HTTP/1.1" 301 323 "-" "Mozilla/5.0 (compatible; YandexBot/3.0; +http://yandex.com/bots)"
141.8.183.17 - - [05/Aug/2019:08:14:22 +0200] "GET /robots.txt HTTP/1.1" 301 319 "-" "Mozilla/5.0 (compatible; YandexBot/3.0; +http://yandex.com/bots)"
178.154.171.90 - - [05/Aug/2019:08:14:27 +0200] "GET /robots.txt HTTP/1.1" 301 319 "-" "Mozilla/5.0 (compatible; YandexBot/3.0; +http://yandex.com/bots)"
141.8.142.171 - - [05/Aug/2019:08:14:32 +0200] "GET /robots.txt HTTP/1.1" 301 319 "-" "Mozilla/5.0 (compatible; YandexBot/3.0; +http://yandex.com/bots)"
37.9.113.81 - - [05/Aug/2019:08:14:38 +0200] "GET /robots.txt HTTP/1.1" 301 319 "-" "Mozilla/5.0 (compatible; YandexBot/3.0; +http://yandex.com/bots)"
178.154.200.34 - - [05/Aug/2019:08:14:53 +0200] "GET /robots.txt HTTP/1.1" 301 319 "-" "Mozilla/5.0 (compatible; YandexBot/3.0; +http://yandex.com/bots)"
141.8.132.18 - - [05/Aug/2019:08:15:08 +0200] "GET /robots.txt HTTP/1.1" 301 319 "-" "Mozilla/5.0 (compatible; YandexBot/3.0; +http://yandex.com/bots)"
141.8.142.136 - - [05/Aug/2019:08:15:38 +0200] "GET /robots.txt HTTP/1.1" 301 319 "-" "Mozilla/5.0 (compatible; YandexBot/3.0; +http://yandex.com/bots)"
141.8.142.67 - - [05/Aug/2019:08:16:38 +0200] "GET /robots.txt HTTP/1.1" 301 319 "-" "Mozilla/5.0 (compatible; YandexBot/3.0; +http://yandex.com/bots)"
5.255.253.13 - - [05/Aug/2019:08:17:38 +0200] "GET /robots.txt HTTP/1.1" 301 319 "-" "Mozilla/5.0 (compatible; YandexBot/3.0; +http://yandex.com/bots)"
141.8.142.126 - - [05/Aug/2019:08:19:38 +0200] "GET /robots.txt HTTP/1.1" 301 319 "-" "Mozilla/5.0 (compatible; YandexBot/3.0; +http://yandex.com/bots)"
141.8.183.17 - - [05/Aug/2019:08:22:07 +0200] "GET /robots.txt HTTP/1.1" 301 323 "-" "Mozilla/5.0 (compatible; YandexBot/3.0; +http://yandex.com/bots)"
93.158.166.3 - - [05/Aug/2019:08:22:39 +0200] "GET /robots.txt HTTP/1.1" 301 319 "-" "Mozilla/5.0 (compatible; YandexBot/3.0; +http://yandex.com/bots)"
141.8.188.24 - - [05/Aug/2019:08:27:39 +0200] "GET /robots.txt HTTP/1.1" 301 319 "-" "Mozilla/5.0 (compatible; YandexBot/3.0; +http://yandex.com/bots)"
141.8.183.17 - - [05/Aug/2019:08:32:08 +0200] "GET /robots.txt HTTP/1.1" 301 323 "-" "Mozilla/5.0 (compatible; YandexBot/3.0; +http://yandex.com/bots)"
37.9.113.38 - - [05/Aug/2019:08:35:39 +0200] "GET /robots.txt HTTP/1.1" 301 319 "-" "Mozilla/5.0 (compatible; YandexBot/3.0; +http://yandex.com/bots)"
141.8.183.17 - - [05/Aug/2019:08:42:08 +0200] "GET /robots.txt HTTP/1.1" 301 323 "-" "Mozilla/5.0 (compatible; YandexBot/3.0; +http://yandex.com/bots)"
37.9.113.118 - - [05/Aug/2019:08:45:39 +0200] "GET /robots.txt HTTP/1.1" 301 319 "-" "Mozilla/5.0 (compatible; YandexBot/3.0; +http://yandex.com/bots)"
141.8.183.17 - - [05/Aug/2019:08:52:08 +0200] "GET /robots.txt HTTP/1.1" 301 323 "-" "Mozilla/5.0 (compatible; YandexBot/3.0; +http://yandex.com/bots)"
5.45.207.35 - - [05/Aug/2019:08:55:39 +0200] "GET /robots.txt HTTP/1.1" 301 319 "-" "Mozilla/5.0 (compatible; YandexBot/3.0; +http://yandex.com/bots)"
141.8.183.17 - - [05/Aug/2019:09:02:08 +0200] "GET /robots.txt HTTP/1.1" 301 323 "-" "Mozilla/5.0 (compatible; YandexBot/3.0; +http://yandex.com/bots)"
157.55.39.253 - - [05/Aug/2019:09:03:01 +0200] "GET /doc/ttft.pdf HTTP/1.1" 301 321 "-" "Mozilla/5.0 (compatible; bingbot/2.0; +http://www.bing.com/bingbot.htm)"
95.108.181.111 - - [05/Aug/2019:09:05:39 +0200] "GET /robots.txt HTTP/1.1" 301 319 "-" "Mozilla/5.0 (compatible; YandexBot/3.0; +http://yandex.com/bots)"
95.108.181.78 - - [05/Aug/2019:09:15:40 +0200] "GET /robots.txt HTTP/1.1" 301 319 "-" "Mozilla/5.0 (compatible; YandexBot/3.0; +http://yandex.com/bots)"
141.8.183.17 - - [05/Aug/2019:09:25:40 +0200] "GET /robots.txt HTTP/1.1" 301 319 "-" "Mozilla/5.0 (compatible; YandexBot/3.0; +http://yandex.com/bots)"
141.8.183.17 - - [05/Aug/2019:09:35:40 +0200] "GET /robots.txt HTTP/1.1" 301 319 "-" "Mozilla/5.0 (compatible; YandexBot/3.0; +http://yandex.com/bots)"
141.8.183.17 - - [05/Aug/2019:09:45:40 +0200] "GET /robots.txt HTTP/1.1" 301 319 "-" "Mozilla/5.0 (compatible; YandexBot/3.0; +http://yandex.com/bots)"
141.8.183.17 - - [05/Aug/2019:09:55:40 +0200] "GET /robots.txt HTTP/1.1" 301 319 "-" "Mozilla/5.0 (compatible; YandexBot/3.0; +http://yandex.com/bots)"
141.8.183.17 - - [05/Aug/2019:10:05:41 +0200] "GET /robots.txt HTTP/1.1" 301 319 "-" "Mozilla/5.0 (compatible; YandexBot/3.0; +http://yandex.com/bots)"
123.126.113.157 - - [05/Aug/2019:10:12:49 +0200] "GET /robots.txt HTTP/1.1" 301 319 "-" "Sogou web spider/4.0(+http://www.sogou.com/docs/help/webmasters.htm#07)"
123.126.113.157 - - [05/Aug/2019:10:12:50 +0200] "GET / HTTP/1.1" 301 309 "-" "Sogou web spider/4.0(+http://www.sogou.com/docs/help/webmasters.htm#07)"
141.8.183.17 - - [05/Aug/2019:10:15:41 +0200] "GET /robots.txt HTTP/1.1" 301 319 "-" "Mozilla/5.0 (compatible; YandexBot/3.0; +http://yandex.com/bots)"
141.8.183.17 - - [05/Aug/2019:10:19:10 +0200] "GET /robots.txt HTTP/1.1" 301 323 "-" "Mozilla/5.0 (compatible; YandexBot/3.0; +http://yandex.com/bots)"
5.255.253.13 - - [05/Aug/2019:10:19:15 +0200] "GET /robots.txt HTTP/1.1" 301 323 "-" "Mozilla/5.0 (compatible; YandexBot/3.0; +http://yandex.com/bots)"
178.154.200.17 - - [05/Aug/2019:10:19:19 +0200] "GET /robots.txt HTTP/1.1" 301 323 "-" "Mozilla/5.0 (compatible; YandexBot/3.0; +http://yandex.com/bots)"
