52.167.144.136 - - [01/Apr/2023:00:07:09 +0200] "GET /robots.txt HTTP/1.1" 301 319 "-" "Mozilla/5.0 AppleWebKit/537.36 (KHTML, like Gecko; compatible; bingbot/2.0; +http://www.bing.com/bingbot.htm) Chrome/103.0.5060.134 Safari/537.36"
40.77.167.176 - - [01/Apr/2023:00:07:17 +0200] "GET /hirlevel/vonattal1207.htm HTTP/1.1" 301 334 "-" "Mozilla/5.0 AppleWebKit/537.36 (KHTML, like Gecko; compatible; bingbot/2.0; +http://www.bing.com/bingbot.htm) Chrome/103.0.5060.134 Safari/537.36"
34.171.169.104 - - [01/Apr/2023:00:14:23 +0200] "GET / HTTP/1.1" 301 309 "-" "Mozilla/5.0 (X11; Linux x86_64) AppleWebKit/537.36 (KHTML, like Gecko) Chrome/114.0.0.0 Safari/537.36"
35.208.65.204 - - [01/Apr/2023:02:51:02 +0200] "HEAD / HTTP/1.1" 301 0 "-" "scalaj-http/2.4.2"
35.208.65.204 - - [01/Apr/2023:02:51:03 +0200] "GET / HTTP/1.1" 301 309 "-" "Buck/2.3.2; (+https://app.hypefactors.com/media-monitoring/about.html)"
35.208.65.204 - - [01/Apr/2023:02:51:05 +0200] "GET /sitemap.xml HTTP/1.1" 301 320 "-" "Buck/2.3.2; (+https://app.hypefactors.com/media-monitoring/about.html)"
52.167.144.39 - - [01/Apr/2023:02:54:30 +0200] "GET / HTTP/1.1" 301 313 "-" "Mozilla/5.0 AppleWebKit/537.36 (KHTML, like Gecko; compatible; bingbot/2.0; +http://www.bing.com/bingbot.htm) Chrome/103.0.5060.134 Safari/537.36"
144.76.23.74 - - [01/Apr/2023:03:15:01 +0200] "GET /robots.txt HTTP/1.1" 301 319 "-" "Mozilla/5.0 (Windows NT 10.0; Win64; x64; trendictionbot0.5.0; trendiction search; http://www.trendiction.de/bot; please let us know of any problems; web at trendiction.com) Gecko/20170101 Firefox/67.0"
144.76.23.74 - - [01/Apr/2023:03:15:03 +0200] "GET / HTTP/1.1" 301 309 "-" "Mozilla/5.0 (Windows NT 10.0; Win64; x64; trendictionbot0.5.0; trendiction search; http://www.trendiction.de/bot; please let us know of any problems; web at trendiction.com) Gecko/20170101 Firefox/67.0"
66.249.64.106 - - [01/Apr/2023:06:24:45 +0200] "GET /robots.txt HTTP/1.1" 301 319 "-" "Mozilla/5.0 (compatible; Googlebot/2.1; +http://www.google.com/bot.html)"
66.249.64.104 - - [01/Apr/2023:06:24:45 +0200] "GET /hirlevel/images/1206_6.jpg HTTP/1.1" 301 335 "-" "Googlebot-Image/1.0"
95.108.213.80 - - [01/Apr/2023:06:38:59 +0200] "GET /robots.txt HTTP/1.1" 301 319 "-" "Mozilla/5.0 (compatible; YandexBot/3.0; +http://yandex.com/bots)"
213.180.203.132 - - [01/Apr/2023:06:38:59 +0200] "GET /doc/onkentesseghete.pdf HTTP/1.1" 301 332 "-" "Mozilla/5.0 (compatible; YandexBot/3.0; +http://yandex.com/bots)"
188.166.223.161 - - [01/Apr/2023:07:46:46 +0200] "GET / HTTP/1.1" 301 309 "-" "Mozilla/5.0 (Windows NT 10.0; Win64; x64) AppleWebKit/537.36 (KHTML, like Gecko) Chrome/79.0 Safari/537.36"
188.156.128.97 - - [01/Apr/2023:09:25:53 +0200] "GET /doc/budapest-kornyeken-vasuttal.jpg HTTP/1.1" 301 344 "-" "com.google.GoogleMobile/256.2 iPhone/16.4 hw/iPhone13_3"
52.167.144.136 - - [01/Apr/2023:10:32:05 +0200] "GET /robots.txt HTTP/1.1" 301 319 "-" "Mozilla/5.0 AppleWebKit/537.36 (KHTML, like Gecko; compatible; bingbot/2.0; +http://www.bing.com/bingbot.htm) Chrome/103.0.5060.134 Safari/537.36"
52.167.144.148 - - [01/Apr/2023:10:32:15 +0200] "GET /doc/mkk_eger_tanulmany_2014.pdf HTTP/1.1" 301 340 "-" "Mozilla/5.0 AppleWebKit/537.36 (KHTML, like Gecko; compatible; bingbot/2.0; +http://www.bing.com/bingbot.htm) Chrome/103.0.5060.134 Safari/537.36"
52.167.144.39 - - [01/Apr/2023:10:50:35 +0200] "GET / HTTP/1.1" 301 309 "-" "Mozilla/5.0 AppleWebKit/537.36 (KHTML, like Gecko; compatible; bingbot/2.0; +http://www.bing.com/bingbot.htm) Chrome/103.0.5060.134 Safari/537.36"
95.108.213.179 - - [01/Apr/2023:12:48:57 +0200] "GET /robots.txt HTTP/1.1" 301 323 "-" "Mozilla/5.0 (compatible; YandexBot/3.0; +http://yandex.com/bots)"
5.255.231.28 - - [01/Apr/2023:12:48:58 +0200] "GET / HTTP/1.1" 301 313 "-" "Mozilla/5.0 (compatible; YandexBot/3.0; +http://yandex.com/bots)"
54.216.221.69 - - [01/Apr/2023:13:58:14 +0200] "GET / HTTP/1.0" 301 301 "-" "Mozilla/5.0 (compatible; NetcraftSurveyAgent/1.0; +info@netcraft.com)"
188.156.128.97 - - [01/Apr/2023:14:18:01 +0200] "GET /doc/budapest-kornyeken-vasuttal.jpg HTTP/1.1" 301 344 "-" "com.google.GoogleMobile/256.2 iPhone/16.4 hw/iPhone13_3"
213.180.203.27 - - [01/Apr/2023:14:54:10 +0200] "GET /robots.txt HTTP/1.1" 301 319 "-" "Mozilla/5.0 (compatible; YandexBot/3.0; +http://yandex.com/bots)"
5.255.231.154 - - [01/Apr/2023:14:54:11 +0200] "GET / HTTP/1.1" 301 309 "-" "Mozilla/5.0 (compatible; YandexBot/3.0; +http://yandex.com/bots)"
95.108.213.184 - - [01/Apr/2023:14:56:15 +0200] "GET / HTTP/1.1" 301 309 "-" "Mozilla/5.0 (compatible; YandexBot/3.0; +http://yandex.com/bots)"
5.255.231.23 - - [01/Apr/2023:15:44:55 +0200] "GET /robots.txt HTTP/1.1" 301 319 "-" "Mozilla/5.0 (compatible; YandexBot/3.0; +http://yandex.com/bots)"
5.255.231.147 - - [01/Apr/2023:15:44:55 +0200] "GET / HTTP/1.1" 301 309 "-" "Mozilla/5.0 (compatible; YandexBot/3.0; +http://yandex.com/bots)"
188.156.128.97 - - [01/Apr/2023:15:52:50 +0200] "GET /doc/budapest-kornyeken-vasuttal.jpg HTTP/1.1" 301 344 "-" "com.google.GoogleMobile/256.2 iPhone/16.4 hw/iPhone13_3"
66.249.66.41 - - [01/Apr/2023:16:29:09 +0200] "GET /robots.txt HTTP/1.1" 301 323 "-" "Mozilla/5.0 (compatible; Googlebot/2.1; +http://www.google.com/bot.html)"
66.249.66.5 - - [01/Apr/2023:16:29:09 +0200] "GET /images/vasutterkep_n.jpg HTTP/1.1" 301 337 "-" "Googlebot-Image/1.0"
52.167.144.136 - - [01/Apr/2023:18:07:22 +0200] "GET /robots.txt HTTP/1.1" 301 323 "-" "Mozilla/5.0 AppleWebKit/537.36 (KHTML, like Gecko; compatible; bingbot/2.0; +http://www.bing.com/bingbot.htm) Chrome/103.0.5060.134 Safari/537.36"
52.167.144.39 - - [01/Apr/2023:18:07:27 +0200] "GET / HTTP/1.1" 301 313 "-" "Mozilla/5.0 AppleWebKit/537.36 (KHTML, like Gecko; compatible; bingbot/2.0; +http://www.bing.com/bingbot.htm) Chrome/103.0.5060.134 Safari/537.36"
188.156.128.97 - - [01/Apr/2023:20:30:56 +0200] "GET /doc/budapest-kornyeken-vasuttal.jpg HTTP/1.1" 301 344 "-" "com.google.GoogleMobile/256.2 iPhone/16.4 hw/iPhone13_3"
188.156.128.97 - - [01/Apr/2023:21:08:19 +0200] "GET /doc/budapest-kornyeken-vasuttal.jpg HTTP/1.1" 301 344 "-" "com.google.GoogleMobile/256.2 iPhone/16.4 hw/iPhone13_3"
52.167.144.39 - - [01/Apr/2023:22:45:14 +0200] "GET / HTTP/1.1" 301 309 "-" "Mozilla/5.0 AppleWebKit/537.36 (KHTML, like Gecko; compatible; bingbot/2.0; +http://www.bing.com/bingbot.htm) Chrome/103.0.5060.134 Safari/537.36"
35.208.21.69 - - [01/Apr/2023:23:56:02 +0200] "HEAD / HTTP/1.1" 301 0 "-" "scalaj-http/2.4.2"
35.208.21.69 - - [01/Apr/2023:23:56:02 +0200] "GET / HTTP/1.1" 301 309 "-" "Buck/2.3.2; (+https://app.hypefactors.com/media-monitoring/about.html)"
35.208.21.69 - - [01/Apr/2023:23:56:04 +0200] "GET /sitemap.xml HTTP/1.1" 301 320 "-" "Buck/2.3.2; (+https://app.hypefactors.com/media-monitoring/about.html)"
66.249.66.6 - - [02/Apr/2023:00:26:14 +0200] "GET /doc/recsk200702.pdf HTTP/1.1" 301 332 "-" "Mozilla/5.0 (Linux; Android 6.0.1; Nexus 5X Build/MMB29P) AppleWebKit/537.36 (KHTML, like Gecko) Chrome/111.0.5563.146 Mobile Safari/537.36 (compatible; Googlebot/2.1; +http://www.google.com/bot.html)"
220.181.108.145 - - [02/Apr/2023:01:01:10 +0200] "GET /doc/vasuttal-budapest-kornyeken.pdf HTTP/1.1" 301 348 "-" "Mozilla/5.0 (compatible; Baiduspider/2.0; +http://www.baidu.com/search/spider.html)"
220.181.51.118 - - [02/Apr/2023:01:01:12 +0200] "GET /robots.txt HTTP/1.1" 301 323 "-" "Mozilla/5.0 (Windows NT 10.0; WOW64) AppleWebKit/537.36 (KHTML, like Gecko) Chrome/48.0.2564.116 Safari/537.36"
220.181.51.120 - - [02/Apr/2023:01:01:26 +0200] "GET /robots.txt HTTP/1.1" 301 323 "-" "Mozilla/5.0 (Windows NT 10.0; WOW64) AppleWebKit/537.36 (KHTML, like Gecko) Chrome/48.0.2564.116 Safari/537.36"
35.225.226.57 - - [02/Apr/2023:02:58:35 +0200] "GET / HTTP/1.1" 301 309 "-" "Mozilla/5.0 (X11; Linux x86_64) AppleWebKit/537.36 (KHTML, like Gecko) Chrome/114.0.0.0 Safari/537.36"
198.235.24.178 - - [02/Apr/2023:03:31:10 +0200] "GET / HTTP/1.1" 301 313 "-" "-"
52.167.144.136 - - [02/Apr/2023:03:50:32 +0200] "GET /robots.txt HTTP/1.1" 301 323 "-" "Mozilla/5.0 AppleWebKit/537.36 (KHTML, like Gecko; compatible; bingbot/2.0; +http://www.bing.com/bingbot.htm) Chrome/103.0.5060.134 Safari/537.36"
52.167.144.39 - - [02/Apr/2023:03:50:42 +0200] "GET / HTTP/1.1" 301 313 "-" "Mozilla/5.0 AppleWebKit/537.36 (KHTML, like Gecko; compatible; bingbot/2.0; +http://www.bing.com/bingbot.htm) Chrome/103.0.5060.134 Safari/537.36"
192.42.116.210 - - [02/Apr/2023:06:52:10 +0200] "GET /wp-login.php HTTP/1.1" 301 321 "-" "Mozilla/5.0 (Windows NT 6.1) AppleWebKit/537.36 (KHTML, like Gecko) Chrome/27.0.1453.93 Safari/537.36"
52.167.144.39 - - [02/Apr/2023:11:51:19 +0200] "GET / HTTP/1.1" 301 309 "-" "Mozilla/5.0 AppleWebKit/537.36 (KHTML, like Gecko; compatible; bingbot/2.0; +http://www.bing.com/bingbot.htm) Chrome/103.0.5060.134 Safari/537.36"
20.163.99.34 - - [02/Apr/2023:16:07:34 +0200] "GET / HTTP/1.1" 301 309 "-" "Mozilla/5.0 (Linux; U; Android 4.4.2; en-US; HM NOTE 1W Build/KOT49H) AppleWebKit/534.30 (KHTML, like Gecko) Version/4.0 UCBrowser/11.0.5.850 U3/0.8.0 Mobile Safari/534.30"
20.163.99.34 - - [02/Apr/2023:16:07:35 +0200] "GET /.env HTTP/1.1" 301 313 "-" "Mozilla/5.0 (Linux; U; Android 4.4.2; en-US; HM NOTE 1W Build/KOT49H) AppleWebKit/534.30 (KHTML, like Gecko) Version/4.0 UCBrowser/11.0.5.850 U3/0.8.0 Mobile Safari/534.30"
20.163.99.34 - - [02/Apr/2023:16:07:35 +0200] "POST / HTTP/1.1" 301 309 "-" "Mozilla/5.0 (Linux; U; Android 4.4.2; en-US; HM NOTE 1W Build/KOT49H) AppleWebKit/534.30 (KHTML, like Gecko) Version/4.0 UCBrowser/11.0.5.850 U3/0.8.0 Mobile Safari/534.30"
20.163.99.34 - - [02/Apr/2023:16:07:36 +0200] "GET /_profiler/phpinfo HTTP/1.1" 301 326 "-" "Mozilla/5.0 (Linux; U; Android 4.4.2; en-US; HM NOTE 1W Build/KOT49H) AppleWebKit/534.30 (KHTML, like Gecko) Version/4.0 UCBrowser/11.0.5.850 U3/0.8.0 Mobile Safari/534.30"
20.163.99.34 - - [02/Apr/2023:16:07:36 +0200] "GET /debug/default/view?panel=config HTTP/1.1" 301 340 "-" "Mozilla/5.0 (Linux; U; Android 4.4.2; en-US; HM NOTE 1W Build/KOT49H) AppleWebKit/534.30 (KHTML, like Gecko) Version/4.0 UCBrowser/11.0.5.850 U3/0.8.0 Mobile Safari/534.30"
20.163.99.34 - - [02/Apr/2023:16:07:36 +0200] "GET /config.json HTTP/1.1" 301 320 "-" "Mozilla/5.0 (Linux; U; Android 4.4.2; en-US; HM NOTE 1W Build/KOT49H) AppleWebKit/534.30 (KHTML, like Gecko) Version/4.0 UCBrowser/11.0.5.850 U3/0.8.0 Mobile Safari/534.30"
20.163.99.34 - - [02/Apr/2023:16:07:37 +0200] "GET /.git/config HTTP/1.1" 301 320 "-" "Mozilla/5.0 (Linux; U; Android 4.4.2; en-US; HM NOTE 1W Build/KOT49H) AppleWebKit/534.30 (KHTML, like Gecko) Version/4.0 UCBrowser/11.0.5.850 U3/0.8.0 Mobile Safari/534.30"
188.156.128.97 - - [02/Apr/2023:17:14:05 +0200] "GET /doc/budapest-kornyeken-vasuttal.jpg HTTP/1.1" 301 344 "-" "com.google.GoogleMobile/256.2 iPhone/16.4 hw/iPhone13_3"
123.125.109.106 - - [02/Apr/2023:18:23:08 +0200] "GET /robots.txt HTTP/1.1" 301 319 "-" "Sogou web spider/4.0(+http://www.sogou.com/docs/help/webmasters.htm#07)"
217.85.132.225 - - [02/Apr/2023:19:28:15 +0200] "GET /images/vasutterkep_n.jpg HTTP/1.1" 301 337 "-" "Mozilla/5.0 (X11; Linux x86_64) AppleWebKit/537.36 (KHTML, like Gecko) Version/4.0 Chrome/94.0.4606.71 Safari/537.36"
217.85.132.225 - - [02/Apr/2023:19:28:16 +0200] "GET /doc/b2_201203.jpg HTTP/1.1" 301 326 "-" "Mozilla/5.0 (X11; Linux x86_64) AppleWebKit/537.36 (KHTML, like Gecko) Version/4.0 Chrome/94.0.4606.71 Safari/537.36"
52.167.144.136 - - [02/Apr/2023:19:30:06 +0200] "GET /robots.txt HTTP/1.1" 301 323 "-" "Mozilla/5.0 AppleWebKit/537.36 (KHTML, like Gecko; compatible; bingbot/2.0; +http://www.bing.com/bingbot.htm) Chrome/103.0.5060.134 Safari/537.36"
52.167.144.39 - - [02/Apr/2023:19:30:11 +0200] "GET / HTTP/1.1" 301 313 "-" "Mozilla/5.0 AppleWebKit/537.36 (KHTML, like Gecko; compatible; bingbot/2.0; +http://www.bing.com/bingbot.htm) Chrome/103.0.5060.134 Safari/537.36"
66.249.64.104 - - [02/Apr/2023:19:43:34 +0200] "GET /robots.txt HTTP/1.1" 301 319 "-" "Mozilla/5.0 (compatible; Googlebot/2.1; +http://www.google.com/bot.html)"
66.249.64.104 - - [02/Apr/2023:19:43:35 +0200] "GET /doc/2_mell_fuzesabony_szilvasvarad.pdf HTTP/1.1" 301 347 "-" "Mozilla/5.0 (Windows NT 10.0; Win64; x64)AppleWebKit/537.36 (KHTML, like Gecko) Chrome/91.0.4472.101 Safari/537.36 (compatible; GoogleOther)"
35.209.145.65 - - [02/Apr/2023:20:16:02 +0200] "HEAD / HTTP/1.1" 301 0 "-" "scalaj-http/2.4.2"
35.209.145.65 - - [02/Apr/2023:20:16:02 +0200] "GET / HTTP/1.1" 301 309 "-" "Buck/2.3.2; (+https://app.hypefactors.com/media-monitoring/about.html)"
35.209.145.65 - - [02/Apr/2023:20:16:04 +0200] "GET /sitemap.xml HTTP/1.1" 301 320 "-" "Buck/2.3.2; (+https://app.hypefactors.com/media-monitoring/about.html)"
144.76.23.74 - - [02/Apr/2023:20:43:01 +0200] "GET /robots.txt HTTP/1.1" 301 319 "-" "Mozilla/5.0 (Windows NT 10.0; Win64; x64; trendictionbot0.5.0; trendiction search; http://www.trendiction.de/bot; please let us know of any problems; web at trendiction.com) Gecko/20170101 Firefox/67.0"
144.76.23.74 - - [02/Apr/2023:20:43:03 +0200] "GET / HTTP/1.1" 301 309 "-" "Mozilla/5.0 (Windows NT 10.0; Win64; x64; trendictionbot0.5.0; trendiction search; http://www.trendiction.de/bot; please let us know of any problems; web at trendiction.com) Gecko/20170101 Firefox/67.0"
188.156.128.97 - - [02/Apr/2023:21:37:23 +0200] "GET /doc/budapest-kornyeken-vasuttal.jpg HTTP/1.1" 301 344 "-" "com.google.GoogleMobile/256.2 iPhone/16.4 hw/iPhone13_3"
188.156.128.97 - - [02/Apr/2023:22:17:48 +0200] "GET /doc/budapest-kornyeken-vasuttal.jpg HTTP/1.1" 301 344 "-" "com.google.GoogleMobile/256.2 iPhone/16.4 hw/iPhone13_3"
52.167.144.39 - - [02/Apr/2023:23:45:06 +0200] "GET / HTTP/1.1" 301 309 "-" "Mozilla/5.0 AppleWebKit/537.36 (KHTML, like Gecko; compatible; bingbot/2.0; +http://www.bing.com/bingbot.htm) Chrome/103.0.5060.134 Safari/537.36"
52.167.144.87 - - [03/Apr/2023:00:40:46 +0200] "GET /doc/eletet-a-vasutnak.pdf HTTP/1.1" 301 338 "-" "Mozilla/5.0 AppleWebKit/537.36 (KHTML, like Gecko; compatible; bingbot/2.0; +http://www.bing.com/bingbot.htm) Chrome/103.0.5060.134 Safari/537.36"
138.128.118.130 - - [03/Apr/2023:03:39:17 +0200] "GET / HTTP/1.1" 301 309 "-" "Mozilla/5.0 (Windows NT 10.0; Win64; x64) AppleWebKit/537.36 (KHTML, like Gecko) Chrome/111.0.0.0 Safari/537.36"
138.128.118.130 - - [03/Apr/2023:03:39:20 +0200] "GET /robots.txt HTTP/1.1" 301 319 "-" "Mozilla/5.0 (Windows NT 10.0; Win64; x64) AppleWebKit/537.36 (KHTML, like Gecko) Chrome/111.0.0.0 Safari/537.36"
138.128.118.130 - - [03/Apr/2023:03:39:22 +0200] "GET /ads.txt HTTP/1.1" 301 316 "-" "Mozilla/5.0 (Windows NT 10.0; Win64; x64) AppleWebKit/537.36 (KHTML, like Gecko) Chrome/111.0.0.0 Safari/537.36"
216.201.9.135 - - [03/Apr/2023:04:25:24 +0200] "GET /robots.txt HTTP/1.0" 301 307 "-" "Mozilla/4.0 (compatible; fluid/0.0; +http://www.leak.info/bot.html)"
77.75.79.54 - - [03/Apr/2023:04:26:14 +0200] "GET /robots.txt HTTP/1.1" 301 323 "-" "Mozilla/5.0 (compatible; SeznamBot/4.0-RC1; +http://napoveda.seznam.cz/seznambot-intro/)"
77.75.79.95 - - [03/Apr/2023:04:26:15 +0200] "GET / HTTP/1.1" 301 313 "-" "Mozilla/5.0 (compatible; SeznamBot/4.0-RC1; +http://napoveda.seznam.cz/seznambot-intro/)"
188.156.128.97 - - [03/Apr/2023:07:27:11 +0200] "GET /doc/budapest-kornyeken-vasuttal.jpg HTTP/1.1" 301 344 "-" "com.google.GoogleMobile/256.2 iPhone/16.4 hw/iPhone13_3"
34.170.73.222 - - [03/Apr/2023:07:31:35 +0200] "GET / HTTP/1.1" 301 309 "-" "Mozilla/5.0 (X11; Linux x86_64) AppleWebKit/537.36 (KHTML, like Gecko) Chrome/114.0.0.0 Safari/537.36"
95.108.213.196 - - [03/Apr/2023:08:24:31 +0200] "GET /robots.txt HTTP/1.1" 301 323 "-" "Mozilla/5.0 (compatible; YandexBot/3.0; +http://yandex.com/bots)"
87.250.224.238 - - [03/Apr/2023:08:24:31 +0200] "GET / HTTP/1.1" 301 313 "-" "Mozilla/5.0 (compatible; YandexBot/3.0; +http://yandex.com/bots)"
213.180.203.18 - - [03/Apr/2023:08:26:36 +0200] "GET / HTTP/1.1" 301 313 "-" "Mozilla/5.0 (compatible; YandexBot/3.0; +http://yandex.com/bots)"
213.180.203.54 - - [03/Apr/2023:09:48:47 +0200] "GET /robots.txt HTTP/1.1" 301 319 "-" "Mozilla/5.0 (compatible; YandexBot/3.0; +http://yandex.com/bots)"
5.255.231.38 - - [03/Apr/2023:09:48:47 +0200] "GET / HTTP/1.1" 301 309 "-" "Mozilla/5.0 (compatible; YandexBot/3.0; +http://yandex.com/bots)"
5.255.231.175 - - [03/Apr/2023:09:51:07 +0200] "GET / HTTP/1.1" 301 309 "-" "Mozilla/5.0 (compatible; YandexBot/3.0; +http://yandex.com/bots)"
188.156.105.193 - - [03/Apr/2023:10:06:52 +0200] "GET /doc/budapest-kornyeken-vasuttal.jpg HTTP/1.1" 301 344 "-" "com.google.GoogleMobile/257.0 iPhone/16.4 hw/iPhone13_3"
213.180.203.53 - - [03/Apr/2023:10:23:21 +0200] "GET /robots.txt HTTP/1.1" 301 323 "-" "Mozilla/5.0 (compatible; YandexBot/3.0; +http://yandex.com/bots)"
213.180.203.46 - - [03/Apr/2023:10:23:21 +0200] "GET / HTTP/1.1" 301 313 "-" "Mozilla/5.0 (compatible; YandexBot/3.0; +http://yandex.com/bots)"
213.180.203.105 - - [03/Apr/2023:10:24:15 +0200] "GET /robots.txt HTTP/1.1" 301 319 "-" "Mozilla/5.0 (compatible; YandexBot/3.0; +http://yandex.com/bots)"
87.250.224.246 - - [03/Apr/2023:10:24:15 +0200] "GET / HTTP/1.1" 301 309 "-" "Mozilla/5.0 (compatible; YandexBot/3.0; +http://yandex.com/bots)"
95.108.213.218 - - [03/Apr/2023:10:26:20 +0200] "GET / HTTP/1.1" 301 309 "-" "Mozilla/5.0 (compatible; YandexBot/3.0; +http://yandex.com/bots)"
66.249.64.240 - - [03/Apr/2023:10:57:10 +0200] "GET /robots.txt HTTP/1.1" 301 323 "-" "Mozilla/5.0 (compatible; Googlebot/2.1; +http://www.google.com/bot.html)"
66.249.64.240 - - [03/Apr/2023:10:57:10 +0200] "GET /doc/meszaros.pdf HTTP/1.1" 301 329 "-" "Mozilla/5.0 (Linux; Android 6.0.1; Nexus 5X Build/MMB29P) AppleWebKit/537.36 (KHTML, like Gecko) Chrome/111.0.5563.146 Mobile Safari/537.36 (compatible; Googlebot/2.1; +http://www.google.com/bot.html)"
52.167.144.136 - - [03/Apr/2023:12:49:04 +0200] "GET /robots.txt HTTP/1.1" 301 319 "-" "Mozilla/5.0 AppleWebKit/537.36 (KHTML, like Gecko; compatible; bingbot/2.0; +http://www.bing.com/bingbot.htm) Chrome/103.0.5060.134 Safari/537.36"
52.167.144.39 - - [03/Apr/2023:12:49:09 +0200] "GET / HTTP/1.1" 301 309 "-" "Mozilla/5.0 AppleWebKit/537.36 (KHTML, like Gecko; compatible; bingbot/2.0; +http://www.bing.com/bingbot.htm) Chrome/103.0.5060.134 Safari/537.36"
188.156.105.193 - - [03/Apr/2023:13:39:12 +0200] "GET /doc/budapest-kornyeken-vasuttal.jpg HTTP/1.1" 301 344 "-" "com.google.GoogleMobile/257.0 iPhone/16.4 hw/iPhone13_3"
94.102.49.190 - - [03/Apr/2023:14:17:29 +0200] "GET / HTTP/1.1" 301 313 "-" "Mozilla/5.0 (Windows NT 6.1) AppleWebKit/537.36 (KHTML, like Gecko) Chrome/41.0.2228.0 Safari/537.36"
94.102.49.190 - - [03/Apr/2023:14:17:30 +0200] "GET /robots.txt HTTP/1.1" 301 323 "-" "-"
94.102.49.190 - - [03/Apr/2023:14:17:31 +0200] "GET /sitemap.xml HTTP/1.1" 301 324 "-" "-"
94.102.49.190 - - [03/Apr/2023:14:17:33 +0200] "GET /.well-known/security.txt HTTP/1.1" 301 337 "-" "-"
94.102.49.190 - - [03/Apr/2023:14:17:37 +0200] "GET /favicon.ico HTTP/1.1" 301 324 "-" "Mozilla/5.0 (Macintosh; Intel Mac OS X 10.15; rv:80.0) Gecko/20100101 Firefox/80.0"
188.156.105.193 - - [03/Apr/2023:16:30:47 +0200] "GET /doc/budapest-kornyeken-vasuttal.jpg HTTP/1.1" 301 344 "-" "com.google.GoogleMobile/257.0 iPhone/16.4 hw/iPhone13_3"
35.206.87.255 - - [03/Apr/2023:17:31:02 +0200] "HEAD / HTTP/1.1" 301 0 "-" "scalaj-http/2.4.2"
35.206.87.255 - - [03/Apr/2023:17:31:02 +0200] "GET / HTTP/1.1" 301 309 "-" "Buck/2.3.2; (+https://app.hypefactors.com/media-monitoring/about.html)"
35.206.87.255 - - [03/Apr/2023:17:31:04 +0200] "GET /sitemap.xml HTTP/1.1" 301 320 "-" "Buck/2.3.2; (+https://app.hypefactors.com/media-monitoring/about.html)"
66.249.64.236 - - [03/Apr/2023:18:54:56 +0200] "GET /images/vasutterkep_n.jpg HTTP/1.1" 301 337 "-" "Googlebot-Image/1.0"
188.156.128.97 - - [03/Apr/2023:19:10:18 +0200] "GET /doc/budapest-kornyeken-vasuttal.jpg HTTP/1.1" 301 344 "-" "com.google.GoogleMobile/257.0 iPhone/16.4 hw/iPhone13_3"
188.156.128.97 - - [03/Apr/2023:19:16:59 +0200] "GET /doc/budapest-kornyeken-vasuttal.jpg HTTP/1.1" 301 344 "-" "com.google.GoogleMobile/257.0 iPhone/16.4 hw/iPhone13_3"
87.250.224.75 - - [03/Apr/2023:20:28:23 +0200] "GET /robots.txt HTTP/1.1" 301 319 "-" "Mozilla/5.0 (compatible; YandexBot/3.0; +http://yandex.com/bots)"
5.255.231.56 - - [03/Apr/2023:20:28:24 +0200] "GET /doc/vasuttal-budapest-kornyeken.pdf HTTP/1.1" 301 344 "-" "Mozilla/5.0 (compatible; YandexBot/3.0; +http://yandex.com/bots)"
52.167.144.39 - - [03/Apr/2023:20:48:04 +0200] "GET / HTTP/1.1" 301 313 "-" "Mozilla/5.0 AppleWebKit/537.36 (KHTML, like Gecko; compatible; bingbot/2.0; +http://www.bing.com/bingbot.htm) Chrome/103.0.5060.134 Safari/537.36"
188.156.128.97 - - [03/Apr/2023:21:03:07 +0200] "GET /doc/budapest-kornyeken-vasuttal.jpg HTTP/1.1" 301 344 "-" "com.google.GoogleMobile/257.0 iPhone/16.4 hw/iPhone13_3"
89.187.171.168 - - [03/Apr/2023:21:08:50 +0200] "GET /wp-login.php HTTP/1.1" 301 321 "-" "Mozilla/5.0 (Windows NT 10.0; Win64; x64) AppleWebKit/537.36 (KHTML, like Gecko) Chrome/91.0.4472.124 Safari/537.36"
66.249.64.240 - - [03/Apr/2023:21:25:53 +0200] "GET / HTTP/1.1" 301 313 "-" "Mozilla/5.0 (Linux; Android 6.0.1; Nexus 5X Build/MMB29P) AppleWebKit/537.36 (KHTML, like Gecko) Chrome/111.0.5563.146 Mobile Safari/537.36 (compatible; Googlebot/2.1; +http://www.google.com/bot.html)"
103.172.41.213 - - [03/Apr/2023:22:53:14 +0200] "GET / HTTP/1.1" 301 313 "-" "Go-http-client/1.1"
188.156.128.97 - - [03/Apr/2023:23:20:14 +0200] "GET /doc/budapest-kornyeken-vasuttal.jpg HTTP/1.1" 301 344 "-" "com.google.GoogleMobile/257.0 iPhone/16.4 hw/iPhone13_3"
66.249.64.236 - - [04/Apr/2023:00:37:41 +0200] "GET /robots.txt HTTP/1.1" 301 323 "-" "Mozilla/5.0 (compatible; Googlebot/2.1; +http://www.google.com/bot.html)"
66.249.64.238 - - [04/Apr/2023:00:37:42 +0200] "GET / HTTP/1.1" 301 313 "-" "Mozilla/5.0 (Linux; Android 6.0.1; Nexus 5X Build/MMB29P) AppleWebKit/537.36 (KHTML, like Gecko) Chrome/111.0.5563.146 Mobile Safari/537.36 (compatible; Googlebot/2.1; +http://www.google.com/bot.html)"
52.167.144.39 - - [04/Apr/2023:01:07:09 +0200] "GET / HTTP/1.1" 301 309 "-" "Mozilla/5.0 AppleWebKit/537.36 (KHTML, like Gecko; compatible; bingbot/2.0; +http://www.bing.com/bingbot.htm) Chrome/103.0.5060.134 Safari/537.36"
66.249.64.238 - - [04/Apr/2023:02:07:41 +0200] "GET / HTTP/1.1" 301 313 "-" "Mozilla/5.0 (compatible; Googlebot/2.1; +http://www.google.com/bot.html)"
167.71.226.225 - - [04/Apr/2023:03:15:18 +0200] "GET /wp-content/themes/seotheme/mar.php HTTP/1.1" 301 347 "-" "Mozilla/5.0 (X11; Ubuntu; Linux i686; rv:28.0) Gecko/20100101 Firefox/72.0"
167.71.226.225 - - [04/Apr/2023:03:15:19 +0200] "GET /modules/mod_ariimageslidersa/mod_ariimageslidersa.php HTTP/1.1" 301 366 "-" "Mozilla/5.0 (X11; Ubuntu; Linux i686; rv:28.0) Gecko/20100101 Firefox/72.0"
167.71.226.225 - - [04/Apr/2023:03:15:23 +0200] "GET /modules/mod_araticlws/mod_araticlws.php HTTP/1.1" 301 352 "-" "Mozilla/5.0 (X11; Ubuntu; Linux i686; rv:28.0) Gecko/20100101 Firefox/72.0"
167.71.226.225 - - [04/Apr/2023:03:15:23 +0200] "GET /a.php HTTP/1.1" 301 318 "-" "Mozilla/5.0 (X11; Ubuntu; Linux i686; rv:28.0) Gecko/20100101 Firefox/72.0"
167.71.226.225 - - [04/Apr/2023:03:15:23 +0200] "GET /aa.php HTTP/1.1" 301 319 "-" "Mozilla/5.0 (X11; Ubuntu; Linux i686; rv:28.0) Gecko/20100101 Firefox/72.0"
167.71.226.225 - - [04/Apr/2023:03:15:24 +0200] "GET /xmlrp.php HTTP/1.1" 301 322 "-" "Mozilla/5.0 (X11; Ubuntu; Linux i686; rv:28.0) Gecko/20100101 Firefox/72.0"
167.71.226.225 - - [04/Apr/2023:03:15:24 +0200] "GET /xml.php HTTP/1.1" 301 320 "-" "Mozilla/5.0 (X11; Ubuntu; Linux i686; rv:28.0) Gecko/20100101 Firefox/72.0"
167.71.226.225 - - [04/Apr/2023:03:15:24 +0200] "GET /xleet.php HTTP/1.1" 301 322 "-" "Mozilla/5.0 (X11; Ubuntu; Linux i686; rv:28.0) Gecko/20100101 Firefox/72.0"
167.71.226.225 - - [04/Apr/2023:03:15:25 +0200] "GET /wp-content/plugins/upspy/con.php HTTP/1.1" 301 345 "-" "Mozilla/5.0 (X11; Ubuntu; Linux i686; rv:28.0) Gecko/20100101 Firefox/72.0"
167.71.226.225 - - [04/Apr/2023:03:15:25 +0200] "GET /wp-content/plugins/upspy/sllolx.php HTTP/1.1" 301 348 "-" "Mozilla/5.0 (X11; Ubuntu; Linux i686; rv:28.0) Gecko/20100101 Firefox/72.0"
167.71.226.225 - - [04/Apr/2023:03:15:25 +0200] "GET /wp-content/plugins/upspy/up.php HTTP/1.1" 301 344 "-" "Mozilla/5.0 (X11; Ubuntu; Linux i686; rv:28.0) Gecko/20100101 Firefox/72.0"
167.71.226.225 - - [04/Apr/2023:03:15:26 +0200] "GET /tt.php HTTP/1.1" 301 319 "-" "Mozilla/5.0 (X11; Ubuntu; Linux i686; rv:28.0) Gecko/20100101 Firefox/72.0"
167.71.226.225 - - [04/Apr/2023:03:15:26 +0200] "GET /ws.php HTTP/1.1" 301 319 "-" "Mozilla/5.0 (X11; Ubuntu; Linux i686; rv:28.0) Gecko/20100101 Firefox/72.0"
167.71.226.225 - - [04/Apr/2023:03:15:26 +0200] "GET /up.php HTTP/1.1" 301 319 "-" "Mozilla/5.0 (X11; Ubuntu; Linux i686; rv:28.0) Gecko/20100101 Firefox/72.0"
167.71.226.225 - - [04/Apr/2023:03:15:27 +0200] "GET /data.php HTTP/1.1" 301 321 "-" "Mozilla/5.0 (X11; Ubuntu; Linux i686; rv:28.0) Gecko/20100101 Firefox/72.0"
167.71.226.225 - - [04/Apr/2023:03:15:27 +0200] "GET /update.php HTTP/1.1" 301 323 "-" "Mozilla/5.0 (X11; Ubuntu; Linux i686; rv:28.0) Gecko/20100101 Firefox/72.0"
167.71.226.225 - - [04/Apr/2023:03:15:27 +0200] "GET /wp-content/cache.php HTTP/1.1" 301 333 "-" "Mozilla/5.0 (X11; Ubuntu; Linux i686; rv:28.0) Gecko/20100101 Firefox/72.0"
167.71.226.225 - - [04/Apr/2023:03:15:28 +0200] "GET /wp-content/u.php HTTP/1.1" 301 329 "-" "Mozilla/5.0 (X11; Ubuntu; Linux i686; rv:28.0) Gecko/20100101 Firefox/72.0"
167.71.226.225 - - [04/Apr/2023:03:15:28 +0200] "GET /wp-content/index.php HTTP/1.1" 301 333 "-" "Mozilla/5.0 (X11; Ubuntu; Linux i686; rv:28.0) Gecko/20100101 Firefox/72.0"
167.71.226.225 - - [04/Apr/2023:03:15:28 +0200] "GET /config.php HTTP/1.1" 301 323 "-" "Mozilla/5.0 (X11; Ubuntu; Linux i686; rv:28.0) Gecko/20100101 Firefox/72.0"
167.71.226.225 - - [04/Apr/2023:03:15:29 +0200] "GET /configuration.php HTTP/1.1" 301 330 "-" "Mozilla/5.0 (X11; Ubuntu; Linux i686; rv:28.0) Gecko/20100101 Firefox/72.0"
167.71.226.225 - - [04/Apr/2023:03:15:30 +0200] "GET /xmlrpc.php HTTP/1.1" 301 323 "-" "Mozilla/5.0 (X11; Ubuntu; Linux i686; rv:28.0) Gecko/20100101 Firefox/72.0"
167.71.226.225 - - [04/Apr/2023:03:15:30 +0200] "GET /wp-mail.php HTTP/1.1" 301 324 "-" "Mozilla/5.0 (X11; Ubuntu; Linux i686; rv:28.0) Gecko/20100101 Firefox/72.0"
167.71.226.225 - - [04/Apr/2023:03:15:31 +0200] "GET /wp-mails.php HTTP/1.1" 301 325 "-" "Mozilla/5.0 (X11; Ubuntu; Linux i686; rv:28.0) Gecko/20100101 Firefox/72.0"
167.71.226.225 - - [04/Apr/2023:03:15:31 +0200] "GET /wp-admin.php HTTP/1.1" 301 325 "-" "Mozilla/5.0 (X11; Ubuntu; Linux i686; rv:28.0) Gecko/20100101 Firefox/72.0"
167.71.226.225 - - [04/Apr/2023:03:15:31 +0200] "GET /shell.php HTTP/1.1" 301 322 "-" "Mozilla/5.0 (X11; Ubuntu; Linux i686; rv:28.0) Gecko/20100101 Firefox/72.0"
167.71.226.225 - - [04/Apr/2023:03:15:32 +0200] "GET /net.php HTTP/1.1" 301 320 "-" "Mozilla/5.0 (X11; Ubuntu; Linux i686; rv:28.0) Gecko/20100101 Firefox/72.0"
167.71.226.225 - - [04/Apr/2023:03:15:32 +0200] "GET /go.php HTTP/1.1" 301 319 "-" "Mozilla/5.0 (X11; Ubuntu; Linux i686; rv:28.0) Gecko/20100101 Firefox/72.0"
167.71.226.225 - - [04/Apr/2023:03:15:32 +0200] "GET /indoxploit.php HTTP/1.1" 301 327 "-" "Mozilla/5.0 (X11; Ubuntu; Linux i686; rv:28.0) Gecko/20100101 Firefox/72.0"
167.71.226.225 - - [04/Apr/2023:03:15:32 +0200] "GET /V3.php HTTP/1.1" 301 319 "-" "Mozilla/5.0 (X11; Ubuntu; Linux i686; rv:28.0) Gecko/20100101 Firefox/72.0"
167.71.226.225 - - [04/Apr/2023:03:15:33 +0200] "GET /V2.php HTTP/1.1" 301 319 "-" "Mozilla/5.0 (X11; Ubuntu; Linux i686; rv:28.0) Gecko/20100101 Firefox/72.0"
167.71.226.225 - - [04/Apr/2023:03:15:33 +0200] "GET /v1.php HTTP/1.1" 301 319 "-" "Mozilla/5.0 (X11; Ubuntu; Linux i686; rv:28.0) Gecko/20100101 Firefox/72.0"
167.71.226.225 - - [04/Apr/2023:03:15:33 +0200] "GET /v2.php HTTP/1.1" 301 319 "-" "Mozilla/5.0 (X11; Ubuntu; Linux i686; rv:28.0) Gecko/20100101 Firefox/72.0"
167.71.226.225 - - [04/Apr/2023:03:15:34 +0200] "GET /v3.php HTTP/1.1" 301 319 "-" "Mozilla/5.0 (X11; Ubuntu; Linux i686; rv:28.0) Gecko/20100101 Firefox/72.0"
167.71.226.225 - - [04/Apr/2023:03:15:34 +0200] "GET /con.php HTTP/1.1" 301 320 "-" "Mozilla/5.0 (X11; Ubuntu; Linux i686; rv:28.0) Gecko/20100101 Firefox/72.0"
167.71.226.225 - - [04/Apr/2023:03:15:34 +0200] "GET /r00t.php HTTP/1.1" 301 321 "-" "Mozilla/5.0 (X11; Ubuntu; Linux i686; rv:28.0) Gecko/20100101 Firefox/72.0"
167.71.226.225 - - [04/Apr/2023:03:15:35 +0200] "GET /cloud.php?silk HTTP/1.1" 301 327 "-" "Mozilla/5.0 (X11; Ubuntu; Linux i686; rv:28.0) Gecko/20100101 Firefox/72.0"
167.71.226.225 - - [04/Apr/2023:03:15:36 +0200] "GET /db_magento.php HTTP/1.1" 301 327 "-" "Mozilla/5.0 (X11; Ubuntu; Linux i686; rv:28.0) Gecko/20100101 Firefox/72.0"
167.71.226.225 - - [04/Apr/2023:03:15:36 +0200] "GET /db.php HTTP/1.1" 301 319 "-" "Mozilla/5.0 (X11; Ubuntu; Linux i686; rv:28.0) Gecko/20100101 Firefox/72.0"
167.71.226.225 - - [04/Apr/2023:03:15:37 +0200] "GET /css.php HTTP/1.1" 301 320 "-" "Mozilla/5.0 (X11; Ubuntu; Linux i686; rv:28.0) Gecko/20100101 Firefox/72.0"
167.71.226.225 - - [04/Apr/2023:03:15:37 +0200] "GET /Neko.php HTTP/1.1" 301 321 "-" "Mozilla/5.0 (X11; Ubuntu; Linux i686; rv:28.0) Gecko/20100101 Firefox/72.0"
167.71.226.225 - - [04/Apr/2023:03:15:37 +0200] "GET /wso.php HTTP/1.1" 301 320 "-" "Mozilla/5.0 (X11; Ubuntu; Linux i686; rv:28.0) Gecko/20100101 Firefox/72.0"
167.71.226.225 - - [04/Apr/2023:03:15:38 +0200] "GET /wso1.php HTTP/1.1" 301 321 "-" "Mozilla/5.0 (X11; Ubuntu; Linux i686; rv:28.0) Gecko/20100101 Firefox/72.0"
167.71.226.225 - - [04/Apr/2023:03:15:38 +0200] "GET /backup.php HTTP/1.1" 301 323 "-" "Mozilla/5.0 (X11; Ubuntu; Linux i686; rv:28.0) Gecko/20100101 Firefox/72.0"
167.71.226.225 - - [04/Apr/2023:03:15:38 +0200] "GET /test.php HTTP/1.1" 301 321 "-" "Mozilla/5.0 (X11; Ubuntu; Linux i686; rv:28.0) Gecko/20100101 Firefox/72.0"
167.71.226.225 - - [04/Apr/2023:03:15:39 +0200] "GET /test1.php HTTP/1.1" 301 322 "-" "Mozilla/5.0 (X11; Ubuntu; Linux i686; rv:28.0) Gecko/20100101 Firefox/72.0"
167.71.226.225 - - [04/Apr/2023:03:15:39 +0200] "GET /t1.php HTTP/1.1" 301 319 "-" "Mozilla/5.0 (X11; Ubuntu; Linux i686; rv:28.0) Gecko/20100101 Firefox/72.0"
167.71.226.225 - - [04/Apr/2023:03:15:39 +0200] "GET /mils.php HTTP/1.1" 301 321 "-" "Mozilla/5.0 (X11; Ubuntu; Linux i686; rv:28.0) Gecko/20100101 Firefox/72.0"
167.71.226.225 - - [04/Apr/2023:03:15:40 +0200] "GET /uka.php HTTP/1.1" 301 320 "-" "Mozilla/5.0 (X11; Ubuntu; Linux i686; rv:28.0) Gecko/20100101 Firefox/72.0"
167.71.226.225 - - [04/Apr/2023:03:15:40 +0200] "GET /dbs.php HTTP/1.1" 301 320 "-" "Mozilla/5.0 (X11; Ubuntu; Linux i686; rv:28.0) Gecko/20100101 Firefox/72.0"
167.71.226.225 - - [04/Apr/2023:03:15:40 +0200] "GET /install.php HTTP/1.1" 301 324 "-" "Mozilla/5.0 (X11; Ubuntu; Linux i686; rv:28.0) Gecko/20100101 Firefox/72.0"
167.71.226.225 - - [04/Apr/2023:03:15:40 +0200] "GET /log.php HTTP/1.1" 301 320 "-" "Mozilla/5.0 (X11; Ubuntu; Linux i686; rv:28.0) Gecko/20100101 Firefox/72.0"
167.71.226.225 - - [04/Apr/2023:03:15:41 +0200] "GET /.log.php HTTP/1.1" 301 321 "-" "Mozilla/5.0 (X11; Ubuntu; Linux i686; rv:28.0) Gecko/20100101 Firefox/72.0"
167.71.226.225 - - [04/Apr/2023:03:15:41 +0200] "GET /ukauka.php HTTP/1.1" 301 323 "-" "Mozilla/5.0 (X11; Ubuntu; Linux i686; rv:28.0) Gecko/20100101 Firefox/72.0"
167.71.226.225 - - [04/Apr/2023:03:15:41 +0200] "GET /skins.php HTTP/1.1" 301 322 "-" "Mozilla/5.0 (X11; Ubuntu; Linux i686; rv:28.0) Gecko/20100101 Firefox/72.0"
167.71.226.225 - - [04/Apr/2023:03:15:42 +0200] "GET /wp-sign.php HTTP/1.1" 301 324 "-" "Mozilla/5.0 (X11; Ubuntu; Linux i686; rv:28.0) Gecko/20100101 Firefox/72.0"
167.71.226.225 - - [04/Apr/2023:03:15:43 +0200] "GET /dupal.php HTTP/1.1" 301 322 "-" "Mozilla/5.0 (X11; Ubuntu; Linux i686; rv:28.0) Gecko/20100101 Firefox/72.0"
167.71.226.225 - - [04/Apr/2023:03:15:43 +0200] "GET /.x.php HTTP/1.1" 301 319 "-" "Mozilla/5.0 (X11; Ubuntu; Linux i686; rv:28.0) Gecko/20100101 Firefox/72.0"
167.71.226.225 - - [04/Apr/2023:03:15:45 +0200] "GET /root.php HTTP/1.1" 301 321 "-" "Mozilla/5.0 (X11; Ubuntu; Linux i686; rv:28.0) Gecko/20100101 Firefox/72.0"
167.71.226.225 - - [04/Apr/2023:03:15:45 +0200] "GET /semayan.php HTTP/1.1" 301 324 "-" "Mozilla/5.0 (X11; Ubuntu; Linux i686; rv:28.0) Gecko/20100101 Firefox/72.0"
167.71.226.225 - - [04/Apr/2023:03:15:45 +0200] "GET /vuln.php HTTP/1.1" 301 321 "-" "Mozilla/5.0 (X11; Ubuntu; Linux i686; rv:28.0) Gecko/20100101 Firefox/72.0"
167.71.226.225 - - [04/Apr/2023:03:15:46 +0200] "GET /vuln1.php HTTP/1.1" 301 322 "-" "Mozilla/5.0 (X11; Ubuntu; Linux i686; rv:28.0) Gecko/20100101 Firefox/72.0"
167.71.226.225 - - [04/Apr/2023:03:15:46 +0200] "GET /plug.php HTTP/1.1" 301 321 "-" "Mozilla/5.0 (X11; Ubuntu; Linux i686; rv:28.0) Gecko/20100101 Firefox/72.0"
167.71.226.225 - - [04/Apr/2023:03:15:46 +0200] "GET /kodox.php HTTP/1.1" 301 322 "-" "Mozilla/5.0 (X11; Ubuntu; Linux i686; rv:28.0) Gecko/20100101 Firefox/72.0"
167.71.226.225 - - [04/Apr/2023:03:15:47 +0200] "GET /uk.php HTTP/1.1" 301 319 "-" "Mozilla/5.0 (X11; Ubuntu; Linux i686; rv:28.0) Gecko/20100101 Firefox/72.0"
167.71.226.225 - - [04/Apr/2023:03:15:47 +0200] "GET /tmp.php HTTP/1.1" 301 320 "-" "Mozilla/5.0 (X11; Ubuntu; Linux i686; rv:28.0) Gecko/20100101 Firefox/72.0"
167.71.226.225 - - [04/Apr/2023:03:15:47 +0200] "GET /cmd.php HTTP/1.1" 301 320 "-" "Mozilla/5.0 (X11; Ubuntu; Linux i686; rv:28.0) Gecko/20100101 Firefox/72.0"
167.71.226.225 - - [04/Apr/2023:03:15:48 +0200] "GET /plugin.php HTTP/1.1" 301 323 "-" "Mozilla/5.0 (X11; Ubuntu; Linux i686; rv:28.0) Gecko/20100101 Firefox/72.0"
167.71.226.225 - - [04/Apr/2023:03:15:48 +0200] "GET /cache.php HTTP/1.1" 301 322 "-" "Mozilla/5.0 (X11; Ubuntu; Linux i686; rv:28.0) Gecko/20100101 Firefox/72.0"
167.71.226.225 - - [04/Apr/2023:03:15:48 +0200] "GET /extjs.php HTTP/1.1" 301 322 "-" "Mozilla/5.0 (X11; Ubuntu; Linux i686; rv:28.0) Gecko/20100101 Firefox/72.0"
167.71.226.225 - - [04/Apr/2023:03:15:49 +0200] "GET /.index.php HTTP/1.1" 301 323 "-" "Mozilla/5.0 (X11; Ubuntu; Linux i686; rv:28.0) Gecko/20100101 Firefox/72.0"
167.71.226.225 - - [04/Apr/2023:03:15:49 +0200] "GET /405.php HTTP/1.1" 301 320 "-" "Mozilla/5.0 (X11; Ubuntu; Linux i686; rv:28.0) Gecko/20100101 Firefox/72.0"
167.71.226.225 - - [04/Apr/2023:03:15:49 +0200] "GET /.libs.php HTTP/1.1" 301 322 "-" "Mozilla/5.0 (X11; Ubuntu; Linux i686; rv:28.0) Gecko/20100101 Firefox/72.0"
167.71.226.225 - - [04/Apr/2023:03:15:50 +0200] "GET /404.php HTTP/1.1" 301 320 "-" "Mozilla/5.0 (X11; Ubuntu; Linux i686; rv:28.0) Gecko/20100101 Firefox/72.0"
167.71.226.225 - - [04/Apr/2023:03:15:50 +0200] "GET /403.php HTTP/1.1" 301 320 "-" "Mozilla/5.0 (X11; Ubuntu; Linux i686; rv:28.0) Gecko/20100101 Firefox/72.0"
167.71.226.225 - - [04/Apr/2023:03:15:50 +0200] "GET /vega.php HTTP/1.1" 301 321 "-" "Mozilla/5.0 (X11; Ubuntu; Linux i686; rv:28.0) Gecko/20100101 Firefox/72.0"
167.71.226.225 - - [04/Apr/2023:03:15:51 +0200] "GET /mage.php HTTP/1.1" 301 321 "-" "Mozilla/5.0 (X11; Ubuntu; Linux i686; rv:28.0) Gecko/20100101 Firefox/72.0"
167.71.226.225 - - [04/Apr/2023:03:15:51 +0200] "GET /ngoi.php HTTP/1.1" 301 321 "-" "Mozilla/5.0 (X11; Ubuntu; Linux i686; rv:28.0) Gecko/20100101 Firefox/72.0"
167.71.226.225 - - [04/Apr/2023:03:15:51 +0200] "GET /core.php HTTP/1.1" 301 321 "-" "Mozilla/5.0 (X11; Ubuntu; Linux i686; rv:28.0) Gecko/20100101 Firefox/72.0"
167.71.226.225 - - [04/Apr/2023:03:15:52 +0200] "GET /logo.php HTTP/1.1" 301 321 "-" "Mozilla/5.0 (X11; Ubuntu; Linux i686; rv:28.0) Gecko/20100101 Firefox/72.0"
167.71.226.225 - - [04/Apr/2023:03:15:52 +0200] "GET /feed.php HTTP/1.1" 301 321 "-" "Mozilla/5.0 (X11; Ubuntu; Linux i686; rv:28.0) Gecko/20100101 Firefox/72.0"
167.71.226.225 - - [04/Apr/2023:03:15:52 +0200] "GET /eX2.php HTTP/1.1" 301 320 "-" "Mozilla/5.0 (X11; Ubuntu; Linux i686; rv:28.0) Gecko/20100101 Firefox/72.0"
167.71.226.225 - - [04/Apr/2023:03:15:53 +0200] "GET /erorr.php HTTP/1.1" 301 322 "-" "Mozilla/5.0 (X11; Ubuntu; Linux i686; rv:28.0) Gecko/20100101 Firefox/72.0"
167.71.226.225 - - [04/Apr/2023:03:15:53 +0200] "GET /feeds.php HTTP/1.1" 301 322 "-" "Mozilla/5.0 (X11; Ubuntu; Linux i686; rv:28.0) Gecko/20100101 Firefox/72.0"
167.71.226.225 - - [04/Apr/2023:03:15:54 +0200] "GET /upil.php HTTP/1.1" 301 321 "-" "Mozilla/5.0 (X11; Ubuntu; Linux i686; rv:28.0) Gecko/20100101 Firefox/72.0"
167.71.226.225 - - [04/Apr/2023:03:15:55 +0200] "GET /evi.php HTTP/1.1" 301 320 "-" "Mozilla/5.0 (X11; Ubuntu; Linux i686; rv:28.0) Gecko/20100101 Firefox/72.0"
167.71.226.225 - - [04/Apr/2023:03:15:55 +0200] "GET /evil.php HTTP/1.1" 301 321 "-" "Mozilla/5.0 (X11; Ubuntu; Linux i686; rv:28.0) Gecko/20100101 Firefox/72.0"
167.71.226.225 - - [04/Apr/2023:03:15:56 +0200] "GET /skinwizard.php HTTP/1.1" 301 327 "-" "Mozilla/5.0 (X11; Ubuntu; Linux i686; rv:28.0) Gecko/20100101 Firefox/72.0"
167.71.226.225 - - [04/Apr/2023:03:15:57 +0200] "GET /updater.php HTTP/1.1" 301 324 "-" "Mozilla/5.0 (X11; Ubuntu; Linux i686; rv:28.0) Gecko/20100101 Firefox/72.0"
167.71.226.225 - - [04/Apr/2023:03:15:57 +0200] "GET /view.php HTTP/1.1" 301 321 "-" "Mozilla/5.0 (X11; Ubuntu; Linux i686; rv:28.0) Gecko/20100101 Firefox/72.0"
167.71.226.225 - - [04/Apr/2023:03:15:57 +0200] "GET /vip.php HTTP/1.1" 301 320 "-" "Mozilla/5.0 (X11; Ubuntu; Linux i686; rv:28.0) Gecko/20100101 Firefox/72.0"
167.71.226.225 - - [04/Apr/2023:03:15:57 +0200] "GET /api.php HTTP/1.1" 301 320 "-" "Mozilla/5.0 (X11; Ubuntu; Linux i686; rv:28.0) Gecko/20100101 Firefox/72.0"
167.71.226.225 - - [04/Apr/2023:03:15:58 +0200] "GET /var.php HTTP/1.1" 301 320 "-" "Mozilla/5.0 (X11; Ubuntu; Linux i686; rv:28.0) Gecko/20100101 Firefox/72.0"
167.71.226.225 - - [04/Apr/2023:03:15:58 +0200] "GET /js.php HTTP/1.1" 301 319 "-" "Mozilla/5.0 (X11; Ubuntu; Linux i686; rv:28.0) Gecko/20100101 Firefox/72.0"
167.71.226.225 - - [04/Apr/2023:03:15:58 +0200] "GET /alphashell.php HTTP/1.1" 301 327 "-" "Mozilla/5.0 (X11; Ubuntu; Linux i686; rv:28.0) Gecko/20100101 Firefox/72.0"
167.71.226.225 - - [04/Apr/2023:03:15:59 +0200] "GET /alpha.php HTTP/1.1" 301 322 "-" "Mozilla/5.0 (X11; Ubuntu; Linux i686; rv:28.0) Gecko/20100101 Firefox/72.0"
167.71.226.225 - - [04/Apr/2023:03:15:59 +0200] "GET /wp-content/wso.php HTTP/1.1" 301 331 "-" "Mozilla/5.0 (X11; Ubuntu; Linux i686; rv:28.0) Gecko/20100101 Firefox/72.0"
167.71.226.225 - - [04/Apr/2023:03:15:59 +0200] "GET /wp-content/vuln.php HTTP/1.1" 301 332 "-" "Mozilla/5.0 (X11; Ubuntu; Linux i686; rv:28.0) Gecko/20100101 Firefox/72.0"
167.71.226.225 - - [04/Apr/2023:03:16:00 +0200] "GET /wp-content/x.php HTTP/1.1" 301 329 "-" "Mozilla/5.0 (X11; Ubuntu; Linux i686; rv:28.0) Gecko/20100101 Firefox/72.0"
167.71.226.225 - - [04/Apr/2023:03:16:00 +0200] "GET /wp-content/xx.php HTTP/1.1" 301 330 "-" "Mozilla/5.0 (X11; Ubuntu; Linux i686; rv:28.0) Gecko/20100101 Firefox/72.0"
167.71.226.225 - - [04/Apr/2023:03:16:00 +0200] "GET /wp-content/adm.php HTTP/1.1" 301 331 "-" "Mozilla/5.0 (X11; Ubuntu; Linux i686; rv:28.0) Gecko/20100101 Firefox/72.0"
167.71.226.225 - - [04/Apr/2023:03:16:01 +0200] "GET /wp-content/upl.php HTTP/1.1" 301 331 "-" "Mozilla/5.0 (X11; Ubuntu; Linux i686; rv:28.0) Gecko/20100101 Firefox/72.0"
167.71.226.225 - - [04/Apr/2023:03:16:01 +0200] "GET /wp-content/up.php HTTP/1.1" 301 330 "-" "Mozilla/5.0 (X11; Ubuntu; Linux i686; rv:28.0) Gecko/20100101 Firefox/72.0"
167.71.226.225 - - [04/Apr/2023:03:16:01 +0200] "GET /wp-admin/wso.php HTTP/1.1" 301 329 "-" "Mozilla/5.0 (X11; Ubuntu; Linux i686; rv:28.0) Gecko/20100101 Firefox/72.0"
167.71.226.225 - - [04/Apr/2023:03:16:02 +0200] "GET /wp-admin/x.php HTTP/1.1" 301 327 "-" "Mozilla/5.0 (X11; Ubuntu; Linux i686; rv:28.0) Gecko/20100101 Firefox/72.0"
167.71.226.225 - - [04/Apr/2023:03:16:02 +0200] "GET /wp-admin/xx.php HTTP/1.1" 301 328 "-" "Mozilla/5.0 (X11; Ubuntu; Linux i686; rv:28.0) Gecko/20100101 Firefox/72.0"
167.71.226.225 - - [04/Apr/2023:03:16:02 +0200] "GET /wp-admin/adm.php HTTP/1.1" 301 329 "-" "Mozilla/5.0 (X11; Ubuntu; Linux i686; rv:28.0) Gecko/20100101 Firefox/72.0"
167.71.226.225 - - [04/Apr/2023:03:16:03 +0200] "GET /wp-admin/upl.php HTTP/1.1" 301 329 "-" "Mozilla/5.0 (X11; Ubuntu; Linux i686; rv:28.0) Gecko/20100101 Firefox/72.0"
167.71.226.225 - - [04/Apr/2023:03:16:03 +0200] "GET /wp-admin/up.php HTTP/1.1" 301 328 "-" "Mozilla/5.0 (X11; Ubuntu; Linux i686; rv:28.0) Gecko/20100101 Firefox/72.0"
167.71.226.225 - - [04/Apr/2023:03:16:03 +0200] "GET /xs.php HTTP/1.1" 301 319 "-" "Mozilla/5.0 (X11; Ubuntu; Linux i686; rv:28.0) Gecko/20100101 Firefox/72.0"
167.71.226.225 - - [04/Apr/2023:03:16:04 +0200] "GET /license.php HTTP/1.1" 301 324 "-" "Mozilla/5.0 (X11; Ubuntu; Linux i686; rv:28.0) Gecko/20100101 Firefox/72.0"
167.71.226.225 - - [04/Apr/2023:03:16:05 +0200] "GET /backdoor.php HTTP/1.1" 301 325 "-" "Mozilla/5.0 (X11; Ubuntu; Linux i686; rv:28.0) Gecko/20100101 Firefox/72.0"
159.223.45.131 - - [04/Apr/2023:03:52:04 +0200] "GET /.env HTTP/1.1" 301 313 "-" "IDBTE4M CODE87"
159.223.45.131 - - [04/Apr/2023:03:52:05 +0200] "POST / HTTP/1.1" 301 309 "-" "IDBTE4M CODE87"
3.248.204.195 - - [04/Apr/2023:05:12:21 +0200] "GET /robots.txt HTTP/1.1" 301 323 "-" "Riddler (http://riddler.io/about)"
52.167.144.136 - - [04/Apr/2023:06:17:43 +0200] "GET /robots.txt HTTP/1.1" 301 323 "-" "Mozilla/5.0 AppleWebKit/537.36 (KHTML, like Gecko; compatible; bingbot/2.0; +http://www.bing.com/bingbot.htm) Chrome/103.0.5060.134 Safari/537.36"
52.167.144.39 - - [04/Apr/2023:06:17:47 +0200] "GET / HTTP/1.1" 301 313 "-" "Mozilla/5.0 AppleWebKit/537.36 (KHTML, like Gecko; compatible; bingbot/2.0; +http://www.bing.com/bingbot.htm) Chrome/103.0.5060.134 Safari/537.36"
31.13.103.8 - - [04/Apr/2023:06:45:20 +0200] "GET / HTTP/1.1" 301 309 "-" "facebookexternalhit/1.1 (+http://www.facebook.com/externalhit_uatext.php)"
99.81.201.139 - - [04/Apr/2023:07:52:44 +0200] "GET /robots.txt HTTP/1.1" 301 323 "-" "Riddler (http://riddler.io/about)"
99.81.201.139 - - [04/Apr/2023:07:59:30 +0200] "GET /robots.txt HTTP/1.1" 301 323 "-" "Riddler (http://riddler.io/about)"
99.81.201.139 - - [04/Apr/2023:08:18:27 +0200] "GET /robots.txt HTTP/1.1" 301 323 "-" "Riddler (http://riddler.io/about)"
99.81.201.139 - - [04/Apr/2023:08:34:39 +0200] "GET /robots.txt HTTP/1.1" 301 323 "-" "Riddler (http://riddler.io/about)"
99.81.201.139 - - [04/Apr/2023:08:39:57 +0200] "GET /robots.txt HTTP/1.1" 301 323 "-" "Riddler (http://riddler.io/about)"
99.81.201.139 - - [04/Apr/2023:08:45:13 +0200] "GET /robots.txt HTTP/1.1" 301 323 "-" "Riddler (http://riddler.io/about)"
99.81.201.139 - - [04/Apr/2023:08:51:29 +0200] "GET /robots.txt HTTP/1.1" 301 323 "-" "Riddler (http://riddler.io/about)"
99.81.201.139 - - [04/Apr/2023:09:26:16 +0200] "GET /robots.txt HTTP/1.1" 301 323 "-" "Riddler (http://riddler.io/about)"
99.81.201.139 - - [04/Apr/2023:09:39:23 +0200] "GET /robots.txt HTTP/1.1" 301 323 "-" "Riddler (http://riddler.io/about)"
101.32.222.118 - - [04/Apr/2023:09:53:16 +0200] "GET / HTTP/1.1" 301 309 "-" "Mozilla/5.0 (Windows NT 6.1; Win64; x64) AppleWebKit/537.36 (KHTML, like Gecko) Chrome/79.0.3945.88 Safari/537.36"
99.81.201.139 - - [04/Apr/2023:09:57:23 +0200] "GET /robots.txt HTTP/1.1" 301 323 "-" "Riddler (http://riddler.io/about)"
99.81.201.139 - - [04/Apr/2023:10:21:25 +0200] "GET /robots.txt HTTP/1.1" 301 323 "-" "Riddler (http://riddler.io/about)"
99.81.201.139 - - [04/Apr/2023:10:39:13 +0200] "GET /robots.txt HTTP/1.1" 301 323 "-" "Riddler (http://riddler.io/about)"
99.81.201.139 - - [04/Apr/2023:10:45:13 +0200] "GET /robots.txt HTTP/1.1" 301 323 "-" "Riddler (http://riddler.io/about)"
99.81.201.139 - - [04/Apr/2023:10:56:16 +0200] "GET /robots.txt HTTP/1.1" 301 323 "-" "Riddler (http://riddler.io/about)"
99.81.201.139 - - [04/Apr/2023:11:02:23 +0200] "GET /robots.txt HTTP/1.1" 301 323 "-" "Riddler (http://riddler.io/about)"
99.81.201.139 - - [04/Apr/2023:11:18:51 +0200] "GET /robots.txt HTTP/1.1" 301 323 "-" "Riddler (http://riddler.io/about)"
99.81.201.139 - - [04/Apr/2023:11:24:44 +0200] "GET /robots.txt HTTP/1.1" 301 323 "-" "Riddler (http://riddler.io/about)"
99.81.201.139 - - [04/Apr/2023:11:29:56 +0200] "GET /robots.txt HTTP/1.1" 301 323 "-" "Riddler (http://riddler.io/about)"
99.81.201.139 - - [04/Apr/2023:11:46:54 +0200] "GET /robots.txt HTTP/1.1" 301 323 "-" "Riddler (http://riddler.io/about)"
99.81.201.139 - - [04/Apr/2023:11:52:20 +0200] "GET /robots.txt HTTP/1.1" 301 323 "-" "Riddler (http://riddler.io/about)"
99.81.201.139 - - [04/Apr/2023:12:08:33 +0200] "GET /robots.txt HTTP/1.1" 301 323 "-" "Riddler (http://riddler.io/about)"
99.81.201.139 - - [04/Apr/2023:12:31:14 +0200] "GET /robots.txt HTTP/1.1" 301 323 "-" "Riddler (http://riddler.io/about)"
99.81.201.139 - - [04/Apr/2023:12:43:26 +0200] "GET /robots.txt HTTP/1.1" 301 323 "-" "Riddler (http://riddler.io/about)"
99.81.201.139 - - [04/Apr/2023:12:55:21 +0200] "GET /robots.txt HTTP/1.1" 301 323 "-" "Riddler (http://riddler.io/about)"
40.77.167.176 - - [04/Apr/2023:12:58:36 +0200] "GET /doc/helyierdeku_vasutak2009.ppt HTTP/1.1" 301 344 "-" "Mozilla/5.0 AppleWebKit/537.36 (KHTML, like Gecko; compatible; bingbot/2.0; +http://www.bing.com/bingbot.htm) Chrome/103.0.5060.134 Safari/537.36"
99.81.201.139 - - [04/Apr/2023:13:01:58 +0200] "GET /robots.txt HTTP/1.1" 301 323 "-" "Riddler (http://riddler.io/about)"
213.180.203.161 - - [04/Apr/2023:13:03:56 +0200] "GET /robots.txt HTTP/1.1" 301 319 "-" "Mozilla/5.0 (compatible; YandexBot/3.0; +http://yandex.com/bots)"
5.255.231.8 - - [04/Apr/2023:13:03:57 +0200] "GET /hirlevel/K%C3%A9rd%C5%91%C3%ADv201604.doc HTTP/1.1" 301 350 "-" "Mozilla/5.0 (compatible; YandexBot/3.0; +http://yandex.com/bots)"
99.81.201.139 - - [04/Apr/2023:13:13:31 +0200] "GET /robots.txt HTTP/1.1" 301 323 "-" "Riddler (http://riddler.io/about)"
99.81.201.139 - - [04/Apr/2023:13:31:52 +0200] "GET /robots.txt HTTP/1.1" 301 323 "-" "Riddler (http://riddler.io/about)"
94.44.229.206 - - [04/Apr/2023:13:39:13 +0200] "GET /doc/budapest-kornyeken-vasuttal.jpg HTTP/1.1" 301 344 "-" "com.google.GoogleMobile/257.0 iPhone/16.4 hw/iPhone13_3"
99.81.201.139 - - [04/Apr/2023:13:51:42 +0200] "GET /robots.txt HTTP/1.1" 301 323 "-" "Riddler (http://riddler.io/about)"
94.44.229.206 - - [04/Apr/2023:13:53:01 +0200] "GET /doc/budapest-kornyeken-vasuttal.jpg HTTP/1.1" 301 344 "-" "com.google.GoogleMobile/257.0 iPhone/16.4 hw/iPhone13_3"
35.208.178.192 - - [04/Apr/2023:13:53:02 +0200] "HEAD / HTTP/1.1" 301 0 "-" "scalaj-http/2.4.2"
35.208.178.192 - - [04/Apr/2023:13:53:02 +0200] "GET / HTTP/1.1" 301 309 "-" "Buck/2.3.2; (+https://app.hypefactors.com/media-monitoring/about.html)"
35.208.178.192 - - [04/Apr/2023:13:53:04 +0200] "GET /sitemap.xml HTTP/1.1" 301 320 "-" "Buck/2.3.2; (+https://app.hypefactors.com/media-monitoring/about.html)"
99.81.201.139 - - [04/Apr/2023:14:04:13 +0200] "GET /robots.txt HTTP/1.1" 301 323 "-" "Riddler (http://riddler.io/about)"
99.81.201.139 - - [04/Apr/2023:14:16:14 +0200] "GET /robots.txt HTTP/1.1" 301 323 "-" "Riddler (http://riddler.io/about)"
99.81.201.139 - - [04/Apr/2023:14:59:14 +0200] "GET /robots.txt HTTP/1.1" 301 323 "-" "Riddler (http://riddler.io/about)"
99.81.201.139 - - [04/Apr/2023:15:43:23 +0200] "GET /robots.txt HTTP/1.1" 301 323 "-" "Riddler (http://riddler.io/about)"
99.81.201.139 - - [04/Apr/2023:15:49:40 +0200] "GET /robots.txt HTTP/1.1" 301 323 "-" "Riddler (http://riddler.io/about)"
99.81.201.139 - - [04/Apr/2023:16:35:49 +0200] "GET /robots.txt HTTP/1.1" 301 323 "-" "Riddler (http://riddler.io/about)"
99.81.201.139 - - [04/Apr/2023:16:42:20 +0200] "GET /robots.txt HTTP/1.1" 301 323 "-" "Riddler (http://riddler.io/about)"
109.206.243.113 - - [04/Apr/2023:17:01:12 +0200] "GET /.env HTTP/1.1" 301 313 "-" "Mozilla/5.0 (Linux; U; Android 4.4.2; en-US; HM NOTE 1W Build/KOT49H) AppleWebKit/534.30 (KHTML, like Gecko) Version/4.0 UCBrowser/11.0.5.850 U3/0.8.0 Mobile Safari/534.30"
109.206.243.113 - - [04/Apr/2023:17:01:12 +0200] "POST / HTTP/1.1" 301 309 "-" "Mozilla/5.0 (Linux; U; Android 4.4.2; en-US; HM NOTE 1W Build/KOT49H) AppleWebKit/534.30 (KHTML, like Gecko) Version/4.0 UCBrowser/11.0.5.850 U3/0.8.0 Mobile Safari/534.30"
99.81.201.139 - - [04/Apr/2023:17:04:10 +0200] "GET /robots.txt HTTP/1.1" 301 323 "-" "Riddler (http://riddler.io/about)"
99.81.201.139 - - [04/Apr/2023:17:11:35 +0200] "GET /robots.txt HTTP/1.1" 301 323 "-" "Riddler (http://riddler.io/about)"
99.81.201.139 - - [04/Apr/2023:17:32:43 +0200] "GET /robots.txt HTTP/1.1" 301 323 "-" "Riddler (http://riddler.io/about)"
99.81.201.139 - - [04/Apr/2023:17:39:14 +0200] "GET /robots.txt HTTP/1.1" 301 323 "-" "Riddler (http://riddler.io/about)"
99.81.201.139 - - [04/Apr/2023:17:52:00 +0200] "GET /robots.txt HTTP/1.1" 301 323 "-" "Riddler (http://riddler.io/about)"
99.81.201.139 - - [04/Apr/2023:17:57:32 +0200] "GET /robots.txt HTTP/1.1" 301 323 "-" "Riddler (http://riddler.io/about)"
216.201.9.135 - - [04/Apr/2023:18:37:26 +0200] "GET /robots.txt HTTP/1.0" 301 311 "-" "Mozilla/4.0 (compatible; fluid/0.0; +http://www.leak.info/bot.html)"
99.81.201.139 - - [04/Apr/2023:18:38:01 +0200] "GET /robots.txt HTTP/1.1" 301 323 "-" "Riddler (http://riddler.io/about)"
220.181.108.92 - - [04/Apr/2023:18:45:03 +0200] "GET /doc/vasuttal-budapest-kornyeken.pdf HTTP/1.1" 301 348 "-" "Mozilla/5.0 (compatible; Baiduspider/2.0; +http://www.baidu.com/search/spider.html)"
220.181.51.92 - - [04/Apr/2023:18:45:05 +0200] "GET /robots.txt HTTP/1.1" 301 323 "-" "Mozilla/5.0 (Windows NT 10.0; WOW64) AppleWebKit/537.36 (KHTML, like Gecko) Chrome/48.0.2564.116 Safari/537.36"
94.44.229.206 - - [04/Apr/2023:18:49:51 +0200] "GET /doc/budapest-kornyeken-vasuttal.jpg HTTP/1.1" 301 344 "-" "com.google.GoogleMobile/257.0 iPhone/16.4 hw/iPhone13_3"
94.44.229.206 - - [04/Apr/2023:18:55:12 +0200] "GET /doc/budapest-kornyeken-vasuttal.jpg HTTP/1.1" 301 344 "-" "com.google.GoogleMobile/257.0 iPhone/16.4 hw/iPhone13_3"
99.81.201.139 - - [04/Apr/2023:19:01:13 +0200] "GET /robots.txt HTTP/1.1" 301 323 "-" "Riddler (http://riddler.io/about)"
