206.223.160.162 - - [01/Dec/2016:16:01:40 +0100] "GET /new/sites/default/themes/nosza/images/hatIcon.jpg HTTP/1.1" 200 838 "http://www.nosza.hu/new/sites/default/themes/nosza/css/menu_style.css" "Mozilla/5.0 (Windows NT 6.1; WOW64) AppleWebKit/537.36 (KHTML, like Gecko) Chrome/54.0.2840.99 Safari/537.36"
206.223.160.162 - - [01/Dec/2016:16:01:40 +0100] "GET /new/sites/default/themes/nosza/images/negyIcon.jpg HTTP/1.1" 200 908 "http://www.nosza.hu/new/sites/default/themes/nosza/css/menu_style.css" "Mozilla/5.0 (Windows NT 6.1; WOW64) AppleWebKit/537.36 (KHTML, like Gecko) Chrome/54.0.2840.99 Safari/537.36"
206.223.160.162 - - [01/Dec/2016:16:01:40 +0100] "GET /new/sites/default/themes/nosza/images/feelingBgDossziek.jpg HTTP/1.1" 200 37343 "http://www.nosza.hu/new/sites/default/themes/nosza/css/nosza.css?L" "Mozilla/5.0 (Windows NT 6.1; WOW64) AppleWebKit/537.36 (KHTML, like Gecko) Chrome/54.0.2840.99 Safari/537.36"
206.223.160.162 - - [01/Dec/2016:16:01:40 +0100] "GET /new/sites/default/themes/nosza/images/haromIcon.jpg HTTP/1.1" 200 764 "http://www.nosza.hu/new/sites/default/themes/nosza/css/menu_style.css" "Mozilla/5.0 (Windows NT 6.1; WOW64) AppleWebKit/537.36 (KHTML, like Gecko) Chrome/54.0.2840.99 Safari/537.36"
206.223.160.162 - - [01/Dec/2016:16:01:40 +0100] "GET /new/sites/default/themes/nosza/images/breadNyil.jpg HTTP/1.1" 200 312 "http://www.nosza.hu/new/sites/default/themes/nosza/css/nosza.css?L" "Mozilla/5.0 (Windows NT 6.1; WOW64) AppleWebKit/537.36 (KHTML, like Gecko) Chrome/54.0.2840.99 Safari/537.36"
206.223.160.162 - - [01/Dec/2016:16:01:40 +0100] "GET /new/sites/default/themes/nosza/images/otIcon.jpg HTTP/1.1" 200 689 "http://www.nosza.hu/new/sites/default/themes/nosza/css/menu_style.css" "Mozilla/5.0 (Windows NT 6.1; WOW64) AppleWebKit/537.36 (KHTML, like Gecko) Chrome/54.0.2840.99 Safari/537.36"
206.223.160.162 - - [01/Dec/2016:16:01:40 +0100] "GET /new/sites/default/themes/nosza/images/kettoIcon.jpg HTTP/1.1" 200 1039 "http://www.nosza.hu/new/sites/default/themes/nosza/css/menu_style.css" "Mozilla/5.0 (Windows NT 6.1; WOW64) AppleWebKit/537.36 (KHTML, like Gecko) Chrome/54.0.2840.99 Safari/537.36"
206.223.160.162 - - [01/Dec/2016:16:01:40 +0100] "GET /new/sites/default/themes/nosza/images/csatolmanyBg.jpg HTTP/1.1" 200 884 "http://www.nosza.hu/new/sites/default/themes/nosza/css/nosza.css?L" "Mozilla/5.0 (Windows NT 6.1; WOW64) AppleWebKit/537.36 (KHTML, like Gecko) Chrome/54.0.2840.99 Safari/537.36"
206.223.160.162 - - [01/Dec/2016:16:01:40 +0100] "GET /new/sites/default/themes/nosza/images/subnavBg.jpg HTTP/1.1" 200 439 "http://www.nosza.hu/new/sites/default/themes/nosza/css/nosza.css?L" "Mozilla/5.0 (Windows NT 6.1; WOW64) AppleWebKit/537.36 (KHTML, like Gecko) Chrome/54.0.2840.99 Safari/537.36"
206.223.160.162 - - [01/Dec/2016:16:01:40 +0100] "GET /new/sites/default/themes/nosza/images/egyIcon.jpg HTTP/1.1" 200 860 "http://www.nosza.hu/new/sites/default/themes/nosza/css/menu_style.css" "Mozilla/5.0 (Windows NT 6.1; WOW64) AppleWebKit/537.36 (KHTML, like Gecko) Chrome/54.0.2840.99 Safari/537.36"
206.223.160.162 - - [01/Dec/2016:16:01:40 +0100] "GET /new/sites/default/themes/nosza/images/magyarBgOver.png HTTP/1.1" 200 893 "http://www.nosza.hu/new/sites/default/themes/nosza/css/nosza.css?L" "Mozilla/5.0 (Windows NT 6.1; WOW64) AppleWebKit/537.36 (KHTML, like Gecko) Chrome/54.0.2840.99 Safari/537.36"
206.223.160.162 - - [01/Dec/2016:16:01:40 +0100] "GET /new/sites/default/themes/nosza/images/englishBgInactive.png HTTP/1.1" 200 823 "http://www.nosza.hu/new/sites/default/themes/nosza/css/nosza.css?L" "Mozilla/5.0 (Windows NT 6.1; WOW64) AppleWebKit/537.36 (KHTML, like Gecko) Chrome/54.0.2840.99 Safari/537.36"
206.223.160.162 - - [01/Dec/2016:16:01:40 +0100] "GET /new/sites/default/themes/nosza/images/footerBg.jpg HTTP/1.1" 200 1097 "http://www.nosza.hu/new/sites/default/themes/nosza/css/nosza.css?L" "Mozilla/5.0 (Windows NT 6.1; WOW64) AppleWebKit/537.36 (KHTML, like Gecko) Chrome/54.0.2840.99 Safari/537.36"
206.223.160.162 - - [01/Dec/2016:16:01:40 +0100] "GET /favicon.ico HTTP/1.1" 404 1181 "http://www.nosza.hu/new/dossziek/dr-b%C3%ADr%C3%B3-endre-kcr-dimenzi%C3%B3-civil-r%C3%A9szv%C3%A9tel-jogi-akad%C3%A1lyai-k%C3%B6zfeladatok-ell%C3%A1t%C3%A1s%C3%A1ban" "Mozilla/5.0 (Windows NT 6.1; WOW64) AppleWebKit/537.36 (KHTML, like Gecko) Chrome/54.0.2840.99 Safari/537.36"
206.223.160.162 - - [01/Dec/2016:16:01:42 +0100] "GET /new/sites/default/themes/nosza/images/submenuBg.png HTTP/1.1" 200 875 "http://www.nosza.hu/new/sites/default/themes/nosza/css/menu_style.css" "Mozilla/5.0 (Windows NT 6.1; WOW64) AppleWebKit/537.36 (KHTML, like Gecko) Chrome/54.0.2840.99 Safari/537.36"
206.223.160.162 - - [01/Dec/2016:16:01:42 +0100] "GET /new/sites/default/themes/nosza/images/kettoOver.jpg HTTP/1.1" 200 868 "http://www.nosza.hu/new/sites/default/themes/nosza/css/menu_style.css" "Mozilla/5.0 (Windows NT 6.1; WOW64) AppleWebKit/537.36 (KHTML, like Gecko) Chrome/54.0.2840.99 Safari/537.36"
217.69.133.235 - - [01/Dec/2016:16:15:20 +0100] "GET /robots.txt HTTP/1.0" 404 1181 "-" "Mozilla/5.0 (compatible; Linux x86_64; Mail.RU_Bot/2.0; +http://go.mail.ru/help/robots)"
217.69.133.237 - - [01/Dec/2016:16:15:22 +0100] "GET /new/sites/default/files/slovakian%20final.pdf HTTP/1.1" 200 510961 "-" "Mozilla/5.0 (compatible; Linux x86_64; Mail.RU_Bot/2.0; +http://go.mail.ru/help/robots)"
77.75.76.168 - - [01/Dec/2016:17:10:39 +0100] "GET /robots.txt HTTP/1.1" 404 1181 "-" "Mozilla/5.0 (compatible; SeznamBot/3.2; +http://napoveda.seznam.cz/en/seznambot-intro/)"
77.75.76.168 - - [01/Dec/2016:17:10:40 +0100] "GET /new/sites/default/themes/nosza/images/dosszieSide.jpg HTTP/1.1" 304 - "-" "Mozilla/5.0 (compatible; SeznamBot/3.2; +http://napoveda.seznam.cz/en/seznambot-intro/)"
157.55.39.43 - - [01/Dec/2016:17:46:23 +0100] "GET /aktualis/1gyikNCA/szervezet/index.html HTTP/1.1" 200 23952 "-" "Mozilla/5.0 (iPhone; CPU iPhone OS 7_0 like Mac OS X) AppleWebKit/537.51.1 (KHTML, like Gecko) Version/7.0 Mobile/11A465 Safari/9537.53 (compatible; bingbot/2.0; +http://www.bing.com/bingbot.htm)"
217.69.133.236 - - [01/Dec/2016:17:49:17 +0100] "GET /robots.txt HTTP/1.0" 404 1181 "-" "Mozilla/5.0 (compatible; Linux x86_64; Mail.RU_Bot/2.0; +http://go.mail.ru/help/robots)"
217.69.133.70 - - [01/Dec/2016:17:49:19 +0100] "GET /angol/index.html HTTP/1.1" 200 13458 "-" "Mozilla/5.0 (compatible; Linux x86_64; Mail.RU_Bot/2.0; +http://go.mail.ru/help/robots)"
46.229.168.74 - - [01/Dec/2016:18:01:38 +0100] "GET /konferenciak/index.html HTTP/1.1" 200 26837 "-" "Mozilla/5.0 (compatible; SemrushBot/1.1~bl; +http://www.semrush.com/bot.html)"
46.229.168.70 - - [01/Dec/2016:18:07:59 +0100] "GET /new/projektek/Menedzsment%20tr%C3%A9ning HTTP/1.1" 200 9046 "-" "Mozilla/5.0 (compatible; SemrushBot/1.1~bl; +http://www.semrush.com/bot.html)"
46.229.168.68 - - [01/Dec/2016:18:10:40 +0100] "GET /aktualis/1gyikNCA/szervezet/index.html HTTP/1.1" 200 23952 "-" "Mozilla/5.0 (compatible; SemrushBot/1.1~bl; +http://www.semrush.com/bot.html)"
195.154.187.115 - - [01/Dec/2016:18:11:02 +0100] "GET /robots.txt HTTP/1.1" 404 1181 "-" "Mozilla/5.0 (compatible; MJ12bot/v1.4.7; http://mj12bot.com/)"
195.154.187.115 - - [01/Dec/2016:18:11:06 +0100] "GET /kutat/REVkutatas/1gazdasag/ HTTP/1.1" 200 89032 "-" "Mozilla/5.0 (compatible; MJ12bot/v1.4.7; http://mj12bot.com/)"
195.154.187.115 - - [01/Dec/2016:18:12:14 +0100] "GET /new/content/civil-szervezet-%E2%80%93-t%C3%A1rsadalmi-szervezet-%E2%80%93-civil-t%C3%A1rsas%C3%A1g-az-%C3%BAj-civil-t%C3%B6rv%C3%A9ny-fogalmi-%C3%BAj%C3%ADt%C3%A1sai HTTP/1.1" 200 18203 "-" "Mozilla/5.0 (compatible; MJ12bot/v1.4.7; http://mj12bot.com/)"
195.154.187.115 - - [01/Dec/2016:18:12:29 +0100] "GET /new/dossziek/Teszt%20dosszi%C3%A9 HTTP/1.1" 200 7649 "-" "Mozilla/5.0 (compatible; MJ12bot/v1.4.7; http://mj12bot.com/)"
163.172.66.86 - - [01/Dec/2016:18:20:16 +0100] "GET /halozatok/JMCS/memo/09/index.html HTTP/1.1" 200 42017 "-" "Mozilla/5.0 (compatible; AhrefsBot/5.1; +http://ahrefs.com/robot/)"
66.249.66.135 - - [01/Dec/2016:18:37:56 +0100] "GET /new/magunkrol/tagjaink HTTP/1.1" 200 17173 "-" "Mozilla/5.0 (Linux; Android 6.0.1; Nexus 5X Build/MMB29P) AppleWebKit/537.36 (KHTML, like Gecko) Chrome/41.0.2272.96 Mobile Safari/537.36 (compatible; Googlebot/2.1; +http://www.google.com/bot.html)"
68.180.228.29 - - [01/Dec/2016:18:39:05 +0100] "GET /robots.txt HTTP/1.1" 404 1181 "-" "Mozilla/5.0 (compatible; Yahoo! Slurp; http://help.yahoo.com/help/us/ysearch/slurp)"
68.180.228.29 - - [01/Dec/2016:18:39:08 +0100] "GET /new/hirek/2016 HTTP/1.1" 200 16410 "-" "Mozilla/5.0 (compatible; Yahoo! Slurp; http://help.yahoo.com/help/us/ysearch/slurp)"
46.229.168.66 - - [01/Dec/2016:18:44:44 +0100] "GET /new/sites/default/files/Jegyz%C5%91k%C3%B6nyv20090526.pdf HTTP/1.1" 200 87306 "-" "Mozilla/5.0 (compatible; SemrushBot/1.1~bl; +http://www.semrush.com/bot.html)"
157.55.39.151 - - [01/Dec/2016:18:47:10 +0100] "GET /szervezet/index.html HTTP/1.1" 200 7605 "-" "Mozilla/5.0 (iPhone; CPU iPhone OS 7_0 like Mac OS X) AppleWebKit/537.51.1 (KHTML, like Gecko) Version/7.0 Mobile/11A465 Safari/9537.53 (compatible; bingbot/2.0; +http://www.bing.com/bingbot.htm)"
157.55.39.43 - - [01/Dec/2016:18:47:31 +0100] "GET /graphics/noszalogo.gif HTTP/1.1" 200 6797 "-" "Mozilla/5.0 (iPhone; CPU iPhone OS 7_0 like Mac OS X) AppleWebKit/537.51.1 (KHTML, like Gecko) Version/7.0 Mobile/11A465 Safari/9537.53 (compatible; bingbot/2.0; +http://www.bing.com/bingbot.htm)"
157.55.39.244 - - [01/Dec/2016:19:02:35 +0100] "GET /new/sites/default/files/polish%20final.doc HTTP/1.1" 200 1365504 "-" "Mozilla/5.0 (iPhone; CPU iPhone OS 7_0 like Mac OS X) AppleWebKit/537.51.1 (KHTML, like Gecko) Version/7.0 Mobile/11A465 Safari/9537.53 (compatible; bingbot/2.0; +http://www.bing.com/bingbot.htm)"
217.69.133.234 - - [01/Dec/2016:19:23:54 +0100] "GET /robots.txt HTTP/1.0" 404 1181 "-" "Mozilla/5.0 (compatible; Linux x86_64; Mail.RU_Bot/2.0; +http://go.mail.ru/help/robots)"
217.69.133.236 - - [01/Dec/2016:19:23:56 +0100] "GET /new/sites/default/files/introduction.pdf HTTP/1.1" 200 628960 "-" "Mozilla/5.0 (compatible; Linux x86_64; Mail.RU_Bot/2.0; +http://go.mail.ru/help/robots)"
217.69.133.237 - - [01/Dec/2016:19:23:58 +0100] "GET /new/en/dossiers/sample-dossier-content HTTP/1.1" 200 7995 "-" "Mozilla/5.0 (compatible; Linux x86_64; Mail.RU_Bot/2.0; +http://go.mail.ru/help/robots)"
217.69.133.236 - - [01/Dec/2016:19:24:07 +0100] "GET /new/magunkrol/tagjaink?page=1 HTTP/1.1" 200 10123 "-" "Mozilla/5.0 (compatible; Linux x86_64; Mail.RU_Bot/2.0; +http://go.mail.ru/help/robots)"
207.46.13.11 - - [01/Dec/2016:19:50:19 +0100] "GET /new/sites/default/files/bevezeto.pdf HTTP/1.1" 200 655555 "-" "Mozilla/5.0 (iPhone; CPU iPhone OS 7_0 like Mac OS X) AppleWebKit/537.51.1 (KHTML, like Gecko) Version/7.0 Mobile/11A465 Safari/9537.53 (compatible; bingbot/2.0; +http://www.bing.com/bingbot.htm)"
5.254.101.178 - - [01/Dec/2016:19:52:40 +0100] "HEAD /wp-login.php HTTP/1.1" 404 0 "-" "-"
163.172.64.225 - - [01/Dec/2016:20:02:50 +0100] "GET /halozatok/kerekasztal/memo5/index.html HTTP/1.1" 200 11742 "-" "Mozilla/5.0 (compatible; AhrefsBot/5.1; +http://ahrefs.com/robot/)"
77.31.105.36 - - [01/Dec/2016:20:09:19 +0100] "GET /wp-login.php HTTP/1.1" 404 1181 "-" "Mozilla/5.0 (Windows NT 6.1; WOW64; rv:40.0) Gecko/20100101 Firefox/40.1"
77.31.105.36 - - [01/Dec/2016:20:09:20 +0100] "GET / HTTP/1.1" 200 1010 "-" "Mozilla/5.0 (Windows NT 6.1; WOW64; rv:40.0) Gecko/20100101 Firefox/40.1"
5.204.12.204 - - [01/Dec/2016:20:26:20 +0100] "GET /kutat/REVkutatas/5PR/ HTTP/1.1" 200 49876 "https://www.google.hu/" "Mozilla/5.0 (Windows NT 10.0; WOW64) AppleWebKit/537.36 (KHTML, like Gecko) Chrome/54.0.2840.99 Safari/537.36"
5.204.12.204 - - [01/Dec/2016:20:26:20 +0100] "GET /graphics/noszalogo.gif HTTP/1.1" 200 6797 "http://www.nosza.hu/kutat/REVkutatas/5PR/" "Mozilla/5.0 (Windows NT 10.0; WOW64) AppleWebKit/537.36 (KHTML, like Gecko) Chrome/54.0.2840.99 Safari/537.36"
5.204.12.204 - - [01/Dec/2016:20:26:20 +0100] "GET /galateia.css HTTP/1.1" 200 1717 "http://www.nosza.hu/kutat/REVkutatas/5PR/" "Mozilla/5.0 (Windows NT 10.0; WOW64) AppleWebKit/537.36 (KHTML, like Gecko) Chrome/54.0.2840.99 Safari/537.36"
5.204.12.204 - - [01/Dec/2016:20:26:20 +0100] "GET /graphics/galas.gif HTTP/1.1" 200 913 "http://www.nosza.hu/kutat/REVkutatas/5PR/" "Mozilla/5.0 (Windows NT 10.0; WOW64) AppleWebKit/537.36 (KHTML, like Gecko) Chrome/54.0.2840.99 Safari/537.36"
5.204.12.204 - - [01/Dec/2016:20:26:21 +0100] "GET /favicon.ico HTTP/1.1" 404 1181 "http://www.nosza.hu/kutat/REVkutatas/5PR/" "Mozilla/5.0 (Windows NT 10.0; WOW64) AppleWebKit/537.36 (KHTML, like Gecko) Chrome/54.0.2840.99 Safari/537.36"
157.55.39.43 - - [01/Dec/2016:20:26:40 +0100] "GET /konferenciak/index.html HTTP/1.1" 200 26837 "-" "Mozilla/5.0 (iPhone; CPU iPhone OS 7_0 like Mac OS X) AppleWebKit/537.51.1 (KHTML, like Gecko) Version/7.0 Mobile/11A465 Safari/9537.53 (compatible; bingbot/2.0; +http://www.bing.com/bingbot.htm)"
157.55.39.43 - - [01/Dec/2016:20:29:01 +0100] "GET /konferenciak/index.html HTTP/1.1" 200 26837 "-" "Mozilla/5.0 (iPhone; CPU iPhone OS 7_0 like Mac OS X) AppleWebKit/537.51.1 (KHTML, like Gecko) Version/7.0 Mobile/11A465 Safari/9537.53 (compatible; bingbot/2.0; +http://www.bing.com/bingbot.htm)"
46.229.164.100 - - [01/Dec/2016:20:35:54 +0100] "GET /robots.txt HTTP/1.1" 404 1181 "-" "Mozilla/5.0 (compatible; SemrushBot/1.1~bl; +http://www.semrush.com/bot.html)"
46.229.168.65 - - [01/Dec/2016:20:36:23 +0100] "GET /konferenciak/040memo/index.html HTTP/1.1" 200 33575 "-" "Mozilla/5.0 (compatible; SemrushBot/1.1~bl; +http://www.semrush.com/bot.html)"
46.229.168.65 - - [01/Dec/2016:20:36:38 +0100] "GET /konferenciak/040memo/index.html HTTP/1.1" 200 33575 "-" "Mozilla/5.0 (compatible; SemrushBot/1.1~bl; +http://www.semrush.com/bot.html)"
46.229.168.65 - - [01/Dec/2016:20:37:01 +0100] "GET /konferenciak/040memo/index.html HTTP/1.1" 200 33575 "-" "Mozilla/5.0 (compatible; SemrushBot/1.1~bl; +http://www.semrush.com/bot.html)"
46.229.168.68 - - [01/Dec/2016:20:41:01 +0100] "GET /new/hirek/nyitott-jogalkot%C3%A1s-hogyan-lesz-az-elm%C3%A9letb%C5%91l-gyakorlat HTTP/1.1" 200 11990 "-" "Mozilla/5.0 (compatible; SemrushBot/1.1~bl; +http://www.semrush.com/bot.html)"
46.229.168.68 - - [01/Dec/2016:20:41:12 +0100] "GET /new/hirek/nyitott-jogalkot%C3%A1s-hogyan-lesz-az-elm%C3%A9letb%C5%91l-gyakorlat HTTP/1.1" 200 11990 "-" "Mozilla/5.0 (compatible; SemrushBot/1.1~bl; +http://www.semrush.com/bot.html)"
46.229.168.68 - - [01/Dec/2016:20:41:30 +0100] "GET /new/hirek/nyitott-jogalkot%C3%A1s-hogyan-lesz-az-elm%C3%A9letb%C5%91l-gyakorlat HTTP/1.1" 200 11990 "-" "Mozilla/5.0 (compatible; SemrushBot/1.1~bl; +http://www.semrush.com/bot.html)"
46.229.168.68 - - [01/Dec/2016:20:48:39 +0100] "GET /new/en/news HTTP/1.1" 200 8133 "-" "Mozilla/5.0 (compatible; SemrushBot/1.1~bl; +http://www.semrush.com/bot.html)"
157.55.39.43 - - [01/Dec/2016:20:55:51 +0100] "GET / HTTP/1.1" 200 1010 "-" "Mozilla/5.0 (compatible; bingbot/2.0; +http://www.bing.com/bingbot.htm)"
217.69.133.235 - - [01/Dec/2016:20:58:19 +0100] "GET /robots.txt HTTP/1.0" 404 1181 "-" "Mozilla/5.0 (compatible; Linux x86_64; Mail.RU_Bot/2.0; +http://go.mail.ru/help/robots)"
217.69.133.70 - - [01/Dec/2016:20:58:22 +0100] "GET /new/en/about_us/our_staff HTTP/1.1" 200 8818 "-" "Mozilla/5.0 (compatible; Linux x86_64; Mail.RU_Bot/2.0; +http://go.mail.ru/help/robots)"
217.69.133.238 - - [01/Dec/2016:20:58:24 +0100] "GET /new/en/about_us/members HTTP/1.1" 200 7939 "-" "Mozilla/5.0 (compatible; Linux x86_64; Mail.RU_Bot/2.0; +http://go.mail.ru/help/robots)"
217.69.133.237 - - [01/Dec/2016:20:58:32 +0100] "GET /new/en/rss.xml HTTP/1.1" 200 6736 "-" "Mozilla/5.0 (compatible; Linux x86_64; Mail.RU_Bot/2.0; +http://go.mail.ru/help/robots)"
217.69.133.234 - - [01/Dec/2016:20:58:33 +0100] "GET /kiss.dbk.pdf HTTP/1.1" 200 146575 "-" "Mozilla/5.0 (compatible; Linux x86_64; Mail.RU_Bot/2.0; +http://go.mail.ru/help/robots)"
163.172.66.163 - - [01/Dec/2016:21:13:55 +0100] "GET /aktualis/1gyikNCA/elektor/index.html HTTP/1.1" 200 26380 "-" "Mozilla/5.0 (compatible; AhrefsBot/5.1; +http://ahrefs.com/robot/)"
52.211.69.94 - - [01/Dec/2016:21:16:24 +0100] "HEAD / HTTP/1.1" 200 0 "-" "Mozilla/5.0 (compatible; JobKereso; +https://www.kozvetlen-allasok.hu/robot.jsp info@kozvetlen-allasok.hu)"
52.211.69.94 - - [01/Dec/2016:21:16:24 +0100] "GET /robots.txt HTTP/1.1" 404 1181 "-" "Mozilla/5.0 (compatible; JobKereso; +https://www.kozvetlen-allasok.hu/robot.jsp info@kozvetlen-allasok.hu)"
52.211.69.94 - - [01/Dec/2016:21:16:24 +0100] "HEAD / HTTP/1.1" 200 0 "-" "Mozilla/5.0 (compatible; JobKereso; +https://www.kozvetlen-allasok.hu/robot.jsp info@kozvetlen-allasok.hu)"
52.211.69.94 - - [01/Dec/2016:21:16:24 +0100] "GET / HTTP/1.1" 200 1010 "-" "Mozilla/5.0 (compatible; JobKereso; +https://www.kozvetlen-allasok.hu/robot.jsp info@kozvetlen-allasok.hu)"
52.211.69.94 - - [01/Dec/2016:21:16:25 +0100] "HEAD /favicon.ico HTTP/1.1" 404 0 "https://www.kozvetlen-allasok.hu" "Mozilla/5.0 (compatible; JobKeresoBot; +https://www.kozvetlen-allasok.hu/help.jsp; info@kozvetlen-allasok.hu; 5.0"
180.76.15.149 - - [01/Dec/2016:21:21:41 +0100] "GET /new/sites/default/files/slovakian%20final.pdf HTTP/1.1" 200 510961 "-" "Mozilla/5.0 (compatible; Baiduspider/2.0; +http://www.baidu.com/search/spider.html)"
46.229.168.68 - - [01/Dec/2016:21:23:44 +0100] "GET /new/publikaciok/cnny-hatodik-jelent%C3%A9se-nemzeti-strat%C3%A9giai-anyagok-tervez%C3%A9s%C3%A9nek-nyilv%C3%A1noss%C3%A1g%C3%A1r%C3%B3l HTTP/1.1" 200 8499 "-" "Mozilla/5.0 (compatible; SemrushBot/1.1~bl; +http://www.semrush.com/bot.html)"
212.129.5.119 - - [01/Dec/2016:21:24:55 +0100] "GET / HTTP/1.0" 200 1010 "-" "Mozilla/5.0 (Windows NT 6.3; WOW64) AppleWebKit/537.36 (KHTML, like Gecko) Chrome/34.0.1847.137 Safari/537.36"
46.229.168.74 - - [01/Dec/2016:21:33:46 +0100] "GET /new/sites/default/files/KCRdimenzio.pdf HTTP/1.1" 200 368433 "-" "Mozilla/5.0 (compatible; SemrushBot/1.1~bl; +http://www.semrush.com/bot.html)"
157.55.39.43 - - [01/Dec/2016:21:35:56 +0100] "GET /new/sites/default/files/NOSZA%20alapszab%C3%83%C2%A1ly%202007.09.20.-2.doc HTTP/1.1" 404 7142 "-" "Mozilla/5.0 (iPhone; CPU iPhone OS 7_0 like Mac OS X) AppleWebKit/537.51.1 (KHTML, like Gecko) Version/7.0 Mobile/11A465 Safari/9537.53 (compatible; bingbot/2.0; +http://www.bing.com/bingbot.htm)"
52.30.153.8 - - [01/Dec/2016:21:38:26 +0100] "HEAD / HTTP/1.1" 200 0 "-" "Mozilla/5.0 (compatible; JobKereso; +https://www.kozvetlen-allasok.hu/robot.jsp info@kozvetlen-allasok.hu)"
52.30.153.8 - - [01/Dec/2016:21:38:27 +0100] "GET /robots.txt HTTP/1.1" 404 1181 "-" "Mozilla/5.0 (compatible; JobKereso; +https://www.kozvetlen-allasok.hu/robot.jsp info@kozvetlen-allasok.hu)"
52.30.153.8 - - [01/Dec/2016:21:38:27 +0100] "HEAD / HTTP/1.1" 200 0 "-" "Mozilla/5.0 (compatible; JobKereso; +https://www.kozvetlen-allasok.hu/robot.jsp info@kozvetlen-allasok.hu)"
52.30.153.8 - - [01/Dec/2016:21:38:27 +0100] "GET / HTTP/1.1" 200 1010 "-" "Mozilla/5.0 (compatible; JobKereso; +https://www.kozvetlen-allasok.hu/robot.jsp info@kozvetlen-allasok.hu)"
52.30.153.8 - - [01/Dec/2016:21:38:28 +0100] "HEAD /favicon.ico HTTP/1.1" 404 0 "https://www.kozvetlen-allasok.hu" "Mozilla/5.0 (compatible; JobKeresoBot; +https://www.kozvetlen-allasok.hu/help.jsp; info@kozvetlen-allasok.hu; 5.0"
66.249.66.131 - - [01/Dec/2016:21:44:32 +0100] "GET /robots.txt HTTP/1.1" 404 1181 "-" "Mozilla/5.0 (compatible; Googlebot/2.1; +http://www.google.com/bot.html)"
66.249.66.135 - - [01/Dec/2016:21:44:33 +0100] "GET /kutat/REVkutatas/3gazdalkodas/ HTTP/1.1" 304 - "-" "Mozilla/5.0 (compatible; Googlebot/2.1; +http://www.google.com/bot.html)"
157.55.39.151 - - [01/Dec/2016:21:45:51 +0100] "GET /fulop.dbk.pdf HTTP/1.1" 200 228405 "-" "Mozilla/5.0 (iPhone; CPU iPhone OS 7_0 like Mac OS X) AppleWebKit/537.51.1 (KHTML, like Gecko) Version/7.0 Mobile/11A465 Safari/9537.53 (compatible; bingbot/2.0; +http://www.bing.com/bingbot.htm)"
157.55.39.43 - - [01/Dec/2016:21:58:27 +0100] "GET /3kutat/NOSZA2002/ HTTP/1.1" 304 - "-" "Mozilla/5.0 (compatible; bingbot/2.0; +http://www.bing.com/bingbot.htm)"
157.55.39.244 - - [01/Dec/2016:22:12:58 +0100] "GET /new/en/news/henceforth-nosza-association-proud-member-freedom-information-advocates-network-foianet HTTP/1.1" 200 8098 "-" "msnbot-media/1.1 (+http://search.msn.com/msnbot.htm)"
5.187.140.209 - - [01/Dec/2016:22:13:49 +0100] "GET /kutat/REVkutatas/5PR/ HTTP/1.1" 200 49876 "https://www.google.hu/" "Mozilla/5.0 (Windows NT 10.0; WOW64) AppleWebKit/537.36 (KHTML, like Gecko) Chrome/54.0.2840.99 Safari/537.36"
5.187.140.209 - - [01/Dec/2016:22:13:49 +0100] "GET /galateia.css HTTP/1.1" 200 1717 "http://www.nosza.hu/kutat/REVkutatas/5PR/" "Mozilla/5.0 (Windows NT 10.0; WOW64) AppleWebKit/537.36 (KHTML, like Gecko) Chrome/54.0.2840.99 Safari/537.36"
5.187.140.209 - - [01/Dec/2016:22:13:49 +0100] "GET /graphics/noszalogo.gif HTTP/1.1" 200 6797 "http://www.nosza.hu/kutat/REVkutatas/5PR/" "Mozilla/5.0 (Windows NT 10.0; WOW64) AppleWebKit/537.36 (KHTML, like Gecko) Chrome/54.0.2840.99 Safari/537.36"
5.187.140.209 - - [01/Dec/2016:22:13:49 +0100] "GET /graphics/galas.gif HTTP/1.1" 200 913 "http://www.nosza.hu/kutat/REVkutatas/5PR/" "Mozilla/5.0 (Windows NT 10.0; WOW64) AppleWebKit/537.36 (KHTML, like Gecko) Chrome/54.0.2840.99 Safari/537.36"
5.187.140.209 - - [01/Dec/2016:22:13:49 +0100] "GET /favicon.ico HTTP/1.1" 404 1181 "http://www.nosza.hu/kutat/REVkutatas/5PR/" "Mozilla/5.0 (Windows NT 10.0; WOW64) AppleWebKit/537.36 (KHTML, like Gecko) Chrome/54.0.2840.99 Safari/537.36"
89.133.32.99 - - [01/Dec/2016:22:16:15 +0100] "GET / HTTP/1.1" 200 1010 "-" "Mozilla/5.0 (iPhone; CPU iPhone OS 10_0_2 like Mac OS X) AppleWebKit/602.1.50 (KHTML, like Gecko) Version/10.0 Mobile/14A456 Safari/602.1"
89.133.32.99 - - [01/Dec/2016:22:16:17 +0100] "GET /new/ HTTP/1.1" 200 9569 "http://www.nosza.hu/" "Mozilla/5.0 (iPhone; CPU iPhone OS 10_0_2 like Mac OS X) AppleWebKit/602.1.50 (KHTML, like Gecko) Version/10.0 Mobile/14A456 Safari/602.1"
89.133.32.99 - - [01/Dec/2016:22:16:28 +0100] "GET /new/ HTTP/1.1" 200 9569 "http://www.nosza.hu/" "Mozilla/5.0 (iPhone; CPU iPhone OS 10_0_2 like Mac OS X) AppleWebKit/602.1.50 (KHTML, like Gecko) Version/10.0 Mobile/14A456 Safari/602.1"
5.189.155.66 - - [01/Dec/2016:22:19:31 +0100] "GET /new/en/publications/civil-liberties-versus-radical-movements HTTP/1.1" 200 8495 "-" "Mozilla/5.0 (Windows NT 6.1; WOW64; rv:34.0) Gecko/20100101 Firefox/34.0"
5.189.155.66 - - [01/Dec/2016:22:19:32 +0100] "GET /?q=node/add HTTP/1.1" 200 1010 "-" "Mozilla/5.0 (Windows NT 6.1; WOW64; rv:34.0) Gecko/20100101 Firefox/34.0"
5.189.155.66 - - [01/Dec/2016:22:19:32 +0100] "GET /?q=user/register HTTP/1.1" 200 1010 "-" "Mozilla/5.0 (Windows NT 6.1; WOW64; rv:34.0) Gecko/20100101 Firefox/34.0"
217.69.133.240 - - [01/Dec/2016:22:33:07 +0100] "GET /robots.txt HTTP/1.0" 404 1181 "-" "Mozilla/5.0 (compatible; Linux x86_64; Mail.RU_Bot/2.0; +http://go.mail.ru/help/robots)"
217.69.133.236 - - [01/Dec/2016:22:33:09 +0100] "GET /new/sites/default/files/bulgarian%20final.pdf HTTP/1.1" 200 509919 "-" "Mozilla/5.0 (compatible; Linux x86_64; Mail.RU_Bot/2.0; +http://go.mail.ru/help/robots)"
46.229.168.67 - - [01/Dec/2016:22:41:23 +0100] "GET /new/hirek/k%C3%A9pz%C3%A9si-anyag-civil-szerveztek-m%C5%B1k%C3%B6d%C3%A9s%C3%A9nek-t%C3%A1mogat%C3%A1s%C3%A1ra HTTP/1.1" 200 8656 "-" "Mozilla/5.0 (compatible; SemrushBot/1.1~bl; +http://www.semrush.com/bot.html)"
176.63.22.70 - - [01/Dec/2016:22:44:18 +0100] "GET /galateia.css HTTP/1.1" 200 1717 "http://www.nosza.hu/kutat/REVkutatas/2menedzsment/" "Mozilla/5.0 (Windows NT 5.1) AppleWebKit/537.36 (KHTML, like Gecko) Chrome/49.0.2623.112 Safari/537.36"
176.63.22.70 - - [01/Dec/2016:22:44:18 +0100] "GET /kutat/REVkutatas/2menedzsment/ HTTP/1.1" 200 146014 "https://www.google.hu/" "Mozilla/5.0 (Windows NT 5.1) AppleWebKit/537.36 (KHTML, like Gecko) Chrome/49.0.2623.112 Safari/537.36"
176.63.22.70 - - [01/Dec/2016:22:44:18 +0100] "GET /graphics/noszalogo.gif HTTP/1.1" 200 6797 "http://www.nosza.hu/kutat/REVkutatas/2menedzsment/" "Mozilla/5.0 (Windows NT 5.1) AppleWebKit/537.36 (KHTML, like Gecko) Chrome/49.0.2623.112 Safari/537.36"
176.63.22.70 - - [01/Dec/2016:22:44:18 +0100] "GET /graphics/galas.gif HTTP/1.1" 200 913 "http://www.nosza.hu/kutat/REVkutatas/2menedzsment/" "Mozilla/5.0 (Windows NT 5.1) AppleWebKit/537.36 (KHTML, like Gecko) Chrome/49.0.2623.112 Safari/537.36"
176.63.22.70 - - [01/Dec/2016:22:44:19 +0100] "GET /favicon.ico HTTP/1.1" 404 1181 "http://www.nosza.hu/kutat/REVkutatas/2menedzsment/" "Mozilla/5.0 (Windows NT 5.1) AppleWebKit/537.36 (KHTML, like Gecko) Chrome/49.0.2623.112 Safari/537.36"
46.229.168.65 - - [01/Dec/2016:22:51:01 +0100] "GET /new/content/civil-szervezet-%E2%80%93-t%C3%A1rsadalmi-szervezet-%E2%80%93-civil-t%C3%A1rsas%C3%A1g-az-%C3%BAj-civil-t%C3%B6rv%C3%A9ny-fogalmi-%C3%BAj%C3%ADt%C3%A1sai HTTP/1.1" 200 18203 "-" "Mozilla/5.0 (compatible; SemrushBot/1.1~bl; +http://www.semrush.com/bot.html)"
46.229.168.67 - - [01/Dec/2016:22:53:32 +0100] "GET /fulop.dbk.pdf HTTP/1.1" 200 228405 "-" "Mozilla/5.0 (compatible; SemrushBot/1.1~bl; +http://www.semrush.com/bot.html)"
46.229.168.67 - - [01/Dec/2016:22:54:32 +0100] "GET /aktualis/106GSZTcivil/GSZTinfo/index.html HTTP/1.1" 200 21761 "-" "Mozilla/5.0 (compatible; SemrushBot/1.1~bl; +http://www.semrush.com/bot.html)"
46.229.168.67 - - [01/Dec/2016:22:54:49 +0100] "GET /aktualis/106GSZTcivil/GSZTinfo/index.html HTTP/1.1" 200 21761 "-" "Mozilla/5.0 (compatible; SemrushBot/1.1~bl; +http://www.semrush.com/bot.html)"
46.229.173.129 - - [01/Dec/2016:22:58:15 +0100] "GET / HTTP/1.1" 200 1010 "-" "Apache-HttpAsyncClient/4.1.2 (Java/1.8.0_111)"
46.229.168.67 - - [01/Dec/2016:22:59:04 +0100] "GET /aktualis/106GSZTcivil/index.html HTTP/1.1" 200 24702 "-" "Mozilla/5.0 (compatible; SemrushBot/1.1~bl; +http://www.semrush.com/bot.html)"
157.55.39.244 - - [01/Dec/2016:23:04:18 +0100] "GET /drupal/kiadvanyok HTTP/1.1" 404 1181 "-" "Mozilla/5.0 (iPhone; CPU iPhone OS 7_0 like Mac OS X) AppleWebKit/537.51.1 (KHTML, like Gecko) Version/7.0 Mobile/11A465 Safari/9537.53 (compatible; bingbot/2.0; +http://www.bing.com/bingbot.htm)"
52.3.127.144 - - [01/Dec/2016:23:15:08 +0100] "GET /robots.txt HTTP/1.1" 404 1181 "-" "ltx71 - (http://ltx71.com/)"
163.172.66.159 - - [01/Dec/2016:23:20:38 +0100] "GET /halozatok/kerekasztal/memo1/index.html HTTP/1.1" 200 26344 "-" "Mozilla/5.0 (compatible; AhrefsBot/5.1; +http://ahrefs.com/robot/)"
157.55.39.43 - - [01/Dec/2016:23:23:09 +0100] "GET /JMCS/memo/03/index.html HTTP/1.1" 200 45293 "-" "Mozilla/5.0 (iPhone; CPU iPhone OS 7_0 like Mac OS X) AppleWebKit/537.51.1 (KHTML, like Gecko) Version/7.0 Mobile/11A465 Safari/9537.53 (compatible; bingbot/2.0; +http://www.bing.com/bingbot.htm)"
46.229.168.74 - - [01/Dec/2016:23:23:12 +0100] "GET /new/en/rss.xml HTTP/1.1" 200 6736 "-" "Mozilla/5.0 (compatible; SemrushBot/1.1~bl; +http://www.semrush.com/bot.html)"
46.229.168.65 - - [01/Dec/2016:23:39:47 +0100] "GET /new/node/dossziek HTTP/1.1" 404 7308 "-" "Mozilla/5.0 (compatible; SemrushBot/1.1~bl; +http://www.semrush.com/bot.html)"
52.3.127.144 - - [01/Dec/2016:23:40:40 +0100] "GET /robots.txt HTTP/1.1" 404 1181 "-" "ltx71 - (http://ltx71.com/)"
52.3.127.144 - - [01/Dec/2016:23:42:35 +0100] "GET /kerekes.dbk.pdf HTTP/1.1" 200 143599 "-" "ltx71 - (http://ltx71.com/)"
46.229.168.67 - - [01/Dec/2016:23:59:28 +0100] "GET /kutat/index.html HTTP/1.1" 200 18756 "-" "Mozilla/5.0 (compatible; SemrushBot/1.1~bl; +http://www.semrush.com/bot.html)"
157.55.39.43 - - [02/Dec/2016:00:09:34 +0100] "GET /aktualis/eselyegyenloseg/index.html HTTP/1.1" 200 7557 "-" "Mozilla/5.0 (iPhone; CPU iPhone OS 7_0 like Mac OS X) AppleWebKit/537.51.1 (KHTML, like Gecko) Version/7.0 Mobile/11A465 Safari/9537.53 (compatible; bingbot/2.0; +http://www.bing.com/bingbot.htm)"
157.55.39.43 - - [02/Dec/2016:00:09:56 +0100] "GET /graphics/noszalogo.gif HTTP/1.1" 200 6797 "-" "Mozilla/5.0 (iPhone; CPU iPhone OS 7_0 like Mac OS X) AppleWebKit/537.51.1 (KHTML, like Gecko) Version/7.0 Mobile/11A465 Safari/9537.53 (compatible; bingbot/2.0; +http://www.bing.com/bingbot.htm)"
157.55.39.244 - - [02/Dec/2016:00:10:10 +0100] "GET /galateia.css HTTP/1.1" 200 1717 "-" "Mozilla/5.0 (iPhone; CPU iPhone OS 7_0 like Mac OS X) AppleWebKit/537.51.1 (KHTML, like Gecko) Version/7.0 Mobile/11A465 Safari/9537.53 (compatible; bingbot/2.0; +http://www.bing.com/bingbot.htm)"
157.55.39.43 - - [02/Dec/2016:00:20:38 +0100] "GET /konferenciak/06egszb/program/index.html HTTP/1.1" 304 - "-" "Mozilla/5.0 (compatible; bingbot/2.0; +http://www.bing.com/bingbot.htm)"
82.80.230.228 - - [02/Dec/2016:01:35:24 +0100] "GET / HTTP/1.1" 200 1010 "-" "Mozilla/5.0 (compatible; MSIE 9.0; Windows NT 6.1; WOW64; Trident/5.0)"
157.55.39.222 - - [02/Dec/2016:01:37:52 +0100] "GET /robots.txt HTTP/1.1" 404 1181 "-" "Mozilla/5.0 (compatible; bingbot/2.0; +http://www.bing.com/bingbot.htm)"
157.55.39.222 - - [02/Dec/2016:01:39:08 +0100] "GET /3kutat/REVkutatas/5PR/index.html HTTP/1.1" 200 50021 "-" "Mozilla/5.0 (iPhone; CPU iPhone OS 7_0 like Mac OS X) AppleWebKit/537.51.1 (KHTML, like Gecko) Version/7.0 Mobile/11A465 Safari/9537.53 (compatible; bingbot/2.0; +http://www.bing.com/bingbot.htm)"
157.55.39.43 - - [02/Dec/2016:01:39:26 +0100] "GET /aktualis/109kozigazg/index.html HTTP/1.1" 200 7627 "-" "Mozilla/5.0 (iPhone; CPU iPhone OS 7_0 like Mac OS X) AppleWebKit/537.51.1 (KHTML, like Gecko) Version/7.0 Mobile/11A465 Safari/9537.53 (compatible; bingbot/2.0; +http://www.bing.com/bingbot.htm)"
217.69.133.235 - - [02/Dec/2016:01:42:50 +0100] "GET /robots.txt HTTP/1.0" 404 1181 "-" "Mozilla/5.0 (compatible; Linux x86_64; Mail.RU_Bot/2.0; +http://go.mail.ru/help/robots)"
217.69.133.236 - - [02/Dec/2016:01:42:52 +0100] "GET /new/sites/default/files/KCRdimenzio.pdf HTTP/1.1" 200 514714 "-" "Mozilla/5.0 (compatible; Linux x86_64; Mail.RU_Bot/2.0; +http://go.mail.ru/help/robots)"
157.55.39.43 - - [02/Dec/2016:02:08:30 +0100] "GET /robots.txt HTTP/1.1" 404 1181 "-" "Mozilla/5.0 (compatible; bingbot/2.0; +http://www.bing.com/bingbot.htm)"
157.55.39.43 - - [02/Dec/2016:02:08:35 +0100] "GET /new/sites/default/files/NOSZA%20K%C3%83%C2%B6zhaszn%C3%83%C2%BA%20Jelent%C3%83%C2%A9s%202012_0.pdf HTTP/1.1" 404 7142 "-" "Mozilla/5.0 (compatible; bingbot/2.0; +http://www.bing.com/bingbot.htm)"
52.3.127.144 - - [02/Dec/2016:02:11:13 +0100] "GET /robots.txt HTTP/1.1" 404 1181 "-" "ltx71 - (http://ltx71.com/)"
207.46.13.11 - - [02/Dec/2016:02:18:09 +0100] "GET /new/sites/default/files/bevezeto.pdf HTTP/1.1" 200 655555 "-" "Mozilla/5.0 (compatible; bingbot/2.0; +http://www.bing.com/bingbot.htm)"
77.75.78.163 - - [02/Dec/2016:02:29:02 +0100] "GET /robots.txt HTTP/1.1" 404 1181 "-" "Mozilla/5.0 (compatible; SeznamBot/3.2; +http://napoveda.seznam.cz/en/seznambot-intro/)"
77.75.78.163 - - [02/Dec/2016:02:29:04 +0100] "GET /new/sites/default/themes/nosza/images/aktualisSide.jpg HTTP/1.1" 304 - "-" "Mozilla/5.0 (compatible; SeznamBot/3.2; +http://napoveda.seznam.cz/en/seznambot-intro/)"
207.46.13.11 - - [02/Dec/2016:02:39:49 +0100] "GET /kutat/REVkutatas/ HTTP/1.1" 200 13447 "-" "Mozilla/5.0 (iPhone; CPU iPhone OS 7_0 like Mac OS X) AppleWebKit/537.51.1 (KHTML, like Gecko) Version/7.0 Mobile/11A465 Safari/9537.53 (compatible; bingbot/2.0; +http://www.bing.com/bingbot.htm)"
217.69.133.238 - - [02/Dec/2016:03:17:21 +0100] "GET /robots.txt HTTP/1.0" 404 1181 "-" "Mozilla/5.0 (compatible; Linux x86_64; Mail.RU_Bot/2.0; +http://go.mail.ru/help/robots)"
217.69.133.239 - - [02/Dec/2016:03:17:24 +0100] "GET /new/publikaciok/publikaciok HTTP/1.1" 200 7795 "-" "Mozilla/5.0 (compatible; Linux x86_64; Mail.RU_Bot/2.0; +http://go.mail.ru/help/robots)"
66.249.66.135 - - [02/Dec/2016:03:27:17 +0100] "GET /kutat/REVkutatas/3gazdalkodas/ HTTP/1.1" 304 - "-" "Mozilla/5.0 (compatible; Googlebot/2.1; +http://www.google.com/bot.html)"
207.46.13.11 - - [02/Dec/2016:03:29:39 +0100] "GET /drupal/index.php HTTP/1.1" 404 1181 "-" "Mozilla/5.0 (iPhone; CPU iPhone OS 7_0 like Mac OS X) AppleWebKit/537.51.1 (KHTML, like Gecko) Version/7.0 Mobile/11A465 Safari/9537.53 (compatible; bingbot/2.0; +http://www.bing.com/bingbot.htm)"
180.76.15.154 - - [02/Dec/2016:03:31:57 +0100] "GET /new/sites/default/files/Jegyz%C5%91k%C3%B6nyv20070920.pdf HTTP/1.1" 200 45472 "-" "Mozilla/5.0 (compatible; Baiduspider/2.0; +http://www.baidu.com/search/spider.html)"
180.76.15.5 - - [02/Dec/2016:03:36:17 +0100] "GET /aktualis/1gyikNCA/elektor/index.html HTTP/1.1" 200 26380 "-" "Mozilla/5.0 (compatible; Baiduspider/2.0; +http://www.baidu.com/search/spider.html)"
180.76.15.9 - - [02/Dec/2016:03:36:18 +0100] "GET /aktualis/1gyikNCA/elektor/ HTTP/1.1" 200 26380 "-" "Mozilla/5.0 (compatible; Baiduspider/2.0; +http://www.baidu.com/search/spider.html)"
157.55.39.5 - - [02/Dec/2016:03:38:03 +0100] "GET /aktualis/009GSZTcivil/index.html HTTP/1.1" 200 24603 "-" "Mozilla/5.0 (iPhone; CPU iPhone OS 7_0 like Mac OS X) AppleWebKit/537.51.1 (KHTML, like Gecko) Version/7.0 Mobile/11A465 Safari/9537.53 (compatible; bingbot/2.0; +http://www.bing.com/bingbot.htm)"
157.55.39.5 - - [02/Dec/2016:03:41:25 +0100] "GET /aktualis/2jogalkotas/index.html HTTP/1.1" 200 237725 "-" "Mozilla/5.0 (iPhone; CPU iPhone OS 7_0 like Mac OS X) AppleWebKit/537.51.1 (KHTML, like Gecko) Version/7.0 Mobile/11A465 Safari/9537.53 (compatible; bingbot/2.0; +http://www.bing.com/bingbot.htm)"
77.75.78.163 - - [02/Dec/2016:03:46:46 +0100] "GET /robots.txt HTTP/1.1" 404 1181 "-" "Mozilla/5.0 (compatible; SeznamBot/3.2; +http://napoveda.seznam.cz/en/seznambot-intro/)"
77.75.78.163 - - [02/Dec/2016:03:46:48 +0100] "GET /new/hirek/hirek HTTP/1.1" 200 16498 "-" "Mozilla/5.0 (compatible; SeznamBot/3.2; +http://napoveda.seznam.cz/en/seznambot-intro/)"
52.3.127.144 - - [02/Dec/2016:04:01:36 +0100] "GET /robots.txt HTTP/1.1" 404 1181 "-" "ltx71 - (http://ltx71.com/)"
52.3.127.144 - - [02/Dec/2016:04:02:13 +0100] "GET / HTTP/1.1" 200 1010 "-" "ltx71 - (http://ltx71.com/)"
163.172.66.53 - - [02/Dec/2016:04:06:48 +0100] "GET /halozatok/JMCS/memo/07/index.html HTTP/1.1" 200 16609 "-" "Mozilla/5.0 (compatible; AhrefsBot/5.1; +http://ahrefs.com/robot/)"
157.55.39.222 - - [02/Dec/2016:04:12:25 +0100] "GET /new/sites/default/files/polish%20final.doc HTTP/1.1" 200 1365504 "-" "Mozilla/5.0 (iPhone; CPU iPhone OS 7_0 like Mac OS X) AppleWebKit/537.51.1 (KHTML, like Gecko) Version/7.0 Mobile/11A465 Safari/9537.53 (compatible; bingbot/2.0; +http://www.bing.com/bingbot.htm)"
157.55.39.222 - - [02/Dec/2016:04:28:55 +0100] "GET /3kutat/REVkutatas/ HTTP/1.1" 200 14896 "-" "Mozilla/5.0 (iPhone; CPU iPhone OS 7_0 like Mac OS X) AppleWebKit/537.51.1 (KHTML, like Gecko) Version/7.0 Mobile/11A465 Safari/9537.53 (compatible; bingbot/2.0; +http://www.bing.com/bingbot.htm)"
163.172.64.245 - - [02/Dec/2016:04:35:15 +0100] "GET / HTTP/1.1" 200 1010 "-" "Mozilla/5.0 (compatible; AhrefsBot/5.1; +http://ahrefs.com/robot/)"
217.69.133.234 - - [02/Dec/2016:04:50:36 +0100] "GET /robots.txt HTTP/1.0" 404 1181 "-" "Mozilla/5.0 (compatible; Linux x86_64; Mail.RU_Bot/2.0; +http://go.mail.ru/help/robots)"
217.69.133.238 - - [02/Dec/2016:04:50:40 +0100] "GET /new/en/projects HTTP/1.1" 200 7652 "-" "Mozilla/5.0 (compatible; Linux x86_64; Mail.RU_Bot/2.0; +http://go.mail.ru/help/robots)"
217.69.133.238 - - [02/Dec/2016:04:50:51 +0100] "GET /new/sites/default/files/Jegyz%C5%91k%C3%B6nyv20070920.pdf HTTP/1.1" 200 45472 "-" "Mozilla/5.0 (compatible; Linux x86_64; Mail.RU_Bot/2.0; +http://go.mail.ru/help/robots)"
207.46.13.11 - - [02/Dec/2016:04:52:56 +0100] "GET /kutat/NOSZA2002/index.html HTTP/1.1" 404 1181 "-" "Mozilla/5.0 (iPhone; CPU iPhone OS 7_0 like Mac OS X) AppleWebKit/537.51.1 (KHTML, like Gecko) Version/7.0 Mobile/11A465 Safari/9537.53 (compatible; bingbot/2.0; +http://www.bing.com/bingbot.htm)"
77.75.78.161 - - [02/Dec/2016:05:37:28 +0100] "GET /robots.txt HTTP/1.1" 404 1181 "-" "Mozilla/5.0 (compatible; SeznamBot/3.2; +http://napoveda.seznam.cz/en/seznambot-intro/)"
77.75.78.161 - - [02/Dec/2016:05:37:29 +0100] "GET /new/sites/default/themes/nosza/images/logoDosszie.jpg HTTP/1.1" 304 - "-" "Mozilla/5.0 (compatible; SeznamBot/3.2; +http://napoveda.seznam.cz/en/seznambot-intro/)"
157.55.39.222 - - [02/Dec/2016:05:42:07 +0100] "GET /aktualis/011onk/index.html HTTP/1.1" 200 7800 "-" "Mozilla/5.0 (iPhone; CPU iPhone OS 7_0 like Mac OS X) AppleWebKit/537.51.1 (KHTML, like Gecko) Version/7.0 Mobile/11A465 Safari/9537.53 (compatible; bingbot/2.0; +http://www.bing.com/bingbot.htm)"
157.55.39.222 - - [02/Dec/2016:05:42:20 +0100] "GET /galateia.css HTTP/1.1" 200 1717 "-" "Mozilla/5.0 (iPhone; CPU iPhone OS 7_0 like Mac OS X) AppleWebKit/537.51.1 (KHTML, like Gecko) Version/7.0 Mobile/11A465 Safari/9537.53 (compatible; bingbot/2.0; +http://www.bing.com/bingbot.htm)"
157.55.39.5 - - [02/Dec/2016:05:45:31 +0100] "GET /partnereink/index.html HTTP/1.1" 200 11929 "-" "Mozilla/5.0 (iPhone; CPU iPhone OS 7_0 like Mac OS X) AppleWebKit/537.51.1 (KHTML, like Gecko) Version/7.0 Mobile/11A465 Safari/9537.53 (compatible; bingbot/2.0; +http://www.bing.com/bingbot.htm)"
157.55.39.5 - - [02/Dec/2016:06:01:39 +0100] "GET /aktualis/NCAvh/index.html HTTP/1.1" 200 67842 "-" "Mozilla/5.0 (iPhone; CPU iPhone OS 7_0 like Mac OS X) AppleWebKit/537.51.1 (KHTML, like Gecko) Version/7.0 Mobile/11A465 Safari/9537.53 (compatible; bingbot/2.0; +http://www.bing.com/bingbot.htm)"
157.55.39.222 - - [02/Dec/2016:06:16:21 +0100] "GET /aktualis/106GSZTcivil/GSZTinfo/index.html HTTP/1.1" 200 21761 "-" "Mozilla/5.0 (iPhone; CPU iPhone OS 7_0 like Mac OS X) AppleWebKit/537.51.1 (KHTML, like Gecko) Version/7.0 Mobile/11A465 Safari/9537.53 (compatible; bingbot/2.0; +http://www.bing.com/bingbot.htm)"
180.76.15.143 - - [02/Dec/2016:06:17:40 +0100] "GET / HTTP/1.1" 200 1010 "-" "Mozilla/5.0 (compatible; Baiduspider/2.0; +http://www.baidu.com/search/spider.html)"
157.55.39.5 - - [02/Dec/2016:06:20:17 +0100] "GET /new/sites/default/files/Onkentesseg.pdf HTTP/1.1" 200 634194 "-" "Mozilla/5.0 (iPhone; CPU iPhone OS 7_0 like Mac OS X) AppleWebKit/537.51.1 (KHTML, like Gecko) Version/7.0 Mobile/11A465 Safari/9537.53 (compatible; bingbot/2.0; +http://www.bing.com/bingbot.htm)"
217.69.133.237 - - [02/Dec/2016:06:25:10 +0100] "GET /robots.txt HTTP/1.0" 404 1181 "-" "Mozilla/5.0 (compatible; Linux x86_64; Mail.RU_Bot/2.0; +http://go.mail.ru/help/robots)"
217.69.133.240 - - [02/Dec/2016:06:25:14 +0100] "GET /new/en/news/2009 HTTP/1.1" 200 8116 "-" "Mozilla/5.0 (compatible; Linux x86_64; Mail.RU_Bot/2.0; +http://go.mail.ru/help/robots)"
68.180.228.29 - - [02/Dec/2016:06:36:21 +0100] "GET /new/en/publications/2008 HTTP/1.1" 200 7658 "-" "Mozilla/5.0 (compatible; Yahoo! Slurp; http://help.yahoo.com/help/us/ysearch/slurp)"
66.249.66.131 - - [02/Dec/2016:06:36:31 +0100] "GET /new/news HTTP/1.1" 200 8203 "-" "Mozilla/5.0 (Linux; Android 6.0.1; Nexus 5X Build/MMB29P) AppleWebKit/537.36 (KHTML, like Gecko) Chrome/41.0.2272.96 Mobile Safari/537.36 (compatible; Googlebot/2.1; +http://www.google.com/bot.html)"
207.46.13.11 - - [02/Dec/2016:06:39:01 +0100] "GET /kutat/NOSZA2002/index.html HTTP/1.1" 404 1181 "-" "Mozilla/5.0 (iPhone; CPU iPhone OS 7_0 like Mac OS X) AppleWebKit/537.51.1 (KHTML, like Gecko) Version/7.0 Mobile/11A465 Safari/9537.53 (compatible; bingbot/2.0; +http://www.bing.com/bingbot.htm)"
157.55.39.222 - - [02/Dec/2016:06:41:02 +0100] "GET /JMCS/memo/02/index.html HTTP/1.1" 200 50878 "-" "Mozilla/5.0 (iPhone; CPU iPhone OS 7_0 like Mac OS X) AppleWebKit/537.51.1 (KHTML, like Gecko) Version/7.0 Mobile/11A465 Safari/9537.53 (compatible; bingbot/2.0; +http://www.bing.com/bingbot.htm)"
66.249.66.131 - - [02/Dec/2016:06:41:41 +0100] "GET /kutat/REVkutatas/3gazdalkodas/ HTTP/1.1" 304 - "-" "Mozilla/5.0 (compatible; Googlebot/2.1; +http://www.google.com/bot.html)"
157.55.39.43 - - [02/Dec/2016:06:42:09 +0100] "GET /3kutat/index.html HTTP/1.1" 200 26177 "-" "Mozilla/5.0 (iPhone; CPU iPhone OS 7_0 like Mac OS X) AppleWebKit/537.51.1 (KHTML, like Gecko) Version/7.0 Mobile/11A465 Safari/9537.53 (compatible; bingbot/2.0; +http://www.bing.com/bingbot.htm)"
157.55.39.222 - - [02/Dec/2016:06:42:26 +0100] "GET /3kutat/images/kutatas_2005_001.jpg HTTP/1.1" 200 38446 "-" "Mozilla/5.0 (iPhone; CPU iPhone OS 7_0 like Mac OS X) AppleWebKit/537.51.1 (KHTML, like Gecko) Version/7.0 Mobile/11A465 Safari/9537.53 (compatible; bingbot/2.0; +http://www.bing.com/bingbot.htm)"
163.172.66.99 - - [02/Dec/2016:07:23:55 +0100] "GET /new/en/projects/Test%20project HTTP/1.1" 200 7088 "-" "Mozilla/5.0 (compatible; AhrefsBot/5.1; +http://ahrefs.com/robot/)"
207.46.13.11 - - [02/Dec/2016:07:31:37 +0100] "GET /new/sites/default/files/KCRdimenzio.pdf HTTP/1.1" 200 514714 "-" "Mozilla/5.0 (compatible; bingbot/2.0; +http://www.bing.com/bingbot.htm)"
217.69.133.235 - - [02/Dec/2016:07:59:52 +0100] "GET /robots.txt HTTP/1.0" 404 1181 "-" "Mozilla/5.0 (compatible; Linux x86_64; Mail.RU_Bot/2.0; +http://go.mail.ru/help/robots)"
217.69.133.240 - - [02/Dec/2016:07:59:58 +0100] "GET /new/publikaciok/dossziek HTTP/1.1" 200 7900 "-" "Mozilla/5.0 (compatible; Linux x86_64; Mail.RU_Bot/2.0; +http://go.mail.ru/help/robots)"
163.172.66.53 - - [02/Dec/2016:08:01:58 +0100] "GET /3kutat/REVkutatas/1gazdasag/index.html HTTP/1.1" 200 89168 "-" "Mozilla/5.0 (compatible; AhrefsBot/5.1; +http://ahrefs.com/robot/)"
157.55.39.5 - - [02/Dec/2016:08:09:43 +0100] "GET /JMCS/memo/08/index.html HTTP/1.1" 200 13334 "-" "Mozilla/5.0 (iPhone; CPU iPhone OS 7_0 like Mac OS X) AppleWebKit/537.51.1 (KHTML, like Gecko) Version/7.0 Mobile/11A465 Safari/9537.53 (compatible; bingbot/2.0; +http://www.bing.com/bingbot.htm)"
5.187.156.3 - - [02/Dec/2016:08:15:38 +0100] "GET /kutat/REVkutatas/3gazdalkodas/ HTTP/1.1" 200 88137 "https://www.google.hu/" "Mozilla/5.0 (Windows NT 5.1; rv:50.0) Gecko/20100101 Firefox/50.0"
5.187.156.3 - - [02/Dec/2016:08:15:38 +0100] "GET /galateia.css HTTP/1.1" 200 1717 "http://www.nosza.hu/kutat/REVkutatas/3gazdalkodas/" "Mozilla/5.0 (Windows NT 5.1; rv:50.0) Gecko/20100101 Firefox/50.0"
5.187.156.3 - - [02/Dec/2016:08:15:38 +0100] "GET /graphics/noszalogo.gif HTTP/1.1" 200 6797 "http://www.nosza.hu/kutat/REVkutatas/3gazdalkodas/" "Mozilla/5.0 (Windows NT 5.1; rv:50.0) Gecko/20100101 Firefox/50.0"
5.187.156.3 - - [02/Dec/2016:08:15:38 +0100] "GET /graphics/galas.gif HTTP/1.1" 200 913 "http://www.nosza.hu/kutat/REVkutatas/3gazdalkodas/" "Mozilla/5.0 (Windows NT 5.1; rv:50.0) Gecko/20100101 Firefox/50.0"
5.187.156.3 - - [02/Dec/2016:08:15:38 +0100] "GET /favicon.ico HTTP/1.1" 404 1181 "-" "Mozilla/5.0 (Windows NT 5.1; rv:50.0) Gecko/20100101 Firefox/50.0"
5.187.156.3 - - [02/Dec/2016:08:15:38 +0100] "GET /favicon.ico HTTP/1.1" 404 1181 "-" "Mozilla/5.0 (Windows NT 5.1; rv:50.0) Gecko/20100101 Firefox/50.0"
157.55.39.43 - - [02/Dec/2016:08:24:32 +0100] "GET / HTTP/1.1" 200 1010 "-" "Mozilla/5.0 (compatible; bingbot/2.0; +http://www.bing.com/bingbot.htm)"
84.206.11.32 - - [02/Dec/2016:08:25:25 +0100] "GET /galateia.css HTTP/1.1" 200 1717 "http://www.nosza.hu/kutat/REVkutatas/3gazdalkodas/" "Mozilla/5.0 (X11; Linux i686; rv:38.0) Gecko/20100101 Firefox/38.0"
84.206.11.32 - - [02/Dec/2016:08:25:25 +0100] "GET /kutat/REVkutatas/3gazdalkodas/ HTTP/1.1" 200 88137 "https://www.google.hu" "Mozilla/5.0 (X11; Linux i686; rv:38.0) Gecko/20100101 Firefox/38.0"
84.206.11.32 - - [02/Dec/2016:08:25:26 +0100] "GET /graphics/noszalogo.gif HTTP/1.1" 200 6797 "http://www.nosza.hu/kutat/REVkutatas/3gazdalkodas/" "Mozilla/5.0 (X11; Linux i686; rv:38.0) Gecko/20100101 Firefox/38.0"
84.206.11.32 - - [02/Dec/2016:08:25:26 +0100] "GET /graphics/galas.gif HTTP/1.1" 200 913 "http://www.nosza.hu/kutat/REVkutatas/3gazdalkodas/" "Mozilla/5.0 (X11; Linux i686; rv:38.0) Gecko/20100101 Firefox/38.0"
84.206.11.32 - - [02/Dec/2016:08:25:26 +0100] "GET /favicon.ico HTTP/1.1" 404 1181 "-" "Mozilla/5.0 (X11; Linux i686; rv:38.0) Gecko/20100101 Firefox/38.0"
157.55.39.5 - - [02/Dec/2016:08:26:26 +0100] "GET /new/en/ HTTP/1.1" 200 9179 "-" "Mozilla/5.0 (compatible; bingbot/2.0; +http://www.bing.com/bingbot.htm)"
163.172.66.85 - - [02/Dec/2016:08:48:21 +0100] "GET /new/hirek/nosza-egyes%C3%BClet-m%C3%A1t%C3%B3l-hivatalosan-freedom-information-advocates-network-foianet-tagja HTTP/1.1" 200 8671 "-" "Mozilla/5.0 (compatible; AhrefsBot/5.1; +http://ahrefs.com/robot/)"
207.46.13.11 - - [02/Dec/2016:08:52:42 +0100] "GET /kutat/REVkutatas/3gazdalkodas/ HTTP/1.1" 200 88137 "-" "Mozilla/5.0 (compatible; bingbot/2.0; +http://www.bing.com/bingbot.htm)"
66.249.66.237 - - [02/Dec/2016:08:52:44 +0100] "GET /robots.txt HTTP/1.1" 404 1181 "-" "Mozilla/5.0 (compatible; Googlebot/2.1; +http://www.google.com/bot.html)"
66.249.66.233 - - [02/Dec/2016:08:52:44 +0100] "GET /aktualis/1gyikNCA/elektor/index.html HTTP/1.1" 304 - "-" "Mozilla/5.0 (compatible; Googlebot/2.1; +http://www.google.com/bot.html)"
130.193.51.56 - - [02/Dec/2016:09:16:36 +0100] "GET /robots.txt HTTP/1.1" 404 1181 "-" "Mozilla/5.0 (compatible; YandexBot/3.0; +http://yandex.com/bots)"
93.158.152.25 - - [02/Dec/2016:09:16:36 +0100] "GET /robots.txt HTTP/1.1" 404 1181 "-" "Mozilla/5.0 (compatible; YandexBot/3.0; +http://yandex.com/bots)"
130.193.51.56 - - [02/Dec/2016:09:16:40 +0100] "GET / HTTP/1.1" 200 1010 "-" "Mozilla/5.0 (compatible; YandexBot/3.0; +http://yandex.com/bots)"
130.193.51.56 - - [02/Dec/2016:09:16:40 +0100] "GET / HTTP/1.1" 200 1010 "-" "Mozilla/5.0 (compatible; YandexBot/3.0; +http://yandex.com/bots)"
81.88.234.194 - - [02/Dec/2016:09:25:16 +0100] "GET /favicon.ico HTTP/1.1" 404 1181 "http://www.nosza.hu/new/sites/default/files/Onkentesseg.pdf" "Mozilla/5.0 (Windows NT 10.0; WOW64) AppleWebKit/537.36 (KHTML, like Gecko) Chrome/54.0.2840.99 Safari/537.36"
81.88.234.194 - - [02/Dec/2016:09:25:18 +0100] "GET /new/sites/default/files/Onkentesseg.pdf HTTP/1.1" 200 587922 "-" "Mozilla/5.0 (Windows NT 10.0; WOW64) AppleWebKit/537.36 (KHTML, like Gecko) Chrome/54.0.2840.99 Safari/537.36"
81.88.234.194 - - [02/Dec/2016:09:25:19 +0100] "GET /new/sites/default/files/Onkentesseg.pdf HTTP/1.1" 206 142632 "http://www.nosza.hu/new/sites/default/files/Onkentesseg.pdf" "Mozilla/5.0 (Windows NT 10.0; WOW64) AppleWebKit/537.36 (KHTML, like Gecko) Chrome/54.0.2840.99 Safari/537.36"
207.46.13.11 - - [02/Dec/2016:09:32:50 +0100] "GET /robots.txt HTTP/1.1" 404 1181 "-" "Mozilla/5.0 (compatible; bingbot/2.0; +http://www.bing.com/bingbot.htm)"
91.83.74.103 - - [02/Dec/2016:09:34:54 +0100] "GET /kutat/REVkutatas/3gazdalkodas/ HTTP/1.1" 200 88137 "https://www.google.hu/" "Mozilla/5.0 (Windows NT 6.1; WOW64) AppleWebKit/537.36 (KHTML, like Gecko) Chrome/54.0.2840.99 Safari/537.36"
91.83.74.103 - - [02/Dec/2016:09:34:54 +0100] "GET /galateia.css HTTP/1.1" 200 1717 "http://www.nosza.hu/kutat/REVkutatas/3gazdalkodas/" "Mozilla/5.0 (Windows NT 6.1; WOW64) AppleWebKit/537.36 (KHTML, like Gecko) Chrome/54.0.2840.99 Safari/537.36"
91.83.74.103 - - [02/Dec/2016:09:34:54 +0100] "GET /graphics/noszalogo.gif HTTP/1.1" 200 6797 "http://www.nosza.hu/kutat/REVkutatas/3gazdalkodas/" "Mozilla/5.0 (Windows NT 6.1; WOW64) AppleWebKit/537.36 (KHTML, like Gecko) Chrome/54.0.2840.99 Safari/537.36"
91.83.74.103 - - [02/Dec/2016:09:34:54 +0100] "GET /graphics/galas.gif HTTP/1.1" 200 913 "http://www.nosza.hu/kutat/REVkutatas/3gazdalkodas/" "Mozilla/5.0 (Windows NT 6.1; WOW64) AppleWebKit/537.36 (KHTML, like Gecko) Chrome/54.0.2840.99 Safari/537.36"
91.83.74.103 - - [02/Dec/2016:09:34:54 +0100] "GET /favicon.ico HTTP/1.1" 404 1181 "http://www.nosza.hu/kutat/REVkutatas/3gazdalkodas/" "Mozilla/5.0 (Windows NT 6.1; WOW64) AppleWebKit/537.36 (KHTML, like Gecko) Chrome/54.0.2840.99 Safari/537.36"
217.69.133.237 - - [02/Dec/2016:09:36:07 +0100] "GET /robots.txt HTTP/1.0" 404 1181 "-" "Mozilla/5.0 (compatible; Linux x86_64; Mail.RU_Bot/2.0; +http://go.mail.ru/help/robots)"
217.69.133.237 - - [02/Dec/2016:09:36:11 +0100] "GET /new/en/about_us/activity HTTP/1.1" 200 8929 "-" "Mozilla/5.0 (compatible; Linux x86_64; Mail.RU_Bot/2.0; +http://go.mail.ru/help/robots)"
66.249.66.131 - - [02/Dec/2016:09:45:22 +0100] "GET /robots.txt HTTP/1.1" 404 1181 "-" "Mozilla/5.0 (compatible; Googlebot/2.1; +http://www.google.com/bot.html)"
66.249.66.131 - - [02/Dec/2016:09:45:25 +0100] "GET /new/en/rss.xml HTTP/1.1" 200 6736 "-" "Mozilla/5.0 (Linux; Android 6.0.1; Nexus 5X Build/MMB29P) AppleWebKit/537.36 (KHTML, like Gecko) Chrome/41.0.2272.96 Mobile Safari/537.36 (compatible; Googlebot/2.1; +http://www.google.com/bot.html)"
157.55.39.222 - - [02/Dec/2016:09:59:35 +0100] "GET /JMCS/memo/10/index.html HTTP/1.1" 200 48175 "-" "Mozilla/5.0 (iPhone; CPU iPhone OS 7_0 like Mac OS X) AppleWebKit/537.51.1 (KHTML, like Gecko) Version/7.0 Mobile/11A465 Safari/9537.53 (compatible; bingbot/2.0; +http://www.bing.com/bingbot.htm)"
66.249.66.135 - - [02/Dec/2016:10:18:09 +0100] "GET /new/content/gyakran-ism%C3%A9telt-k%C3%A9rd%C3%A9sek HTTP/1.1" 200 12836 "-" "Mozilla/5.0 (compatible; Googlebot/2.1; +http://www.google.com/bot.html)"
157.55.39.5 - - [02/Dec/2016:10:26:11 +0100] "GET /3kutat/REVkutatas/3gazdalkodas/index.html HTTP/1.1" 200 88272 "-" "Mozilla/5.0 (iPhone; CPU iPhone OS 7_0 like Mac OS X) AppleWebKit/537.51.1 (KHTML, like Gecko) Version/7.0 Mobile/11A465 Safari/9537.53 (compatible; bingbot/2.0; +http://www.bing.com/bingbot.htm)"
66.249.66.131 - - [02/Dec/2016:10:29:27 +0100] "GET /galateia.css HTTP/1.1" 200 1717 "http://www.nosza.hu/halozatok/JMCS/tagok/" "Mozilla/5.0 (compatible; Googlebot/2.1; +http://www.google.com/bot.html)"
68.180.228.29 - - [02/Dec/2016:10:49:21 +0100] "GET /kutat/index.html HTTP/1.1" 200 18756 "-" "Mozilla/5.0 (compatible; Yahoo! Slurp; http://help.yahoo.com/help/us/ysearch/slurp)"
109.61.67.133 - - [02/Dec/2016:10:52:59 +0100] "GET /kutat/REVkutatas/3gazdalkodas/ HTTP/1.1" 200 88137 "https://www.google.hu/" "Mozilla/5.0 (Windows NT 6.1) AppleWebKit/537.36 (KHTML, like Gecko) Chrome/54.0.2840.99 Safari/537.36"
