79.121.40.67 - - [03/Mar/2017:19:29:02 +0100] "GET /new/sites/default/themes/nosza/css/nosza.css?L HTTP/1.1" 200 10555 "http://www.nosza.hu/new/content/civil-szervezet-%E2%80%93-t%C3%A1rsadalmi-szervezet-%E2%80%93-civil-t%C3%A1rsas%C3%A1g-az-%C3%BAj-civil-t%C3%B6rv%C3%A9ny-fogalmi-%C3%BAj%C3%ADt%C3%A1sai" "Mozilla/5.0 (iPhone; CPU iPhone OS 10_2_1 like Mac OS X) AppleWebKit/600.1.4 (KHTML, like Gecko) GSA/23.0.147401934 Mobile/14D27 Safari/600.1.4"
79.121.40.67 - - [03/Mar/2017:19:29:02 +0100] "GET /new/sites/default/themes/nosza/css/menu_style.css HTTP/1.1" 200 4749 "http://www.nosza.hu/new/content/civil-szervezet-%E2%80%93-t%C3%A1rsadalmi-szervezet-%E2%80%93-civil-t%C3%A1rsas%C3%A1g-az-%C3%BAj-civil-t%C3%B6rv%C3%A9ny-fogalmi-%C3%BAj%C3%ADt%C3%A1sai" "Mozilla/5.0 (iPhone; CPU iPhone OS 10_2_1 like Mac OS X) AppleWebKit/600.1.4 (KHTML, like Gecko) GSA/23.0.147401934 Mobile/14D27 Safari/600.1.4"
79.121.40.67 - - [03/Mar/2017:19:29:02 +0100] "GET /new/sites/default/themes/nosza/scripts/search.js HTTP/1.1" 200 466 "http://www.nosza.hu/new/content/civil-szervezet-%E2%80%93-t%C3%A1rsadalmi-szervezet-%E2%80%93-civil-t%C3%A1rsas%C3%A1g-az-%C3%BAj-civil-t%C3%B6rv%C3%A9ny-fogalmi-%C3%BAj%C3%ADt%C3%A1sai" "Mozilla/5.0 (iPhone; CPU iPhone OS 10_2_1 like Mac OS X) AppleWebKit/600.1.4 (KHTML, like Gecko) GSA/23.0.147401934 Mobile/14D27 Safari/600.1.4"
79.121.40.67 - - [03/Mar/2017:19:29:03 +0100] "GET /new/sites/default/themes/nosza/images/logoMagunkrol.jpg HTTP/1.1" 200 4934 "http://www.nosza.hu/new/content/civil-szervezet-%E2%80%93-t%C3%A1rsadalmi-szervezet-%E2%80%93-civil-t%C3%A1rsas%C3%A1g-az-%C3%BAj-civil-t%C3%B6rv%C3%A9ny-fogalmi-%C3%BAj%C3%ADt%C3%A1sai" "Mozilla/5.0 (iPhone; CPU iPhone OS 10_2_1 like Mac OS X) AppleWebKit/600.1.4 (KHTML, like Gecko) GSA/23.0.147401934 Mobile/14D27 Safari/600.1.4"
79.121.40.67 - - [03/Mar/2017:19:29:03 +0100] "GET /new/sites/default/themes/nosza/images/aktualisSide.jpg HTTP/1.1" 200 8821 "http://www.nosza.hu/new/content/civil-szervezet-%E2%80%93-t%C3%A1rsadalmi-szervezet-%E2%80%93-civil-t%C3%A1rsas%C3%A1g-az-%C3%BAj-civil-t%C3%B6rv%C3%A9ny-fogalmi-%C3%BAj%C3%ADt%C3%A1sai" "Mozilla/5.0 (iPhone; CPU iPhone OS 10_2_1 like Mac OS X) AppleWebKit/600.1.4 (KHTML, like Gecko) GSA/23.0.147401934 Mobile/14D27 Safari/600.1.4"
79.121.40.67 - - [03/Mar/2017:19:29:03 +0100] "GET /new/sites/default/themes/nosza/images/dosszieSide.jpg HTTP/1.1" 200 7764 "http://www.nosza.hu/new/content/civil-szervezet-%E2%80%93-t%C3%A1rsadalmi-szervezet-%E2%80%93-civil-t%C3%A1rsas%C3%A1g-az-%C3%BAj-civil-t%C3%B6rv%C3%A9ny-fogalmi-%C3%BAj%C3%ADt%C3%A1sai" "Mozilla/5.0 (iPhone; CPU iPhone OS 10_2_1 like Mac OS X) AppleWebKit/600.1.4 (KHTML, like Gecko) GSA/23.0.147401934 Mobile/14D27 Safari/600.1.4"
79.121.40.67 - - [03/Mar/2017:19:29:03 +0100] "GET /new/sites/default/themes/nosza/images/publikaciokSide.jpg HTTP/1.1" 200 7497 "http://www.nosza.hu/new/content/civil-szervezet-%E2%80%93-t%C3%A1rsadalmi-szervezet-%E2%80%93-civil-t%C3%A1rsas%C3%A1g-az-%C3%BAj-civil-t%C3%B6rv%C3%A9ny-fogalmi-%C3%BAj%C3%ADt%C3%A1sai" "Mozilla/5.0 (iPhone; CPU iPhone OS 10_2_1 like Mac OS X) AppleWebKit/600.1.4 (KHTML, like Gecko) GSA/23.0.147401934 Mobile/14D27 Safari/600.1.4"
79.121.40.67 - - [03/Mar/2017:19:29:03 +0100] "GET /new/sites/default/themes/nosza/print.css?L HTTP/1.1" 200 1247 "http://www.nosza.hu/new/content/civil-szervezet-%E2%80%93-t%C3%A1rsadalmi-szervezet-%E2%80%93-civil-t%C3%A1rsas%C3%A1g-az-%C3%BAj-civil-t%C3%B6rv%C3%A9ny-fogalmi-%C3%BAj%C3%ADt%C3%A1sai" "Mozilla/5.0 (iPhone; CPU iPhone OS 10_2_1 like Mac OS X) AppleWebKit/600.1.4 (KHTML, like Gecko) GSA/23.0.147401934 Mobile/14D27 Safari/600.1.4"
79.121.40.67 - - [03/Mar/2017:19:29:03 +0100] "GET /new/sites/default/themes/nosza/images/rrs.jpg HTTP/1.1" 200 829 "http://www.nosza.hu/new/content/civil-szervezet-%E2%80%93-t%C3%A1rsadalmi-szervezet-%E2%80%93-civil-t%C3%A1rsas%C3%A1g-az-%C3%BAj-civil-t%C3%B6rv%C3%A9ny-fogalmi-%C3%BAj%C3%ADt%C3%A1sai" "Mozilla/5.0 (iPhone; CPU iPhone OS 10_2_1 like Mac OS X) AppleWebKit/600.1.4 (KHTML, like Gecko) GSA/23.0.147401934 Mobile/14D27 Safari/600.1.4"
79.121.40.67 - - [03/Mar/2017:19:29:03 +0100] "GET /new/sites/default/themes/nosza/images/headerBgMagunkrol.jpg HTTP/1.1" 200 22932 "http://www.nosza.hu/new/content/civil-szervezet-%E2%80%93-t%C3%A1rsadalmi-szervezet-%E2%80%93-civil-t%C3%A1rsas%C3%A1g-az-%C3%BAj-civil-t%C3%B6rv%C3%A9ny-fogalmi-%C3%BAj%C3%ADt%C3%A1sai" "Mozilla/5.0 (iPhone; CPU iPhone OS 10_2_1 like Mac OS X) AppleWebKit/600.1.4 (KHTML, like Gecko) GSA/23.0.147401934 Mobile/14D27 Safari/600.1.4"
79.121.40.67 - - [03/Mar/2017:19:29:03 +0100] "GET /new/sites/default/themes/nosza/images/searchBg.png HTTP/1.1" 200 1443 "http://www.nosza.hu/new/content/civil-szervezet-%E2%80%93-t%C3%A1rsadalmi-szervezet-%E2%80%93-civil-t%C3%A1rsas%C3%A1g-az-%C3%BAj-civil-t%C3%B6rv%C3%A9ny-fogalmi-%C3%BAj%C3%ADt%C3%A1sai" "Mozilla/5.0 (iPhone; CPU iPhone OS 10_2_1 like Mac OS X) AppleWebKit/600.1.4 (KHTML, like Gecko) GSA/23.0.147401934 Mobile/14D27 Safari/600.1.4"
79.121.40.67 - - [03/Mar/2017:19:29:03 +0100] "GET /new/sites/default/themes/nosza/images/magyarBgOver.png HTTP/1.1" 200 893 "http://www.nosza.hu/new/content/civil-szervezet-%E2%80%93-t%C3%A1rsadalmi-szervezet-%E2%80%93-civil-t%C3%A1rsas%C3%A1g-az-%C3%BAj-civil-t%C3%B6rv%C3%A9ny-fogalmi-%C3%BAj%C3%ADt%C3%A1sai" "Mozilla/5.0 (iPhone; CPU iPhone OS 10_2_1 like Mac OS X) AppleWebKit/600.1.4 (KHTML, like Gecko) GSA/23.0.147401934 Mobile/14D27 Safari/600.1.4"
79.121.40.67 - - [03/Mar/2017:19:29:03 +0100] "GET /new/sites/default/themes/nosza/images/magyarBgInactive.png HTTP/1.1" 200 686 "http://www.nosza.hu/new/content/civil-szervezet-%E2%80%93-t%C3%A1rsadalmi-szervezet-%E2%80%93-civil-t%C3%A1rsas%C3%A1g-az-%C3%BAj-civil-t%C3%B6rv%C3%A9ny-fogalmi-%C3%BAj%C3%ADt%C3%A1sai" "Mozilla/5.0 (iPhone; CPU iPhone OS 10_2_1 like Mac OS X) AppleWebKit/600.1.4 (KHTML, like Gecko) GSA/23.0.147401934 Mobile/14D27 Safari/600.1.4"
79.121.40.67 - - [03/Mar/2017:19:29:03 +0100] "GET /new/sites/default/themes/nosza/images/feelingBgMagunkrol.jpg HTTP/1.1" 200 42475 "http://www.nosza.hu/new/content/civil-szervezet-%E2%80%93-t%C3%A1rsadalmi-szervezet-%E2%80%93-civil-t%C3%A1rsas%C3%A1g-az-%C3%BAj-civil-t%C3%B6rv%C3%A9ny-fogalmi-%C3%BAj%C3%ADt%C3%A1sai" "Mozilla/5.0 (iPhone; CPU iPhone OS 10_2_1 like Mac OS X) AppleWebKit/600.1.4 (KHTML, like Gecko) GSA/23.0.147401934 Mobile/14D27 Safari/600.1.4"
79.121.40.67 - - [03/Mar/2017:19:29:03 +0100] "GET /new/sites/default/themes/nosza/images/egyIcon.jpg HTTP/1.1" 200 860 "http://www.nosza.hu/new/content/civil-szervezet-%E2%80%93-t%C3%A1rsadalmi-szervezet-%E2%80%93-civil-t%C3%A1rsas%C3%A1g-az-%C3%BAj-civil-t%C3%B6rv%C3%A9ny-fogalmi-%C3%BAj%C3%ADt%C3%A1sai" "Mozilla/5.0 (iPhone; CPU iPhone OS 10_2_1 like Mac OS X) AppleWebKit/600.1.4 (KHTML, like Gecko) GSA/23.0.147401934 Mobile/14D27 Safari/600.1.4"
79.121.40.67 - - [03/Mar/2017:19:29:03 +0100] "GET /new/sites/default/themes/nosza/images/kettoIcon.jpg HTTP/1.1" 200 1039 "http://www.nosza.hu/new/content/civil-szervezet-%E2%80%93-t%C3%A1rsadalmi-szervezet-%E2%80%93-civil-t%C3%A1rsas%C3%A1g-az-%C3%BAj-civil-t%C3%B6rv%C3%A9ny-fogalmi-%C3%BAj%C3%ADt%C3%A1sai" "Mozilla/5.0 (iPhone; CPU iPhone OS 10_2_1 like Mac OS X) AppleWebKit/600.1.4 (KHTML, like Gecko) GSA/23.0.147401934 Mobile/14D27 Safari/600.1.4"
79.121.40.67 - - [03/Mar/2017:19:29:03 +0100] "GET /new/sites/default/themes/nosza/images/haromIcon.jpg HTTP/1.1" 200 764 "http://www.nosza.hu/new/content/civil-szervezet-%E2%80%93-t%C3%A1rsadalmi-szervezet-%E2%80%93-civil-t%C3%A1rsas%C3%A1g-az-%C3%BAj-civil-t%C3%B6rv%C3%A9ny-fogalmi-%C3%BAj%C3%ADt%C3%A1sai" "Mozilla/5.0 (iPhone; CPU iPhone OS 10_2_1 like Mac OS X) AppleWebKit/600.1.4 (KHTML, like Gecko) GSA/23.0.147401934 Mobile/14D27 Safari/600.1.4"
79.121.40.67 - - [03/Mar/2017:19:29:03 +0100] "GET /new/sites/default/themes/nosza/images/otIcon.jpg HTTP/1.1" 200 689 "http://www.nosza.hu/new/content/civil-szervezet-%E2%80%93-t%C3%A1rsadalmi-szervezet-%E2%80%93-civil-t%C3%A1rsas%C3%A1g-az-%C3%BAj-civil-t%C3%B6rv%C3%A9ny-fogalmi-%C3%BAj%C3%ADt%C3%A1sai" "Mozilla/5.0 (iPhone; CPU iPhone OS 10_2_1 like Mac OS X) AppleWebKit/600.1.4 (KHTML, like Gecko) GSA/23.0.147401934 Mobile/14D27 Safari/600.1.4"
79.121.40.67 - - [03/Mar/2017:19:29:04 +0100] "GET /new/sites/default/themes/nosza/images/hatIcon.jpg HTTP/1.1" 200 838 "http://www.nosza.hu/new/content/civil-szervezet-%E2%80%93-t%C3%A1rsadalmi-szervezet-%E2%80%93-civil-t%C3%A1rsas%C3%A1g-az-%C3%BAj-civil-t%C3%B6rv%C3%A9ny-fogalmi-%C3%BAj%C3%ADt%C3%A1sai" "Mozilla/5.0 (iPhone; CPU iPhone OS 10_2_1 like Mac OS X) AppleWebKit/600.1.4 (KHTML, like Gecko) GSA/23.0.147401934 Mobile/14D27 Safari/600.1.4"
79.121.40.67 - - [03/Mar/2017:19:29:04 +0100] "GET /new/sites/default/themes/nosza/images/negyIcon.jpg HTTP/1.1" 200 908 "http://www.nosza.hu/new/content/civil-szervezet-%E2%80%93-t%C3%A1rsadalmi-szervezet-%E2%80%93-civil-t%C3%A1rsas%C3%A1g-az-%C3%BAj-civil-t%C3%B6rv%C3%A9ny-fogalmi-%C3%BAj%C3%ADt%C3%A1sai" "Mozilla/5.0 (iPhone; CPU iPhone OS 10_2_1 like Mac OS X) AppleWebKit/600.1.4 (KHTML, like Gecko) GSA/23.0.147401934 Mobile/14D27 Safari/600.1.4"
79.121.40.67 - - [03/Mar/2017:19:29:04 +0100] "GET /new/sites/default/themes/nosza/images/footerBg.jpg HTTP/1.1" 200 1097 "http://www.nosza.hu/new/content/civil-szervezet-%E2%80%93-t%C3%A1rsadalmi-szervezet-%E2%80%93-civil-t%C3%A1rsas%C3%A1g-az-%C3%BAj-civil-t%C3%B6rv%C3%A9ny-fogalmi-%C3%BAj%C3%ADt%C3%A1sai" "Mozilla/5.0 (iPhone; CPU iPhone OS 10_2_1 like Mac OS X) AppleWebKit/600.1.4 (KHTML, like Gecko) GSA/23.0.147401934 Mobile/14D27 Safari/600.1.4"
79.121.40.67 - - [03/Mar/2017:19:29:04 +0100] "GET /new/sites/default/themes/nosza/images/dateBg.jpg HTTP/1.1" 200 654 "http://www.nosza.hu/new/content/civil-szervezet-%E2%80%93-t%C3%A1rsadalmi-szervezet-%E2%80%93-civil-t%C3%A1rsas%C3%A1g-az-%C3%BAj-civil-t%C3%B6rv%C3%A9ny-fogalmi-%C3%BAj%C3%ADt%C3%A1sai" "Mozilla/5.0 (iPhone; CPU iPhone OS 10_2_1 like Mac OS X) AppleWebKit/600.1.4 (KHTML, like Gecko) GSA/23.0.147401934 Mobile/14D27 Safari/600.1.4"
79.121.40.67 - - [03/Mar/2017:19:29:05 +0100] "GET /new/sites/default/themes/nosza/images/englishBgInactive.png HTTP/1.1" 200 823 "http://www.nosza.hu/new/content/civil-szervezet-%E2%80%93-t%C3%A1rsadalmi-szervezet-%E2%80%93-civil-t%C3%A1rsas%C3%A1g-az-%C3%BAj-civil-t%C3%B6rv%C3%A9ny-fogalmi-%C3%BAj%C3%ADt%C3%A1sai" "Mozilla/5.0 (iPhone; CPU iPhone OS 10_2_1 like Mac OS X) AppleWebKit/600.1.4 (KHTML, like Gecko) GSA/23.0.147401934 Mobile/14D27 Safari/600.1.4"
217.150.136.176 - - [03/Mar/2017:19:30:59 +0100] "GET /favicon.ico HTTP/1.1" 404 1181 "-" "okhttp/2.5.0"
207.46.13.200 - - [03/Mar/2017:19:43:19 +0100] "GET /robots.txt HTTP/1.1" 404 1181 "-" "Mozilla/5.0 (compatible; bingbot/2.0; +http://www.bing.com/bingbot.htm)"
217.150.136.176 - - [03/Mar/2017:19:56:18 +0100] "GET /favicon.ico HTTP/1.1" 404 1181 "-" "okhttp/2.5.0"
217.150.136.176 - - [03/Mar/2017:20:06:19 +0100] "GET /favicon.ico HTTP/1.1" 404 1181 "-" "okhttp/2.5.0"
217.150.136.176 - - [03/Mar/2017:20:16:18 +0100] "GET /favicon.ico HTTP/1.1" 404 1181 "-" "okhttp/2.5.0"
94.21.148.101 - - [03/Mar/2017:20:17:54 +0100] "GET /kutat/REVkutatas/3gazdalkodas/ HTTP/1.1" 200 88137 "https://www.google.com/" "Mozilla/5.0 (Windows NT 10.0; WOW64; rv:51.0) Gecko/20100101 Firefox/51.0"
94.21.148.101 - - [03/Mar/2017:20:17:54 +0100] "GET /galateia.css HTTP/1.1" 200 1717 "http://www.nosza.hu/kutat/REVkutatas/3gazdalkodas/" "Mozilla/5.0 (Windows NT 10.0; WOW64; rv:51.0) Gecko/20100101 Firefox/51.0"
94.21.148.101 - - [03/Mar/2017:20:17:54 +0100] "GET /graphics/noszalogo.gif HTTP/1.1" 200 6797 "http://www.nosza.hu/kutat/REVkutatas/3gazdalkodas/" "Mozilla/5.0 (Windows NT 10.0; WOW64; rv:51.0) Gecko/20100101 Firefox/51.0"
94.21.148.101 - - [03/Mar/2017:20:17:54 +0100] "GET /graphics/galas.gif HTTP/1.1" 200 913 "http://www.nosza.hu/kutat/REVkutatas/3gazdalkodas/" "Mozilla/5.0 (Windows NT 10.0; WOW64; rv:51.0) Gecko/20100101 Firefox/51.0"
217.150.136.176 - - [03/Mar/2017:20:26:56 +0100] "GET /favicon.ico HTTP/1.1" 404 1181 "-" "okhttp/2.5.0"
104.197.241.64 - - [03/Mar/2017:20:28:42 +0100] "GET /robots.txt HTTP/1.1" 404 1181 "-" "ltx71 - (http://ltx71.com/)"
104.197.241.64 - - [03/Mar/2017:20:30:35 +0100] "GET /new/en/contact_us HTTP/1.1" 200 7166 "-" "ltx71 - (http://ltx71.com/)"
217.150.136.176 - - [03/Mar/2017:20:37:26 +0100] "GET /favicon.ico HTTP/1.1" 404 1181 "-" "okhttp/2.5.0"
46.118.233.101 - - [03/Mar/2017:20:43:15 +0100] "GET /new/en/news/henceforth-nosza-association-proud-member-freedom-information-advocates-network-foianet/ HTTP/1.1" 200 8098 "http://electricwheelchairsarea.com/" "Mozilla/4.0 (compatible; MSIE 6.0; Windows XP)"
46.118.233.101 - - [03/Mar/2017:20:43:16 +0100] "GET /new/en/news/henceforth-nosza-association-proud-member-freedom-information-advocates-network-foianet/ HTTP/1.1" 200 8098 "http://electricwheelchairsarea.com/" "Mozilla/4.0 (compatible; MSIE 6.0; Windows XP)"
46.118.233.101 - - [03/Mar/2017:20:43:17 +0100] "GET /new/en/news/henceforth-nosza-association-proud-member-freedom-information-advocates-network-foianet/ HTTP/1.1" 200 8098 "http://electricwheelchairsarea.com/" "Mozilla/4.0 (compatible; MSIE 6.0; Windows XP)"
77.75.78.160 - - [03/Mar/2017:20:46:07 +0100] "GET /robots.txt HTTP/1.1" 404 1181 "-" "Mozilla/5.0 (compatible; SeznamBot/3.2; +http://napoveda.seznam.cz/en/seznambot-intro/)"
77.75.78.160 - - [03/Mar/2017:20:46:08 +0100] "GET /new/sites/default/themes/nosza/images/logoElerhetoseg_eng.jpg HTTP/1.1" 304 - "-" "Mozilla/5.0 (compatible; SeznamBot/3.2; +http://napoveda.seznam.cz/en/seznambot-intro/)"
163.172.66.61 - - [03/Mar/2017:21:31:45 +0100] "GET /angol/index.html HTTP/1.1" 200 13458 "-" "Mozilla/5.0 (compatible; AhrefsBot/5.2; +http://ahrefs.com/robot/)"
68.180.229.90 - - [03/Mar/2017:21:48:19 +0100] "GET /robots.txt HTTP/1.1" 404 1181 "-" "Mozilla/5.0 (compatible; Yahoo! Slurp; http://help.yahoo.com/help/us/ysearch/slurp)"
68.180.229.90 - - [03/Mar/2017:21:48:23 +0100] "GET /new/magunkrol/beszamolok HTTP/1.1" 200 10905 "-" "Mozilla/5.0 (compatible; Yahoo! Slurp; http://help.yahoo.com/help/us/ysearch/slurp)"
68.180.229.90 - - [03/Mar/2017:21:50:09 +0100] "GET /new/sites/default/files/NOSZA%20K%C3%B6zhaszn%C3%BA%20Jelent%C3%A9s%202012_0.pdf HTTP/1.1" 200 4799081 "-" "Mozilla/5.0 (compatible; Yahoo! Slurp; http://help.yahoo.com/help/us/ysearch/slurp)"
68.180.229.90 - - [03/Mar/2017:21:50:50 +0100] "GET /new/sites/default/files/NOSZA%20K%C3%B6zhaszn%C3%BA%20Jelent%C3%A9s%202014.pdf HTTP/1.1" 200 1561935 "-" "Mozilla/5.0 (compatible; Yahoo! Slurp; http://help.yahoo.com/help/us/ysearch/slurp)"
68.180.229.90 - - [03/Mar/2017:21:50:52 +0100] "GET /new/sites/default/files/NOSZA%20K%C3%B6zhaszn%C3%BA%20Jelent%C3%A9s%202013.pdf HTTP/1.1" 200 4905182 "-" "Mozilla/5.0 (compatible; Yahoo! Slurp; http://help.yahoo.com/help/us/ysearch/slurp)"
68.180.229.90 - - [03/Mar/2017:21:51:11 +0100] "GET /new/sites/default/files/NOSZA%20K%C3%B6zhaszn%C3%BA%20Jelent%C3%A9s%202008.pdf HTTP/1.1" 200 105443 "-" "Mozilla/5.0 (compatible; Yahoo! Slurp; http://help.yahoo.com/help/us/ysearch/slurp)"
68.180.229.90 - - [03/Mar/2017:21:53:00 +0100] "GET /new/sites/default/files/NOSZA%20K%C3%B6zhaszn%C3%BA%20Jelent%C3%A9s%202010.pdf HTTP/1.1" 200 263215 "-" "Mozilla/5.0 (compatible; Yahoo! Slurp; http://help.yahoo.com/help/us/ysearch/slurp)"
68.180.229.90 - - [03/Mar/2017:21:54:02 +0100] "GET /new/sites/default/files/Jegyz%C5%91k%C3%B6nyv20090526.pdf HTTP/1.1" 200 87306 "-" "Mozilla/5.0 (compatible; Yahoo! Slurp; http://help.yahoo.com/help/us/ysearch/slurp)"
80.98.181.218 - - [03/Mar/2017:21:54:53 +0100] "GET /kutat/REVkutatas/1gazdasag/ HTTP/1.1" 200 89032 "-" "Mozilla/5.0 (iPad; CPU OS 10_1_1 like Mac OS X) AppleWebKit/602.2.14 (KHTML, like Gecko) Version/10.0 Mobile/14B100 Safari/602.1"
37.76.25.76 - - [03/Mar/2017:21:59:39 +0100] "GET /favicon.ico HTTP/1.1" 404 1181 "-" "Mozilla/5.0 (iPhone; CPU iPhone OS 10_2 like Mac OS X) AppleWebKit/602.1.50 (KHTML, like Gecko) CriOS/56.0.2924.79 Mobile/14C92 Safari/602.1"
68.180.229.90 - - [03/Mar/2017:22:00:48 +0100] "GET /new/sites/default/files/NOSZA%20K%C3%B6zhaszn%C3%BA%20Jelent%C3%A9s%202007.pdf HTTP/1.1" 200 86982 "-" "Mozilla/5.0 (compatible; Yahoo! Slurp; http://help.yahoo.com/help/us/ysearch/slurp)"
68.180.229.90 - - [03/Mar/2017:22:01:45 +0100] "GET /new/hirek/2010 HTTP/1.1" 200 16410 "-" "Mozilla/5.0 (compatible; Yahoo! Slurp; http://help.yahoo.com/help/us/ysearch/slurp)"
68.180.229.90 - - [03/Mar/2017:22:05:41 +0100] "GET /new/projektek HTTP/1.1" 200 11398 "-" "Mozilla/5.0 (compatible; Yahoo! Slurp; http://help.yahoo.com/help/us/ysearch/slurp)"
80.98.181.218 - - [03/Mar/2017:22:22:39 +0100] "GET /kutat/REVkutatas/1gazdasag/ HTTP/1.1" 200 89032 "-" "Mozilla/5.0 (iPad; CPU OS 10_1_1 like Mac OS X) AppleWebKit/602.2.14 (KHTML, like Gecko) Version/10.0 Mobile/14B100 Safari/602.1"
217.150.136.176 - - [03/Mar/2017:22:31:02 +0100] "GET /favicon.ico HTTP/1.1" 404 1181 "-" "okhttp/2.5.0"
217.150.136.176 - - [03/Mar/2017:22:41:02 +0100] "GET /favicon.ico HTTP/1.1" 404 1181 "-" "okhttp/2.5.0"
217.150.136.176 - - [03/Mar/2017:22:51:03 +0100] "GET /favicon.ico HTTP/1.1" 404 1181 "-" "okhttp/2.5.0"
104.197.241.64 - - [03/Mar/2017:22:54:00 +0100] "GET /robots.txt HTTP/1.1" 404 1181 "-" "ltx71 - (http://ltx71.com/)"
217.150.136.176 - - [03/Mar/2017:23:01:03 +0100] "GET /favicon.ico HTTP/1.1" 404 1181 "-" "okhttp/2.5.0"
217.150.136.176 - - [03/Mar/2017:23:11:03 +0100] "GET /favicon.ico HTTP/1.1" 404 1181 "-" "okhttp/2.5.0"
217.150.136.176 - - [03/Mar/2017:23:21:03 +0100] "GET /favicon.ico HTTP/1.1" 404 1181 "-" "okhttp/2.5.0"
217.150.136.176 - - [03/Mar/2017:23:31:03 +0100] "GET /favicon.ico HTTP/1.1" 404 1181 "-" "okhttp/2.5.0"
46.229.164.98 - - [03/Mar/2017:23:36:18 +0100] "GET /robots.txt HTTP/1.1" 404 1181 "-" "Mozilla/5.0 (compatible; SemrushBot/1.2~bl; +http://www.semrush.com/bot.html)"
217.150.136.176 - - [03/Mar/2017:23:41:03 +0100] "GET /favicon.ico HTTP/1.1" 404 1181 "-" "okhttp/2.5.0"
217.150.136.176 - - [03/Mar/2017:23:51:03 +0100] "GET /favicon.ico HTTP/1.1" 404 1181 "-" "okhttp/2.5.0"
66.249.66.233 - - [03/Mar/2017:23:51:17 +0100] "GET /robots.txt HTTP/1.1" 404 1181 "-" "Mozilla/5.0 (compatible; Googlebot/2.1; +http://www.google.com/bot.html)"
66.249.66.233 - - [03/Mar/2017:23:51:18 +0100] "GET /galateia.css HTTP/1.1" 200 1717 "http://nosza.hu/konferenciak/regionalis/index.html" "Mozilla/5.0 (compatible; Googlebot/2.1; +http://www.google.com/bot.html)"
68.180.229.90 - - [03/Mar/2017:23:55:51 +0100] "GET /new/projektek/Nyitott%20jogalkot%C3%A1s HTTP/1.1" 200 9410 "-" "Mozilla/5.0 (compatible; Yahoo! Slurp; http://help.yahoo.com/help/us/ysearch/slurp)"
217.150.136.176 - - [04/Mar/2017:00:01:03 +0100] "GET /favicon.ico HTTP/1.1" 404 1181 "-" "okhttp/2.5.0"
217.150.136.176 - - [04/Mar/2017:00:11:03 +0100] "GET /favicon.ico HTTP/1.1" 404 1181 "-" "okhttp/2.5.0"
207.46.13.32 - - [04/Mar/2017:00:16:29 +0100] "GET /halozatok/index.html HTTP/1.1" 200 5818 "-" "Mozilla/5.0 (iPhone; CPU iPhone OS 7_0 like Mac OS X) AppleWebKit/537.51.1 (KHTML, like Gecko) Version/7.0 Mobile/11A465 Safari/9537.53 (compatible; bingbot/2.0; +http://www.bing.com/bingbot.htm)"
207.46.13.32 - - [04/Mar/2017:00:16:32 +0100] "GET /new/hirek/k%C3%A9pz%C3%A9si-anyag-civil-szerveztek-m%C5%B1k%C3%B6d%C3%A9s%C3%A9nek-t%C3%A1mogat%C3%A1s%C3%A1ra HTTP/1.1" 200 8656 "-" "msnbot-media/1.1 (+http://search.msn.com/msnbot.htm)"
207.46.13.32 - - [04/Mar/2017:00:16:34 +0100] "GET /halozatok/JMCS/memo/09/index.html HTTP/1.1" 200 42017 "-" "Mozilla/5.0 (iPhone; CPU iPhone OS 7_0 like Mac OS X) AppleWebKit/537.51.1 (KHTML, like Gecko) Version/7.0 Mobile/11A465 Safari/9537.53 (compatible; bingbot/2.0; +http://www.bing.com/bingbot.htm)"
40.77.167.124 - - [04/Mar/2017:00:16:47 +0100] "GET /graphics/noszalogo.gif HTTP/1.1" 200 6797 "-" "Mozilla/5.0 (iPhone; CPU iPhone OS 7_0 like Mac OS X) AppleWebKit/537.51.1 (KHTML, like Gecko) Version/7.0 Mobile/11A465 Safari/9537.53 (compatible; bingbot/2.0; +http://www.bing.com/bingbot.htm)"
217.150.136.176 - - [04/Mar/2017:00:21:03 +0100] "GET /favicon.ico HTTP/1.1" 404 1181 "-" "okhttp/2.5.0"
40.77.167.5 - - [04/Mar/2017:00:21:27 +0100] "GET /angol/index.html HTTP/1.1" 200 13458 "-" "Mozilla/5.0 (iPhone; CPU iPhone OS 7_0 like Mac OS X) AppleWebKit/537.51.1 (KHTML, like Gecko) Version/7.0 Mobile/11A465 Safari/9537.53 (compatible; bingbot/2.0; +http://www.bing.com/bingbot.htm)"
40.77.167.124 - - [04/Mar/2017:00:21:47 +0100] "GET /graphics/noszalogo.gif HTTP/1.1" 200 6797 "-" "Mozilla/5.0 (iPhone; CPU iPhone OS 7_0 like Mac OS X) AppleWebKit/537.51.1 (KHTML, like Gecko) Version/7.0 Mobile/11A465 Safari/9537.53 (compatible; bingbot/2.0; +http://www.bing.com/bingbot.htm)"
104.197.241.64 - - [04/Mar/2017:00:27:19 +0100] "GET /robots.txt HTTP/1.1" 404 1181 "-" "ltx71 - (http://ltx71.com/)"
217.150.136.176 - - [04/Mar/2017:00:31:03 +0100] "GET /favicon.ico HTTP/1.1" 404 1181 "-" "okhttp/2.5.0"
40.77.167.5 - - [04/Mar/2017:00:40:40 +0100] "GET /kutat/NOSZA2002/index.html HTTP/1.1" 404 1181 "-" "Mozilla/5.0 (iPhone; CPU iPhone OS 7_0 like Mac OS X) AppleWebKit/537.51.1 (KHTML, like Gecko) Version/7.0 Mobile/11A465 Safari/9537.53 (compatible; bingbot/2.0; +http://www.bing.com/bingbot.htm)"
217.150.136.176 - - [04/Mar/2017:00:41:03 +0100] "GET /favicon.ico HTTP/1.1" 404 1181 "-" "okhttp/2.5.0"
104.197.241.64 - - [04/Mar/2017:00:44:13 +0100] "GET /robots.txt HTTP/1.1" 404 1181 "-" "ltx71 - (http://ltx71.com/)"
40.77.167.5 - - [04/Mar/2017:00:45:50 +0100] "GET /kutat/REVkutatas/2menedzsment/ HTTP/1.1" 200 146014 "-" "Mozilla/5.0 (iPhone; CPU iPhone OS 7_0 like Mac OS X) AppleWebKit/537.51.1 (KHTML, like Gecko) Version/7.0 Mobile/11A465 Safari/9537.53 (compatible; bingbot/2.0; +http://www.bing.com/bingbot.htm)"
217.150.136.176 - - [04/Mar/2017:00:51:03 +0100] "GET /favicon.ico HTTP/1.1" 404 1181 "-" "okhttp/2.5.0"
104.197.241.64 - - [04/Mar/2017:00:54:45 +0100] "GET /robots.txt HTTP/1.1" 404 1181 "-" "ltx71 - (http://ltx71.com/)"
104.197.241.64 - - [04/Mar/2017:00:56:38 +0100] "GET / HTTP/1.1" 200 1010 "-" "ltx71 - (http://ltx71.com/)"
37.115.187.228 - - [04/Mar/2017:00:58:41 +0100] "GET /new/en/news/henceforth-nosza-association-proud-member-freedom-information-advocates-network-foianet/ HTTP/1.1" 200 8098 "http://meds-online24.com/" "Mozilla/1.22 (compatible; MSIE 2.0d; Windows NT)"
37.115.187.228 - - [04/Mar/2017:00:58:42 +0100] "GET /new/en/news/henceforth-nosza-association-proud-member-freedom-information-advocates-network-foianet/ HTTP/1.1" 200 8098 "http://meds-online24.com/" "Mozilla/1.22 (compatible; MSIE 2.0d; Windows NT)"
37.115.187.228 - - [04/Mar/2017:00:58:42 +0100] "GET /new/en/news/henceforth-nosza-association-proud-member-freedom-information-advocates-network-foianet/ HTTP/1.1" 200 8098 "http://meds-online24.com/" "Mozilla/1.22 (compatible; MSIE 2.0d; Windows NT)"
217.150.136.176 - - [04/Mar/2017:01:01:03 +0100] "GET /favicon.ico HTTP/1.1" 404 1181 "-" "okhttp/2.5.0"
157.55.39.28 - - [04/Mar/2017:01:04:13 +0100] "GET /new/content/gyakran-ism%C3%A9telt-k%C3%A9rd%C3%A9sek HTTP/1.1" 200 12836 "-" "msnbot-media/1.1 (+http://search.msn.com/msnbot.htm)"
217.150.136.176 - - [04/Mar/2017:01:11:03 +0100] "GET /favicon.ico HTTP/1.1" 404 1181 "-" "okhttp/2.5.0"
80.82.65.82 - - [04/Mar/2017:01:14:36 +0100] "GET / HTTP/1.0" 200 1010 "http://www.nosza.hu/" "Mozilla/4.0 (compatible; MSIE 6.0; Windows NT 5.1; SV1; .NET CLR 2.0.50727)"
217.150.136.176 - - [04/Mar/2017:01:21:03 +0100] "GET /favicon.ico HTTP/1.1" 404 1181 "-" "okhttp/2.5.0"
217.150.136.176 - - [04/Mar/2017:01:31:03 +0100] "GET /favicon.ico HTTP/1.1" 404 1181 "-" "okhttp/2.5.0"
217.150.136.176 - - [04/Mar/2017:01:41:03 +0100] "GET /favicon.ico HTTP/1.1" 404 1181 "-" "okhttp/2.5.0"
180.76.15.8 - - [04/Mar/2017:01:50:37 +0100] "GET / HTTP/1.1" 200 1010 "-" "Mozilla/5.0 (compatible; Baiduspider/2.0; +http://www.baidu.com/search/spider.html)"
217.150.136.176 - - [04/Mar/2017:01:51:03 +0100] "GET /favicon.ico HTTP/1.1" 404 1181 "-" "okhttp/2.5.0"
217.150.136.176 - - [04/Mar/2017:02:01:03 +0100] "GET /favicon.ico HTTP/1.1" 404 1181 "-" "okhttp/2.5.0"
66.249.66.131 - - [04/Mar/2017:02:01:33 +0100] "GET /robots.txt HTTP/1.1" 404 1181 "-" "Mozilla/5.0 (compatible; Googlebot/2.1; +http://www.google.com/bot.html)"
66.249.66.135 - - [04/Mar/2017:02:01:33 +0100] "GET / HTTP/1.1" 200 1010 "-" "Mozilla/5.0 (Linux; Android 6.0.1; Nexus 5X Build/MMB29P) AppleWebKit/537.36 (KHTML, like Gecko) Chrome/41.0.2272.96 Mobile Safari/537.36 (compatible; Googlebot/2.1; +http://www.google.com/bot.html)"
217.150.136.176 - - [04/Mar/2017:02:11:03 +0100] "GET /favicon.ico HTTP/1.1" 404 1181 "-" "okhttp/2.5.0"
40.77.167.124 - - [04/Mar/2017:02:18:14 +0100] "GET /aktualis/1gyikNCA/miniszter/index.html HTTP/1.1" 200 11200 "-" "Mozilla/5.0 (iPhone; CPU iPhone OS 7_0 like Mac OS X) AppleWebKit/537.51.1 (KHTML, like Gecko) Version/7.0 Mobile/11A465 Safari/9537.53 (compatible; bingbot/2.0; +http://www.bing.com/bingbot.htm)"
217.150.136.176 - - [04/Mar/2017:02:21:03 +0100] "GET /favicon.ico HTTP/1.1" 404 1181 "-" "okhttp/2.5.0"
40.77.167.2 - - [04/Mar/2017:02:27:25 +0100] "GET /konferenciak/konferencia3/index.html HTTP/1.1" 304 - "-" "Mozilla/5.0 (compatible; bingbot/2.0; +http://www.bing.com/bingbot.htm)"
40.77.167.126 - - [04/Mar/2017:02:31:00 +0100] "GET /tagjaink HTTP/1.1" 404 1181 "-" "Mozilla/5.0 (iPhone; CPU iPhone OS 7_0 like Mac OS X) AppleWebKit/537.51.1 (KHTML, like Gecko) Version/7.0 Mobile/11A465 Safari/9537.53 (compatible; bingbot/2.0; +http://www.bing.com/bingbot.htm)"
217.150.136.176 - - [04/Mar/2017:02:31:03 +0100] "GET /favicon.ico HTTP/1.1" 404 1181 "-" "okhttp/2.5.0"
40.77.167.126 - - [04/Mar/2017:02:31:04 +0100] "GET /aktualis/1gyikNCA/elektor/index.html HTTP/1.1" 200 26380 "-" "Mozilla/5.0 (iPhone; CPU iPhone OS 7_0 like Mac OS X) AppleWebKit/537.51.1 (KHTML, like Gecko) Version/7.0 Mobile/11A465 Safari/9537.53 (compatible; bingbot/2.0; +http://www.bing.com/bingbot.htm)"
217.150.136.176 - - [04/Mar/2017:02:41:03 +0100] "GET /favicon.ico HTTP/1.1" 404 1181 "-" "okhttp/2.5.0"
217.150.136.176 - - [04/Mar/2017:02:51:03 +0100] "GET /favicon.ico HTTP/1.1" 404 1181 "-" "okhttp/2.5.0"
217.150.136.176 - - [04/Mar/2017:03:01:03 +0100] "GET /favicon.ico HTTP/1.1" 404 1181 "-" "okhttp/2.5.0"
217.150.136.176 - - [04/Mar/2017:03:11:04 +0100] "GET /favicon.ico HTTP/1.1" 404 1181 "-" "okhttp/2.5.0"
52.3.105.23 - - [04/Mar/2017:03:15:59 +0100] "GET /robots.txt HTTP/1.1" 404 1181 "-" "ltx71 - (http://ltx71.com/)"
52.3.105.23 - - [04/Mar/2017:03:16:19 +0100] "GET / HTTP/1.1" 200 1010 "-" "ltx71 - (http://ltx71.com/)"
40.77.167.2 - - [04/Mar/2017:03:18:09 +0100] "GET /new/en/about_us/members HTTP/1.1" 200 7939 "-" "msnbot-media/1.1 (+http://search.msn.com/msnbot.htm)"
217.150.136.176 - - [04/Mar/2017:03:21:03 +0100] "GET /favicon.ico HTTP/1.1" 404 1181 "-" "okhttp/2.5.0"
157.55.39.214 - - [04/Mar/2017:03:27:36 +0100] "GET /aktualis/1gyikNCA/palyazat/index.html HTTP/1.1" 200 26866 "-" "Mozilla/5.0 (iPhone; CPU iPhone OS 7_0 like Mac OS X) AppleWebKit/537.51.1 (KHTML, like Gecko) Version/7.0 Mobile/11A465 Safari/9537.53 (compatible; bingbot/2.0; +http://www.bing.com/bingbot.htm)"
217.150.136.176 - - [04/Mar/2017:03:31:04 +0100] "GET /favicon.ico HTTP/1.1" 404 1181 "-" "okhttp/2.5.0"
104.197.241.64 - - [04/Mar/2017:03:39:08 +0100] "GET /robots.txt HTTP/1.1" 404 1181 "-" "ltx71 - (http://ltx71.com/)"
104.197.241.64 - - [04/Mar/2017:03:40:53 +0100] "GET / HTTP/1.1" 200 1010 "-" "ltx71 - (http://ltx71.com/)"
217.150.136.176 - - [04/Mar/2017:03:41:03 +0100] "GET /favicon.ico HTTP/1.1" 404 1181 "-" "okhttp/2.5.0"
130.193.51.56 - - [04/Mar/2017:03:45:58 +0100] "GET /robots.txt HTTP/1.1" 404 1181 "-" "Mozilla/5.0 (compatible; YandexBot/3.0; +http://yandex.com/bots)"
130.193.51.56 - - [04/Mar/2017:03:46:02 +0100] "GET /graphics/noszalogo.gif HTTP/1.1" 304 - "-" "Mozilla/5.0 (compatible; YandexImages/3.0; +http://yandex.com/bots)"
217.150.136.176 - - [04/Mar/2017:03:51:04 +0100] "GET /favicon.ico HTTP/1.1" 404 1181 "-" "okhttp/2.5.0"
40.77.167.111 - - [04/Mar/2017:03:59:52 +0100] "GET /konferenciak/07egszbbesz/07egszbpr/egszbreg/index.html HTTP/1.1" 200 181901 "-" "Mozilla/5.0 (iPhone; CPU iPhone OS 7_0 like Mac OS X) AppleWebKit/537.51.1 (KHTML, like Gecko) Version/7.0 Mobile/11A465 Safari/9537.53 (compatible; bingbot/2.0; +http://www.bing.com/bingbot.htm)"
217.150.136.176 - - [04/Mar/2017:04:01:04 +0100] "GET /favicon.ico HTTP/1.1" 404 1181 "-" "okhttp/2.5.0"
180.76.15.9 - - [04/Mar/2017:04:02:19 +0100] "GET /new/sites/default/files/KCRdimenzio.pdf HTTP/1.1" 200 514714 "-" "Mozilla/5.0 (compatible; Baiduspider/2.0; +http://www.baidu.com/search/spider.html)"
217.150.136.176 - - [04/Mar/2017:04:11:04 +0100] "GET /favicon.ico HTTP/1.1" 404 1181 "-" "okhttp/2.5.0"
157.55.39.214 - - [04/Mar/2017:04:13:02 +0100] "GET /aktualis/NCAvh/index.html HTTP/1.1" 200 67842 "-" "Mozilla/5.0 (iPhone; CPU iPhone OS 7_0 like Mac OS X) AppleWebKit/537.51.1 (KHTML, like Gecko) Version/7.0 Mobile/11A465 Safari/9537.53 (compatible; bingbot/2.0; +http://www.bing.com/bingbot.htm)"
217.150.136.176 - - [04/Mar/2017:04:21:04 +0100] "GET /favicon.ico HTTP/1.1" 404 1181 "-" "okhttp/2.5.0"
217.150.136.176 - - [04/Mar/2017:04:31:04 +0100] "GET /favicon.ico HTTP/1.1" 404 1181 "-" "okhttp/2.5.0"
217.150.136.176 - - [04/Mar/2017:04:41:04 +0100] "GET /favicon.ico HTTP/1.1" 404 1181 "-" "okhttp/2.5.0"
217.150.136.176 - - [04/Mar/2017:04:51:04 +0100] "GET /favicon.ico HTTP/1.1" 404 1181 "-" "okhttp/2.5.0"
8.29.198.25 - - [04/Mar/2017:04:56:55 +0100] "GET /new/rss.xml HTTP/1.1" 200 15871 "-" "Feedly/1.0 (+http://www.feedly.com/fetcher.html; like FeedFetcher-Google)"
217.150.136.176 - - [04/Mar/2017:05:01:04 +0100] "GET /favicon.ico HTTP/1.1" 404 1181 "-" "okhttp/2.5.0"
217.150.136.176 - - [04/Mar/2017:05:11:04 +0100] "GET /favicon.ico HTTP/1.1" 404 1181 "-" "okhttp/2.5.0"
40.77.167.124 - - [04/Mar/2017:05:19:39 +0100] "GET /aktualis/NCAvhmod/ HTTP/1.1" 200 18140 "-" "Mozilla/5.0 (iPhone; CPU iPhone OS 7_0 like Mac OS X) AppleWebKit/537.51.1 (KHTML, like Gecko) Version/7.0 Mobile/11A465 Safari/9537.53 (compatible; bingbot/2.0; +http://www.bing.com/bingbot.htm)"
40.77.167.124 - - [04/Mar/2017:05:19:49 +0100] "GET /aktualis/NCAvhmod/ HTTP/1.1" 200 18140 "-" "Mozilla/5.0 (iPhone; CPU iPhone OS 7_0 like Mac OS X) AppleWebKit/537.51.1 (KHTML, like Gecko) Version/7.0 Mobile/11A465 Safari/9537.53 (compatible; bingbot/2.0; +http://www.bing.com/bingbot.htm)"
40.77.167.124 - - [04/Mar/2017:05:20:08 +0100] "GET /aktualis/NCAvhmod/ HTTP/1.1" 200 18140 "-" "Mozilla/5.0 (iPhone; CPU iPhone OS 7_0 like Mac OS X) AppleWebKit/537.51.1 (KHTML, like Gecko) Version/7.0 Mobile/11A465 Safari/9537.53 (compatible; bingbot/2.0; +http://www.bing.com/bingbot.htm)"
217.150.136.176 - - [04/Mar/2017:05:21:04 +0100] "GET /favicon.ico HTTP/1.1" 404 1181 "-" "okhttp/2.5.0"
46.229.164.99 - - [04/Mar/2017:05:24:20 +0100] "GET /robots.txt HTTP/1.1" 404 1181 "-" "Mozilla/5.0 (compatible; SemrushBot/1.2~bl; +http://www.semrush.com/bot.html)"
163.172.65.48 - - [04/Mar/2017:05:27:41 +0100] "GET /halozatok/JMCS/mukodes/index.html HTTP/1.1" 200 10352 "-" "Mozilla/5.0 (compatible; AhrefsBot/5.2; +http://ahrefs.com/robot/)"
217.150.136.176 - - [04/Mar/2017:05:31:05 +0100] "GET /favicon.ico HTTP/1.1" 404 1181 "-" "okhttp/2.5.0"
107.178.194.93 - - [04/Mar/2017:05:36:44 +0100] "GET /new/en/about_us/members HTTP/1.1" 200 7939 "http://www.nosza.hu" "Mozilla/5.0 (Windows; U; MSIE 9.0; Windows NT 9.0; en-US) AppEngine-Google; (+http://code.google.com/appengine; appid: s~virustotalcloud)"
204.13.201.139 - - [04/Mar/2017:05:36:44 +0100] "GET /new/en/about_us/members HTTP/1.1" 200 7939 "http://www.bing.com" "Mozilla/5.0 (compatible; MSIE 8.0; Windows NT 6.1; Trident/4.0; .NET CLR 2.0.50727; .NET CLR 3.5.30729; .NET CLR 3.0.30729; .NET CLR 1.0.3705; .NET CLR 1.1.4322)"
45.55.224.77 - - [04/Mar/2017:05:41:17 +0100] "GET /new/en/about_us/members HTTP/1.1" 200 7939 "-" "Mozilla/4.0 (compatible; MSIE 6.0; Windows NT 5.1; SV1; InfoPath.2)"
217.150.136.176 - - [04/Mar/2017:06:45:29 +0100] "GET /favicon.ico HTTP/1.1" 404 1181 "-" "okhttp/2.5.0"
40.77.167.124 - - [04/Mar/2017:07:10:43 +0100] "GET /aktualis/NCA/index.html HTTP/1.1" 200 50805 "-" "Mozilla/5.0 (iPhone; CPU iPhone OS 7_0 like Mac OS X) AppleWebKit/537.51.1 (KHTML, like Gecko) Version/7.0 Mobile/11A465 Safari/9537.53 (compatible; bingbot/2.0; +http://www.bing.com/bingbot.htm)"
157.55.39.127 - - [04/Mar/2017:07:32:01 +0100] "GET /new/hirek/alap%C3%ADtv%C3%A1ny-alap%C3%ADt%C3%B3-okirata-%C3%A9s-m%C5%B1k%C3%B6d%C3%A9se HTTP/1.1" 200 8887 "-" "msnbot-media/1.1 (+http://search.msn.com/msnbot.htm)"
94.44.252.76 - - [04/Mar/2017:07:32:20 +0100] "GET /kutat/REVkutatas/3gazdalkodas/ HTTP/1.1" 200 88137 "https://www.google.hu/" "Mozilla/5.0 (iPhone; CPU iPhone OS 10_2_1 like Mac OS X) AppleWebKit/602.4.6 (KHTML, like Gecko) Version/10.0 Mobile/14D27 Safari/602.1"
94.44.252.76 - - [04/Mar/2017:07:32:20 +0100] "GET /galateia.css HTTP/1.1" 200 1717 "http://www.nosza.hu/kutat/REVkutatas/3gazdalkodas/" "Mozilla/5.0 (iPhone; CPU iPhone OS 10_2_1 like Mac OS X) AppleWebKit/602.4.6 (KHTML, like Gecko) Version/10.0 Mobile/14D27 Safari/602.1"
94.44.252.76 - - [04/Mar/2017:07:32:21 +0100] "GET /graphics/noszalogo.gif HTTP/1.1" 200 6797 "http://www.nosza.hu/kutat/REVkutatas/3gazdalkodas/" "Mozilla/5.0 (iPhone; CPU iPhone OS 10_2_1 like Mac OS X) AppleWebKit/602.4.6 (KHTML, like Gecko) Version/10.0 Mobile/14D27 Safari/602.1"
94.44.252.76 - - [04/Mar/2017:07:32:21 +0100] "GET /graphics/galas.gif HTTP/1.1" 200 913 "http://www.nosza.hu/kutat/REVkutatas/3gazdalkodas/" "Mozilla/5.0 (iPhone; CPU iPhone OS 10_2_1 like Mac OS X) AppleWebKit/602.4.6 (KHTML, like Gecko) Version/10.0 Mobile/14D27 Safari/602.1"
163.172.65.69 - - [04/Mar/2017:07:39:35 +0100] "GET /new/magunkrol HTTP/1.1" 200 8302 "-" "Mozilla/5.0 (compatible; AhrefsBot/5.2; +http://ahrefs.com/robot/)"
176.63.174.210 - - [04/Mar/2017:07:58:53 +0100] "GET /nizak-peterfi.dbk.pdf HTTP/1.1" 200 156101 "https://www.google.hu/" "Mozilla/5.0 (Windows NT 6.1; WOW64) AppleWebKit/537.36 (KHTML, like Gecko) Chrome/56.0.2924.87 Safari/537.36"
176.63.174.210 - - [04/Mar/2017:07:58:53 +0100] "GET /favicon.ico HTTP/1.1" 404 1181 "http://www.nosza.hu/nizak-peterfi.dbk.pdf" "Mozilla/5.0 (Windows NT 6.1; WOW64) AppleWebKit/537.36 (KHTML, like Gecko) Chrome/56.0.2924.87 Safari/537.36"
217.150.136.176 - - [04/Mar/2017:08:06:44 +0100] "GET /favicon.ico HTTP/1.1" 404 1181 "-" "okhttp/2.5.0"
217.150.136.176 - - [04/Mar/2017:08:17:25 +0100] "GET /favicon.ico HTTP/1.1" 404 1181 "-" "okhttp/2.5.0"
60.50.60.238 - - [04/Mar/2017:08:20:53 +0100] "GET /wp-login.php HTTP/1.1" 404 1181 "-" "Mozilla/5.0 (Windows NT 6.1; WOW64; rv:40.0) Gecko/20100101 Firefox/40.1"
60.50.60.238 - - [04/Mar/2017:08:20:54 +0100] "GET / HTTP/1.1" 200 1010 "-" "Mozilla/5.0 (Windows NT 6.1; WOW64; rv:40.0) Gecko/20100101 Firefox/40.1"
217.150.136.176 - - [04/Mar/2017:08:30:56 +0100] "GET /favicon.ico HTTP/1.1" 404 1181 "-" "okhttp/2.5.0"
80.98.181.218 - - [04/Mar/2017:08:35:34 +0100] "GET /kutat/REVkutatas/1gazdasag/ HTTP/1.1" 200 89032 "-" "Mozilla/5.0 (iPad; CPU OS 10_1_1 like Mac OS X) AppleWebKit/602.2.14 (KHTML, like Gecko) Version/10.0 Mobile/14B100 Safari/602.1"
217.150.136.176 - - [04/Mar/2017:08:42:13 +0100] "GET /favicon.ico HTTP/1.1" 404 1181 "-" "okhttp/2.5.0"
217.150.136.176 - - [04/Mar/2017:08:52:13 +0100] "GET /favicon.ico HTTP/1.1" 404 1181 "-" "okhttp/2.5.0"
207.46.13.204 - - [04/Mar/2017:08:56:36 +0100] "GET /robots.txt HTTP/1.1" 404 1181 "-" "Mozilla/5.0 (compatible; bingbot/2.0; +http://www.bing.com/bingbot.htm)"
157.55.39.184 - - [04/Mar/2017:08:56:41 +0100] "GET /halozatok/muhely/belepes/index.html HTTP/1.1" 200 4602 "-" "Mozilla/5.0 (compatible; bingbot/2.0; +http://www.bing.com/bingbot.htm)"
207.46.13.204 - - [04/Mar/2017:09:11:23 +0100] "GET /robots.txt HTTP/1.1" 404 1181 "-" "Mozilla/5.0 (compatible; bingbot/2.0; +http://www.bing.com/bingbot.htm)"
217.150.136.176 - - [04/Mar/2017:09:16:01 +0100] "GET /favicon.ico HTTP/1.1" 404 1181 "-" "okhttp/2.5.0"
80.98.181.218 - - [04/Mar/2017:09:32:43 +0100] "GET /kutat/REVkutatas/1gazdasag/ HTTP/1.1" 200 89032 "-" "Mozilla/5.0 (iPad; CPU OS 10_1_1 like Mac OS X) AppleWebKit/602.2.14 (KHTML, like Gecko) Version/10.0 Mobile/14B100 Safari/602.1"
80.98.181.218 - - [04/Mar/2017:09:32:43 +0100] "GET /apple-touch-icon-152x152-precomposed.png HTTP/1.1" 404 1181 "-" "MobileSafari/602.1 CFNetwork/808.1.4 Darwin/16.1.0"
80.98.181.218 - - [04/Mar/2017:09:32:43 +0100] "GET /apple-touch-icon-152x152.png HTTP/1.1" 404 1181 "-" "MobileSafari/602.1 CFNetwork/808.1.4 Darwin/16.1.0"
80.98.181.218 - - [04/Mar/2017:09:32:43 +0100] "GET /apple-touch-icon-precomposed.png HTTP/1.1" 404 1181 "-" "MobileSafari/602.1 CFNetwork/808.1.4 Darwin/16.1.0"
80.98.181.218 - - [04/Mar/2017:09:32:44 +0100] "GET /apple-touch-icon.png HTTP/1.1" 404 1181 "-" "MobileSafari/602.1 CFNetwork/808.1.4 Darwin/16.1.0"
80.98.181.218 - - [04/Mar/2017:09:32:44 +0100] "GET /favicon.ico HTTP/1.1" 404 1181 "-" "MobileSafari/602.1 CFNetwork/808.1.4 Darwin/16.1.0"
157.55.39.127 - - [04/Mar/2017:09:40:29 +0100] "GET /aktualis/NCAvhmod/index.html HTTP/1.1" 304 - "-" "Mozilla/5.0 (compatible; bingbot/2.0; +http://www.bing.com/bingbot.htm)"
31.46.198.81 - - [04/Mar/2017:09:54:21 +0100] "GET /new/sites/default/files/Onkentesseg.pdf HTTP/1.1" 200 634194 "https://www.google.hu/" "Mozilla/5.0 (Windows NT 10.0) AppleWebKit/537.36 (KHTML, like Gecko) Chrome/56.0.2924.87 Safari/537.36"
31.46.198.81 - - [04/Mar/2017:09:54:22 +0100] "GET /favicon.ico HTTP/1.1" 404 1181 "http://www.nosza.hu/new/sites/default/files/Onkentesseg.pdf" "Mozilla/5.0 (Windows NT 10.0) AppleWebKit/537.36 (KHTML, like Gecko) Chrome/56.0.2924.87 Safari/537.36"
217.150.136.176 - - [04/Mar/2017:10:12:37 +0100] "GET /favicon.ico HTTP/1.1" 404 1181 "-" "okhttp/2.5.0"
162.210.196.130 - - [04/Mar/2017:10:14:46 +0100] "GET /robots.txt HTTP/1.1" 404 1181 "-" "Mozilla/5.0 (compatible; MJ12bot/v1.4.8; http://mj12bot.com/)"
162.210.196.130 - - [04/Mar/2017:10:14:51 +0100] "GET / HTTP/1.1" 200 1010 "-" "Mozilla/5.0 (compatible; MJ12bot/v1.4.8; http://mj12bot.com/)"
157.55.39.214 - - [04/Mar/2017:10:17:41 +0100] "GET /new/projektek/Civil%20%C3%83%C6%92%C3%86%E2%80%99%C3%83%E2%80%A0%C3%A2%E2%82%AC%E2%84%A2%C3%83%C6%92%C3%A2%E2%82%AC%C5%A1%C3%83%E2%80%9A%C3%82%C2%BAjs%C3%83%C6%92%C3%86%E2%80%99%C3%83%E2%80%A0%C3%A2%E2%82%AC%E2%84%A2%C3%83%C6%92%C3%A2%E2%82%AC%C5%A1%C3%83%E2%80%9A%C3%82%C2%A1g%C3%83%C6%92%C3%86%E2%80%99%C3%83%E2%80%A0%C3%A2%E2%82%AC%E2%84%A2%C3%83%C6%92%C3%A2%E2%82%AC%C5%A1%C3%83%E2%80%9A%C3%82%C2%ADr%C3%83%C6%92%C3%86%E2%80%99%C3%83%E2%80%A0%C3%A2%E2%82%AC%E2%84%A2%C3%83%C6%92%C3%A2%E2%82%AC%C5%A1%C3%83%E2%80%9A%C3%82%C2%A1s HTTP/1.1" 200 8051 "-" "Mozilla/5.0 (compatible; bingbot/2.0; +http://www.bing.com/bingbot.htm)"
157.55.39.184 - - [04/Mar/2017:10:33:21 +0100] "GET /new/content/gyakran-ism%C3%A9telt-k%C3%A9rd%C3%A9sek HTTP/1.1" 200 12836 "-" "Mozilla/5.0 (compatible; bingbot/2.0; +http://www.bing.com/bingbot.htm)"
217.150.136.176 - - [04/Mar/2017:10:37:42 +0100] "GET /favicon.ico HTTP/1.1" 404 1181 "-" "okhttp/2.5.0"
180.76.15.10 - - [04/Mar/2017:10:53:41 +0100] "GET / HTTP/1.1" 200 1010 "-" "Mozilla/5.0 (compatible; Baiduspider/2.0; +http://www.baidu.com/search/spider.html)"
180.76.15.140 - - [04/Mar/2017:10:55:18 +0100] "GET / HTTP/1.1" 200 1010 "-" "Mozilla/5.0 (compatible; Baiduspider/2.0; +http://www.baidu.com/search/spider.html)"
93.158.152.25 - - [04/Mar/2017:10:56:29 +0100] "GET / HTTP/1.1" 200 1010 "-" "Mozilla/5.0 (compatible; YandexBot/3.0; +http://yandex.com/bots)"
130.193.51.56 - - [04/Mar/2017:10:56:29 +0100] "GET /robots.txt HTTP/1.1" 404 1181 "-" "Mozilla/5.0 (compatible; YandexBot/3.0; +http://yandex.com/bots)"
130.193.51.56 - - [04/Mar/2017:10:56:33 +0100] "GET / HTTP/1.1" 200 1010 "-" "Mozilla/5.0 (compatible; YandexBot/3.0; +http://yandex.com/bots)"
185.10.124.68 - - [04/Mar/2017:10:59:35 +0100] "GET /new/sites/default/files/Onkentesseg.pdf HTTP/1.1" 200 634194 "https://www.google.hu/" "Mozilla/5.0 (iPhone; CPU iPhone OS 10_2_1 like Mac OS X) AppleWebKit/602.4.6 (KHTML, like Gecko) Version/10.0 Mobile/14D27 Safari/602.1"
80.82.65.82 - - [04/Mar/2017:11:09:27 +0100] "GET / HTTP/1.0" 200 1010 "http://www.nosza.hu/" "Mozilla/4.0 (compatible; MSIE 6.0; Windows NT 5.1; SV1; .NET CLR 2.0.50727)"
188.36.78.115 - - [04/Mar/2017:11:25:02 +0100] "GET /nizak-peterfi.dbk.pdf HTTP/1.1" 200 156101 "https://www.google.hu/" "Mozilla/5.0 (Windows NT 6.1) AppleWebKit/537.36 (KHTML, like Gecko) Chrome/56.0.2924.87 Safari/537.36"
188.36.78.115 - - [04/Mar/2017:11:25:02 +0100] "GET /favicon.ico HTTP/1.1" 404 1181 "http://www.nosza.hu/nizak-peterfi.dbk.pdf" "Mozilla/5.0 (Windows NT 6.1) AppleWebKit/537.36 (KHTML, like Gecko) Chrome/56.0.2924.87 Safari/537.36"
37.115.187.228 - - [04/Mar/2017:11:25:08 +0100] "GET /new/en/news/henceforth-nosza-association-proud-member-freedom-information-advocates-network-foianet/ HTTP/1.1" 200 8098 "http://mararoom.ru/" "Mozilla/4.0 (compatible; MSIE 6.0; MSIE 5.5; Windows NT 4.0) Opera 7.0 [en]"
37.115.187.228 - - [04/Mar/2017:11:25:08 +0100] "GET /new/en/news/henceforth-nosza-association-proud-member-freedom-information-advocates-network-foianet/ HTTP/1.1" 200 8098 "http://mararoom.ru/" "Mozilla/4.0 (compatible; MSIE 6.0; MSIE 5.5; Windows NT 4.0) Opera 7.0 [en]"
217.150.136.176 - - [04/Mar/2017:11:31:40 +0100] "GET /favicon.ico HTTP/1.1" 404 1181 "-" "okhttp/2.5.0"
157.55.39.184 - - [04/Mar/2017:12:03:57 +0100] "GET /aktualis/1gyikNCA/index.html HTTP/1.1" 200 22264 "-" "Mozilla/5.0 (iPhone; CPU iPhone OS 7_0 like Mac OS X) AppleWebKit/537.51.1 (KHTML, like Gecko) Version/7.0 Mobile/11A465 Safari/9537.53 (compatible; bingbot/2.0; +http://www.bing.com/bingbot.htm)"
220.181.108.147 - - [04/Mar/2017:12:06:01 +0100] "GET /new/sites/default/files/KCRdimenzio.pdf HTTP/1.1" 200 514714 "-" "Mozilla/5.0 (compatible; Baiduspider/2.0; +http://www.baidu.com/search/spider.html)"
68.180.229.90 - - [04/Mar/2017:12:06:10 +0100] "GET /robots.txt HTTP/1.1" 404 1181 "-" "Mozilla/5.0 (compatible; Yahoo! Slurp; http://help.yahoo.com/help/us/ysearch/slurp)"
68.180.229.90 - - [04/Mar/2017:12:06:14 +0100] "GET /new/dossziek HTTP/1.1" 200 9412 "-" "Mozilla/5.0 (compatible; Yahoo! Slurp; http://help.yahoo.com/help/us/ysearch/slurp)"
37.76.71.221 - - [04/Mar/2017:12:13:41 +0100] "GET /kutat/REVkutatas/1gazdasag/ HTTP/1.1" 200 89032 "-" "Mozilla/5.0 (iPad; CPU OS 10_1_1 like Mac OS X) AppleWebKit/602.2.14 (KHTML, like Gecko) Version/10.0 Mobile/14B100 Safari/602.1"
157.55.39.127 - - [04/Mar/2017:12:18:08 +0100] "GET /halozatok/JMCS/tagok/index.html HTTP/1.1" 200 65034 "-" "Mozilla/5.0 (iPhone; CPU iPhone OS 7_0 like Mac OS X) AppleWebKit/537.51.1 (KHTML, like Gecko) Version/7.0 Mobile/11A465 Safari/9537.53 (compatible; bingbot/2.0; +http://www.bing.com/bingbot.htm)"
46.165.197.141 - - [04/Mar/2017:13:13:59 +0100] "GET /robots.txt HTTP/1.1" 404 1181 "-" "Mozilla/5.0 (compatible; MJ12bot/v1.4.8; http://mj12bot.com/)"
46.165.197.141 - - [04/Mar/2017:13:14:08 +0100] "GET /new/content/civil-szervezet-%E2%80%93-t%C3%A1rsadalmi-szervezet-%E2%80%93-civil-t%C3%A1rsas%C3%A1g-az-%C3%BAj-civil-t%C3%B6rv%C3%A9ny-fogalmi-%C3%BAj%C3%ADt%C3%A1sai HTTP/1.1" 200 18203 "-" "Mozilla/5.0 (compatible; MJ12bot/v1.4.8; http://mj12bot.com/)"
46.165.197.141 - - [04/Mar/2017:13:14:11 +0100] "GET /new/dossziek/Teszt%20dosszi%C3%A9 HTTP/1.1" 200 7649 "-" "Mozilla/5.0 (compatible; MJ12bot/v1.4.8; http://mj12bot.com/)"
89.25.28.183 - - [04/Mar/2017:13:17:43 +0100] "GET /favicon.ico HTTP/1.1" 404 1181 "http://www.nosza.hu/new/sites/default/files/bulgarian%20final.pdf" "Mozilla/5.0 (Windows NT 6.1; Win64; x64) AppleWebKit/537.36 (KHTML, like Gecko) Chrome/56.0.2924.87 Safari/537.36"
89.25.28.183 - - [04/Mar/2017:13:17:43 +0100] "GET /new/sites/default/files/bulgarian%20final.pdf HTTP/1.1" 200 509919 "https://www.google.com/" "Mozilla/5.0 (Windows NT 6.1; Win64; x64) AppleWebKit/537.36 (KHTML, like Gecko) Chrome/56.0.2924.87 Safari/537.36"
51.255.65.97 - - [04/Mar/2017:13:25:08 +0100] "GET /3kutat/REVkutatas/4projektek/index.html HTTP/1.1" 200 69101 "-" "Mozilla/5.0 (compatible; AhrefsBot/5.2; +http://ahrefs.com/robot/)"
180.76.15.10 - - [04/Mar/2017:13:31:00 +0100] "GET /new/en/about_us/links HTTP/1.1" 200 7745 "-" "Mozilla/5.0 (compatible; Baiduspider/2.0; +http://www.baidu.com/search/spider.html)"
37.115.191.193 - - [04/Mar/2017:13:44:07 +0100] "GET /new/en/news/henceforth-nosza-association-proud-member-freedom-information-advocates-network-foianet/ HTTP/1.1" 200 8098 "http://autogrep.ru/" "Mozilla/4.0 (compatible; MSIE 6.0; MSIE 5.5; Windows NT 4.0) Opera 7.0 [en]"
37.115.191.193 - - [04/Mar/2017:13:44:07 +0100] "GET /new/en/news/henceforth-nosza-association-proud-member-freedom-information-advocates-network-foianet/ HTTP/1.1" 200 8098 "http://autogrep.ru/" "Mozilla/4.0 (compatible; MSIE 6.0; MSIE 5.5; Windows NT 4.0) Opera 7.0 [en]"
95.175.97.229 - - [04/Mar/2017:13:52:05 +0100] "GET /new/en/about_us/members HTTP/1.0" 200 7926 "http://www.google.com.my/search?q=anything&ie=utf-8" "Mozilla/5.0 (Windows; U; Windows NT 5.1; en-US) AppleWebKit/534.7 (KHTML, like Gecko) Chrome/7.0.514.0 Safari/534.7"
95.175.97.229 - - [04/Mar/2017:13:53:31 +0100] "GET /new/en/about_us/members HTTP/1.0" 200 7926 "http://www.google.com/search?q=www.nosza.hu&ie=utf-8" "Mozilla/5.0 (Windows NT 6.1; WOW64; rv:41.0) Gecko/20100101 Firefox/41.0"
66.249.93.147 - - [04/Mar/2017:14:56:08 +0100] "GET /new/sites/default/files/Onkentesseg.pdf HTTP/1.1" 200 634194 "-" "Mozilla/5.0 (X11; Linux x86_64) AppleWebKit/537.36 (KHTML, like Gecko) Chrome/49.0.2623.75 Safari/537.36 Google Favicon"
66.249.93.147 - - [04/Mar/2017:14:56:09 +0100] "GET /favicon.ico HTTP/1.1" 404 1181 "-" "Mozilla/5.0 (X11; Linux x86_64) AppleWebKit/537.36 (KHTML, like Gecko) Chrome/49.0.2623.75 Safari/537.36 Google Favicon"
66.102.9.140 - - [04/Mar/2017:14:57:53 +0100] "GET /new/sites/default/files/Onkentesseg.pdf HTTP/1.1" 200 634194 "http://www.google.com/search" "Mozilla/5.0 (X11; Linux x86_64) AppleWebKit/537.36 (KHTML, like Gecko; Google Web Preview) Chrome/27.0.1453 Safari/537.36"
89.132.234.219 - - [04/Mar/2017:15:00:10 +0100] "GET /galateia.css HTTP/1.1" 200 1717 "http://www.nosza.hu/kutat/REVkutatas/1gazdasag/" "Mozilla/5.0 (Windows NT 6.1) AppleWebKit/537.36 (KHTML, like Gecko) Chrome/56.0.2924.87 Safari/537.36"
89.132.234.219 - - [04/Mar/2017:15:00:11 +0100] "GET /kutat/REVkutatas/1gazdasag/ HTTP/1.1" 200 89032 "https://www.google.hu/" "Mozilla/5.0 (Windows NT 6.1) AppleWebKit/537.36 (KHTML, like Gecko) Chrome/56.0.2924.87 Safari/537.36"
89.132.234.219 - - [04/Mar/2017:15:00:11 +0100] "GET /graphics/noszalogo.gif HTTP/1.1" 200 6797 "http://www.nosza.hu/kutat/REVkutatas/1gazdasag/" "Mozilla/5.0 (Windows NT 6.1) AppleWebKit/537.36 (KHTML, like Gecko) Chrome/56.0.2924.87 Safari/537.36"
89.132.234.219 - - [04/Mar/2017:15:00:11 +0100] "GET /graphics/galas.gif HTTP/1.1" 200 913 "http://www.nosza.hu/kutat/REVkutatas/1gazdasag/" "Mozilla/5.0 (Windows NT 6.1) AppleWebKit/537.36 (KHTML, like Gecko) Chrome/56.0.2924.87 Safari/537.36"
89.132.234.219 - - [04/Mar/2017:15:00:11 +0100] "GET /favicon.ico HTTP/1.1" 404 1181 "http://www.nosza.hu/kutat/REVkutatas/1gazdasag/" "Mozilla/5.0 (Windows NT 6.1) AppleWebKit/537.36 (KHTML, like Gecko) Chrome/56.0.2924.87 Safari/537.36"
63.141.244.250 - - [04/Mar/2017:15:20:47 +0100] "GET /wp-content/plugins/seo-keyword-page/readme.txt HTTP/1.1" 404 1181 "-" "Mozilla/5.0 (Windows NT 6.1; Trident/7.0; rv:11.0) like Gecko"
163.172.66.35 - - [04/Mar/2017:15:35:00 +0100] "GET /halozatok/JMCS/memo/07/index.html HTTP/1.1" 200 16609 "-" "Mozilla/5.0 (compatible; AhrefsBot/5.2; +http://ahrefs.com/robot/)"
180.76.15.150 - - [04/Mar/2017:15:37:08 +0100] "GET /angol/EESCconf/ HTTP/1.1" 200 12425 "-" "Mozilla/5.0 (compatible; Baiduspider/2.0; +http://www.baidu.com/search/spider.html)"
40.77.167.2 - - [04/Mar/2017:15:43:21 +0100] "GET /JMCS/memo/02/index.html HTTP/1.1" 200 50878 "-" "Mozilla/5.0 (compatible; bingbot/2.0; +http://www.bing.com/bingbot.htm)"
180.76.15.20 - - [04/Mar/2017:15:52:08 +0100] "GET / HTTP/1.1" 200 1010 "-" "Mozilla/5.0 (compatible; Baiduspider/2.0; +http://www.baidu.com/search/spider.html)"
37.76.14.62 - - [04/Mar/2017:15:54:19 +0100] "GET /kutat/REVkutatas/1gazdasag/ HTTP/1.1" 200 89032 "-" "Mozilla/5.0 (iPad; CPU OS 10_1_1 like Mac OS X) AppleWebKit/602.2.14 (KHTML, like Gecko) Version/10.0 Mobile/14B100 Safari/602.1"
40.77.167.2 - - [04/Mar/2017:15:55:59 +0100] "GET /konferenciak/konferencia3/index.html HTTP/1.1" 304 - "-" "Mozilla/5.0 (compatible; bingbot/2.0; +http://www.bing.com/bingbot.htm)"
68.180.229.90 - - [04/Mar/2017:15:59:49 +0100] "GET /new/magunkrol/tamogatoink HTTP/1.1" 200 10866 "-" "Mozilla/5.0 (compatible; Yahoo! Slurp; http://help.yahoo.com/help/us/ysearch/slurp)"
94.27.216.16 - - [04/Mar/2017:16:15:13 +0100] "GET /galateia.css HTTP/1.1" 200 1717 "http://www.nosza.hu/kutat/REVkutatas/5PR/" "Mozilla/5.0 (Windows NT 10.0; WOW64) AppleWebKit/537.36 (KHTML, like Gecko) Chrome/56.0.2924.87 Safari/537.36"
94.27.216.16 - - [04/Mar/2017:16:15:13 +0100] "GET /graphics/noszalogo.gif HTTP/1.1" 200 6797 "http://www.nosza.hu/kutat/REVkutatas/5PR/" "Mozilla/5.0 (Windows NT 10.0; WOW64) AppleWebKit/537.36 (KHTML, like Gecko) Chrome/56.0.2924.87 Safari/537.36"
94.27.216.16 - - [04/Mar/2017:16:15:13 +0100] "GET /kutat/REVkutatas/5PR/ HTTP/1.1" 200 49876 "https://www.google.hu/" "Mozilla/5.0 (Windows NT 10.0; WOW64) AppleWebKit/537.36 (KHTML, like Gecko) Chrome/56.0.2924.87 Safari/537.36"
94.27.216.16 - - [04/Mar/2017:16:15:13 +0100] "GET /graphics/galas.gif HTTP/1.1" 200 913 "http://www.nosza.hu/kutat/REVkutatas/5PR/" "Mozilla/5.0 (Windows NT 10.0; WOW64) AppleWebKit/537.36 (KHTML, like Gecko) Chrome/56.0.2924.87 Safari/537.36"
