217.173.47.68 - - [08/Mar/2017:21:32:07 +0100] "GET /new/ HTTP/1.1" 200 9569 "http://www.nosza.hu/index.html" "Mozilla/5.0 (Windows NT 10.0; Win64; x64) AppleWebKit/537.36 (KHTML, like Gecko) Chrome/56.0.2924.87 Safari/537.36"
217.173.47.68 - - [08/Mar/2017:21:32:08 +0100] "GET /new/modules/filefield/filefield.css?L HTTP/1.1" 200 1986 "http://www.nosza.hu/new/" "Mozilla/5.0 (Windows NT 10.0; Win64; x64) AppleWebKit/537.36 (KHTML, like Gecko) Chrome/56.0.2924.87 Safari/537.36"
217.173.47.68 - - [08/Mar/2017:21:32:08 +0100] "GET /new/modules/node/node.css?L HTTP/1.1" 200 740 "http://www.nosza.hu/new/" "Mozilla/5.0 (Windows NT 10.0; Win64; x64) AppleWebKit/537.36 (KHTML, like Gecko) Chrome/56.0.2924.87 Safari/537.36"
217.173.47.68 - - [08/Mar/2017:21:32:08 +0100] "GET /new/modules/user/user.css?L HTTP/1.1" 200 1127 "http://www.nosza.hu/new/" "Mozilla/5.0 (Windows NT 10.0; Win64; x64) AppleWebKit/537.36 (KHTML, like Gecko) Chrome/56.0.2924.87 Safari/537.36"
217.173.47.68 - - [08/Mar/2017:21:32:08 +0100] "GET /new/modules/system/defaults.css?L HTTP/1.1" 200 757 "http://www.nosza.hu/new/" "Mozilla/5.0 (Windows NT 10.0; Win64; x64) AppleWebKit/537.36 (KHTML, like Gecko) Chrome/56.0.2924.87 Safari/537.36"
217.173.47.68 - - [08/Mar/2017:21:32:08 +0100] "GET /new/sites/all/modules/cck/modules/fieldgroup/fieldgroup.css?L HTTP/1.1" 200 166 "http://www.nosza.hu/new/" "Mozilla/5.0 (Windows NT 10.0; Win64; x64) AppleWebKit/537.36 (KHTML, like Gecko) Chrome/56.0.2924.87 Safari/537.36"
217.173.47.68 - - [08/Mar/2017:21:32:08 +0100] "GET /new/sites/all/modules/cck/theme/content-module.css?L HTTP/1.1" 200 2397 "http://www.nosza.hu/new/" "Mozilla/5.0 (Windows NT 10.0; Win64; x64) AppleWebKit/537.36 (KHTML, like Gecko) Chrome/56.0.2924.87 Safari/537.36"
217.173.47.68 - - [08/Mar/2017:21:32:08 +0100] "GET /new/modules/system/system-menus.css?L HTTP/1.1" 200 935 "http://www.nosza.hu/new/" "Mozilla/5.0 (Windows NT 10.0; Win64; x64) AppleWebKit/537.36 (KHTML, like Gecko) Chrome/56.0.2924.87 Safari/537.36"
217.173.47.68 - - [08/Mar/2017:21:32:08 +0100] "GET /new/sites/default/themes/nosza/css/nosza.css?L HTTP/1.1" 200 10555 "http://www.nosza.hu/new/" "Mozilla/5.0 (Windows NT 10.0; Win64; x64) AppleWebKit/537.36 (KHTML, like Gecko) Chrome/56.0.2924.87 Safari/537.36"
217.173.47.68 - - [08/Mar/2017:21:32:08 +0100] "GET /new/sites/default/themes/nosza/css/menu_style.css HTTP/1.1" 200 4749 "http://www.nosza.hu/new/" "Mozilla/5.0 (Windows NT 10.0; Win64; x64) AppleWebKit/537.36 (KHTML, like Gecko) Chrome/56.0.2924.87 Safari/537.36"
217.173.47.68 - - [08/Mar/2017:21:32:08 +0100] "GET /new/modules/system/system.css?L HTTP/1.1" 200 10020 "http://www.nosza.hu/new/" "Mozilla/5.0 (Windows NT 10.0; Win64; x64) AppleWebKit/537.36 (KHTML, like Gecko) Chrome/56.0.2924.87 Safari/537.36"
217.173.47.68 - - [08/Mar/2017:21:32:08 +0100] "GET /new/sites/default/themes/nosza/scripts/search.js HTTP/1.1" 200 466 "http://www.nosza.hu/new/" "Mozilla/5.0 (Windows NT 10.0; Win64; x64) AppleWebKit/537.36 (KHTML, like Gecko) Chrome/56.0.2924.87 Safari/537.36"
217.173.47.68 - - [08/Mar/2017:21:32:09 +0100] "GET /new/sites/default/themes/nosza/images/logo.jpg HTTP/1.1" 200 5329 "http://www.nosza.hu/new/" "Mozilla/5.0 (Windows NT 10.0; Win64; x64) AppleWebKit/537.36 (KHTML, like Gecko) Chrome/56.0.2924.87 Safari/537.36"
217.173.47.68 - - [08/Mar/2017:21:32:09 +0100] "GET /new/sites/default/themes/nosza/images/rrs.jpg HTTP/1.1" 200 829 "http://www.nosza.hu/new/" "Mozilla/5.0 (Windows NT 10.0; Win64; x64) AppleWebKit/537.36 (KHTML, like Gecko) Chrome/56.0.2924.87 Safari/537.36"
217.173.47.68 - - [08/Mar/2017:21:32:09 +0100] "GET /new/sites/default/themes/nosza/print.css?L HTTP/1.1" 200 1247 "http://www.nosza.hu/new/" "Mozilla/5.0 (Windows NT 10.0; Win64; x64) AppleWebKit/537.36 (KHTML, like Gecko) Chrome/56.0.2924.87 Safari/537.36"
217.173.47.68 - - [08/Mar/2017:21:32:09 +0100] "GET /new/sites/default/themes/nosza/images/searchBg.png HTTP/1.1" 200 1443 "http://www.nosza.hu/new/sites/default/themes/nosza/css/nosza.css?L" "Mozilla/5.0 (Windows NT 10.0; Win64; x64) AppleWebKit/537.36 (KHTML, like Gecko) Chrome/56.0.2924.87 Safari/537.36"
217.173.47.68 - - [08/Mar/2017:21:32:09 +0100] "GET /new/sites/default/themes/nosza/images/headerBg.jpg HTTP/1.1" 200 11316 "http://www.nosza.hu/new/sites/default/themes/nosza/css/nosza.css?L" "Mozilla/5.0 (Windows NT 10.0; Win64; x64) AppleWebKit/537.36 (KHTML, like Gecko) Chrome/56.0.2924.87 Safari/537.36"
217.173.47.68 - - [08/Mar/2017:21:32:09 +0100] "GET /new/sites/default/themes/nosza/images/magyarBgInactive.png HTTP/1.1" 200 686 "http://www.nosza.hu/new/sites/default/themes/nosza/css/nosza.css?L" "Mozilla/5.0 (Windows NT 10.0; Win64; x64) AppleWebKit/537.36 (KHTML, like Gecko) Chrome/56.0.2924.87 Safari/537.36"
217.173.47.68 - - [08/Mar/2017:21:32:09 +0100] "GET /new/sites/default/themes/nosza/images/magyarBgOver.png HTTP/1.1" 200 893 "http://www.nosza.hu/new/sites/default/themes/nosza/css/nosza.css?L" "Mozilla/5.0 (Windows NT 10.0; Win64; x64) AppleWebKit/537.36 (KHTML, like Gecko) Chrome/56.0.2924.87 Safari/537.36"
217.173.47.68 - - [08/Mar/2017:21:32:09 +0100] "GET /new/sites/default/themes/nosza/images/englishBgInactive.png HTTP/1.1" 200 823 "http://www.nosza.hu/new/sites/default/themes/nosza/css/nosza.css?L" "Mozilla/5.0 (Windows NT 10.0; Win64; x64) AppleWebKit/537.36 (KHTML, like Gecko) Chrome/56.0.2924.87 Safari/537.36"
217.173.47.68 - - [08/Mar/2017:21:32:09 +0100] "GET /new/sites/default/themes/nosza/images/egyIcon.jpg HTTP/1.1" 200 860 "http://www.nosza.hu/new/sites/default/themes/nosza/css/menu_style.css" "Mozilla/5.0 (Windows NT 10.0; Win64; x64) AppleWebKit/537.36 (KHTML, like Gecko) Chrome/56.0.2924.87 Safari/537.36"
217.173.47.68 - - [08/Mar/2017:21:32:09 +0100] "GET /new/sites/default/themes/nosza/images/kettoIcon.jpg HTTP/1.1" 200 1039 "http://www.nosza.hu/new/sites/default/themes/nosza/css/menu_style.css" "Mozilla/5.0 (Windows NT 10.0; Win64; x64) AppleWebKit/537.36 (KHTML, like Gecko) Chrome/56.0.2924.87 Safari/537.36"
217.173.47.68 - - [08/Mar/2017:21:32:09 +0100] "GET /new/sites/default/themes/nosza/images/haromIcon.jpg HTTP/1.1" 200 764 "http://www.nosza.hu/new/sites/default/themes/nosza/css/menu_style.css" "Mozilla/5.0 (Windows NT 10.0; Win64; x64) AppleWebKit/537.36 (KHTML, like Gecko) Chrome/56.0.2924.87 Safari/537.36"
217.173.47.68 - - [08/Mar/2017:21:32:09 +0100] "GET /new/sites/default/themes/nosza/images/otIcon.jpg HTTP/1.1" 200 689 "http://www.nosza.hu/new/sites/default/themes/nosza/css/menu_style.css" "Mozilla/5.0 (Windows NT 10.0; Win64; x64) AppleWebKit/537.36 (KHTML, like Gecko) Chrome/56.0.2924.87 Safari/537.36"
217.173.47.68 - - [08/Mar/2017:21:32:09 +0100] "GET /new/sites/default/themes/nosza/images/feelingBg.jpg HTTP/1.1" 200 25836 "http://www.nosza.hu/new/sites/default/themes/nosza/css/nosza.css?L" "Mozilla/5.0 (Windows NT 10.0; Win64; x64) AppleWebKit/537.36 (KHTML, like Gecko) Chrome/56.0.2924.87 Safari/537.36"
217.173.47.68 - - [08/Mar/2017:21:32:09 +0100] "GET /new/sites/default/themes/nosza/images/negyIcon.jpg HTTP/1.1" 200 908 "http://www.nosza.hu/new/sites/default/themes/nosza/css/menu_style.css" "Mozilla/5.0 (Windows NT 10.0; Win64; x64) AppleWebKit/537.36 (KHTML, like Gecko) Chrome/56.0.2924.87 Safari/537.36"
217.173.47.68 - - [08/Mar/2017:21:32:09 +0100] "GET /new/sites/default/themes/nosza/images/hatIcon.jpg HTTP/1.1" 200 838 "http://www.nosza.hu/new/sites/default/themes/nosza/css/menu_style.css" "Mozilla/5.0 (Windows NT 10.0; Win64; x64) AppleWebKit/537.36 (KHTML, like Gecko) Chrome/56.0.2924.87 Safari/537.36"
217.173.47.68 - - [08/Mar/2017:21:32:09 +0100] "GET /new/sites/default/themes/nosza/images/publikaciokBg.jpg HTTP/1.1" 200 21084 "http://www.nosza.hu/new/sites/default/themes/nosza/css/nosza.css?L" "Mozilla/5.0 (Windows NT 10.0; Win64; x64) AppleWebKit/537.36 (KHTML, like Gecko) Chrome/56.0.2924.87 Safari/537.36"
217.173.47.68 - - [08/Mar/2017:21:32:09 +0100] "GET /new/sites/default/themes/nosza/images/h3Bg.png HTTP/1.1" 200 323 "http://www.nosza.hu/new/sites/default/themes/nosza/css/nosza.css?L" "Mozilla/5.0 (Windows NT 10.0; Win64; x64) AppleWebKit/537.36 (KHTML, like Gecko) Chrome/56.0.2924.87 Safari/537.36"
217.173.47.68 - - [08/Mar/2017:21:32:09 +0100] "GET /new/sites/default/themes/nosza/images/datumBg.png HTTP/1.1" 200 561 "http://www.nosza.hu/new/sites/default/themes/nosza/css/nosza.css?L" "Mozilla/5.0 (Windows NT 10.0; Win64; x64) AppleWebKit/537.36 (KHTML, like Gecko) Chrome/56.0.2924.87 Safari/537.36"
217.173.47.68 - - [08/Mar/2017:21:32:09 +0100] "GET /new/sites/default/themes/nosza/images/akualitasBg.jpg HTTP/1.1" 200 26955 "http://www.nosza.hu/new/sites/default/themes/nosza/css/nosza.css?L" "Mozilla/5.0 (Windows NT 10.0; Win64; x64) AppleWebKit/537.36 (KHTML, like Gecko) Chrome/56.0.2924.87 Safari/537.36"
217.173.47.68 - - [08/Mar/2017:21:32:09 +0100] "GET /new/sites/default/themes/nosza/images/footerBg.jpg HTTP/1.1" 200 1097 "http://www.nosza.hu/new/sites/default/themes/nosza/css/nosza.css?L" "Mozilla/5.0 (Windows NT 10.0; Win64; x64) AppleWebKit/537.36 (KHTML, like Gecko) Chrome/56.0.2924.87 Safari/537.36"
217.173.47.68 - - [08/Mar/2017:21:32:09 +0100] "GET /new/sites/default/themes/nosza/images/dossziekBg.jpg HTTP/1.1" 200 25230 "http://www.nosza.hu/new/sites/default/themes/nosza/css/nosza.css?L" "Mozilla/5.0 (Windows NT 10.0; Win64; x64) AppleWebKit/537.36 (KHTML, like Gecko) Chrome/56.0.2924.87 Safari/537.36"
217.173.47.68 - - [08/Mar/2017:21:32:16 +0100] "GET /kutat/REVkutatas/index.html HTTP/1.1" 200 13447 "http://www.nosza.hu/kutat/REVkutatas/2menedzsment/index.html" "Mozilla/5.0 (Windows NT 10.0; Win64; x64) AppleWebKit/537.36 (KHTML, like Gecko) Chrome/56.0.2924.87 Safari/537.36"
104.197.241.64 - - [08/Mar/2017:21:41:52 +0100] "GET /robots.txt HTTP/1.1" 404 1181 "-" "ltx71 - (http://ltx71.com/)"
40.77.167.76 - - [08/Mar/2017:21:44:05 +0100] "GET /aktualis/onfoglalkoztatas/index.html HTTP/1.1" 200 77025 "-" "msnbot-media/1.1 (+http://search.msn.com/msnbot.htm)"
134.255.58.121 - - [08/Mar/2017:21:46:59 +0100] "GET /kutat/REVkutatas/3gazdalkodas/ HTTP/1.1" 200 88137 "https://www.google.hu/" "Mozilla/5.0 (Windows NT 10.0; Win64; x64) AppleWebKit/537.36 (KHTML, like Gecko) Chrome/56.0.2924.87 Safari/537.36"
134.255.58.121 - - [08/Mar/2017:21:46:59 +0100] "GET /galateia.css HTTP/1.1" 200 1717 "http://www.nosza.hu/kutat/REVkutatas/3gazdalkodas/" "Mozilla/5.0 (Windows NT 10.0; Win64; x64) AppleWebKit/537.36 (KHTML, like Gecko) Chrome/56.0.2924.87 Safari/537.36"
134.255.58.121 - - [08/Mar/2017:21:46:59 +0100] "GET /graphics/noszalogo.gif HTTP/1.1" 200 6797 "http://www.nosza.hu/kutat/REVkutatas/3gazdalkodas/" "Mozilla/5.0 (Windows NT 10.0; Win64; x64) AppleWebKit/537.36 (KHTML, like Gecko) Chrome/56.0.2924.87 Safari/537.36"
134.255.58.121 - - [08/Mar/2017:21:46:59 +0100] "GET /graphics/galas.gif HTTP/1.1" 200 913 "http://www.nosza.hu/kutat/REVkutatas/3gazdalkodas/" "Mozilla/5.0 (Windows NT 10.0; Win64; x64) AppleWebKit/537.36 (KHTML, like Gecko) Chrome/56.0.2924.87 Safari/537.36"
134.255.58.121 - - [08/Mar/2017:21:46:59 +0100] "GET /favicon.ico HTTP/1.1" 404 1181 "http://www.nosza.hu/kutat/REVkutatas/3gazdalkodas/" "Mozilla/5.0 (Windows NT 10.0; Win64; x64) AppleWebKit/537.36 (KHTML, like Gecko) Chrome/56.0.2924.87 Safari/537.36"
77.75.79.109 - - [08/Mar/2017:21:49:36 +0100] "GET /robots.txt HTTP/1.1" 404 1181 "-" "Mozilla/5.0 (compatible; SeznamBot/3.2; +http://napoveda.seznam.cz/en/seznambot-intro/)"
77.75.79.109 - - [08/Mar/2017:21:49:38 +0100] "GET /new/en/news/2009 HTTP/1.1" 200 8116 "-" "Mozilla/5.0 (compatible; SeznamBot/3.2; +http://napoveda.seznam.cz/en/seznambot-intro/)"
52.3.105.23 - - [08/Mar/2017:22:05:20 +0100] "GET /robots.txt HTTP/1.1" 404 1181 "-" "ltx71 - (http://ltx71.com/)"
52.3.105.23 - - [08/Mar/2017:22:05:55 +0100] "GET / HTTP/1.1" 200 1010 "-" "ltx71 - (http://ltx71.com/)"
130.193.51.56 - - [08/Mar/2017:22:09:30 +0100] "GET /robots.txt HTTP/1.1" 404 1181 "-" "Mozilla/5.0 (compatible; YandexBot/3.0; +http://yandex.com/bots)"
130.193.51.56 - - [08/Mar/2017:22:09:34 +0100] "GET /favicon.ico HTTP/1.1" 404 1181 "-" "Mozilla/5.0 (compatible; YandexBot/3.0; +http://yandex.com/bots)"
66.249.73.143 - - [08/Mar/2017:22:12:48 +0100] "GET /galateia.css HTTP/1.1" 200 1717 "http://www.nosza.hu/aktualis/1gyikNCA/elektor/" "Mozilla/5.0 (compatible; Googlebot/2.1; +http://www.google.com/bot.html)"
52.3.105.23 - - [08/Mar/2017:22:23:41 +0100] "GET /robots.txt HTTP/1.1" 404 1181 "-" "ltx71 - (http://ltx71.com/)"
52.3.105.23 - - [08/Mar/2017:22:25:09 +0100] "GET / HTTP/1.1" 200 1010 "-" "ltx71 - (http://ltx71.com/)"
157.55.39.218 - - [08/Mar/2017:22:29:53 +0100] "GET /aktualis/ajogisegitseg/index.html HTTP/1.1" 200 395762 "-" "Mozilla/5.0 (iPhone; CPU iPhone OS 7_0 like Mac OS X) AppleWebKit/537.51.1 (KHTML, like Gecko) Version/7.0 Mobile/11A465 Safari/9537.53 (compatible; bingbot/2.0; +http://www.bing.com/bingbot.htm)"
109.133.72.107 - - [08/Mar/2017:22:57:27 +0100] "GET /kutat/REVkutatas/3gazdalkodas/ HTTP/1.1" 200 88137 "https://www.google.be/" "Mozilla/5.0 (Windows NT 6.1; rv:51.0) Gecko/20100101 Firefox/51.0"
109.133.72.107 - - [08/Mar/2017:22:57:27 +0100] "GET /galateia.css HTTP/1.1" 200 1717 "http://www.nosza.hu/kutat/REVkutatas/3gazdalkodas/" "Mozilla/5.0 (Windows NT 6.1; rv:51.0) Gecko/20100101 Firefox/51.0"
109.133.72.107 - - [08/Mar/2017:22:57:27 +0100] "GET /graphics/noszalogo.gif HTTP/1.1" 200 6797 "http://www.nosza.hu/kutat/REVkutatas/3gazdalkodas/" "Mozilla/5.0 (Windows NT 6.1; rv:51.0) Gecko/20100101 Firefox/51.0"
109.133.72.107 - - [08/Mar/2017:22:57:29 +0100] "GET /graphics/galas.gif HTTP/1.1" 200 913 "http://www.nosza.hu/kutat/REVkutatas/3gazdalkodas/" "Mozilla/5.0 (Windows NT 6.1; rv:51.0) Gecko/20100101 Firefox/51.0"
109.133.72.107 - - [08/Mar/2017:22:57:36 +0100] "GET /favicon.ico HTTP/1.1" 404 1181 "-" "Mozilla/5.0 (Windows NT 6.1; rv:51.0) Gecko/20100101 Firefox/51.0"
109.133.72.107 - - [08/Mar/2017:22:57:36 +0100] "GET /favicon.ico HTTP/1.1" 404 1181 "-" "Mozilla/5.0 (Windows NT 6.1; rv:51.0) Gecko/20100101 Firefox/51.0"
46.229.164.101 - - [08/Mar/2017:22:58:36 +0100] "GET /robots.txt HTTP/1.1" 404 1181 "-" "Mozilla/5.0 (compatible; SemrushBot/1.2~bl; +http://www.semrush.com/bot.html)"
141.0.14.93 - - [08/Mar/2017:23:22:17 +0100] "GET /aktualis/1gyikNCA/elektor/index.html HTTP/1.1" 200 26380 "-" "Opera/9.80 (Android; Opera Mini/21.0.2254/58.167; U; hu) Presto/2.12.423 Version/12.16"
141.0.14.93 - - [08/Mar/2017:23:22:17 +0100] "GET /galateia.css HTTP/1.1" 200 1717 "http://nosza.hu/aktualis/1gyikNCA/elektor/index.html" "Opera/9.80 (Android; Opera Mini/21.0.2254/58.167; U; hu) Presto/2.12.423 Version/12.16"
141.0.14.93 - - [08/Mar/2017:23:22:17 +0100] "GET /favicon.ico HTTP/1.1" 404 1181 "http://nosza.hu/aktualis/1gyikNCA/elektor/index.html" "Opera/9.80 (Android; Opera Mini/21.0.2254/58.167; U; hu) Presto/2.12.423 Version/12.16"
141.0.14.93 - - [08/Mar/2017:23:22:17 +0100] "GET /graphics/noszalogo.gif HTTP/1.1" 200 6797 "http://nosza.hu/aktualis/1gyikNCA/elektor/index.html" "Opera/9.80 (Android; Opera Mini/21.0.2254/58.167; U; hu) Presto/2.12.423 Version/12.16"
141.0.14.93 - - [08/Mar/2017:23:22:17 +0100] "GET /graphics/galas.gif HTTP/1.1" 200 913 "http://nosza.hu/aktualis/1gyikNCA/elektor/index.html" "Opera/9.80 (Android; Opera Mini/21.0.2254/58.167; U; hu) Presto/2.12.423 Version/12.16"
157.55.39.78 - - [08/Mar/2017:23:28:58 +0100] "GET /new/dossziek/Teszt%20dosszi%C3%83%C2%A9 HTTP/1.1" 200 7627 "-" "msnbot-media/1.1 (+http://search.msn.com/msnbot.htm)"
104.197.241.64 - - [08/Mar/2017:23:32:33 +0100] "GET /robots.txt HTTP/1.1" 404 1181 "-" "ltx71 - (http://ltx71.com/)"
37.115.191.193 - - [08/Mar/2017:23:33:48 +0100] "GET /new/en/news/henceforth-nosza-association-proud-member-freedom-information-advocates-network-foianet/ HTTP/1.1" 200 8098 "http://fable.in.ua/" "Mozilla/4.0 (compatible; MSIE 6.0; AOL 9.0; Windows NT 5.1)"
37.115.191.193 - - [08/Mar/2017:23:33:48 +0100] "GET /new/en/news/henceforth-nosza-association-proud-member-freedom-information-advocates-network-foianet/ HTTP/1.1" 200 8098 "http://fable.in.ua/" "Mozilla/4.0 (compatible; MSIE 6.0; AOL 9.0; Windows NT 5.1)"
37.115.191.193 - - [08/Mar/2017:23:33:50 +0100] "GET /new/en/news/henceforth-nosza-association-proud-member-freedom-information-advocates-network-foianet/ HTTP/1.1" 200 8098 "http://fable.in.ua/" "Mozilla/4.0 (compatible; MSIE 6.0; AOL 9.0; Windows NT 5.1)"
104.197.241.64 - - [08/Mar/2017:23:34:04 +0100] "GET /kutat/REVkutatas/1gazdasag/index.html HTTP/1.1" 200 89032 "-" "ltx71 - (http://ltx71.com/)"
62.212.73.211 - - [08/Mar/2017:23:38:15 +0100] "GET /robots.txt HTTP/1.1" 404 1181 "-" "Mozilla/5.0 (compatible; MJ12bot/v1.4.8; http://mj12bot.com/)"
62.212.73.211 - - [08/Mar/2017:23:38:23 +0100] "GET / HTTP/1.1" 200 1010 "-" "Mozilla/5.0 (compatible; MJ12bot/v1.4.8; http://mj12bot.com/)"
46.118.159.223 - - [09/Mar/2017:00:24:25 +0100] "GET /new/en/news/henceforth-nosza-association-proud-member-freedom-information-advocates-network-foianet/ HTTP/1.1" 200 8098 "http://expertblog.info/" "Mozilla/4.0 (compatible; MSIE 6.0; Windows NT 5.1; MyIE2; Deepnet Explorer)"
46.118.159.223 - - [09/Mar/2017:00:24:25 +0100] "GET /new/en/news/henceforth-nosza-association-proud-member-freedom-information-advocates-network-foianet/ HTTP/1.1" 200 8098 "http://expertblog.info/" "Mozilla/4.0 (compatible; MSIE 6.0; Windows NT 5.1; MyIE2; Deepnet Explorer)"
40.77.167.76 - - [09/Mar/2017:00:29:00 +0100] "GET /aktualis/index.html HTTP/1.1" 200 63144 "-" "Mozilla/5.0 (iPhone; CPU iPhone OS 7_0 like Mac OS X) AppleWebKit/537.51.1 (KHTML, like Gecko) Version/7.0 Mobile/11A465 Safari/9537.53 (compatible; bingbot/2.0; +http://www.bing.com/bingbot.htm)"
40.77.167.76 - - [09/Mar/2017:00:35:22 +0100] "GET /new/hirek/publikaciok?page=1 HTTP/1.1" 200 12311 "-" "Mozilla/5.0 (compatible; bingbot/2.0; +http://www.bing.com/bingbot.htm)"
157.55.39.78 - - [09/Mar/2017:01:16:00 +0100] "GET /index.html HTTP/1.1" 200 1010 "-" "Mozilla/5.0 (compatible; bingbot/2.0; +http://www.bing.com/bingbot.htm)"
157.55.39.78 - - [09/Mar/2017:01:16:01 +0100] "GET /konferenciak/041memo/index.html HTTP/1.1" 200 34889 "-" "Mozilla/5.0 (compatible; bingbot/2.0; +http://www.bing.com/bingbot.htm)"
157.55.39.78 - - [09/Mar/2017:01:16:02 +0100] "GET /aktualis/108autopalya/index.html HTTP/1.1" 200 7574 "-" "Mozilla/5.0 (compatible; bingbot/2.0; +http://www.bing.com/bingbot.htm)"
157.55.39.78 - - [09/Mar/2017:01:16:02 +0100] "GET /aktualis/NCA/index.html HTTP/1.1" 200 50805 "-" "Mozilla/5.0 (compatible; bingbot/2.0; +http://www.bing.com/bingbot.htm)"
157.55.39.78 - - [09/Mar/2017:01:16:03 +0100] "GET /3kutat/NOSZA2002/ HTTP/1.1" 200 23392 "-" "Mozilla/5.0 (compatible; bingbot/2.0; +http://www.bing.com/bingbot.htm)"
157.55.39.78 - - [09/Mar/2017:01:16:03 +0100] "GET /kutat/REVkutatas/1gazdasag/ HTTP/1.1" 200 89032 "-" "Mozilla/5.0 (compatible; bingbot/2.0; +http://www.bing.com/bingbot.htm)"
157.55.39.78 - - [09/Mar/2017:01:16:05 +0100] "GET /new/hirek/nosza-egyes%C3%BClet-%C3%A9s-f%C3%BCggetlen-m%C3%A9diak%C3%B6zpont-sikeres-p%C3%A1ly%C3%A1zatott-ny%C3%BAjtott-be-norv%C3%A9g-civil-t%C3%A1mogat HTTP/1.1" 200 9153 "-" "Mozilla/5.0 (compatible; bingbot/2.0; +http://www.bing.com/bingbot.htm)"
157.55.39.218 - - [09/Mar/2017:01:16:08 +0100] "GET /aktualis/104eitv/index.html HTTP/1.1" 200 94846 "-" "Mozilla/5.0 (compatible; bingbot/2.0; +http://www.bing.com/bingbot.htm)"
157.55.39.218 - - [09/Mar/2017:01:16:08 +0100] "GET /konferenciak/07egszbbesz/index.html HTTP/1.1" 200 21734 "-" "Mozilla/5.0 (compatible; bingbot/2.0; +http://www.bing.com/bingbot.htm)"
157.55.39.218 - - [09/Mar/2017:01:16:09 +0100] "GET /konferenciak/11fmm/index.html HTTP/1.1" 200 13356 "-" "Mozilla/5.0 (compatible; bingbot/2.0; +http://www.bing.com/bingbot.htm)"
157.55.39.218 - - [09/Mar/2017:01:16:09 +0100] "GET /konferenciak/1fmm/index.html HTTP/1.1" 200 13494 "-" "Mozilla/5.0 (compatible; bingbot/2.0; +http://www.bing.com/bingbot.htm)"
157.55.39.218 - - [09/Mar/2017:01:16:09 +0100] "GET /konferenciak/2konferencia/index.html HTTP/1.1" 200 7142 "-" "Mozilla/5.0 (compatible; bingbot/2.0; +http://www.bing.com/bingbot.htm)"
157.55.39.218 - - [09/Mar/2017:01:16:10 +0100] "GET /konferenciak/konferencia3/index.html HTTP/1.1" 200 25940 "-" "Mozilla/5.0 (compatible; bingbot/2.0; +http://www.bing.com/bingbot.htm)"
157.55.39.218 - - [09/Mar/2017:01:16:10 +0100] "GET /JMCS/memo/02/index.html HTTP/1.1" 200 50878 "-" "Mozilla/5.0 (compatible; bingbot/2.0; +http://www.bing.com/bingbot.htm)"
157.55.39.218 - - [09/Mar/2017:01:16:10 +0100] "GET /3kutat/NOSZA2002/index.html HTTP/1.1" 200 23392 "-" "Mozilla/5.0 (compatible; bingbot/2.0; +http://www.bing.com/bingbot.htm)"
157.55.39.218 - - [09/Mar/2017:01:16:11 +0100] "GET /aktualis/106GSZTcivil/index.html HTTP/1.1" 200 24702 "-" "Mozilla/5.0 (compatible; bingbot/2.0; +http://www.bing.com/bingbot.htm)"
157.55.39.218 - - [09/Mar/2017:01:16:13 +0100] "GET /aktualis/ajogisegitseg/index.html HTTP/1.1" 200 395762 "-" "Mozilla/5.0 (compatible; bingbot/2.0; +http://www.bing.com/bingbot.htm)"
157.55.39.218 - - [09/Mar/2017:01:16:14 +0100] "GET /aktualis/onkentes/index.html HTTP/1.1" 200 26445 "-" "Mozilla/5.0 (compatible; bingbot/2.0; +http://www.bing.com/bingbot.htm)"
157.55.39.218 - - [09/Mar/2017:01:16:15 +0100] "GET /new/publikaciok/dossziek HTTP/1.1" 200 7900 "-" "Mozilla/5.0 (compatible; bingbot/2.0; +http://www.bing.com/bingbot.htm)"
157.55.39.218 - - [09/Mar/2017:01:16:16 +0100] "GET /new/projektek/hirek HTTP/1.1" 200 8354 "-" "Mozilla/5.0 (compatible; bingbot/2.0; +http://www.bing.com/bingbot.htm)"
157.55.39.218 - - [09/Mar/2017:01:16:18 +0100] "GET /new/hirek/dossziek?page=1 HTTP/1.1" 200 12246 "-" "Mozilla/5.0 (compatible; bingbot/2.0; +http://www.bing.com/bingbot.htm)"
157.55.39.218 - - [09/Mar/2017:01:16:20 +0100] "GET /new/hirek/2009 HTTP/1.1" 200 16410 "-" "Mozilla/5.0 (compatible; bingbot/2.0; +http://www.bing.com/bingbot.htm)"
40.77.167.32 - - [09/Mar/2017:01:16:34 +0100] "GET /halozatok/kerekasztal/index.html HTTP/1.1" 200 13131 "-" "Mozilla/5.0 (compatible; bingbot/2.0; +http://www.bing.com/bingbot.htm)"
40.77.167.32 - - [09/Mar/2017:01:16:35 +0100] "GET /JMCS/memo/09/index.html HTTP/1.1" 200 41859 "-" "Mozilla/5.0 (compatible; bingbot/2.0; +http://www.bing.com/bingbot.htm)"
40.77.167.32 - - [09/Mar/2017:01:16:35 +0100] "GET /konferenciak/042memo/index.html HTTP/1.1" 200 15379 "-" "Mozilla/5.0 (compatible; bingbot/2.0; +http://www.bing.com/bingbot.htm)"
40.77.167.32 - - [09/Mar/2017:01:16:36 +0100] "GET /aktualis/105onk/index.html HTTP/1.1" 200 65506 "-" "Mozilla/5.0 (compatible; bingbot/2.0; +http://www.bing.com/bingbot.htm)"
40.77.167.32 - - [09/Mar/2017:01:16:36 +0100] "GET /angol/index.html HTTP/1.1" 200 13458 "-" "Mozilla/5.0 (compatible; bingbot/2.0; +http://www.bing.com/bingbot.htm)"
40.77.167.32 - - [09/Mar/2017:01:16:38 +0100] "GET /new/projektek/Menedzsment%20tr%C3%A9ning HTTP/1.1" 200 9046 "-" "Mozilla/5.0 (compatible; bingbot/2.0; +http://www.bing.com/bingbot.htm)"
40.77.167.32 - - [09/Mar/2017:01:16:40 +0100] "GET /new/magunkrol/tagjaink HTTP/1.1" 200 17173 "-" "Mozilla/5.0 (compatible; bingbot/2.0; +http://www.bing.com/bingbot.htm)"
40.77.167.32 - - [09/Mar/2017:01:16:40 +0100] "GET /halozatok/JMCS/tagok/index.html HTTP/1.1" 200 65034 "-" "Mozilla/5.0 (compatible; bingbot/2.0; +http://www.bing.com/bingbot.htm)"
40.77.167.32 - - [09/Mar/2017:01:16:42 +0100] "GET /new/en/about_us/financial_reports HTTP/1.1" 200 8242 "-" "Mozilla/5.0 (compatible; bingbot/2.0; +http://www.bing.com/bingbot.htm)"
40.77.167.32 - - [09/Mar/2017:01:16:43 +0100] "GET /new/dossziek/Teszt%20dosszi%C3%A9 HTTP/1.1" 200 7649 "-" "Mozilla/5.0 (compatible; bingbot/2.0; +http://www.bing.com/bingbot.htm)"
157.55.39.78 - - [09/Mar/2017:01:36:18 +0100] "GET /aktualis/eselyegyenloseg/index.html HTTP/1.1" 200 7557 "-" "Mozilla/5.0 (iPhone; CPU iPhone OS 7_0 like Mac OS X) AppleWebKit/537.51.1 (KHTML, like Gecko) Version/7.0 Mobile/11A465 Safari/9537.53 (compatible; bingbot/2.0; +http://www.bing.com/bingbot.htm)"
157.55.39.147 - - [09/Mar/2017:02:39:39 +0100] "GET /kutat/REVkutatas/1gazdasag/ HTTP/1.1" 200 89032 "-" "Mozilla/5.0 (compatible; bingbot/2.0; +http://www.bing.com/bingbot.htm)"
104.197.241.64 - - [09/Mar/2017:02:55:04 +0100] "GET /robots.txt HTTP/1.1" 404 1181 "-" "ltx71 - (http://ltx71.com/)"
104.197.241.64 - - [09/Mar/2017:02:59:09 +0100] "GET /robots.txt HTTP/1.1" 404 1181 "-" "ltx71 - (http://ltx71.com/)"
104.197.241.64 - - [09/Mar/2017:03:00:32 +0100] "GET / HTTP/1.1" 200 1010 "-" "ltx71 - (http://ltx71.com/)"
207.46.13.222 - - [09/Mar/2017:03:31:59 +0100] "GET /robots.txt HTTP/1.1" 404 1181 "-" "Mozilla/5.0 (compatible; bingbot/2.0; +http://www.bing.com/bingbot.htm)"
40.77.167.76 - - [09/Mar/2017:03:32:10 +0100] "GET /new/sites/default/files/onkentesseg.pdf HTTP/1.1" 404 7142 "-" "Mozilla/5.0 (iPhone; CPU iPhone OS 7_0 like Mac OS X) AppleWebKit/537.51.1 (KHTML, like Gecko) Version/7.0 Mobile/11A465 Safari/9537.53 (compatible; bingbot/2.0; +http://www.bing.com/bingbot.htm)"
40.77.167.76 - - [09/Mar/2017:03:32:20 +0100] "GET /new/sites/default/files/onkentesseg.pdf HTTP/1.1" 404 7142 "-" "Mozilla/5.0 (iPhone; CPU iPhone OS 7_0 like Mac OS X) AppleWebKit/537.51.1 (KHTML, like Gecko) Version/7.0 Mobile/11A465 Safari/9537.53 (compatible; bingbot/2.0; +http://www.bing.com/bingbot.htm)"
40.77.167.76 - - [09/Mar/2017:03:32:30 +0100] "GET /new/sites/default/files/onkentesseg.pdf HTTP/1.1" 404 7142 "-" "Mozilla/5.0 (iPhone; CPU iPhone OS 7_0 like Mac OS X) AppleWebKit/537.51.1 (KHTML, like Gecko) Version/7.0 Mobile/11A465 Safari/9537.53 (compatible; bingbot/2.0; +http://www.bing.com/bingbot.htm)"
40.77.167.76 - - [09/Mar/2017:03:32:36 +0100] "GET /new/sites/default/files/onkentesseg.pdf HTTP/1.1" 404 7142 "-" "Mozilla/5.0 (iPhone; CPU iPhone OS 7_0 like Mac OS X) AppleWebKit/537.51.1 (KHTML, like Gecko) Version/7.0 Mobile/11A465 Safari/9537.53 (compatible; bingbot/2.0; +http://www.bing.com/bingbot.htm)"
40.77.167.76 - - [09/Mar/2017:03:37:51 +0100] "GET /new/hirek/k%C3%A9pz%C3%A9si-anyag-civil-szerveztek-m%C5%B1k%C3%B6d%C3%A9s%C3%A9nek-t%C3%A1mogat%C3%A1s%C3%A1ra HTTP/1.1" 200 8656 "-" "msnbot-media/1.1 (+http://search.msn.com/msnbot.htm)"
157.55.39.147 - - [09/Mar/2017:03:43:07 +0100] "GET /kiss.dbk.pdf HTTP/1.1" 200 146575 "-" "Mozilla/5.0 (iPhone; CPU iPhone OS 7_0 like Mac OS X) AppleWebKit/537.51.1 (KHTML, like Gecko) Version/7.0 Mobile/11A465 Safari/9537.53 (compatible; bingbot/2.0; +http://www.bing.com/bingbot.htm)"
157.55.39.147 - - [09/Mar/2017:03:48:48 +0100] "GET /3kutat/NOSZA2002/ HTTP/1.1" 200 23392 "-" "Mozilla/5.0 (iPhone; CPU iPhone OS 7_0 like Mac OS X) AppleWebKit/537.51.1 (KHTML, like Gecko) Version/7.0 Mobile/11A465 Safari/9537.53 (compatible; bingbot/2.0; +http://www.bing.com/bingbot.htm)"
207.46.13.162 - - [09/Mar/2017:04:01:07 +0100] "GET /new/en/about_us/members HTTP/1.1" 200 7939 "-" "msnbot-media/1.1 (+http://search.msn.com/msnbot.htm)"
66.249.73.151 - - [09/Mar/2017:04:01:10 +0100] "GET /new/hirek HTTP/1.1" 200 16416 "-" "Mozilla/5.0 (compatible; Googlebot/2.1; +http://www.google.com/bot.html)"
66.249.73.143 - - [09/Mar/2017:04:12:13 +0100] "GET /new/magunkrol HTTP/1.1" 200 8302 "-" "Mozilla/5.0 (compatible; Googlebot/2.1; +http://www.google.com/bot.html)"
66.249.73.143 - - [09/Mar/2017:04:28:54 +0100] "GET /new/publikaciok/2007 HTTP/1.1" 200 8499 "-" "Mozilla/5.0 (compatible; Googlebot/2.1; +http://www.google.com/bot.html)"
66.249.73.143 - - [09/Mar/2017:04:39:48 +0100] "GET /robots.txt HTTP/1.1" 404 1181 "-" "Mozilla/5.0 (compatible; Googlebot/2.1; +http://www.google.com/bot.html)"
66.249.73.151 - - [09/Mar/2017:04:39:49 +0100] "GET /new/publikaciok/2008 HTTP/1.1" 200 9672 "-" "Mozilla/5.0 (compatible; Googlebot/2.1; +http://www.google.com/bot.html)"
207.46.13.162 - - [09/Mar/2017:04:41:27 +0100] "GET /JMCS/memo/10/index.html HTTP/1.1" 200 48175 "-" "Mozilla/5.0 (iPhone; CPU iPhone OS 7_0 like Mac OS X) AppleWebKit/537.51.1 (KHTML, like Gecko) Version/7.0 Mobile/11A465 Safari/9537.53 (compatible; bingbot/2.0; +http://www.bing.com/bingbot.htm)"
66.249.73.151 - - [09/Mar/2017:04:45:31 +0100] "GET /new/magunkrol/tamogatoink HTTP/1.1" 200 10866 "-" "Mozilla/5.0 (compatible; Googlebot/2.1; +http://www.google.com/bot.html)"
8.29.198.26 - - [09/Mar/2017:04:58:43 +0100] "GET /new/rss.xml HTTP/1.1" 200 15871 "-" "Feedly/1.0 (+http://www.feedly.com/fetcher.html; like FeedFetcher-Google)"
66.249.73.143 - - [09/Mar/2017:05:01:20 +0100] "GET /new/content/civil-szervezeti-l%C3%A9t-r%C3%A9gi-%C3%A9s-%C3%BAj-kih%C3%ADv%C3%A1sai HTTP/1.1" 200 8895 "-" "Mozilla/5.0 (compatible; Googlebot/2.1; +http://www.google.com/bot.html)"
52.3.127.144 - - [09/Mar/2017:05:11:35 +0100] "GET /robots.txt HTTP/1.1" 404 1181 "-" "ltx71 - (http://ltx71.com/)"
52.3.127.144 - - [09/Mar/2017:05:11:53 +0100] "GET /new/en/publications HTTP/1.1" 200 7674 "-" "ltx71 - (http://ltx71.com/)"
66.249.73.143 - - [09/Mar/2017:05:12:00 +0100] "GET /new/hirek/nosza-egyes%C3%BClet-m%C3%A1t%C3%B3l-hivatalosan-freedom-information-advocates-network-foianet-tagja HTTP/1.1" 200 8671 "-" "Mozilla/5.0 (compatible; Googlebot/2.1; +http://www.google.com/bot.html)"
40.77.167.76 - - [09/Mar/2017:05:12:22 +0100] "GET /new/magunkrol/partnereink HTTP/1.1" 200 11249 "-" "msnbot-media/1.1 (+http://search.msn.com/msnbot.htm)"
40.77.167.76 - - [09/Mar/2017:05:25:54 +0100] "GET /3kutat/REVkutatas/3gazdalkodas/index.html HTTP/1.1" 200 88272 "-" "Mozilla/5.0 (iPhone; CPU iPhone OS 7_0 like Mac OS X) AppleWebKit/537.51.1 (KHTML, like Gecko) Version/7.0 Mobile/11A465 Safari/9537.53 (compatible; bingbot/2.0; +http://www.bing.com/bingbot.htm)"
207.46.13.162 - - [09/Mar/2017:05:29:05 +0100] "GET /galateia.css HTTP/1.1" 200 1717 "-" "Mozilla/5.0 (compatible; bingbot/2.0; +http://www.bing.com/bingbot.htm)"
207.46.13.162 - - [09/Mar/2017:05:56:44 +0100] "GET /new/en/about_us/members HTTP/1.1" 200 7939 "-" "Mozilla/5.0 (iPhone; CPU iPhone OS 7_0 like Mac OS X) AppleWebKit/537.51.1 (KHTML, like Gecko) Version/7.0 Mobile/11A465 Safari/9537.53 (compatible; bingbot/2.0; +http://www.bing.com/bingbot.htm)"
207.46.13.162 - - [09/Mar/2017:05:56:52 +0100] "GET /new/modules/system/defaults.css?L HTTP/1.1" 200 757 "-" "Mozilla/5.0 (iPhone; CPU iPhone OS 7_0 like Mac OS X) AppleWebKit/537.51.1 (KHTML, like Gecko) Version/7.0 Mobile/11A465 Safari/9537.53 (compatible; bingbot/2.0; +http://www.bing.com/bingbot.htm)"
207.46.13.162 - - [09/Mar/2017:05:56:52 +0100] "GET /new/sites/all/modules/cck/modules/fieldgroup/fieldgroup.css?L HTTP/1.1" 200 166 "-" "Mozilla/5.0 (iPhone; CPU iPhone OS 7_0 like Mac OS X) AppleWebKit/537.51.1 (KHTML, like Gecko) Version/7.0 Mobile/11A465 Safari/9537.53 (compatible; bingbot/2.0; +http://www.bing.com/bingbot.htm)"
207.46.13.162 - - [09/Mar/2017:05:56:52 +0100] "GET /new/sites/all/modules/cck/theme/content-module.css?L HTTP/1.1" 200 2397 "-" "Mozilla/5.0 (iPhone; CPU iPhone OS 7_0 like Mac OS X) AppleWebKit/537.51.1 (KHTML, like Gecko) Version/7.0 Mobile/11A465 Safari/9537.53 (compatible; bingbot/2.0; +http://www.bing.com/bingbot.htm)"
207.46.13.162 - - [09/Mar/2017:05:56:53 +0100] "GET /new/sites/default/themes/nosza/css/menu_style.css HTTP/1.1" 200 4749 "-" "Mozilla/5.0 (iPhone; CPU iPhone OS 7_0 like Mac OS X) AppleWebKit/537.51.1 (KHTML, like Gecko) Version/7.0 Mobile/11A465 Safari/9537.53 (compatible; bingbot/2.0; +http://www.bing.com/bingbot.htm)"
40.77.167.76 - - [09/Mar/2017:05:56:56 +0100] "GET /new/sites/default/themes/nosza/print.css?L HTTP/1.1" 200 1247 "-" "Mozilla/5.0 (iPhone; CPU iPhone OS 7_0 like Mac OS X) AppleWebKit/537.51.1 (KHTML, like Gecko) Version/7.0 Mobile/11A465 Safari/9537.53 (compatible; bingbot/2.0; +http://www.bing.com/bingbot.htm)"
157.55.39.147 - - [09/Mar/2017:05:57:20 +0100] "GET /robots.txt HTTP/1.1" 404 1181 "-" "Mozilla/5.0 (compatible; bingbot/2.0; +http://www.bing.com/bingbot.htm)"
157.55.39.147 - - [09/Mar/2017:05:57:20 +0100] "GET /robots.txt HTTP/1.1" 404 1181 "-" "Mozilla/5.0 (compatible; bingbot/2.0; +http://www.bing.com/bingbot.htm)"
157.55.39.147 - - [09/Mar/2017:05:57:20 +0100] "GET /robots.txt HTTP/1.1" 404 1181 "-" "Mozilla/5.0 (compatible; bingbot/2.0; +http://www.bing.com/bingbot.htm)"
157.55.39.147 - - [09/Mar/2017:05:57:20 +0100] "GET /robots.txt HTTP/1.1" 404 1181 "-" "Mozilla/5.0 (compatible; bingbot/2.0; +http://www.bing.com/bingbot.htm)"
157.55.39.147 - - [09/Mar/2017:05:57:20 +0100] "GET /robots.txt HTTP/1.1" 404 1181 "-" "Mozilla/5.0 (compatible; bingbot/2.0; +http://www.bing.com/bingbot.htm)"
157.55.39.147 - - [09/Mar/2017:05:57:20 +0100] "GET /robots.txt HTTP/1.1" 404 1181 "-" "Mozilla/5.0 (compatible; bingbot/2.0; +http://www.bing.com/bingbot.htm)"
157.55.39.147 - - [09/Mar/2017:05:57:20 +0100] "GET /robots.txt HTTP/1.1" 404 1181 "-" "Mozilla/5.0 (compatible; bingbot/2.0; +http://www.bing.com/bingbot.htm)"
157.55.39.147 - - [09/Mar/2017:05:57:20 +0100] "GET /new/modules/filefield/filefield.css?L HTTP/1.1" 200 1986 "-" "Mozilla/5.0 (iPhone; CPU iPhone OS 7_0 like Mac OS X) AppleWebKit/537.51.1 (KHTML, like Gecko) Version/7.0 Mobile/11A465 Safari/9537.53 (compatible; bingbot/2.0; +http://www.bing.com/bingbot.htm)"
157.55.39.147 - - [09/Mar/2017:05:57:21 +0100] "GET /new/modules/system/system.css?L HTTP/1.1" 200 10020 "-" "Mozilla/5.0 (iPhone; CPU iPhone OS 7_0 like Mac OS X) AppleWebKit/537.51.1 (KHTML, like Gecko) Version/7.0 Mobile/11A465 Safari/9537.53 (compatible; bingbot/2.0; +http://www.bing.com/bingbot.htm)"
157.55.39.147 - - [09/Mar/2017:05:57:21 +0100] "GET /new/sites/default/themes/nosza/css/nosza.css?L HTTP/1.1" 200 10555 "-" "Mozilla/5.0 (iPhone; CPU iPhone OS 7_0 like Mac OS X) AppleWebKit/537.51.1 (KHTML, like Gecko) Version/7.0 Mobile/11A465 Safari/9537.53 (compatible; bingbot/2.0; +http://www.bing.com/bingbot.htm)"
207.46.13.40 - - [09/Mar/2017:05:58:10 +0100] "GET /new/modules/node/node.css?L HTTP/1.1" 200 740 "-" "Mozilla/5.0 (iPhone; CPU iPhone OS 7_0 like Mac OS X) AppleWebKit/537.51.1 (KHTML, like Gecko) Version/7.0 Mobile/11A465 Safari/9537.53 (compatible; bingbot/2.0; +http://www.bing.com/bingbot.htm)"
207.46.13.40 - - [09/Mar/2017:05:58:11 +0100] "GET /new/modules/system/system-menus.css?L HTTP/1.1" 200 935 "-" "Mozilla/5.0 (iPhone; CPU iPhone OS 7_0 like Mac OS X) AppleWebKit/537.51.1 (KHTML, like Gecko) Version/7.0 Mobile/11A465 Safari/9537.53 (compatible; bingbot/2.0; +http://www.bing.com/bingbot.htm)"
207.46.13.40 - - [09/Mar/2017:05:58:11 +0100] "GET /new/modules/user/user.css?L HTTP/1.1" 200 1127 "-" "Mozilla/5.0 (iPhone; CPU iPhone OS 7_0 like Mac OS X) AppleWebKit/537.51.1 (KHTML, like Gecko) Version/7.0 Mobile/11A465 Safari/9537.53 (compatible; bingbot/2.0; +http://www.bing.com/bingbot.htm)"
207.46.13.40 - - [09/Mar/2017:05:58:12 +0100] "GET /new/sites/default/themes/nosza/scripts/search.js HTTP/1.1" 200 466 "-" "Mozilla/5.0 (iPhone; CPU iPhone OS 7_0 like Mac OS X) AppleWebKit/537.51.1 (KHTML, like Gecko) Version/7.0 Mobile/11A465 Safari/9537.53 (compatible; bingbot/2.0; +http://www.bing.com/bingbot.htm)"
46.229.168.65 - - [09/Mar/2017:06:02:47 +0100] "GET /konferenciak/042memo/index.html HTTP/1.1" 200 15379 "-" "Mozilla/5.0 (compatible; SemrushBot/1.2~bl; +http://www.semrush.com/bot.html)"
46.229.168.69 - - [09/Mar/2017:06:02:59 +0100] "GET /aktualis/105onk/onkentes/index.html HTTP/1.1" 200 24562 "-" "Mozilla/5.0 (compatible; SemrushBot/1.2~bl; +http://www.semrush.com/bot.html)"
46.229.168.71 - - [09/Mar/2017:06:03:01 +0100] "GET /3kutat/REVkutatas/1gazdasag/index.html HTTP/1.1" 200 89168 "-" "Mozilla/5.0 (compatible; SemrushBot/1.2~bl; +http://www.semrush.com/bot.html)"
46.229.168.69 - - [09/Mar/2017:06:03:21 +0100] "GET /aktualis/105onk/onkentes/index.html HTTP/1.1" 200 24562 "-" "Mozilla/5.0 (compatible; SemrushBot/1.2~bl; +http://www.semrush.com/bot.html)"
46.229.168.65 - - [09/Mar/2017:06:03:23 +0100] "GET /konferenciak/042memo/index.html HTTP/1.1" 200 15379 "-" "Mozilla/5.0 (compatible; SemrushBot/1.2~bl; +http://www.semrush.com/bot.html)"
46.229.168.71 - - [09/Mar/2017:06:03:38 +0100] "GET /3kutat/REVkutatas/1gazdasag/index.html HTTP/1.1" 200 89168 "-" "Mozilla/5.0 (compatible; SemrushBot/1.2~bl; +http://www.semrush.com/bot.html)"
46.229.168.66 - - [09/Mar/2017:06:03:42 +0100] "GET /konferenciak/06egszb/resztvevok/index.html HTTP/1.1" 200 88954 "-" "Mozilla/5.0 (compatible; SemrushBot/1.2~bl; +http://www.semrush.com/bot.html)"
46.229.168.65 - - [09/Mar/2017:06:03:48 +0100] "GET /konferenciak/042memo/index.html HTTP/1.1" 200 15379 "-" "Mozilla/5.0 (compatible; SemrushBot/1.2~bl; +http://www.semrush.com/bot.html)"
46.229.168.69 - - [09/Mar/2017:06:03:52 +0100] "GET /aktualis/108autopalya/index.html HTTP/1.1" 200 7574 "-" "Mozilla/5.0 (compatible; SemrushBot/1.2~bl; +http://www.semrush.com/bot.html)"
46.229.168.66 - - [09/Mar/2017:06:04:05 +0100] "GET /konferenciak/06egszb/resztvevok/index.html HTTP/1.1" 200 88954 "-" "Mozilla/5.0 (compatible; SemrushBot/1.2~bl; +http://www.semrush.com/bot.html)"
46.229.168.66 - - [09/Mar/2017:06:04:23 +0100] "GET /aktualis/1gyikNCA/palyazat/index.html HTTP/1.1" 200 26866 "-" "Mozilla/5.0 (compatible; SemrushBot/1.2~bl; +http://www.semrush.com/bot.html)"
46.229.168.72 - - [09/Mar/2017:06:04:23 +0100] "GET /aktualis/NCAvhmod/index.html HTTP/1.1" 200 17033 "-" "Mozilla/5.0 (compatible; SemrushBot/1.2~bl; +http://www.semrush.com/bot.html)"
46.229.168.69 - - [09/Mar/2017:06:04:23 +0100] "GET /aktualis/108autopalya/index.html HTTP/1.1" 200 7574 "-" "Mozilla/5.0 (compatible; SemrushBot/1.2~bl; +http://www.semrush.com/bot.html)"
46.229.168.72 - - [09/Mar/2017:06:04:32 +0100] "GET /aktualis/NCAvhmod/index.html HTTP/1.1" 200 18140 "-" "Mozilla/5.0 (compatible; SemrushBot/1.2~bl; +http://www.semrush.com/bot.html)"
46.229.168.72 - - [09/Mar/2017:06:04:43 +0100] "GET /konferenciak/07egszbbesz/07egszbpr/index.html HTTP/1.1" 200 13538 "-" "Mozilla/5.0 (compatible; SemrushBot/1.2~bl; +http://www.semrush.com/bot.html)"
46.229.168.66 - - [09/Mar/2017:06:04:45 +0100] "GET /aktualis/1gyikNCA/palyazat/index.html HTTP/1.1" 200 26866 "-" "Mozilla/5.0 (compatible; SemrushBot/1.2~bl; +http://www.semrush.com/bot.html)"
46.229.168.71 - - [09/Mar/2017:06:04:47 +0100] "GET /3kutat/REVkutatas/5PR/index.html HTTP/1.1" 200 50021 "-" "Mozilla/5.0 (compatible; SemrushBot/1.2~bl; +http://www.semrush.com/bot.html)"
46.229.168.72 - - [09/Mar/2017:06:05:01 +0100] "GET /aktualis/NCAvhmod/index.html HTTP/1.1" 200 18140 "-" "Mozilla/5.0 (compatible; SemrushBot/1.2~bl; +http://www.semrush.com/bot.html)"
46.229.168.68 - - [09/Mar/2017:06:05:04 +0100] "GET /aktualis/1gyikNCA/index.html HTTP/1.1" 200 22264 "-" "Mozilla/5.0 (compatible; SemrushBot/1.2~bl; +http://www.semrush.com/bot.html)"
46.229.168.70 - - [09/Mar/2017:06:05:14 +0100] "GET /angol/EESCconf/index.html HTTP/1.1" 200 12425 "-" "Mozilla/5.0 (compatible; SemrushBot/1.2~bl; +http://www.semrush.com/bot.html)"
46.229.168.71 - - [09/Mar/2017:06:05:20 +0100] "GET /3kutat/REVkutatas/5PR/index.html HTTP/1.1" 200 50021 "-" "Mozilla/5.0 (compatible; SemrushBot/1.2~bl; +http://www.semrush.com/bot.html)"
46.229.168.72 - - [09/Mar/2017:06:05:36 +0100] "GET /konferenciak/07egszbbesz/07egszbpr/index.html HTTP/1.1" 200 13538 "-" "Mozilla/5.0 (compatible; SemrushBot/1.2~bl; +http://www.semrush.com/bot.html)"
46.229.168.68 - - [09/Mar/2017:06:05:42 +0100] "GET /aktualis/1gyikNCA/index.html HTTP/1.1" 200 22264 "-" "Mozilla/5.0 (compatible; SemrushBot/1.2~bl; +http://www.semrush.com/bot.html)"
46.229.168.68 - - [09/Mar/2017:06:06:03 +0100] "GET /aktualis/1gyikNCA/index.html HTTP/1.1" 200 22264 "-" "Mozilla/5.0 (compatible; SemrushBot/1.2~bl; +http://www.semrush.com/bot.html)"
46.229.168.70 - - [09/Mar/2017:06:06:17 +0100] "GET /angol/EESCconf/index.html HTTP/1.1" 200 12425 "-" "Mozilla/5.0 (compatible; SemrushBot/1.2~bl; +http://www.semrush.com/bot.html)"
46.229.168.72 - - [09/Mar/2017:06:06:17 +0100] "GET /angol/followup/index.html HTTP/1.1" 200 9852 "-" "Mozilla/5.0 (compatible; SemrushBot/1.2~bl; +http://www.semrush.com/bot.html)"
46.229.168.72 - - [09/Mar/2017:06:06:27 +0100] "GET /aktualis/106GSZTcivil/GSZTinfo/index.html HTTP/1.1" 200 21761 "-" "Mozilla/5.0 (compatible; SemrushBot/1.2~bl; +http://www.semrush.com/bot.html)"
46.229.168.74 - - [09/Mar/2017:06:06:36 +0100] "GET /konferenciak/regionalis/index.html HTTP/1.1" 200 13298 "-" "Mozilla/5.0 (compatible; SemrushBot/1.2~bl; +http://www.semrush.com/bot.html)"
46.229.168.72 - - [09/Mar/2017:06:06:50 +0100] "GET /konferenciak/05emla/index.html HTTP/1.1" 200 22316 "-" "Mozilla/5.0 (compatible; SemrushBot/1.2~bl; +http://www.semrush.com/bot.html)"
46.229.168.72 - - [09/Mar/2017:06:07:01 +0100] "GET /aktualis/106GSZTcivil/GSZTinfo/index.html HTTP/1.1" 200 21761 "-" "Mozilla/5.0 (compatible; SemrushBot/1.2~bl; +http://www.semrush.com/bot.html)"
46.229.168.72 - - [09/Mar/2017:06:07:02 +0100] "GET /angol/followup/index.html HTTP/1.1" 200 9852 "-" "Mozilla/5.0 (compatible; SemrushBot/1.2~bl; +http://www.semrush.com/bot.html)"
46.229.168.74 - - [09/Mar/2017:06:07:10 +0100] "GET /konferenciak/regionalis/index.html HTTP/1.1" 200 13298 "-" "Mozilla/5.0 (compatible; SemrushBot/1.2~bl; +http://www.semrush.com/bot.html)"
46.229.168.72 - - [09/Mar/2017:06:07:19 +0100] "GET /konferenciak/05emla/index.html HTTP/1.1" 200 22316 "-" "Mozilla/5.0 (compatible; SemrushBot/1.2~bl; +http://www.semrush.com/bot.html)"
46.229.168.68 - - [09/Mar/2017:06:07:21 +0100] "GET /konferenciak/03konf/index.html HTTP/1.1" 200 13272 "-" "Mozilla/5.0 (compatible; SemrushBot/1.2~bl; +http://www.semrush.com/bot.html)"
46.229.168.74 - - [09/Mar/2017:06:07:26 +0100] "GET /konferenciak/regionalis/index.html HTTP/1.1" 200 13298 "-" "Mozilla/5.0 (compatible; SemrushBot/1.2~bl; +http://www.semrush.com/bot.html)"
46.229.168.72 - - [09/Mar/2017:06:07:36 +0100] "GET /aktualis/106GSZTcivil/GSZTinfo/index.html HTTP/1.1" 200 21761 "-" "Mozilla/5.0 (compatible; SemrushBot/1.2~bl; +http://www.semrush.com/bot.html)"
46.229.168.68 - - [09/Mar/2017:06:07:51 +0100] "GET /konferenciak/03konf/index.html HTTP/1.1" 200 13272 "-" "Mozilla/5.0 (compatible; SemrushBot/1.2~bl; +http://www.semrush.com/bot.html)"
40.77.167.76 - - [09/Mar/2017:06:12:37 +0100] "GET /foldes.dbk.pdf HTTP/1.1" 200 160016 "-" "Mozilla/5.0 (iPhone; CPU iPhone OS 7_0 like Mac OS X) AppleWebKit/537.51.1 (KHTML, like Gecko) Version/7.0 Mobile/11A465 Safari/9537.53 (compatible; bingbot/2.0; +http://www.bing.com/bingbot.htm)"
176.8.251.60 - - [09/Mar/2017:06:14:34 +0100] "GET /new/en/news/henceforth-nosza-association-proud-member-freedom-information-advocates-network-foianet/ HTTP/1.1" 200 8098 "https://woweb.com.ua/" "Mozilla/4.0 (compatible; MSIE 6.0; Windows XP)"
176.8.251.60 - - [09/Mar/2017:06:14:35 +0100] "GET /new/en/news/henceforth-nosza-association-proud-member-freedom-information-advocates-network-foianet/ HTTP/1.1" 200 8098 "https://woweb.com.ua/" "Mozilla/4.0 (compatible; MSIE 6.0; Windows XP)"
176.8.251.60 - - [09/Mar/2017:06:14:36 +0100] "GET /new/en/news/henceforth-nosza-association-proud-member-freedom-information-advocates-network-foianet/ HTTP/1.1" 200 8098 "https://woweb.com.ua/" "Mozilla/4.0 (compatible; MSIE 6.0; Windows XP)"
188.93.207.15 - - [09/Mar/2017:06:27:33 +0100] "GET /galateia.css HTTP/1.1" 200 1717 "http://www.nosza.hu/kutat/REVkutatas/3gazdalkodas/" "Mozilla/5.0 (Windows NT 6.1) AppleWebKit/537.36 (KHTML, like Gecko) Chrome/56.0.2924.87 Safari/537.36 OPR/43.0.2442.1144"
188.93.207.15 - - [09/Mar/2017:06:27:33 +0100] "GET /kutat/REVkutatas/3gazdalkodas/ HTTP/1.1" 200 88137 "http://kereso.startlap.hu/?q=sport+egyes%C3%BClet+elsz%C3%A1molhat%C3%B3+kiad%C3%A1sai&page=1&sise=a&search=google&nhash=startlap_eb3863615b1f775f6e3277a676892d88_TWpFeU1ERTNNRE13TmpBNU1EVTFNVGs1TkRRME5qWTVNVEF5TXpZMU1UUTJNVEk0TURVM05qWTVORGt5TlRjME9UVTRPUT09" "Mozilla/5.0 (Windows NT 6.1) AppleWebKit/537.36 (KHTML, like Gecko) Chrome/56.0.2924.87 Safari/537.36 OPR/43.0.2442.1144"
188.93.207.15 - - [09/Mar/2017:06:27:33 +0100] "GET /graphics/noszalogo.gif HTTP/1.1" 200 6797 "http://www.nosza.hu/kutat/REVkutatas/3gazdalkodas/" "Mozilla/5.0 (Windows NT 6.1) AppleWebKit/537.36 (KHTML, like Gecko) Chrome/56.0.2924.87 Safari/537.36 OPR/43.0.2442.1144"
188.93.207.15 - - [09/Mar/2017:06:27:34 +0100] "GET /graphics/galas.gif HTTP/1.1" 200 913 "http://www.nosza.hu/kutat/REVkutatas/3gazdalkodas/" "Mozilla/5.0 (Windows NT 6.1) AppleWebKit/537.36 (KHTML, like Gecko) Chrome/56.0.2924.87 Safari/537.36 OPR/43.0.2442.1144"
188.93.207.15 - - [09/Mar/2017:06:27:34 +0100] "GET /favicon.ico HTTP/1.1" 404 1181 "http://www.nosza.hu/kutat/REVkutatas/3gazdalkodas/" "Mozilla/5.0 (Windows NT 6.1) AppleWebKit/537.36 (KHTML, like Gecko) Chrome/56.0.2924.87 Safari/537.36 OPR/43.0.2442.1144"
157.55.39.147 - - [09/Mar/2017:06:36:35 +0100] "GET / HTTP/1.1" 200 1010 "-" "Mozilla/5.0 (compatible; bingbot/2.0; +http://www.bing.com/bingbot.htm)"
163.172.66.112 - - [09/Mar/2017:06:57:15 +0100] "GET /aktualis/109kozigazg/nyilatkozat/index.html HTTP/1.1" 200 10379 "-" "Mozilla/5.0 (compatible; AhrefsBot/5.2; +http://ahrefs.com/robot/)"
207.46.13.217 - - [09/Mar/2017:07:16:31 +0100] "GET /robots.txt HTTP/1.1" 404 1181 "-" "Mozilla/5.0 (compatible; bingbot/2.0; +http://www.bing.com/bingbot.htm)"
157.55.39.147 - - [09/Mar/2017:07:18:33 +0100] "GET /3kutat/index.html HTTP/1.1" 200 26177 "-" "Mozilla/5.0 (iPhone; CPU iPhone OS 7_0 like Mac OS X) AppleWebKit/537.51.1 (KHTML, like Gecko) Version/7.0 Mobile/11A465 Safari/9537.53 (compatible; bingbot/2.0; +http://www.bing.com/bingbot.htm)"
40.77.167.80 - - [09/Mar/2017:07:20:53 +0100] "GET /halozatok/kerekasztal/memo1/ HTTP/1.1" 200 26344 "-" "Mozilla/5.0 (iPhone; CPU iPhone OS 7_0 like Mac OS X) AppleWebKit/537.51.1 (KHTML, like Gecko) Version/7.0 Mobile/11A465 Safari/9537.53 (compatible; bingbot/2.0; +http://www.bing.com/bingbot.htm)"
36.236.119.34 - - [09/Mar/2017:07:22:06 +0100] "GET /wp-login.php HTTP/1.1" 404 1181 "-" "Mozilla/5.0 (Windows NT 6.1; WOW64; rv:40.0) Gecko/20100101 Firefox/40.1"
36.236.119.34 - - [09/Mar/2017:07:22:06 +0100] "GET / HTTP/1.1" 200 1010 "-" "Mozilla/5.0 (Windows NT 6.1; WOW64; rv:40.0) Gecko/20100101 Firefox/40.1"
207.46.13.162 - - [09/Mar/2017:07:34:05 +0100] "GET /JMCS/memo/02/index.html HTTP/1.1" 200 50878 "-" "Mozilla/5.0 (iPhone; CPU iPhone OS 7_0 like Mac OS X) AppleWebKit/537.51.1 (KHTML, like Gecko) Version/7.0 Mobile/11A465 Safari/9537.53 (compatible; bingbot/2.0; +http://www.bing.com/bingbot.htm)"
163.172.21.102 - - [09/Mar/2017:08:16:06 +0100] "GET / HTTP/1.1" 200 1010 "-" "-"
163.172.21.102 - - [09/Mar/2017:08:16:06 +0100] "GET / HTTP/1.1" 200 1010 "-" "-"
207.46.13.162 - - [09/Mar/2017:08:16:31 +0100] "GET /aktualis/onkentes/index.html HTTP/1.1" 200 26445 "-" "Mozilla/5.0 (iPhone; CPU iPhone OS 7_0 like Mac OS X) AppleWebKit/537.51.1 (KHTML, like Gecko) Version/7.0 Mobile/11A465 Safari/9537.53 (compatible; bingbot/2.0; +http://www.bing.com/bingbot.htm)"
162.210.196.130 - - [09/Mar/2017:08:23:54 +0100] "GET /robots.txt HTTP/1.1" 404 1181 "-" "Mozilla/5.0 (compatible; MJ12bot/v1.4.8; http://mj12bot.com/)"
162.210.196.130 - - [09/Mar/2017:08:23:56 +0100] "GET / HTTP/1.1" 200 1010 "-" "Mozilla/5.0 (compatible; MJ12bot/v1.4.8; http://mj12bot.com/)"
207.46.13.162 - - [09/Mar/2017:08:24:15 +0100] "GET /galateia.css HTTP/1.1" 200 1717 "-" "Mozilla/5.0 (iPhone; CPU iPhone OS 7_0 like Mac OS X) AppleWebKit/537.51.1 (KHTML, like Gecko) Version/7.0 Mobile/11A465 Safari/9537.53 (compatible; bingbot/2.0; +http://www.bing.com/bingbot.htm)"
157.55.39.147 - - [09/Mar/2017:08:24:29 +0100] "GET /graphics/noszalogo.gif HTTP/1.1" 200 6797 "-" "Mozilla/5.0 (iPhone; CPU iPhone OS 7_0 like Mac OS X) AppleWebKit/537.51.1 (KHTML, like Gecko) Version/7.0 Mobile/11A465 Safari/9537.53 (compatible; bingbot/2.0; +http://www.bing.com/bingbot.htm)"
77.221.39.110 - - [09/Mar/2017:08:27:20 +0100] "GET /new/sites/default/files/Onkentesseg.pdf HTTP/1.1" 200 634194 "https://www.google.hu/" "Mozilla/5.0 (Windows NT 5.1; rv:51.0) Gecko/20100101 Firefox/51.0"
77.221.39.110 - - [09/Mar/2017:08:27:24 +0100] "GET /favicon.ico HTTP/1.1" 404 1181 "-" "Mozilla/5.0 (Windows NT 5.1; rv:51.0) Gecko/20100101 Firefox/51.0"
40.77.167.80 - - [09/Mar/2017:08:53:27 +0100] "GET /aktualis/onfoglalkoztatas/index.html HTTP/1.1" 200 77025 "-" "Mozilla/5.0 (iPhone; CPU iPhone OS 7_0 like Mac OS X) AppleWebKit/537.51.1 (KHTML, like Gecko) Version/7.0 Mobile/11A465 Safari/9537.53 (compatible; bingbot/2.0; +http://www.bing.com/bingbot.htm)"
136.243.36.87 - - [09/Mar/2017:08:59:48 +0100] "GET /robots.txt HTTP/1.1" 404 1181 "-" "Mozilla/5.0 (compatible; BLEXBot/1.0; +http://webmeup-crawler.com/)"
136.243.36.87 - - [09/Mar/2017:08:59:48 +0100] "GET /robots.txt HTTP/1.1" 404 1181 "-" "Mozilla/5.0 (compatible; BLEXBot/1.0; +http://webmeup-crawler.com/)"
136.243.36.87 - - [09/Mar/2017:08:59:48 +0100] "GET / HTTP/1.1" 200 1010 "-" "Mozilla/5.0 (compatible; BLEXBot/1.0; +http://webmeup-crawler.com/)"
136.243.36.87 - - [09/Mar/2017:09:00:04 +0100] "GET /sitemap.xml HTTP/1.1" 404 1181 "-" "Mozilla/5.0 (compatible; BLEXBot/1.0; +http://webmeup-crawler.com/)"
136.243.36.87 - - [09/Mar/2017:09:00:20 +0100] "GET /sitemap.xml HTTP/1.1" 404 1181 "-" "Mozilla/5.0 (compatible; BLEXBot/1.0; +http://webmeup-crawler.com/)"
136.243.36.87 - - [09/Mar/2017:09:00:29 +0100] "GET /kutat/REVkutatas/1gazdasag/index.html HTTP/1.1" 200 89032 "-" "Mozilla/5.0 (compatible; BLEXBot/1.0; +http://webmeup-crawler.com/)"
136.243.36.87 - - [09/Mar/2017:09:00:36 +0100] "GET /aktualis/index.html HTTP/1.1" 200 63144 "-" "Mozilla/5.0 (compatible; BLEXBot/1.0; +http://webmeup-crawler.com/)"
136.243.36.87 - - [09/Mar/2017:09:00:42 +0100] "GET /angol/index.html HTTP/1.1" 200 13458 "-" "Mozilla/5.0 (compatible; BLEXBot/1.0; +http://webmeup-crawler.com/)"
136.243.36.87 - - [09/Mar/2017:09:00:52 +0100] "GET /halozatok/index.html HTTP/1.1" 200 5818 "-" "Mozilla/5.0 (compatible; BLEXBot/1.0; +http://webmeup-crawler.com/)"
136.243.36.87 - - [09/Mar/2017:09:01:02 +0100] "GET /index.html HTTP/1.1" 200 1010 "-" "Mozilla/5.0 (compatible; BLEXBot/1.0; +http://webmeup-crawler.com/)"
