157.55.39.176 - - [01/Mar/2017:00:00:58 +0100] "GET /new/sites/default/files/Jegyz%C3%85%E2%80%98k%C3%83%C2%B6nyv20070920.pdf HTTP/1.1" 404 7142 "-" "Mozilla/5.0 (compatible; bingbot/2.0; +http://www.bing.com/bingbot.htm)"
157.55.39.176 - - [01/Mar/2017:00:03:59 +0100] "GET /new/sites/default/files/Jegyz%C3%85%E2%80%98k%C3%83%C2%B6nyv20070920.pdf HTTP/1.1" 404 7142 "-" "Mozilla/5.0 (compatible; bingbot/2.0; +http://www.bing.com/bingbot.htm)"
157.55.39.176 - - [01/Mar/2017:00:16:42 +0100] "GET /new/sites/default/files/Jegyz%C3%85%E2%80%98k%C3%83%C2%B6nyv20070920.pdf HTTP/1.1" 404 7142 "-" "Mozilla/5.0 (compatible; bingbot/2.0; +http://www.bing.com/bingbot.htm)"
157.55.39.156 - - [01/Mar/2017:00:24:33 +0100] "GET /JMCS/memo/07/index.html HTTP/1.1" 200 16451 "-" "Mozilla/5.0 (iPhone; CPU iPhone OS 7_0 like Mac OS X) AppleWebKit/537.51.1 (KHTML, like Gecko) Version/7.0 Mobile/11A465 Safari/9537.53 (compatible; bingbot/2.0; +http://www.bing.com/bingbot.htm)"
157.55.39.156 - - [01/Mar/2017:00:29:04 +0100] "GET /new/sites/default/files/NOSZA%20alapszab%C3%83%C2%A1ly%202007.09.20.-2.doc HTTP/1.1" 404 7142 "-" "Mozilla/5.0 (iPhone; CPU iPhone OS 7_0 like Mac OS X) AppleWebKit/537.51.1 (KHTML, like Gecko) Version/7.0 Mobile/11A465 Safari/9537.53 (compatible; bingbot/2.0; +http://www.bing.com/bingbot.htm)"
46.118.127.142 - - [01/Mar/2017:00:34:40 +0100] "GET /new/en/news/henceforth-nosza-association-proud-member-freedom-information-advocates-network-foianet/ HTTP/1.1" 200 8098 "http://tambov.xxxrus.org/" "Mozilla/4.0 (compatible; MSIE 6.0; Windows NT 5.1; Crazy Browser 1.0.5)"
46.118.127.142 - - [01/Mar/2017:00:34:40 +0100] "GET /new/en/news/henceforth-nosza-association-proud-member-freedom-information-advocates-network-foianet/ HTTP/1.1" 200 8098 "http://fatmaelgarny.com/" "Mozilla/4.0 (compatible; MSIE 6.0; Windows NT) ::ELNSB50::000061100320025802a00111000000000507000900000000"
46.118.127.142 - - [01/Mar/2017:00:34:41 +0100] "GET /new/en/news/henceforth-nosza-association-proud-member-freedom-information-advocates-network-foianet/ HTTP/1.1" 200 8098 "http://fatmaelgarny.com/" "Mozilla/4.0 (compatible; MSIE 6.0; Windows NT) ::ELNSB50::000061100320025802a00111000000000507000900000000"
46.118.127.142 - - [01/Mar/2017:00:34:41 +0100] "GET /new/en/news/henceforth-nosza-association-proud-member-freedom-information-advocates-network-foianet/ HTTP/1.1" 200 8098 "http://tambov.xxxrus.org/" "Mozilla/4.0 (compatible; MSIE 6.0; Windows NT 5.1; Crazy Browser 1.0.5)"
157.55.39.158 - - [01/Mar/2017:00:35:55 +0100] "GET /new/sites/default/files/NOSZA%20K%C3%B6zhaszn%C3%BA%20Jelent%C3%A9s%202009.pdf HTTP/1.1" 200 559956 "-" "Mozilla/5.0 (iPhone; CPU iPhone OS 7_0 like Mac OS X) AppleWebKit/537.51.1 (KHTML, like Gecko) Version/7.0 Mobile/11A465 Safari/9537.53 (compatible; bingbot/2.0; +http://www.bing.com/bingbot.htm)"
46.229.164.98 - - [01/Mar/2017:00:55:48 +0100] "GET /robots.txt HTTP/1.1" 404 1181 "-" "Mozilla/5.0 (compatible; SemrushBot/1.2~bl; +http://www.semrush.com/bot.html)"
157.55.39.158 - - [01/Mar/2017:01:02:43 +0100] "GET /new/rss.xml HTTP/1.1" 200 15871 "-" "Mozilla/5.0 (compatible; bingbot/2.0; +http://www.bing.com/bingbot.htm)"
157.55.39.157 - - [01/Mar/2017:01:27:42 +0100] "GET /new/hirek/k%C3%83%C6%92%C3%82%C2%A9rd%C3%83%E2%80%A6%C3%82%E2%80%98%C3%83%C6%92%C3%82%C2%ADv-magyarorsz%C3%83%C6%92%C3%82%C2%A1gi-non-profit-szervezetek-%C3%83%C6%92%C3%82%C2%A1ltali-%C3%83%C6%92%C3%82%C2%B6nk%C3%83%C6%92%C3%82%C2%A9ntes-foglalkoztat%C3%83%C6%92%C3%82%C2%A1sr%C3%83%C6%92%C3%82%C2%B3l HTTP/1.1" 200 17249 "-" "Mozilla/5.0 (compatible; bingbot/2.0; +http://www.bing.com/bingbot.htm)"
157.55.39.156 - - [01/Mar/2017:01:33:27 +0100] "GET /JMCS/memo/03/index.html HTTP/1.1" 200 45293 "-" "Mozilla/5.0 (iPhone; CPU iPhone OS 7_0 like Mac OS X) AppleWebKit/537.51.1 (KHTML, like Gecko) Version/7.0 Mobile/11A465 Safari/9537.53 (compatible; bingbot/2.0; +http://www.bing.com/bingbot.htm)"
104.197.241.64 - - [01/Mar/2017:01:37:11 +0100] "GET /robots.txt HTTP/1.1" 404 1181 "-" "ltx71 - (http://ltx71.com/)"
157.55.39.158 - - [01/Mar/2017:01:37:34 +0100] "GET /3kutat/REVkutatas/5PR/index.html HTTP/1.1" 200 50021 "-" "Mozilla/5.0 (iPhone; CPU iPhone OS 7_0 like Mac OS X) AppleWebKit/537.51.1 (KHTML, like Gecko) Version/7.0 Mobile/11A465 Safari/9537.53 (compatible; bingbot/2.0; +http://www.bing.com/bingbot.htm)"
104.197.241.64 - - [01/Mar/2017:01:38:39 +0100] "GET /kiss.dbk.pdf HTTP/1.1" 200 146575 "-" "ltx71 - (http://ltx71.com/)"
157.55.39.156 - - [01/Mar/2017:01:46:58 +0100] "GET /new/sites/default/themes/nosza/images/logoPublikaciok_eng.jpg HTTP/1.1" 200 5193 "-" "Mozilla/5.0 (compatible; bingbot/2.0; +http://www.bing.com/bingbot.htm)"
163.172.64.179 - - [01/Mar/2017:02:27:02 +0100] "GET /halozatok/kerekasztal/memo1/index.html HTTP/1.1" 200 26344 "-" "Mozilla/5.0 (compatible; AhrefsBot/5.2; +http://ahrefs.com/robot/)"
37.115.184.221 - - [01/Mar/2017:02:50:15 +0100] "GET /new/en/news/henceforth-nosza-association-proud-member-freedom-information-advocates-network-foianet/ HTTP/1.1" 200 8098 "http://produkto.net/" "Mozilla/4.0 (compatible; MSIE 6.0; Windows NT 5.0; .NET CLR 1.0.3705; .NET CLR 1.1.4322)"
37.115.184.221 - - [01/Mar/2017:02:50:15 +0100] "GET /new/en/news/henceforth-nosza-association-proud-member-freedom-information-advocates-network-foianet/ HTTP/1.1" 200 8098 "http://produkto.net/" "Mozilla/4.0 (compatible; MSIE 6.0; Windows NT 5.0; .NET CLR 1.0.3705; .NET CLR 1.1.4322)"
37.115.184.221 - - [01/Mar/2017:02:50:15 +0100] "GET /new/en/news/henceforth-nosza-association-proud-member-freedom-information-advocates-network-foianet/ HTTP/1.1" 200 8098 "http://produkto.net/" "Mozilla/4.0 (compatible; MSIE 6.0; Windows NT 5.0; .NET CLR 1.0.3705; .NET CLR 1.1.4322)"
157.55.39.156 - - [01/Mar/2017:03:05:26 +0100] "GET /JMCS/mukodes/index.html HTTP/1.1" 200 10285 "-" "Mozilla/5.0 (iPhone; CPU iPhone OS 7_0 like Mac OS X) AppleWebKit/537.51.1 (KHTML, like Gecko) Version/7.0 Mobile/11A465 Safari/9537.53 (compatible; bingbot/2.0; +http://www.bing.com/bingbot.htm)"
163.172.66.78 - - [01/Mar/2017:03:06:00 +0100] "GET /angol/followup/index.html HTTP/1.1" 200 9852 "-" "Mozilla/5.0 (compatible; AhrefsBot/5.2; +http://ahrefs.com/robot/)"
66.249.66.139 - - [01/Mar/2017:03:25:38 +0100] "GET /robots.txt HTTP/1.1" 404 1181 "-" "Mozilla/5.0 (compatible; Googlebot/2.1; +http://www.google.com/bot.html)"
66.249.66.139 - - [01/Mar/2017:03:25:38 +0100] "GET /new/sites/default/files/Onkentesseg.pdf HTTP/1.1" 304 - "-" "Mozilla/5.0 (compatible; Googlebot/2.1; +http://www.google.com/bot.html)"
51.255.65.31 - - [01/Mar/2017:03:29:53 +0100] "GET /new/node/hirek HTTP/1.1" 404 7335 "-" "Mozilla/5.0 (compatible; AhrefsBot/5.2; +http://ahrefs.com/robot/)"
62.210.162.87 - - [01/Mar/2017:03:33:26 +0100] "GET / HTTP/1.0" 200 1010 "http://www.nosza.hu/" "Mozilla/4.0 (compatible; MSIE 6.0; Windows NT 5.1; SV1; .NET CLR 2.0.50727)"
163.172.65.19 - - [01/Mar/2017:03:54:48 +0100] "GET /new/dossziek/Teszt%20dosszi%C3%A9 HTTP/1.1" 200 7649 "-" "Mozilla/5.0 (compatible; AhrefsBot/5.2; +http://ahrefs.com/robot/)"
157.55.39.157 - - [01/Mar/2017:04:07:46 +0100] "GET /konferenciak/05emla/index.html HTTP/1.1" 200 22316 "-" "Mozilla/5.0 (compatible; bingbot/2.0; +http://www.bing.com/bingbot.htm)"
66.249.66.139 - - [01/Mar/2017:04:15:28 +0100] "GET /kutat/REVkutatas/5PR/ HTTP/1.1" 304 - "-" "Mozilla/5.0 (compatible; Googlebot/2.1; +http://www.google.com/bot.html)"
130.193.51.56 - - [01/Mar/2017:04:15:38 +0100] "GET /robots.txt HTTP/1.1" 404 1181 "-" "Mozilla/5.0 (compatible; YandexBot/3.0; +http://yandex.com/bots)"
130.193.51.56 - - [01/Mar/2017:04:15:43 +0100] "GET /new/en HTTP/1.1" 200 9179 "-" "Mozilla/5.0 (compatible; YandexBot/3.0; +http://yandex.com/bots)"
164.132.161.96 - - [01/Mar/2017:04:20:28 +0100] "GET /konferenciak/07egszbbesz/07egszbpr/egszbreg/index.html HTTP/1.1" 200 181901 "-" "Mozilla/5.0 (compatible; AhrefsBot/5.2; +http://ahrefs.com/robot/)"
66.249.66.135 - - [01/Mar/2017:04:28:47 +0100] "GET /new/content/civil-szervezet-%E2%80%93-t%C3%A1rsadalmi-szervezet-%E2%80%93-civil-t%C3%A1rsas%C3%A1g-az-%C3%BAj-civil-t%C3%B6rv%C3%A9ny-fogalmi-%C3%BAj%C3%ADt%C3%A1sai HTTP/1.1" 200 18203 "-" "Mozilla/5.0 (compatible; Googlebot/2.1; +http://www.google.com/bot.html)"
8.29.198.27 - - [01/Mar/2017:04:56:05 +0100] "GET /new/rss.xml HTTP/1.1" 200 15871 "-" "Feedly/1.0 (+http://www.feedly.com/fetcher.html; like FeedFetcher-Google)"
136.243.36.87 - - [01/Mar/2017:05:04:30 +0100] "GET /robots.txt HTTP/1.1" 404 1181 "-" "Mozilla/5.0 (compatible; BLEXBot/1.0; +http://webmeup-crawler.com/)"
136.243.36.87 - - [01/Mar/2017:05:04:30 +0100] "GET /robots.txt HTTP/1.1" 404 1181 "-" "Mozilla/5.0 (compatible; BLEXBot/1.0; +http://webmeup-crawler.com/)"
136.243.36.87 - - [01/Mar/2017:05:04:31 +0100] "GET / HTTP/1.1" 200 1010 "-" "Mozilla/5.0 (compatible; BLEXBot/1.0; +http://webmeup-crawler.com/)"
136.243.36.87 - - [01/Mar/2017:05:04:40 +0100] "GET /sitemap.xml HTTP/1.1" 404 1181 "-" "Mozilla/5.0 (compatible; BLEXBot/1.0; +http://webmeup-crawler.com/)"
136.243.36.87 - - [01/Mar/2017:05:04:55 +0100] "GET /sitemap.xml HTTP/1.1" 404 1181 "-" "Mozilla/5.0 (compatible; BLEXBot/1.0; +http://webmeup-crawler.com/)"
136.243.36.87 - - [01/Mar/2017:05:05:14 +0100] "GET /new/content/civil-szervezet-%E2%80%93-t%C3%A1rsadalmi-szervezet-%E2%80%93-civil-t%C3%A1rsas%C3%A1g-az-%C3%BAj-civil-t%C3%B6rv%C3%A9ny-fogalmi-%C3%BAj%C3%ADt%C3%A1sai HTTP/1.1" 200 18203 "-" "Mozilla/5.0 (compatible; BLEXBot/1.0; +http://webmeup-crawler.com/)"
136.243.36.87 - - [01/Mar/2017:05:05:35 +0100] "GET /halozatok/index.html HTTP/1.1" 200 5818 "-" "Mozilla/5.0 (compatible; BLEXBot/1.0; +http://webmeup-crawler.com/)"
136.243.36.87 - - [01/Mar/2017:05:05:51 +0100] "GET /index.html HTTP/1.1" 200 1010 "-" "Mozilla/5.0 (compatible; BLEXBot/1.0; +http://webmeup-crawler.com/)"
136.243.36.87 - - [01/Mar/2017:05:06:09 +0100] "GET /konferenciak/index.html HTTP/1.1" 200 26837 "-" "Mozilla/5.0 (compatible; BLEXBot/1.0; +http://webmeup-crawler.com/)"
136.243.36.87 - - [01/Mar/2017:05:06:20 +0100] "GET /kutat/REVkutatas/2menedzsment/index.html HTTP/1.1" 200 146014 "-" "Mozilla/5.0 (compatible; BLEXBot/1.0; +http://webmeup-crawler.com/)"
136.243.36.87 - - [01/Mar/2017:05:06:38 +0100] "GET /new/ HTTP/1.1" 200 9569 "-" "Mozilla/5.0 (compatible; BLEXBot/1.0; +http://webmeup-crawler.com/)"
136.243.36.87 - - [01/Mar/2017:05:06:52 +0100] "GET /new/content/dossziek HTTP/1.1" 404 7311 "-" "Mozilla/5.0 (compatible; BLEXBot/1.0; +http://webmeup-crawler.com/)"
136.243.36.87 - - [01/Mar/2017:05:07:02 +0100] "GET /new/content/hirek HTTP/1.1" 404 7338 "-" "Mozilla/5.0 (compatible; BLEXBot/1.0; +http://webmeup-crawler.com/)"
136.243.36.87 - - [01/Mar/2017:05:07:15 +0100] "GET /new/content/publikaciok HTTP/1.1" 404 7322 "-" "Mozilla/5.0 (compatible; BLEXBot/1.0; +http://webmeup-crawler.com/)"
136.243.36.87 - - [01/Mar/2017:05:07:31 +0100] "GET /new/dossziek HTTP/1.1" 200 9412 "-" "Mozilla/5.0 (compatible; BLEXBot/1.0; +http://webmeup-crawler.com/)"
136.243.36.87 - - [01/Mar/2017:05:07:42 +0100] "GET /new/dossziek/Teszt%20dosszi%C3%A9 HTTP/1.1" 200 7649 "-" "Mozilla/5.0 (compatible; BLEXBot/1.0; +http://webmeup-crawler.com/)"
136.243.36.87 - - [01/Mar/2017:05:07:55 +0100] "GET /new/elerhetoseg HTTP/1.1" 200 7734 "-" "Mozilla/5.0 (compatible; BLEXBot/1.0; +http://webmeup-crawler.com/)"
136.243.36.87 - - [01/Mar/2017:05:08:12 +0100] "GET /new/en/ HTTP/1.1" 200 9179 "-" "Mozilla/5.0 (compatible; BLEXBot/1.0; +http://webmeup-crawler.com/)"
136.243.36.87 - - [01/Mar/2017:05:08:25 +0100] "GET /new/hirek HTTP/1.1" 200 16416 "-" "Mozilla/5.0 (compatible; BLEXBot/1.0; +http://webmeup-crawler.com/)"
136.243.36.87 - - [01/Mar/2017:05:08:56 +0100] "GET /new/hirek/2009 HTTP/1.1" 200 16410 "-" "Mozilla/5.0 (compatible; BLEXBot/1.0; +http://webmeup-crawler.com/)"
136.243.36.87 - - [01/Mar/2017:05:09:17 +0100] "GET /new/hirek/2010 HTTP/1.1" 200 16410 "-" "Mozilla/5.0 (compatible; BLEXBot/1.0; +http://webmeup-crawler.com/)"
136.243.36.87 - - [01/Mar/2017:05:09:36 +0100] "GET /new/hirek/2013 HTTP/1.1" 200 16410 "-" "Mozilla/5.0 (compatible; BLEXBot/1.0; +http://webmeup-crawler.com/)"
136.243.36.87 - - [01/Mar/2017:05:09:48 +0100] "GET /new/hirek/2014 HTTP/1.1" 200 16410 "-" "Mozilla/5.0 (compatible; BLEXBot/1.0; +http://webmeup-crawler.com/)"
136.243.36.87 - - [01/Mar/2017:05:09:57 +0100] "GET /new/hirek/2016 HTTP/1.1" 200 16410 "-" "Mozilla/5.0 (compatible; BLEXBot/1.0; +http://webmeup-crawler.com/)"
136.243.36.87 - - [01/Mar/2017:05:10:11 +0100] "GET /new/magunkrol HTTP/1.1" 200 8302 "-" "Mozilla/5.0 (compatible; BLEXBot/1.0; +http://webmeup-crawler.com/)"
136.243.36.87 - - [01/Mar/2017:05:10:38 +0100] "GET /new/magunkrol/beszamolok HTTP/1.1" 200 10905 "-" "Mozilla/5.0 (compatible; BLEXBot/1.0; +http://webmeup-crawler.com/)"
136.243.36.87 - - [01/Mar/2017:05:10:52 +0100] "GET /new/magunkrol/partnereink HTTP/1.1" 200 11249 "-" "Mozilla/5.0 (compatible; BLEXBot/1.0; +http://webmeup-crawler.com/)"
46.118.233.101 - - [01/Mar/2017:05:11:09 +0100] "GET /new/en/news/henceforth-nosza-association-proud-member-freedom-information-advocates-network-foianet/ HTTP/1.1" 200 8098 "https://www.tattooreligion.ru/" "Mozilla/4.0 (compatible; MSIE 5.5; Windows NT 4.0)"
46.118.233.101 - - [01/Mar/2017:05:11:10 +0100] "GET /new/en/news/henceforth-nosza-association-proud-member-freedom-information-advocates-network-foianet/ HTTP/1.1" 200 8098 "https://www.tattooreligion.ru/" "Mozilla/4.0 (compatible; MSIE 5.5; Windows NT 4.0)"
136.243.36.87 - - [01/Mar/2017:05:11:10 +0100] "GET /new/magunkrol/tagjaink HTTP/1.1" 200 17173 "-" "Mozilla/5.0 (compatible; BLEXBot/1.0; +http://webmeup-crawler.com/)"
46.118.233.101 - - [01/Mar/2017:05:11:11 +0100] "GET /new/en/news/henceforth-nosza-association-proud-member-freedom-information-advocates-network-foianet/ HTTP/1.1" 200 8098 "https://www.tattooreligion.ru/" "Mozilla/4.0 (compatible; MSIE 5.5; Windows NT 4.0)"
136.243.36.87 - - [01/Mar/2017:05:11:23 +0100] "GET /new/magunkrol/tamogatoink HTTP/1.1" 200 10866 "-" "Mozilla/5.0 (compatible; BLEXBot/1.0; +http://webmeup-crawler.com/)"
136.243.36.87 - - [01/Mar/2017:05:11:35 +0100] "GET /new/magunkrol/tevekenysegunk HTTP/1.1" 200 9953 "-" "Mozilla/5.0 (compatible; BLEXBot/1.0; +http://webmeup-crawler.com/)"
136.243.36.87 - - [01/Mar/2017:05:11:41 +0100] "GET /new/projektek HTTP/1.1" 200 11398 "-" "Mozilla/5.0 (compatible; BLEXBot/1.0; +http://webmeup-crawler.com/)"
136.243.36.87 - - [01/Mar/2017:05:11:59 +0100] "GET /new/projektek/Civil%20%C3%BAjs%C3%A1g%C3%ADr%C3%A1s HTTP/1.1" 200 8918 "-" "Mozilla/5.0 (compatible; BLEXBot/1.0; +http://webmeup-crawler.com/)"
136.243.36.87 - - [01/Mar/2017:05:12:11 +0100] "GET /new/projektek/Menedzsment%20tr%C3%A9ning HTTP/1.1" 200 9046 "-" "Mozilla/5.0 (compatible; BLEXBot/1.0; +http://webmeup-crawler.com/)"
136.243.36.87 - - [01/Mar/2017:05:12:37 +0100] "GET /new/projektek/Nyitott%20jogalkot%C3%A1s HTTP/1.1" 200 9410 "-" "Mozilla/5.0 (compatible; BLEXBot/1.0; +http://webmeup-crawler.com/)"
136.243.36.87 - - [01/Mar/2017:05:12:46 +0100] "GET /new/publikaciok HTTP/1.1" 200 10396 "-" "Mozilla/5.0 (compatible; BLEXBot/1.0; +http://webmeup-crawler.com/)"
136.243.36.87 - - [01/Mar/2017:05:12:53 +0100] "GET /new/publikaciok/2007 HTTP/1.1" 200 8499 "-" "Mozilla/5.0 (compatible; BLEXBot/1.0; +http://webmeup-crawler.com/)"
136.243.36.87 - - [01/Mar/2017:05:12:59 +0100] "GET /new/publikaciok/2008 HTTP/1.1" 200 9672 "-" "Mozilla/5.0 (compatible; BLEXBot/1.0; +http://webmeup-crawler.com/)"
136.243.36.87 - - [01/Mar/2017:05:13:05 +0100] "GET /3kutat/index.html HTTP/1.1" 200 26177 "-" "Mozilla/5.0 (compatible; BLEXBot/1.0; +http://webmeup-crawler.com/)"
136.243.36.87 - - [01/Mar/2017:05:13:21 +0100] "GET /aktualis/index.html HTTP/1.1" 200 63144 "-" "Mozilla/5.0 (compatible; BLEXBot/1.0; +http://webmeup-crawler.com/)"
136.243.36.87 - - [01/Mar/2017:05:13:32 +0100] "GET /angol/index.html HTTP/1.1" 200 13458 "-" "Mozilla/5.0 (compatible; BLEXBot/1.0; +http://webmeup-crawler.com/)"
136.243.36.87 - - [01/Mar/2017:05:13:45 +0100] "GET /halozatok/JMCS/index.html HTTP/1.1" 200 6511 "-" "Mozilla/5.0 (compatible; BLEXBot/1.0; +http://webmeup-crawler.com/)"
136.243.36.87 - - [01/Mar/2017:05:14:06 +0100] "GET /halozatok/kerekasztal/index.html HTTP/1.1" 200 13131 "-" "Mozilla/5.0 (compatible; BLEXBot/1.0; +http://webmeup-crawler.com/)"
136.243.36.87 - - [01/Mar/2017:05:14:19 +0100] "GET /halozatok/muhely/index.html HTTP/1.1" 200 12478 "-" "Mozilla/5.0 (compatible; BLEXBot/1.0; +http://webmeup-crawler.com/)"
136.243.36.87 - - [01/Mar/2017:05:14:32 +0100] "GET /robots.txt HTTP/1.1" 404 1181 "-" "Mozilla/5.0 (compatible; BLEXBot/1.0; +http://webmeup-crawler.com/)"
136.243.36.87 - - [01/Mar/2017:05:14:33 +0100] "GET /robots.txt HTTP/1.1" 404 1181 "-" "Mozilla/5.0 (compatible; BLEXBot/1.0; +http://webmeup-crawler.com/)"
136.243.36.87 - - [01/Mar/2017:05:14:33 +0100] "GET /konferenciak/03konf/index.html HTTP/1.1" 200 13272 "-" "Mozilla/5.0 (compatible; BLEXBot/1.0; +http://webmeup-crawler.com/)"
136.243.36.87 - - [01/Mar/2017:05:14:42 +0100] "GET /konferenciak/040memo/index.html HTTP/1.1" 200 33575 "-" "Mozilla/5.0 (compatible; BLEXBot/1.0; +http://webmeup-crawler.com/)"
157.55.39.156 - - [01/Mar/2017:05:14:49 +0100] "GET /new/dossziek/Teszt%20dosszi%C3%83%C2%A9 HTTP/1.1" 200 7627 "-" "Mozilla/5.0 (iPhone; CPU iPhone OS 7_0 like Mac OS X) AppleWebKit/537.51.1 (KHTML, like Gecko) Version/7.0 Mobile/11A465 Safari/9537.53 (compatible; bingbot/2.0; +http://www.bing.com/bingbot.htm)"
136.243.36.87 - - [01/Mar/2017:05:14:57 +0100] "GET /konferenciak/041memo/index.html HTTP/1.1" 200 34889 "-" "Mozilla/5.0 (compatible; BLEXBot/1.0; +http://webmeup-crawler.com/)"
157.55.39.157 - - [01/Mar/2017:05:14:58 +0100] "GET /new/modules/node/node.css?L HTTP/1.1" 200 740 "-" "Mozilla/5.0 (iPhone; CPU iPhone OS 7_0 like Mac OS X) AppleWebKit/537.51.1 (KHTML, like Gecko) Version/7.0 Mobile/11A465 Safari/9537.53 (compatible; bingbot/2.0; +http://www.bing.com/bingbot.htm)"
157.55.39.157 - - [01/Mar/2017:05:14:59 +0100] "GET /new/modules/system/system-menus.css?L HTTP/1.1" 200 935 "-" "Mozilla/5.0 (iPhone; CPU iPhone OS 7_0 like Mac OS X) AppleWebKit/537.51.1 (KHTML, like Gecko) Version/7.0 Mobile/11A465 Safari/9537.53 (compatible; bingbot/2.0; +http://www.bing.com/bingbot.htm)"
157.55.39.157 - - [01/Mar/2017:05:14:59 +0100] "GET /new/modules/user/user.css?L HTTP/1.1" 200 1127 "-" "Mozilla/5.0 (iPhone; CPU iPhone OS 7_0 like Mac OS X) AppleWebKit/537.51.1 (KHTML, like Gecko) Version/7.0 Mobile/11A465 Safari/9537.53 (compatible; bingbot/2.0; +http://www.bing.com/bingbot.htm)"
157.55.39.157 - - [01/Mar/2017:05:15:00 +0100] "GET /new/sites/default/themes/nosza/scripts/search.js HTTP/1.1" 200 466 "-" "Mozilla/5.0 (iPhone; CPU iPhone OS 7_0 like Mac OS X) AppleWebKit/537.51.1 (KHTML, like Gecko) Version/7.0 Mobile/11A465 Safari/9537.53 (compatible; bingbot/2.0; +http://www.bing.com/bingbot.htm)"
157.55.39.158 - - [01/Mar/2017:05:15:03 +0100] "GET /new/modules/system/defaults.css?L HTTP/1.1" 200 757 "-" "Mozilla/5.0 (iPhone; CPU iPhone OS 7_0 like Mac OS X) AppleWebKit/537.51.1 (KHTML, like Gecko) Version/7.0 Mobile/11A465 Safari/9537.53 (compatible; bingbot/2.0; +http://www.bing.com/bingbot.htm)"
157.55.39.158 - - [01/Mar/2017:05:15:03 +0100] "GET /new/sites/all/modules/cck/modules/fieldgroup/fieldgroup.css?L HTTP/1.1" 200 166 "-" "Mozilla/5.0 (iPhone; CPU iPhone OS 7_0 like Mac OS X) AppleWebKit/537.51.1 (KHTML, like Gecko) Version/7.0 Mobile/11A465 Safari/9537.53 (compatible; bingbot/2.0; +http://www.bing.com/bingbot.htm)"
157.55.39.176 - - [01/Mar/2017:05:15:08 +0100] "GET /new/sites/default/themes/nosza/print.css?L HTTP/1.1" 200 1247 "-" "Mozilla/5.0 (iPhone; CPU iPhone OS 7_0 like Mac OS X) AppleWebKit/537.51.1 (KHTML, like Gecko) Version/7.0 Mobile/11A465 Safari/9537.53 (compatible; bingbot/2.0; +http://www.bing.com/bingbot.htm)"
157.55.39.156 - - [01/Mar/2017:05:15:13 +0100] "GET /new/modules/filefield/filefield.css?L HTTP/1.1" 200 1986 "-" "Mozilla/5.0 (iPhone; CPU iPhone OS 7_0 like Mac OS X) AppleWebKit/537.51.1 (KHTML, like Gecko) Version/7.0 Mobile/11A465 Safari/9537.53 (compatible; bingbot/2.0; +http://www.bing.com/bingbot.htm)"
157.55.39.156 - - [01/Mar/2017:05:15:13 +0100] "GET /new/sites/default/themes/nosza/css/nosza.css?L HTTP/1.1" 200 10555 "-" "Mozilla/5.0 (iPhone; CPU iPhone OS 7_0 like Mac OS X) AppleWebKit/537.51.1 (KHTML, like Gecko) Version/7.0 Mobile/11A465 Safari/9537.53 (compatible; bingbot/2.0; +http://www.bing.com/bingbot.htm)"
136.243.36.87 - - [01/Mar/2017:05:15:21 +0100] "GET /konferenciak/042memo/index.html HTTP/1.1" 200 15379 "-" "Mozilla/5.0 (compatible; BLEXBot/1.0; +http://webmeup-crawler.com/)"
136.243.36.87 - - [01/Mar/2017:05:15:39 +0100] "GET /konferenciak/05emla/index.html HTTP/1.1" 200 22316 "-" "Mozilla/5.0 (compatible; BLEXBot/1.0; +http://webmeup-crawler.com/)"
136.243.36.87 - - [01/Mar/2017:05:15:49 +0100] "GET /konferenciak/06egszb/index.html HTTP/1.1" 200 15880 "-" "Mozilla/5.0 (compatible; BLEXBot/1.0; +http://webmeup-crawler.com/)"
136.243.36.87 - - [01/Mar/2017:05:16:04 +0100] "GET /konferenciak/07egszbbesz/index.html HTTP/1.1" 200 21734 "-" "Mozilla/5.0 (compatible; BLEXBot/1.0; +http://webmeup-crawler.com/)"
136.243.36.87 - - [01/Mar/2017:05:16:20 +0100] "GET /konferenciak/2konferencia/index.html HTTP/1.1" 200 7142 "-" "Mozilla/5.0 (compatible; BLEXBot/1.0; +http://webmeup-crawler.com/)"
136.243.36.87 - - [01/Mar/2017:05:16:52 +0100] "GET /konferenciak/konferencia3/index.html HTTP/1.1" 200 25940 "-" "Mozilla/5.0 (compatible; BLEXBot/1.0; +http://webmeup-crawler.com/)"
136.243.36.87 - - [01/Mar/2017:05:17:12 +0100] "GET /konferenciak/regionalis/index.html HTTP/1.1" 200 13298 "-" "Mozilla/5.0 (compatible; BLEXBot/1.0; +http://webmeup-crawler.com/)"
136.243.36.87 - - [01/Mar/2017:05:17:26 +0100] "GET /kutat/REVkutatas/1gazdasag/index.html HTTP/1.1" 200 89032 "-" "Mozilla/5.0 (compatible; BLEXBot/1.0; +http://webmeup-crawler.com/)"
136.243.36.87 - - [01/Mar/2017:05:17:40 +0100] "GET /kutat/REVkutatas/3gazdalkodas/index.html HTTP/1.1" 200 88137 "-" "Mozilla/5.0 (compatible; BLEXBot/1.0; +http://webmeup-crawler.com/)"
136.243.36.87 - - [01/Mar/2017:05:17:51 +0100] "GET /kutat/REVkutatas/4projektek/index.html HTTP/1.1" 200 68956 "-" "Mozilla/5.0 (compatible; BLEXBot/1.0; +http://webmeup-crawler.com/)"
136.243.36.87 - - [01/Mar/2017:05:18:01 +0100] "GET /kutat/REVkutatas/5PR/index.html HTTP/1.1" 200 49876 "-" "Mozilla/5.0 (compatible; BLEXBot/1.0; +http://webmeup-crawler.com/)"
136.243.36.87 - - [01/Mar/2017:05:18:15 +0100] "GET /kutat/REVkutatas/index.html HTTP/1.1" 200 13447 "-" "Mozilla/5.0 (compatible; BLEXBot/1.0; +http://webmeup-crawler.com/)"
136.243.36.87 - - [01/Mar/2017:05:18:28 +0100] "GET /kutat/index.html HTTP/1.1" 200 18756 "-" "Mozilla/5.0 (compatible; BLEXBot/1.0; +http://webmeup-crawler.com/)"
136.243.36.87 - - [01/Mar/2017:05:18:46 +0100] "GET /new/content/civil-szervezeti-l%C3%A9t-r%C3%A9gi-%C3%A9s-%C3%BAj-kih%C3%ADv%C3%A1sai HTTP/1.1" 200 8895 "-" "Mozilla/5.0 (compatible; BLEXBot/1.0; +http://webmeup-crawler.com/)"
136.243.36.87 - - [01/Mar/2017:05:19:02 +0100] "GET /new/content/egyes%C3%BCleti-alapszab%C3%A1ly-%C3%A9s-m%C5%B1k%C3%B6d%C3%A9s HTTP/1.1" 200 8328 "-" "Mozilla/5.0 (compatible; BLEXBot/1.0; +http://webmeup-crawler.com/)"
136.243.36.87 - - [01/Mar/2017:05:19:16 +0100] "GET /new/content/gyakran-ism%C3%A9telt-k%C3%A9rd%C3%A9sek HTTP/1.1" 200 12836 "-" "Mozilla/5.0 (compatible; BLEXBot/1.0; +http://webmeup-crawler.com/)"
136.243.36.87 - - [01/Mar/2017:05:19:30 +0100] "GET /new/content/indul%C3%B3-projekt-magyar-nonprofit-szektor-t%C3%A1mogat%C3%A1s%C3%A1ra HTTP/1.1" 200 9453 "-" "Mozilla/5.0 (compatible; BLEXBot/1.0; +http://webmeup-crawler.com/)"
136.243.36.87 - - [01/Mar/2017:05:19:51 +0100] "GET /new/dossziek/dossziek HTTP/1.1" 200 7710 "-" "Mozilla/5.0 (compatible; BLEXBot/1.0; +http://webmeup-crawler.com/)"
136.243.36.87 - - [01/Mar/2017:05:20:05 +0100] "GET /new/dossziek/dr-b%C3%ADr%C3%B3-endre-kcr-dimenzi%C3%B3-civil-r%C3%A9szv%C3%A9tel-jogi-akad%C3%A1lyai-k%C3%B6zfeladatok-ell%C3%A1t%C3%A1s%C3%A1ban HTTP/1.1" 200 8142 "-" "Mozilla/5.0 (compatible; BLEXBot/1.0; +http://webmeup-crawler.com/)"
136.243.36.87 - - [01/Mar/2017:05:20:17 +0100] "GET /new/dossziek/dr-f%C3%BCl%C3%B6p-s%C3%A1ndor-egyes%C3%BCletek-b%C3%ADr%C3%B3s%C3%A1gi-nyilv%C3%A1ntart%C3%A1sba-v%C3%A9teli-gyakorlata-%C3%B6sszehasonl%C3%ADt%C3%B3-elemz HTTP/1.1" 200 8311 "-" "Mozilla/5.0 (compatible; BLEXBot/1.0; +http://webmeup-crawler.com/)"
136.243.36.87 - - [01/Mar/2017:05:20:31 +0100] "GET /new/dossziek/hirek HTTP/1.1" 200 8103 "-" "Mozilla/5.0 (compatible; BLEXBot/1.0; +http://webmeup-crawler.com/)"
136.243.36.87 - - [01/Mar/2017:05:20:45 +0100] "GET /new/dossziek/publikaciok HTTP/1.1" 200 7889 "-" "Mozilla/5.0 (compatible; BLEXBot/1.0; +http://webmeup-crawler.com/)"
136.243.36.87 - - [01/Mar/2017:05:21:22 +0100] "GET /new/en/about_us HTTP/1.1" 200 8744 "-" "Mozilla/5.0 (compatible; BLEXBot/1.0; +http://webmeup-crawler.com/)"
136.243.36.87 - - [01/Mar/2017:05:22:08 +0100] "GET /new/en/about_us/activity HTTP/1.1" 200 8929 "-" "Mozilla/5.0 (compatible; BLEXBot/1.0; +http://webmeup-crawler.com/)"
136.243.36.87 - - [01/Mar/2017:05:22:30 +0100] "GET /new/en/about_us/financial_reports HTTP/1.1" 200 8242 "-" "Mozilla/5.0 (compatible; BLEXBot/1.0; +http://webmeup-crawler.com/)"
136.243.36.87 - - [01/Mar/2017:05:22:47 +0100] "GET /new/en/about_us/links HTTP/1.1" 200 7745 "-" "Mozilla/5.0 (compatible; BLEXBot/1.0; +http://webmeup-crawler.com/)"
136.243.36.87 - - [01/Mar/2017:05:23:13 +0100] "GET /new/en/about_us/members HTTP/1.1" 200 7939 "-" "Mozilla/5.0 (compatible; BLEXBot/1.0; +http://webmeup-crawler.com/)"
136.243.36.87 - - [01/Mar/2017:05:23:40 +0100] "GET /new/en/about_us/our_staff HTTP/1.1" 200 8818 "-" "Mozilla/5.0 (compatible; BLEXBot/1.0; +http://webmeup-crawler.com/)"
136.243.36.87 - - [01/Mar/2017:05:24:03 +0100] "GET /new/en/about_us/supporters HTTP/1.1" 200 7950 "-" "Mozilla/5.0 (compatible; BLEXBot/1.0; +http://webmeup-crawler.com/)"
136.243.36.87 - - [01/Mar/2017:05:24:27 +0100] "GET /new/en/contact_us HTTP/1.1" 200 7166 "-" "Mozilla/5.0 (compatible; BLEXBot/1.0; +http://webmeup-crawler.com/)"
136.243.36.87 - - [01/Mar/2017:05:24:47 +0100] "GET /robots.txt HTTP/1.1" 404 1181 "-" "Mozilla/5.0 (compatible; BLEXBot/1.0; +http://webmeup-crawler.com/)"
136.243.36.87 - - [01/Mar/2017:05:24:47 +0100] "GET /robots.txt HTTP/1.1" 404 1181 "-" "Mozilla/5.0 (compatible; BLEXBot/1.0; +http://webmeup-crawler.com/)"
136.243.36.87 - - [01/Mar/2017:05:24:49 +0100] "GET /new/en/dossiers HTTP/1.1" 200 7862 "-" "Mozilla/5.0 (compatible; BLEXBot/1.0; +http://webmeup-crawler.com/)"
136.243.36.87 - - [01/Mar/2017:05:25:10 +0100] "GET /new/en/dossiers/Test%20dossie HTTP/1.1" 200 7089 "-" "Mozilla/5.0 (compatible; BLEXBot/1.0; +http://webmeup-crawler.com/)"
136.243.36.87 - - [01/Mar/2017:05:25:25 +0100] "GET /new/en/news HTTP/1.1" 200 8133 "-" "Mozilla/5.0 (compatible; BLEXBot/1.0; +http://webmeup-crawler.com/)"
136.243.36.87 - - [01/Mar/2017:05:25:52 +0100] "GET /new/en/news/2009 HTTP/1.1" 200 8116 "-" "Mozilla/5.0 (compatible; BLEXBot/1.0; +http://webmeup-crawler.com/)"
157.55.39.158 - - [01/Mar/2017:05:25:52 +0100] "GET /new/sites/default/files/Jegyz%25C5%2591k%25C3%25B6nyv20070920.pdf HTTP/1.1" 404 7142 "-" "Mozilla/5.0 (compatible; bingbot/2.0; +http://www.bing.com/bingbot.htm)"
136.243.36.87 - - [01/Mar/2017:05:26:24 +0100] "GET /new/en/projects HTTP/1.1" 200 7652 "-" "Mozilla/5.0 (compatible; BLEXBot/1.0; +http://webmeup-crawler.com/)"
136.243.36.87 - - [01/Mar/2017:05:26:38 +0100] "GET /new/en/projects/Test%20project HTTP/1.1" 200 7088 "-" "Mozilla/5.0 (compatible; BLEXBot/1.0; +http://webmeup-crawler.com/)"
136.243.36.87 - - [01/Mar/2017:05:27:11 +0100] "GET /new/en/publications HTTP/1.1" 200 7674 "-" "Mozilla/5.0 (compatible; BLEXBot/1.0; +http://webmeup-crawler.com/)"
136.243.36.87 - - [01/Mar/2017:05:27:36 +0100] "GET /new/en/publications/2008 HTTP/1.1" 200 7658 "-" "Mozilla/5.0 (compatible; BLEXBot/1.0; +http://webmeup-crawler.com/)"
164.132.161.70 - - [01/Mar/2017:05:27:42 +0100] "GET /konferenciak/06egszb/resztvevok/index.html HTTP/1.1" 200 88954 "-" "Mozilla/5.0 (compatible; AhrefsBot/5.2; +http://ahrefs.com/robot/)"
136.243.36.87 - - [01/Mar/2017:05:28:14 +0100] "GET /new/hirek/2009?page=1 HTTP/1.1" 200 12044 "-" "Mozilla/5.0 (compatible; BLEXBot/1.0; +http://webmeup-crawler.com/)"
136.243.36.87 - - [01/Mar/2017:05:28:34 +0100] "GET /new/hirek/2010?page=1 HTTP/1.1" 200 12044 "-" "Mozilla/5.0 (compatible; BLEXBot/1.0; +http://webmeup-crawler.com/)"
136.243.36.87 - - [01/Mar/2017:05:28:51 +0100] "GET /new/hirek/2013?page=1 HTTP/1.1" 200 12044 "-" "Mozilla/5.0 (compatible; BLEXBot/1.0; +http://webmeup-crawler.com/)"
136.243.36.87 - - [01/Mar/2017:05:29:12 +0100] "GET /new/hirek/2014?page=1 HTTP/1.1" 200 12044 "-" "Mozilla/5.0 (compatible; BLEXBot/1.0; +http://webmeup-crawler.com/)"
136.243.36.87 - - [01/Mar/2017:05:29:31 +0100] "GET /new/hirek/2016?page=1 HTTP/1.1" 200 12044 "-" "Mozilla/5.0 (compatible; BLEXBot/1.0; +http://webmeup-crawler.com/)"
136.243.36.87 - - [01/Mar/2017:05:29:52 +0100] "GET /new/hirek/alap%C3%ADtv%C3%A1ny-alap%C3%ADt%C3%B3-okirata-%C3%A9s-m%C5%B1k%C3%B6d%C3%A9se HTTP/1.1" 200 8887 "-" "Mozilla/5.0 (compatible; BLEXBot/1.0; +http://webmeup-crawler.com/)"
136.243.36.87 - - [01/Mar/2017:05:30:13 +0100] "GET /new/hirek/dossziek HTTP/1.1" 200 16599 "-" "Mozilla/5.0 (compatible; BLEXBot/1.0; +http://webmeup-crawler.com/)"
85.89.127.14 - - [01/Mar/2017:05:32:11 +0100] "GET /galateia.css HTTP/1.1" 200 1717 "http://www.nosza.hu/kutat/REVkutatas/1gazdasag/" "Mozilla/5.0 (Macintosh; Intel Mac OS X 10_10_2) AppleWebKit/600.4.8 (KHTML, like Gecko) Version/8.0.3 Safari/600.4.8"
85.89.127.14 - - [01/Mar/2017:05:32:11 +0100] "GET /graphics/noszalogo.gif HTTP/1.1" 200 6797 "http://www.nosza.hu/kutat/REVkutatas/1gazdasag/" "Mozilla/5.0 (Macintosh; Intel Mac OS X 10_10_2) AppleWebKit/600.4.8 (KHTML, like Gecko) Version/8.0.3 Safari/600.4.8"
85.89.127.14 - - [01/Mar/2017:05:32:12 +0100] "GET /kutat/REVkutatas/1gazdasag/ HTTP/1.1" 200 89032 "https://www.google.hu/" "Mozilla/5.0 (Macintosh; Intel Mac OS X 10_10_2) AppleWebKit/600.4.8 (KHTML, like Gecko) Version/8.0.3 Safari/600.4.8"
85.89.127.14 - - [01/Mar/2017:05:32:12 +0100] "GET /graphics/galas.gif HTTP/1.1" 200 913 "http://www.nosza.hu/kutat/REVkutatas/1gazdasag/" "Mozilla/5.0 (Macintosh; Intel Mac OS X 10_10_2) AppleWebKit/600.4.8 (KHTML, like Gecko) Version/8.0.3 Safari/600.4.8"
85.89.127.14 - - [01/Mar/2017:05:32:12 +0100] "GET /favicon.ico HTTP/1.1" 404 1181 "http://www.nosza.hu/kutat/REVkutatas/1gazdasag/" "Mozilla/5.0 (Macintosh; Intel Mac OS X 10_10_2) AppleWebKit/600.4.8 (KHTML, like Gecko) Version/8.0.3 Safari/600.4.8"
136.243.36.87 - - [01/Mar/2017:05:32:45 +0100] "GET /robots.txt HTTP/1.1" 404 1181 "-" "Mozilla/5.0 (compatible; BLEXBot/1.0; +http://webmeup-crawler.com/)"
136.243.36.87 - - [01/Mar/2017:05:32:45 +0100] "GET /robots.txt HTTP/1.1" 404 1181 "-" "Mozilla/5.0 (compatible; BLEXBot/1.0; +http://webmeup-crawler.com/)"
136.243.36.87 - - [01/Mar/2017:05:32:46 +0100] "GET /new/hirek/hirek HTTP/1.1" 200 16498 "-" "Mozilla/5.0 (compatible; BLEXBot/1.0; +http://webmeup-crawler.com/)"
136.243.36.87 - - [01/Mar/2017:05:33:01 +0100] "GET /new/hirek/k%C3%A9pz%C3%A9si-anyag-civil-szerveztek-m%C5%B1k%C3%B6d%C3%A9s%C3%A9nek-t%C3%A1mogat%C3%A1s%C3%A1ra HTTP/1.1" 200 8656 "-" "Mozilla/5.0 (compatible; BLEXBot/1.0; +http://webmeup-crawler.com/)"
46.118.233.101 - - [01/Mar/2017:05:33:08 +0100] "GET /new/en/news/henceforth-nosza-association-proud-member-freedom-information-advocates-network-foianet/ HTTP/1.1" 200 8098 "http://www.mhi-systems.ru/" "Mozilla/4.0 (compatible; MSIE 6.0; Windows XP)"
46.118.233.101 - - [01/Mar/2017:05:33:09 +0100] "GET /new/en/news/henceforth-nosza-association-proud-member-freedom-information-advocates-network-foianet/ HTTP/1.1" 200 8098 "http://www.mhi-systems.ru/" "Mozilla/4.0 (compatible; MSIE 6.0; Windows XP)"
46.118.233.101 - - [01/Mar/2017:05:33:10 +0100] "GET /new/en/news/henceforth-nosza-association-proud-member-freedom-information-advocates-network-foianet/ HTTP/1.1" 200 8098 "http://www.mhi-systems.ru/" "Mozilla/4.0 (compatible; MSIE 6.0; Windows XP)"
136.243.36.87 - - [01/Mar/2017:05:33:38 +0100] "GET /new/hirek/k%C3%A9rd%C5%91%C3%ADv-magyarorsz%C3%A1gi-non-profit-szervezetek-%C3%A1ltali-%C3%B6nk%C3%A9ntes-foglalkoztat%C3%A1sr%C3%B3l HTTP/1.1" 200 9230 "-" "Mozilla/5.0 (compatible; BLEXBot/1.0; +http://webmeup-crawler.com/)"
136.243.36.87 - - [01/Mar/2017:05:34:02 +0100] "GET /new/hirek/nosza-egyes%C3%BClet-m%C3%A1t%C3%B3l-hivatalosan-freedom-information-advocates-network-foianet-tagja HTTP/1.1" 200 8671 "-" "Mozilla/5.0 (compatible; BLEXBot/1.0; +http://webmeup-crawler.com/)"
136.243.36.87 - - [01/Mar/2017:05:34:37 +0100] "GET /new/hirek/publikaciok HTTP/1.1" 200 16668 "-" "Mozilla/5.0 (compatible; BLEXBot/1.0; +http://webmeup-crawler.com/)"
136.243.36.87 - - [01/Mar/2017:05:34:49 +0100] "GET /new/hirek?page=1 HTTP/1.1" 200 12060 "-" "Mozilla/5.0 (compatible; BLEXBot/1.0; +http://webmeup-crawler.com/)"
136.243.36.87 - - [01/Mar/2017:05:35:17 +0100] "GET /new/magunkrol/dossziek HTTP/1.1" 200 8462 "-" "Mozilla/5.0 (compatible; BLEXBot/1.0; +http://webmeup-crawler.com/)"
136.243.36.87 - - [01/Mar/2017:05:35:45 +0100] "GET /new/magunkrol/hirek HTTP/1.1" 200 8736 "-" "Mozilla/5.0 (compatible; BLEXBot/1.0; +http://webmeup-crawler.com/)"
136.243.36.87 - - [01/Mar/2017:05:35:58 +0100] "GET /new/magunkrol/publikaciok HTTP/1.1" 200 8522 "-" "Mozilla/5.0 (compatible; BLEXBot/1.0; +http://webmeup-crawler.com/)"
157.55.39.176 - - [01/Mar/2017:05:36:18 +0100] "GET /new/hirek/nyitott-jogalkot%C3%A1s-hogyan-lesz-az-elm%C3%A9letb%C5%91l-gyakorlat HTTP/1.1" 200 11990 "-" "Mozilla/5.0 (compatible; bingbot/2.0; +http://www.bing.com/bingbot.htm)"
136.243.36.87 - - [01/Mar/2017:05:36:25 +0100] "GET /new/magunkrol/tagjaink?page=1 HTTP/1.1" 200 10123 "-" "Mozilla/5.0 (compatible; BLEXBot/1.0; +http://webmeup-crawler.com/)"
136.243.36.87 - - [01/Mar/2017:05:36:39 +0100] "GET /new/projektek/%C3%B6nk%C3%A9ntes-menedzsment-tr%C3%A9ning HTTP/1.1" 200 9398 "-" "Mozilla/5.0 (compatible; BLEXBot/1.0; +http://webmeup-crawler.com/)"
164.132.161.26 - - [01/Mar/2017:05:42:04 +0100] "GET /new/en/contact_us HTTP/1.1" 200 7166 "-" "Mozilla/5.0 (compatible; AhrefsBot/5.2; +http://ahrefs.com/robot/)"
162.210.196.97 - - [01/Mar/2017:06:05:16 +0100] "GET /robots.txt HTTP/1.1" 404 1181 "-" "Mozilla/5.0 (compatible; MJ12bot/v1.4.8; http://mj12bot.com/)"
162.210.196.97 - - [01/Mar/2017:06:05:18 +0100] "GET / HTTP/1.1" 200 1010 "-" "Mozilla/5.0 (compatible; MJ12bot/v1.4.8; http://mj12bot.com/)"
188.143.53.147 - - [01/Mar/2017:06:13:00 +0100] "GET /kutat/REVkutatas/3gazdalkodas/ HTTP/1.1" 200 88137 "https://www.google.hu/" "Mozilla/5.0 (Windows NT 6.0) AppleWebKit/537.36 (KHTML, like Gecko) Chrome/49.0.2623.112 Safari/537.36"
188.143.53.147 - - [01/Mar/2017:06:13:00 +0100] "GET /galateia.css HTTP/1.1" 200 1717 "http://www.nosza.hu/kutat/REVkutatas/3gazdalkodas/" "Mozilla/5.0 (Windows NT 6.0) AppleWebKit/537.36 (KHTML, like Gecko) Chrome/49.0.2623.112 Safari/537.36"
188.143.53.147 - - [01/Mar/2017:06:13:00 +0100] "GET /graphics/noszalogo.gif HTTP/1.1" 200 6797 "http://www.nosza.hu/kutat/REVkutatas/3gazdalkodas/" "Mozilla/5.0 (Windows NT 6.0) AppleWebKit/537.36 (KHTML, like Gecko) Chrome/49.0.2623.112 Safari/537.36"
188.143.53.147 - - [01/Mar/2017:06:13:00 +0100] "GET /graphics/galas.gif HTTP/1.1" 200 913 "http://www.nosza.hu/kutat/REVkutatas/3gazdalkodas/" "Mozilla/5.0 (Windows NT 6.0) AppleWebKit/537.36 (KHTML, like Gecko) Chrome/49.0.2623.112 Safari/537.36"
188.143.53.147 - - [01/Mar/2017:06:13:01 +0100] "GET /favicon.ico HTTP/1.1" 404 1181 "http://www.nosza.hu/kutat/REVkutatas/3gazdalkodas/" "Mozilla/5.0 (Windows NT 6.0) AppleWebKit/537.36 (KHTML, like Gecko) Chrome/49.0.2623.112 Safari/537.36"
104.197.241.64 - - [01/Mar/2017:06:19:20 +0100] "GET /robots.txt HTTP/1.1" 404 1181 "-" "ltx71 - (http://ltx71.com/)"
157.55.39.157 - - [01/Mar/2017:06:19:53 +0100] "GET /new/magunkrol/tagjaink HTTP/1.1" 200 17173 "-" "Mozilla/5.0 (compatible; bingbot/2.0; +http://www.bing.com/bingbot.htm)"
157.55.39.157 - - [01/Mar/2017:06:19:55 +0100] "GET /new/projektek/Menedzsment%20tr%C3%A9ning HTTP/1.1" 200 9046 "-" "Mozilla/5.0 (compatible; bingbot/2.0; +http://www.bing.com/bingbot.htm)"
157.55.39.157 - - [01/Mar/2017:06:19:57 +0100] "GET /new/dossziek/Teszt%20dosszi%C3%A9 HTTP/1.1" 200 7649 "-" "Mozilla/5.0 (compatible; bingbot/2.0; +http://www.bing.com/bingbot.htm)"
157.55.39.158 - - [01/Mar/2017:06:19:58 +0100] "GET /halozatok/kerekasztal/memo3/index.html HTTP/1.1" 200 8909 "-" "Mozilla/5.0 (compatible; bingbot/2.0; +http://www.bing.com/bingbot.htm)"
157.55.39.157 - - [01/Mar/2017:06:19:58 +0100] "GET /new/en/about_us/financial_reports HTTP/1.1" 200 8242 "-" "Mozilla/5.0 (compatible; bingbot/2.0; +http://www.bing.com/bingbot.htm)"
157.55.39.158 - - [01/Mar/2017:06:19:59 +0100] "GET /kutat/REVkutatas/3gazdalkodas/index.html HTTP/1.1" 200 88137 "-" "Mozilla/5.0 (compatible; bingbot/2.0; +http://www.bing.com/bingbot.htm)"
157.55.39.157 - - [01/Mar/2017:06:20:00 +0100] "GET /aktualis/105onk/index.html HTTP/1.1" 200 65506 "-" "Mozilla/5.0 (compatible; bingbot/2.0; +http://www.bing.com/bingbot.htm)"
157.55.39.157 - - [01/Mar/2017:06:20:00 +0100] "GET /konferenciak/042memo/index.html HTTP/1.1" 200 15379 "-" "Mozilla/5.0 (compatible; bingbot/2.0; +http://www.bing.com/bingbot.htm)"
157.55.39.157 - - [01/Mar/2017:06:20:01 +0100] "GET /JMCS/memo/09/index.html HTTP/1.1" 200 41859 "-" "Mozilla/5.0 (compatible; bingbot/2.0; +http://www.bing.com/bingbot.htm)"
157.55.39.157 - - [01/Mar/2017:06:20:01 +0100] "GET /angol/index.html HTTP/1.1" 200 13458 "-" "Mozilla/5.0 (compatible; bingbot/2.0; +http://www.bing.com/bingbot.htm)"
157.55.39.157 - - [01/Mar/2017:06:20:01 +0100] "GET /halozatok/JMCS/tagok/index.html HTTP/1.1" 200 65034 "-" "Mozilla/5.0 (compatible; bingbot/2.0; +http://www.bing.com/bingbot.htm)"
157.55.39.158 - - [01/Mar/2017:06:20:02 +0100] "GET /new/hirek/2009 HTTP/1.1" 200 16410 "-" "Mozilla/5.0 (compatible; bingbot/2.0; +http://www.bing.com/bingbot.htm)"
157.55.39.157 - - [01/Mar/2017:06:20:02 +0100] "GET /halozatok/muhely/tagok/index.html HTTP/1.1" 200 25134 "-" "Mozilla/5.0 (compatible; bingbot/2.0; +http://www.bing.com/bingbot.htm)"
157.55.39.158 - - [01/Mar/2017:06:20:02 +0100] "GET /aktualis/106GSZTcivil/index.html HTTP/1.1" 200 24702 "-" "Mozilla/5.0 (compatible; bingbot/2.0; +http://www.bing.com/bingbot.htm)"
157.55.39.158 - - [01/Mar/2017:06:20:04 +0100] "GET /new/hirek/dossziek?page=1 HTTP/1.1" 200 12246 "-" "Mozilla/5.0 (compatible; bingbot/2.0; +http://www.bing.com/bingbot.htm)"
157.55.39.158 - - [01/Mar/2017:06:20:04 +0100] "GET /konferenciak/041memo/ HTTP/1.1" 200 34889 "-" "Mozilla/5.0 (compatible; bingbot/2.0; +http://www.bing.com/bingbot.htm)"
157.55.39.158 - - [01/Mar/2017:06:20:05 +0100] "GET /aktualis/104eitv/index.html HTTP/1.1" 200 94846 "-" "Mozilla/5.0 (compatible; bingbot/2.0; +http://www.bing.com/bingbot.htm)"
157.55.39.158 - - [01/Mar/2017:06:20:05 +0100] "GET /konferenciak/07egszbbesz/index.html HTTP/1.1" 200 21734 "-" "Mozilla/5.0 (compatible; bingbot/2.0; +http://www.bing.com/bingbot.htm)"
157.55.39.158 - - [01/Mar/2017:06:20:07 +0100] "GET /new/projektek/hirek HTTP/1.1" 200 8354 "-" "Mozilla/5.0 (compatible; bingbot/2.0; +http://www.bing.com/bingbot.htm)"
157.55.39.158 - - [01/Mar/2017:06:20:07 +0100] "GET /halozatok/kerekasztal/memo5/index.html HTTP/1.1" 200 11742 "-" "Mozilla/5.0 (compatible; bingbot/2.0; +http://www.bing.com/bingbot.htm)"
157.55.39.158 - - [01/Mar/2017:06:20:08 +0100] "GET /konferenciak/2konferencia/index.html HTTP/1.1" 200 7142 "-" "Mozilla/5.0 (compatible; bingbot/2.0; +http://www.bing.com/bingbot.htm)"
157.55.39.158 - - [01/Mar/2017:06:20:08 +0100] "GET /konferenciak/konferencia3/index.html HTTP/1.1" 200 25940 "-" "Mozilla/5.0 (compatible; bingbot/2.0; +http://www.bing.com/bingbot.htm)"
157.55.39.158 - - [01/Mar/2017:06:20:09 +0100] "GET /JMCS/memo/02/index.html HTTP/1.1" 200 50878 "-" "Mozilla/5.0 (compatible; bingbot/2.0; +http://www.bing.com/bingbot.htm)"
157.55.39.158 - - [01/Mar/2017:06:20:09 +0100] "GET /3kutat/NOSZA2002/index.html HTTP/1.1" 200 23392 "-" "Mozilla/5.0 (compatible; bingbot/2.0; +http://www.bing.com/bingbot.htm)"
157.55.39.158 - - [01/Mar/2017:06:20:09 +0100] "GET /aktualis/onkentes/index.html HTTP/1.1" 200 26445 "-" "Mozilla/5.0 (compatible; bingbot/2.0; +http://www.bing.com/bingbot.htm)"
157.55.39.158 - - [01/Mar/2017:06:20:10 +0100] "GET /aktualis/ajogisegitseg/index.html HTTP/1.1" 200 395762 "-" "Mozilla/5.0 (compatible; bingbot/2.0; +http://www.bing.com/bingbot.htm)"
157.55.39.158 - - [01/Mar/2017:06:20:11 +0100] "GET /halozatok/kerekasztal/memo1/index.html HTTP/1.1" 200 26344 "-" "Mozilla/5.0 (compatible; bingbot/2.0; +http://www.bing.com/bingbot.htm)"
157.55.39.156 - - [01/Mar/2017:06:20:16 +0100] "GET /kutat/REVkutatas/1gazdasag/ HTTP/1.1" 200 89032 "-" "Mozilla/5.0 (compatible; bingbot/2.0; +http://www.bing.com/bingbot.htm)"
157.55.39.156 - - [01/Mar/2017:06:20:17 +0100] "GET /index.html HTTP/1.1" 200 1010 "-" "Mozilla/5.0 (compatible; bingbot/2.0; +http://www.bing.com/bingbot.htm)"
157.55.39.156 - - [01/Mar/2017:06:20:17 +0100] "GET /aktualis/NCA/index.html HTTP/1.1" 200 50805 "-" "Mozilla/5.0 (compatible; bingbot/2.0; +http://www.bing.com/bingbot.htm)"
157.55.39.156 - - [01/Mar/2017:06:20:17 +0100] "GET /aktualis/108autopalya/index.html HTTP/1.1" 200 7574 "-" "Mozilla/5.0 (compatible; bingbot/2.0; +http://www.bing.com/bingbot.htm)"
157.55.39.156 - - [01/Mar/2017:06:20:17 +0100] "GET /halozatok/muhely/belepes/index.html HTTP/1.1" 200 4602 "-" "Mozilla/5.0 (compatible; bingbot/2.0; +http://www.bing.com/bingbot.htm)"
157.55.39.156 - - [01/Mar/2017:06:20:18 +0100] "GET /konferenciak/041memo/index.html HTTP/1.1" 200 34889 "-" "Mozilla/5.0 (compatible; bingbot/2.0; +http://www.bing.com/bingbot.htm)"
157.55.39.156 - - [01/Mar/2017:06:20:18 +0100] "GET /JMCS/memo/03/index.html HTTP/1.1" 200 45293 "-" "Mozilla/5.0 (compatible; bingbot/2.0; +http://www.bing.com/bingbot.htm)"
157.55.39.156 - - [01/Mar/2017:06:20:18 +0100] "GET /halozatok/kerekasztal/memo5/ HTTP/1.1" 200 11742 "-" "Mozilla/5.0 (compatible; bingbot/2.0; +http://www.bing.com/bingbot.htm)"
157.55.39.156 - - [01/Mar/2017:06:20:19 +0100] "GET /3kutat/NOSZA2002/ HTTP/1.1" 200 23392 "-" "Mozilla/5.0 (compatible; bingbot/2.0; +http://www.bing.com/bingbot.htm)"
157.55.39.156 - - [01/Mar/2017:06:20:20 +0100] "GET /new/hirek/nosza-egyes%C3%BClet-%C3%A9s-f%C3%BCggetlen-m%C3%A9diak%C3%B6zpont-sikeres-p%C3%A1ly%C3%A1zatott-ny%C3%BAjtott-be-norv%C3%A9g-civil-t%C3%A1mogat HTTP/1.1" 200 9153 "-" "Mozilla/5.0 (compatible; bingbot/2.0; +http://www.bing.com/bingbot.htm)"
157.55.39.156 - - [01/Mar/2017:06:20:20 +0100] "GET /halozatok/kerekasztal/memo2/index.html HTTP/1.1" 200 12822 "-" "Mozilla/5.0 (compatible; bingbot/2.0; +http://www.bing.com/bingbot.htm)"
157.55.39.176 - - [01/Mar/2017:06:20:28 +0100] "GET /kutat/REVkutatas/5PR/ HTTP/1.1" 200 49876 "-" "Mozilla/5.0 (compatible; bingbot/2.0; +http://www.bing.com/bingbot.htm)"
157.55.39.176 - - [01/Mar/2017:06:20:29 +0100] "GET /new/content/civil-szervezet-%E2%80%93-t%C3%A1rsadalmi-szervezet-%E2%80%93-civil-t%C3%A1rsas%C3%A1g-az-%C3%BAj-civil-t%C3%B6rv%C3%A9ny-fogalmi-%C3%BAj%C3%ADt%C3%A1sai HTTP/1.1" 200 18203 "-" "Mozilla/5.0 (compatible; bingbot/2.0; +http://www.bing.com/bingbot.htm)"
104.197.241.64 - - [01/Mar/2017:06:20:29 +0100] "GET /kerekes.dbk.pdf HTTP/1.1" 200 143599 "-" "ltx71 - (http://ltx71.com/)"
157.55.39.176 - - [01/Mar/2017:06:20:31 +0100] "GET /new/en/ HTTP/1.1" 200 9179 "-" "Mozilla/5.0 (compatible; bingbot/2.0; +http://www.bing.com/bingbot.htm)"
157.55.39.176 - - [01/Mar/2017:06:20:33 +0100] "GET /new/publikaciok/publikaciok HTTP/1.1" 200 7795 "-" "Mozilla/5.0 (compatible; bingbot/2.0; +http://www.bing.com/bingbot.htm)"
157.55.39.176 - - [01/Mar/2017:06:20:34 +0100] "GET /new/publikaciok/hirek HTTP/1.1" 200 8171 "-" "Mozilla/5.0 (compatible; bingbot/2.0; +http://www.bing.com/bingbot.htm)"
157.55.39.176 - - [01/Mar/2017:06:20:34 +0100] "GET /konferenciak/03konf/index.html HTTP/1.1" 200 13272 "-" "Mozilla/5.0 (compatible; bingbot/2.0; +http://www.bing.com/bingbot.htm)"
157.55.39.176 - - [01/Mar/2017:06:20:35 +0100] "GET /konferenciak/040memo/index.html HTTP/1.1" 200 33575 "-" "Mozilla/5.0 (compatible; bingbot/2.0; +http://www.bing.com/bingbot.htm)"
157.55.39.176 - - [01/Mar/2017:06:20:35 +0100] "GET /aktualis/009GSZTcivil/index.html HTTP/1.1" 200 24603 "-" "Mozilla/5.0 (compatible; bingbot/2.0; +http://www.bing.com/bingbot.htm)"
157.55.39.176 - - [01/Mar/2017:06:20:36 +0100] "GET /aktualis/NCAvh/index.html HTTP/1.1" 200 67842 "-" "Mozilla/5.0 (compatible; bingbot/2.0; +http://www.bing.com/bingbot.htm)"
157.55.39.176 - - [01/Mar/2017:06:20:36 +0100] "GET /3kutat/REVkutatas/6level/index.html HTTP/1.1" 200 18798 "-" "Mozilla/5.0 (compatible; bingbot/2.0; +http://www.bing.com/bingbot.htm)"
157.55.39.176 - - [01/Mar/2017:06:20:37 +0100] "GET /aktualis/onfoglalkoztatas/index.html HTTP/1.1" 200 77025 "-" "Mozilla/5.0 (compatible; bingbot/2.0; +http://www.bing.com/bingbot.htm)"
157.55.39.176 - - [01/Mar/2017:06:20:38 +0100] "GET /halozatok/JMCS/memo/09/index.html HTTP/1.1" 200 42017 "-" "Mozilla/5.0 (compatible; bingbot/2.0; +http://www.bing.com/bingbot.htm)"
157.55.39.176 - - [01/Mar/2017:06:20:38 +0100] "GET /konferenciak/regionalis/index.html HTTP/1.1" 200 13298 "-" "Mozilla/5.0 (compatible; bingbot/2.0; +http://www.bing.com/bingbot.htm)"
157.55.39.176 - - [01/Mar/2017:06:20:38 +0100] "GET /halozatok/kerekasztal/memo1/ HTTP/1.1" 200 26344 "-" "Mozilla/5.0 (compatible; bingbot/2.0; +http://www.bing.com/bingbot.htm)"
157.55.39.176 - - [01/Mar/2017:06:20:40 +0100] "GET /new/hirek?page=1 HTTP/1.1" 200 12060 "-" "Mozilla/5.0 (compatible; bingbot/2.0; +http://www.bing.com/bingbot.htm)"
66.249.66.135 - - [01/Mar/2017:06:22:27 +0100] "GET /new/content/civil-szervezet-%E2%80%93-t%C3%A1rsadalmi-szervezet-%E2%80%93-civil-t%C3%A1rsas%C3%A1g-az-%C3%BAj-civil-t%C3%B6rv%C3%A9ny-fogalmi-%C3%BAj%C3%ADt%C3%A1sai HTTP/1.1" 200 18203 "-" "Mozilla/5.0 (compatible; Googlebot/2.1; +http://www.google.com/bot.html)"
46.229.168.74 - - [01/Mar/2017:06:40:28 +0100] "GET /konferenciak/07egszbbesz/07egszbpr/index.html HTTP/1.1" 200 13538 "-" "Mozilla/5.0 (compatible; SemrushBot/1.2~bl; +http://www.semrush.com/bot.html)"
157.55.39.156 - - [01/Mar/2017:06:40:36 +0100] "GET /new/magunkrol/tevekenysegunk HTTP/1.1" 200 9953 "-" "Mozilla/5.0 (iPhone; CPU iPhone OS 7_0 like Mac OS X) AppleWebKit/537.51.1 (KHTML, like Gecko) Version/7.0 Mobile/11A465 Safari/9537.53 (compatible; bingbot/2.0; +http://www.bing.com/bingbot.htm)"
46.229.168.73 - - [01/Mar/2017:06:40:44 +0100] "GET /konferenciak/05emla/index.html HTTP/1.1" 200 22316 "-" "Mozilla/5.0 (compatible; SemrushBot/1.2~bl; +http://www.semrush.com/bot.html)"
46.229.168.72 - - [01/Mar/2017:06:41:02 +0100] "GET /aktualis/105onk/onkentes/index.html HTTP/1.1" 200 24562 "-" "Mozilla/5.0 (compatible; SemrushBot/1.2~bl; +http://www.semrush.com/bot.html)"
46.229.168.72 - - [01/Mar/2017:06:41:19 +0100] "GET /angol/followup/index.html HTTP/1.1" 200 9852 "-" "Mozilla/5.0 (compatible; SemrushBot/1.2~bl; +http://www.semrush.com/bot.html)"
46.229.168.69 - - [01/Mar/2017:06:41:48 +0100] "GET /aktualis/1gyikNCA/palyazat/index.html HTTP/1.1" 200 26866 "-" "Mozilla/5.0 (compatible; SemrushBot/1.2~bl; +http://www.semrush.com/bot.html)"
46.229.168.68 - - [01/Mar/2017:06:41:56 +0100] "GET /konferenciak/03konf/index.html HTTP/1.1" 200 13272 "-" "Mozilla/5.0 (compatible; SemrushBot/1.2~bl; +http://www.semrush.com/bot.html)"
46.229.168.69 - - [01/Mar/2017:06:42:24 +0100] "GET /angol/EESCconf/index.html HTTP/1.1" 200 12425 "-" "Mozilla/5.0 (compatible; SemrushBot/1.2~bl; +http://www.semrush.com/bot.html)"
46.229.168.69 - - [01/Mar/2017:06:42:25 +0100] "GET /aktualis/1gyikNCA/palyazat/index.html HTTP/1.1" 200 26866 "-" "Mozilla/5.0 (compatible; SemrushBot/1.2~bl; +http://www.semrush.com/bot.html)"
46.229.168.75 - - [01/Mar/2017:06:42:32 +0100] "GET /konferenciak/06egszb/resztvevok/index.html HTTP/1.1" 200 88954 "-" "Mozilla/5.0 (compatible; SemrushBot/1.2~bl; +http://www.semrush.com/bot.html)"
46.229.168.69 - - [01/Mar/2017:06:42:47 +0100] "GET /aktualis/1gyikNCA/palyazat/index.html HTTP/1.1" 200 26866 "-" "Mozilla/5.0 (compatible; SemrushBot/1.2~bl; +http://www.semrush.com/bot.html)"
46.229.168.74 - - [01/Mar/2017:06:42:56 +0100] "GET /konferenciak/regionalis/index.html HTTP/1.1" 200 13298 "-" "Mozilla/5.0 (compatible; SemrushBot/1.2~bl; +http://www.semrush.com/bot.html)"
46.229.168.75 - - [01/Mar/2017:06:43:08 +0100] "GET /aktualis/1gyikNCA/index.html HTTP/1.1" 200 22264 "-" "Mozilla/5.0 (compatible; SemrushBot/1.2~bl; +http://www.semrush.com/bot.html)"
46.229.168.75 - - [01/Mar/2017:06:43:26 +0100] "GET /3kutat/REVkutatas/1gazdasag/index.html HTTP/1.1" 200 89168 "-" "Mozilla/5.0 (compatible; SemrushBot/1.2~bl; +http://www.semrush.com/bot.html)"
46.229.168.67 - - [01/Mar/2017:06:43:44 +0100] "GET /konferenciak/042memo/index.html HTTP/1.1" 200 15379 "-" "Mozilla/5.0 (compatible; SemrushBot/1.2~bl; +http://www.semrush.com/bot.html)"
46.229.168.65 - - [01/Mar/2017:06:44:02 +0100] "GET /aktualis/108autopalya/index.html HTTP/1.1" 200 7574 "-" "Mozilla/5.0 (compatible; SemrushBot/1.2~bl; +http://www.semrush.com/bot.html)"
46.229.168.75 - - [01/Mar/2017:06:44:20 +0100] "GET /aktualis/NCAvhmod/index.html HTTP/1.1" 200 18140 "-" "Mozilla/5.0 (compatible; SemrushBot/1.2~bl; +http://www.semrush.com/bot.html)"
46.229.168.70 - - [01/Mar/2017:06:44:39 +0100] "GET /3kutat/REVkutatas/5PR/index.html HTTP/1.1" 200 50021 "-" "Mozilla/5.0 (compatible; SemrushBot/1.2~bl; +http://www.semrush.com/bot.html)"
