85.90.177.8 - - [08/Oct/2020:13:11:52 +0200] "GET /kutat/REVkutatas/3gazdalkodas/index.html HTTP/1.1" 200 88137 "https://www.google.com/" "Mozilla/5.0 (Windows NT 10.0; Win64; x64; rv:81.0) Gecko/20100101 Firefox/81.0"
85.90.177.8 - - [08/Oct/2020:13:11:52 +0200] "GET /galateia.css HTTP/1.1" 200 1717 "http://www.nosza.hu/kutat/REVkutatas/3gazdalkodas/index.html" "Mozilla/5.0 (Windows NT 10.0; Win64; x64; rv:81.0) Gecko/20100101 Firefox/81.0"
85.90.177.8 - - [08/Oct/2020:13:11:52 +0200] "GET /graphics/noszalogo.gif HTTP/1.1" 200 6797 "http://www.nosza.hu/kutat/REVkutatas/3gazdalkodas/index.html" "Mozilla/5.0 (Windows NT 10.0; Win64; x64; rv:81.0) Gecko/20100101 Firefox/81.0"
85.90.177.8 - - [08/Oct/2020:13:11:52 +0200] "GET /graphics/galas.gif HTTP/1.1" 200 913 "http://www.nosza.hu/kutat/REVkutatas/3gazdalkodas/index.html" "Mozilla/5.0 (Windows NT 10.0; Win64; x64; rv:81.0) Gecko/20100101 Firefox/81.0"
85.90.177.8 - - [08/Oct/2020:13:11:52 +0200] "GET /favicon.ico HTTP/1.1" 404 1181 "http://www.nosza.hu/kutat/REVkutatas/3gazdalkodas/index.html" "Mozilla/5.0 (Windows NT 10.0; Win64; x64; rv:81.0) Gecko/20100101 Firefox/81.0"
114.119.134.93 - - [08/Oct/2020:13:22:13 +0200] "GET /aktualis/NCA/index.html HTTP/1.1" 200 50805 "-" "Mozilla/5.0 (Linux; Android 7.0;) AppleWebKit/537.36 (KHTML, like Gecko) Mobile Safari/537.36 (compatible; PetalBot;+https://aspiegel.com/petalbot)"
220.181.108.163 - - [08/Oct/2020:13:25:36 +0200] "GET /new/sites/default/files/slovakian%20final.pdf HTTP/1.1" 304 - "-" "Mozilla/5.0 (compatible; Baiduspider/2.0; +http://www.baidu.com/search/spider.html)"
207.46.13.4 - - [08/Oct/2020:13:27:17 +0200] "GET /robots.txt HTTP/1.1" 404 1181 "-" "Mozilla/5.0 (compatible; bingbot/2.0; +http://www.bing.com/bingbot.htm)"
114.119.152.167 - - [08/Oct/2020:13:28:14 +0200] "GET /aktualis/NCAvhmod/index.html HTTP/1.1" 200 18140 "-" "Mozilla/5.0 (Linux; Android 7.0;) AppleWebKit/537.36 (KHTML, like Gecko) Mobile Safari/537.36 (compatible; PetalBot;+https://aspiegel.com/petalbot)"
114.119.137.54 - - [08/Oct/2020:14:02:24 +0200] "GET /aktualis/2jogalkotas/index.html HTTP/1.1" 200 237725 "-" "Mozilla/5.0 (Linux; Android 7.0;) AppleWebKit/537.36 (KHTML, like Gecko) Mobile Safari/537.36 (compatible; PetalBot;+https://aspiegel.com/petalbot)"
114.119.145.175 - - [08/Oct/2020:14:10:56 +0200] "GET /konferenciak/040memo/index.html HTTP/1.1" 200 33575 "-" "Mozilla/5.0 (Linux; Android 7.0;) AppleWebKit/537.36 (KHTML, like Gecko) Mobile Safari/537.36 (compatible; PetalBot;+https://aspiegel.com/petalbot)"
114.119.152.167 - - [08/Oct/2020:14:19:18 +0200] "GET /aktualis/eselyegyenloseg/index.html HTTP/1.1" 200 7557 "-" "Mozilla/5.0 (Linux; Android 7.0;) AppleWebKit/537.36 (KHTML, like Gecko) Mobile Safari/537.36 (compatible; PetalBot;+https://aspiegel.com/petalbot)"
114.119.144.143 - - [08/Oct/2020:14:27:51 +0200] "GET /konferenciak/06egszb/resztvevok/index.html HTTP/1.1" 200 88954 "-" "Mozilla/5.0 (Linux; Android 7.0;) AppleWebKit/537.36 (KHTML, like Gecko) Mobile Safari/537.36 (compatible; PetalBot;+https://aspiegel.com/petalbot)"
114.119.152.167 - - [08/Oct/2020:14:43:36 +0200] "GET /new/magunkrol/dossziek HTTP/1.1" 200 9835 "-" "Mozilla/5.0 (Linux; Android 7.0;) AppleWebKit/537.36 (KHTML, like Gecko) Mobile Safari/537.36 (compatible; PetalBot;+https://aspiegel.com/petalbot)"
78.131.88.110 - - [08/Oct/2020:14:44:32 +0200] "GET /nizak-peterfi.dbk.pdf HTTP/1.1" 200 156101 "https://www.google.com/" "Mozilla/5.0 (Windows NT 10.0; Win64; x64) AppleWebKit/537.36 (KHTML, like Gecko) Chrome/85.0.4183.121 Safari/537.36"
78.131.88.110 - - [08/Oct/2020:14:44:32 +0200] "GET /favicon.ico HTTP/1.1" 404 1181 "http://www.nosza.hu/nizak-peterfi.dbk.pdf" "Mozilla/5.0 (Windows NT 10.0; Win64; x64) AppleWebKit/537.36 (KHTML, like Gecko) Chrome/85.0.4183.121 Safari/537.36"
178.154.200.8 - - [08/Oct/2020:14:49:47 +0200] "GET /robots.txt HTTP/1.1" 404 1181 "-" "Mozilla/5.0 (compatible; YandexBot/3.0; +http://yandex.com/bots)"
178.154.200.8 - - [08/Oct/2020:14:49:51 +0200] "GET /kutat/REVkutatas/1gazdasag/index.html HTTP/1.1" 200 89032 "-" "Mozilla/5.0 (compatible; YandexBot/3.0; +http://yandex.com/bots)"
114.119.153.131 - - [08/Oct/2020:14:51:34 +0200] "GET /3kutat/REVkutatas/4projektek/index.html HTTP/1.1" 200 69101 "-" "Mozilla/5.0 (Linux; Android 7.0;) AppleWebKit/537.36 (KHTML, like Gecko) Mobile Safari/537.36 (compatible; PetalBot;+https://aspiegel.com/petalbot)"
157.55.39.194 - - [08/Oct/2020:14:51:59 +0200] "GET /kutat/REVkutatas/4projektek/ HTTP/1.1" 200 68956 "-" "Mozilla/5.0 (compatible; bingbot/2.0; +http://www.bing.com/bingbot.htm)"
94.21.254.79 - - [08/Oct/2020:14:53:54 +0200] "GET /kutat/REVkutatas/5PR/index.html HTTP/1.1" 200 49876 "https://www.google.com/" "Mozilla/5.0 (Windows NT 10.0; Win64; x64) AppleWebKit/537.36 (KHTML, like Gecko) Chrome/85.0.4183.121 Safari/537.36 OPR/71.0.3770.234"
94.21.254.79 - - [08/Oct/2020:14:53:54 +0200] "GET /galateia.css HTTP/1.1" 200 1717 "http://www.nosza.hu/kutat/REVkutatas/5PR/index.html" "Mozilla/5.0 (Windows NT 10.0; Win64; x64) AppleWebKit/537.36 (KHTML, like Gecko) Chrome/85.0.4183.121 Safari/537.36 OPR/71.0.3770.234"
94.21.254.79 - - [08/Oct/2020:14:53:54 +0200] "GET /graphics/noszalogo.gif HTTP/1.1" 200 6797 "http://www.nosza.hu/kutat/REVkutatas/5PR/index.html" "Mozilla/5.0 (Windows NT 10.0; Win64; x64) AppleWebKit/537.36 (KHTML, like Gecko) Chrome/85.0.4183.121 Safari/537.36 OPR/71.0.3770.234"
94.21.254.79 - - [08/Oct/2020:14:53:54 +0200] "GET /graphics/galas.gif HTTP/1.1" 200 913 "http://www.nosza.hu/kutat/REVkutatas/5PR/index.html" "Mozilla/5.0 (Windows NT 10.0; Win64; x64) AppleWebKit/537.36 (KHTML, like Gecko) Chrome/85.0.4183.121 Safari/537.36 OPR/71.0.3770.234"
94.21.254.79 - - [08/Oct/2020:14:53:54 +0200] "GET /favicon.ico HTTP/1.1" 404 1181 "http://www.nosza.hu/kutat/REVkutatas/5PR/index.html" "Mozilla/5.0 (Windows NT 10.0; Win64; x64) AppleWebKit/537.36 (KHTML, like Gecko) Chrome/85.0.4183.121 Safari/537.36 OPR/71.0.3770.234"
114.119.131.210 - - [08/Oct/2020:14:59:36 +0200] "GET /halozatok/index.html HTTP/1.1" 200 5818 "-" "Mozilla/5.0 (Linux; Android 7.0;) AppleWebKit/537.36 (KHTML, like Gecko) Mobile Safari/537.36 (compatible; PetalBot;+https://aspiegel.com/petalbot)"
5.38.165.90 - - [08/Oct/2020:15:00:02 +0200] "GET /galateia.css HTTP/1.1" 200 1717 "http://www.nosza.hu/kutat/REVkutatas/3gazdalkodas/index.html" "Mozilla/5.0 (Windows NT 10.0; Win64; x64; rv:81.0) Gecko/20100101 Firefox/81.0"
5.38.165.90 - - [08/Oct/2020:15:00:02 +0200] "GET /graphics/noszalogo.gif HTTP/1.1" 200 6797 "http://www.nosza.hu/kutat/REVkutatas/3gazdalkodas/index.html" "Mozilla/5.0 (Windows NT 10.0; Win64; x64; rv:81.0) Gecko/20100101 Firefox/81.0"
5.38.165.90 - - [08/Oct/2020:15:00:02 +0200] "GET /kutat/REVkutatas/3gazdalkodas/index.html HTTP/1.1" 200 88137 "https://www.google.com/" "Mozilla/5.0 (Windows NT 10.0; Win64; x64; rv:81.0) Gecko/20100101 Firefox/81.0"
5.38.165.90 - - [08/Oct/2020:15:00:02 +0200] "GET /graphics/galas.gif HTTP/1.1" 200 913 "http://www.nosza.hu/kutat/REVkutatas/3gazdalkodas/index.html" "Mozilla/5.0 (Windows NT 10.0; Win64; x64; rv:81.0) Gecko/20100101 Firefox/81.0"
5.38.165.90 - - [08/Oct/2020:15:00:02 +0200] "GET /favicon.ico HTTP/1.1" 404 1181 "http://www.nosza.hu/kutat/REVkutatas/3gazdalkodas/index.html" "Mozilla/5.0 (Windows NT 10.0; Win64; x64; rv:81.0) Gecko/20100101 Firefox/81.0"
114.119.137.54 - - [08/Oct/2020:15:08:35 +0200] "GET /aktualis/106GSZTcivil/GSZTinfo/index.html HTTP/1.1" 200 21761 "-" "Mozilla/5.0 (Linux; Android 7.0;) AppleWebKit/537.36 (KHTML, like Gecko) Mobile Safari/537.36 (compatible; PetalBot;+https://aspiegel.com/petalbot)"
114.119.129.229 - - [08/Oct/2020:15:16:31 +0200] "GET /new/projektek/Civil%20%C3%BAjs%C3%A1g%C3%ADr%C3%A1s HTTP/1.1" 200 9236 "-" "Mozilla/5.0 (Linux; Android 7.0;) AppleWebKit/537.36 (KHTML, like Gecko) Mobile Safari/537.36 (compatible; PetalBot;+https://aspiegel.com/petalbot)"
114.119.152.167 - - [08/Oct/2020:15:24:26 +0200] "GET /konferenciak/06egszb/program/index.html HTTP/1.1" 200 10050 "-" "Mozilla/5.0 (Linux; Android 7.0;) AppleWebKit/537.36 (KHTML, like Gecko) Mobile Safari/537.36 (compatible; PetalBot;+https://aspiegel.com/petalbot)"
66.249.75.245 - - [08/Oct/2020:15:26:09 +0200] "GET /robots.txt HTTP/1.1" 404 1181 "-" "Mozilla/5.0 (compatible; Googlebot/2.1; +http://www.google.com/bot.html)"
66.249.75.243 - - [08/Oct/2020:15:26:09 +0200] "GET / HTTP/1.1" 200 1010 "-" "Mozilla/5.0 (compatible; Googlebot/2.1; +http://www.google.com/bot.html)"
114.119.134.93 - - [08/Oct/2020:15:32:25 +0200] "GET /new/hirek/dossziek HTTP/1.1" 200 16979 "-" "Mozilla/5.0 (Linux; Android 7.0;) AppleWebKit/537.36 (KHTML, like Gecko) Mobile Safari/537.36 (compatible; PetalBot;+https://aspiegel.com/petalbot)"
114.119.144.143 - - [08/Oct/2020:15:40:11 +0200] "GET /new/content/szolg%C3%A1ltat%C3%B3-civilek HTTP/1.1" 200 8817 "-" "Mozilla/5.0 (Linux; Android 7.0;) AppleWebKit/537.36 (KHTML, like Gecko) Mobile Safari/537.36 (compatible; PetalBot;+https://aspiegel.com/petalbot)"
157.55.39.252 - - [08/Oct/2020:15:44:26 +0200] "GET /new/rss.xml HTTP/1.1" 200 15715 "-" "Mozilla/5.0 (compatible; bingbot/2.0; +http://www.bing.com/bingbot.htm)"
114.119.145.81 - - [08/Oct/2020:15:48:03 +0200] "GET /aktualis/eselyegyenloseg/index.html HTTP/1.1" 200 7557 "-" "Mozilla/5.0 (Linux; Android 7.0;) AppleWebKit/537.36 (KHTML, like Gecko) Mobile Safari/537.36 (compatible; PetalBot;+https://aspiegel.com/petalbot)"
114.119.144.143 - - [08/Oct/2020:15:55:49 +0200] "GET /new/publikaciok/2007 HTTP/1.1" 200 9569 "-" "Mozilla/5.0 (Linux; Android 7.0;) AppleWebKit/537.36 (KHTML, like Gecko) Mobile Safari/537.36 (compatible; PetalBot;+https://aspiegel.com/petalbot)"
114.119.137.54 - - [08/Oct/2020:16:04:20 +0200] "GET /konferenciak/03konf/index.html HTTP/1.1" 200 13272 "-" "Mozilla/5.0 (Linux; Android 7.0;) AppleWebKit/537.36 (KHTML, like Gecko) Mobile Safari/537.36 (compatible; PetalBot;+https://aspiegel.com/petalbot)"
114.119.157.225 - - [08/Oct/2020:16:11:23 +0200] "GET /halozatok/muhely/index.html HTTP/1.1" 200 12478 "-" "Mozilla/5.0 (Linux; Android 7.0;) AppleWebKit/537.36 (KHTML, like Gecko) Mobile Safari/537.36 (compatible; PetalBot;+https://aspiegel.com/petalbot)"
114.119.157.225 - - [08/Oct/2020:16:19:05 +0200] "GET /szervezet/index.html HTTP/1.1" 200 7605 "-" "Mozilla/5.0 (Linux; Android 7.0;) AppleWebKit/537.36 (KHTML, like Gecko) Mobile Safari/537.36 (compatible; PetalBot;+https://aspiegel.com/petalbot)"
114.119.137.54 - - [08/Oct/2020:16:26:55 +0200] "GET /konferenciak/2konferencia/1program/index.html HTTP/1.1" 200 23358 "-" "Mozilla/5.0 (Linux; Android 7.0;) AppleWebKit/537.36 (KHTML, like Gecko) Mobile Safari/537.36 (compatible; PetalBot;+https://aspiegel.com/petalbot)"
114.119.137.54 - - [08/Oct/2020:16:34:44 +0200] "GET /new/dossiers HTTP/1.1" 200 8543 "-" "Mozilla/5.0 (Linux; Android 7.0;) AppleWebKit/537.36 (KHTML, like Gecko) Mobile Safari/537.36 (compatible; PetalBot;+https://aspiegel.com/petalbot)"
42.236.10.108 - - [08/Oct/2020:16:37:54 +0200] "GET / HTTP/1.1" 200 1010 "http://nosza.hu/" "Mozilla/5.0 (Windows NT 6.1; WOW64) AppleWebKit/537.36 (KHTML, like Gecko) Chrome/50.4.2661.102 Safari/537.36; 360Spider"
42.236.10.107 - - [08/Oct/2020:16:41:20 +0200] "GET / HTTP/1.1" 200 1010 "http://www.nosza.hu/" "Mozilla/5.0 (Windows NT 6.1; WOW64) AppleWebKit/537.36 (KHTML, like Gecko) Chrome/50.4.2661.102 Safari/537.36; 360Spider"
114.119.144.143 - - [08/Oct/2020:16:42:19 +0200] "GET /new/hirek HTTP/1.1" 200 16778 "-" "Mozilla/5.0 (Linux; Android 7.0;) AppleWebKit/537.36 (KHTML, like Gecko) Mobile Safari/537.36 (compatible; PetalBot;+https://aspiegel.com/petalbot)"
114.119.129.229 - - [08/Oct/2020:16:49:57 +0200] "GET /kutat/REVkutatas/3gazdalkodas/index.html HTTP/1.1" 200 88137 "-" "Mozilla/5.0 (Linux; Android 7.0;) AppleWebKit/537.36 (KHTML, like Gecko) Mobile Safari/537.36 (compatible; PetalBot;+https://aspiegel.com/petalbot)"
114.119.153.131 - - [08/Oct/2020:16:57:31 +0200] "GET /aktualis/1gyikNCA/szervezet/index.html HTTP/1.1" 200 23952 "-" "Mozilla/5.0 (Linux; Android 7.0;) AppleWebKit/537.36 (KHTML, like Gecko) Mobile Safari/537.36 (compatible; PetalBot;+https://aspiegel.com/petalbot)"
114.119.145.81 - - [08/Oct/2020:17:05:43 +0200] "GET /new/hirek/2013?page=1 HTTP/1.1" 200 14140 "-" "Mozilla/5.0 (Linux; Android 7.0;) AppleWebKit/537.36 (KHTML, like Gecko) Mobile Safari/537.36 (compatible; PetalBot;+https://aspiegel.com/petalbot)"
54.36.149.28 - - [08/Oct/2020:17:12:47 +0200] "GET /new/dossziek/szolg%C3%A1ltat%C3%B3-civilek-0 HTTP/1.1" 200 9067 "-" "Mozilla/5.0 (compatible; AhrefsBot/7.0; +http://ahrefs.com/robot/)"
114.119.129.229 - - [08/Oct/2020:17:20:55 +0200] "GET /new/en/news/civil-society-organizations-%E2%80%93-social-organizations-%E2%80%93-civic-company-new-notions-introduced-new-c HTTP/1.1" 200 8329 "-" "Mozilla/5.0 (Linux; Android 7.0;) AppleWebKit/537.36 (KHTML, like Gecko) Mobile Safari/537.36 (compatible; PetalBot;+https://aspiegel.com/petalbot)"
114.119.157.225 - - [08/Oct/2020:17:33:14 +0200] "GET /new/en/dossiers/szolg%C3%A1ltat%C3%B3-civilek HTTP/1.1" 200 8394 "-" "Mozilla/5.0 (Linux; Android 7.0;) AppleWebKit/537.36 (KHTML, like Gecko) Mobile Safari/537.36 (compatible; PetalBot;+https://aspiegel.com/petalbot)"
66.249.75.243 - - [08/Oct/2020:17:39:39 +0200] "GET /kutat/REVkutatas/4projektek/index.html HTTP/1.1" 200 68956 "-" "Mozilla/5.0 (compatible; Googlebot/2.1; +http://www.google.com/bot.html)"
66.249.75.243 - - [08/Oct/2020:17:40:20 +0200] "GET /favicon.ico HTTP/1.1" 404 1181 "-" "Googlebot-Image/1.0"
46.139.81.163 - - [08/Oct/2020:17:43:18 +0200] "GET /galateia.css HTTP/1.1" 200 1717 "http://www.nosza.hu/kutat/REVkutatas/3gazdalkodas/index.html" "Mozilla/5.0 (Windows NT 10.0; Win64; x64) AppleWebKit/537.36 (KHTML, like Gecko) Chrome/86.0.4240.75 Safari/537.36"
46.139.81.163 - - [08/Oct/2020:17:43:18 +0200] "GET /graphics/noszalogo.gif HTTP/1.1" 200 6797 "http://www.nosza.hu/kutat/REVkutatas/3gazdalkodas/index.html" "Mozilla/5.0 (Windows NT 10.0; Win64; x64) AppleWebKit/537.36 (KHTML, like Gecko) Chrome/86.0.4240.75 Safari/537.36"
46.139.81.163 - - [08/Oct/2020:17:43:18 +0200] "GET /kutat/REVkutatas/3gazdalkodas/index.html HTTP/1.1" 200 88137 "-" "Mozilla/5.0 (Windows NT 10.0; Win64; x64) AppleWebKit/537.36 (KHTML, like Gecko) Chrome/86.0.4240.75 Safari/537.36"
46.139.81.163 - - [08/Oct/2020:17:43:18 +0200] "GET /graphics/galas.gif HTTP/1.1" 200 913 "http://www.nosza.hu/kutat/REVkutatas/3gazdalkodas/index.html" "Mozilla/5.0 (Windows NT 10.0; Win64; x64) AppleWebKit/537.36 (KHTML, like Gecko) Chrome/86.0.4240.75 Safari/537.36"
46.139.81.163 - - [08/Oct/2020:17:43:18 +0200] "GET /favicon.ico HTTP/1.1" 404 1181 "http://www.nosza.hu/kutat/REVkutatas/3gazdalkodas/index.html" "Mozilla/5.0 (Windows NT 10.0; Win64; x64) AppleWebKit/537.36 (KHTML, like Gecko) Chrome/86.0.4240.75 Safari/537.36"
185.191.171.19 - - [08/Oct/2020:17:47:33 +0200] "GET /robots.txt HTTP/1.1" 404 1181 "-" "Mozilla/5.0 (compatible; SemrushBot/6~bl; +http://www.semrush.com/bot.html)"
185.191.171.1 - - [08/Oct/2020:17:47:36 +0200] "GET /new/en HTTP/1.1" 200 9252 "-" "Mozilla/5.0 (compatible; SemrushBot/6~bl; +http://www.semrush.com/bot.html)"
114.119.131.210 - - [08/Oct/2020:17:55:15 +0200] "GET /new/projektek/publikaciok HTTP/1.1" 200 8540 "-" "Mozilla/5.0 (Linux; Android 7.0;) AppleWebKit/537.36 (KHTML, like Gecko) Mobile Safari/537.36 (compatible; PetalBot;+https://aspiegel.com/petalbot)"
114.119.131.210 - - [08/Oct/2020:18:02:40 +0200] "GET /halozatok/JMCS/memo/08/index.html HTTP/1.1" 200 13492 "-" "Mozilla/5.0 (Linux; Android 7.0;) AppleWebKit/537.36 (KHTML, like Gecko) Mobile Safari/537.36 (compatible; PetalBot;+https://aspiegel.com/petalbot)"
114.119.145.175 - - [08/Oct/2020:18:14:09 +0200] "GET /new/en/news HTTP/1.1" 200 15658 "-" "Mozilla/5.0 (Linux; Android 7.0;) AppleWebKit/537.36 (KHTML, like Gecko) Mobile Safari/537.36 (compatible; PetalBot;+https://aspiegel.com/petalbot)"
114.119.137.54 - - [08/Oct/2020:18:28:33 +0200] "GET /aktualis/onfoglalkoztatas/index.html HTTP/1.1" 200 77025 "-" "Mozilla/5.0 (Linux; Android 7.0;) AppleWebKit/537.36 (KHTML, like Gecko) Mobile Safari/537.36 (compatible; PetalBot;+https://aspiegel.com/petalbot)"
185.191.171.35 - - [08/Oct/2020:18:33:05 +0200] "GET /robots.txt HTTP/1.1" 404 1181 "-" "Mozilla/5.0 (compatible; SemrushBot/6~bl; +http://www.semrush.com/bot.html)"
185.191.171.10 - - [08/Oct/2020:18:33:09 +0200] "GET /new/node/96 HTTP/1.1" 200 7874 "-" "Mozilla/5.0 (compatible; SemrushBot/6~bl; +http://www.semrush.com/bot.html)"
114.119.137.54 - - [08/Oct/2020:18:35:52 +0200] "GET /new/hirek/k%C3%A9pz%C3%A9si-anyag-civil-szerveztek-m%C5%B1k%C3%B6d%C3%A9s%C3%A9nek-t%C3%A1mogat%C3%A1s%C3%A1ra HTTP/1.1" 200 9096 "-" "Mozilla/5.0 (Linux; Android 7.0;) AppleWebKit/537.36 (KHTML, like Gecko) Mobile Safari/537.36 (compatible; PetalBot;+https://aspiegel.com/petalbot)"
185.191.171.9 - - [08/Oct/2020:19:03:30 +0200] "GET /new/node/37 HTTP/1.1" 200 8723 "-" "Mozilla/5.0 (compatible; SemrushBot/6~bl; +http://www.semrush.com/bot.html)"
66.249.75.245 - - [08/Oct/2020:19:14:41 +0200] "GET /favicon.ico HTTP/1.1" 404 1181 "-" "Googlebot-Image/1.0"
66.249.75.243 - - [08/Oct/2020:19:28:51 +0200] "GET /new/projektek/Civil%20%C3%BAjs%C3%A1g%C3%ADr%C3%A1s HTTP/1.1" 200 9236 "-" "Mozilla/5.0 (compatible; Googlebot/2.1; +http://www.google.com/bot.html)"
66.249.75.245 - - [08/Oct/2020:19:28:58 +0200] "GET /new/modules/system/defaults.css?l HTTP/1.1" 200 757 "http://www.nosza.hu/new/projektek/Civil%20%C3%BAjs%C3%A1g%C3%ADr%C3%A1s" "Mozilla/5.0 AppleWebKit/537.36 (KHTML, like Gecko; compatible; Googlebot/2.1; +http://www.google.com/bot.html) Chrome/85.0.4183.136 Safari/537.36"
205.234.159.75 - - [08/Oct/2020:19:33:32 +0200] "GET / HTTP/1.1" 200 1010 "-" "Java/1.8.0_261"
66.249.75.247 - - [08/Oct/2020:19:37:57 +0200] "GET /new/projektek/Civil%20%C3%BAjs%C3%A1g%C3%ADr%C3%A1s HTTP/1.1" 200 9236 "-" "Mozilla/5.0 (Linux; Android 6.0.1; Nexus 5X Build/MMB29P) AppleWebKit/537.36 (KHTML, like Gecko) Chrome/85.0.4183.140 Mobile Safari/537.36 (compatible; Googlebot/2.1; +http://www.google.com/bot.html)"
114.119.137.54 - - [08/Oct/2020:20:14:28 +0200] "GET /new/hirek/2014 HTTP/1.1" 200 16790 "-" "Mozilla/5.0 (Linux; Android 7.0;) AppleWebKit/537.36 (KHTML, like Gecko) Mobile Safari/537.36 (compatible; PetalBot;+https://aspiegel.com/petalbot)"
114.119.145.81 - - [08/Oct/2020:20:21:32 +0200] "GET /halozatok/JMCS/memo/10/index.html HTTP/1.1" 200 48333 "-" "Mozilla/5.0 (Linux; Android 7.0;) AppleWebKit/537.36 (KHTML, like Gecko) Mobile Safari/537.36 (compatible; PetalBot;+https://aspiegel.com/petalbot)"
216.244.66.229 - - [08/Oct/2020:20:22:38 +0200] "GET /robots.txt HTTP/1.1" 404 1181 "-" "Mozilla/5.0 (compatible; DotBot/1.1; http://www.opensiteexplorer.org/dotbot, help@moz.com)"
95.216.172.189 - - [08/Oct/2020:20:23:34 +0200] "GET / HTTP/1.1" 200 1010 "-" "Mozilla/5.0 (compatible; Seekport Crawler; http://seekport.com/)"
95.216.172.189 - - [08/Oct/2020:20:23:34 +0200] "GET /robots.txt HTTP/1.1" 404 1181 "-" "Mozilla/5.0 (compatible; Seekport Crawler; http://seekport.com/)"
95.216.172.189 - - [08/Oct/2020:20:23:34 +0200] "GET / HTTP/1.1" 200 1010 "-" "Mozilla/5.0 (compatible; Seekport Crawler; http://seekport.com/)"
66.249.75.245 - - [08/Oct/2020:20:27:22 +0200] "GET /new/sites/default/files/Jegyz%C5%91k%C3%B6nyv20090526.pdf HTTP/1.1" 404 7460 "-" "Mozilla/5.0 (Linux; Android 6.0.1; Nexus 5X Build/MMB29P) AppleWebKit/537.36 (KHTML, like Gecko) Chrome/85.0.4183.137 Mobile Safari/537.36 (compatible; Googlebot/2.1; +http://www.google.com/bot.html)"
216.244.66.229 - - [08/Oct/2020:20:27:24 +0200] "GET /halozatok/kerekasztal/memo3/index.html HTTP/1.1" 200 8909 "-" "Mozilla/5.0 (compatible; DotBot/1.1; http://www.opensiteexplorer.org/dotbot, help@moz.com)"
114.119.137.54 - - [08/Oct/2020:20:28:39 +0200] "GET /kutat/REVkutatas/5PR HTTP/1.1" 301 326 "-" "Mozilla/5.0 (Linux; Android 7.0;) AppleWebKit/537.36 (KHTML, like Gecko) Mobile Safari/537.36 (compatible; PetalBot;+https://aspiegel.com/petalbot)"
114.119.137.54 - - [08/Oct/2020:20:28:44 +0200] "GET /kutat/REVkutatas/5PR/ HTTP/1.1" 200 49876 "-" "Mozilla/5.0 (Linux; Android 7.0;) AppleWebKit/537.36 (KHTML, like Gecko) Mobile Safari/537.36 (compatible; PetalBot;+https://aspiegel.com/petalbot)"
114.119.153.131 - - [08/Oct/2020:20:35:37 +0200] "GET /halozatok/kerekasztal/memo2/index.html HTTP/1.1" 200 12822 "-" "Mozilla/5.0 (Linux; Android 7.0;) AppleWebKit/537.36 (KHTML, like Gecko) Mobile Safari/537.36 (compatible; PetalBot;+https://aspiegel.com/petalbot)"
94.44.97.100 - - [08/Oct/2020:20:40:01 +0200] "GET /galateia.css HTTP/1.1" 200 1717 "http://www.nosza.hu/kutat/REVkutatas/2menedzsment/index.html" "Mozilla/5.0 (Windows NT 10.0; Win64; x64) AppleWebKit/537.36 (KHTML, like Gecko) Chrome/85.0.4183.121 Safari/537.36"
94.44.97.100 - - [08/Oct/2020:20:40:01 +0200] "GET /kutat/REVkutatas/2menedzsment/index.html HTTP/1.1" 200 146014 "https://www.google.com/" "Mozilla/5.0 (Windows NT 10.0; Win64; x64) AppleWebKit/537.36 (KHTML, like Gecko) Chrome/85.0.4183.121 Safari/537.36"
94.44.97.100 - - [08/Oct/2020:20:40:01 +0200] "GET /graphics/noszalogo.gif HTTP/1.1" 200 6797 "http://www.nosza.hu/" "Mozilla/5.0 (Windows NT 10.0; Win64; x64) AppleWebKit/537.36 (KHTML, like Gecko) Chrome/85.0.4183.121 Safari/537.36"
94.44.97.100 - - [08/Oct/2020:20:40:01 +0200] "GET /graphics/galas.gif HTTP/1.1" 200 913 "http://www.nosza.hu/" "Mozilla/5.0 (Windows NT 10.0; Win64; x64) AppleWebKit/537.36 (KHTML, like Gecko) Chrome/85.0.4183.121 Safari/537.36"
94.44.97.100 - - [08/Oct/2020:20:40:01 +0200] "GET /favicon.ico HTTP/1.1" 404 1181 "http://www.nosza.hu/kutat/REVkutatas/2menedzsment/index.html" "Mozilla/5.0 (Windows NT 10.0; Win64; x64) AppleWebKit/537.36 (KHTML, like Gecko) Chrome/85.0.4183.121 Safari/537.36"
114.119.134.93 - - [08/Oct/2020:20:42:41 +0200] "GET /new/magunkrol/publikaciok HTTP/1.1" 200 9971 "-" "Mozilla/5.0 (Linux; Android 7.0;) AppleWebKit/537.36 (KHTML, like Gecko) Mobile Safari/537.36 (compatible; PetalBot;+https://aspiegel.com/petalbot)"
114.119.134.93 - - [08/Oct/2020:20:53:32 +0200] "GET /konferenciak/07egszbbesz/07egszbpr/index.html HTTP/1.1" 200 13538 "-" "Mozilla/5.0 (Linux; Android 7.0;) AppleWebKit/537.36 (KHTML, like Gecko) Mobile Safari/537.36 (compatible; PetalBot;+https://aspiegel.com/petalbot)"
114.119.145.175 - - [08/Oct/2020:21:00:29 +0200] "GET /new/node/92 HTTP/1.1" 200 7931 "-" "Mozilla/5.0 (Linux; Android 7.0;) AppleWebKit/537.36 (KHTML, like Gecko) Mobile Safari/537.36 (compatible; PetalBot;+https://aspiegel.com/petalbot)"
207.46.13.121 - - [08/Oct/2020:21:05:15 +0200] "GET /new/en/news/frequently-asked-questions HTTP/1.1" 200 8128 "-" "Mozilla/5.0 (compatible; bingbot/2.0; +http://www.bing.com/bingbot.htm)"
114.119.129.229 - - [08/Oct/2020:21:14:08 +0200] "GET /halozatok/muhely/index.html HTTP/1.1" 200 12478 "-" "Mozilla/5.0 (Linux; Android 7.0;) AppleWebKit/537.36 (KHTML, like Gecko) Mobile Safari/537.36 (compatible; PetalBot;+https://aspiegel.com/petalbot)"
185.191.171.24 - - [08/Oct/2020:21:17:43 +0200] "GET /robots.txt HTTP/1.1" 404 1181 "-" "Mozilla/5.0 (compatible; SemrushBot/6~bl; +http://www.semrush.com/bot.html)"
185.191.171.13 - - [08/Oct/2020:21:17:43 +0200] "GET /aktualis/eselyegyenloseg/index.html HTTP/1.1" 200 7557 "-" "Mozilla/5.0 (compatible; SemrushBot/6~bl; +http://www.semrush.com/bot.html)"
114.119.153.131 - - [08/Oct/2020:21:21:04 +0200] "GET /konferenciak/2konferencia/2resztvevok/index.html HTTP/1.1" 200 150584 "-" "Mozilla/5.0 (Linux; Android 7.0;) AppleWebKit/537.36 (KHTML, like Gecko) Mobile Safari/537.36 (compatible; PetalBot;+https://aspiegel.com/petalbot)"
114.119.137.54 - - [08/Oct/2020:21:27:53 +0200] "GET /halozatok/kerekasztal/memo3/index.html HTTP/1.1" 200 8909 "-" "Mozilla/5.0 (Linux; Android 7.0;) AppleWebKit/537.36 (KHTML, like Gecko) Mobile Safari/537.36 (compatible; PetalBot;+https://aspiegel.com/petalbot)"
114.119.144.143 - - [08/Oct/2020:21:34:51 +0200] "GET /new/en/contact_us HTTP/1.1" 200 7267 "-" "Mozilla/5.0 (Linux; Android 7.0;) AppleWebKit/537.36 (KHTML, like Gecko) Mobile Safari/537.36 (compatible; PetalBot;+https://aspiegel.com/petalbot)"
114.119.145.81 - - [08/Oct/2020:21:41:43 +0200] "GET /3kutat/REVkutatas/3gazdalkodas/index.html HTTP/1.1" 200 88272 "-" "Mozilla/5.0 (Linux; Android 7.0;) AppleWebKit/537.36 (KHTML, like Gecko) Mobile Safari/537.36 (compatible; PetalBot;+https://aspiegel.com/petalbot)"
114.119.153.131 - - [08/Oct/2020:21:48:38 +0200] "GET /konferenciak/042memo/index.html HTTP/1.1" 200 15379 "-" "Mozilla/5.0 (Linux; Android 7.0;) AppleWebKit/537.36 (KHTML, like Gecko) Mobile Safari/537.36 (compatible; PetalBot;+https://aspiegel.com/petalbot)"
114.119.153.131 - - [08/Oct/2020:21:55:28 +0200] "GET /konferenciak/05emla/index.html HTTP/1.1" 200 22316 "-" "Mozilla/5.0 (Linux; Android 7.0;) AppleWebKit/537.36 (KHTML, like Gecko) Mobile Safari/537.36 (compatible; PetalBot;+https://aspiegel.com/petalbot)"
114.119.145.81 - - [08/Oct/2020:22:02:24 +0200] "GET /new/dossiers HTTP/1.1" 200 8543 "-" "Mozilla/5.0 (Linux; Android 7.0;) AppleWebKit/537.36 (KHTML, like Gecko) Mobile Safari/537.36 (compatible; PetalBot;+https://aspiegel.com/petalbot)"
114.119.153.131 - - [08/Oct/2020:22:09:22 +0200] "GET /new/node/95 HTTP/1.1" 200 7923 "-" "Mozilla/5.0 (Linux; Android 7.0;) AppleWebKit/537.36 (KHTML, like Gecko) Mobile Safari/537.36 (compatible; PetalBot;+https://aspiegel.com/petalbot)"
209.17.96.10 - - [08/Oct/2020:22:11:44 +0200] "GET / HTTP/1.1" 200 1010 "-" "Mozilla/5.0 (compatible; Nimbostratus-Bot/v1.3.2; http://cloudsystemnetworks.com)"
54.36.149.13 - - [08/Oct/2020:22:13:39 +0200] "GET /new/content/indul%C3%B3-projekt-magyar-nonprofit-szektor-t%C3%A1mogat%C3%A1s%C3%A1ra HTTP/1.1" 200 9771 "-" "Mozilla/5.0 (compatible; AhrefsBot/7.0; +http://ahrefs.com/robot/)"
114.119.157.225 - - [08/Oct/2020:22:16:25 +0200] "GET /new/hirek/2018 HTTP/1.1" 200 16790 "-" "Mozilla/5.0 (Linux; Android 7.0;) AppleWebKit/537.36 (KHTML, like Gecko) Mobile Safari/537.36 (compatible; PetalBot;+https://aspiegel.com/petalbot)"
114.119.152.167 - - [08/Oct/2020:22:23:29 +0200] "GET /new/magunkrol/beszamolok HTTP/1.1" 200 11210 "-" "Mozilla/5.0 (Linux; Android 7.0;) AppleWebKit/537.36 (KHTML, like Gecko) Mobile Safari/537.36 (compatible; PetalBot;+https://aspiegel.com/petalbot)"
114.119.149.1 - - [08/Oct/2020:22:29:36 +0200] "GET /robots.txt HTTP/1.1" 404 1181 "-" "(compatible;PetalBot;+https://aspiegel.com/petalbot)"
114.119.134.93 - - [08/Oct/2020:22:36:37 +0200] "GET /konferenciak/2konferencia/2resztvevok/index.html HTTP/1.1" 200 150584 "-" "Mozilla/5.0 (Linux; Android 7.0;) AppleWebKit/537.36 (KHTML, like Gecko) Mobile Safari/537.36 (compatible; PetalBot;+https://aspiegel.com/petalbot)"
114.119.134.93 - - [08/Oct/2020:22:43:33 +0200] "GET /konferenciak/07egszbpr/egszbreg/index.html HTTP/1.1" 200 181742 "-" "Mozilla/5.0 (Linux; Android 7.0;) AppleWebKit/537.36 (KHTML, like Gecko) Mobile Safari/537.36 (compatible; PetalBot;+https://aspiegel.com/petalbot)"
84.236.78.55 - - [08/Oct/2020:22:44:10 +0200] "GET /kutat/REVkutatas/1gazdasag/ HTTP/1.1" 200 89032 "https://www.google.com/" "Mozilla/5.0 (Linux; Android 8.1.0; SNE-LX1) AppleWebKit/537.36 (KHTML, like Gecko) Chrome/85.0.4183.127 Mobile Safari/537.36"
84.236.78.55 - - [08/Oct/2020:22:44:10 +0200] "GET /galateia.css HTTP/1.1" 200 1717 "http://www.nosza.hu/kutat/REVkutatas/1gazdasag/" "Mozilla/5.0 (Linux; Android 8.1.0; SNE-LX1) AppleWebKit/537.36 (KHTML, like Gecko) Chrome/85.0.4183.127 Mobile Safari/537.36"
84.236.78.55 - - [08/Oct/2020:22:44:10 +0200] "GET /graphics/noszalogo.gif HTTP/1.1" 200 6797 "http://www.nosza.hu/kutat/REVkutatas/1gazdasag/" "Mozilla/5.0 (Linux; Android 8.1.0; SNE-LX1) AppleWebKit/537.36 (KHTML, like Gecko) Chrome/85.0.4183.127 Mobile Safari/537.36"
84.236.78.55 - - [08/Oct/2020:22:44:10 +0200] "GET /graphics/galas.gif HTTP/1.1" 200 913 "http://www.nosza.hu/kutat/REVkutatas/1gazdasag/" "Mozilla/5.0 (Linux; Android 8.1.0; SNE-LX1) AppleWebKit/537.36 (KHTML, like Gecko) Chrome/85.0.4183.127 Mobile Safari/537.36"
84.236.78.55 - - [08/Oct/2020:22:44:10 +0200] "GET /favicon.ico HTTP/1.1" 404 1181 "http://www.nosza.hu/kutat/REVkutatas/1gazdasag/" "Mozilla/5.0 (Linux; Android 8.1.0; SNE-LX1) AppleWebKit/537.36 (KHTML, like Gecko) Chrome/85.0.4183.127 Mobile Safari/537.36"
114.119.144.143 - - [08/Oct/2020:22:50:30 +0200] "GET /halozatok/muhely/belepes/index.html HTTP/1.1" 200 4602 "-" "Mozilla/5.0 (Linux; Android 7.0;) AppleWebKit/537.36 (KHTML, like Gecko) Mobile Safari/537.36 (compatible; PetalBot;+https://aspiegel.com/petalbot)"
114.119.145.81 - - [08/Oct/2020:22:57:29 +0200] "GET /new/en/news/major-legal-developments-affecting-csos-2017-0 HTTP/1.1" 200 8277 "-" "Mozilla/5.0 (Linux; Android 7.0;) AppleWebKit/537.36 (KHTML, like Gecko) Mobile Safari/537.36 (compatible; PetalBot;+https://aspiegel.com/petalbot)"
114.119.145.81 - - [08/Oct/2020:23:04:23 +0200] "GET /new/en/publications/2008 HTTP/1.1" 200 7768 "-" "Mozilla/5.0 (Linux; Android 7.0;) AppleWebKit/537.36 (KHTML, like Gecko) Mobile Safari/537.36 (compatible; PetalBot;+https://aspiegel.com/petalbot)"
157.55.39.194 - - [08/Oct/2020:23:10:57 +0200] "GET /kutat/REVkutatas/4projektek/ HTTP/1.1" 200 68956 "-" "Mozilla/5.0 (compatible; bingbot/2.0; +http://www.bing.com/bingbot.htm)"
114.119.153.131 - - [08/Oct/2020:23:11:13 +0200] "GET /new/hirek/2016?page=1 HTTP/1.1" 200 14140 "-" "Mozilla/5.0 (Linux; Android 7.0;) AppleWebKit/537.36 (KHTML, like Gecko) Mobile Safari/537.36 (compatible; PetalBot;+https://aspiegel.com/petalbot)"
114.119.137.54 - - [08/Oct/2020:23:18:02 +0200] "GET /new/projektek/m%C5%B1k%C3%B6d%C3%A9si-p%C3%A1ly%C3%A1zat-2017-18 HTTP/1.1" 200 11920 "-" "Mozilla/5.0 (Linux; Android 7.0;) AppleWebKit/537.36 (KHTML, like Gecko) Mobile Safari/537.36 (compatible; PetalBot;+https://aspiegel.com/petalbot)"
114.119.134.93 - - [08/Oct/2020:23:24:48 +0200] "GET /3kutat/index.html HTTP/1.1" 200 26177 "-" "Mozilla/5.0 (Linux; Android 7.0;) AppleWebKit/537.36 (KHTML, like Gecko) Mobile Safari/537.36 (compatible; PetalBot;+https://aspiegel.com/petalbot)"
114.119.137.54 - - [08/Oct/2020:23:31:38 +0200] "GET /aktualis/1gyikNCA/szervezet/index.html HTTP/1.1" 200 23952 "-" "Mozilla/5.0 (Linux; Android 7.0;) AppleWebKit/537.36 (KHTML, like Gecko) Mobile Safari/537.36 (compatible; PetalBot;+https://aspiegel.com/petalbot)"
66.249.70.87 - - [08/Oct/2020:23:32:51 +0200] "GET /kutat/REVkutatas/3gazdalkodas/index.html HTTP/1.1" 200 88137 "-" "Mozilla/5.0 (compatible; Googlebot/2.1; +http://www.google.com/bot.html)"
114.119.134.93 - - [08/Oct/2020:23:38:28 +0200] "GET /new/hirek/2009?page=1 HTTP/1.1" 200 14140 "-" "Mozilla/5.0 (Linux; Android 7.0;) AppleWebKit/537.36 (KHTML, like Gecko) Mobile Safari/537.36 (compatible; PetalBot;+https://aspiegel.com/petalbot)"
84.236.78.55 - - [08/Oct/2020:23:43:15 +0200] "GET /favicon.ico HTTP/1.1" 404 1181 "http://www.nosza.hu/kutat/REVkutatas/1gazdasag/" "Mozilla/5.0 (Linux; Android 8.1.0; SNE-LX1) AppleWebKit/537.36 (KHTML, like Gecko) Chrome/85.0.4183.127 Mobile Safari/537.36"
114.119.145.81 - - [08/Oct/2020:23:45:11 +0200] "GET /konferenciak/042memo/index.html HTTP/1.1" 200 15379 "-" "Mozilla/5.0 (Linux; Android 7.0;) AppleWebKit/537.36 (KHTML, like Gecko) Mobile Safari/537.36 (compatible; PetalBot;+https://aspiegel.com/petalbot)"
114.119.137.54 - - [08/Oct/2020:23:51:57 +0200] "GET /new/hirek/2016 HTTP/1.1" 200 16790 "-" "Mozilla/5.0 (Linux; Android 7.0;) AppleWebKit/537.36 (KHTML, like Gecko) Mobile Safari/537.36 (compatible; PetalBot;+https://aspiegel.com/petalbot)"
207.46.13.99 - - [08/Oct/2020:23:54:14 +0200] "GET /new/magunkrol/partnereink HTTP/1.1" 200 11570 "-" "Mozilla/5.0 (compatible; bingbot/2.0; +http://www.bing.com/bingbot.htm)"
114.119.145.175 - - [08/Oct/2020:23:58:48 +0200] "GET /new/en/publications HTTP/1.1" 200 7784 "-" "Mozilla/5.0 (Linux; Android 7.0;) AppleWebKit/537.36 (KHTML, like Gecko) Mobile Safari/537.36 (compatible; PetalBot;+https://aspiegel.com/petalbot)"
114.119.145.175 - - [09/Oct/2020:00:05:34 +0200] "GET /new/hirek/2014?page=1 HTTP/1.1" 200 14140 "-" "Mozilla/5.0 (Linux; Android 7.0;) AppleWebKit/537.36 (KHTML, like Gecko) Mobile Safari/537.36 (compatible; PetalBot;+https://aspiegel.com/petalbot)"
114.119.145.175 - - [09/Oct/2020:00:12:24 +0200] "GET /new/node/96 HTTP/1.1" 200 7874 "-" "Mozilla/5.0 (Linux; Android 7.0;) AppleWebKit/537.36 (KHTML, like Gecko) Mobile Safari/537.36 (compatible; PetalBot;+https://aspiegel.com/petalbot)"
173.231.59.200 - - [09/Oct/2020:00:17:51 +0200] "GET /robots.txt HTTP/1.1" 404 1181 "-" "Mozilla/5.0 (compatible; Adsbot/3.1)"
173.231.59.200 - - [09/Oct/2020:00:17:56 +0200] "GET / HTTP/1.1" 200 1010 "-" "Mozilla/5.0 (compatible; Adsbot/3.1)"
114.119.129.229 - - [09/Oct/2020:00:19:12 +0200] "GET /new/publikaciok/2008 HTTP/1.1" 200 9395 "-" "Mozilla/5.0 (Linux; Android 7.0;) AppleWebKit/537.36 (KHTML, like Gecko) Mobile Safari/537.36 (compatible; PetalBot;+https://aspiegel.com/petalbot)"
114.119.134.93 - - [09/Oct/2020:00:25:56 +0200] "GET /3kutat/REVkutatas/1gazdasag/index.html HTTP/1.1" 200 89168 "-" "Mozilla/5.0 (Linux; Android 7.0;) AppleWebKit/537.36 (KHTML, like Gecko) Mobile Safari/537.36 (compatible; PetalBot;+https://aspiegel.com/petalbot)"
114.119.145.175 - - [09/Oct/2020:00:32:40 +0200] "GET /konferenciak/2konferencia/index.html HTTP/1.1" 200 7142 "-" "Mozilla/5.0 (Linux; Android 7.0;) AppleWebKit/537.36 (KHTML, like Gecko) Mobile Safari/537.36 (compatible; PetalBot;+https://aspiegel.com/petalbot)"
114.119.157.225 - - [09/Oct/2020:00:39:35 +0200] "GET /halozatok/JMCS/memo/02/index.html HTTP/1.1" 200 51036 "-" "Mozilla/5.0 (Linux; Android 7.0;) AppleWebKit/537.36 (KHTML, like Gecko) Mobile Safari/537.36 (compatible; PetalBot;+https://aspiegel.com/petalbot)"
114.119.137.54 - - [09/Oct/2020:00:46:14 +0200] "GET /new/magunkrol HTTP/1.1" 200 9675 "-" "Mozilla/5.0 (Linux; Android 7.0;) AppleWebKit/537.36 (KHTML, like Gecko) Mobile Safari/537.36 (compatible; PetalBot;+https://aspiegel.com/petalbot)"
114.119.144.143 - - [09/Oct/2020:00:52:54 +0200] "GET /aktualis/108autopalya/index.html HTTP/1.1" 200 7574 "-" "Mozilla/5.0 (Linux; Android 7.0;) AppleWebKit/537.36 (KHTML, like Gecko) Mobile Safari/537.36 (compatible; PetalBot;+https://aspiegel.com/petalbot)"
185.191.171.35 - - [09/Oct/2020:00:53:32 +0200] "GET /robots.txt HTTP/1.1" 404 1181 "-" "Mozilla/5.0 (compatible; SemrushBot/6~bl; +http://www.semrush.com/bot.html)"
185.191.171.11 - - [09/Oct/2020:00:53:34 +0200] "GET /new/publikaciok/dr-f%C3%BCl%C3%B6p-s%C3%A1ndor-egyes%C3%BCletek-b%C3%ADr%C3%B3s%C3%A1gi-nyilv%C3%A1ntart%C3%A1sba-v%C3%A9teli-gyakorlata-%C3%B6sszehasonl%C3%ADt%C3%B3-e-0 HTTP/1.1" 200 8881 "-" "Mozilla/5.0 (compatible; SemrushBot/6~bl; +http://www.semrush.com/bot.html)"
114.119.137.54 - - [09/Oct/2020:00:59:33 +0200] "GET /aktualis/109kozigazg/index.html HTTP/1.1" 200 7627 "-" "Mozilla/5.0 (Linux; Android 7.0;) AppleWebKit/537.36 (KHTML, like Gecko) Mobile Safari/537.36 (compatible; PetalBot;+https://aspiegel.com/petalbot)"
185.191.171.20 - - [09/Oct/2020:01:01:43 +0200] "GET /new/hirek/elindult-az-eloszt%C3%B3-projekt-facebook-oldala HTTP/1.1" 200 9225 "-" "Mozilla/5.0 (compatible; SemrushBot/6~bl; +http://www.semrush.com/bot.html)"
114.119.157.225 - - [09/Oct/2020:01:06:11 +0200] "GET /new/en/about_us/members HTTP/1.1" 200 8253 "-" "Mozilla/5.0 (Linux; Android 7.0;) AppleWebKit/537.36 (KHTML, like Gecko) Mobile Safari/537.36 (compatible; PetalBot;+https://aspiegel.com/petalbot)"
114.119.154.161 - - [09/Oct/2020:01:11:12 +0200] "GET /robots.txt HTTP/1.1" 404 1181 "-" "(compatible;PetalBot;+http://aspiegel.com/petalbot)"
114.119.153.131 - - [09/Oct/2020:01:17:57 +0200] "GET /halozatok/JMCS/memo/03/index.html HTTP/1.1" 200 45451 "-" "Mozilla/5.0 (Linux; Android 7.0;) AppleWebKit/537.36 (KHTML, like Gecko) Mobile Safari/537.36 (compatible; PetalBot;+https://aspiegel.com/petalbot)"
54.36.148.234 - - [09/Oct/2020:01:21:29 +0200] "GET /aktualis/1gyikNCA/index.html HTTP/1.1" 200 22264 "-" "Mozilla/5.0 (compatible; AhrefsBot/7.0; +http://ahrefs.com/robot/)"
114.119.129.229 - - [09/Oct/2020:01:24:45 +0200] "GET /3kutat/REVkutatas/5PR/index.html HTTP/1.1" 200 50021 "-" "Mozilla/5.0 (Linux; Android 7.0;) AppleWebKit/537.36 (KHTML, like Gecko) Mobile Safari/537.36 (compatible; PetalBot;+https://aspiegel.com/petalbot)"
114.119.153.131 - - [09/Oct/2020:01:31:29 +0200] "GET /3kutat/REVkutatas/6level/index.html HTTP/1.1" 200 18798 "-" "Mozilla/5.0 (Linux; Android 7.0;) AppleWebKit/537.36 (KHTML, like Gecko) Mobile Safari/537.36 (compatible; PetalBot;+https://aspiegel.com/petalbot)"
114.119.129.229 - - [09/Oct/2020:01:38:13 +0200] "GET /aktualis/NCA/index.html HTTP/1.1" 200 50805 "-" "Mozilla/5.0 (Linux; Android 7.0;) AppleWebKit/537.36 (KHTML, like Gecko) Mobile Safari/537.36 (compatible; PetalBot;+https://aspiegel.com/petalbot)"
114.119.129.229 - - [09/Oct/2020:01:44:56 +0200] "GET /angol/EESCconf/index.html HTTP/1.1" 200 12425 "-" "Mozilla/5.0 (Linux; Android 7.0;) AppleWebKit/537.36 (KHTML, like Gecko) Mobile Safari/537.36 (compatible; PetalBot;+https://aspiegel.com/petalbot)"
114.119.157.225 - - [09/Oct/2020:01:51:44 +0200] "GET /konferenciak/03konf/index.html HTTP/1.1" 200 13272 "-" "Mozilla/5.0 (Linux; Android 7.0;) AppleWebKit/537.36 (KHTML, like Gecko) Mobile Safari/537.36 (compatible; PetalBot;+https://aspiegel.com/petalbot)"
114.119.157.225 - - [09/Oct/2020:01:58:30 +0200] "GET /konferenciak/041memo/index.html HTTP/1.1" 200 34889 "-" "Mozilla/5.0 (Linux; Android 7.0;) AppleWebKit/537.36 (KHTML, like Gecko) Mobile Safari/537.36 (compatible; PetalBot;+https://aspiegel.com/petalbot)"
114.119.137.54 - - [09/Oct/2020:02:05:06 +0200] "GET /dossziek HTTP/1.1" 404 1181 "-" "Mozilla/5.0 (Linux; Android 7.0;) AppleWebKit/537.36 (KHTML, like Gecko) Mobile Safari/537.36 (compatible; PetalBot;+https://aspiegel.com/petalbot)"
185.191.171.4 - - [09/Oct/2020:02:10:43 +0200] "GET /robots.txt HTTP/1.1" 404 1181 "-" "Mozilla/5.0 (compatible; SemrushBot/6~bl; +http://www.semrush.com/bot.html)"
185.191.171.20 - - [09/Oct/2020:02:10:44 +0200] "GET /aktualis/1gyikNCA/miniszter/index.html HTTP/1.1" 200 11200 "-" "Mozilla/5.0 (compatible; SemrushBot/6~bl; +http://www.semrush.com/bot.html)"
114.119.145.81 - - [09/Oct/2020:02:11:37 +0200] "GET /halozatok/JMCS/memo/09/index.html HTTP/1.1" 200 42017 "-" "Mozilla/5.0 (Linux; Android 7.0;) AppleWebKit/537.36 (KHTML, like Gecko) Mobile Safari/537.36 (compatible; PetalBot;+https://aspiegel.com/petalbot)"
114.119.129.229 - - [09/Oct/2020:02:18:16 +0200] "GET /angol/followup/index.html HTTP/1.1" 200 9852 "-" "Mozilla/5.0 (Linux; Android 7.0;) AppleWebKit/537.36 (KHTML, like Gecko) Mobile Safari/537.36 (compatible; PetalBot;+https://aspiegel.com/petalbot)"
185.191.171.34 - - [09/Oct/2020:02:19:07 +0200] "GET /konferenciak/07egszbbesz/07egszbpr/index.html HTTP/1.1" 200 13538 "-" "Mozilla/5.0 (compatible; SemrushBot/6~bl; +http://www.semrush.com/bot.html)"
114.119.152.167 - - [09/Oct/2020:02:24:58 +0200] "GET /aktualis/1gyikNCA/miniszter/index.html HTTP/1.1" 200 11200 "-" "Mozilla/5.0 (Linux; Android 7.0;) AppleWebKit/537.36 (KHTML, like Gecko) Mobile Safari/537.36 (compatible; PetalBot;+https://aspiegel.com/petalbot)"
114.119.157.225 - - [09/Oct/2020:02:43:01 +0200] "GET /halozatok/JMCS/memo/05/index.html HTTP/1.1" 200 15044 "-" "Mozilla/5.0 (Linux; Android 7.0;) AppleWebKit/537.36 (KHTML, like Gecko) Mobile Safari/537.36 (compatible; PetalBot;+https://aspiegel.com/petalbot)"
66.249.70.87 - - [09/Oct/2020:02:49:47 +0200] "GET /new/en/about_us/financial_reports HTTP/1.1" 200 9675 "-" "Mozilla/5.0 (Linux; Android 6.0.1; Nexus 5X Build/MMB29P) AppleWebKit/537.36 (KHTML, like Gecko) Chrome/85.0.4183.137 Mobile Safari/537.36 (compatible; Googlebot/2.1; +http://www.google.com/bot.html)"
114.119.145.81 - - [09/Oct/2020:02:53:37 +0200] "GET /kutat/index.html HTTP/1.1" 200 18756 "-" "Mozilla/5.0 (Linux; Android 7.0;) AppleWebKit/537.36 (KHTML, like Gecko) Mobile Safari/537.36 (compatible; PetalBot;+https://aspiegel.com/petalbot)"
66.249.70.87 - - [09/Oct/2020:02:54:35 +0200] "GET /new/sites/default/files/2007beszamnosza_0.xls HTTP/1.1" 200 56320 "-" "Mozilla/5.0 (Linux; Android 6.0.1; Nexus 5X Build/MMB29P) AppleWebKit/537.36 (KHTML, like Gecko) Chrome/85.0.4183.137 Mobile Safari/537.36 (compatible; Googlebot/2.1; +http://www.google.com/bot.html)"
66.249.70.87 - - [09/Oct/2020:02:55:53 +0200] "GET /new/sites/default/files/NOSZA%20K%C3%B6zhaszn%C3%BA%20Jelent%C3%A9s%202014_0.pdf HTTP/1.1" 200 1561935 "-" "Mozilla/5.0 (Linux; Android 6.0.1; Nexus 5X Build/MMB29P) AppleWebKit/537.36 (KHTML, like Gecko) Chrome/85.0.4183.137 Mobile Safari/537.36 (compatible; Googlebot/2.1; +http://www.google.com/bot.html)"
207.46.13.121 - - [09/Oct/2020:02:59:07 +0200] "GET /new/content/civil-szervezet-%E2%80%93-t%C3%A1rsadalmi-szervezet-%E2%80%93-civil-t%C3%A1rsas%C3%A1g-az-%C3%BAj-civil-t%C3%B6rv%C3%A9ny-fogalmi-%C3%BAj%C3%ADt%C3%A1sai HTTP/1.1" 200 18521 "-" "Mozilla/5.0 (compatible; bingbot/2.0; +http://www.bing.com/bingbot.htm)"
114.119.134.93 - - [09/Oct/2020:03:00:10 +0200] "GET /new/en/news/2009 HTTP/1.1" 200 15657 "-" "Mozilla/5.0 (Linux; Android 7.0;) AppleWebKit/537.36 (KHTML, like Gecko) Mobile Safari/537.36 (compatible; PetalBot;+https://aspiegel.com/petalbot)"
185.191.171.22 - - [09/Oct/2020:03:02:16 +0200] "GET /halozatok/JMCS/mukodes/index.html HTTP/1.1" 200 10352 "-" "Mozilla/5.0 (compatible; SemrushBot/6~bl; +http://www.semrush.com/bot.html)"
114.119.145.175 - - [09/Oct/2020:03:06:40 +0200] "GET /aktualis/011onk/index.html HTTP/1.1" 200 7800 "-" "Mozilla/5.0 (Linux; Android 7.0;) AppleWebKit/537.36 (KHTML, like Gecko) Mobile Safari/537.36 (compatible; PetalBot;+https://aspiegel.com/petalbot)"
114.119.131.210 - - [09/Oct/2020:03:13:11 +0200] "GET /halozatok/muhely/index.html HTTP/1.1" 200 12478 "-" "Mozilla/5.0 (Linux; Android 7.0;) AppleWebKit/537.36 (KHTML, like Gecko) Mobile Safari/537.36 (compatible; PetalBot;+https://aspiegel.com/petalbot)"
114.119.131.210 - - [09/Oct/2020:03:19:49 +0200] "GET /aktualis/1gyikNCA/elektor/index.html HTTP/1.1" 200 26380 "-" "Mozilla/5.0 (Linux; Android 7.0;) AppleWebKit/537.36 (KHTML, like Gecko) Mobile Safari/537.36 (compatible; PetalBot;+http://aspiegel.com/petalbot)"
114.119.145.175 - - [09/Oct/2020:03:26:26 +0200] "GET /new/en/about_us/supporters HTTP/1.1" 200 11066 "-" "Mozilla/5.0 (Linux; Android 7.0;) AppleWebKit/537.36 (KHTML, like Gecko) Mobile Safari/537.36 (compatible; PetalBot;+https://aspiegel.com/petalbot)"
114.119.144.143 - - [09/Oct/2020:03:32:57 +0200] "GET /new/hirek/2009 HTTP/1.1" 200 16790 "-" "Mozilla/5.0 (Linux; Android 7.0;) AppleWebKit/537.36 (KHTML, like Gecko) Mobile Safari/537.36 (compatible; PetalBot;+https://aspiegel.com/petalbot)"
114.119.145.175 - - [09/Oct/2020:03:40:17 +0200] "GET /new/dossziek/hirek HTTP/1.1" 200 8525 "-" "Mozilla/5.0 (Linux; Android 7.0;) AppleWebKit/537.36 (KHTML, like Gecko) Mobile Safari/537.36 (compatible; PetalBot;+https://aspiegel.com/petalbot)"
114.119.145.81 - - [09/Oct/2020:03:49:26 +0200] "GET /new/hirek/2013 HTTP/1.1" 200 16790 "-" "Mozilla/5.0 (Linux; Android 7.0;) AppleWebKit/537.36 (KHTML, like Gecko) Mobile Safari/537.36 (compatible; PetalBot;+https://aspiegel.com/petalbot)"
114.119.137.54 - - [09/Oct/2020:03:58:22 +0200] "GET /aktualis/109kozigazg/nyilatkozat/index.html HTTP/1.1" 200 10379 "-" "Mozilla/5.0 (Linux; Android 7.0;) AppleWebKit/537.36 (KHTML, like Gecko) Mobile Safari/537.36 (compatible; PetalBot;+https://aspiegel.com/petalbot)"
207.46.13.121 - - [09/Oct/2020:04:04:29 +0200] "GET /new/dossziek/szolg%C3%A1ltat%C3%B3-civilek-0 HTTP/1.1" 200 9067 "-" "Mozilla/5.0 (compatible; bingbot/2.0; +http://www.bing.com/bingbot.htm)"
114.119.153.131 - - [09/Oct/2020:04:07:08 +0200] "GET /new/content/indul%C3%B3-projekt-magyar-nonprofit-szektor-t%C3%A1mogat%C3%A1s%C3%A1ra HTTP/1.1" 200 9771 "-" "Mozilla/5.0 (Linux; Android 7.0;) AppleWebKit/537.36 (KHTML, like Gecko) Mobile Safari/537.36 (compatible; PetalBot;+https://aspiegel.com/petalbot)"
66.249.70.83 - - [09/Oct/2020:04:08:54 +0200] "GET /robots.txt HTTP/1.1" 404 1181 "-" "Mozilla/5.0 (compatible; Googlebot/2.1; +http://www.google.com/bot.html)"
66.249.70.83 - - [09/Oct/2020:04:08:54 +0200] "GET /halozatok/JMCS/index.html HTTP/1.1" 200 6511 "-" "Mozilla/5.0 (compatible; Googlebot/2.1; +http://www.google.com/bot.html)"
114.119.137.54 - - [09/Oct/2020:04:18:22 +0200] "GET /aktualis/1gyikNCA/palyazat/index.html HTTP/1.1" 200 26866 "-" "Mozilla/5.0 (Linux; Android 7.0;) AppleWebKit/537.36 (KHTML, like Gecko) Mobile Safari/537.36 (compatible; PetalBot;+https://aspiegel.com/petalbot)"
114.119.129.229 - - [09/Oct/2020:04:27:25 +0200] "GET /3kutat/NOSZA2002/index.html HTTP/1.1" 200 23392 "-" "Mozilla/5.0 (Linux; Android 7.0;) AppleWebKit/537.36 (KHTML, like Gecko) Mobile Safari/537.36 (compatible; PetalBot;+https://aspiegel.com/petalbot)"
114.119.137.54 - - [09/Oct/2020:04:36:33 +0200] "GET /new/en/about_us HTTP/1.1" 200 8827 "-" "Mozilla/5.0 (Linux; Android 7.0;) AppleWebKit/537.36 (KHTML, like Gecko) Mobile Safari/537.36 (compatible; PetalBot;+https://aspiegel.com/petalbot)"
54.36.148.73 - - [09/Oct/2020:04:37:55 +0200] "GET /robots.txt HTTP/1.1" 404 1181 "-" "Mozilla/5.0 (compatible; AhrefsBot/6.1; +http://ahrefs.com/robot/)"
54.36.148.8 - - [09/Oct/2020:04:37:56 +0200] "GET / HTTP/1.1" 200 1010 "-" "Mozilla/5.0 (compatible; AhrefsBot/7.0; +http://ahrefs.com/robot/)"
114.119.131.210 - - [09/Oct/2020:04:46:36 +0200] "GET /konferenciak/06egszb/program/index.html HTTP/1.1" 200 10050 "-" "Mozilla/5.0 (Linux; Android 7.0;) AppleWebKit/537.36 (KHTML, like Gecko) Mobile Safari/537.36 (compatible; PetalBot;+https://aspiegel.com/petalbot)"
185.191.171.23 - - [09/Oct/2020:05:00:34 +0200] "GET /robots.txt HTTP/1.1" 404 1181 "-" "Mozilla/5.0 (compatible; SemrushBot/6~bl; +http://www.semrush.com/bot.html)"
185.191.171.45 - - [09/Oct/2020:05:00:35 +0200] "GET /new/en/about_us/links HTTP/1.1" 200 7851 "-" "Mozilla/5.0 (compatible; SemrushBot/6~bl; +http://www.semrush.com/bot.html)"
66.249.70.83 - - [09/Oct/2020:05:00:35 +0200] "GET / HTTP/1.1" 200 1010 "-" "Mozilla/5.0 (compatible; Googlebot/2.1; +http://www.google.com/bot.html)"
114.119.131.210 - - [09/Oct/2020:05:01:05 +0200] "GET /halozatok/JMCS/memo/index.html HTTP/1.1" 200 15271 "-" "Mozilla/5.0 (Linux; Android 7.0;) AppleWebKit/537.36 (KHTML, like Gecko) Mobile Safari/537.36 (compatible; PetalBot;+https://aspiegel.com/petalbot)"
62.210.83.78 - - [09/Oct/2020:05:03:45 +0200] "GET / HTTP/1.1" 200 1010 "-" "Mozilla/5.0 (Windows NT 10.0; Win64; x64) AppleWebKit/537.36 (KHTML, like Gecko) Chrome/74.0.3729.169 Safari/537.36"
114.119.145.81 - - [09/Oct/2020:05:18:15 +0200] "GET /kutat/REVkutatas/5PR/index.html HTTP/1.1" 200 49876 "-" "Mozilla/5.0 (Linux; Android 7.0;) AppleWebKit/537.36 (KHTML, like Gecko) Mobile Safari/537.36 (compatible; PetalBot;+https://aspiegel.com/petalbot)"
114.119.129.229 - - [09/Oct/2020:05:26:49 +0200] "GET /new/node/97 HTTP/1.1" 200 8129 "-" "Mozilla/5.0 (Linux; Android 7.0;) AppleWebKit/537.36 (KHTML, like Gecko) Mobile Safari/537.36 (compatible; PetalBot;+https://aspiegel.com/petalbot)"
66.249.70.85 - - [09/Oct/2020:05:28:53 +0200] "GET /new/sites/default/files/Alap%C3%ADtv%C3%A1ny_ujPtk.pdf HTTP/1.1" 304 - "-" "Mozilla/5.0 (Linux; Android 6.0.1; Nexus 5X Build/MMB29P) AppleWebKit/537.36 (KHTML, like Gecko) Chrome/85.0.4183.140 Mobile Safari/537.36 (compatible; Googlebot/2.1; +http://www.google.com/bot.html)"
114.119.129.229 - - [09/Oct/2020:05:35:05 +0200] "GET /new/magunkrol/dossziek HTTP/1.1" 200 9835 "-" "Mozilla/5.0 (Linux; Android 7.0;) AppleWebKit/537.36 (KHTML, like Gecko) Mobile Safari/537.36 (compatible; PetalBot;+https://aspiegel.com/petalbot)"
114.119.145.175 - - [09/Oct/2020:05:43:22 +0200] "GET /halozatok/index.html HTTP/1.1" 200 5818 "-" "Mozilla/5.0 (Linux; Android 7.0;) AppleWebKit/537.36 (KHTML, like Gecko) Mobile Safari/537.36 (compatible; PetalBot;+https://aspiegel.com/petalbot)"
114.119.131.210 - - [09/Oct/2020:05:51:37 +0200] "GET /aktualis/109kozigazg/nyilatkozat/index.html HTTP/1.1" 200 10379 "-" "Mozilla/5.0 (Linux; Android 7.0;) AppleWebKit/537.36 (KHTML, like Gecko) Mobile Safari/537.36 (compatible; PetalBot;+https://aspiegel.com/petalbot)"
185.191.171.11 - - [09/Oct/2020:06:31:44 +0200] "GET /robots.txt HTTP/1.1" 404 1181 "-" "Mozilla/5.0 (compatible; SemrushBot/6~bl; +http://www.semrush.com/bot.html)"
185.191.171.10 - - [09/Oct/2020:06:31:44 +0200] "GET /tagjaink HTTP/1.1" 404 1181 "-" "Mozilla/5.0 (compatible; SemrushBot/6~bl; +http://www.semrush.com/bot.html)"
114.119.144.143 - - [09/Oct/2020:06:39:42 +0200] "GET /aktualis/009GSZTcivil/index.html HTTP/1.1" 200 24603 "-" "Mozilla/5.0 (Linux; Android 7.0;) AppleWebKit/537.36 (KHTML, like Gecko) Mobile Safari/537.36 (compatible; PetalBot;+https://aspiegel.com/petalbot)"
114.119.153.131 - - [09/Oct/2020:06:50:35 +0200] "GET /konferenciak/konferencia3/index.html HTTP/1.1" 200 25940 "-" "Mozilla/5.0 (Linux; Android 7.0;) AppleWebKit/537.36 (KHTML, like Gecko) Mobile Safari/537.36 (compatible; PetalBot;+https://aspiegel.com/petalbot)"
114.119.137.54 - - [09/Oct/2020:06:58:29 +0200] "GET /kutat/REVkutatas/index.html HTTP/1.1" 200 13447 "-" "Mozilla/5.0 (Linux; Android 7.0;) AppleWebKit/537.36 (KHTML, like Gecko) Mobile Safari/537.36 (compatible; PetalBot;+https://aspiegel.com/petalbot)"
114.119.157.225 - - [09/Oct/2020:07:09:10 +0200] "GET /new/hirek/k%C3%A9pz%C3%A9si-anyag-civil-szerveztek-m%C5%B1k%C3%B6d%C3%A9s%C3%A9nek-t%C3%A1mogat%C3%A1s%C3%A1ra HTTP/1.1" 200 9096 "-" "Mozilla/5.0 (Linux; Android 7.0;) AppleWebKit/537.36 (KHTML, like Gecko) Mobile Safari/537.36 (compatible; PetalBot;+https://aspiegel.com/petalbot)"
216.244.66.229 - - [09/Oct/2020:07:17:15 +0200] "GET /robots.txt HTTP/1.1" 404 1181 "-" "Mozilla/5.0 (compatible; DotBot/1.1; http://www.opensiteexplorer.org/dotbot, help@moz.com)"
