66.249.66.33 - - [04/Sep/2021:20:23:57 +0200] "GET /new/modules/filefield/filefield.css?l HTTP/1.1" 200 1986 "http://www.nosza.hu/new/content/gyakran-ism%C3%A9telt-k%C3%A9rd%C3%A9sek" "Mozilla/5.0 (Linux; Android 6.0.1; Nexus 5X Build/MMB29P) AppleWebKit/537.36 (KHTML, like Gecko) Chrome/92.0.4515.119 Mobile Safari/537.36 (compatible; Googlebot/2.1; +http://www.google.com/bot.html)"
54.36.149.41 - - [04/Sep/2021:20:32:09 +0200] "GET /robots.txt HTTP/1.1" 404 1181 "-" "Mozilla/5.0 (compatible; AhrefsBot/7.0; +http://ahrefs.com/robot/)"
54.36.148.194 - - [04/Sep/2021:20:32:10 +0200] "GET / HTTP/1.1" 200 1010 "-" "Mozilla/5.0 (compatible; AhrefsBot/7.0; +http://ahrefs.com/robot/)"
95.163.255.193 - - [04/Sep/2021:20:43:32 +0200] "GET /robots.txt HTTP/1.0" 404 1181 "-" "Mozilla/5.0 (compatible; Linux x86_64; Mail.RU_Bot/2.0; +http://go.mail.ru/help/robots)"
95.163.255.182 - - [04/Sep/2021:20:43:35 +0200] "GET /new/en/publications/civil-liberties-versus-radical-movements HTTP/1.1" 200 8605 "-" "Mozilla/5.0 (compatible; Linux x86_64; Mail.RU_Bot/2.0; +http://go.mail.ru/help/robots)"
54.36.148.194 - - [04/Sep/2021:20:48:49 +0200] "GET /new/hirek/2013 HTTP/1.1" 200 16790 "-" "Mozilla/5.0 (compatible; AhrefsBot/7.0; +http://ahrefs.com/robot/)"
159.69.145.50 - - [04/Sep/2021:20:53:49 +0200] "HEAD / HTTP/1.1" 200 0 "-" "Alert_Alligator_webmonitoring_service_1.6.3_(alertalligator.com)"
185.191.171.41 - - [04/Sep/2021:20:59:33 +0200] "GET /robots.txt HTTP/1.1" 404 1181 "-" "Mozilla/5.0 (compatible; SemrushBot/7~bl; +http://www.semrush.com/bot.html)"
185.191.171.42 - - [04/Sep/2021:20:59:33 +0200] "GET /aktualis/106GSZTcivil/GSZTinfo/index.html HTTP/1.1" 200 21761 "-" "Mozilla/5.0 (compatible; SemrushBot/7~bl; +http://www.semrush.com/bot.html)"
54.36.148.194 - - [04/Sep/2021:21:05:31 +0200] "GET /new/en/news/2009 HTTP/1.1" 200 15657 "-" "Mozilla/5.0 (compatible; AhrefsBot/7.0; +http://ahrefs.com/robot/)"
157.55.39.105 - - [04/Sep/2021:21:09:31 +0200] "GET /robots.txt HTTP/1.1" 404 1181 "-" "Mozilla/5.0 (compatible; bingbot/2.0; +http://www.bing.com/bingbot.htm)"
207.46.13.171 - - [04/Sep/2021:21:09:43 +0200] "GET /new/sites/default/files/Alap%C3%83%C2%ADtv%C3%83%C2%A1ny_ujPtk.pdf HTTP/1.1" 404 7460 "-" "Mozilla/5.0 (compatible; bingbot/2.0; +http://www.bing.com/bingbot.htm)"
54.36.148.194 - - [04/Sep/2021:21:21:59 +0200] "GET /new/en/news HTTP/1.1" 200 15658 "-" "Mozilla/5.0 (compatible; AhrefsBot/7.0; +http://ahrefs.com/robot/)"
54.36.148.194 - - [04/Sep/2021:21:37:37 +0200] "GET /new/en/news/2013 HTTP/1.1" 200 15657 "-" "Mozilla/5.0 (compatible; AhrefsBot/7.0; +http://ahrefs.com/robot/)"
88.198.0.124 - - [04/Sep/2021:21:50:17 +0200] "GET / HTTP/1.1" 200 1010 "-" "Mozilla/5.0 (compatible; DataForSeoBot/1.0; +https://dataforseo.com/dataforseo-bot)"
159.69.145.50 - - [04/Sep/2021:21:52:53 +0200] "HEAD / HTTP/1.1" 200 0 "-" "Alert_Alligator_webmonitoring_service_1.6.3_(alertalligator.com)"
54.36.148.194 - - [04/Sep/2021:21:54:13 +0200] "GET / HTTP/1.1" 200 1010 "-" "Mozilla/5.0 (compatible; AhrefsBot/7.0; +http://ahrefs.com/robot/)"
54.36.148.194 - - [04/Sep/2021:22:01:08 +0200] "GET /new/en/about_us/supporters HTTP/1.1" 200 11066 "-" "Mozilla/5.0 (compatible; AhrefsBot/7.0; +http://ahrefs.com/robot/)"
54.36.148.194 - - [04/Sep/2021:22:06:44 +0200] "GET /new/en/about_us/members HTTP/1.1" 200 8253 "-" "Mozilla/5.0 (compatible; AhrefsBot/7.0; +http://ahrefs.com/robot/)"
54.36.148.194 - - [04/Sep/2021:22:12:28 +0200] "GET /new/en/publications HTTP/1.1" 200 7784 "-" "Mozilla/5.0 (compatible; AhrefsBot/7.0; +http://ahrefs.com/robot/)"
54.36.148.194 - - [04/Sep/2021:22:18:15 +0200] "GET /new/en/about_us HTTP/1.1" 200 8827 "-" "Mozilla/5.0 (compatible; AhrefsBot/7.0; +http://ahrefs.com/robot/)"
185.191.171.45 - - [04/Sep/2021:22:20:01 +0200] "GET /robots.txt HTTP/1.1" 404 1181 "-" "Mozilla/5.0 (compatible; SemrushBot/7~bl; +http://www.semrush.com/bot.html)"
185.191.171.33 - - [04/Sep/2021:22:20:02 +0200] "GET /angol/index.html HTTP/1.1" 200 13458 "-" "Mozilla/5.0 (compatible; SemrushBot/7~bl; +http://www.semrush.com/bot.html)"
20.55.102.218 - - [04/Sep/2021:22:20:46 +0200] "GET /kiss.dbk.pdf HTTP/1.1" 200 146575 "-" "python-requests/2.26.0"
54.36.148.194 - - [04/Sep/2021:22:24:10 +0200] "GET /new/en/news/2018 HTTP/1.1" 200 15657 "-" "Mozilla/5.0 (compatible; AhrefsBot/7.0; +http://ahrefs.com/robot/)"
185.191.171.38 - - [04/Sep/2021:22:24:25 +0200] "GET /robots.txt HTTP/1.1" 404 1181 "-" "Mozilla/5.0 (compatible; SemrushBot/7~bl; +http://www.semrush.com/bot.html)"
185.191.171.36 - - [04/Sep/2021:22:24:26 +0200] "GET /new/dossziek/szolg%C3%A1ltat%C3%B3-civilek-0 HTTP/1.1" 200 9067 "-" "Mozilla/5.0 (compatible; SemrushBot/7~bl; +http://www.semrush.com/bot.html)"
54.36.148.194 - - [04/Sep/2021:22:29:55 +0200] "GET /new/en/about_us/activity HTTP/1.1" 200 9036 "-" "Mozilla/5.0 (compatible; AhrefsBot/7.0; +http://ahrefs.com/robot/)"
54.36.148.194 - - [04/Sep/2021:22:36:04 +0200] "GET /new/en/about_us/our_staff HTTP/1.1" 200 8901 "-" "Mozilla/5.0 (compatible; AhrefsBot/7.0; +http://ahrefs.com/robot/)"
54.36.148.194 - - [04/Sep/2021:22:41:48 +0200] "GET /new/en/contact_us HTTP/1.1" 200 7267 "-" "Mozilla/5.0 (compatible; AhrefsBot/7.0; +http://ahrefs.com/robot/)"
54.36.148.194 - - [04/Sep/2021:22:47:52 +0200] "GET /new/en/projects HTTP/1.1" 200 7671 "-" "Mozilla/5.0 (compatible; AhrefsBot/7.0; +http://ahrefs.com/robot/)"
49.12.13.109 - - [04/Sep/2021:22:51:57 +0200] "HEAD / HTTP/1.1" 200 0 "-" "Alert_Alligator_webmonitoring_service_1.6.3_(alertalligator.com)"
54.36.148.194 - - [04/Sep/2021:22:54:00 +0200] "GET /new/en/about_us/links HTTP/1.1" 200 7851 "-" "Mozilla/5.0 (compatible; AhrefsBot/7.0; +http://ahrefs.com/robot/)"
54.36.148.194 - - [04/Sep/2021:22:59:45 +0200] "GET /new/en/publications/2008 HTTP/1.1" 200 7768 "-" "Mozilla/5.0 (compatible; AhrefsBot/7.0; +http://ahrefs.com/robot/)"
54.36.148.194 - - [04/Sep/2021:23:05:35 +0200] "GET /new/en/projects/Test%20project HTTP/1.1" 200 7194 "-" "Mozilla/5.0 (compatible; AhrefsBot/7.0; +http://ahrefs.com/robot/)"
54.36.148.194 - - [04/Sep/2021:23:11:20 +0200] "GET /new/en/about_us/financial_reports HTTP/1.1" 200 9675 "-" "Mozilla/5.0 (compatible; AhrefsBot/7.0; +http://ahrefs.com/robot/)"
54.36.148.194 - - [04/Sep/2021:23:17:06 +0200] "GET /aktualis/108autopalya/level/index.html HTTP/1.1" 200 61871 "-" "Mozilla/5.0 (compatible; AhrefsBot/7.0; +http://ahrefs.com/robot/)"
114.119.142.179 - - [04/Sep/2021:23:17:14 +0200] "GET /new/publikaciok/hirek HTTP/1.1" 200 8669 "-" "Mozilla/5.0 (Linux; Android 7.0;) AppleWebKit/537.36 (KHTML, like Gecko) Mobile Safari/537.36 (compatible; PetalBot;+https://webmaster.petalsearch.com/site/petalbot)"
54.36.148.194 - - [04/Sep/2021:23:22:40 +0200] "GET /new/en/news/2014 HTTP/1.1" 200 15657 "-" "Mozilla/5.0 (compatible; AhrefsBot/7.0; +http://ahrefs.com/robot/)"
54.36.148.194 - - [04/Sep/2021:23:28:20 +0200] "GET /new/rss.xml HTTP/1.1" 200 15715 "-" "Mozilla/5.0 (compatible; AhrefsBot/7.0; +http://ahrefs.com/robot/)"
185.191.171.24 - - [04/Sep/2021:23:32:17 +0200] "GET /robots.txt HTTP/1.1" 404 1181 "-" "Mozilla/5.0 (compatible; SemrushBot/7~bl; +http://www.semrush.com/bot.html)"
185.191.171.1 - - [04/Sep/2021:23:32:18 +0200] "GET /konferenciak/06egszb/program/index.html HTTP/1.1" 200 10050 "-" "Mozilla/5.0 (compatible; SemrushBot/7~bl; +http://www.semrush.com/bot.html)"
193.189.75.222 - - [04/Sep/2021:23:35:22 +0200] "GET /wp-login.php HTTP/1.1" 404 1181 "-" "Mozilla/5.0 (X11; Ubuntu; Linux x86_64; rv:62.0) Gecko/20100101 Firefox/62.0"
49.12.13.109 - - [04/Sep/2021:23:51:00 +0200] "HEAD / HTTP/1.1" 200 0 "-" "Alert_Alligator_webmonitoring_service_1.6.3_(alertalligator.com)"
54.36.148.194 - - [04/Sep/2021:23:52:35 +0200] "GET /new/publikaciok/2009 HTTP/1.1" 200 9172 "-" "Mozilla/5.0 (compatible; AhrefsBot/7.0; +http://ahrefs.com/robot/)"
114.119.142.181 - - [04/Sep/2021:23:57:57 +0200] "GET /kutat/REVkutatas/5PR HTTP/1.1" 301 326 "-" "Mozilla/5.0 (Linux; Android 7.0;) AppleWebKit/537.36 (KHTML, like Gecko) Mobile Safari/537.36 (compatible; PetalBot;+https://webmaster.petalsearch.com/site/petalbot)"
114.119.142.181 - - [04/Sep/2021:23:57:58 +0200] "GET /kutat/REVkutatas/5PR/ HTTP/1.1" 200 49876 "-" "Mozilla/5.0 (Linux; Android 7.0;) AppleWebKit/537.36 (KHTML, like Gecko) Mobile Safari/537.36 (compatible; PetalBot;+https://webmaster.petalsearch.com/site/petalbot)"
114.119.142.15 - - [05/Sep/2021:00:05:28 +0200] "GET /new/en/news/2016 HTTP/1.1" 200 15657 "-" "Mozilla/5.0 (Linux; Android 7.0;) AppleWebKit/537.36 (KHTML, like Gecko) Mobile Safari/537.36 (compatible; PetalBot;+https://webmaster.petalsearch.com/site/petalbot)"
66.249.66.63 - - [05/Sep/2021:00:09:22 +0200] "GET /new/sites/default/themes/nosza/print.css?l HTTP/1.1" 200 1247 "http://www.nosza.hu/new/en/about_us/links" "Mozilla/5.0 AppleWebKit/537.36 (KHTML, like Gecko; compatible; Googlebot/2.1; +http://www.google.com/bot.html) Chrome/92.0.4515.119 Safari/537.36"
114.119.142.14 - - [05/Sep/2021:00:14:43 +0200] "GET /fulop.dbk.pdf HTTP/1.1" 200 228405 "-" "Mozilla/5.0 (Linux; Android 7.0;) AppleWebKit/537.36 (KHTML, like Gecko) Mobile Safari/537.36 (compatible; PetalBot;+https://webmaster.petalsearch.com/site/petalbot)"
114.119.142.14 - - [05/Sep/2021:00:21:46 +0200] "GET /new/sites/default/files/NOSZA%20K%C3%B6zhaszn%C3%BA%20jelent%C3%A9s%202015_0.pdf HTTP/1.1" 200 2023694 "-" "Mozilla/5.0 (Linux; Android 7.0;) AppleWebKit/537.36 (KHTML, like Gecko) Mobile Safari/537.36 (compatible; PetalBot;+https://webmaster.petalsearch.com/site/petalbot)"
54.36.148.194 - - [05/Sep/2021:00:23:00 +0200] "GET /new/magunkrol/tamogatoink HTTP/1.1" 200 11642 "-" "Mozilla/5.0 (compatible; AhrefsBot/7.0; +http://ahrefs.com/robot/)"
114.119.142.156 - - [05/Sep/2021:00:31:31 +0200] "GET /new/sites/default/files/NOSZA%20K%C3%B6zhaszn%C3%BA%20Jelent%C3%A9s%202009_0.pdf HTTP/1.1" 200 559956 "-" "Mozilla/5.0 (Linux; Android 7.0;) AppleWebKit/537.36 (KHTML, like Gecko) Mobile Safari/537.36 (compatible; PetalBot;+https://webmaster.petalsearch.com/site/petalbot)"
114.119.142.179 - - [05/Sep/2021:00:38:37 +0200] "GET /kutat/REVkutatas/1gazdasag/index.html HTTP/1.1" 200 89032 "-" "Mozilla/5.0 (Linux; Android 7.0;) AppleWebKit/537.36 (KHTML, like Gecko) Mobile Safari/537.36 (compatible; PetalBot;+https://webmaster.petalsearch.com/site/petalbot)"
168.119.0.126 - - [05/Sep/2021:00:44:21 +0200] "GET /nizak-peterfi.dbk.pdf HTTP/1.1" 200 156101 "-" "Mozilla/5.0 (compatible; DataForSeoBot/1.0; +https://dataforseo.com/dataforseo-bot)"
114.119.142.173 - - [05/Sep/2021:00:46:42 +0200] "GET /new/hirek?page=1 HTTP/1.1" 200 14156 "-" "Mozilla/5.0 (Linux; Android 7.0;) AppleWebKit/537.36 (KHTML, like Gecko) Mobile Safari/537.36 (compatible; PetalBot;+https://webmaster.petalsearch.com/site/petalbot)"
212.237.53.115 - - [05/Sep/2021:00:50:19 +0200] "HEAD / HTTP/1.1" 200 0 "-" "Alert_Alligator_webmonitoring_service_1.6.3_(alertalligator.com)"
54.36.148.194 - - [05/Sep/2021:00:54:52 +0200] "GET /new/publikaciok/2007 HTTP/1.1" 200 9569 "-" "Mozilla/5.0 (compatible; AhrefsBot/7.0; +http://ahrefs.com/robot/)"
114.119.142.14 - - [05/Sep/2021:00:55:39 +0200] "GET /new/en/news/2017 HTTP/1.1" 200 15657 "-" "Mozilla/5.0 (Linux; Android 7.0;) AppleWebKit/537.36 (KHTML, like Gecko) Mobile Safari/537.36 (compatible; PetalBot;+https://webmaster.petalsearch.com/site/petalbot)"
114.119.142.156 - - [05/Sep/2021:01:03:43 +0200] "GET /aktualis/NCA/index.html HTTP/1.1" 200 50805 "-" "Mozilla/5.0 (Linux; Android 7.0;) AppleWebKit/537.36 (KHTML, like Gecko) Mobile Safari/537.36 (compatible; PetalBot;+https://webmaster.petalsearch.com/site/petalbot)"
114.119.142.181 - - [05/Sep/2021:01:20:51 +0200] "GET /3kutat/REVkutatas/6level/index.html HTTP/1.1" 200 18798 "-" "Mozilla/5.0 (Linux; Android 7.0;) AppleWebKit/537.36 (KHTML, like Gecko) Mobile Safari/537.36 (compatible; PetalBot;+https://webmaster.petalsearch.com/site/petalbot)"
114.119.142.140 - - [05/Sep/2021:01:29:06 +0200] "GET /aktualis/1gyikNCA/szervezet/index.html HTTP/1.1" 200 23952 "-" "Mozilla/5.0 (Linux; Android 7.0;) AppleWebKit/537.36 (KHTML, like Gecko) Mobile Safari/537.36 (compatible; PetalBot;+https://webmaster.petalsearch.com/site/petalbot)"
17.121.115.83 - - [05/Sep/2021:01:36:33 +0200] "GET /new/rss.xml HTTP/1.1" 200 15715 "-" "Mozilla/5.0 (Macintosh; Intel Mac OS X 10_15_5) AppleWebKit/605.1.15 (KHTML, like Gecko) Version/13.1.1 Safari/605.1.15 (Applebot/0.1; +http://www.apple.com/go/applebot)"
114.119.142.156 - - [05/Sep/2021:01:37:35 +0200] "GET /konferenciak/konferencia3/index.html HTTP/1.1" 200 25940 "-" "Mozilla/5.0 (Linux; Android 7.0;) AppleWebKit/537.36 (KHTML, like Gecko) Mobile Safari/537.36 (compatible; PetalBot;+https://webmaster.petalsearch.com/site/petalbot)"
42.236.10.103 - - [05/Sep/2021:01:41:50 +0200] "GET / HTTP/1.1" 200 1010 "http://www.nosza.hu/" "-"
42.236.10.105 - - [05/Sep/2021:01:41:54 +0200] "GET / HTTP/1.1" 200 1010 "http://www.nosza.hu/" "-"
114.119.142.15 - - [05/Sep/2021:01:44:40 +0200] "GET /new/dossziek/hirek HTTP/1.1" 200 8525 "-" "Mozilla/5.0 (Linux; Android 7.0;) AppleWebKit/537.36 (KHTML, like Gecko) Mobile Safari/537.36 (compatible; PetalBot;+https://webmaster.petalsearch.com/site/petalbot)"
212.237.51.151 - - [05/Sep/2021:01:49:28 +0200] "HEAD / HTTP/1.1" 200 0 "-" "Alert_Alligator_webmonitoring_service_1.6.3_(alertalligator.com)"
114.119.142.15 - - [05/Sep/2021:01:53:55 +0200] "GET /halozatok/JMCS/memo/03/index.html HTTP/1.1" 200 45451 "-" "Mozilla/5.0 (Linux; Android 7.0;) AppleWebKit/537.36 (KHTML, like Gecko) Mobile Safari/537.36 (compatible; PetalBot;+https://webmaster.petalsearch.com/site/petalbot)"
54.36.148.194 - - [05/Sep/2021:02:00:44 +0200] "GET /new/projektek/Nyitott%20jogalkot%C3%A1s HTTP/1.1" 200 9728 "-" "Mozilla/5.0 (compatible; AhrefsBot/7.0; +http://ahrefs.com/robot/)"
114.119.142.181 - - [05/Sep/2021:02:01:13 +0200] "GET /new/projektek/Nyitott%20jogalkot%C3%A1s HTTP/1.1" 200 9728 "-" "Mozilla/5.0 (Linux; Android 7.0;) AppleWebKit/537.36 (KHTML, like Gecko) Mobile Safari/537.36 (compatible; PetalBot;+https://webmaster.petalsearch.com/site/petalbot)"
114.119.142.14 - - [05/Sep/2021:02:10:18 +0200] "GET /halozatok/JMCS/memo/09/index.html HTTP/1.1" 200 42017 "-" "Mozilla/5.0 (Linux; Android 7.0;) AppleWebKit/537.36 (KHTML, like Gecko) Mobile Safari/537.36 (compatible; PetalBot;+https://webmaster.petalsearch.com/site/petalbot)"
114.119.142.15 - - [05/Sep/2021:02:17:34 +0200] "GET /new/sites/default/files/NOSZA%20K%C3%B6zhaszn%C3%BA%20Jelent%C3%A9s2017.pdf HTTP/1.1" 200 2863924 "-" "Mozilla/5.0 (Linux; Android 7.0;) AppleWebKit/537.36 (KHTML, like Gecko) Mobile Safari/537.36 (compatible; PetalBot;+https://webmaster.petalsearch.com/site/petalbot)"
207.46.13.154 - - [05/Sep/2021:02:23:09 +0200] "GET / HTTP/1.1" 200 1010 "-" "Mozilla/5.0 (compatible; bingbot/2.0; +http://www.bing.com/bingbot.htm)"
114.119.142.140 - - [05/Sep/2021:02:25:02 +0200] "GET /new/en/dossiers/szolg%C3%A1ltat%C3%B3-civilek HTTP/1.1" 200 8394 "-" "Mozilla/5.0 (Linux; Android 7.0;) AppleWebKit/537.36 (KHTML, like Gecko) Mobile Safari/537.36 (compatible; PetalBot;+https://webmaster.petalsearch.com/site/petalbot)"
172.105.78.243 - - [05/Sep/2021:02:38:15 +0200] "GET / HTTP/1.1" 200 1010 "-" "Mozilla/5.0 (X11; CrOS x86_64 8172.45.0) AppleWebKit/537.36 (KHTML, like Gecko) Chrome/51.0.2704.64 Safari/537.36"
54.245.186.246 - - [05/Sep/2021:02:40:58 +0200] "GET / HTTP/1.1" 200 1010 "-" "Mozilla/5.0 (X11; Linux x86_64) AppleWebKit/537.36 (KHTML, like Gecko) Chrome/83.0.4103.97 Safari/537.36"
54.202.50.23 - - [05/Sep/2021:02:41:05 +0200] "GET / HTTP/1.1" 200 1010 "-" "Mozilla/5.0 (X11; Linux x86_64) AppleWebKit/537.36 (KHTML, like Gecko) Chrome/83.0.4103.97 Safari/537.36"
35.167.55.116 - - [05/Sep/2021:02:41:40 +0200] "GET /favicon.ico HTTP/1.1" 404 1181 "-" "Mozilla/5.0 (X11; Linux x86_64) AppleWebKit/537.36 (KHTML, like Gecko) Chrome/83.0.4103.97 Safari/537.36"
35.167.55.116 - - [05/Sep/2021:02:41:44 +0200] "GET / HTTP/1.1" 200 1010 "-" "Mozilla/5.0 (X11; Linux x86_64) AppleWebKit/537.36 (KHTML, like Gecko) Chrome/83.0.4103.97 Safari/537.36"
52.13.98.93 - - [05/Sep/2021:02:41:54 +0200] "GET /favicon.ico HTTP/1.1" 404 1181 "-" "Mozilla/5.0 (X11; Linux x86_64) AppleWebKit/537.36 (KHTML, like Gecko) Chrome/83.0.4103.97 Safari/537.36"
52.13.98.93 - - [05/Sep/2021:02:41:57 +0200] "GET / HTTP/1.1" 200 1010 "-" "Mozilla/5.0 (X11; Linux x86_64) AppleWebKit/537.36 (KHTML, like Gecko) Chrome/83.0.4103.97 Safari/537.36"
159.69.145.50 - - [05/Sep/2021:02:48:35 +0200] "HEAD / HTTP/1.1" 200 0 "-" "Alert_Alligator_webmonitoring_service_1.6.3_(alertalligator.com)"
54.36.148.194 - - [05/Sep/2021:02:49:34 +0200] "GET /new/publikaciok HTTP/1.1" 200 11778 "-" "Mozilla/5.0 (compatible; AhrefsBot/7.0; +http://ahrefs.com/robot/)"
95.163.255.176 - - [05/Sep/2021:03:04:13 +0200] "GET /robots.txt HTTP/1.0" 404 1181 "-" "Mozilla/5.0 (compatible; Linux x86_64; Mail.RU_Bot/2.0; +http://go.mail.ru/help/robots)"
95.163.255.154 - - [05/Sep/2021:03:04:16 +0200] "GET /new/sites/default/files/polish%20final.doc HTTP/1.1" 200 1365504 "-" "Mozilla/5.0 (compatible; Linux x86_64; Mail.RU_Bot/2.0; +http://go.mail.ru/help/robots)"
66.249.66.33 - - [05/Sep/2021:03:31:35 +0200] "GET /new/en/ HTTP/1.1" 200 9252 "-" "Mozilla/5.0 (Linux; Android 6.0.1; Nexus 5X Build/MMB29P) AppleWebKit/537.36 (KHTML, like Gecko) Chrome/92.0.4515.119 Mobile Safari/537.36 (compatible; Googlebot/2.1; +http://www.google.com/bot.html)"
49.12.13.109 - - [05/Sep/2021:03:48:48 +0200] "HEAD / HTTP/1.1" 200 0 "-" "Alert_Alligator_webmonitoring_service_1.6.3_(alertalligator.com)"
54.184.72.118 - - [05/Sep/2021:03:49:01 +0200] "GET / HTTP/1.1" 200 1010 "-" "Mozilla/5.0 (X11; Linux x86_64) AppleWebKit/537.36 (KHTML, like Gecko) Chrome/83.0.4103.97 Safari/537.36"
35.85.53.198 - - [05/Sep/2021:03:49:17 +0200] "GET /favicon.ico HTTP/1.1" 404 1181 "-" "Mozilla/5.0 (X11; Linux x86_64) AppleWebKit/537.36 (KHTML, like Gecko) Chrome/83.0.4103.97 Safari/537.36"
35.85.53.198 - - [05/Sep/2021:03:49:21 +0200] "GET / HTTP/1.1" 200 1010 "-" "Mozilla/5.0 (X11; Linux x86_64) AppleWebKit/537.36 (KHTML, like Gecko) Chrome/83.0.4103.97 Safari/537.36"
54.36.148.194 - - [05/Sep/2021:03:58:40 +0200] "GET / HTTP/1.1" 200 1010 "-" "Mozilla/5.0 (compatible; AhrefsBot/7.0; +http://ahrefs.com/robot/)"
34.251.61.163 - - [05/Sep/2021:04:01:11 +0200] "GET / HTTP/1.1" 200 1010 "-" "Mozilla/5.0 (Macintosh; Intel Mac OS X 10.15; rv:81.0) Gecko/20100101 Firefox/81.0"
114.119.142.179 - - [05/Sep/2021:04:23:29 +0200] "GET /molnar.dbk.pdf HTTP/1.1" 200 590452 "-" "Mozilla/5.0 (Linux; Android 7.0;) AppleWebKit/537.36 (KHTML, like Gecko) Mobile Safari/537.36 (compatible; PetalBot;+https://webmaster.petalsearch.com/site/petalbot)"
54.36.148.194 - - [05/Sep/2021:04:30:45 +0200] "GET /new/dossziek/Teszt%20dosszi%C3%A9 HTTP/1.1" 200 8924 "-" "Mozilla/5.0 (compatible; AhrefsBot/7.0; +http://ahrefs.com/robot/)"
66.249.66.33 - - [05/Sep/2021:04:43:32 +0200] "GET /aktualis/2jogalkotas/index.html HTTP/1.1" 200 237725 "-" "Mozilla/5.0 (Linux; Android 6.0.1; Nexus 5X Build/MMB29P) AppleWebKit/537.36 (KHTML, like Gecko) Chrome/92.0.4515.119 Mobile Safari/537.36 (compatible; Googlebot/2.1; +http://www.google.com/bot.html)"
159.69.145.50 - - [05/Sep/2021:04:47:51 +0200] "HEAD / HTTP/1.1" 200 0 "-" "Alert_Alligator_webmonitoring_service_1.6.3_(alertalligator.com)"
5.9.144.234 - - [05/Sep/2021:04:53:30 +0200] "GET /robots.txt HTTP/1.1" 404 1181 "-" "Mozilla/5.0 (compatible; MJ12bot/v1.4.8; http://mj12bot.com/)"
5.9.144.234 - - [05/Sep/2021:04:53:32 +0200] "GET / HTTP/1.1" 200 1010 "-" "Mozilla/5.0 (compatible; MJ12bot/v1.4.8; http://mj12bot.com/)"
5.9.144.234 - - [05/Sep/2021:04:53:35 +0200] "GET /kutat/REVkutatas/3gazdalkodas/ HTTP/1.1" 200 88137 "-" "Mozilla/5.0 (compatible; MJ12bot/v1.4.8; http://mj12bot.com/)"
66.249.66.63 - - [05/Sep/2021:05:01:35 +0200] "GET /kutat/REVkutatas/index.html HTTP/1.1" 304 - "-" "Mozilla/5.0 (Linux; Android 6.0.1; Nexus 5X Build/MMB29P) AppleWebKit/537.36 (KHTML, like Gecko) Chrome/92.0.4515.119 Mobile Safari/537.36 (compatible; Googlebot/2.1; +http://www.google.com/bot.html)"
54.36.148.194 - - [05/Sep/2021:05:03:03 +0200] "GET /new/projektek/Civil%20%C3%BAjs%C3%A1g%C3%ADr%C3%A1s HTTP/1.1" 200 9236 "-" "Mozilla/5.0 (compatible; AhrefsBot/7.0; +http://ahrefs.com/robot/)"
114.119.142.140 - - [05/Sep/2021:05:10:25 +0200] "GET /halozatok/JMCS/memo/01/index.html HTTP/1.1" 200 17697 "-" "Mozilla/5.0 (Linux; Android 7.0;) AppleWebKit/537.36 (KHTML, like Gecko) Mobile Safari/537.36 (compatible; PetalBot;+https://webmaster.petalsearch.com/site/petalbot)"
114.119.142.173 - - [05/Sep/2021:05:18:27 +0200] "GET /new/projektek/m%C5%B1k%C3%B6d%C3%A9si-p%C3%A1ly%C3%A1zat-2016-2017 HTTP/1.1" 200 12024 "-" "Mozilla/5.0 (Linux; Android 7.0;) AppleWebKit/537.36 (KHTML, like Gecko) Mobile Safari/537.36 (compatible; PetalBot;+https://webmaster.petalsearch.com/site/petalbot)"
185.191.171.8 - - [05/Sep/2021:05:18:29 +0200] "GET /robots.txt HTTP/1.1" 404 1181 "-" "Mozilla/5.0 (compatible; SemrushBot/7~bl; +http://www.semrush.com/bot.html)"
185.191.171.16 - - [05/Sep/2021:05:18:31 +0200] "GET /new/en/news/2016 HTTP/1.1" 200 15657 "-" "Mozilla/5.0 (compatible; SemrushBot/7~bl; +http://www.semrush.com/bot.html)"
54.36.149.48 - - [05/Sep/2021:05:31:31 +0200] "GET /robots.txt HTTP/1.1" 404 1181 "-" "Mozilla/5.0 (compatible; AhrefsBot/7.0; +http://ahrefs.com/robot/)"
54.36.148.194 - - [05/Sep/2021:05:31:32 +0200] "GET / HTTP/1.1" 200 1010 "-" "Mozilla/5.0 (compatible; AhrefsBot/7.0; +http://ahrefs.com/robot/)"
93.158.91.239 - - [05/Sep/2021:05:34:46 +0200] "GET /robots.txt HTTP/1.1" 404 1181 "-" "Mozilla/5.0 (Macintosh; Intel Mac OS X 10_13_6) AppleWebKit/537.36 (KHTML, like Gecko) Chrome/91.0.4472.114 Safari/537.36"
93.158.91.252 - - [05/Sep/2021:05:34:46 +0200] "GET /humans.txt HTTP/1.1" 404 1181 "-" "Mozilla/5.0 (Macintosh; Intel Mac OS X 10_13_6) AppleWebKit/537.36 (KHTML, like Gecko) Chrome/91.0.4472.114 Safari/537.36"
93.158.92.13 - - [05/Sep/2021:05:34:46 +0200] "GET /ads.txt HTTP/1.1" 404 1181 "-" "Mozilla/5.0 (Macintosh; Intel Mac OS X 10_13_6) AppleWebKit/537.36 (KHTML, like Gecko) Chrome/91.0.4472.114 Safari/537.36"
93.158.91.249 - - [05/Sep/2021:05:34:47 +0200] "GET / HTTP/1.1" 200 1010 "-" "Mozilla/5.0 (Macintosh; Intel Mac OS X 10_13_6) AppleWebKit/537.36 (KHTML, like Gecko) Chrome/91.0.4472.114 Safari/537.36"
114.119.142.14 - - [05/Sep/2021:05:35:14 +0200] "GET /partnereink/index.html HTTP/1.1" 200 11929 "-" "Mozilla/5.0 (Linux; Android 7.0;) AppleWebKit/537.36 (KHTML, like Gecko) Mobile Safari/537.36 (compatible; PetalBot;+https://webmaster.petalsearch.com/site/petalbot)"
114.119.142.15 - - [05/Sep/2021:05:41:55 +0200] "GET /3kutat/index.html HTTP/1.1" 200 26177 "-" "Mozilla/5.0 (Linux; Android 7.0;) AppleWebKit/537.36 (KHTML, like Gecko) Mobile Safari/537.36 (compatible; PetalBot;+https://webmaster.petalsearch.com/site/petalbot)"
212.237.51.151 - - [05/Sep/2021:05:47:19 +0200] "HEAD / HTTP/1.1" 200 0 "-" "Alert_Alligator_webmonitoring_service_1.6.3_(alertalligator.com)"
114.119.142.173 - - [05/Sep/2021:05:49:50 +0200] "GET /konferenciak/06egszbr/index.html HTTP/1.1" 200 89504 "-" "Mozilla/5.0 (Linux; Android 7.0;) AppleWebKit/537.36 (KHTML, like Gecko) Mobile Safari/537.36 (compatible; PetalBot;+https://webmaster.petalsearch.com/site/petalbot)"
114.119.142.140 - - [05/Sep/2021:05:57:47 +0200] "GET /new/projektek/hirek HTTP/1.1" 200 8776 "-" "Mozilla/5.0 (Linux; Android 7.0;) AppleWebKit/537.36 (KHTML, like Gecko) Mobile Safari/537.36 (compatible; PetalBot;+https://webmaster.petalsearch.com/site/petalbot)"
54.36.148.194 - - [05/Sep/2021:06:04:10 +0200] "GET /new/elerhetoseg HTTP/1.1" 200 8052 "-" "Mozilla/5.0 (compatible; AhrefsBot/7.0; +http://ahrefs.com/robot/)"
114.119.142.14 - - [05/Sep/2021:06:05:29 +0200] "GET /new/en HTTP/1.1" 200 9252 "-" "Mozilla/5.0 (Linux; Android 7.0;) AppleWebKit/537.36 (KHTML, like Gecko) Mobile Safari/537.36 (compatible; PetalBot;+https://webmaster.petalsearch.com/site/petalbot)"
75.119.129.90 - - [05/Sep/2021:06:16:08 +0200] "GET / HTTP/1.1" 200 1010 "-" "Mozilla/5.0 (Windows NT 10.0; Win64; x64) AppleWebKit/537.36 (KHTML, like Gecko) Chrome/91.0.4472.77 Safari/537.36"
114.119.142.179 - - [05/Sep/2021:06:17:37 +0200] "GET /new/hirek/nosza-egyes%C3%BClet-%C3%A9s-f%C3%BCggetlen-m%C3%A9diak%C3%B6zpont-sikeres-p%C3%A1ly%C3%A1zatott-ny%C3%BAjtott-be-norv%C3%A9g-civil-t%C3%A1mogat HTTP/1.1" 200 9593 "-" "Mozilla/5.0 (Linux; Android 7.0;) AppleWebKit/537.36 (KHTML, like Gecko) Mobile Safari/537.36 (compatible; PetalBot;+https://webmaster.petalsearch.com/site/petalbot)"
185.191.171.25 - - [05/Sep/2021:06:32:03 +0200] "GET /robots.txt HTTP/1.1" 404 1181 "-" "Mozilla/5.0 (compatible; SemrushBot/7~bl; +http://www.semrush.com/bot.html)"
185.191.171.36 - - [05/Sep/2021:06:32:04 +0200] "GET /3kutat/REVkutatas/1gazdasag/index.html HTTP/1.1" 200 89168 "-" "Mozilla/5.0 (compatible; SemrushBot/7~bl; +http://www.semrush.com/bot.html)"
114.119.142.188 - - [05/Sep/2021:06:33:28 +0200] "GET /new/en/about_us/links HTTP/1.1" 200 7851 "-" "Mozilla/5.0 (Linux; Android 7.0;) AppleWebKit/537.36 (KHTML, like Gecko) Mobile Safari/537.36 (compatible; PetalBot;+https://webmaster.petalsearch.com/site/petalbot)"
54.36.148.194 - - [05/Sep/2021:06:36:43 +0200] "GET /new/hirek HTTP/1.1" 200 16778 "-" "Mozilla/5.0 (compatible; AhrefsBot/7.0; +http://ahrefs.com/robot/)"
208.87.129.67 - - [05/Sep/2021:06:38:31 +0200] "GET / HTTP/1.1" 200 1010 "-" "Mozilla/5.0 (X11; Linux x86_64) AppleWebKit/537.36 (KHTML, like Gecko) Chrome/89.0.4389.82 Safari/537.36"
159.69.145.50 - - [05/Sep/2021:06:46:39 +0200] "HEAD / HTTP/1.1" 200 0 "-" "Alert_Alligator_webmonitoring_service_1.6.3_(alertalligator.com)"
185.191.171.19 - - [05/Sep/2021:06:48:15 +0200] "GET /new/dossziek/szolg%C3%A1ltat%C3%B3-civilek HTTP/1.1" 200 9174 "-" "Mozilla/5.0 (compatible; SemrushBot/7~bl; +http://www.semrush.com/bot.html)"
114.119.142.188 - - [05/Sep/2021:06:49:08 +0200] "GET /new/en/contact_us HTTP/1.1" 200 7267 "-" "Mozilla/5.0 (Linux; Android 7.0;) AppleWebKit/537.36 (KHTML, like Gecko) Mobile Safari/537.36 (compatible; PetalBot;+https://webmaster.petalsearch.com/site/petalbot)"
114.119.142.186 - - [05/Sep/2021:06:55:36 +0200] "GET /new/hirek/publikaciok HTTP/1.1" 200 17124 "-" "Mozilla/5.0 (Linux; Android 7.0;) AppleWebKit/537.36 (KHTML, like Gecko) Mobile Safari/537.36 (compatible; PetalBot;+https://webmaster.petalsearch.com/site/petalbot)"
114.119.142.15 - - [05/Sep/2021:07:02:59 +0200] "GET /new/en/news/association-laws-and-operation HTTP/1.1" 200 8093 "-" "Mozilla/5.0 (Linux; Android 7.0;) AppleWebKit/537.36 (KHTML, like Gecko) Mobile Safari/537.36 (compatible; PetalBot;+https://webmaster.petalsearch.com/site/petalbot)"
114.119.142.173 - - [05/Sep/2021:07:12:02 +0200] "GET /konferenciak/07egszbbesz/07egszbpr/egszbreg/index.html HTTP/1.1" 200 181901 "-" "Mozilla/5.0 (Linux; Android 7.0;) AppleWebKit/537.36 (KHTML, like Gecko) Mobile Safari/537.36 (compatible; PetalBot;+https://webmaster.petalsearch.com/site/petalbot)"
114.119.142.188 - - [05/Sep/2021:07:18:29 +0200] "GET /aktualis/1gyikNCA/miniszter/index.html HTTP/1.1" 200 11200 "-" "Mozilla/5.0 (Linux; Android 7.0;) AppleWebKit/537.36 (KHTML, like Gecko) Mobile Safari/537.36 (compatible; PetalBot;+https://webmaster.petalsearch.com/site/petalbot)"
77.75.77.36 - - [05/Sep/2021:07:25:42 +0200] "GET /robots.txt HTTP/1.1" 404 1181 "-" "Mozilla/5.0 (compatible; SeznamBot/3.2; +http://napoveda.seznam.cz/en/seznambot-intro/)"
77.75.77.36 - - [05/Sep/2021:07:25:45 +0200] "GET /new/en/news/starting-project-support-hungarian-non-profit-sector HTTP/1.1" 200 8080 "-" "Mozilla/5.0 (compatible; SeznamBot/3.2; +http://napoveda.seznam.cz/en/seznambot-intro/)"
77.75.77.36 - - [05/Sep/2021:07:25:52 +0200] "GET /new/en/about_us/our_staff HTTP/1.1" 200 8901 "-" "Mozilla/5.0 (compatible; SeznamBot/3.2; +http://napoveda.seznam.cz/en/seznambot-intro/)"
114.119.142.140 - - [05/Sep/2021:07:27:35 +0200] "GET /new/hirek/2016?page=1 HTTP/1.1" 200 14140 "-" "Mozilla/5.0 (Linux; Android 7.0;) AppleWebKit/537.36 (KHTML, like Gecko) Mobile Safari/537.36 (compatible; PetalBot;+https://webmaster.petalsearch.com/site/petalbot)"
54.36.148.194 - - [05/Sep/2021:07:35:43 +0200] "GET /new/hirek/2016 HTTP/1.1" 200 16790 "-" "Mozilla/5.0 (compatible; AhrefsBot/7.0; +http://ahrefs.com/robot/)"
114.119.142.173 - - [05/Sep/2021:07:42:34 +0200] "GET /aktualis/index.html HTTP/1.1" 200 63144 "-" "Mozilla/5.0 (Linux; Android 7.0;) AppleWebKit/537.36 (KHTML, like Gecko) Mobile Safari/537.36 (compatible; PetalBot;+https://webmaster.petalsearch.com/site/petalbot)"
159.69.145.50 - - [05/Sep/2021:07:45:42 +0200] "HEAD / HTTP/1.1" 200 0 "-" "Alert_Alligator_webmonitoring_service_1.6.3_(alertalligator.com)"
185.191.171.5 - - [05/Sep/2021:07:48:52 +0200] "GET /robots.txt HTTP/1.1" 404 1181 "-" "Mozilla/5.0 (compatible; SemrushBot/7~bl; +http://www.semrush.com/bot.html)"
185.191.171.21 - - [05/Sep/2021:07:48:53 +0200] "GET /new/en/news/founding-deeds-and-operation-foundations HTTP/1.1" 200 8139 "-" "Mozilla/5.0 (compatible; SemrushBot/7~bl; +http://www.semrush.com/bot.html)"
114.119.142.173 - - [05/Sep/2021:07:49:29 +0200] "GET /aktualis/NCAvh/index.html HTTP/1.1" 200 67842 "-" "Mozilla/5.0 (Linux; Android 7.0;) AppleWebKit/537.36 (KHTML, like Gecko) Mobile Safari/537.36 (compatible; PetalBot;+https://webmaster.petalsearch.com/site/petalbot)"
54.36.148.194 - - [05/Sep/2021:07:50:30 +0200] "GET /new/magunkrol/beszamolok HTTP/1.1" 200 11210 "-" "Mozilla/5.0 (compatible; AhrefsBot/7.0; +http://ahrefs.com/robot/)"
185.191.171.24 - - [05/Sep/2021:07:52:06 +0200] "GET /robots.txt HTTP/1.1" 404 1181 "-" "Mozilla/5.0 (compatible; SemrushBot/7~bl; +http://www.semrush.com/bot.html)"
185.191.171.35 - - [05/Sep/2021:07:52:06 +0200] "GET / HTTP/1.1" 200 1010 "-" "Mozilla/5.0 (compatible; SemrushBot/7~bl; +http://www.semrush.com/bot.html)"
114.119.142.173 - - [05/Sep/2021:07:56:46 +0200] "GET /new/sites/default/files/NOSZA%20K%C3%B6zhaszn%C3%BA%20Jelent%C3%A9s%202008.pdf HTTP/1.1" 200 105443 "-" "Mozilla/5.0 (Linux; Android 7.0;) AppleWebKit/537.36 (KHTML, like Gecko) Mobile Safari/537.36 (compatible; PetalBot;+https://webmaster.petalsearch.com/site/petalbot)"
114.119.142.15 - - [05/Sep/2021:08:04:41 +0200] "GET /new/en/news/major-legal-developments-affecting-csos-2017-0 HTTP/1.1" 200 8277 "-" "Mozilla/5.0 (Linux; Android 7.0;) AppleWebKit/537.36 (KHTML, like Gecko) Mobile Safari/537.36 (compatible; PetalBot;+https://webmaster.petalsearch.com/site/petalbot)"
54.36.148.194 - - [05/Sep/2021:08:06:38 +0200] "GET /new/projektek HTTP/1.1" 200 17515 "-" "Mozilla/5.0 (compatible; AhrefsBot/7.0; +http://ahrefs.com/robot/)"
114.119.142.181 - - [05/Sep/2021:08:17:06 +0200] "GET /robots.txt HTTP/1.1" 404 1181 "-" "Mozilla/5.0 (compatible;PetalBot;+https://webmaster.petalsearch.com/site/petalbot)"
54.36.148.194 - - [05/Sep/2021:08:21:35 +0200] "GET /new/projektek/Menedzsment%20tr%C3%A9ning HTTP/1.1" 200 9363 "-" "Mozilla/5.0 (compatible; AhrefsBot/7.0; +http://ahrefs.com/robot/)"
77.75.77.36 - - [05/Sep/2021:08:28:37 +0200] "GET /robots.txt HTTP/1.1" 404 1181 "-" "Mozilla/5.0 (compatible; SeznamBot/3.2; +http://napoveda.seznam.cz/en/seznambot-intro/)"
77.75.77.36 - - [05/Sep/2021:08:28:39 +0200] "GET /new/en/news/major-legal-developments-affecting-csos-2017-0 HTTP/1.1" 200 8277 "-" "Mozilla/5.0 (compatible; SeznamBot/3.2; +http://napoveda.seznam.cz/en/seznambot-intro/)"
77.75.77.36 - - [05/Sep/2021:08:28:44 +0200] "GET /new/en/news/training-materials-support-csos HTTP/1.1" 200 8120 "-" "Mozilla/5.0 (compatible; SeznamBot/3.2; +http://napoveda.seznam.cz/en/seznambot-intro/)"
54.36.148.194 - - [05/Sep/2021:08:37:30 +0200] "GET /new/magunkrol/tevekenysegunk HTTP/1.1" 200 10275 "-" "Mozilla/5.0 (compatible; AhrefsBot/7.0; +http://ahrefs.com/robot/)"
143.198.2.41 - - [05/Sep/2021:08:41:36 +0200] "GET / HTTP/1.1" 200 1010 "-" "Mozilla/5.0 (Macintosh; Intel Mac OS X 10_14_1) AppleWebKit/537.36 (KHTML, like Gecko) Chrome/75.0.3770.142 Safari/537.36"
143.198.14.246 - - [05/Sep/2021:08:42:29 +0200] "GET / HTTP/1.1" 200 1010 "-" "Mozilla/5.0 (Macintosh; Intel Mac OS X 10_14_1) AppleWebKit/537.36 (KHTML, like Gecko) Chrome/75.0.3770.142 Safari/537.36"
49.12.13.109 - - [05/Sep/2021:08:44:46 +0200] "HEAD / HTTP/1.1" 200 0 "-" "Alert_Alligator_webmonitoring_service_1.6.3_(alertalligator.com)"
5.9.144.234 - - [05/Sep/2021:08:47:32 +0200] "GET /new/content/civil-szervezet-%E2%80%93-t%C3%A1rsadalmi-szervezet-%E2%80%93-civil-t%C3%A1rsas%C3%A1g-az-%C3%BAj-civil-t%C3%B6rv%C3%A9ny-fogalmi-%C3%BAj%C3%ADt%C3%A1sai HTTP/1.1" 200 18521 "-" "Mozilla/5.0 (compatible; MJ12bot/v1.4.8; http://mj12bot.com/)"
5.9.144.234 - - [05/Sep/2021:08:47:35 +0200] "GET /new/content/civil-szervezeti-l%C3%A9t-r%C3%A9gi-%C3%A9s-%C3%BAj-kih%C3%ADv%C3%A1sai HTTP/1.1" 200 9213 "-" "Mozilla/5.0 (compatible; MJ12bot/v1.4.8; http://mj12bot.com/)"
5.9.144.234 - - [05/Sep/2021:08:47:38 +0200] "GET /new/content/egyes%C3%BCleti-alapszab%C3%A1ly-%C3%A9s-m%C5%B1k%C3%B6d%C3%A9s HTTP/1.1" 200 8652 "-" "Mozilla/5.0 (compatible; MJ12bot/v1.4.8; http://mj12bot.com/)"
5.9.144.234 - - [05/Sep/2021:08:47:41 +0200] "GET /new/content/gyakran-ism%C3%A9telt-k%C3%A9rd%C3%A9sek HTTP/1.1" 200 12447 "-" "Mozilla/5.0 (compatible; MJ12bot/v1.4.8; http://mj12bot.com/)"
5.9.144.234 - - [05/Sep/2021:08:47:44 +0200] "GET /new/content/indul%C3%B3-projekt-magyar-nonprofit-szektor-t%C3%A1mogat%C3%A1s%C3%A1ra HTTP/1.1" 200 9771 "-" "Mozilla/5.0 (compatible; MJ12bot/v1.4.8; http://mj12bot.com/)"
5.9.144.234 - - [05/Sep/2021:08:47:48 +0200] "GET /new/content/szolg%C3%A1ltat%C3%B3-civilek HTTP/1.1" 200 8817 "-" "Mozilla/5.0 (compatible; MJ12bot/v1.4.8; http://mj12bot.com/)"
5.9.144.234 - - [05/Sep/2021:08:47:51 +0200] "GET /new/dossziek/Teszt%20dosszi%C3%A9 HTTP/1.1" 200 8924 "-" "Mozilla/5.0 (compatible; MJ12bot/v1.4.8; http://mj12bot.com/)"
5.9.144.234 - - [05/Sep/2021:08:47:53 +0200] "GET /new/dossziek/dr-b%C3%ADr%C3%B3-endre-kcr-dimenzi%C3%B3-civil-r%C3%A9szv%C3%A9tel-jogi-akad%C3%A1lyai-k%C3%B6zfeladatok-ell%C3%A1t%C3%A1s%C3%A1ban HTTP/1.1" 200 7945 "-" "Mozilla/5.0 (compatible; MJ12bot/v1.4.8; http://mj12bot.com/)"
5.9.144.234 - - [05/Sep/2021:08:47:56 +0200] "GET /new/dossziek/dr-f%C3%BCl%C3%B6p-s%C3%A1ndor-egyes%C3%BCletek-b%C3%ADr%C3%B3s%C3%A1gi-nyilv%C3%A1ntart%C3%A1sba-v%C3%A9teli-gyakorlata-%C3%B6sszehasonl%C3%ADt%C3%B3-elemz HTTP/1.1" 200 7945 "-" "Mozilla/5.0 (compatible; MJ12bot/v1.4.8; http://mj12bot.com/)"
5.9.144.234 - - [05/Sep/2021:08:47:59 +0200] "GET /new/dossziek/eloszt%C3%B3-projekt HTTP/1.1" 200 11554 "-" "Mozilla/5.0 (compatible; MJ12bot/v1.4.8; http://mj12bot.com/)"
5.9.144.234 - - [05/Sep/2021:08:48:02 +0200] "GET /new/dossziek/szolg%C3%A1ltat%C3%B3-civilek HTTP/1.1" 200 9174 "-" "Mozilla/5.0 (compatible; MJ12bot/v1.4.8; http://mj12bot.com/)"
5.9.144.234 - - [05/Sep/2021:08:48:04 +0200] "GET /new/dossziek/szolg%C3%A1ltat%C3%B3-civilek-0 HTTP/1.1" 200 9067 "-" "Mozilla/5.0 (compatible; MJ12bot/v1.4.8; http://mj12bot.com/)"
5.9.144.234 - - [05/Sep/2021:08:48:07 +0200] "GET /new/en/dossiers/szolg%C3%A1ltat%C3%B3-civilek HTTP/1.1" 200 8394 "-" "Mozilla/5.0 (compatible; MJ12bot/v1.4.8; http://mj12bot.com/)"
5.9.144.234 - - [05/Sep/2021:08:48:09 +0200] "GET /new/en/news/civil-society-organizations-%E2%80%93-social-organizations-%E2%80%93-civic-company-new-notions-introduced-new-c HTTP/1.1" 200 8329 "-" "Mozilla/5.0 (compatible; MJ12bot/v1.4.8; http://mj12bot.com/)"
5.9.144.234 - - [05/Sep/2021:08:48:19 +0200] "GET /new/hirek/alap%C3%ADtv%C3%A1ny-alap%C3%ADt%C3%B3-okirata-%C3%A9s-m%C5%B1k%C3%B6d%C3%A9se HTTP/1.1" 200 9331 "-" "Mozilla/5.0 (compatible; MJ12bot/v1.4.8; http://mj12bot.com/)"
5.9.144.234 - - [05/Sep/2021:08:48:23 +0200] "GET /new/hirek/civil-szervezeteket-%C3%A9rint%C5%91-legfontosabb-jogszab%C3%A1lyv%C3%A1ltoz%C3%A1sok-2017-ben HTTP/1.1" 200 13994 "-" "Mozilla/5.0 (compatible; MJ12bot/v1.4.8; http://mj12bot.com/)"
5.9.144.234 - - [05/Sep/2021:08:48:26 +0200] "GET /new/hirek/elindult-az-eloszt%C3%B3-projekt-facebook-oldala HTTP/1.1" 200 9225 "-" "Mozilla/5.0 (compatible; MJ12bot/v1.4.8; http://mj12bot.com/)"
5.9.144.234 - - [05/Sep/2021:08:48:32 +0200] "GET /new/hirek/felh%C3%ADv%C3%A1s-v%C3%A9lem%C3%A9nyez%C3%A9sre HTTP/1.1" 200 10088 "-" "Mozilla/5.0 (compatible; MJ12bot/v1.4.8; http://mj12bot.com/)"
5.9.144.234 - - [05/Sep/2021:08:48:40 +0200] "GET /new/hirek/k%C3%A9pz%C3%A9si-anyag-civil-szerveztek-m%C5%B1k%C3%B6d%C3%A9s%C3%A9nek-t%C3%A1mogat%C3%A1s%C3%A1ra HTTP/1.1" 200 9096 "-" "Mozilla/5.0 (compatible; MJ12bot/v1.4.8; http://mj12bot.com/)"
5.9.144.234 - - [05/Sep/2021:08:48:50 +0200] "GET /new/hirek/nosza-egyes%C3%BClet-m%C3%A1t%C3%B3l-hivatalosan-freedom-information-advocates-network-foianet-tagja HTTP/1.1" 200 9113 "-" "Mozilla/5.0 (compatible; MJ12bot/v1.4.8; http://mj12bot.com/)"
5.9.144.234 - - [05/Sep/2021:08:48:59 +0200] "GET /new/hirek/nosza-egyes%C3%BClet-%C3%A9s-f%C3%BCggetlen-m%C3%A9diak%C3%B6zpont-sikeres-p%C3%A1ly%C3%A1zatott-ny%C3%BAjtott-be-norv%C3%A9g-civil-t%C3%A1mogat HTTP/1.1" 200 9593 "-" "Mozilla/5.0 (compatible; MJ12bot/v1.4.8; http://mj12bot.com/)"
5.9.144.234 - - [05/Sep/2021:08:49:04 +0200] "GET /new/hirek/nyitott-jogalkot%C3%A1s-hogyan-lesz-az-elm%C3%A9letb%C5%91l-gyakorlat HTTP/1.1" 200 12430 "-" "Mozilla/5.0 (compatible; MJ12bot/v1.4.8; http://mj12bot.com/)"
5.9.144.234 - - [05/Sep/2021:08:49:10 +0200] "GET /new/hirek/szabads%C3%A1gjogok-%C3%A9s-sz%C3%A9ls%C5%91s%C3%A9ges-politikai-mozgalmak-k%C3%B6rnyez%C5%91-orsz%C3%A1gokban HTTP/1.1" 200 13935 "-" "Mozilla/5.0 (compatible; MJ12bot/v1.4.8; http://mj12bot.com/)"
5.9.144.234 - - [05/Sep/2021:08:49:16 +0200] "GET /new/projektek/2013-2014-elmaradott-t%C3%A9rs%C3%A9gek-civil-szervezeteinek-r%C3%A9szv%C3%A9telre-k%C3%A9pes%C3%ADt%C3%A9se HTTP/1.1" 200 12132 "-" "Mozilla/5.0 (compatible; MJ12bot/v1.4.8; http://mj12bot.com/)"
5.9.144.234 - - [05/Sep/2021:08:49:21 +0200] "GET /new/projektek/Civil%20%C3%BAjs%C3%A1g%C3%ADr%C3%A1s HTTP/1.1" 200 9236 "-" "Mozilla/5.0 (compatible; MJ12bot/v1.4.8; http://mj12bot.com/)"
5.9.144.234 - - [05/Sep/2021:08:49:26 +0200] "GET /new/projektek/Menedzsment%20tr%C3%A9ning HTTP/1.1" 200 9363 "-" "Mozilla/5.0 (compatible; MJ12bot/v1.4.8; http://mj12bot.com/)"
5.9.144.234 - - [05/Sep/2021:08:49:34 +0200] "GET /new/projektek/Nyitott%20jogalkot%C3%A1s HTTP/1.1" 200 9728 "-" "Mozilla/5.0 (compatible; MJ12bot/v1.4.8; http://mj12bot.com/)"
5.9.144.234 - - [05/Sep/2021:08:49:39 +0200] "GET /new/projektek/civil-%C3%BAjs%C3%A1g%C3%ADr%C3%A1ssal-az-%C3%B6nkorm%C3%A1nzatok-%C3%A1tl%C3%A1that%C3%B3s%C3%A1g%C3%A1%C3%A9rt HTTP/1.1" 200 10729 "-" "Mozilla/5.0 (compatible; MJ12bot/v1.4.8; http://mj12bot.com/)"
5.9.144.234 - - [05/Sep/2021:08:49:44 +0200] "GET /new/projektek/h%C3%A1l%C3%B3zat-nyitott-jogalkot%C3%A1s%C3%A9rt HTTP/1.1" 200 9891 "-" "Mozilla/5.0 (compatible; MJ12bot/v1.4.8; http://mj12bot.com/)"
5.9.144.234 - - [05/Sep/2021:08:49:48 +0200] "GET /new/projektek/m%C5%B1k%C3%B6d%C3%A9si-p%C3%A1ly%C3%A1zat-2015-2016 HTTP/1.1" 200 12262 "-" "Mozilla/5.0 (compatible; MJ12bot/v1.4.8; http://mj12bot.com/)"
5.9.144.234 - - [05/Sep/2021:08:49:52 +0200] "GET /new/projektek/m%C5%B1k%C3%B6d%C3%A9si-p%C3%A1ly%C3%A1zat-2016-2017 HTTP/1.1" 200 12024 "-" "Mozilla/5.0 (compatible; MJ12bot/v1.4.8; http://mj12bot.com/)"
5.9.144.234 - - [05/Sep/2021:08:49:59 +0200] "GET /new/projektek/m%C5%B1k%C3%B6d%C3%A9si-p%C3%A1ly%C3%A1zat-2017-18 HTTP/1.1" 200 11920 "-" "Mozilla/5.0 (compatible; MJ12bot/v1.4.8; http://mj12bot.com/)"
5.9.144.234 - - [05/Sep/2021:08:50:06 +0200] "GET /new/projektek/m%C5%B1k%C3%B6d%C3%A9si-p%C3%A1ly%C3%A1zat-2017-2018 HTTP/1.1" 200 11920 "-" "Mozilla/5.0 (compatible; MJ12bot/v1.4.8; http://mj12bot.com/)"
5.9.144.234 - - [05/Sep/2021:08:50:10 +0200] "GET /new/projektek/%C3%B6nk%C3%A9ntes-menedzsment-tr%C3%A9ning HTTP/1.1" 200 9714 "-" "Mozilla/5.0 (compatible; MJ12bot/v1.4.8; http://mj12bot.com/)"
5.9.144.234 - - [05/Sep/2021:08:50:15 +0200] "GET /new/publikaciok/cnny-hatodik-jelent%C3%A9se-nemzeti-strat%C3%A9giai-anyagok-tervez%C3%A9s%C3%A9nek-nyilv%C3%A1noss%C3%A1g%C3%A1r%C3%B3l HTTP/1.1" 200 8894 "-" "Mozilla/5.0 (compatible; MJ12bot/v1.4.8; http://mj12bot.com/)"
5.9.144.234 - - [05/Sep/2021:08:50:19 +0200] "GET /new/publikaciok/cnny-hetedik-jelent%C3%A9se-nemzeti-strat%C3%A9giai-anyagok-nyilv%C3%A1noss%C3%A1g%C3%A1r%C3%B3l HTTP/1.1" 200 8543 "-" "Mozilla/5.0 (compatible; MJ12bot/v1.4.8; http://mj12bot.com/)"
5.9.144.234 - - [05/Sep/2021:08:50:23 +0200] "GET /new/publikaciok/cseh-lengyel-%C3%A9s-magyar-ptk-nonprofit-szervezetekre-vonatkoz%C3%B3-r%C3%A9szeinek-%C3%B6sszehasonl%C3%ADt%C3%A1sa HTTP/1.1" 200 8521 "-" "Mozilla/5.0 (compatible; MJ12bot/v1.4.8; http://mj12bot.com/)"
5.9.144.234 - - [05/Sep/2021:08:50:30 +0200] "GET /new/publikaciok/dr-b%C3%ADr%C3%B3-endre-kcr-dimenzi%C3%B3-civil-r%C3%A9szv%C3%A9tel-jogi-akad%C3%A1lyai-k%C3%B6zfeladatok-ell%C3%A1t%C3%A1s%C3%A1ban HTTP/1.1" 200 8173 "-" "Mozilla/5.0 (compatible; MJ12bot/v1.4.8; http://mj12bot.com/)"
5.9.144.234 - - [05/Sep/2021:08:50:34 +0200] "GET /new/publikaciok/dr-f%C3%BCl%C3%B6p-s%C3%A1ndor-egyes%C3%BCletek-b%C3%ADr%C3%B3s%C3%A1gi-nyilv%C3%A1ntart%C3%A1sba-v%C3%A9teli-gyakorlata-%C3%B6sszehasonl%C3%ADt%C3%B3-e-0 HTTP/1.1" 200 8881 "-" "Mozilla/5.0 (compatible; MJ12bot/v1.4.8; http://mj12bot.com/)"
5.9.144.234 - - [05/Sep/2021:08:50:38 +0200] "GET /new/publikaciok/szabads%C3%A1gjogok-%C3%A9s-radik%C3%A1lis-mozgalmak-k%C3%B6z%C3%A9p-kelet-eur%C3%B3p%C3%A1ban HTTP/1.1" 200 9274 "-" "Mozilla/5.0 (compatible; MJ12bot/v1.4.8; http://mj12bot.com/)"
54.36.148.194 - - [05/Sep/2021:08:53:35 +0200] "GET /new/hirek/2014 HTTP/1.1" 200 16790 "-" "Mozilla/5.0 (compatible; AhrefsBot/7.0; +http://ahrefs.com/robot/)"
114.119.142.173 - - [05/Sep/2021:09:09:20 +0200] "GET /halozatok/muhely/index.html HTTP/1.1" 200 12478 "-" "Mozilla/5.0 (Linux; Android 7.0;) AppleWebKit/537.36 (KHTML, like Gecko) Mobile Safari/537.36 (compatible; PetalBot;+https://webmaster.petalsearch.com/site/petalbot)"
54.36.148.194 - - [05/Sep/2021:09:15:01 +0200] "GET /new/projektek/m%C5%B1k%C3%B6d%C3%A9si-p%C3%A1ly%C3%A1zat-2017-18 HTTP/1.1" 200 11920 "-" "Mozilla/5.0 (compatible; AhrefsBot/7.0; +http://ahrefs.com/robot/)"
77.75.76.162 - - [05/Sep/2021:09:15:55 +0200] "GET /robots.txt HTTP/1.1" 404 1181 "-" "Mozilla/5.0 (compatible; SeznamBot/3.2; +http://napoveda.seznam.cz/en/seznambot-intro/)"
77.75.76.162 - - [05/Sep/2021:09:15:56 +0200] "GET /new/en/news/frequently-asked-questions HTTP/1.1" 200 8128 "-" "Mozilla/5.0 (compatible; SeznamBot/3.2; +http://napoveda.seznam.cz/en/seznambot-intro/)"
114.119.142.15 - - [05/Sep/2021:09:17:54 +0200] "GET /new/sites/default/files/NOSZA%20K%C3%B6zhaszn%C3%BA%20Jelent%C3%A9s%202014_0.pdf HTTP/1.1" 200 1561935 "-" "Mozilla/5.0 (Linux; Android 7.0;) AppleWebKit/537.36 (KHTML, like Gecko) Mobile Safari/537.36 (compatible; PetalBot;+https://webmaster.petalsearch.com/site/petalbot)"
54.36.148.194 - - [05/Sep/2021:09:25:54 +0200] "GET /new/content/civil-szervezet-%E2%80%93-t%C3%A1rsadalmi-szervezet-%E2%80%93-civil-t%C3%A1rsas%C3%A1g-az-%C3%BAj-civil-t%C3%B6rv%C3%A9ny-fogalmi-%C3%BAj%C3%ADt%C3%A1sai HTTP/1.1" 200 18521 "-" "Mozilla/5.0 (compatible; AhrefsBot/7.0; +http://ahrefs.com/robot/)"
216.244.66.229 - - [05/Sep/2021:09:26:56 +0200] "GET /robots.txt HTTP/1.1" 404 1181 "-" "Mozilla/5.0 (compatible; DotBot/1.2; +https://opensiteexplorer.org/dotbot; help@moz.com)"
216.244.66.229 - - [05/Sep/2021:09:29:45 +0200] "GET /konferenciak/2konferencia/index.html HTTP/1.1" 200 7142 "-" "Mozilla/5.0 (compatible; DotBot/1.2; +https://opensiteexplorer.org/dotbot; help@moz.com)"
216.244.66.229 - - [05/Sep/2021:09:32:05 +0200] "GET /halozatok/JMCS/memo/01/index.html HTTP/1.1" 200 17697 "-" "Mozilla/5.0 (compatible; DotBot/1.2; +https://opensiteexplorer.org/dotbot; help@moz.com)"
54.36.148.194 - - [05/Sep/2021:09:36:38 +0200] "GET /new/hirek/civil-szervezeteket-%C3%A9rint%C5%91-legfontosabb-jogszab%C3%A1lyv%C3%A1ltoz%C3%A1sok-2017-ben HTTP/1.1" 200 13994 "-" "Mozilla/5.0 (compatible; AhrefsBot/7.0; +http://ahrefs.com/robot/)"
159.69.145.50 - - [05/Sep/2021:09:44:07 +0200] "HEAD / HTTP/1.1" 200 0 "-" "Alert_Alligator_webmonitoring_service_1.6.3_(alertalligator.com)"
54.36.148.194 - - [05/Sep/2021:09:47:33 +0200] "GET /new/content/gyakran-ism%C3%A9telt-k%C3%A9rd%C3%A9sek HTTP/1.1" 200 12447 "-" "Mozilla/5.0 (compatible; AhrefsBot/7.0; +http://ahrefs.com/robot/)"
54.36.148.194 - - [05/Sep/2021:09:58:07 +0200] "GET /new/content/civil-szervezeti-l%C3%A9t-r%C3%A9gi-%C3%A9s-%C3%BAj-kih%C3%ADv%C3%A1sai HTTP/1.1" 200 9213 "-" "Mozilla/5.0 (compatible; AhrefsBot/7.0; +http://ahrefs.com/robot/)"
54.36.148.194 - - [05/Sep/2021:10:08:52 +0200] "GET /new/dossziek HTTP/1.1" 200 9972 "-" "Mozilla/5.0 (compatible; AhrefsBot/7.0; +http://ahrefs.com/robot/)"
114.119.142.140 - - [05/Sep/2021:10:18:00 +0200] "GET /new/projektek/eloszt%C3%B3-projekt HTTP/1.1" 200 11786 "-" "Mozilla/5.0 (Linux; Android 7.0;) AppleWebKit/537.36 (KHTML, like Gecko) Mobile Safari/537.36 (compatible; PetalBot;+https://webmaster.petalsearch.com/site/petalbot)"
54.36.148.194 - - [05/Sep/2021:10:19:32 +0200] "GET /new/publikaciok/2008 HTTP/1.1" 200 9395 "-" "Mozilla/5.0 (compatible; AhrefsBot/7.0; +http://ahrefs.com/robot/)"
77.75.79.101 - - [05/Sep/2021:10:21:33 +0200] "GET /robots.txt HTTP/1.1" 404 1181 "-" "Mozilla/5.0 (compatible; SeznamBot/3.2; +http://napoveda.seznam.cz/en/seznambot-intro/)"
77.75.79.101 - - [05/Sep/2021:10:21:35 +0200] "GET /new/en/about_us HTTP/1.1" 200 8827 "-" "Mozilla/5.0 (compatible; SeznamBot/3.2; +http://napoveda.seznam.cz/en/seznambot-intro/)"
114.119.142.14 - - [05/Sep/2021:10:26:48 +0200] "GET /halozatok/JMCS/memo/09/index.html HTTP/1.1" 200 42017 "-" "Mozilla/5.0 (Linux; Android 7.0;) AppleWebKit/537.36 (KHTML, like Gecko) Mobile Safari/537.36 (compatible; PetalBot;+https://webmaster.petalsearch.com/site/petalbot)"
54.36.148.194 - - [05/Sep/2021:10:31:47 +0200] "GET /new/magunkrol/partnereink HTTP/1.1" 200 11570 "-" "Mozilla/5.0 (compatible; AhrefsBot/7.0; +http://ahrefs.com/robot/)"
49.12.13.109 - - [05/Sep/2021:10:43:54 +0200] "HEAD / HTTP/1.1" 200 0 "-" "Alert_Alligator_webmonitoring_service_1.6.3_(alertalligator.com)"
114.119.142.15 - - [05/Sep/2021:10:48:34 +0200] "GET /robots.txt HTTP/1.1" 404 1181 "-" "Mozilla/5.0 (compatible;PetalBot;+https://webmaster.petalsearch.com/site/petalbot)"
54.36.148.194 - - [05/Sep/2021:10:58:04 +0200] "GET / HTTP/1.1" 200 1010 "-" "Mozilla/5.0 (compatible; AhrefsBot/7.0; +http://ahrefs.com/robot/)"
188.191.233.57 - - [05/Sep/2021:11:13:29 +0200] "GET /new/en/contact_us HTTP/1.0" 200 7254 "http://nosza.hu/new/en/contact_us" "Mozilla/5.0 (Windows NT 6.1) AppleWebKit/537.36 (KHTML, like Gecko) Chrome/67.0.3396.87 Safari/537.36"
188.191.233.57 - - [05/Sep/2021:11:13:30 +0200] "GET /new/en/contact_us HTTP/1.0" 200 7254 "http://nosza.hu/new/en/contact_us" "Mozilla/5.0 (Windows NT 6.1) AppleWebKit/537.36 (KHTML, like Gecko) Chrome/67.0.3396.87 Safari/537.36"
114.119.142.186 - - [05/Sep/2021:11:20:42 +0200] "GET /new/hirek/nosza-egyes%C3%BClet-m%C3%A1t%C3%B3l-hivatalosan-freedom-information-advocates-network-foianet-tagja HTTP/1.1" 200 9113 "-" "Mozilla/5.0 (Linux; Android 7.0;) AppleWebKit/537.36 (KHTML, like Gecko) Mobile Safari/537.36 (compatible; PetalBot;+https://webmaster.petalsearch.com/site/petalbot)"
77.75.78.172 - - [05/Sep/2021:11:23:16 +0200] "GET /robots.txt HTTP/1.1" 404 1181 "-" "Mozilla/5.0 (compatible; SeznamBot/3.2; +http://napoveda.seznam.cz/en/seznambot-intro/)"
77.75.78.172 - - [05/Sep/2021:11:23:21 +0200] "GET /new/en/publications/2008 HTTP/1.1" 200 7768 "-" "Mozilla/5.0 (compatible; SeznamBot/3.2; +http://napoveda.seznam.cz/en/seznambot-intro/)"
66.249.66.33 - - [05/Sep/2021:11:34:36 +0200] "GET /robots.txt HTTP/1.1" 404 1181 "-" "Mozilla/5.0 (compatible; Googlebot/2.1; +http://www.google.com/bot.html)"
66.249.66.63 - - [05/Sep/2021:11:34:37 +0200] "GET /new/content/gyakran-ism%C3%A9telt-k%C3%A9rd%C3%A9sek HTTP/1.1" 200 12447 "-" "Mozilla/5.0 (Linux; Android 6.0.1; Nexus 5X Build/MMB29P) AppleWebKit/537.36 (KHTML, like Gecko) Chrome/92.0.4515.119 Mobile Safari/537.36 (compatible; Googlebot/2.1; +http://www.google.com/bot.html)"
114.119.142.140 - - [05/Sep/2021:11:35:19 +0200] "GET /new/hirek/2014?page=1 HTTP/1.1" 200 14140 "-" "Mozilla/5.0 (Linux; Android 7.0;) AppleWebKit/537.36 (KHTML, like Gecko) Mobile Safari/537.36 (compatible; PetalBot;+https://webmaster.petalsearch.com/site/petalbot)"
114.119.142.14 - - [05/Sep/2021:11:42:53 +0200] "GET /new/node/59 HTTP/1.1" 200 8347 "-" "Mozilla/5.0 (Linux; Android 7.0;) AppleWebKit/537.36 (KHTML, like Gecko) Mobile Safari/537.36 (compatible; PetalBot;+https://webmaster.petalsearch.com/site/petalbot)"
159.69.145.50 - - [05/Sep/2021:11:43:36 +0200] "HEAD / HTTP/1.1" 200 0 "-" "Alert_Alligator_webmonitoring_service_1.6.3_(alertalligator.com)"
114.119.142.140 - - [05/Sep/2021:11:48:49 +0200] "GET /new/sites/default/files/NOSZA%20K%C3%B6zhaszn%C3%BA%20Jelent%C3%A9s%202010.pdf HTTP/1.1" 200 263215 "-" "Mozilla/5.0 (Linux; Android 7.0;) AppleWebKit/537.36 (KHTML, like Gecko) Mobile Safari/537.36 (compatible; PetalBot;+https://webmaster.petalsearch.com/site/petalbot)"
216.244.66.229 - - [05/Sep/2021:11:54:52 +0200] "GET /robots.txt HTTP/1.1" 404 1181 "-" "Mozilla/5.0 (compatible; DotBot/1.2; +https://opensiteexplorer.org/dotbot; help@moz.com)"
114.119.142.186 - - [05/Sep/2021:11:56:55 +0200] "GET /konferenciak/05emla/index.html HTTP/1.1" 200 22316 "-" "Mozilla/5.0 (Linux; Android 7.0;) AppleWebKit/537.36 (KHTML, like Gecko) Mobile Safari/537.36 (compatible; PetalBot;+https://webmaster.petalsearch.com/site/petalbot)"
216.244.66.229 - - [05/Sep/2021:11:57:29 +0200] "GET /new/publikaciok/dossziek HTTP/1.1" 200 8294 "-" "Mozilla/5.0 (compatible; DotBot/1.2; +https://opensiteexplorer.org/dotbot; help@moz.com)"
