114.119.142.179 - - [18/Sep/2021:23:41:14 +0200] "GET /halozatok/JMCS/memo/04/index.html HTTP/1.1" 200 15900 "-" "Mozilla/5.0 (Linux; Android 7.0;) AppleWebKit/537.36 (KHTML, like Gecko) Mobile Safari/537.36 (compatible; PetalBot;+https://webmaster.petalsearch.com/site/petalbot)"
157.55.39.175 - - [18/Sep/2021:23:42:10 +0200] "GET /kutat/REVkutatas/3gazdalkodas/index.html HTTP/1.1" 200 88137 "-" "Mozilla/5.0 (compatible; bingbot/2.0; +http://www.bing.com/bingbot.htm)"
185.191.171.43 - - [18/Sep/2021:23:47:25 +0200] "GET /robots.txt HTTP/1.1" 404 1181 "-" "Mozilla/5.0 (compatible; SemrushBot/7~bl; +http://www.semrush.com/bot.html)"
185.191.171.5 - - [18/Sep/2021:23:47:25 +0200] "GET /aktualis/1gyikNCA/miniszter/index.html HTTP/1.1" 200 11200 "-" "Mozilla/5.0 (compatible; SemrushBot/7~bl; +http://www.semrush.com/bot.html)"
114.119.142.186 - - [18/Sep/2021:23:49:26 +0200] "GET /halozatok/kerekasztal/index.html HTTP/1.1" 200 13131 "-" "Mozilla/5.0 (Linux; Android 7.0;) AppleWebKit/537.36 (KHTML, like Gecko) Mobile Safari/537.36 (compatible; PetalBot;+https://webmaster.petalsearch.com/site/petalbot)"
114.119.142.186 - - [18/Sep/2021:23:52:51 +0200] "GET /kiss.dbk.pdf HTTP/1.1" 200 146575 "-" "Mozilla/5.0 (Linux; Android 7.0;) AppleWebKit/537.36 (KHTML, like Gecko) Mobile Safari/537.36 (compatible; PetalBot;+https://webmaster.petalsearch.com/site/petalbot)"
40.77.167.65 - - [18/Sep/2021:23:54:51 +0200] "GET /kutat/REVkutatas/4projektek/index.html HTTP/1.1" 304 - "-" "Mozilla/5.0 (compatible; bingbot/2.0; +http://www.bing.com/bingbot.htm)"
114.119.142.156 - - [18/Sep/2021:23:56:13 +0200] "GET /new/hirek/szabads%C3%A1gjogok-%C3%A9s-sz%C3%A9ls%C5%91s%C3%A9ges-politikai-mozgalmak-k%C3%B6rnyez%C5%91-orsz%C3%A1gokban HTTP/1.1" 200 13935 "-" "Mozilla/5.0 (Linux; Android 7.0;) AppleWebKit/537.36 (KHTML, like Gecko) Mobile Safari/537.36 (compatible; PetalBot;+https://webmaster.petalsearch.com/site/petalbot)"
114.119.142.140 - - [18/Sep/2021:23:59:30 +0200] "GET /halozatok/JMCS/memo/08/index.html HTTP/1.1" 200 13492 "-" "Mozilla/5.0 (Linux; Android 7.0;) AppleWebKit/537.36 (KHTML, like Gecko) Mobile Safari/537.36 (compatible; PetalBot;+https://webmaster.petalsearch.com/site/petalbot)"
207.46.13.129 - - [19/Sep/2021:00:00:31 +0200] "GET / HTTP/1.1" 200 1010 "-" "Mozilla/5.0 (compatible; bingbot/2.0; +http://www.bing.com/bingbot.htm)"
66.249.70.2 - - [19/Sep/2021:00:01:16 +0200] "GET /new/content/gyakran-ism%C3%A9telt-k%C3%A9rd%C3%A9sek HTTP/1.1" 200 12447 "-" "Mozilla/5.0 (Linux; Android 6.0.1; Nexus 5X Build/MMB29P) AppleWebKit/537.36 (KHTML, like Gecko) Chrome/93.0.4577.82 Mobile Safari/537.36 (compatible; Googlebot/2.1; +http://www.google.com/bot.html)"
114.119.142.173 - - [19/Sep/2021:00:02:56 +0200] "GET /new/sites/default/files/Egyes%C3%BClet_ujPtk.pdf HTTP/1.1" 200 236292 "-" "Mozilla/5.0 (Linux; Android 7.0;) AppleWebKit/537.36 (KHTML, like Gecko) Mobile Safari/537.36 (compatible; PetalBot;+https://webmaster.petalsearch.com/site/petalbot)"
114.119.142.188 - - [19/Sep/2021:00:05:59 +0200] "GET /3kutat/NOSZA2002/index.html HTTP/1.1" 200 23392 "-" "Mozilla/5.0 (Linux; Android 7.0;) AppleWebKit/537.36 (KHTML, like Gecko) Mobile Safari/537.36 (compatible; PetalBot;+https://webmaster.petalsearch.com/site/petalbot)"
114.119.142.15 - - [19/Sep/2021:00:12:18 +0200] "GET /aktualis/1gyikNCA/miniszter/index.html HTTP/1.1" 200 11200 "-" "Mozilla/5.0 (Linux; Android 7.0;) AppleWebKit/537.36 (KHTML, like Gecko) Mobile Safari/537.36 (compatible; PetalBot;+https://webmaster.petalsearch.com/site/petalbot)"
66.249.70.31 - - [19/Sep/2021:00:15:10 +0200] "GET /kutat/REVkutatas/5PR/index.html HTTP/1.1" 304 - "-" "Mozilla/5.0 (Linux; Android 6.0.1; Nexus 5X Build/MMB29P) AppleWebKit/537.36 (KHTML, like Gecko) Chrome/93.0.4577.83 Mobile Safari/537.36 (compatible; Googlebot/2.1; +http://www.google.com/bot.html)"
114.119.142.188 - - [19/Sep/2021:00:15:34 +0200] "GET /new/publications HTTP/1.1" 200 8084 "-" "Mozilla/5.0 (Linux; Android 7.0;) AppleWebKit/537.36 (KHTML, like Gecko) Mobile Safari/537.36 (compatible; PetalBot;+https://webmaster.petalsearch.com/site/petalbot)"
114.119.142.188 - - [19/Sep/2021:00:18:54 +0200] "GET /konferenciak/03konf/index.html HTTP/1.1" 200 13272 "-" "Mozilla/5.0 (Linux; Android 7.0;) AppleWebKit/537.36 (KHTML, like Gecko) Mobile Safari/537.36 (compatible; PetalBot;+https://webmaster.petalsearch.com/site/petalbot)"
66.249.70.31 - - [19/Sep/2021:00:21:17 +0200] "GET /new/publikaciok HTTP/1.1" 200 11778 "-" "Mozilla/5.0 (Linux; Android 6.0.1; Nexus 5X Build/MMB29P) AppleWebKit/537.36 (KHTML, like Gecko) Chrome/93.0.4577.82 Mobile Safari/537.36 (compatible; Googlebot/2.1; +http://www.google.com/bot.html)"
114.119.142.186 - - [19/Sep/2021:00:21:59 +0200] "GET /halozatok/kerekasztal/memo2/index.html HTTP/1.1" 200 12822 "-" "Mozilla/5.0 (Linux; Android 7.0;) AppleWebKit/537.36 (KHTML, like Gecko) Mobile Safari/537.36 (compatible; PetalBot;+https://webmaster.petalsearch.com/site/petalbot)"
114.119.142.173 - - [19/Sep/2021:00:25:13 +0200] "GET /new/dossziek/publikaciok HTTP/1.1" 200 8283 "-" "Mozilla/5.0 (Linux; Android 7.0;) AppleWebKit/537.36 (KHTML, like Gecko) Mobile Safari/537.36 (compatible; PetalBot;+https://webmaster.petalsearch.com/site/petalbot)"
212.237.53.115 - - [19/Sep/2021:00:25:13 +0200] "HEAD / HTTP/1.1" 200 0 "-" "Alert_Alligator_webmonitoring_service_1.6.3_(alertalligator.com)"
114.119.142.173 - - [19/Sep/2021:00:28:55 +0200] "GET /new/node/92 HTTP/1.1" 200 7931 "-" "Mozilla/5.0 (Linux; Android 7.0;) AppleWebKit/537.36 (KHTML, like Gecko) Mobile Safari/537.36 (compatible; PetalBot;+https://webmaster.petalsearch.com/site/petalbot)"
114.119.142.173 - - [19/Sep/2021:00:32:41 +0200] "GET /aktualis/eselyegyenloseg/index.html HTTP/1.1" 200 7557 "-" "Mozilla/5.0 (Linux; Android 7.0;) AppleWebKit/537.36 (KHTML, like Gecko) Mobile Safari/537.36 (compatible; PetalBot;+https://webmaster.petalsearch.com/site/petalbot)"
114.119.142.15 - - [19/Sep/2021:00:36:51 +0200] "GET /new/sites/default/files/slovakian%20final.pdf HTTP/1.1" 200 510961 "-" "Mozilla/5.0 (Linux; Android 7.0;) AppleWebKit/537.36 (KHTML, like Gecko) Mobile Safari/537.36 (compatible; PetalBot;+https://webmaster.petalsearch.com/site/petalbot)"
114.119.142.186 - - [19/Sep/2021:00:40:26 +0200] "GET /konferenciak/06egszb/resztvevok/index.html HTTP/1.1" 200 88954 "-" "Mozilla/5.0 (Linux; Android 7.0;) AppleWebKit/537.36 (KHTML, like Gecko) Mobile Safari/537.36 (compatible; PetalBot;+https://webmaster.petalsearch.com/site/petalbot)"
66.249.70.31 - - [19/Sep/2021:00:42:42 +0200] "GET /new/projektek/Civil%20%C3%BAjs%C3%A1g%C3%ADr%C3%A1s HTTP/1.1" 200 9236 "-" "Mozilla/5.0 (Linux; Android 6.0.1; Nexus 5X Build/MMB29P) AppleWebKit/537.36 (KHTML, like Gecko) Chrome/93.0.4577.83 Mobile Safari/537.36 (compatible; Googlebot/2.1; +http://www.google.com/bot.html)"
114.119.142.140 - - [19/Sep/2021:00:44:22 +0200] "GET /index.html HTTP/1.1" 200 1010 "-" "Mozilla/5.0 (Linux; Android 7.0;) AppleWebKit/537.36 (KHTML, like Gecko) Mobile Safari/537.36 (compatible; PetalBot;+https://webmaster.petalsearch.com/site/petalbot)"
114.119.142.15 - - [19/Sep/2021:00:48:32 +0200] "GET /new/sites/default/files/Szervezeti.pdf HTTP/1.1" 200 3160301 "-" "Mozilla/5.0 (Linux; Android 7.0;) AppleWebKit/537.36 (KHTML, like Gecko) Mobile Safari/537.36 (compatible; PetalBot;+https://webmaster.petalsearch.com/site/petalbot)"
49.12.13.109 - - [19/Sep/2021:01:24:18 +0200] "HEAD / HTTP/1.1" 200 0 "-" "Alert_Alligator_webmonitoring_service_1.6.3_(alertalligator.com)"
66.249.70.2 - - [19/Sep/2021:01:51:46 +0200] "GET /nizak-peterfi.dbk.pdf HTTP/1.1" 304 - "-" "Mozilla/5.0 (Linux; Android 6.0.1; Nexus 5X Build/MMB29P) AppleWebKit/537.36 (KHTML, like Gecko) Chrome/93.0.4577.82 Mobile Safari/537.36 (compatible; Googlebot/2.1; +http://www.google.com/bot.html)"
159.69.145.50 - - [19/Sep/2021:02:24:10 +0200] "HEAD / HTTP/1.1" 200 0 "-" "Alert_Alligator_webmonitoring_service_1.6.3_(alertalligator.com)"
51.222.253.16 - - [19/Sep/2021:02:30:18 +0200] "GET /angol/index.html HTTP/1.1" 200 13458 "-" "Mozilla/5.0 (compatible; AhrefsBot/7.0; +http://ahrefs.com/robot/)"
54.202.108.227 - - [19/Sep/2021:02:30:26 +0200] "GET / HTTP/1.1" 200 1010 "-" "Mozilla/5.0 (X11; Linux x86_64) AppleWebKit/537.36 (KHTML, like Gecko) Chrome/83.0.4103.97 Safari/537.36"
34.216.97.93 - - [19/Sep/2021:02:30:38 +0200] "GET /favicon.ico HTTP/1.1" 404 1181 "-" "Mozilla/5.0 (X11; Linux x86_64) AppleWebKit/537.36 (KHTML, like Gecko) Chrome/83.0.4103.97 Safari/537.36"
34.216.97.93 - - [19/Sep/2021:02:30:40 +0200] "GET / HTTP/1.1" 200 1010 "-" "Mozilla/5.0 (X11; Linux x86_64) AppleWebKit/537.36 (KHTML, like Gecko) Chrome/83.0.4103.97 Safari/537.36"
136.243.104.230 - - [19/Sep/2021:02:59:07 +0200] "GET / HTTP/1.1" 200 1010 "-" "Mozilla/5.0 (compatible; DataForSeoBot/1.0; +https://dataforseo.com/dataforseo-bot)"
212.237.51.151 - - [19/Sep/2021:03:23:16 +0200] "HEAD / HTTP/1.1" 200 0 "-" "Alert_Alligator_webmonitoring_service_1.6.3_(alertalligator.com)"
51.222.253.2 - - [19/Sep/2021:04:04:54 +0200] "GET /partnereink/index.html HTTP/1.1" 200 11929 "-" "Mozilla/5.0 (compatible; AhrefsBot/7.0; +http://ahrefs.com/robot/)"
66.249.70.31 - - [19/Sep/2021:04:21:42 +0200] "GET /halozatok/JMCS/tagok/index.html HTTP/1.1" 304 - "-" "Mozilla/5.0 (compatible; Googlebot/2.1; +http://www.google.com/bot.html)"
159.69.145.50 - - [19/Sep/2021:04:22:21 +0200] "HEAD / HTTP/1.1" 200 0 "-" "Alert_Alligator_webmonitoring_service_1.6.3_(alertalligator.com)"
85.10.199.185 - - [19/Sep/2021:04:30:47 +0200] "GET /robots.txt HTTP/1.1" 404 1181 "-" "Mozilla/5.0 (compatible; MJ12bot/v1.4.8; http://mj12bot.com/)"
85.10.199.185 - - [19/Sep/2021:04:30:49 +0200] "GET / HTTP/1.1" 200 1010 "-" "Mozilla/5.0 (compatible; MJ12bot/v1.4.8; http://mj12bot.com/)"
185.191.171.16 - - [19/Sep/2021:04:47:27 +0200] "GET /robots.txt HTTP/1.1" 404 1181 "-" "Mozilla/5.0 (compatible; SemrushBot/7~bl; +http://www.semrush.com/bot.html)"
185.191.171.42 - - [19/Sep/2021:04:47:27 +0200] "GET /halozatok/JMCS/memo/08/index.html HTTP/1.1" 200 13492 "-" "Mozilla/5.0 (compatible; SemrushBot/7~bl; +http://www.semrush.com/bot.html)"
114.119.142.186 - - [19/Sep/2021:04:50:11 +0200] "GET /aktualis/103jogalk/index.html HTTP/1.1" 200 10863 "-" "Mozilla/5.0 (Linux; Android 7.0;) AppleWebKit/537.36 (KHTML, like Gecko) Mobile Safari/537.36 (compatible; PetalBot;+https://webmaster.petalsearch.com/site/petalbot)"
114.119.142.186 - - [19/Sep/2021:05:01:55 +0200] "GET /new/sites/default/files/Onkentesseg.pdf HTTP/1.1" 200 634194 "-" "Mozilla/5.0 (Linux; Android 7.0;) AppleWebKit/537.36 (KHTML, like Gecko) Mobile Safari/537.36 (compatible; PetalBot;+https://webmaster.petalsearch.com/site/petalbot)"
49.12.13.109 - - [19/Sep/2021:05:21:41 +0200] "HEAD / HTTP/1.1" 200 0 "-" "Alert_Alligator_webmonitoring_service_1.6.3_(alertalligator.com)"
114.119.142.173 - - [19/Sep/2021:05:35:15 +0200] "GET /new/node/95 HTTP/1.1" 200 7923 "-" "Mozilla/5.0 (Linux; Android 7.0;) AppleWebKit/537.36 (KHTML, like Gecko) Mobile Safari/537.36 (compatible; PetalBot;+https://webmaster.petalsearch.com/site/petalbot)"
114.119.142.156 - - [19/Sep/2021:06:00:28 +0200] "GET /konferenciak/06egszb/program/index.html HTTP/1.1" 200 10050 "-" "Mozilla/5.0 (Linux; Android 7.0;) AppleWebKit/537.36 (KHTML, like Gecko) Mobile Safari/537.36 (compatible; PetalBot;+https://webmaster.petalsearch.com/site/petalbot)"
114.119.142.179 - - [19/Sep/2021:06:04:05 +0200] "GET /new/publikaciok/2009 HTTP/1.1" 200 9172 "-" "Mozilla/5.0 (Linux; Android 7.0;) AppleWebKit/537.36 (KHTML, like Gecko) Mobile Safari/537.36 (compatible; PetalBot;+https://webmaster.petalsearch.com/site/petalbot)"
114.119.142.14 - - [19/Sep/2021:06:07:58 +0200] "GET /new/en/news/civil-society-organizations-%E2%80%93-social-organizations-%E2%80%93-civic-company-new-notions-introduced-new-c HTTP/1.1" 200 8329 "-" "Mozilla/5.0 (Linux; Android 7.0;) AppleWebKit/537.36 (KHTML, like Gecko) Mobile Safari/537.36 (compatible; PetalBot;+https://webmaster.petalsearch.com/site/petalbot)"
114.119.142.173 - - [19/Sep/2021:06:12:12 +0200] "GET /new/hirek/2010?page=1 HTTP/1.1" 200 14140 "-" "Mozilla/5.0 (Linux; Android 7.0;) AppleWebKit/537.36 (KHTML, like Gecko) Mobile Safari/537.36 (compatible; PetalBot;+https://webmaster.petalsearch.com/site/petalbot)"
66.249.70.2 - - [19/Sep/2021:06:15:59 +0200] "GET /robots.txt HTTP/1.1" 404 1181 "-" "Mozilla/5.0 (compatible; Googlebot/2.1; +http://www.google.com/bot.html)"
66.249.70.29 - - [19/Sep/2021:06:16:00 +0200] "GET /new/sites/default/files/Onkentesseg.pdf HTTP/1.1" 304 - "-" "Mozilla/5.0 (Linux; Android 6.0.1; Nexus 5X Build/MMB29P) AppleWebKit/537.36 (KHTML, like Gecko) Chrome/93.0.4577.83 Mobile Safari/537.36 (compatible; Googlebot/2.1; +http://www.google.com/bot.html)"
185.191.171.41 - - [19/Sep/2021:06:18:43 +0200] "GET /robots.txt HTTP/1.1" 404 1181 "-" "Mozilla/5.0 (compatible; SemrushBot/7~bl; +http://www.semrush.com/bot.html)"
185.191.171.38 - - [19/Sep/2021:06:18:44 +0200] "GET /new/projektek/Nyitott%20jogalkot%C3%A1s HTTP/1.1" 200 9728 "-" "Mozilla/5.0 (compatible; SemrushBot/7~bl; +http://www.semrush.com/bot.html)"
49.12.13.109 - - [19/Sep/2021:06:20:54 +0200] "HEAD / HTTP/1.1" 200 0 "-" "Alert_Alligator_webmonitoring_service_1.6.3_(alertalligator.com)"
114.119.142.179 - - [19/Sep/2021:06:27:09 +0200] "GET /konferenciak/07egszbpr/index.html HTTP/1.1" 200 14237 "-" "Mozilla/5.0 (Linux; Android 7.0;) AppleWebKit/537.36 (KHTML, like Gecko) Mobile Safari/537.36 (compatible; PetalBot;+https://webmaster.petalsearch.com/site/petalbot)"
54.36.148.181 - - [19/Sep/2021:06:31:48 +0200] "GET /robots.txt HTTP/1.1" 404 1181 "-" "Mozilla/5.0 (compatible; AhrefsBot/7.0; +http://ahrefs.com/robot/)"
54.36.148.204 - - [19/Sep/2021:06:31:49 +0200] "GET /index.html HTTP/1.1" 200 1010 "-" "Mozilla/5.0 (compatible; AhrefsBot/7.0; +http://ahrefs.com/robot/)"
114.119.142.173 - - [19/Sep/2021:06:40:01 +0200] "GET /aktualis/105onk/index.html HTTP/1.1" 200 65506 "-" "Mozilla/5.0 (Linux; Android 7.0;) AppleWebKit/537.36 (KHTML, like Gecko) Mobile Safari/537.36 (compatible; PetalBot;+https://webmaster.petalsearch.com/site/petalbot)"
114.119.142.186 - - [19/Sep/2021:06:46:27 +0200] "GET /3kutat/REVkutatas/4projektek/index.html HTTP/1.1" 200 69101 "-" "Mozilla/5.0 (Linux; Android 7.0;) AppleWebKit/537.36 (KHTML, like Gecko) Mobile Safari/537.36 (compatible; PetalBot;+https://webmaster.petalsearch.com/site/petalbot)"
114.119.142.179 - - [19/Sep/2021:06:54:39 +0200] "GET /aktualis/103jogalk/index.html HTTP/1.1" 200 10863 "-" "Mozilla/5.0 (Linux; Android 7.0;) AppleWebKit/537.36 (KHTML, like Gecko) Mobile Safari/537.36 (compatible; PetalBot;+https://webmaster.petalsearch.com/site/petalbot)"
80.227.148.146 - - [19/Sep/2021:06:58:09 +0200] "GET /wp-login.php HTTP/1.1" 404 1181 "-" "Mozilla/5.0 (Windows NT 10.0; WOW64; Trident/7.0; rv:11.0) like Gecko"
80.227.148.146 - - [19/Sep/2021:06:58:09 +0200] "GET /xmlrpc.php HTTP/1.1" 404 1181 "-" "Mozilla/5.0 (Windows NT 10.0; WOW64; Trident/7.0; rv:11.0) like Gecko"
114.119.142.173 - - [19/Sep/2021:06:58:56 +0200] "GET /angol/followup/index.html HTTP/1.1" 200 9852 "-" "Mozilla/5.0 (Linux; Android 7.0;) AppleWebKit/537.36 (KHTML, like Gecko) Mobile Safari/537.36 (compatible; PetalBot;+https://webmaster.petalsearch.com/site/petalbot)"
114.119.142.140 - - [19/Sep/2021:07:03:09 +0200] "GET /aktualis/009GSZTcivil/GSZTinfo/index.html HTTP/1.1" 200 21777 "-" "Mozilla/5.0 (Linux; Android 7.0;) AppleWebKit/537.36 (KHTML, like Gecko) Mobile Safari/537.36 (compatible; PetalBot;+https://webmaster.petalsearch.com/site/petalbot)"
114.119.142.15 - - [19/Sep/2021:07:07:30 +0200] "GET /szervezet/index.html HTTP/1.1" 200 7605 "-" "Mozilla/5.0 (Linux; Android 7.0;) AppleWebKit/537.36 (KHTML, like Gecko) Mobile Safari/537.36 (compatible; PetalBot;+https://webmaster.petalsearch.com/site/petalbot)"
114.119.142.140 - - [19/Sep/2021:07:11:47 +0200] "GET /new/sites/default/files/introduction.pdf HTTP/1.1" 200 628960 "-" "Mozilla/5.0 (Linux; Android 7.0;) AppleWebKit/537.36 (KHTML, like Gecko) Mobile Safari/537.36 (compatible; PetalBot;+https://webmaster.petalsearch.com/site/petalbot)"
159.69.145.50 - - [19/Sep/2021:07:19:54 +0200] "HEAD / HTTP/1.1" 200 0 "-" "Alert_Alligator_webmonitoring_service_1.6.3_(alertalligator.com)"
54.36.148.0 - - [19/Sep/2021:07:23:55 +0200] "GET / HTTP/1.1" 200 1010 "-" "Mozilla/5.0 (compatible; AhrefsBot/7.0; +http://ahrefs.com/robot/)"
114.119.142.188 - - [19/Sep/2021:07:26:14 +0200] "GET /new/hirek/2013?page=1 HTTP/1.1" 200 14140 "-" "Mozilla/5.0 (Linux; Android 7.0;) AppleWebKit/537.36 (KHTML, like Gecko) Mobile Safari/537.36 (compatible; PetalBot;+https://webmaster.petalsearch.com/site/petalbot)"
66.249.70.29 - - [19/Sep/2021:08:02:55 +0200] "GET /aktualis/NCAvhmod/index.html HTTP/1.1" 200 18140 "-" "Mozilla/5.0 (Linux; Android 6.0.1; Nexus 5X Build/MMB29P) AppleWebKit/537.36 (KHTML, like Gecko) Chrome/93.0.4577.82 Mobile Safari/537.36 (compatible; Googlebot/2.1; +http://www.google.com/bot.html)"
66.249.64.106 - - [19/Sep/2021:08:12:58 +0200] "GET / HTTP/1.1" 200 1010 "-" "Mozilla/5.0 (compatible; Googlebot/2.1; +http://www.google.com/bot.html)"
66.249.70.29 - - [19/Sep/2021:08:13:05 +0200] "GET /new/ HTTP/1.1" 200 10256 "http://nosza.hu/" "Mozilla/5.0 AppleWebKit/537.36 (KHTML, like Gecko; compatible; Googlebot/2.1; +http://www.google.com/bot.html) Chrome/93.0.4577.83 Safari/537.36"
212.237.53.115 - - [19/Sep/2021:08:19:03 +0200] "HEAD / HTTP/1.1" 200 0 "-" "Alert_Alligator_webmonitoring_service_1.6.3_(alertalligator.com)"
66.249.70.29 - - [19/Sep/2021:08:19:46 +0200] "GET /muhely/index.html HTTP/1.1" 200 12830 "-" "Mozilla/5.0 (Linux; Android 6.0.1; Nexus 5X Build/MMB29P) AppleWebKit/537.36 (KHTML, like Gecko) Chrome/93.0.4577.82 Mobile Safari/537.36 (compatible; Googlebot/2.1; +http://www.google.com/bot.html)"
114.119.142.140 - - [19/Sep/2021:08:40:19 +0200] "GET /new HTTP/1.1" 301 309 "-" "Mozilla/5.0 (Linux; Android 7.0;) AppleWebKit/537.36 (KHTML, like Gecko) Mobile Safari/537.36 (compatible; PetalBot;+https://webmaster.petalsearch.com/site/petalbot)"
114.119.142.140 - - [19/Sep/2021:08:40:24 +0200] "GET /new/ HTTP/1.1" 200 10256 "-" "Mozilla/5.0 (Linux; Android 7.0;) AppleWebKit/537.36 (KHTML, like Gecko) Mobile Safari/537.36 (compatible; PetalBot;+https://webmaster.petalsearch.com/site/petalbot)"
66.249.70.31 - - [19/Sep/2021:08:42:55 +0200] "GET /kutat/REVkutatas/3gazdalkodas/index.html HTTP/1.1" 304 - "-" "Mozilla/5.0 (Linux; Android 6.0.1; Nexus 5X Build/MMB29P) AppleWebKit/537.36 (KHTML, like Gecko) Chrome/93.0.4577.82 Mobile Safari/537.36 (compatible; Googlebot/2.1; +http://www.google.com/bot.html)"
46.4.83.150 - - [19/Sep/2021:08:50:33 +0200] "GET /konferenciak/06egszb/resztvevok/index.html HTTP/1.1" 200 88954 "-" "Mozilla/5.0 (Macintosh; Intel Mac OS X 10_15_7) AppleWebKit/537.36 (KHTML, like Gecko) Chrome/86.0.4240.183 Safari/537.36"
54.39.29.64 - - [19/Sep/2021:08:56:41 +0200] "GET / HTTP/1.0" 200 1010 "http://nosza.hu/" "Mozilla/5.0 (Windows NT 6.3; Win64; x64) AppleWebKit/537.36 (KHTML, like Gecko) Chrome/83.0.4103.44 Safari/537.36"
54.39.29.64 - - [19/Sep/2021:09:12:46 +0200] "GET / HTTP/1.0" 200 1010 "http://nosza.hu/" "Mozilla/5.0 (Windows NT 10.0; Win64; x64) AppleWebKit/537.36 (KHTML, like Gecko) Chrome/83.0.4103.61 Safari/537.36/iYA9HebN-7"
49.12.13.109 - - [19/Sep/2021:09:18:07 +0200] "HEAD / HTTP/1.1" 200 0 "-" "Alert_Alligator_webmonitoring_service_1.6.3_(alertalligator.com)"
114.119.142.179 - - [19/Sep/2021:09:20:07 +0200] "GET /aktualis/index.html HTTP/1.1" 200 63144 "-" "Mozilla/5.0 (Linux; Android 7.0;) AppleWebKit/537.36 (KHTML, like Gecko) Mobile Safari/537.36 (compatible; PetalBot;+https://webmaster.petalsearch.com/site/petalbot)"
167.99.120.2 - - [19/Sep/2021:09:27:32 +0200] "GET / HTTP/1.1" 200 1010 "-" "Mozilla/5.0 (Macintosh; Intel Mac OS X 10_15_2) AppleWebKit/537.36 (KHTML, like Gecko) Chrome/79.0.3945.88 Safari/537.36"
66.249.70.31 - - [19/Sep/2021:09:52:57 +0200] "GET /new/content/gyakran-ism%C3%A9telt-k%C3%A9rd%C3%A9sek HTTP/1.1" 200 12447 "-" "Mozilla/5.0 (Linux; Android 6.0.1; Nexus 5X Build/MMB29P) AppleWebKit/537.36 (KHTML, like Gecko) Chrome/93.0.4577.82 Mobile Safari/537.36 (compatible; Googlebot/2.1; +http://www.google.com/bot.html)"
49.12.13.109 - - [19/Sep/2021:10:17:19 +0200] "HEAD / HTTP/1.1" 200 0 "-" "Alert_Alligator_webmonitoring_service_1.6.3_(alertalligator.com)"
114.119.142.156 - - [19/Sep/2021:10:20:00 +0200] "GET /angol/EESCconf/index.html HTTP/1.1" 200 12425 "-" "Mozilla/5.0 (Linux; Android 7.0;) AppleWebKit/537.36 (KHTML, like Gecko) Mobile Safari/537.36 (compatible; PetalBot;+https://webmaster.petalsearch.com/site/petalbot)"
114.119.142.188 - - [19/Sep/2021:10:31:58 +0200] "GET /aktualis/1gyikNCA/palyazat/index.html HTTP/1.1" 200 26866 "-" "Mozilla/5.0 (Linux; Android 7.0;) AppleWebKit/537.36 (KHTML, like Gecko) Mobile Safari/537.36 (compatible; PetalBot;+https://webmaster.petalsearch.com/site/petalbot)"
114.119.142.156 - - [19/Sep/2021:10:39:06 +0200] "GET /konferenciak/regionalis/index.html HTTP/1.1" 200 13298 "-" "Mozilla/5.0 (Linux; Android 7.0;) AppleWebKit/537.36 (KHTML, like Gecko) Mobile Safari/537.36 (compatible; PetalBot;+https://webmaster.petalsearch.com/site/petalbot)"
114.119.142.179 - - [19/Sep/2021:10:44:54 +0200] "GET /new/sites/default/files/NOSZA%20K%C3%B6zhaszn%C3%BA%20Jelent%C3%A9s%202012.pdf HTTP/1.1" 200 4799081 "-" "Mozilla/5.0 (Linux; Android 7.0;) AppleWebKit/537.36 (KHTML, like Gecko) Mobile Safari/537.36 (compatible; PetalBot;+https://webmaster.petalsearch.com/site/petalbot)"
66.249.70.31 - - [19/Sep/2021:10:45:16 +0200] "GET /konferenciak/07egszbbesz/07egszbpr/egszbreg/index.html HTTP/1.1" 304 - "-" "Mozilla/5.0 (Linux; Android 6.0.1; Nexus 5X Build/MMB29P) AppleWebKit/537.36 (KHTML, like Gecko) Chrome/93.0.4577.83 Mobile Safari/537.36 (compatible; Googlebot/2.1; +http://www.google.com/bot.html)"
114.119.142.188 - - [19/Sep/2021:10:50:11 +0200] "GET /new/en/news/starting-project-support-hungarian-non-profit-sector HTTP/1.1" 200 8080 "-" "Mozilla/5.0 (Linux; Android 7.0;) AppleWebKit/537.36 (KHTML, like Gecko) Mobile Safari/537.36 (compatible; PetalBot;+https://webmaster.petalsearch.com/site/petalbot)"
207.46.13.129 - - [19/Sep/2021:11:05:12 +0200] "GET / HTTP/1.1" 200 1010 "-" "Mozilla/5.0 (compatible; bingbot/2.0; +http://www.bing.com/bingbot.htm)"
114.119.142.186 - - [19/Sep/2021:11:15:01 +0200] "GET /halozatok/kerekasztal/memo5/index.html HTTP/1.1" 200 11742 "-" "Mozilla/5.0 (Linux; Android 7.0;) AppleWebKit/537.36 (KHTML, like Gecko) Mobile Safari/537.36 (compatible; PetalBot;+https://webmaster.petalsearch.com/site/petalbot)"
49.12.13.109 - - [19/Sep/2021:11:16:21 +0200] "HEAD / HTTP/1.1" 200 0 "-" "Alert_Alligator_webmonitoring_service_1.6.3_(alertalligator.com)"
114.119.142.179 - - [19/Sep/2021:11:20:44 +0200] "GET /new/sites/default/files/NOSZA%20K%C3%B6zhaszn%C3%BA%20Jelent%C3%A9s%202013_0.pdf HTTP/1.1" 200 4905182 "-" "Mozilla/5.0 (Linux; Android 7.0;) AppleWebKit/537.36 (KHTML, like Gecko) Mobile Safari/537.36 (compatible; PetalBot;+https://webmaster.petalsearch.com/site/petalbot)"
114.119.142.188 - - [19/Sep/2021:11:25:53 +0200] "GET /aktualis/onfoglalkoztatas/index.html HTTP/1.1" 200 77025 "-" "Mozilla/5.0 (Linux; Android 7.0;) AppleWebKit/537.36 (KHTML, like Gecko) Mobile Safari/537.36 (compatible; PetalBot;+https://webmaster.petalsearch.com/site/petalbot)"
114.119.142.140 - - [19/Sep/2021:11:31:20 +0200] "GET /aktualis/106GSZTcivil/GSZTinfo/index.html HTTP/1.1" 200 21761 "-" "Mozilla/5.0 (Linux; Android 7.0;) AppleWebKit/537.36 (KHTML, like Gecko) Mobile Safari/537.36 (compatible; PetalBot;+https://webmaster.petalsearch.com/site/petalbot)"
114.119.142.188 - - [19/Sep/2021:11:36:39 +0200] "GET /halozatok/JMCS/index.html HTTP/1.1" 200 6511 "-" "Mozilla/5.0 (Linux; Android 7.0;) AppleWebKit/537.36 (KHTML, like Gecko) Mobile Safari/537.36 (compatible; PetalBot;+https://webmaster.petalsearch.com/site/petalbot)"
114.119.142.140 - - [19/Sep/2021:11:42:06 +0200] "GET /new/elerhetoseg HTTP/1.1" 200 8052 "-" "Mozilla/5.0 (Linux; Android 7.0;) AppleWebKit/537.36 (KHTML, like Gecko) Mobile Safari/537.36 (compatible; PetalBot;+https://webmaster.petalsearch.com/site/petalbot)"
114.119.142.156 - - [19/Sep/2021:11:47:00 +0200] "GET /new/projektek HTTP/1.1" 200 17515 "-" "Mozilla/5.0 (Linux; Android 7.0;) AppleWebKit/537.36 (KHTML, like Gecko) Mobile Safari/537.36 (compatible; PetalBot;+https://webmaster.petalsearch.com/site/petalbot)"
114.119.142.181 - - [19/Sep/2021:11:51:40 +0200] "GET /new/node/93 HTTP/1.1" 200 7939 "-" "Mozilla/5.0 (Linux; Android 7.0;) AppleWebKit/537.36 (KHTML, like Gecko) Mobile Safari/537.36 (compatible; PetalBot;+https://webmaster.petalsearch.com/site/petalbot)"
114.119.142.173 - - [19/Sep/2021:11:56:27 +0200] "GET /kutat/index.html HTTP/1.1" 200 18756 "-" "Mozilla/5.0 (Linux; Android 7.0;) AppleWebKit/537.36 (KHTML, like Gecko) Mobile Safari/537.36 (compatible; PetalBot;+https://webmaster.petalsearch.com/site/petalbot)"
66.249.70.31 - - [19/Sep/2021:12:04:20 +0200] "GET /new/publikaciok HTTP/1.1" 200 11778 "-" "Mozilla/5.0 (Linux; Android 6.0.1; Nexus 5X Build/MMB29P) AppleWebKit/537.36 (KHTML, like Gecko) Chrome/93.0.4577.82 Mobile Safari/537.36 (compatible; Googlebot/2.1; +http://www.google.com/bot.html)"
114.119.142.140 - - [19/Sep/2021:12:05:28 +0200] "GET /new/projektek/h%C3%A1l%C3%B3zat-nyitott-jogalkot%C3%A1s%C3%A9rt HTTP/1.1" 200 9891 "-" "Mozilla/5.0 (Linux; Android 7.0;) AppleWebKit/537.36 (KHTML, like Gecko) Mobile Safari/537.36 (compatible; PetalBot;+https://webmaster.petalsearch.com/site/petalbot)"
114.119.142.186 - - [19/Sep/2021:12:10:09 +0200] "GET /new/hirek/hirek?page=1 HTTP/1.1" 200 14208 "-" "Mozilla/5.0 (Linux; Android 7.0;) AppleWebKit/537.36 (KHTML, like Gecko) Mobile Safari/537.36 (compatible; PetalBot;+https://webmaster.petalsearch.com/site/petalbot)"
49.12.13.109 - - [19/Sep/2021:12:16:25 +0200] "HEAD / HTTP/1.1" 200 0 "-" "Alert_Alligator_webmonitoring_service_1.6.3_(alertalligator.com)"
114.119.142.14 - - [19/Sep/2021:12:19:52 +0200] "GET /new/en/publications HTTP/1.1" 200 7784 "-" "Mozilla/5.0 (Linux; Android 7.0;) AppleWebKit/537.36 (KHTML, like Gecko) Mobile Safari/537.36 (compatible; PetalBot;+https://webmaster.petalsearch.com/site/petalbot)"
114.119.142.181 - - [19/Sep/2021:12:24:37 +0200] "GET /halozatok/JMCS/memo/06/index.html HTTP/1.1" 200 13841 "-" "Mozilla/5.0 (Linux; Android 7.0;) AppleWebKit/537.36 (KHTML, like Gecko) Mobile Safari/537.36 (compatible; PetalBot;+https://webmaster.petalsearch.com/site/petalbot)"
114.119.142.156 - - [19/Sep/2021:12:37:52 +0200] "GET /new/projektek/m%C5%B1k%C3%B6d%C3%A9si-p%C3%A1ly%C3%A1zat-2017-18 HTTP/1.1" 200 11920 "-" "Mozilla/5.0 (Linux; Android 7.0;) AppleWebKit/537.36 (KHTML, like Gecko) Mobile Safari/537.36 (compatible; PetalBot;+https://webmaster.petalsearch.com/site/petalbot)"
17.121.114.52 - - [19/Sep/2021:12:55:13 +0200] "GET /robots.txt HTTP/1.1" 404 1181 "-" "Mozilla/5.0 (Macintosh; Intel Mac OS X 10_15_5) AppleWebKit/605.1.15 (KHTML, like Gecko) Version/13.1.1 Safari/605.1.15 (Applebot/0.1; +http://www.apple.com/go/applebot)"
17.121.114.52 - - [19/Sep/2021:12:55:13 +0200] "GET /drupal/index.php HTTP/1.1" 404 1181 "-" "Mozilla/5.0 (Macintosh; Intel Mac OS X 10_15_5) AppleWebKit/605.1.15 (KHTML, like Gecko) Version/13.1.1 Safari/605.1.15 (Applebot/0.1; +http://www.apple.com/go/applebot)"
185.191.171.16 - - [19/Sep/2021:12:59:19 +0200] "GET /robots.txt HTTP/1.1" 404 1181 "-" "Mozilla/5.0 (compatible; SemrushBot/7~bl; +http://www.semrush.com/bot.html)"
185.191.171.6 - - [19/Sep/2021:12:59:21 +0200] "GET /new/publikaciok/cnny-hetedik-jelent%C3%A9se-nemzeti-strat%C3%A9giai-anyagok-nyilv%C3%A1noss%C3%A1g%C3%A1r%C3%B3l HTTP/1.1" 200 8543 "-" "Mozilla/5.0 (compatible; SemrushBot/7~bl; +http://www.semrush.com/bot.html)"
66.249.70.29 - - [19/Sep/2021:13:00:04 +0200] "GET /new/projektek/publikaciok HTTP/1.1" 200 8540 "-" "Mozilla/5.0 (Linux; Android 6.0.1; Nexus 5X Build/MMB29P) AppleWebKit/537.36 (KHTML, like Gecko) Chrome/93.0.4577.83 Mobile Safari/537.36 (compatible; Googlebot/2.1; +http://www.google.com/bot.html)"
114.119.142.14 - - [19/Sep/2021:13:13:00 +0200] "GET /new/en/about_us/financial_reports HTTP/1.1" 200 9675 "-" "Mozilla/5.0 (Linux; Android 7.0;) AppleWebKit/537.36 (KHTML, like Gecko) Mobile Safari/537.36 (compatible; PetalBot;+https://webmaster.petalsearch.com/site/petalbot)"
212.237.53.115 - - [19/Sep/2021:13:15:48 +0200] "HEAD / HTTP/1.1" 200 0 "-" "Alert_Alligator_webmonitoring_service_1.6.3_(alertalligator.com)"
66.249.70.31 - - [19/Sep/2021:13:40:02 +0200] "GET /kutat/REVkutatas/1gazdasag/index.html HTTP/1.1" 304 - "-" "Mozilla/5.0 (Linux; Android 6.0.1; Nexus 5X Build/MMB29P) AppleWebKit/537.36 (KHTML, like Gecko) Chrome/93.0.4577.83 Mobile Safari/537.36 (compatible; Googlebot/2.1; +http://www.google.com/bot.html)"
114.119.142.188 - - [19/Sep/2021:13:43:33 +0200] "GET /new/hirek/alap%C3%ADtv%C3%A1ny-alap%C3%ADt%C3%B3-okirata-%C3%A9s-m%C5%B1k%C3%B6d%C3%A9se HTTP/1.1" 200 9331 "-" "Mozilla/5.0 (Linux; Android 7.0;) AppleWebKit/537.36 (KHTML, like Gecko) Mobile Safari/537.36 (compatible; PetalBot;+https://webmaster.petalsearch.com/site/petalbot)"
54.39.29.64 - - [19/Sep/2021:13:54:10 +0200] "GET / HTTP/1.0" 200 1010 "http://nosza.hu/" "Mozilla/5.0 (Windows NT 10.0; Win64; x64) AppleWebKit/537.36 (KHTML, like Gecko) Chrome/83.0.4103.34 Safari/537.36 Edg/83.0.478.25"
54.36.149.14 - - [19/Sep/2021:13:55:17 +0200] "GET /halozatok/muhely/index.html HTTP/1.1" 200 12478 "-" "Mozilla/5.0 (compatible; AhrefsBot/7.0; +http://ahrefs.com/robot/)"
49.12.13.109 - - [19/Sep/2021:14:15:04 +0200] "HEAD / HTTP/1.1" 200 0 "-" "Alert_Alligator_webmonitoring_service_1.6.3_(alertalligator.com)"
54.39.29.64 - - [19/Sep/2021:14:33:00 +0200] "GET / HTTP/1.0" 200 1010 "http://nosza.hu/" "Mozilla/5.0 (Windows NT 6.1; WOW64) AppleWebKit/537.36 (KHTML, like Gecko) Chrome/83.0.4103.61 Safari/537.36"
114.119.142.186 - - [19/Sep/2021:14:50:43 +0200] "GET /aktualis/104eitv/index.html HTTP/1.1" 200 94846 "-" "Mozilla/5.0 (Linux; Android 7.0;) AppleWebKit/537.36 (KHTML, like Gecko) Mobile Safari/537.36 (compatible; PetalBot;+https://webmaster.petalsearch.com/site/petalbot)"
66.249.70.29 - - [19/Sep/2021:15:00:02 +0200] "GET /kutat/REVkutatas/5PR/ HTTP/1.1" 304 - "-" "Mozilla/5.0 (Linux; Android 6.0.1; Nexus 5X Build/MMB29P) AppleWebKit/537.36 (KHTML, like Gecko) Chrome/93.0.4577.83 Mobile Safari/537.36 (compatible; Googlebot/2.1; +http://www.google.com/bot.html)"
54.36.148.29 - - [19/Sep/2021:15:04:36 +0200] "GET /halozatok/JMCS/index.html HTTP/1.1" 200 6511 "-" "Mozilla/5.0 (compatible; AhrefsBot/7.0; +http://ahrefs.com/robot/)"
49.12.13.109 - - [19/Sep/2021:15:14:25 +0200] "HEAD / HTTP/1.1" 200 0 "-" "Alert_Alligator_webmonitoring_service_1.6.3_(alertalligator.com)"
114.119.142.140 - - [19/Sep/2021:15:18:39 +0200] "GET /new/en/rss.xml HTTP/1.1" 200 10708 "-" "Mozilla/5.0 (Linux; Android 7.0;) AppleWebKit/537.36 (KHTML, like Gecko) Mobile Safari/537.36 (compatible; PetalBot;+https://webmaster.petalsearch.com/site/petalbot)"
114.119.142.181 - - [19/Sep/2021:15:23:35 +0200] "GET /new/hirek/nyitott-jogalkot%C3%A1s-hogyan-lesz-az-elm%C3%A9letb%C5%91l-gyakorlat HTTP/1.1" 200 12430 "-" "Mozilla/5.0 (Linux; Android 7.0;) AppleWebKit/537.36 (KHTML, like Gecko) Mobile Safari/537.36 (compatible; PetalBot;+https://webmaster.petalsearch.com/site/petalbot)"
114.119.142.179 - - [19/Sep/2021:15:28:22 +0200] "GET /partnereink/index.html HTTP/1.1" 200 11929 "-" "Mozilla/5.0 (Linux; Android 7.0;) AppleWebKit/537.36 (KHTML, like Gecko) Mobile Safari/537.36 (compatible; PetalBot;+https://webmaster.petalsearch.com/site/petalbot)"
42.236.10.103 - - [19/Sep/2021:15:47:12 +0200] "GET / HTTP/1.1" 200 1010 "http://www.nosza.hu/" "-"
114.119.142.15 - - [19/Sep/2021:15:51:05 +0200] "GET /halozatok/JMCS/memo/07/index.html HTTP/1.1" 200 16609 "-" "Mozilla/5.0 (Linux; Android 7.0;) AppleWebKit/537.36 (KHTML, like Gecko) Mobile Safari/537.36 (compatible; PetalBot;+https://webmaster.petalsearch.com/site/petalbot)"
54.36.149.56 - - [19/Sep/2021:15:55:41 +0200] "GET /aktualis/NCA/index.html HTTP/1.1" 200 50805 "-" "Mozilla/5.0 (compatible; AhrefsBot/7.0; +http://ahrefs.com/robot/)"
114.119.142.140 - - [19/Sep/2021:15:55:49 +0200] "GET /konferenciak/042memo/index.html HTTP/1.1" 200 15379 "-" "Mozilla/5.0 (Linux; Android 7.0;) AppleWebKit/537.36 (KHTML, like Gecko) Mobile Safari/537.36 (compatible; PetalBot;+https://webmaster.petalsearch.com/site/petalbot)"
114.119.142.140 - - [19/Sep/2021:16:08:23 +0200] "GET /halozatok/kerekasztal/memo1/index.html HTTP/1.1" 200 26344 "-" "Mozilla/5.0 (Linux; Android 7.0;) AppleWebKit/537.36 (KHTML, like Gecko) Mobile Safari/537.36 (compatible; PetalBot;+https://webmaster.petalsearch.com/site/petalbot)"
114.119.142.181 - - [19/Sep/2021:16:13:08 +0200] "GET /aktualis/009GSZTcivil/index.html HTTP/1.1" 200 24603 "-" "Mozilla/5.0 (Linux; Android 7.0;) AppleWebKit/537.36 (KHTML, like Gecko) Mobile Safari/537.36 (compatible; PetalBot;+https://webmaster.petalsearch.com/site/petalbot)"
212.237.51.151 - - [19/Sep/2021:16:13:27 +0200] "HEAD / HTTP/1.1" 200 0 "-" "Alert_Alligator_webmonitoring_service_1.6.3_(alertalligator.com)"
54.39.29.64 - - [19/Sep/2021:16:14:04 +0200] "GET / HTTP/1.0" 200 1010 "http://nosza.hu/" "Mozilla/5.0 (Windows NT 10.0; Win64; x64) AppleWebKit/537.36 (KHTML, like Gecko) Chrome/83.0.4089.0 Safari/537.36"
114.119.142.14 - - [19/Sep/2021:16:18:13 +0200] "GET /new/sites/default/files/bevezeto.pdf HTTP/1.1" 200 655555 "-" "Mozilla/5.0 (Linux; Android 7.0;) AppleWebKit/537.36 (KHTML, like Gecko) Mobile Safari/537.36 (compatible; PetalBot;+https://webmaster.petalsearch.com/site/petalbot)"
114.119.136.146 - - [19/Sep/2021:16:26:29 +0200] "GET /robots.txt HTTP/1.1" 404 1181 "-" "Mozilla/5.0 (compatible;PetalBot;+https://webmaster.petalsearch.com/site/petalbot)"
114.119.142.181 - - [19/Sep/2021:16:38:06 +0200] "GET /aktualis/NCAvhmod/index.html HTTP/1.1" 200 18140 "-" "Mozilla/5.0 (Linux; Android 7.0;) AppleWebKit/537.36 (KHTML, like Gecko) Mobile Safari/537.36 (compatible; PetalBot;+https://webmaster.petalsearch.com/site/petalbot)"
114.119.142.181 - - [19/Sep/2021:16:47:31 +0200] "GET /new/en/news/2013 HTTP/1.1" 200 15657 "-" "Mozilla/5.0 (Linux; Android 7.0;) AppleWebKit/537.36 (KHTML, like Gecko) Mobile Safari/537.36 (compatible; PetalBot;+https://webmaster.petalsearch.com/site/petalbot)"
114.119.153.161 - - [19/Sep/2021:16:57:57 +0200] "GET /robots.txt HTTP/1.1" 404 1181 "-" "Mozilla/5.0 (compatible;PetalBot;+https://webmaster.petalsearch.com/site/petalbot)"
54.36.148.137 - - [19/Sep/2021:17:10:48 +0200] "GET /aktualis/onfoglalkoztatas/index.html HTTP/1.1" 200 77025 "-" "Mozilla/5.0 (compatible; AhrefsBot/7.0; +http://ahrefs.com/robot/)"
159.69.145.50 - - [19/Sep/2021:17:12:28 +0200] "HEAD / HTTP/1.1" 200 0 "-" "Alert_Alligator_webmonitoring_service_1.6.3_(alertalligator.com)"
175.44.42.248 - - [19/Sep/2021:17:14:28 +0200] "GET / HTTP/1.1" 200 1010 "http://ulfbj.qxnr.net/" "Mozilla/5.0 (iPhone; CPU iPhone OS 10_2_1 like Mac OS X) AppleWebKit/602.4.6 (KHTML, like Gecko) Version/10.0 Mobile/14D27 Safari/602.1"
114.119.142.186 - - [19/Sep/2021:17:18:32 +0200] "GET /new/en/projects/description-our-projects-hungarian HTTP/1.1" 200 7312 "-" "Mozilla/5.0 (Linux; Android 7.0;) AppleWebKit/537.36 (KHTML, like Gecko) Mobile Safari/537.36 (compatible; PetalBot;+https://webmaster.petalsearch.com/site/petalbot)"
114.119.142.179 - - [19/Sep/2021:17:36:38 +0200] "GET /new/projektek/2013-2014-elmaradott-t%C3%A9rs%C3%A9gek-civil-szervezeteinek-r%C3%A9szv%C3%A9telre-k%C3%A9pes%C3%ADt%C3%A9se HTTP/1.1" 200 12132 "-" "Mozilla/5.0 (Linux; Android 7.0;) AppleWebKit/537.36 (KHTML, like Gecko) Mobile Safari/537.36 (compatible; PetalBot;+https://webmaster.petalsearch.com/site/petalbot)"
66.249.64.104 - - [19/Sep/2021:17:36:45 +0200] "GET /robots.txt HTTP/1.1" 404 1181 "-" "Mozilla/5.0 (compatible; Googlebot/2.1; +http://www.google.com/bot.html)"
66.249.64.106 - - [19/Sep/2021:17:36:45 +0200] "GET / HTTP/1.1" 200 1010 "-" "Mozilla/5.0 (compatible; Googlebot/2.1; +http://www.google.com/bot.html)"
114.119.142.181 - - [19/Sep/2021:17:41:23 +0200] "GET /new/content/civil-%C3%BAjs%C3%A1g%C3%ADr%C3%A1ssal-az-%C3%B6nkorm%C3%A1nyzatok-%C3%A1tl%C3%A1that%C3%B3s%C3%A1g%C3%A1%C3%A9rt HTTP/1.1" 403 7484 "-" "Mozilla/5.0 (Linux; Android 7.0;) AppleWebKit/537.36 (KHTML, like Gecko) Mobile Safari/537.36 (compatible; PetalBot;+https://webmaster.petalsearch.com/site/petalbot)"
114.119.142.14 - - [19/Sep/2021:17:45:58 +0200] "GET /aktualis/109kozigazg/nyilatkozat/index.html HTTP/1.1" 200 10379 "-" "Mozilla/5.0 (Linux; Android 7.0;) AppleWebKit/537.36 (KHTML, like Gecko) Mobile Safari/537.36 (compatible; PetalBot;+https://webmaster.petalsearch.com/site/petalbot)"
114.119.142.15 - - [19/Sep/2021:18:05:38 +0200] "GET /new/publikaciok/2007 HTTP/1.1" 200 9569 "-" "Mozilla/5.0 (Linux; Android 7.0;) AppleWebKit/537.36 (KHTML, like Gecko) Mobile Safari/537.36 (compatible; PetalBot;+https://webmaster.petalsearch.com/site/petalbot)"
54.39.29.64 - - [19/Sep/2021:18:07:36 +0200] "GET / HTTP/1.0" 200 1010 "http://nosza.hu/" "Mozilla/5.0 (Windows NT 6.1; Win64; x64) AppleWebKit/537.36 (KHTML, like Gecko) Chrome/83.0.4103.24 Safari/537.36 Edg/83.0.478.18"
114.119.142.156 - - [19/Sep/2021:18:10:38 +0200] "GET /new/node/37 HTTP/1.1" 200 8723 "-" "Mozilla/5.0 (Linux; Android 7.0;) AppleWebKit/537.36 (KHTML, like Gecko) Mobile Safari/537.36 (compatible; PetalBot;+https://webmaster.petalsearch.com/site/petalbot)"
49.12.13.109 - - [19/Sep/2021:18:11:35 +0200] "HEAD / HTTP/1.1" 200 0 "-" "Alert_Alligator_webmonitoring_service_1.6.3_(alertalligator.com)"
114.119.142.140 - - [19/Sep/2021:18:15:16 +0200] "GET /new/en/news/2014 HTTP/1.1" 200 15657 "-" "Mozilla/5.0 (Linux; Android 7.0;) AppleWebKit/537.36 (KHTML, like Gecko) Mobile Safari/537.36 (compatible; PetalBot;+https://webmaster.petalsearch.com/site/petalbot)"
114.119.142.179 - - [19/Sep/2021:18:20:02 +0200] "GET /aktualis/106GSZTcivil/GSZTinfo/index.html HTTP/1.1" 200 21761 "-" "Mozilla/5.0 (Linux; Android 7.0;) AppleWebKit/537.36 (KHTML, like Gecko) Mobile Safari/537.36 (compatible; PetalBot;+https://webmaster.petalsearch.com/site/petalbot)"
31.46.80.155 - - [19/Sep/2021:18:20:56 +0200] "GET /galateia.css HTTP/1.1" 200 1717 "http://www.nosza.hu/kutat/REVkutatas/1gazdasag/" "Mozilla/5.0 (Windows NT 10.0; Win64; x64) AppleWebKit/537.36 (KHTML, like Gecko) Chrome/93.0.4577.82 Safari/537.36"
31.46.80.155 - - [19/Sep/2021:18:20:56 +0200] "GET /graphics/noszalogo.gif HTTP/1.1" 200 6797 "http://www.nosza.hu/kutat/REVkutatas/1gazdasag/" "Mozilla/5.0 (Windows NT 10.0; Win64; x64) AppleWebKit/537.36 (KHTML, like Gecko) Chrome/93.0.4577.82 Safari/537.36"
31.46.80.155 - - [19/Sep/2021:18:20:56 +0200] "GET /kutat/REVkutatas/1gazdasag/ HTTP/1.1" 200 89032 "https://www.google.com/" "Mozilla/5.0 (Windows NT 10.0; Win64; x64) AppleWebKit/537.36 (KHTML, like Gecko) Chrome/93.0.4577.82 Safari/537.36"
31.46.80.155 - - [19/Sep/2021:18:20:56 +0200] "GET /graphics/galas.gif HTTP/1.1" 200 913 "http://www.nosza.hu/kutat/REVkutatas/1gazdasag/" "Mozilla/5.0 (Windows NT 10.0; Win64; x64) AppleWebKit/537.36 (KHTML, like Gecko) Chrome/93.0.4577.82 Safari/537.36"
31.46.80.155 - - [19/Sep/2021:18:20:56 +0200] "GET /favicon.ico HTTP/1.1" 404 1181 "http://www.nosza.hu/kutat/REVkutatas/1gazdasag/" "Mozilla/5.0 (Windows NT 10.0; Win64; x64) AppleWebKit/537.36 (KHTML, like Gecko) Chrome/93.0.4577.82 Safari/537.36"
54.39.29.64 - - [19/Sep/2021:18:23:27 +0200] "GET / HTTP/1.0" 200 1010 "http://nosza.hu/" "Mozilla/5.0 (Windows NT 10.0; Win64; x64) AppleWebKit/537.36 (KHTML, like Gecko) Chrome/83.0.4103.61 Safari/537.36/iYA9HebN-7"
114.119.142.14 - - [19/Sep/2021:18:40:21 +0200] "GET /halozatok/JMCS/memo/index.html HTTP/1.1" 200 15271 "-" "Mozilla/5.0 (Linux; Android 7.0;) AppleWebKit/537.36 (KHTML, like Gecko) Mobile Safari/537.36 (compatible; PetalBot;+https://webmaster.petalsearch.com/site/petalbot)"
66.249.70.2 - - [19/Sep/2021:18:48:53 +0200] "GET /robots.txt HTTP/1.1" 404 1181 "-" "Mozilla/5.0 (compatible; Googlebot/2.1; +http://www.google.com/bot.html)"
66.249.70.31 - - [19/Sep/2021:18:48:56 +0200] "GET /new/magunkrol/tevekenysegunk HTTP/1.1" 200 10275 "-" "Mozilla/5.0 (compatible; Googlebot/2.1; +http://www.google.com/bot.html)"
66.249.70.31 - - [19/Sep/2021:18:59:54 +0200] "GET /aktualis/NCAvhmod/index.html HTTP/1.1" 304 - "-" "Mozilla/5.0 (Linux; Android 6.0.1; Nexus 5X Build/MMB29P) AppleWebKit/537.36 (KHTML, like Gecko) Chrome/93.0.4577.82 Mobile Safari/537.36 (compatible; Googlebot/2.1; +http://www.google.com/bot.html)"
114.119.142.173 - - [19/Sep/2021:19:03:44 +0200] "GET /angol/followup/index.html HTTP/1.1" 200 9852 "-" "Mozilla/5.0 (Linux; Android 7.0;) AppleWebKit/537.36 (KHTML, like Gecko) Mobile Safari/537.36 (compatible; PetalBot;+https://webmaster.petalsearch.com/site/petalbot)"
66.249.70.2 - - [19/Sep/2021:19:09:51 +0200] "GET /new/content/gyakran-ism%C3%A9telt-k%C3%A9rd%C3%A9sek HTTP/1.1" 200 12447 "-" "Mozilla/5.0 (Linux; Android 6.0.1; Nexus 5X Build/MMB29P) AppleWebKit/537.36 (KHTML, like Gecko) Chrome/93.0.4577.82 Mobile Safari/537.36 (compatible; Googlebot/2.1; +http://www.google.com/bot.html)"
212.237.53.115 - - [19/Sep/2021:19:10:37 +0200] "HEAD / HTTP/1.1" 200 0 "-" "Alert_Alligator_webmonitoring_service_1.6.3_(alertalligator.com)"
88.99.238.79 - - [19/Sep/2021:19:30:46 +0200] "GET /ads.txt HTTP/1.0" 404 1181 "-" "Mozilla/5.0 (Windows NT 10.0; Win64; x64; rv:86.0) Gecko/20100101 Firefox/86.0"
183.253.80.122 - - [19/Sep/2021:19:36:47 +0200] "GET / HTTP/1.1" 200 1010 "http://aajzw.qxnr.net/" "Mozilla/5.0 (iPhone; CPU iPhone OS 10_2_1 like Mac OS X) AppleWebKit/602.4.6 (KHTML, like Gecko) Version/10.0 Mobile/14D27 Safari/602.1"
114.119.142.188 - - [19/Sep/2021:19:45:23 +0200] "GET /new/rss.xml HTTP/1.1" 200 15715 "-" "Mozilla/5.0 (Linux; Android 7.0;) AppleWebKit/537.36 (KHTML, like Gecko) Mobile Safari/537.36 (compatible; PetalBot;+https://webmaster.petalsearch.com/site/petalbot)"
185.191.171.5 - - [19/Sep/2021:19:47:26 +0200] "GET /robots.txt HTTP/1.1" 404 1181 "-" "Mozilla/5.0 (compatible; SemrushBot/7~bl; +http://www.semrush.com/bot.html)"
185.191.171.39 - - [19/Sep/2021:19:47:28 +0200] "GET /new/hirek/nosza-egyes%C3%BClet-%C3%A9s-f%C3%BCggetlen-m%C3%A9diak%C3%B6zpont-sikeres-p%C3%A1ly%C3%A1zatott-ny%C3%BAjtott-be-norv%C3%A9g-civil-t%C3%A1mogat HTTP/1.1" 200 9593 "-" "Mozilla/5.0 (compatible; SemrushBot/7~bl; +http://www.semrush.com/bot.html)"
185.191.171.38 - - [19/Sep/2021:20:09:11 +0200] "GET /halozatok/JMCS/memo/index.html HTTP/1.1" 200 15271 "-" "Mozilla/5.0 (compatible; SemrushBot/7~bl; +http://www.semrush.com/bot.html)"
49.12.13.109 - - [19/Sep/2021:20:09:41 +0200] "HEAD / HTTP/1.1" 200 0 "-" "Alert_Alligator_webmonitoring_service_1.6.3_(alertalligator.com)"
114.119.142.14 - - [19/Sep/2021:20:11:10 +0200] "GET /halozatok/kerekasztal/memo2/index.html HTTP/1.1" 200 12822 "-" "Mozilla/5.0 (Linux; Android 7.0;) AppleWebKit/537.36 (KHTML, like Gecko) Mobile Safari/537.36 (compatible; PetalBot;+https://webmaster.petalsearch.com/site/petalbot)"
114.119.142.15 - - [19/Sep/2021:20:15:43 +0200] "GET /new/en/news/training-materials-support-csos HTTP/1.1" 200 8120 "-" "Mozilla/5.0 (Linux; Android 7.0;) AppleWebKit/537.36 (KHTML, like Gecko) Mobile Safari/537.36 (compatible; PetalBot;+https://webmaster.petalsearch.com/site/petalbot)"
114.119.142.14 - - [19/Sep/2021:20:20:27 +0200] "GET /halozatok/JMCS/memo/08/index.html HTTP/1.1" 200 13492 "-" "Mozilla/5.0 (Linux; Android 7.0;) AppleWebKit/537.36 (KHTML, like Gecko) Mobile Safari/537.36 (compatible; PetalBot;+https://webmaster.petalsearch.com/site/petalbot)"
207.46.13.129 - - [19/Sep/2021:20:26:08 +0200] "GET / HTTP/1.1" 200 1010 "-" "Mozilla/5.0 (compatible; bingbot/2.0; +http://www.bing.com/bingbot.htm)"
13.66.139.1 - - [19/Sep/2021:20:30:21 +0200] "GET /robots.txt HTTP/1.1" 404 1181 "-" "Mozilla/5.0 (compatible; bingbot/2.0; +http://www.bing.com/bingbot.htm)"
13.66.139.0 - - [19/Sep/2021:20:30:40 +0200] "GET /new/en/dossiers/sample-dossier-content HTTP/1.1" 200 6917 "-" "Mozilla/5.0 (compatible; bingbot/2.0; +http://www.bing.com/bingbot.htm)"
114.119.142.181 - - [19/Sep/2021:20:33:25 +0200] "GET /new/sites/default/files/NOSZA%20K%C3%B6zhaszn%C3%BA%20Jelent%C3%A9s%202011.pdf HTTP/1.1" 200 445634 "-" "Mozilla/5.0 (Linux; Android 7.0;) AppleWebKit/537.36 (KHTML, like Gecko) Mobile Safari/537.36 (compatible; PetalBot;+https://webmaster.petalsearch.com/site/petalbot)"
185.191.171.44 - - [19/Sep/2021:20:38:24 +0200] "GET /konferenciak/07egszbbesz/index.html HTTP/1.1" 200 21734 "-" "Mozilla/5.0 (compatible; SemrushBot/7~bl; +http://www.semrush.com/bot.html)"
114.119.142.15 - - [19/Sep/2021:20:47:42 +0200] "GET /new/hirek/2018 HTTP/1.1" 200 16790 "-" "Mozilla/5.0 (Linux; Android 7.0;) AppleWebKit/537.36 (KHTML, like Gecko) Mobile Safari/537.36 (compatible; PetalBot;+https://webmaster.petalsearch.com/site/petalbot)"
212.237.51.151 - - [19/Sep/2021:21:08:54 +0200] "HEAD / HTTP/1.1" 200 0 "-" "Alert_Alligator_webmonitoring_service_1.6.3_(alertalligator.com)"
92.118.160.5 - - [19/Sep/2021:21:40:12 +0200] "GET / HTTP/1.1" 200 1010 "-" "NetSystemsResearch studies the availability of various services across the internet. Our website is netsystemsresearch.com"
66.249.70.2 - - [19/Sep/2021:21:44:56 +0200] "GET /kutat/REVkutatas/index.html HTTP/1.1" 304 - "-" "Mozilla/5.0 (compatible; Googlebot/2.1; +http://www.google.com/bot.html)"
114.119.142.14 - - [19/Sep/2021:21:54:05 +0200] "GET /new/en/news/2018 HTTP/1.1" 200 15657 "-" "Mozilla/5.0 (Linux; Android 7.0;) AppleWebKit/537.36 (KHTML, like Gecko) Mobile Safari/537.36 (compatible; PetalBot;+https://webmaster.petalsearch.com/site/petalbot)"
49.12.13.109 - - [19/Sep/2021:22:07:56 +0200] "HEAD / HTTP/1.1" 200 0 "-" "Alert_Alligator_webmonitoring_service_1.6.3_(alertalligator.com)"
114.119.142.181 - - [19/Sep/2021:22:11:48 +0200] "GET /new/sites/default/files/NOSZA%20K%C3%B6zhaszn%C3%BA%20jelent%C3%A9s%202015.pdf HTTP/1.1" 200 2023694 "-" "Mozilla/5.0 (Linux; Android 7.0;) AppleWebKit/537.36 (KHTML, like Gecko) Mobile Safari/537.36 (compatible; PetalBot;+https://webmaster.petalsearch.com/site/petalbot)"
114.119.142.186 - - [19/Sep/2021:22:16:36 +0200] "GET /3kutat/REVkutatas/2menedzsment/index.html HTTP/1.1" 200 146149 "-" "Mozilla/5.0 (Linux; Android 7.0;) AppleWebKit/537.36 (KHTML, like Gecko) Mobile Safari/537.36 (compatible; PetalBot;+https://webmaster.petalsearch.com/site/petalbot)"
114.119.142.173 - - [19/Sep/2021:22:21:19 +0200] "GET /new/en/about_us/activity HTTP/1.1" 200 9036 "-" "Mozilla/5.0 (Linux; Android 7.0;) AppleWebKit/537.36 (KHTML, like Gecko) Mobile Safari/537.36 (compatible; PetalBot;+https://webmaster.petalsearch.com/site/petalbot)"
114.119.140.79 - - [19/Sep/2021:22:23:08 +0200] "GET /robots.txt HTTP/1.1" 404 1181 "-" "Mozilla/5.0 (compatible;PetalBot;+https://webmaster.petalsearch.com/site/petalbot)"
114.119.142.179 - - [19/Sep/2021:22:27:49 +0200] "GET /halozatok/JMCS/mukodes/index.html HTTP/1.1" 200 10352 "-" "Mozilla/5.0 (Linux; Android 7.0;) AppleWebKit/537.36 (KHTML, like Gecko) Mobile Safari/537.36 (compatible; PetalBot;+https://webmaster.petalsearch.com/site/petalbot)"
114.119.142.179 - - [19/Sep/2021:22:32:28 +0200] "GET /aktualis/105onk/onkentes/index.html HTTP/1.1" 200 24562 "-" "Mozilla/5.0 (Linux; Android 7.0;) AppleWebKit/537.36 (KHTML, like Gecko) Mobile Safari/537.36 (compatible; PetalBot;+https://webmaster.petalsearch.com/site/petalbot)"
185.191.171.16 - - [19/Sep/2021:22:36:29 +0200] "GET /robots.txt HTTP/1.1" 404 1181 "-" "Mozilla/5.0 (compatible; SemrushBot/7~bl; +http://www.semrush.com/bot.html)"
185.191.171.4 - - [19/Sep/2021:22:36:31 +0200] "GET /new/en/news/training-materials-support-csos HTTP/1.1" 200 8120 "-" "Mozilla/5.0 (compatible; SemrushBot/7~bl; +http://www.semrush.com/bot.html)"
114.119.131.232 - - [19/Sep/2021:22:41:29 +0200] "GET /robots.txt HTTP/1.1" 404 1181 "-" "Mozilla/5.0 (compatible;PetalBot;+https://webmaster.petalsearch.com/site/petalbot)"
51.222.253.14 - - [19/Sep/2021:22:53:01 +0200] "GET /robots.txt HTTP/1.1" 404 1181 "-" "Mozilla/5.0 (compatible; AhrefsBot/7.0; +http://ahrefs.com/robot/)"
51.222.253.12 - - [19/Sep/2021:22:53:06 +0200] "GET /new/hirek/nosza-egyes%C3%BClet-m%C3%A1t%C3%B3l-hivatalosan-freedom-information-advocates-network-foianet-tagja HTTP/1.1" 200 9113 "-" "Mozilla/5.0 (compatible; AhrefsBot/7.0; +http://ahrefs.com/robot/)"
66.249.70.29 - - [19/Sep/2021:23:00:39 +0200] "GET /new/publikaciok HTTP/1.1" 200 11778 "-" "Mozilla/5.0 (Linux; Android 6.0.1; Nexus 5X Build/MMB29P) AppleWebKit/537.36 (KHTML, like Gecko) Chrome/93.0.4577.82 Mobile Safari/537.36 (compatible; Googlebot/2.1; +http://www.google.com/bot.html)"
114.119.142.179 - - [19/Sep/2021:23:02:16 +0200] "GET /new/hirek/2014 HTTP/1.1" 200 16790 "-" "Mozilla/5.0 (Linux; Android 7.0;) AppleWebKit/537.36 (KHTML, like Gecko) Mobile Safari/537.36 (compatible; PetalBot;+https://webmaster.petalsearch.com/site/petalbot)"
167.71.17.63 - - [19/Sep/2021:23:04:00 +0200] "GET /wp-login.php HTTP/1.1" 404 1181 "-" "Mozilla/5.0 (X11; Ubuntu; Linux x86_64; rv:62.0) Gecko/20100101 Firefox/62.0"
212.237.51.151 - - [19/Sep/2021:23:07:04 +0200] "HEAD / HTTP/1.1" 200 0 "-" "Alert_Alligator_webmonitoring_service_1.6.3_(alertalligator.com)"
114.119.142.140 - - [19/Sep/2021:23:18:04 +0200] "GET /aktualis/2jogalkotas/index.html HTTP/1.1" 200 237725 "-" "Mozilla/5.0 (Linux; Android 7.0;) AppleWebKit/537.36 (KHTML, like Gecko) Mobile Safari/537.36 (compatible; PetalBot;+https://webmaster.petalsearch.com/site/petalbot)"
114.119.142.14 - - [19/Sep/2021:23:29:47 +0200] "GET /new/hirek/2009?page=1 HTTP/1.1" 200 14140 "-" "Mozilla/5.0 (Linux; Android 7.0;) AppleWebKit/537.36 (KHTML, like Gecko) Mobile Safari/537.36 (compatible; PetalBot;+https://webmaster.petalsearch.com/site/petalbot)"
