173.249.2.13 - - [17/Sep/2021:06:46:43 +0200] "GET /new/magunkrol/tamogatoink HTTP/1.1" 200 11642 "-" "Mozilla/5.0 (compatible; MJ12bot/v1.4.8; http://mj12bot.com/)"
173.249.2.13 - - [17/Sep/2021:06:46:52 +0200] "GET /new/magunkrol/tevekenysegunk HTTP/1.1" 200 10275 "-" "Mozilla/5.0 (compatible; MJ12bot/v1.4.8; http://mj12bot.com/)"
114.119.142.179 - - [17/Sep/2021:06:46:57 +0200] "GET /aktualis/1gyikNCA/szervezet/index.html HTTP/1.1" 200 23952 "-" "Mozilla/5.0 (Linux; Android 7.0;) AppleWebKit/537.36 (KHTML, like Gecko) Mobile Safari/537.36 (compatible; PetalBot;+https://webmaster.petalsearch.com/site/petalbot)"
173.249.2.13 - - [17/Sep/2021:06:47:01 +0200] "GET /new/projektek HTTP/1.1" 200 17515 "-" "Mozilla/5.0 (compatible; MJ12bot/v1.4.8; http://mj12bot.com/)"
114.119.142.140 - - [17/Sep/2021:06:55:47 +0200] "GET /halozatok/JMCS/index.html HTTP/1.1" 200 6511 "-" "Mozilla/5.0 (Linux; Android 7.0;) AppleWebKit/537.36 (KHTML, like Gecko) Mobile Safari/537.36 (compatible; PetalBot;+https://webmaster.petalsearch.com/site/petalbot)"
49.12.13.109 - - [17/Sep/2021:06:56:21 +0200] "HEAD / HTTP/1.1" 200 0 "-" "Alert_Alligator_webmonitoring_service_1.6.3_(alertalligator.com)"
66.249.70.31 - - [17/Sep/2021:07:31:06 +0200] "GET /new/hirek/2009 HTTP/1.1" 200 16790 "-" "Mozilla/5.0 (compatible; Googlebot/2.1; +http://www.google.com/bot.html)"
66.249.70.2 - - [17/Sep/2021:07:34:19 +0200] "GET /new/modules/system/system-menus.css?l HTTP/1.1" 200 935 "http://www.nosza.hu/new/hirek/2009" "Mozilla/5.0 AppleWebKit/537.36 (KHTML, like Gecko; compatible; Googlebot/2.1; +http://www.google.com/bot.html) Chrome/93.0.4577.83 Safari/537.36"
54.36.149.31 - - [17/Sep/2021:07:52:25 +0200] "GET /halozatok/JMCS/mukodes/index.html HTTP/1.1" 200 10352 "-" "Mozilla/5.0 (compatible; AhrefsBot/7.0; +http://ahrefs.com/robot/)"
207.46.13.129 - - [17/Sep/2021:07:53:01 +0200] "GET /aktualis/103jogalk/index.html HTTP/1.1" 200 10863 "-" "Mozilla/5.0 (iPhone; CPU iPhone OS 7_0 like Mac OS X) AppleWebKit/537.51.1 (KHTML, like Gecko) Version/7.0 Mobile/11A465 Safari/9537.53 (compatible; bingbot/2.0; +http://www.bing.com/bingbot.htm)"
207.46.13.17 - - [17/Sep/2021:07:53:13 +0200] "GET /galateia.css HTTP/1.1" 200 1717 "-" "Mozilla/5.0 (iPhone; CPU iPhone OS 7_0 like Mac OS X) AppleWebKit/537.51.1 (KHTML, like Gecko) Version/7.0 Mobile/11A465 Safari/9537.53 (compatible; bingbot/2.0; +http://www.bing.com/bingbot.htm)"
212.237.51.151 - - [17/Sep/2021:07:55:25 +0200] "HEAD / HTTP/1.1" 200 0 "-" "Alert_Alligator_webmonitoring_service_1.6.3_(alertalligator.com)"
185.191.171.36 - - [17/Sep/2021:08:06:26 +0200] "GET /robots.txt HTTP/1.1" 404 1181 "-" "Mozilla/5.0 (compatible; SemrushBot/7~bl; +http://www.semrush.com/bot.html)"
185.191.171.38 - - [17/Sep/2021:08:06:26 +0200] "GET /halozatok/JMCS/index.html HTTP/1.1" 200 6511 "-" "Mozilla/5.0 (compatible; SemrushBot/7~bl; +http://www.semrush.com/bot.html)"
185.191.171.45 - - [17/Sep/2021:08:18:49 +0200] "GET /new/projektek/h%C3%A1l%C3%B3zat-nyitott-jogalkot%C3%A1s%C3%A9rt HTTP/1.1" 200 9891 "-" "Mozilla/5.0 (compatible; SemrushBot/7~bl; +http://www.semrush.com/bot.html)"
66.249.70.29 - - [17/Sep/2021:08:25:06 +0200] "GET /new/publikaciok HTTP/1.1" 200 11778 "-" "Mozilla/5.0 (Linux; Android 6.0.1; Nexus 5X Build/MMB29P) AppleWebKit/537.36 (KHTML, like Gecko) Chrome/93.0.4577.82 Mobile Safari/537.36 (compatible; Googlebot/2.1; +http://www.google.com/bot.html)"
54.36.148.197 - - [17/Sep/2021:08:41:29 +0200] "GET /new/hirek/elindult-az-eloszt%C3%B3-projekt-facebook-oldala HTTP/1.1" 200 9225 "-" "Mozilla/5.0 (compatible; AhrefsBot/7.0; +http://ahrefs.com/robot/)"
114.119.142.15 - - [17/Sep/2021:08:49:10 +0200] "GET /new/dossziek HTTP/1.1" 200 9972 "-" "Mozilla/5.0 (Linux; Android 7.0;) AppleWebKit/537.36 (KHTML, like Gecko) Mobile Safari/537.36 (compatible; PetalBot;+https://webmaster.petalsearch.com/site/petalbot)"
212.237.51.151 - - [17/Sep/2021:08:54:35 +0200] "HEAD / HTTP/1.1" 200 0 "-" "Alert_Alligator_webmonitoring_service_1.6.3_(alertalligator.com)"
54.74.4.14 - - [17/Sep/2021:09:09:19 +0200] "GET / HTTP/1.1" 200 1010 "-" "Mozilla/5.0 (Macintosh; Intel Mac OS X 10.15; rv:81.0) Gecko/20100101 Firefox/81.0"
49.12.13.109 - - [17/Sep/2021:09:54:18 +0200] "HEAD / HTTP/1.1" 200 0 "-" "Alert_Alligator_webmonitoring_service_1.6.3_(alertalligator.com)"
5.45.207.145 - - [17/Sep/2021:10:25:56 +0200] "GET /robots.txt HTTP/1.1" 404 1181 "-" "Mozilla/5.0 (compatible; YandexBot/3.0; +http://yandex.com/bots)"
5.45.207.145 - - [17/Sep/2021:10:26:00 +0200] "GET / HTTP/1.1" 200 1010 "-" "Mozilla/5.0 (compatible; YandexBot/3.0; +http://yandex.com/bots)"
157.55.39.175 - - [17/Sep/2021:10:38:23 +0200] "GET /kutat/REVkutatas/3gazdalkodas/index.html HTTP/1.1" 200 88137 "-" "Mozilla/5.0 (compatible; bingbot/2.0; +http://www.bing.com/bingbot.htm)"
54.36.149.10 - - [17/Sep/2021:10:39:15 +0200] "GET /halozatok/JMCS/tagok/index.html HTTP/1.1" 200 65034 "-" "Mozilla/5.0 (compatible; AhrefsBot/7.0; +http://ahrefs.com/robot/)"
66.249.64.106 - - [17/Sep/2021:10:44:03 +0200] "GET /robots.txt HTTP/1.1" 404 1181 "-" "Mozilla/5.0 (compatible; Googlebot/2.1; +http://www.google.com/bot.html)"
66.249.64.104 - - [17/Sep/2021:10:44:03 +0200] "GET / HTTP/1.1" 200 1010 "-" "Mozilla/5.0 (compatible; Googlebot/2.1; +http://www.google.com/bot.html)"
114.119.142.140 - - [17/Sep/2021:10:48:36 +0200] "GET /aktualis/NCAvhmod/index.html HTTP/1.1" 200 18140 "-" "Mozilla/5.0 (Linux; Android 7.0;) AppleWebKit/537.36 (KHTML, like Gecko) Mobile Safari/537.36 (compatible; PetalBot;+https://webmaster.petalsearch.com/site/petalbot)"
49.12.13.109 - - [17/Sep/2021:10:53:50 +0200] "HEAD / HTTP/1.1" 200 0 "-" "Alert_Alligator_webmonitoring_service_1.6.3_(alertalligator.com)"
114.119.142.140 - - [17/Sep/2021:10:55:07 +0200] "GET /new/sites/default/files/NOSZA%20K%C3%B6zhaszn%C3%BA%20Jelent%C3%A9s%202016.pdf HTTP/1.1" 200 406415 "-" "Mozilla/5.0 (Linux; Android 7.0;) AppleWebKit/537.36 (KHTML, like Gecko) Mobile Safari/537.36 (compatible; PetalBot;+https://webmaster.petalsearch.com/site/petalbot)"
114.119.142.156 - - [17/Sep/2021:11:01:36 +0200] "GET /konferenciak/2konferencia/1program/index.html HTTP/1.1" 200 23358 "-" "Mozilla/5.0 (Linux; Android 7.0;) AppleWebKit/537.36 (KHTML, like Gecko) Mobile Safari/537.36 (compatible; PetalBot;+https://webmaster.petalsearch.com/site/petalbot)"
13.82.80.243 - - [17/Sep/2021:11:08:15 +0200] "GET /fulop.dbk.pdf HTTP/1.1" 200 228405 "-" "python-requests/2.26.0"
114.119.142.173 - - [17/Sep/2021:11:09:28 +0200] "GET /new/sites/default/files/NOSZA%20K%C3%B6zhaszn%C3%BA%20jelent%C3%A9s%202015_0.pdf HTTP/1.1" 200 2023694 "-" "Mozilla/5.0 (Linux; Android 7.0;) AppleWebKit/537.36 (KHTML, like Gecko) Mobile Safari/537.36 (compatible; PetalBot;+https://webmaster.petalsearch.com/site/petalbot)"
114.119.142.156 - - [17/Sep/2021:11:15:57 +0200] "GET /new/hirek/publikaciok HTTP/1.1" 200 17124 "-" "Mozilla/5.0 (Linux; Android 7.0;) AppleWebKit/537.36 (KHTML, like Gecko) Mobile Safari/537.36 (compatible; PetalBot;+https://webmaster.petalsearch.com/site/petalbot)"
5.255.231.51 - - [17/Sep/2021:11:20:14 +0200] "GET /new/rss.xml HTTP/1.1" 200 15539 "-" "Mozilla/5.0 (compatible; YandexBot/3.0; +http://yandex.com/bots)"
5.255.231.28 - - [17/Sep/2021:11:20:50 +0200] "GET /new/content/major-legal-developments-affecting-csos-2017 HTTP/1.1" 200 7988 "-" "Mozilla/5.0 (compatible; YandexBot/3.0; +http://yandex.com/bots)"
5.45.207.145 - - [17/Sep/2021:11:20:54 +0200] "GET /new/sites/default/files/k%C3%A9pz%C3%A9si%20anyag.pdf HTTP/1.1" 200 622249 "-" "Mozilla/5.0 (compatible; YandexBot/3.0; +http://yandex.com/bots)"
114.119.142.140 - - [17/Sep/2021:11:22:17 +0200] "GET /new/en/ HTTP/1.1" 200 9252 "-" "Mozilla/5.0 (Linux; Android 7.0;) AppleWebKit/537.36 (KHTML, like Gecko) Mobile Safari/537.36 (compatible; PetalBot;+https://webmaster.petalsearch.com/site/petalbot)"
114.119.142.140 - - [17/Sep/2021:11:28:48 +0200] "GET /konferenciak/040memo/index.html HTTP/1.1" 200 33575 "-" "Mozilla/5.0 (Linux; Android 7.0;) AppleWebKit/537.36 (KHTML, like Gecko) Mobile Safari/537.36 (compatible; PetalBot;+https://webmaster.petalsearch.com/site/petalbot)"
157.55.39.175 - - [17/Sep/2021:11:31:38 +0200] "GET /kutat/REVkutatas/3gazdalkodas/index.html HTTP/1.1" 200 88137 "-" "Mozilla/5.0 (compatible; bingbot/2.0; +http://www.bing.com/bingbot.htm)"
54.36.149.32 - - [17/Sep/2021:11:34:23 +0200] "GET /new/projektek/civil-%C3%BAjs%C3%A1g%C3%ADr%C3%A1ssal-az-%C3%B6nkorm%C3%A1nzatok-%C3%A1tl%C3%A1that%C3%B3s%C3%A1g%C3%A1%C3%A9rt HTTP/1.1" 200 10729 "-" "Mozilla/5.0 (compatible; AhrefsBot/7.0; +http://ahrefs.com/robot/)"
66.249.70.29 - - [17/Sep/2021:11:35:17 +0200] "GET /new/content/gyakran-ism%C3%A9telt-k%C3%A9rd%C3%A9sek HTTP/1.1" 200 12447 "-" "Mozilla/5.0 (Linux; Android 6.0.1; Nexus 5X Build/MMB29P) AppleWebKit/537.36 (KHTML, like Gecko) Chrome/93.0.4577.82 Mobile Safari/537.36 (compatible; Googlebot/2.1; +http://www.google.com/bot.html)"
114.119.142.156 - - [17/Sep/2021:11:36:36 +0200] "GET /halozatok/JMCS/memo/10/index.html HTTP/1.1" 200 48333 "-" "Mozilla/5.0 (Linux; Android 7.0;) AppleWebKit/537.36 (KHTML, like Gecko) Mobile Safari/537.36 (compatible; PetalBot;+https://webmaster.petalsearch.com/site/petalbot)"
114.119.142.186 - - [17/Sep/2021:11:42:58 +0200] "GET /partnereink/index.html HTTP/1.1" 200 11929 "-" "Mozilla/5.0 (Linux; Android 7.0;) AppleWebKit/537.36 (KHTML, like Gecko) Mobile Safari/537.36 (compatible; PetalBot;+https://webmaster.petalsearch.com/site/petalbot)"
212.237.51.151 - - [17/Sep/2021:11:52:53 +0200] "HEAD / HTTP/1.1" 200 0 "-" "Alert_Alligator_webmonitoring_service_1.6.3_(alertalligator.com)"
114.119.142.14 - - [17/Sep/2021:11:56:13 +0200] "GET /aktualis/106GSZTcivil/index.html HTTP/1.1" 200 24702 "-" "Mozilla/5.0 (Linux; Android 7.0;) AppleWebKit/537.36 (KHTML, like Gecko) Mobile Safari/537.36 (compatible; PetalBot;+https://webmaster.petalsearch.com/site/petalbot)"
114.119.142.15 - - [17/Sep/2021:12:02:23 +0200] "GET /konferenciak/konferencia3/index.html HTTP/1.1" 200 25940 "-" "Mozilla/5.0 (Linux; Android 7.0;) AppleWebKit/537.36 (KHTML, like Gecko) Mobile Safari/537.36 (compatible; PetalBot;+https://webmaster.petalsearch.com/site/petalbot)"
54.36.149.64 - - [17/Sep/2021:12:07:51 +0200] "GET /halozatok/kerekasztal/memo1/index.html HTTP/1.1" 200 26344 "-" "Mozilla/5.0 (compatible; AhrefsBot/7.0; +http://ahrefs.com/robot/)"
114.119.142.181 - - [17/Sep/2021:12:08:23 +0200] "GET /new/en/news/2017 HTTP/1.1" 200 15657 "-" "Mozilla/5.0 (Linux; Android 7.0;) AppleWebKit/537.36 (KHTML, like Gecko) Mobile Safari/537.36 (compatible; PetalBot;+https://webmaster.petalsearch.com/site/petalbot)"
114.119.142.140 - - [17/Sep/2021:12:14:20 +0200] "GET /halozatok/muhely/index.html HTTP/1.1" 200 12478 "-" "Mozilla/5.0 (Linux; Android 7.0;) AppleWebKit/537.36 (KHTML, like Gecko) Mobile Safari/537.36 (compatible; PetalBot;+https://webmaster.petalsearch.com/site/petalbot)"
114.119.142.156 - - [17/Sep/2021:12:21:22 +0200] "GET /new/magunkrol/publikaciok HTTP/1.1" 200 9971 "-" "Mozilla/5.0 (Linux; Android 7.0;) AppleWebKit/537.36 (KHTML, like Gecko) Mobile Safari/537.36 (compatible; PetalBot;+https://webmaster.petalsearch.com/site/petalbot)"
114.119.142.140 - - [17/Sep/2021:12:27:17 +0200] "GET /new/hirek/2009 HTTP/1.1" 200 16790 "-" "Mozilla/5.0 (Linux; Android 7.0;) AppleWebKit/537.36 (KHTML, like Gecko) Mobile Safari/537.36 (compatible; PetalBot;+https://webmaster.petalsearch.com/site/petalbot)"
114.119.142.188 - - [17/Sep/2021:12:34:01 +0200] "GET /aktualis/012autopalya/index.html HTTP/1.1" 200 7450 "-" "Mozilla/5.0 (Linux; Android 7.0;) AppleWebKit/537.36 (KHTML, like Gecko) Mobile Safari/537.36 (compatible; PetalBot;+https://webmaster.petalsearch.com/site/petalbot)"
54.36.149.71 - - [17/Sep/2021:12:41:29 +0200] "GET /aktualis/index.html HTTP/1.1" 200 63144 "-" "Mozilla/5.0 (compatible; AhrefsBot/7.0; +http://ahrefs.com/robot/)"
114.119.142.181 - - [17/Sep/2021:12:48:00 +0200] "GET /konferenciak/06egszb/index.html HTTP/1.1" 200 15880 "-" "Mozilla/5.0 (Linux; Android 7.0;) AppleWebKit/537.36 (KHTML, like Gecko) Mobile Safari/537.36 (compatible; PetalBot;+https://webmaster.petalsearch.com/site/petalbot)"
185.191.171.38 - - [17/Sep/2021:12:51:29 +0200] "GET /robots.txt HTTP/1.1" 404 1181 "-" "Mozilla/5.0 (compatible; SemrushBot/7~bl; +http://www.semrush.com/bot.html)"
185.191.171.44 - - [17/Sep/2021:12:51:30 +0200] "GET /new/en/news HTTP/1.1" 200 15658 "-" "Mozilla/5.0 (compatible; SemrushBot/7~bl; +http://www.semrush.com/bot.html)"
49.12.13.109 - - [17/Sep/2021:12:51:58 +0200] "HEAD / HTTP/1.1" 200 0 "-" "Alert_Alligator_webmonitoring_service_1.6.3_(alertalligator.com)"
157.55.39.175 - - [17/Sep/2021:12:53:45 +0200] "GET /new/dossziek HTTP/1.1" 200 9972 "-" "Mozilla/5.0 (compatible; bingbot/2.0; +http://www.bing.com/bingbot.htm)"
114.119.142.188 - - [17/Sep/2021:12:54:08 +0200] "GET /kutat/REVkutatas/index.html HTTP/1.1" 200 13447 "-" "Mozilla/5.0 (Linux; Android 7.0;) AppleWebKit/537.36 (KHTML, like Gecko) Mobile Safari/537.36 (compatible; PetalBot;+https://webmaster.petalsearch.com/site/petalbot)"
114.119.142.15 - - [17/Sep/2021:13:00:35 +0200] "GET /new/projektek/dossziek HTTP/1.1" 200 8401 "-" "Mozilla/5.0 (Linux; Android 7.0;) AppleWebKit/537.36 (KHTML, like Gecko) Mobile Safari/537.36 (compatible; PetalBot;+https://webmaster.petalsearch.com/site/petalbot)"
114.119.142.156 - - [17/Sep/2021:13:08:05 +0200] "GET /kutat/REVkutatas/3gazdalkodas/index.html HTTP/1.1" 200 88137 "-" "Mozilla/5.0 (Linux; Android 7.0;) AppleWebKit/537.36 (KHTML, like Gecko) Mobile Safari/537.36 (compatible; PetalBot;+https://webmaster.petalsearch.com/site/petalbot)"
31.46.243.164 - - [17/Sep/2021:13:09:46 +0200] "GET /new/magunkrol/tagjaink HTTP/1.1" 200 16672 "-" "Mozilla/5.0 (Linux; Android 10; PPA-LX2) AppleWebKit/537.36 (KHTML, like Gecko) Chrome/91.0.4472.164 Mobile Safari/537.36"
31.46.243.164 - - [17/Sep/2021:13:09:46 +0200] "GET /new/modules/filefield/filefield.css?l HTTP/1.1" 200 1986 "http://www.nosza.hu/new/magunkrol/tagjaink" "Mozilla/5.0 (Linux; Android 10; PPA-LX2) AppleWebKit/537.36 (KHTML, like Gecko) Chrome/91.0.4472.164 Mobile Safari/537.36"
31.46.243.164 - - [17/Sep/2021:13:09:46 +0200] "GET /new/modules/user/user.css?l HTTP/1.1" 200 1127 "http://www.nosza.hu/new/magunkrol/tagjaink" "Mozilla/5.0 (Linux; Android 10; PPA-LX2) AppleWebKit/537.36 (KHTML, like Gecko) Chrome/91.0.4472.164 Mobile Safari/537.36"
31.46.243.164 - - [17/Sep/2021:13:09:46 +0200] "GET /new/modules/system/defaults.css?l HTTP/1.1" 200 757 "http://www.nosza.hu/new/magunkrol/tagjaink" "Mozilla/5.0 (Linux; Android 10; PPA-LX2) AppleWebKit/537.36 (KHTML, like Gecko) Chrome/91.0.4472.164 Mobile Safari/537.36"
31.46.243.164 - - [17/Sep/2021:13:09:46 +0200] "GET /new/modules/system/system.css?l HTTP/1.1" 200 10020 "http://www.nosza.hu/new/magunkrol/tagjaink" "Mozilla/5.0 (Linux; Android 10; PPA-LX2) AppleWebKit/537.36 (KHTML, like Gecko) Chrome/91.0.4472.164 Mobile Safari/537.36"
31.46.243.164 - - [17/Sep/2021:13:09:46 +0200] "GET /new/modules/node/node.css?l HTTP/1.1" 200 740 "http://www.nosza.hu/new/magunkrol/tagjaink" "Mozilla/5.0 (Linux; Android 10; PPA-LX2) AppleWebKit/537.36 (KHTML, like Gecko) Chrome/91.0.4472.164 Mobile Safari/537.36"
31.46.243.164 - - [17/Sep/2021:13:09:46 +0200] "GET /new/modules/system/system-menus.css?l HTTP/1.1" 200 935 "http://www.nosza.hu/new/magunkrol/tagjaink" "Mozilla/5.0 (Linux; Android 10; PPA-LX2) AppleWebKit/537.36 (KHTML, like Gecko) Chrome/91.0.4472.164 Mobile Safari/537.36"
31.46.243.164 - - [17/Sep/2021:13:09:46 +0200] "GET /new/sites/default/themes/nosza/css/menu_style.css HTTP/1.1" 200 4749 "http://www.nosza.hu/new/magunkrol/tagjaink" "Mozilla/5.0 (Linux; Android 10; PPA-LX2) AppleWebKit/537.36 (KHTML, like Gecko) Chrome/91.0.4472.164 Mobile Safari/537.36"
31.46.243.164 - - [17/Sep/2021:13:09:46 +0200] "GET /new/sites/default/themes/nosza/css/nosza.css?l HTTP/1.1" 200 10555 "http://www.nosza.hu/new/magunkrol/tagjaink" "Mozilla/5.0 (Linux; Android 10; PPA-LX2) AppleWebKit/537.36 (KHTML, like Gecko) Chrome/91.0.4472.164 Mobile Safari/537.36"
31.46.243.164 - - [17/Sep/2021:13:09:47 +0200] "GET /new/sites/all/modules/cck/modules/fieldgroup/fieldgroup.css?l HTTP/1.1" 200 166 "http://www.nosza.hu/new/magunkrol/tagjaink" "Mozilla/5.0 (Linux; Android 10; PPA-LX2) AppleWebKit/537.36 (KHTML, like Gecko) Chrome/91.0.4472.164 Mobile Safari/537.36"
31.46.243.164 - - [17/Sep/2021:13:09:47 +0200] "GET /new/sites/all/modules/cck/theme/content-module.css?l HTTP/1.1" 200 2397 "http://www.nosza.hu/new/magunkrol/tagjaink" "Mozilla/5.0 (Linux; Android 10; PPA-LX2) AppleWebKit/537.36 (KHTML, like Gecko) Chrome/91.0.4472.164 Mobile Safari/537.36"
31.46.243.164 - - [17/Sep/2021:13:09:47 +0200] "GET /new/sites/default/themes/nosza/scripts/search.js HTTP/1.1" 200 466 "http://www.nosza.hu/new/magunkrol/tagjaink" "Mozilla/5.0 (Linux; Android 10; PPA-LX2) AppleWebKit/537.36 (KHTML, like Gecko) Chrome/91.0.4472.164 Mobile Safari/537.36"
31.46.243.164 - - [17/Sep/2021:13:09:47 +0200] "GET /new/sites/default/themes/nosza/print.css?l HTTP/1.1" 200 1247 "http://www.nosza.hu/new/magunkrol/tagjaink" "Mozilla/5.0 (Linux; Android 10; PPA-LX2) AppleWebKit/537.36 (KHTML, like Gecko) Chrome/91.0.4472.164 Mobile Safari/537.36"
31.46.243.164 - - [17/Sep/2021:13:09:47 +0200] "GET /new/sites/default/themes/nosza/images/headerBgMagunkrol.jpg HTTP/1.1" 200 22932 "http://www.nosza.hu/new/sites/default/themes/nosza/css/nosza.css?l" "Mozilla/5.0 (Linux; Android 10; PPA-LX2) AppleWebKit/537.36 (KHTML, like Gecko) Chrome/91.0.4472.164 Mobile Safari/537.36"
31.46.243.164 - - [17/Sep/2021:13:09:47 +0200] "GET /new/sites/default/themes/nosza/images/searchBg.png HTTP/1.1" 200 1443 "http://www.nosza.hu/new/sites/default/themes/nosza/css/nosza.css?l" "Mozilla/5.0 (Linux; Android 10; PPA-LX2) AppleWebKit/537.36 (KHTML, like Gecko) Chrome/91.0.4472.164 Mobile Safari/537.36"
31.46.243.164 - - [17/Sep/2021:13:09:47 +0200] "GET /new/sites/default/themes/nosza/images/feelingBgMagunkrol.jpg HTTP/1.1" 200 42475 "http://www.nosza.hu/new/sites/default/themes/nosza/css/nosza.css?l" "Mozilla/5.0 (Linux; Android 10; PPA-LX2) AppleWebKit/537.36 (KHTML, like Gecko) Chrome/91.0.4472.164 Mobile Safari/537.36"
31.46.243.164 - - [17/Sep/2021:13:09:47 +0200] "GET /new/sites/default/themes/nosza/images/egyIcon.jpg HTTP/1.1" 200 860 "http://www.nosza.hu/new/sites/default/themes/nosza/css/menu_style.css" "Mozilla/5.0 (Linux; Android 10; PPA-LX2) AppleWebKit/537.36 (KHTML, like Gecko) Chrome/91.0.4472.164 Mobile Safari/537.36"
31.46.243.164 - - [17/Sep/2021:13:09:47 +0200] "GET /new/sites/default/themes/nosza/images/haromIcon.jpg HTTP/1.1" 200 764 "http://www.nosza.hu/new/sites/default/themes/nosza/css/menu_style.css" "Mozilla/5.0 (Linux; Android 10; PPA-LX2) AppleWebKit/537.36 (KHTML, like Gecko) Chrome/91.0.4472.164 Mobile Safari/537.36"
31.46.243.164 - - [17/Sep/2021:13:09:47 +0200] "GET /new/sites/default/themes/nosza/images/kettoIcon.jpg HTTP/1.1" 200 1039 "http://www.nosza.hu/new/sites/default/themes/nosza/css/menu_style.css" "Mozilla/5.0 (Linux; Android 10; PPA-LX2) AppleWebKit/537.36 (KHTML, like Gecko) Chrome/91.0.4472.164 Mobile Safari/537.36"
31.46.243.164 - - [17/Sep/2021:13:09:47 +0200] "GET /new/sites/default/themes/nosza/images/hatIcon.jpg HTTP/1.1" 200 838 "http://www.nosza.hu/new/sites/default/themes/nosza/css/menu_style.css" "Mozilla/5.0 (Linux; Android 10; PPA-LX2) AppleWebKit/537.36 (KHTML, like Gecko) Chrome/91.0.4472.164 Mobile Safari/537.36"
31.46.243.164 - - [17/Sep/2021:13:09:47 +0200] "GET /new/sites/default/themes/nosza/images/otIcon.jpg HTTP/1.1" 200 689 "http://www.nosza.hu/new/sites/default/themes/nosza/css/menu_style.css" "Mozilla/5.0 (Linux; Android 10; PPA-LX2) AppleWebKit/537.36 (KHTML, like Gecko) Chrome/91.0.4472.164 Mobile Safari/537.36"
31.46.243.164 - - [17/Sep/2021:13:09:47 +0200] "GET /new/sites/default/themes/nosza/images/negyIcon.jpg HTTP/1.1" 200 908 "http://www.nosza.hu/new/sites/default/themes/nosza/css/menu_style.css" "Mozilla/5.0 (Linux; Android 10; PPA-LX2) AppleWebKit/537.36 (KHTML, like Gecko) Chrome/91.0.4472.164 Mobile Safari/537.36"
31.46.243.164 - - [17/Sep/2021:13:09:47 +0200] "GET /new/sites/default/themes/nosza/images/breadNyil.jpg HTTP/1.1" 200 312 "http://www.nosza.hu/new/sites/default/themes/nosza/css/nosza.css?l" "Mozilla/5.0 (Linux; Android 10; PPA-LX2) AppleWebKit/537.36 (KHTML, like Gecko) Chrome/91.0.4472.164 Mobile Safari/537.36"
31.46.243.164 - - [17/Sep/2021:13:09:47 +0200] "GET /new/sites/default/files/fulop.jpg HTTP/1.1" 200 2514 "http://www.nosza.hu/new/magunkrol/tagjaink" "Mozilla/5.0 (Linux; Android 10; PPA-LX2) AppleWebKit/537.36 (KHTML, like Gecko) Chrome/91.0.4472.164 Mobile Safari/537.36"
31.46.243.164 - - [17/Sep/2021:13:09:47 +0200] "GET /new/sites/default/files/gargya_marietta.jpg HTTP/1.1" 200 2900 "http://www.nosza.hu/new/magunkrol/tagjaink" "Mozilla/5.0 (Linux; Android 10; PPA-LX2) AppleWebKit/537.36 (KHTML, like Gecko) Chrome/91.0.4472.164 Mobile Safari/537.36"
31.46.243.164 - - [17/Sep/2021:13:09:47 +0200] "GET /new/sites/default/files/kisscsaba.jpg HTTP/1.1" 200 2409 "http://www.nosza.hu/new/magunkrol/tagjaink" "Mozilla/5.0 (Linux; Android 10; PPA-LX2) AppleWebKit/537.36 (KHTML, like Gecko) Chrome/91.0.4472.164 Mobile Safari/537.36"
31.46.243.164 - - [17/Sep/2021:13:09:47 +0200] "GET /new/sites/default/files/markus.jpg HTTP/1.1" 200 2866 "http://www.nosza.hu/new/magunkrol/tagjaink" "Mozilla/5.0 (Linux; Android 10; PPA-LX2) AppleWebKit/537.36 (KHTML, like Gecko) Chrome/91.0.4472.164 Mobile Safari/537.36"
31.46.243.164 - - [17/Sep/2021:13:09:47 +0200] "GET /favicon.ico HTTP/1.1" 404 1181 "http://www.nosza.hu/new/magunkrol/tagjaink" "Mozilla/5.0 (Linux; Android 10; PPA-LX2) AppleWebKit/537.36 (KHTML, like Gecko) Chrome/91.0.4472.164 Mobile Safari/537.36"
114.119.142.14 - - [17/Sep/2021:13:14:31 +0200] "GET /konferenciak/041memo/index.html HTTP/1.1" 200 34889 "-" "Mozilla/5.0 (Linux; Android 7.0;) AppleWebKit/537.36 (KHTML, like Gecko) Mobile Safari/537.36 (compatible; PetalBot;+https://webmaster.petalsearch.com/site/petalbot)"
114.119.142.14 - - [17/Sep/2021:13:20:57 +0200] "GET /new/node/94 HTTP/1.1" 200 7893 "-" "Mozilla/5.0 (Linux; Android 7.0;) AppleWebKit/537.36 (KHTML, like Gecko) Mobile Safari/537.36 (compatible; PetalBot;+https://webmaster.petalsearch.com/site/petalbot)"
114.119.142.181 - - [17/Sep/2021:13:27:10 +0200] "GET /new/sites/default/files/NOSZA%20K%C3%B6zhaszn%C3%BA%20Jelent%C3%A9s%202008.pdf HTTP/1.1" 200 105443 "-" "Mozilla/5.0 (Linux; Android 7.0;) AppleWebKit/537.36 (KHTML, like Gecko) Mobile Safari/537.36 (compatible; PetalBot;+https://webmaster.petalsearch.com/site/petalbot)"
124.206.180.139 - - [17/Sep/2021:13:27:46 +0200] "GET /favicon.ico HTTP/1.1" 404 1181 "-" "Mozilla/5.0 (Windows NT 10.0; Win64; x64) AppleWebKit/537.36 (KHTML, like Gecko) Chrome/93.0.4577.63 Safari/537.36"
114.119.142.181 - - [17/Sep/2021:13:34:21 +0200] "GET /new/hirek/felh%C3%ADv%C3%A1s-v%C3%A9lem%C3%A9nyez%C3%A9sre HTTP/1.1" 200 10088 "-" "Mozilla/5.0 (Linux; Android 7.0;) AppleWebKit/537.36 (KHTML, like Gecko) Mobile Safari/537.36 (compatible; PetalBot;+https://webmaster.petalsearch.com/site/petalbot)"
207.46.13.129 - - [17/Sep/2021:13:37:21 +0200] "GET / HTTP/1.1" 200 1010 "-" "Mozilla/5.0 (compatible; bingbot/2.0; +http://www.bing.com/bingbot.htm)"
114.119.142.156 - - [17/Sep/2021:13:42:19 +0200] "GET /aktualis/NCA/index.html HTTP/1.1" 200 50805 "-" "Mozilla/5.0 (Linux; Android 7.0;) AppleWebKit/537.36 (KHTML, like Gecko) Mobile Safari/537.36 (compatible; PetalBot;+https://webmaster.petalsearch.com/site/petalbot)"
54.36.148.227 - - [17/Sep/2021:13:47:15 +0200] "GET /halozatok/kerekasztal/memo5/index.html HTTP/1.1" 200 11742 "-" "Mozilla/5.0 (compatible; AhrefsBot/7.0; +http://ahrefs.com/robot/)"
114.119.142.14 - - [17/Sep/2021:13:50:04 +0200] "GET /new/hirek/2016?page=1 HTTP/1.1" 200 14140 "-" "Mozilla/5.0 (Linux; Android 7.0;) AppleWebKit/537.36 (KHTML, like Gecko) Mobile Safari/537.36 (compatible; PetalBot;+https://webmaster.petalsearch.com/site/petalbot)"
212.237.53.115 - - [17/Sep/2021:13:51:09 +0200] "HEAD / HTTP/1.1" 200 0 "-" "Alert_Alligator_webmonitoring_service_1.6.3_(alertalligator.com)"
114.119.142.188 - - [17/Sep/2021:14:04:53 +0200] "GET /new/en/dossiers HTTP/1.1" 200 7967 "-" "Mozilla/5.0 (Linux; Android 7.0;) AppleWebKit/537.36 (KHTML, like Gecko) Mobile Safari/537.36 (compatible; PetalBot;+https://webmaster.petalsearch.com/site/petalbot)"
114.119.142.15 - - [17/Sep/2021:14:11:14 +0200] "GET / HTTP/1.1" 200 1010 "-" "Mozilla/5.0 (Linux; Android 7.0;) AppleWebKit/537.36 (KHTML, like Gecko) Mobile Safari/537.36 (compatible; PetalBot;+https://webmaster.petalsearch.com/site/petalbot)"
66.249.70.2 - - [17/Sep/2021:14:14:32 +0200] "GET /new/magunkrol/tagjaink HTTP/1.1" 200 16672 "-" "Mozilla/5.0 (Linux; Android 6.0.1; Nexus 5X Build/MMB29P) AppleWebKit/537.36 (KHTML, like Gecko) Chrome/93.0.4577.83 Mobile Safari/537.36 (compatible; Googlebot/2.1; +http://www.google.com/bot.html)"
66.249.70.31 - - [17/Sep/2021:14:14:38 +0200] "GET /new/modules/node/node.css?l HTTP/1.1" 200 740 "http://www.nosza.hu/new/magunkrol/tagjaink" "Mozilla/5.0 (Linux; Android 6.0.1; Nexus 5X Build/MMB29P) AppleWebKit/537.36 (KHTML, like Gecko) Chrome/93.0.4577.83 Mobile Safari/537.36 (compatible; Googlebot/2.1; +http://www.google.com/bot.html)"
114.119.142.181 - - [17/Sep/2021:14:18:28 +0200] "GET /new/en/contact_us HTTP/1.1" 200 7267 "-" "Mozilla/5.0 (Linux; Android 7.0;) AppleWebKit/537.36 (KHTML, like Gecko) Mobile Safari/537.36 (compatible; PetalBot;+https://webmaster.petalsearch.com/site/petalbot)"
54.36.148.38 - - [17/Sep/2021:14:23:41 +0200] "GET /halozatok/kerekasztal/memo3/index.html HTTP/1.1" 200 8909 "-" "Mozilla/5.0 (compatible; AhrefsBot/7.0; +http://ahrefs.com/robot/)"
114.119.142.181 - - [17/Sep/2021:14:37:26 +0200] "GET /3kutat/REVkutatas/1gazdasag/index.html HTTP/1.1" 200 89168 "-" "Mozilla/5.0 (Linux; Android 7.0;) AppleWebKit/537.36 (KHTML, like Gecko) Mobile Safari/537.36 (compatible; PetalBot;+https://webmaster.petalsearch.com/site/petalbot)"
66.249.70.31 - - [17/Sep/2021:14:49:29 +0200] "GET /robots.txt HTTP/1.1" 404 1181 "-" "Mozilla/5.0 (compatible; Googlebot/2.1; +http://www.google.com/bot.html)"
66.249.70.31 - - [17/Sep/2021:14:49:29 +0200] "GET /new/sites/default/files/nilda_bullain.jpg HTTP/1.1" 304 - "-" "Googlebot-Image/1.0"
49.12.13.109 - - [17/Sep/2021:14:50:55 +0200] "HEAD / HTTP/1.1" 200 0 "-" "Alert_Alligator_webmonitoring_service_1.6.3_(alertalligator.com)"
54.36.148.83 - - [17/Sep/2021:15:00:37 +0200] "GET /halozatok/kerekasztal/memo2/index.html HTTP/1.1" 200 12822 "-" "Mozilla/5.0 (compatible; AhrefsBot/7.0; +http://ahrefs.com/robot/)"
114.119.142.173 - - [17/Sep/2021:15:08:54 +0200] "GET /halozatok/JMCS/mukodes/index.html HTTP/1.1" 200 10352 "-" "Mozilla/5.0 (Linux; Android 7.0;) AppleWebKit/537.36 (KHTML, like Gecko) Mobile Safari/537.36 (compatible; PetalBot;+https://webmaster.petalsearch.com/site/petalbot)"
66.249.70.29 - - [17/Sep/2021:15:10:43 +0200] "GET /kutat/REVkutatas/5PR/ HTTP/1.1" 304 - "-" "Mozilla/5.0 (Linux; Android 6.0.1; Nexus 5X Build/MMB29P) AppleWebKit/537.36 (KHTML, like Gecko) Chrome/93.0.4577.83 Mobile Safari/537.36 (compatible; Googlebot/2.1; +http://www.google.com/bot.html)"
157.55.39.9 - - [17/Sep/2021:15:21:52 +0200] "GET /aktualis/012autopalya/index.html HTTP/1.1" 200 7450 "-" "Mozilla/5.0 (compatible; bingbot/2.0; +http://www.bing.com/bingbot.htm)"
66.249.70.31 - - [17/Sep/2021:15:48:14 +0200] "GET /kutat/REVkutatas/1gazdasag/ HTTP/1.1" 304 - "-" "Mozilla/5.0 (Linux; Android 6.0.1; Nexus 5X Build/MMB29P) AppleWebKit/537.36 (KHTML, like Gecko) Chrome/93.0.4577.83 Mobile Safari/537.36 (compatible; Googlebot/2.1; +http://www.google.com/bot.html)"
49.12.13.109 - - [17/Sep/2021:15:50:13 +0200] "HEAD / HTTP/1.1" 200 0 "-" "Alert_Alligator_webmonitoring_service_1.6.3_(alertalligator.com)"
114.119.142.179 - - [17/Sep/2021:15:52:35 +0200] "GET /new/publikaciok HTTP/1.1" 200 11778 "-" "Mozilla/5.0 (Linux; Android 7.0;) AppleWebKit/537.36 (KHTML, like Gecko) Mobile Safari/537.36 (compatible; PetalBot;+https://webmaster.petalsearch.com/site/petalbot)"
66.249.70.2 - - [17/Sep/2021:15:54:59 +0200] "GET /muhely/index.html HTTP/1.1" 200 12830 "-" "Mozilla/5.0 (Linux; Android 6.0.1; Nexus 5X Build/MMB29P) AppleWebKit/537.36 (KHTML, like Gecko) Chrome/93.0.4577.82 Mobile Safari/537.36 (compatible; Googlebot/2.1; +http://www.google.com/bot.html)"
42.192.94.91 - - [17/Sep/2021:16:01:16 +0200] "GET / HTTP/1.1" 200 1010 "-" "Mozilla/5.0 (Windows NT 6.1; WOW64) AppleWebKit/537.36 (KHTML, like Gecko) Chrome/31.0.1650.63 Safari/537.36"
185.191.171.26 - - [17/Sep/2021:16:33:41 +0200] "GET /robots.txt HTTP/1.1" 404 1181 "-" "Mozilla/5.0 (compatible; SemrushBot/7~bl; +http://www.semrush.com/bot.html)"
185.191.171.21 - - [17/Sep/2021:16:33:41 +0200] "GET / HTTP/1.1" 200 1010 "-" "Mozilla/5.0 (compatible; SemrushBot/7~bl; +http://www.semrush.com/bot.html)"
185.191.171.36 - - [17/Sep/2021:16:40:23 +0200] "GET /halozatok/JMCS/memo/index.html HTTP/1.1" 200 15271 "-" "Mozilla/5.0 (compatible; SemrushBot/7~bl; +http://www.semrush.com/bot.html)"
159.69.145.50 - - [17/Sep/2021:16:49:15 +0200] "HEAD / HTTP/1.1" 200 0 "-" "Alert_Alligator_webmonitoring_service_1.6.3_(alertalligator.com)"
66.249.66.153 - - [17/Sep/2021:16:53:53 +0200] "GET /szervezet/index.html HTTP/1.1" 304 - "-" "Mozilla/5.0 (Linux; Android 6.0.1; Nexus 5X Build/MMB29P) AppleWebKit/537.36 (KHTML, like Gecko) Chrome/93.0.4577.83 Mobile Safari/537.36 (compatible; Googlebot/2.1; +http://www.google.com/bot.html)"
114.119.142.181 - - [17/Sep/2021:16:55:06 +0200] "GET /new/hirek/2014?page=1 HTTP/1.1" 200 14140 "-" "Mozilla/5.0 (Linux; Android 7.0;) AppleWebKit/537.36 (KHTML, like Gecko) Mobile Safari/537.36 (compatible; PetalBot;+https://webmaster.petalsearch.com/site/petalbot)"
114.119.142.156 - - [17/Sep/2021:17:05:59 +0200] "GET /new/sites/default/files/NOSZA%20K%C3%B6zhaszn%C3%BA%20Jelent%C3%A9s%202014.pdf HTTP/1.1" 200 1561935 "-" "Mozilla/5.0 (Linux; Android 7.0;) AppleWebKit/537.36 (KHTML, like Gecko) Mobile Safari/537.36 (compatible; PetalBot;+https://webmaster.petalsearch.com/site/petalbot)"
185.191.171.37 - - [17/Sep/2021:17:17:41 +0200] "GET /new/node/94 HTTP/1.1" 200 7893 "-" "Mozilla/5.0 (compatible; SemrushBot/7~bl; +http://www.semrush.com/bot.html)"
34.77.162.24 - - [17/Sep/2021:17:32:40 +0200] "GET / HTTP/1.1" 200 1010 "-" "Expanse indexes the network perimeters of our customers. If you have any questions or concerns, please reach out to: scaninfo@expanseinc.com"
66.249.66.151 - - [17/Sep/2021:17:39:55 +0200] "GET /new/publikaciok HTTP/1.1" 200 11778 "-" "Mozilla/5.0 (Linux; Android 6.0.1; Nexus 5X Build/MMB29P) AppleWebKit/537.36 (KHTML, like Gecko) Chrome/93.0.4577.82 Mobile Safari/537.36 (compatible; Googlebot/2.1; +http://www.google.com/bot.html)"
66.249.66.151 - - [17/Sep/2021:17:40:06 +0200] "GET /new/sites/default/themes/nosza/scripts/search.js HTTP/1.1" 200 466 "http://www.nosza.hu/new/publikaciok" "Mozilla/5.0 (Linux; Android 6.0.1; Nexus 5X Build/MMB29P) AppleWebKit/537.36 (KHTML, like Gecko) Chrome/93.0.4577.83 Mobile Safari/537.36 (compatible; Googlebot/2.1; +http://www.google.com/bot.html)"
114.119.142.179 - - [17/Sep/2021:17:44:09 +0200] "GET /new/node/59 HTTP/1.1" 200 8347 "-" "Mozilla/5.0 (Linux; Android 7.0;) AppleWebKit/537.36 (KHTML, like Gecko) Mobile Safari/537.36 (compatible; PetalBot;+https://webmaster.petalsearch.com/site/petalbot)"
159.69.145.50 - - [17/Sep/2021:17:48:20 +0200] "HEAD / HTTP/1.1" 200 0 "-" "Alert_Alligator_webmonitoring_service_1.6.3_(alertalligator.com)"
54.36.148.160 - - [17/Sep/2021:18:05:56 +0200] "GET /robots.txt HTTP/1.1" 404 1181 "-" "Mozilla/5.0 (compatible; AhrefsBot/7.0; +http://ahrefs.com/robot/)"
54.36.148.150 - - [17/Sep/2021:18:05:57 +0200] "GET /new/en/news/henceforth-nosza-association-proud-member-freedom-information-advocates-network-foianet HTTP/1.1" 200 8544 "-" "Mozilla/5.0 (compatible; AhrefsBot/7.0; +http://ahrefs.com/robot/)"
114.119.142.181 - - [17/Sep/2021:18:18:26 +0200] "GET /foldes.dbk.pdf HTTP/1.1" 200 160016 "-" "Mozilla/5.0 (Linux; Android 7.0;) AppleWebKit/537.36 (KHTML, like Gecko) Mobile Safari/537.36 (compatible; PetalBot;+https://webmaster.petalsearch.com/site/petalbot)"
114.119.142.173 - - [17/Sep/2021:18:26:53 +0200] "GET /halozatok/JMCS/memo/04/index.html HTTP/1.1" 200 15900 "-" "Mozilla/5.0 (Linux; Android 7.0;) AppleWebKit/537.36 (KHTML, like Gecko) Mobile Safari/537.36 (compatible; PetalBot;+https://webmaster.petalsearch.com/site/petalbot)"
114.119.142.179 - - [17/Sep/2021:18:43:14 +0200] "GET /konferenciak/regionalis/index.html HTTP/1.1" 200 13298 "-" "Mozilla/5.0 (Linux; Android 7.0;) AppleWebKit/537.36 (KHTML, like Gecko) Mobile Safari/537.36 (compatible; PetalBot;+https://webmaster.petalsearch.com/site/petalbot)"
212.237.53.115 - - [17/Sep/2021:18:47:53 +0200] "HEAD / HTTP/1.1" 200 0 "-" "Alert_Alligator_webmonitoring_service_1.6.3_(alertalligator.com)"
114.119.142.14 - - [17/Sep/2021:18:51:51 +0200] "GET /new/sites/default/files/NOSZA%20K%C3%B6zhaszn%C3%BA%20Jelent%C3%A9s%202014_0.pdf HTTP/1.1" 200 1561935 "-" "Mozilla/5.0 (Linux; Android 7.0;) AppleWebKit/537.36 (KHTML, like Gecko) Mobile Safari/537.36 (compatible; PetalBot;+https://webmaster.petalsearch.com/site/petalbot)"
66.249.66.151 - - [17/Sep/2021:19:00:29 +0200] "GET /kutat/REVkutatas/4projektek/index.html HTTP/1.1" 304 - "-" "Mozilla/5.0 (Linux; Android 6.0.1; Nexus 5X Build/MMB29P) AppleWebKit/537.36 (KHTML, like Gecko) Chrome/93.0.4577.83 Mobile Safari/537.36 (compatible; Googlebot/2.1; +http://www.google.com/bot.html)"
114.119.142.140 - - [17/Sep/2021:19:19:12 +0200] "GET /aktualis/eselyegyenloseg/index.html HTTP/1.1" 200 7557 "-" "Mozilla/5.0 (Linux; Android 7.0;) AppleWebKit/537.36 (KHTML, like Gecko) Mobile Safari/537.36 (compatible; PetalBot;+https://webmaster.petalsearch.com/site/petalbot)"
23.100.232.233 - - [17/Sep/2021:19:22:08 +0200] "GET /galateia.css HTTP/1.1" 200 1717 "http://www.nosza.hu/aktualis/onfoglalkoztatas/index.html" "Mozilla/5.0 (compatible; MSIE 9.0; Windows NT 6.1; Trident/5.0; Trident/5.0)"
23.100.232.233 - - [17/Sep/2021:19:22:09 +0200] "GET /aktualis/onfoglalkoztatas/index.html HTTP/1.1" 200 77025 "-" "Mozilla/5.0 (compatible; MSIE 9.0; Windows NT 6.1; Trident/5.0; Trident/5.0)"
66.249.66.222 - - [17/Sep/2021:19:22:41 +0200] "GET / HTTP/1.1" 200 1010 "-" "Mozilla/5.0 (compatible; Googlebot/2.1; +http://www.google.com/bot.html)"
66.249.66.153 - - [17/Sep/2021:19:22:49 +0200] "GET /new/ HTTP/1.1" 200 10256 "http://nosza.hu/" "Mozilla/5.0 AppleWebKit/537.36 (KHTML, like Gecko; compatible; Googlebot/2.1; +http://www.google.com/bot.html) Chrome/93.0.4577.83 Safari/537.36"
66.249.66.149 - - [17/Sep/2021:19:22:50 +0200] "GET /new/sites/default/themes/nosza/css/menu_style.css HTTP/1.1" 200 4749 "http://www.nosza.hu/new/" "Mozilla/5.0 AppleWebKit/537.36 (KHTML, like Gecko; compatible; Googlebot/2.1; +http://www.google.com/bot.html) Chrome/93.0.4577.83 Safari/537.36"
114.119.142.179 - - [17/Sep/2021:19:28:11 +0200] "GET /halozatok/JMCS/memo/10/index.html HTTP/1.1" 200 48333 "-" "Mozilla/5.0 (Linux; Android 7.0;) AppleWebKit/537.36 (KHTML, like Gecko) Mobile Safari/537.36 (compatible; PetalBot;+https://webmaster.petalsearch.com/site/petalbot)"
114.119.142.188 - - [17/Sep/2021:19:36:04 +0200] "GET /konferenciak/07egszbbesz/07egszbpr/egszbreg/index.html HTTP/1.1" 200 181901 "-" "Mozilla/5.0 (Linux; Android 7.0;) AppleWebKit/537.36 (KHTML, like Gecko) Mobile Safari/537.36 (compatible; PetalBot;+https://webmaster.petalsearch.com/site/petalbot)"
66.249.66.153 - - [17/Sep/2021:19:42:42 +0200] "GET /new/en/about_us HTTP/1.1" 200 8827 "-" "Mozilla/5.0 (Linux; Android 6.0.1; Nexus 5X Build/MMB29P) AppleWebKit/537.36 (KHTML, like Gecko) Chrome/93.0.4577.83 Mobile Safari/537.36 (compatible; Googlebot/2.1; +http://www.google.com/bot.html)"
159.69.145.50 - - [17/Sep/2021:19:46:57 +0200] "HEAD / HTTP/1.1" 200 0 "-" "Alert_Alligator_webmonitoring_service_1.6.3_(alertalligator.com)"
114.119.142.15 - - [17/Sep/2021:19:48:45 +0200] "GET /3kutat/REVkutatas/5PR/index.html HTTP/1.1" 200 50021 "-" "Mozilla/5.0 (Linux; Android 7.0;) AppleWebKit/537.36 (KHTML, like Gecko) Mobile Safari/537.36 (compatible; PetalBot;+https://webmaster.petalsearch.com/site/petalbot)"
114.119.155.118 - - [17/Sep/2021:19:52:02 +0200] "GET /robots.txt HTTP/1.1" 404 1181 "-" "Mozilla/5.0 (compatible;PetalBot;+https://webmaster.petalsearch.com/site/petalbot)"
114.119.142.14 - - [17/Sep/2021:20:00:44 +0200] "GET /halozatok/JMCS/memo/06/index.html HTTP/1.1" 200 13841 "-" "Mozilla/5.0 (Linux; Android 7.0;) AppleWebKit/537.36 (KHTML, like Gecko) Mobile Safari/537.36 (compatible; PetalBot;+https://webmaster.petalsearch.com/site/petalbot)"
114.119.142.181 - - [17/Sep/2021:20:00:44 +0200] "GET /halozatok/JMCS/memo/06/index.html HTTP/1.1" 200 13841 "-" "Mozilla/5.0 (Linux; Android 7.0;) AppleWebKit/537.36 (KHTML, like Gecko) Mobile Safari/537.36 (compatible; PetalBot;+https://webmaster.petalsearch.com/site/petalbot)"
54.36.149.23 - - [17/Sep/2021:20:12:46 +0200] "GET / HTTP/1.1" 200 1010 "-" "Mozilla/5.0 (compatible; AhrefsBot/7.0; +http://ahrefs.com/robot/)"
114.119.142.14 - - [17/Sep/2021:20:26:09 +0200] "GET /new/publikaciok/hirek HTTP/1.1" 200 8669 "-" "Mozilla/5.0 (Linux; Android 7.0;) AppleWebKit/537.36 (KHTML, like Gecko) Mobile Safari/537.36 (compatible; PetalBot;+https://webmaster.petalsearch.com/site/petalbot)"
114.119.142.156 - - [17/Sep/2021:20:34:01 +0200] "GET /konferenciak/07egszbbesz/07egszbpr/index.html HTTP/1.1" 200 13538 "-" "Mozilla/5.0 (Linux; Android 7.0;) AppleWebKit/537.36 (KHTML, like Gecko) Mobile Safari/537.36 (compatible; PetalBot;+https://webmaster.petalsearch.com/site/petalbot)"
114.119.142.179 - - [17/Sep/2021:20:41:56 +0200] "GET /kutat/REVkutatas/1gazdasag/index.html HTTP/1.1" 200 89032 "-" "Mozilla/5.0 (Linux; Android 7.0;) AppleWebKit/537.36 (KHTML, like Gecko) Mobile Safari/537.36 (compatible; PetalBot;+https://webmaster.petalsearch.com/site/petalbot)"
66.249.66.151 - - [17/Sep/2021:20:43:31 +0200] "GET /new/content/gyakran-ism%C3%A9telt-k%C3%A9rd%C3%A9sek HTTP/1.1" 200 12447 "-" "Mozilla/5.0 (Linux; Android 6.0.1; Nexus 5X Build/MMB29P) AppleWebKit/537.36 (KHTML, like Gecko) Chrome/93.0.4577.82 Mobile Safari/537.36 (compatible; Googlebot/2.1; +http://www.google.com/bot.html)"
66.249.66.151 - - [17/Sep/2021:20:43:54 +0200] "GET /new/modules/system/defaults.css?l HTTP/1.1" 200 757 "http://www.nosza.hu/new/content/gyakran-ism%C3%A9telt-k%C3%A9rd%C3%A9sek" "Mozilla/5.0 (Linux; Android 6.0.1; Nexus 5X Build/MMB29P) AppleWebKit/537.36 (KHTML, like Gecko) Chrome/93.0.4577.83 Mobile Safari/537.36 (compatible; Googlebot/2.1; +http://www.google.com/bot.html)"
49.12.13.109 - - [17/Sep/2021:20:46:05 +0200] "HEAD / HTTP/1.1" 200 0 "-" "Alert_Alligator_webmonitoring_service_1.6.3_(alertalligator.com)"
114.119.142.186 - - [17/Sep/2021:20:49:52 +0200] "GET /konferenciak/07egszbbesz/07egszbpr/egszbreg/index.html HTTP/1.1" 200 181901 "-" "Mozilla/5.0 (Linux; Android 7.0;) AppleWebKit/537.36 (KHTML, like Gecko) Mobile Safari/537.36 (compatible; PetalBot;+https://webmaster.petalsearch.com/site/petalbot)"
185.191.171.34 - - [17/Sep/2021:20:56:32 +0200] "GET /robots.txt HTTP/1.1" 404 1181 "-" "Mozilla/5.0 (compatible; SemrushBot/7~bl; +http://www.semrush.com/bot.html)"
185.191.171.24 - - [17/Sep/2021:20:56:32 +0200] "GET /konferenciak/03konf/index.html HTTP/1.1" 200 13272 "-" "Mozilla/5.0 (compatible; SemrushBot/7~bl; +http://www.semrush.com/bot.html)"
114.119.142.173 - - [17/Sep/2021:20:57:54 +0200] "GET /halozatok/JMCS/memo/01/index.html HTTP/1.1" 200 17697 "-" "Mozilla/5.0 (Linux; Android 7.0;) AppleWebKit/537.36 (KHTML, like Gecko) Mobile Safari/537.36 (compatible; PetalBot;+https://webmaster.petalsearch.com/site/petalbot)"
114.119.142.14 - - [17/Sep/2021:21:05:35 +0200] "GET /new/hirek/civil-szervezeteket-%C3%A9rint%C5%91-legfontosabb-jogszab%C3%A1lyv%C3%A1ltoz%C3%A1sok-2017-ben HTTP/1.1" 200 13994 "-" "Mozilla/5.0 (Linux; Android 7.0;) AppleWebKit/537.36 (KHTML, like Gecko) Mobile Safari/537.36 (compatible; PetalBot;+https://webmaster.petalsearch.com/site/petalbot)"
157.55.39.175 - - [17/Sep/2021:21:15:15 +0200] "GET /kutat/REVkutatas/3gazdalkodas/index.html HTTP/1.1" 200 88137 "-" "Mozilla/5.0 (compatible; bingbot/2.0; +http://www.bing.com/bingbot.htm)"
114.119.142.14 - - [17/Sep/2021:21:19:35 +0200] "GET /konferenciak/06egszbpr/index.html HTTP/1.1" 200 11679 "-" "Mozilla/5.0 (Linux; Android 7.0;) AppleWebKit/537.36 (KHTML, like Gecko) Mobile Safari/537.36 (compatible; PetalBot;+https://webmaster.petalsearch.com/site/petalbot)"
114.119.142.15 - - [17/Sep/2021:21:27:14 +0200] "GET /aktualis/onfoglalkoztatas/index.html HTTP/1.1" 200 77025 "-" "Mozilla/5.0 (Linux; Android 7.0;) AppleWebKit/537.36 (KHTML, like Gecko) Mobile Safari/537.36 (compatible; PetalBot;+https://webmaster.petalsearch.com/site/petalbot)"
66.249.66.153 - - [17/Sep/2021:21:31:05 +0200] "GET /kutat/REVkutatas/index.html HTTP/1.1" 304 - "-" "Mozilla/5.0 (compatible; Googlebot/2.1; +http://www.google.com/bot.html)"
114.119.142.186 - - [17/Sep/2021:21:34:35 +0200] "GET /new/node/97 HTTP/1.1" 200 8129 "-" "Mozilla/5.0 (Linux; Android 7.0;) AppleWebKit/537.36 (KHTML, like Gecko) Mobile Safari/537.36 (compatible; PetalBot;+https://webmaster.petalsearch.com/site/petalbot)"
114.119.148.4 - - [17/Sep/2021:21:40:21 +0200] "GET /robots.txt HTTP/1.1" 404 1181 "-" "Mozilla/5.0 (compatible;PetalBot;+https://webmaster.petalsearch.com/site/petalbot)"
49.12.13.109 - - [17/Sep/2021:21:45:13 +0200] "HEAD / HTTP/1.1" 200 0 "-" "Alert_Alligator_webmonitoring_service_1.6.3_(alertalligator.com)"
114.119.142.186 - - [17/Sep/2021:21:47:56 +0200] "GET /new/en/news/association-laws-and-operation HTTP/1.1" 200 8093 "-" "Mozilla/5.0 (Linux; Android 7.0;) AppleWebKit/537.36 (KHTML, like Gecko) Mobile Safari/537.36 (compatible; PetalBot;+https://webmaster.petalsearch.com/site/petalbot)"
114.119.142.156 - - [17/Sep/2021:21:55:42 +0200] "GET /halozatok/kerekasztal/index.html HTTP/1.1" 200 13131 "-" "Mozilla/5.0 (Linux; Android 7.0;) AppleWebKit/537.36 (KHTML, like Gecko) Mobile Safari/537.36 (compatible; PetalBot;+https://webmaster.petalsearch.com/site/petalbot)"
114.119.142.181 - - [17/Sep/2021:22:04:17 +0200] "GET /new/hirek/dossziek?page=1 HTTP/1.1" 200 14342 "-" "Mozilla/5.0 (Linux; Android 7.0;) AppleWebKit/537.36 (KHTML, like Gecko) Mobile Safari/537.36 (compatible; PetalBot;+https://webmaster.petalsearch.com/site/petalbot)"
185.191.171.26 - - [17/Sep/2021:22:35:50 +0200] "GET /robots.txt HTTP/1.1" 404 1181 "-" "Mozilla/5.0 (compatible; SemrushBot/7~bl; +http://www.semrush.com/bot.html)"
185.191.171.24 - - [17/Sep/2021:22:35:51 +0200] "GET /aktualis/108autopalya/level/index.html HTTP/1.1" 200 61871 "-" "Mozilla/5.0 (compatible; SemrushBot/7~bl; +http://www.semrush.com/bot.html)"
159.69.145.50 - - [17/Sep/2021:22:44:18 +0200] "HEAD / HTTP/1.1" 200 0 "-" "Alert_Alligator_webmonitoring_service_1.6.3_(alertalligator.com)"
114.119.142.15 - - [17/Sep/2021:23:07:04 +0200] "GET /new/publikaciok/cseh-lengyel-%C3%A9s-magyar-ptk-nonprofit-szervezetekre-vonatkoz%C3%B3-r%C3%A9szeinek-%C3%B6sszehasonl%C3%ADt%C3%A1sa HTTP/1.1" 200 8521 "-" "Mozilla/5.0 (Linux; Android 7.0;) AppleWebKit/537.36 (KHTML, like Gecko) Mobile Safari/537.36 (compatible; PetalBot;+https://webmaster.petalsearch.com/site/petalbot)"
207.46.13.129 - - [17/Sep/2021:23:10:47 +0200] "GET /konferenciak/2resztvevok/index.html HTTP/1.1" 304 - "-" "Mozilla/5.0 (compatible; bingbot/2.0; +http://www.bing.com/bingbot.htm)"
185.191.171.34 - - [17/Sep/2021:23:19:21 +0200] "GET /halozatok/JMCS/mukodes/index.html HTTP/1.1" 200 10352 "-" "Mozilla/5.0 (compatible; SemrushBot/7~bl; +http://www.semrush.com/bot.html)"
54.36.148.186 - - [17/Sep/2021:23:20:42 +0200] "GET /new/hirek/2009 HTTP/1.1" 200 16790 "-" "Mozilla/5.0 (compatible; AhrefsBot/7.0; +http://ahrefs.com/robot/)"
114.119.142.156 - - [17/Sep/2021:23:34:04 +0200] "GET /new/magunkrol/tamogatoink HTTP/1.1" 200 11642 "-" "Mozilla/5.0 (Linux; Android 7.0;) AppleWebKit/537.36 (KHTML, like Gecko) Mobile Safari/537.36 (compatible; PetalBot;+https://webmaster.petalsearch.com/site/petalbot)"
159.69.145.50 - - [17/Sep/2021:23:43:18 +0200] "HEAD / HTTP/1.1" 200 0 "-" "Alert_Alligator_webmonitoring_service_1.6.3_(alertalligator.com)"
114.119.142.14 - - [18/Sep/2021:00:04:04 +0200] "GET /kutat/REVkutatas/2menedzsment/index.html HTTP/1.1" 200 146014 "-" "Mozilla/5.0 (Linux; Android 7.0;) AppleWebKit/537.36 (KHTML, like Gecko) Mobile Safari/537.36 (compatible; PetalBot;+https://webmaster.petalsearch.com/site/petalbot)"
185.191.171.44 - - [18/Sep/2021:00:12:10 +0200] "GET /robots.txt HTTP/1.1" 404 1181 "-" "Mozilla/5.0 (compatible; SemrushBot/7~bl; +http://www.semrush.com/bot.html)"
185.191.171.6 - - [18/Sep/2021:00:12:11 +0200] "GET /new/en/news/henceforth-nosza-association-proud-member-freedom-information-advocates-network-foianet HTTP/1.1" 200 8544 "-" "Mozilla/5.0 (compatible; SemrushBot/7~bl; +http://www.semrush.com/bot.html)"
66.249.66.153 - - [18/Sep/2021:00:15:41 +0200] "GET /kutat/REVkutatas/1gazdasag HTTP/1.1" 301 332 "-" "Mozilla/5.0 (Linux; Android 6.0.1; Nexus 5X Build/MMB29P) AppleWebKit/537.36 (KHTML, like Gecko) Chrome/93.0.4577.83 Mobile Safari/537.36 (compatible; Googlebot/2.1; +http://www.google.com/bot.html)"
66.249.66.153 - - [18/Sep/2021:00:15:42 +0200] "GET /kutat/REVkutatas/1gazdasag/ HTTP/1.1" 200 89032 "-" "Mozilla/5.0 (Linux; Android 6.0.1; Nexus 5X Build/MMB29P) AppleWebKit/537.36 (KHTML, like Gecko) Chrome/93.0.4577.83 Mobile Safari/537.36 (compatible; Googlebot/2.1; +http://www.google.com/bot.html)"
54.36.149.53 - - [18/Sep/2021:00:16:43 +0200] "GET /aktualis/onfoglalkoztatas/index.html HTTP/1.1" 200 77025 "-" "Mozilla/5.0 (compatible; AhrefsBot/7.0; +http://ahrefs.com/robot/)"
114.119.142.173 - - [18/Sep/2021:00:26:20 +0200] "GET /halozatok/JMCS/memo/05/index.html HTTP/1.1" 200 15044 "-" "Mozilla/5.0 (Linux; Android 7.0;) AppleWebKit/537.36 (KHTML, like Gecko) Mobile Safari/537.36 (compatible; PetalBot;+https://webmaster.petalsearch.com/site/petalbot)"
157.55.39.175 - - [18/Sep/2021:00:28:25 +0200] "GET /new/hirek/2018 HTTP/1.1" 200 16790 "-" "Mozilla/5.0 (compatible; bingbot/2.0; +http://www.bing.com/bingbot.htm)"
114.119.142.188 - - [18/Sep/2021:00:33:20 +0200] "GET /halozatok/JMCS/memo/07/index.html HTTP/1.1" 200 16609 "-" "Mozilla/5.0 (Linux; Android 7.0;) AppleWebKit/537.36 (KHTML, like Gecko) Mobile Safari/537.36 (compatible; PetalBot;+https://webmaster.petalsearch.com/site/petalbot)"
114.119.142.181 - - [18/Sep/2021:00:40:25 +0200] "GET /new/en/news/major-legal-developments-affecting-csos-2017-0 HTTP/1.1" 200 8277 "-" "Mozilla/5.0 (Linux; Android 7.0;) AppleWebKit/537.36 (KHTML, like Gecko) Mobile Safari/537.36 (compatible; PetalBot;+https://webmaster.petalsearch.com/site/petalbot)"
49.12.13.109 - - [18/Sep/2021:00:42:27 +0200] "HEAD / HTTP/1.1" 200 0 "-" "Alert_Alligator_webmonitoring_service_1.6.3_(alertalligator.com)"
185.191.171.25 - - [18/Sep/2021:00:48:09 +0200] "GET /robots.txt HTTP/1.1" 404 1181 "-" "Mozilla/5.0 (compatible; SemrushBot/7~bl; +http://www.semrush.com/bot.html)"
185.191.171.23 - - [18/Sep/2021:00:48:10 +0200] "GET /aktualis/NCA/index.html HTTP/1.1" 200 50805 "-" "Mozilla/5.0 (compatible; SemrushBot/7~bl; +http://www.semrush.com/bot.html)"
114.119.142.15 - - [18/Sep/2021:00:56:02 +0200] "GET /new/hirek/2018?page=1 HTTP/1.1" 200 14140 "-" "Mozilla/5.0 (Linux; Android 7.0;) AppleWebKit/537.36 (KHTML, like Gecko) Mobile Safari/537.36 (compatible; PetalBot;+https://webmaster.petalsearch.com/site/petalbot)"
54.36.149.104 - - [18/Sep/2021:01:10:55 +0200] "GET /robots.txt HTTP/1.1" 404 1181 "-" "Mozilla/5.0 (compatible; AhrefsBot/7.0; +http://ahrefs.com/robot/)"
54.36.148.130 - - [18/Sep/2021:01:10:55 +0200] "GET /halozatok/JMCS/memo/06/index.html HTTP/1.1" 200 13841 "-" "Mozilla/5.0 (compatible; AhrefsBot/7.0; +http://ahrefs.com/robot/)"
114.119.142.181 - - [18/Sep/2021:01:20:19 +0200] "GET /aktualis/109kozigazg/nyilatkozat/index.html HTTP/1.1" 200 10379 "-" "Mozilla/5.0 (Linux; Android 7.0;) AppleWebKit/537.36 (KHTML, like Gecko) Mobile Safari/537.36 (compatible; PetalBot;+https://webmaster.petalsearch.com/site/petalbot)"
114.119.142.186 - - [18/Sep/2021:01:27:14 +0200] "GET /konferenciak/06egszb/program/index.html HTTP/1.1" 200 10050 "-" "Mozilla/5.0 (Linux; Android 7.0;) AppleWebKit/537.36 (KHTML, like Gecko) Mobile Safari/537.36 (compatible; PetalBot;+https://webmaster.petalsearch.com/site/petalbot)"
66.249.66.149 - - [18/Sep/2021:01:31:34 +0200] "GET /kutat/REVkutatas/index.html HTTP/1.1" 304 - "-" "Mozilla/5.0 (Linux; Android 6.0.1; Nexus 5X Build/MMB29P) AppleWebKit/537.36 (KHTML, like Gecko) Chrome/93.0.4577.83 Mobile Safari/537.36 (compatible; Googlebot/2.1; +http://www.google.com/bot.html)"
54.36.149.69 - - [18/Sep/2021:01:34:19 +0200] "GET /halozatok/JMCS/memo/04/index.html HTTP/1.1" 200 15900 "-" "Mozilla/5.0 (compatible; AhrefsBot/7.0; +http://ahrefs.com/robot/)"
159.69.145.50 - - [18/Sep/2021:01:41:31 +0200] "HEAD / HTTP/1.1" 200 0 "-" "Alert_Alligator_webmonitoring_service_1.6.3_(alertalligator.com)"
54.36.149.91 - - [18/Sep/2021:01:58:02 +0200] "GET /halozatok/JMCS/memo/07/index.html HTTP/1.1" 200 16609 "-" "Mozilla/5.0 (compatible; AhrefsBot/7.0; +http://ahrefs.com/robot/)"
137.184.141.124 - - [18/Sep/2021:01:58:20 +0200] "GET /robots.txt HTTP/1.1" 404 1181 "-" "-"
137.184.141.124 - - [18/Sep/2021:01:58:28 +0200] "GET / HTTP/1.1" 200 1010 "-" "-"
66.249.66.153 - - [18/Sep/2021:02:01:05 +0200] "GET /new/sites/default/files/Alap%C3%ADtv%C3%A1ny_ujPtk.pdf HTTP/1.1" 200 238379 "-" "Mozilla/5.0 (Linux; Android 6.0.1; Nexus 5X Build/MMB29P) AppleWebKit/537.36 (KHTML, like Gecko) Chrome/93.0.4577.83 Mobile Safari/537.36 (compatible; Googlebot/2.1; +http://www.google.com/bot.html)"
