34.214.173.216 - - [06/Mar/2022:01:26:03 +0100] "GET / HTTP/1.1" 200 1010 "-" "Mozilla/5.0 (X11; Linux x86_64) AppleWebKit/537.36 (KHTML, like Gecko) Chrome/83.0.4103.97 Safari/537.36"
88.99.238.79 - - [06/Mar/2022:01:34:14 +0100] "GET /ads.txt HTTP/1.0" 404 1181 "-" "Mozilla/5.0 (Windows NT 10.0; Win64; x64; rv:86.0) Gecko/20100101 Firefox/86.0"
185.191.171.1 - - [06/Mar/2022:01:38:43 +0100] "GET /robots.txt HTTP/1.1" 404 1181 "-" "Mozilla/5.0 (compatible; SemrushBot/7~bl; +http://www.semrush.com/bot.html)"
185.191.171.44 - - [06/Mar/2022:01:38:43 +0100] "GET /konferenciak/index.html HTTP/1.1" 200 26837 "-" "Mozilla/5.0 (compatible; SemrushBot/7~bl; +http://www.semrush.com/bot.html)"
91.233.21.70 - - [06/Mar/2022:01:45:00 +0100] "GET /.well-known/pki-validation/3F76EDDED541C03EB9D30393E5F412D4.txt HTTP/1.1" 404 1181 "-" "COMODO DCV"
91.233.21.70 - - [06/Mar/2022:01:45:00 +0100] "GET /.well-known/pki-validation/71F59CD9BC2EFAE2B121DFB5047D22EC.txt HTTP/1.1" 404 1181 "-" "COMODO DCV"
95.173.160.160 - - [06/Mar/2022:01:45:41 +0100] "GET /.aws/credentials HTTP/1.1" 404 1181 "-" "Mozilla/5.0 (X11; Linux x86_64) AppleWebKit/537.36 (KHTML, like Gecko) Chrome/81.0.4044.129 Safari/537.36"
17.121.115.72 - - [06/Mar/2022:01:59:38 +0100] "GET /favicon.ico HTTP/1.1" 404 1181 "-" "Mozilla/5.0 (Macintosh; Intel Mac OS X 10_15_5) AppleWebKit/605.1.15 (KHTML, like Gecko) Version/13.1.1 Safari/605.1.15 (Applebot/0.1; +http://www.apple.com/go/applebot)"
65.154.226.100 - - [06/Mar/2022:02:09:03 +0100] "GET /new/publikaciok/dr-f%c3%bcl%c3%b6p-s%c3%a1ndor-egyes%c3%bcletek-b%c3%adr%c3%b3s%c3%a1gi-nyilv%c3%a1ntart%c3%a1sba-v%c3%a9teli-gyakorlata-%c3%b6sszehasonl%c3%adt%c3%b3-e-0/ HTTP/1.1" 200 8881 "-" "Mozilla/5.0 (X11; Linux x86_64) AppleWebKit/537.36 (KHTML, like Gecko) Chrome/80.0.3987.162 Safari/537.36"
185.191.171.37 - - [06/Mar/2022:02:11:48 +0100] "GET /aktualis/011onk/index.html HTTP/1.1" 200 7800 "-" "Mozilla/5.0 (compatible; SemrushBot/7~bl; +http://www.semrush.com/bot.html)"
212.237.51.151 - - [06/Mar/2022:02:23:44 +0100] "HEAD / HTTP/1.1" 200 0 "-" "Alert_Alligator_webmonitoring_service_1.6.4_(alertalligator.com)"
124.217.226.56 - - [06/Mar/2022:02:26:56 +0100] "GET /wp-login.php HTTP/1.1" 404 1181 "-" "Mozilla/5.0 (X11; Ubuntu; Linux x86_64; rv:62.0) Gecko/20100101 Firefox/62.0"
185.191.171.6 - - [06/Mar/2022:02:35:23 +0100] "GET /robots.txt HTTP/1.1" 404 1181 "-" "Mozilla/5.0 (compatible; SemrushBot/7~bl; +http://www.semrush.com/bot.html)"
185.191.171.2 - - [06/Mar/2022:02:35:23 +0100] "GET /halozatok/index.html HTTP/1.1" 200 5818 "-" "Mozilla/5.0 (compatible; SemrushBot/7~bl; +http://www.semrush.com/bot.html)"
207.46.13.197 - - [06/Mar/2022:03:02:29 +0100] "GET /new/ HTTP/1.1" 200 10256 "-" "Mozilla/5.0 (compatible; bingbot/2.0; +http://www.bing.com/bingbot.htm)"
40.77.189.189 - - [06/Mar/2022:03:18:17 +0100] "GET /new/sites/default/themes/nosza/css/nosza.css?l HTTP/1.1" 200 10555 "http://www.nosza.hu/new/" "Mozilla/5.0 (Windows NT 6.1; WOW64) AppleWebKit/534+ (KHTML, like Gecko) BingPreview/1.0b"
5.9.156.121 - - [06/Mar/2022:03:37:02 +0100] "GET /robots.txt HTTP/1.1" 404 1181 "-" "Mozilla/5.0 (compatible; MJ12bot/v1.4.8; http://mj12bot.com/)"
5.9.156.121 - - [06/Mar/2022:03:37:09 +0100] "GET /new/projektek/eloszt%C3%B3-projekt HTTP/1.1" 200 11786 "-" "Mozilla/5.0 (compatible; MJ12bot/v1.4.8; http://mj12bot.com/)"
213.180.203.23 - - [06/Mar/2022:03:43:38 +0100] "GET /robots.txt HTTP/1.1" 404 1181 "-" "Mozilla/5.0 (compatible; YandexBot/3.0; +http://yandex.com/bots)"
213.180.203.23 - - [06/Mar/2022:03:43:42 +0100] "GET /new/en/about_us/activity HTTP/1.1" 200 9036 "-" "Mozilla/5.0 (compatible; YandexBot/3.0; +http://yandex.com/bots)"
123.125.109.102 - - [06/Mar/2022:03:46:24 +0100] "GET / HTTP/1.1" 200 1010 "-" "Sogou web spider/4.0(+http://www.sogou.com/docs/help/webmasters.htm#07)"
143.110.239.240 - - [06/Mar/2022:03:47:30 +0100] "GET / HTTP/1.0" 200 1010 "-" "Mozilla/5.0 (iPad; U; CPU OS 3_2 like Mac OS X; en-us) AppleWebKit/531.21.10 (KHTML, like Gecko) Version/4.0.4 Mobile/7B334b Safari/531.21.102011-10-16 20:23:10"
212.237.23.143 - - [06/Mar/2022:03:57:20 +0100] "HEAD / HTTP/1.1" 200 0 "-" "Alert_Alligator_webmonitoring_service_1.6.4_(alertalligator.com)"
185.191.171.24 - - [06/Mar/2022:04:04:51 +0100] "GET /robots.txt HTTP/1.1" 404 1181 "-" "Mozilla/5.0 (compatible; SemrushBot/7~bl; +http://www.semrush.com/bot.html)"
185.191.171.13 - - [06/Mar/2022:04:04:52 +0100] "GET /konferenciak/2konferencia/2resztvevok/index.html HTTP/1.1" 200 150584 "-" "Mozilla/5.0 (compatible; SemrushBot/7~bl; +http://www.semrush.com/bot.html)"
117.148.130.28 - - [06/Mar/2022:04:18:33 +0100] "GET /new/sites/default/themes/nosza/images/logoElerhetoseg_eng.jpg HTTP/1.1" 200 5548 "-" "Mozilla/5.0 (Windows NT 10.0; WOW64) AppleWebKit/537.36 (KHTML, like Gecko) Chrome/90.0.4430.212 Safari/537.36"
54.36.148.194 - - [06/Mar/2022:04:22:56 +0100] "GET / HTTP/1.1" 200 1010 "-" "Mozilla/5.0 (compatible; AhrefsBot/7.0; +http://ahrefs.com/robot/)"
185.191.171.11 - - [06/Mar/2022:04:47:06 +0100] "GET /new/content/civil-szervezeti-l%C3%A9t-r%C3%A9gi-%C3%A9s-%C3%BAj-kih%C3%ADv%C3%A1sai HTTP/1.1" 200 9213 "-" "Mozilla/5.0 (compatible; SemrushBot/7~bl; +http://www.semrush.com/bot.html)"
17.121.114.41 - - [06/Mar/2022:04:50:54 +0100] "GET /robots.txt HTTP/1.1" 404 1181 "-" "Mozilla/5.0 (Macintosh; Intel Mac OS X 10_15_5) AppleWebKit/605.1.15 (KHTML, like Gecko) Version/13.1.1 Safari/605.1.15 (Applebot/0.1; +http://www.apple.com/go/applebot)"
17.121.114.41 - - [06/Mar/2022:04:50:55 +0100] "GET /new/rss.xml HTTP/1.1" 200 15715 "-" "Mozilla/5.0 (Macintosh; Intel Mac OS X 10_15_5) AppleWebKit/605.1.15 (KHTML, like Gecko) Version/13.1.1 Safari/605.1.15 (Applebot/0.1; +http://www.apple.com/go/applebot)"
54.36.148.194 - - [06/Mar/2022:04:53:18 +0100] "GET / HTTP/1.1" 200 1010 "-" "Mozilla/5.0 (compatible; AhrefsBot/7.0; +http://ahrefs.com/robot/)"
157.55.39.219 - - [06/Mar/2022:05:34:58 +0100] "GET / HTTP/1.1" 200 1010 "-" "Mozilla/5.0 (compatible; bingbot/2.0; +http://www.bing.com/bingbot.htm)"
212.237.53.115 - - [06/Mar/2022:05:36:30 +0100] "HEAD / HTTP/1.1" 200 0 "-" "Alert_Alligator_webmonitoring_service_1.6.4_(alertalligator.com)"
157.55.39.219 - - [06/Mar/2022:05:43:38 +0100] "GET / HTTP/1.1" 200 1010 "-" "Mozilla/5.0 (compatible; bingbot/2.0; +http://www.bing.com/bingbot.htm)"
185.191.171.23 - - [06/Mar/2022:06:37:06 +0100] "GET /robots.txt HTTP/1.1" 404 1181 "-" "Mozilla/5.0 (compatible; SemrushBot/7~bl; +http://www.semrush.com/bot.html)"
185.191.171.7 - - [06/Mar/2022:06:37:12 +0100] "GET /new/en/publications/2008 HTTP/1.1" 200 7768 "-" "Mozilla/5.0 (compatible; SemrushBot/7~bl; +http://www.semrush.com/bot.html)"
212.237.23.143 - - [06/Mar/2022:07:13:40 +0100] "HEAD / HTTP/1.1" 200 0 "-" "Alert_Alligator_webmonitoring_service_1.6.4_(alertalligator.com)"
54.36.148.194 - - [06/Mar/2022:07:31:32 +0100] "GET /partnereink/index.html HTTP/1.1" 200 11929 "-" "Mozilla/5.0 (compatible; AhrefsBot/7.0; +http://ahrefs.com/robot/)"
54.36.148.194 - - [06/Mar/2022:08:03:13 +0100] "GET /angol/EESCconf/index.html HTTP/1.1" 200 12425 "-" "Mozilla/5.0 (compatible; AhrefsBot/7.0; +http://ahrefs.com/robot/)"
54.36.148.194 - - [06/Mar/2022:08:39:17 +0100] "GET /new/magunkrol/tevekenysegunk HTTP/1.1" 200 10275 "-" "Mozilla/5.0 (compatible; AhrefsBot/7.0; +http://ahrefs.com/robot/)"
118.184.177.94 - - [06/Mar/2022:08:42:19 +0100] "GET / HTTP/1.1" 200 1010 "-" "Sogou web spider/4.0(+http://www.sogou.com/docs/help/webmasters.htm#07)"
212.237.23.143 - - [06/Mar/2022:08:42:29 +0100] "HEAD / HTTP/1.1" 200 0 "-" "Alert_Alligator_webmonitoring_service_1.6.4_(alertalligator.com)"
66.249.66.63 - - [06/Mar/2022:09:26:05 +0100] "GET /konferenciak/05emla/index.html HTTP/1.1" 304 - "-" "Mozilla/5.0 (Linux; Android 6.0.1; Nexus 5X Build/MMB29P) AppleWebKit/537.36 (KHTML, like Gecko) Chrome/98.0.4758.102 Mobile Safari/537.36 (compatible; Googlebot/2.1; +http://www.google.com/bot.html)"
54.36.148.194 - - [06/Mar/2022:09:29:03 +0100] "GET /index.html HTTP/1.1" 200 1010 "-" "Mozilla/5.0 (compatible; AhrefsBot/7.0; +http://ahrefs.com/robot/)"
123.138.35.21 - - [06/Mar/2022:09:43:46 +0100] "GET / HTTP/1.1" 200 1010 "-" "Mozilla/5.0 (Windows NT 10.0; Win64; x64) AppleWebKit/537.36 (KHTML, like Gecko) Chrome/88.0.4324.182 Safari/537.36"
123.138.35.21 - - [06/Mar/2022:09:43:50 +0100] "GET /new/ HTTP/1.1" 200 10256 "http://www.nosza.hu/" "Mozilla/5.0 (Windows NT 10.0; Win64; x64) AppleWebKit/537.36 (KHTML, like Gecko) Chrome/88.0.4324.182 Safari/537.36"
123.138.35.21 - - [06/Mar/2022:09:43:50 +0100] "GET /new/modules/filefield/filefield.css?l HTTP/1.1" 200 1986 "http://www.nosza.hu/new/" "Mozilla/5.0 (Windows NT 10.0; Win64; x64) AppleWebKit/537.36 (KHTML, like Gecko) Chrome/88.0.4324.182 Safari/537.36"
123.138.35.21 - - [06/Mar/2022:09:43:50 +0100] "GET /new/modules/node/node.css?l HTTP/1.1" 200 740 "http://www.nosza.hu/new/" "Mozilla/5.0 (Windows NT 10.0; Win64; x64) AppleWebKit/537.36 (KHTML, like Gecko) Chrome/88.0.4324.182 Safari/537.36"
123.138.35.21 - - [06/Mar/2022:09:43:50 +0100] "GET /new/modules/system/defaults.css?l HTTP/1.1" 200 757 "http://www.nosza.hu/new/" "Mozilla/5.0 (Windows NT 10.0; Win64; x64) AppleWebKit/537.36 (KHTML, like Gecko) Chrome/88.0.4324.182 Safari/537.36"
123.138.35.21 - - [06/Mar/2022:09:43:50 +0100] "GET /new/modules/system/system.css?l HTTP/1.1" 200 10020 "http://www.nosza.hu/new/" "Mozilla/5.0 (Windows NT 10.0; Win64; x64) AppleWebKit/537.36 (KHTML, like Gecko) Chrome/88.0.4324.182 Safari/537.36"
123.138.35.21 - - [06/Mar/2022:09:43:50 +0100] "GET /new/modules/system/system-menus.css?l HTTP/1.1" 200 935 "http://www.nosza.hu/new/" "Mozilla/5.0 (Windows NT 10.0; Win64; x64) AppleWebKit/537.36 (KHTML, like Gecko) Chrome/88.0.4324.182 Safari/537.36"
123.138.35.21 - - [06/Mar/2022:09:43:50 +0100] "GET /new/modules/user/user.css?l HTTP/1.1" 200 1127 "http://www.nosza.hu/new/" "Mozilla/5.0 (Windows NT 10.0; Win64; x64) AppleWebKit/537.36 (KHTML, like Gecko) Chrome/88.0.4324.182 Safari/537.36"
123.138.35.21 - - [06/Mar/2022:09:43:50 +0100] "GET /new/sites/all/modules/cck/theme/content-module.css?l HTTP/1.1" 200 2397 "http://www.nosza.hu/new/" "Mozilla/5.0 (Windows NT 10.0; Win64; x64) AppleWebKit/537.36 (KHTML, like Gecko) Chrome/88.0.4324.182 Safari/537.36"
123.138.35.21 - - [06/Mar/2022:09:43:50 +0100] "GET /new/sites/all/modules/cck/modules/fieldgroup/fieldgroup.css?l HTTP/1.1" 200 166 "http://www.nosza.hu/new/" "Mozilla/5.0 (Windows NT 10.0; Win64; x64) AppleWebKit/537.36 (KHTML, like Gecko) Chrome/88.0.4324.182 Safari/537.36"
123.138.35.21 - - [06/Mar/2022:09:43:50 +0100] "GET /new/sites/default/themes/nosza/css/nosza.css?l HTTP/1.1" 200 10555 "http://www.nosza.hu/new/" "Mozilla/5.0 (Windows NT 10.0; Win64; x64) AppleWebKit/537.36 (KHTML, like Gecko) Chrome/88.0.4324.182 Safari/537.36"
123.138.35.21 - - [06/Mar/2022:09:43:50 +0100] "GET /new/sites/default/themes/nosza/css/menu_style.css HTTP/1.1" 200 4749 "http://www.nosza.hu/new/" "Mozilla/5.0 (Windows NT 10.0; Win64; x64) AppleWebKit/537.36 (KHTML, like Gecko) Chrome/88.0.4324.182 Safari/537.36"
123.138.35.21 - - [06/Mar/2022:09:43:51 +0100] "GET /new/sites/default/themes/nosza/scripts/search.js HTTP/1.1" 200 466 "http://www.nosza.hu/new/" "Mozilla/5.0 (Windows NT 10.0; Win64; x64) AppleWebKit/537.36 (KHTML, like Gecko) Chrome/88.0.4324.182 Safari/537.36"
123.138.35.21 - - [06/Mar/2022:09:43:51 +0100] "GET /new/sites/default/themes/nosza/images/logo.jpg HTTP/1.1" 200 5329 "http://www.nosza.hu/new/" "Mozilla/5.0 (Windows NT 10.0; Win64; x64) AppleWebKit/537.36 (KHTML, like Gecko) Chrome/88.0.4324.182 Safari/537.36"
123.138.35.21 - - [06/Mar/2022:09:43:51 +0100] "GET /new/sites/default/themes/nosza/images/rrs.jpg HTTP/1.1" 200 829 "http://www.nosza.hu/new/" "Mozilla/5.0 (Windows NT 10.0; Win64; x64) AppleWebKit/537.36 (KHTML, like Gecko) Chrome/88.0.4324.182 Safari/537.36"
123.138.35.21 - - [06/Mar/2022:09:43:52 +0100] "GET /new/sites/default/themes/nosza/print.css?l HTTP/1.1" 200 1247 "http://www.nosza.hu/new/" "Mozilla/5.0 (Windows NT 10.0; Win64; x64) AppleWebKit/537.36 (KHTML, like Gecko) Chrome/88.0.4324.182 Safari/537.36"
123.138.35.21 - - [06/Mar/2022:09:43:53 +0100] "GET /new/sites/default/themes/nosza/images/searchBg.png HTTP/1.1" 200 1443 "http://www.nosza.hu/new/sites/default/themes/nosza/css/nosza.css?l" "Mozilla/5.0 (Windows NT 10.0; Win64; x64) AppleWebKit/537.36 (KHTML, like Gecko) Chrome/88.0.4324.182 Safari/537.36"
123.138.35.21 - - [06/Mar/2022:09:43:53 +0100] "GET /new/sites/default/themes/nosza/images/feelingBg.jpg HTTP/1.1" 200 25836 "http://www.nosza.hu/new/sites/default/themes/nosza/css/nosza.css?l" "Mozilla/5.0 (Windows NT 10.0; Win64; x64) AppleWebKit/537.36 (KHTML, like Gecko) Chrome/88.0.4324.182 Safari/537.36"
123.138.35.21 - - [06/Mar/2022:09:43:53 +0100] "GET /new/sites/default/themes/nosza/images/magyarBgInactive.png HTTP/1.1" 200 686 "http://www.nosza.hu/new/sites/default/themes/nosza/css/nosza.css?l" "Mozilla/5.0 (Windows NT 10.0; Win64; x64) AppleWebKit/537.36 (KHTML, like Gecko) Chrome/88.0.4324.182 Safari/537.36"
123.138.35.21 - - [06/Mar/2022:09:43:53 +0100] "GET /new/sites/default/themes/nosza/images/englishBgInactive.png HTTP/1.1" 200 823 "http://www.nosza.hu/new/sites/default/themes/nosza/css/nosza.css?l" "Mozilla/5.0 (Windows NT 10.0; Win64; x64) AppleWebKit/537.36 (KHTML, like Gecko) Chrome/88.0.4324.182 Safari/537.36"
123.138.35.21 - - [06/Mar/2022:09:43:53 +0100] "GET /new/sites/default/themes/nosza/images/magyarBgOver.png HTTP/1.1" 200 893 "http://www.nosza.hu/new/sites/default/themes/nosza/css/nosza.css?l" "Mozilla/5.0 (Windows NT 10.0; Win64; x64) AppleWebKit/537.36 (KHTML, like Gecko) Chrome/88.0.4324.182 Safari/537.36"
123.138.35.21 - - [06/Mar/2022:09:43:53 +0100] "GET /new/sites/default/themes/nosza/images/headerBg.jpg HTTP/1.1" 200 11316 "http://www.nosza.hu/new/sites/default/themes/nosza/css/nosza.css?l" "Mozilla/5.0 (Windows NT 10.0; Win64; x64) AppleWebKit/537.36 (KHTML, like Gecko) Chrome/88.0.4324.182 Safari/537.36"
123.138.35.21 - - [06/Mar/2022:09:43:53 +0100] "GET /new/sites/default/themes/nosza/images/footerBg.jpg HTTP/1.1" 200 1097 "http://www.nosza.hu/new/sites/default/themes/nosza/css/nosza.css?l" "Mozilla/5.0 (Windows NT 10.0; Win64; x64) AppleWebKit/537.36 (KHTML, like Gecko) Chrome/88.0.4324.182 Safari/537.36"
123.138.35.21 - - [06/Mar/2022:09:43:53 +0100] "GET /new/sites/default/themes/nosza/images/h3Bg.png HTTP/1.1" 200 323 "http://www.nosza.hu/new/sites/default/themes/nosza/css/nosza.css?l" "Mozilla/5.0 (Windows NT 10.0; Win64; x64) AppleWebKit/537.36 (KHTML, like Gecko) Chrome/88.0.4324.182 Safari/537.36"
123.138.35.21 - - [06/Mar/2022:09:43:53 +0100] "GET /new/sites/default/themes/nosza/images/egyIcon.jpg HTTP/1.1" 200 860 "http://www.nosza.hu/new/sites/default/themes/nosza/css/menu_style.css" "Mozilla/5.0 (Windows NT 10.0; Win64; x64) AppleWebKit/537.36 (KHTML, like Gecko) Chrome/88.0.4324.182 Safari/537.36"
123.138.35.21 - - [06/Mar/2022:09:43:54 +0100] "GET /new/sites/default/themes/nosza/images/publikaciokBg.jpg HTTP/1.1" 200 21084 "http://www.nosza.hu/new/sites/default/themes/nosza/css/nosza.css?l" "Mozilla/5.0 (Windows NT 10.0; Win64; x64) AppleWebKit/537.36 (KHTML, like Gecko) Chrome/88.0.4324.182 Safari/537.36"
123.138.35.21 - - [06/Mar/2022:09:43:54 +0100] "GET /new/sites/default/themes/nosza/images/akualitasBg.jpg HTTP/1.1" 200 26955 "http://www.nosza.hu/new/sites/default/themes/nosza/css/nosza.css?l" "Mozilla/5.0 (Windows NT 10.0; Win64; x64) AppleWebKit/537.36 (KHTML, like Gecko) Chrome/88.0.4324.182 Safari/537.36"
123.138.35.21 - - [06/Mar/2022:09:43:54 +0100] "GET /new/sites/default/themes/nosza/images/dossziekBg.jpg HTTP/1.1" 200 25230 "http://www.nosza.hu/new/sites/default/themes/nosza/css/nosza.css?l" "Mozilla/5.0 (Windows NT 10.0; Win64; x64) AppleWebKit/537.36 (KHTML, like Gecko) Chrome/88.0.4324.182 Safari/537.36"
123.138.35.21 - - [06/Mar/2022:09:43:54 +0100] "GET /new/sites/default/themes/nosza/images/kettoIcon.jpg HTTP/1.1" 200 1039 "http://www.nosza.hu/new/sites/default/themes/nosza/css/menu_style.css" "Mozilla/5.0 (Windows NT 10.0; Win64; x64) AppleWebKit/537.36 (KHTML, like Gecko) Chrome/88.0.4324.182 Safari/537.36"
123.138.35.21 - - [06/Mar/2022:09:43:54 +0100] "GET /new/sites/default/themes/nosza/images/datumBg.png HTTP/1.1" 200 561 "http://www.nosza.hu/new/sites/default/themes/nosza/css/nosza.css?l" "Mozilla/5.0 (Windows NT 10.0; Win64; x64) AppleWebKit/537.36 (KHTML, like Gecko) Chrome/88.0.4324.182 Safari/537.36"
123.138.35.21 - - [06/Mar/2022:09:43:54 +0100] "GET /new/sites/default/themes/nosza/images/hatIcon.jpg HTTP/1.1" 200 838 "http://www.nosza.hu/new/sites/default/themes/nosza/css/menu_style.css" "Mozilla/5.0 (Windows NT 10.0; Win64; x64) AppleWebKit/537.36 (KHTML, like Gecko) Chrome/88.0.4324.182 Safari/537.36"
123.138.35.21 - - [06/Mar/2022:09:43:54 +0100] "GET /new/sites/default/themes/nosza/images/otIcon.jpg HTTP/1.1" 200 689 "http://www.nosza.hu/new/sites/default/themes/nosza/css/menu_style.css" "Mozilla/5.0 (Windows NT 10.0; Win64; x64) AppleWebKit/537.36 (KHTML, like Gecko) Chrome/88.0.4324.182 Safari/537.36"
123.138.35.21 - - [06/Mar/2022:09:43:55 +0100] "GET /new/sites/default/themes/nosza/images/haromIcon.jpg HTTP/1.1" 200 764 "http://www.nosza.hu/new/sites/default/themes/nosza/css/menu_style.css" "Mozilla/5.0 (Windows NT 10.0; Win64; x64) AppleWebKit/537.36 (KHTML, like Gecko) Chrome/88.0.4324.182 Safari/537.36"
123.138.35.21 - - [06/Mar/2022:09:43:55 +0100] "GET /new/sites/default/themes/nosza/images/negyIcon.jpg HTTP/1.1" 200 908 "http://www.nosza.hu/new/sites/default/themes/nosza/css/menu_style.css" "Mozilla/5.0 (Windows NT 10.0; Win64; x64) AppleWebKit/537.36 (KHTML, like Gecko) Chrome/88.0.4324.182 Safari/537.36"
123.138.35.21 - - [06/Mar/2022:09:44:03 +0100] "GET /favicon.ico HTTP/1.1" 404 1181 "http://www.nosza.hu/new/" "Mozilla/5.0 (Windows NT 10.0; Win64; x64) AppleWebKit/537.36 (KHTML, like Gecko) Chrome/88.0.4324.182 Safari/537.36"
111.175.56.87 - - [06/Mar/2022:09:55:24 +0100] "GET / HTTP/1.1" 200 1010 "-" "Mozilla/5.0 (iPhone; CPU iPhone OS 9_1 like Mac OS X) AppleWebKit/601.1.46 (KHTML, like Gecko) Version/9.0 Mobile/13B143 Safari/601.1"
49.12.13.109 - - [06/Mar/2022:09:56:15 +0100] "HEAD / HTTP/1.1" 200 0 "-" "Alert_Alligator_webmonitoring_service_1.6.3_(alertalligator.com)"
66.249.66.33 - - [06/Mar/2022:10:29:01 +0100] "GET /robots.txt HTTP/1.1" 404 1181 "-" "Mozilla/5.0 (compatible; Googlebot/2.1; +http://www.google.com/bot.html)"
66.249.66.61 - - [06/Mar/2022:10:29:05 +0100] "GET /new/en/about_us/supporters HTTP/1.1" 200 11066 "-" "Mozilla/5.0 (Linux; Android 6.0.1; Nexus 5X Build/MMB29P) AppleWebKit/537.36 (KHTML, like Gecko) Chrome/98.0.4758.102 Mobile Safari/537.36 (compatible; Googlebot/2.1; +http://www.google.com/bot.html)"
51.222.253.20 - - [06/Mar/2022:10:49:26 +0100] "GET /robots.txt HTTP/1.1" 404 1181 "-" "Mozilla/5.0 (compatible; AhrefsBot/7.0; +http://ahrefs.com/robot/)"
54.36.148.194 - - [06/Mar/2022:10:49:27 +0100] "GET /halozatok/JMCS/memo/05/index.html HTTP/1.1" 200 15044 "-" "Mozilla/5.0 (compatible; AhrefsBot/7.0; +http://ahrefs.com/robot/)"
85.66.3.50 - - [06/Mar/2022:11:01:50 +0100] "GET /kutat/REVkutatas/3gazdalkodas/index.html HTTP/1.1" 200 88137 "https://www.google.com/" "Mozilla/5.0 (Windows NT 6.1; WOW64) AppleWebKit/537.36 (KHTML, like Gecko) Chrome/98.0.4758.102 Safari/537.36"
85.66.3.50 - - [06/Mar/2022:11:01:50 +0100] "GET /galateia.css HTTP/1.1" 200 1717 "http://www.nosza.hu/kutat/REVkutatas/3gazdalkodas/index.html" "Mozilla/5.0 (Windows NT 6.1; WOW64) AppleWebKit/537.36 (KHTML, like Gecko) Chrome/98.0.4758.102 Safari/537.36"
85.66.3.50 - - [06/Mar/2022:11:01:50 +0100] "GET /graphics/noszalogo.gif HTTP/1.1" 200 6797 "http://www.nosza.hu/kutat/REVkutatas/3gazdalkodas/index.html" "Mozilla/5.0 (Windows NT 6.1; WOW64) AppleWebKit/537.36 (KHTML, like Gecko) Chrome/98.0.4758.102 Safari/537.36"
85.66.3.50 - - [06/Mar/2022:11:01:50 +0100] "GET /graphics/galas.gif HTTP/1.1" 200 913 "http://www.nosza.hu/kutat/REVkutatas/3gazdalkodas/index.html" "Mozilla/5.0 (Windows NT 6.1; WOW64) AppleWebKit/537.36 (KHTML, like Gecko) Chrome/98.0.4758.102 Safari/537.36"
85.66.3.50 - - [06/Mar/2022:11:01:51 +0100] "GET /favicon.ico HTTP/1.1" 404 1181 "http://www.nosza.hu/kutat/REVkutatas/3gazdalkodas/index.html" "Mozilla/5.0 (Windows NT 6.1; WOW64) AppleWebKit/537.36 (KHTML, like Gecko) Chrome/98.0.4758.102 Safari/537.36"
66.249.66.63 - - [06/Mar/2022:11:09:24 +0100] "GET /konferenciak/06egszb/index.html HTTP/1.1" 200 15880 "-" "Mozilla/5.0 (Linux; Android 6.0.1; Nexus 5X Build/MMB29P) AppleWebKit/537.36 (KHTML, like Gecko) Chrome/98.0.4758.102 Mobile Safari/537.36 (compatible; Googlebot/2.1; +http://www.google.com/bot.html)"
2.56.59.200 - - [06/Mar/2022:11:28:00 +0100] "GET / HTTP/1.1" 200 1010 "-" "Mozilla/5.0 (Macintosh; Intel Mac OS X 10_10_1) AppleWebKit/537.36 (KHTML, like Gecko) Chrome/39.0.2171.95 Safari/537.36"
212.237.53.115 - - [06/Mar/2022:11:28:07 +0100] "HEAD / HTTP/1.1" 200 0 "-" "Alert_Alligator_webmonitoring_service_1.6.4_(alertalligator.com)"
54.36.148.194 - - [06/Mar/2022:11:39:03 +0100] "GET /new/hirek HTTP/1.1" 200 16778 "-" "Mozilla/5.0 (compatible; AhrefsBot/7.0; +http://ahrefs.com/robot/)"
54.36.148.194 - - [06/Mar/2022:12:18:12 +0100] "GET /new/projektek HTTP/1.1" 200 17515 "-" "Mozilla/5.0 (compatible; AhrefsBot/7.0; +http://ahrefs.com/robot/)"
114.119.134.80 - - [06/Mar/2022:12:22:24 +0100] "GET /robots.txt HTTP/1.1" 404 1181 "-" "Mozilla/5.0 (compatible;PetalBot;+https://webmaster.petalsearch.com/site/petalbot)"
49.7.20.148 - - [06/Mar/2022:12:37:34 +0100] "GET / HTTP/1.1" 200 1010 "-" "Sogou web spider/4.0(+http://www.sogou.com/docs/help/webmasters.htm#07)"
212.237.23.143 - - [06/Mar/2022:12:55:21 +0100] "HEAD / HTTP/1.1" 200 0 "-" "Alert_Alligator_webmonitoring_service_1.6.4_(alertalligator.com)"
185.191.171.18 - - [06/Mar/2022:12:56:36 +0100] "GET /robots.txt HTTP/1.1" 404 1181 "-" "Mozilla/5.0 (compatible; SemrushBot/7~bl; +http://www.semrush.com/bot.html)"
185.191.171.42 - - [06/Mar/2022:12:56:36 +0100] "GET /aktualis/106GSZTcivil/index.html HTTP/1.1" 200 24702 "-" "Mozilla/5.0 (compatible; SemrushBot/7~bl; +http://www.semrush.com/bot.html)"
54.36.148.194 - - [06/Mar/2022:13:02:20 +0100] "GET /new/hirek/2019 HTTP/1.1" 200 16790 "-" "Mozilla/5.0 (compatible; AhrefsBot/7.0; +http://ahrefs.com/robot/)"
54.36.148.194 - - [06/Mar/2022:13:21:06 +0100] "GET /new/en/ HTTP/1.1" 200 9252 "-" "Mozilla/5.0 (compatible; AhrefsBot/7.0; +http://ahrefs.com/robot/)"
54.36.148.194 - - [06/Mar/2022:13:40:50 +0100] "GET /new/hirek/2016 HTTP/1.1" 200 16790 "-" "Mozilla/5.0 (compatible; AhrefsBot/7.0; +http://ahrefs.com/robot/)"
114.119.147.81 - - [06/Mar/2022:13:56:01 +0100] "GET /robots.txt HTTP/1.1" 404 1181 "-" "Mozilla/5.0 (compatible;PetalBot;+https://webmaster.petalsearch.com/site/petalbot)"
49.12.13.109 - - [06/Mar/2022:14:00:29 +0100] "HEAD / HTTP/1.1" 200 0 "-" "Alert_Alligator_webmonitoring_service_1.6.3_(alertalligator.com)"
54.36.148.194 - - [06/Mar/2022:14:01:38 +0100] "GET /new/projektek/Nyitott%20jogalkot%C3%A1s HTTP/1.1" 200 9728 "-" "Mozilla/5.0 (compatible; AhrefsBot/7.0; +http://ahrefs.com/robot/)"
185.191.171.43 - - [06/Mar/2022:14:07:38 +0100] "GET /robots.txt HTTP/1.1" 404 1181 "-" "Mozilla/5.0 (compatible; SemrushBot/7~bl; +http://www.semrush.com/bot.html)"
185.191.171.24 - - [06/Mar/2022:14:07:39 +0100] "GET /new/en/about_us/supporters HTTP/1.1" 200 11066 "-" "Mozilla/5.0 (compatible; SemrushBot/7~bl; +http://www.semrush.com/bot.html)"
54.36.148.194 - - [06/Mar/2022:14:11:33 +0100] "GET /halozatok/JMCS/index.html HTTP/1.1" 200 6511 "-" "Mozilla/5.0 (compatible; AhrefsBot/7.0; +http://ahrefs.com/robot/)"
54.36.148.194 - - [06/Mar/2022:14:38:36 +0100] "GET /new/hirek/2018 HTTP/1.1" 200 16790 "-" "Mozilla/5.0 (compatible; AhrefsBot/7.0; +http://ahrefs.com/robot/)"
5.187.135.139 - - [06/Mar/2022:14:51:00 +0100] "GET /new/modules/node/node.css?l HTTP/1.1" 200 740 "-" "Mozilla/5.0 (Linux; Android 10; LM-X525) AppleWebKit/537.36 (KHTML, like Gecko) Chrome/98.0.4758.101 Mobile Safari/537.36"
5.187.135.139 - - [06/Mar/2022:14:51:00 +0100] "GET /new/modules/filefield/filefield.css?l HTTP/1.1" 200 1986 "-" "Mozilla/5.0 (Linux; Android 10; LM-X525) AppleWebKit/537.36 (KHTML, like Gecko) Chrome/98.0.4758.101 Mobile Safari/537.36"
5.187.135.139 - - [06/Mar/2022:14:51:00 +0100] "GET /new/modules/system/defaults.css?l HTTP/1.1" 200 757 "-" "Mozilla/5.0 (Linux; Android 10; LM-X525) AppleWebKit/537.36 (KHTML, like Gecko) Chrome/98.0.4758.101 Mobile Safari/537.36"
5.187.135.139 - - [06/Mar/2022:14:51:00 +0100] "GET /new/modules/system/system.css?l HTTP/1.1" 200 10020 "-" "Mozilla/5.0 (Linux; Android 10; LM-X525) AppleWebKit/537.36 (KHTML, like Gecko) Chrome/98.0.4758.101 Mobile Safari/537.36"
5.187.135.139 - - [06/Mar/2022:14:51:00 +0100] "GET /new/modules/system/system-menus.css?l HTTP/1.1" 200 935 "-" "Mozilla/5.0 (Linux; Android 10; LM-X525) AppleWebKit/537.36 (KHTML, like Gecko) Chrome/98.0.4758.101 Mobile Safari/537.36"
5.187.135.139 - - [06/Mar/2022:14:51:00 +0100] "GET /new/modules/user/user.css?l HTTP/1.1" 200 1127 "-" "Mozilla/5.0 (Linux; Android 10; LM-X525) AppleWebKit/537.36 (KHTML, like Gecko) Chrome/98.0.4758.101 Mobile Safari/537.36"
5.187.135.139 - - [06/Mar/2022:14:51:00 +0100] "GET /new/sites/all/modules/cck/theme/content-module.css?l HTTP/1.1" 200 2397 "-" "Mozilla/5.0 (Linux; Android 10; LM-X525) AppleWebKit/537.36 (KHTML, like Gecko) Chrome/98.0.4758.101 Mobile Safari/537.36"
5.187.135.139 - - [06/Mar/2022:14:51:00 +0100] "GET /new/sites/all/modules/cck/modules/fieldgroup/fieldgroup.css?l HTTP/1.1" 200 166 "-" "Mozilla/5.0 (Linux; Android 10; LM-X525) AppleWebKit/537.36 (KHTML, like Gecko) Chrome/98.0.4758.101 Mobile Safari/537.36"
5.187.135.139 - - [06/Mar/2022:14:51:00 +0100] "GET /new/sites/default/themes/nosza/css/nosza.css?l HTTP/1.1" 200 10555 "-" "Mozilla/5.0 (Linux; Android 10; LM-X525) AppleWebKit/537.36 (KHTML, like Gecko) Chrome/98.0.4758.101 Mobile Safari/537.36"
5.187.135.139 - - [06/Mar/2022:14:51:00 +0100] "GET /new/sites/default/themes/nosza/css/menu_style.css HTTP/1.1" 200 4749 "-" "Mozilla/5.0 (Linux; Android 10; LM-X525) AppleWebKit/537.36 (KHTML, like Gecko) Chrome/98.0.4758.101 Mobile Safari/537.36"
5.187.135.139 - - [06/Mar/2022:14:51:01 +0100] "GET /new/magunkrol/tagjaink HTTP/1.1" 200 16672 "https://www.google.com/" "Mozilla/5.0 (Linux; Android 10; LM-X525) AppleWebKit/537.36 (KHTML, like Gecko) Chrome/98.0.4758.101 Mobile Safari/537.36"
5.187.135.139 - - [06/Mar/2022:14:51:02 +0100] "GET /new/sites/default/themes/nosza/scripts/search.js HTTP/1.1" 200 466 "http://www.nosza.hu/new/magunkrol/tagjaink" "Mozilla/5.0 (Linux; Android 10; LM-X525) AppleWebKit/537.36 (KHTML, like Gecko) Chrome/98.0.4758.101 Mobile Safari/537.36"
5.187.135.139 - - [06/Mar/2022:14:51:02 +0100] "GET /new/sites/default/themes/nosza/images/logoMagunkrol.jpg HTTP/1.1" 200 4934 "http://www.nosza.hu/new/magunkrol/tagjaink" "Mozilla/5.0 (Linux; Android 10; LM-X525) AppleWebKit/537.36 (KHTML, like Gecko) Chrome/98.0.4758.101 Mobile Safari/537.36"
5.187.135.139 - - [06/Mar/2022:14:51:02 +0100] "GET /new/sites/default/themes/nosza/images/aktualisSide.jpg HTTP/1.1" 200 8821 "http://www.nosza.hu/new/magunkrol/tagjaink" "Mozilla/5.0 (Linux; Android 10; LM-X525) AppleWebKit/537.36 (KHTML, like Gecko) Chrome/98.0.4758.101 Mobile Safari/537.36"
5.187.135.139 - - [06/Mar/2022:14:51:02 +0100] "GET /new/sites/default/themes/nosza/images/dosszieSide.jpg HTTP/1.1" 200 7764 "http://www.nosza.hu/new/magunkrol/tagjaink" "Mozilla/5.0 (Linux; Android 10; LM-X525) AppleWebKit/537.36 (KHTML, like Gecko) Chrome/98.0.4758.101 Mobile Safari/537.36"
5.187.135.139 - - [06/Mar/2022:14:51:02 +0100] "GET /new/sites/default/themes/nosza/images/publikaciokSide.jpg HTTP/1.1" 200 7497 "http://www.nosza.hu/new/magunkrol/tagjaink" "Mozilla/5.0 (Linux; Android 10; LM-X525) AppleWebKit/537.36 (KHTML, like Gecko) Chrome/98.0.4758.101 Mobile Safari/537.36"
5.187.135.139 - - [06/Mar/2022:14:51:02 +0100] "GET /new/sites/default/files/biroendre.jpg HTTP/1.1" 200 2336 "http://www.nosza.hu/new/magunkrol/tagjaink" "Mozilla/5.0 (Linux; Android 10; LM-X525) AppleWebKit/537.36 (KHTML, like Gecko) Chrome/98.0.4758.101 Mobile Safari/537.36"
5.187.135.139 - - [06/Mar/2022:14:51:02 +0100] "GET /new/sites/default/files/nilda_bullain.jpg HTTP/1.1" 200 2700 "http://www.nosza.hu/new/magunkrol/tagjaink" "Mozilla/5.0 (Linux; Android 10; LM-X525) AppleWebKit/537.36 (KHTML, like Gecko) Chrome/98.0.4758.101 Mobile Safari/537.36"
5.187.135.139 - - [06/Mar/2022:14:51:02 +0100] "GET /new/sites/default/files/fulop.jpg HTTP/1.1" 200 2514 "http://www.nosza.hu/new/magunkrol/tagjaink" "Mozilla/5.0 (Linux; Android 10; LM-X525) AppleWebKit/537.36 (KHTML, like Gecko) Chrome/98.0.4758.101 Mobile Safari/537.36"
5.187.135.139 - - [06/Mar/2022:14:51:02 +0100] "GET /new/sites/default/files/brigi.jpg HTTP/1.1" 200 48509 "http://www.nosza.hu/new/magunkrol/tagjaink" "Mozilla/5.0 (Linux; Android 10; LM-X525) AppleWebKit/537.36 (KHTML, like Gecko) Chrome/98.0.4758.101 Mobile Safari/537.36"
5.187.135.139 - - [06/Mar/2022:14:51:02 +0100] "GET /new/sites/default/themes/nosza/images/hatIcon.jpg HTTP/1.1" 200 838 "http://www.nosza.hu/new/sites/default/themes/nosza/css/menu_style.css" "Mozilla/5.0 (Linux; Android 10; LM-X525) AppleWebKit/537.36 (KHTML, like Gecko) Chrome/98.0.4758.101 Mobile Safari/537.36"
5.187.135.139 - - [06/Mar/2022:14:51:02 +0100] "GET /new/sites/default/themes/nosza/images/headerBgMagunkrol.jpg HTTP/1.1" 200 22932 "http://www.nosza.hu/new/sites/default/themes/nosza/css/nosza.css?l" "Mozilla/5.0 (Linux; Android 10; LM-X525) AppleWebKit/537.36 (KHTML, like Gecko) Chrome/98.0.4758.101 Mobile Safari/537.36"
5.187.135.139 - - [06/Mar/2022:14:51:02 +0100] "GET /new/sites/default/themes/nosza/images/haromIcon.jpg HTTP/1.1" 200 764 "http://www.nosza.hu/new/sites/default/themes/nosza/css/menu_style.css" "Mozilla/5.0 (Linux; Android 10; LM-X525) AppleWebKit/537.36 (KHTML, like Gecko) Chrome/98.0.4758.101 Mobile Safari/537.36"
5.187.135.139 - - [06/Mar/2022:14:51:02 +0100] "GET /new/sites/default/themes/nosza/images/englishBgInactive.png HTTP/1.1" 200 823 "http://www.nosza.hu/new/sites/default/themes/nosza/css/nosza.css?l" "Mozilla/5.0 (Linux; Android 10; LM-X525) AppleWebKit/537.36 (KHTML, like Gecko) Chrome/98.0.4758.101 Mobile Safari/537.36"
5.187.135.139 - - [06/Mar/2022:14:51:02 +0100] "GET /new/sites/default/themes/nosza/images/subnavOver.jpg HTTP/1.1" 200 704 "http://www.nosza.hu/new/sites/default/themes/nosza/css/nosza.css?l" "Mozilla/5.0 (Linux; Android 10; LM-X525) AppleWebKit/537.36 (KHTML, like Gecko) Chrome/98.0.4758.101 Mobile Safari/537.36"
5.187.135.139 - - [06/Mar/2022:14:51:02 +0100] "GET /new/sites/default/themes/nosza/images/magyarBgInactive.png HTTP/1.1" 200 686 "http://www.nosza.hu/new/sites/default/themes/nosza/css/nosza.css?l" "Mozilla/5.0 (Linux; Android 10; LM-X525) AppleWebKit/537.36 (KHTML, like Gecko) Chrome/98.0.4758.101 Mobile Safari/537.36"
5.187.135.139 - - [06/Mar/2022:14:51:02 +0100] "GET /new/sites/default/themes/nosza/images/magyarBgOver.png HTTP/1.1" 200 893 "http://www.nosza.hu/new/sites/default/themes/nosza/css/nosza.css?l" "Mozilla/5.0 (Linux; Android 10; LM-X525) AppleWebKit/537.36 (KHTML, like Gecko) Chrome/98.0.4758.101 Mobile Safari/537.36"
5.187.135.139 - - [06/Mar/2022:14:51:02 +0100] "GET /new/sites/default/themes/nosza/images/feelingBgMagunkrol.jpg HTTP/1.1" 200 42475 "http://www.nosza.hu/new/sites/default/themes/nosza/css/nosza.css?l" "Mozilla/5.0 (Linux; Android 10; LM-X525) AppleWebKit/537.36 (KHTML, like Gecko) Chrome/98.0.4758.101 Mobile Safari/537.36"
5.187.135.139 - - [06/Mar/2022:14:51:02 +0100] "GET /new/sites/default/themes/nosza/images/otIcon.jpg HTTP/1.1" 200 689 "http://www.nosza.hu/new/sites/default/themes/nosza/css/menu_style.css" "Mozilla/5.0 (Linux; Android 10; LM-X525) AppleWebKit/537.36 (KHTML, like Gecko) Chrome/98.0.4758.101 Mobile Safari/537.36"
5.187.135.139 - - [06/Mar/2022:14:51:02 +0100] "GET /new/sites/default/themes/nosza/images/subnavBg.jpg HTTP/1.1" 200 439 "http://www.nosza.hu/new/sites/default/themes/nosza/css/nosza.css?l" "Mozilla/5.0 (Linux; Android 10; LM-X525) AppleWebKit/537.36 (KHTML, like Gecko) Chrome/98.0.4758.101 Mobile Safari/537.36"
5.187.135.139 - - [06/Mar/2022:14:51:02 +0100] "GET /new/sites/default/themes/nosza/images/egyIcon.jpg HTTP/1.1" 200 860 "http://www.nosza.hu/new/sites/default/themes/nosza/css/menu_style.css" "Mozilla/5.0 (Linux; Android 10; LM-X525) AppleWebKit/537.36 (KHTML, like Gecko) Chrome/98.0.4758.101 Mobile Safari/537.36"
5.187.135.139 - - [06/Mar/2022:14:51:02 +0100] "GET /new/sites/default/themes/nosza/images/searchBg.png HTTP/1.1" 200 1443 "http://www.nosza.hu/new/sites/default/themes/nosza/css/nosza.css?l" "Mozilla/5.0 (Linux; Android 10; LM-X525) AppleWebKit/537.36 (KHTML, like Gecko) Chrome/98.0.4758.101 Mobile Safari/537.36"
5.187.135.139 - - [06/Mar/2022:14:51:02 +0100] "GET /new/sites/default/themes/nosza/images/negyIcon.jpg HTTP/1.1" 200 908 "http://www.nosza.hu/new/sites/default/themes/nosza/css/menu_style.css" "Mozilla/5.0 (Linux; Android 10; LM-X525) AppleWebKit/537.36 (KHTML, like Gecko) Chrome/98.0.4758.101 Mobile Safari/537.36"
5.187.135.139 - - [06/Mar/2022:14:51:02 +0100] "GET /new/sites/default/themes/nosza/images/kettoIcon.jpg HTTP/1.1" 200 1039 "http://www.nosza.hu/new/sites/default/themes/nosza/css/menu_style.css" "Mozilla/5.0 (Linux; Android 10; LM-X525) AppleWebKit/537.36 (KHTML, like Gecko) Chrome/98.0.4758.101 Mobile Safari/537.36"
5.187.135.139 - - [06/Mar/2022:14:51:02 +0100] "GET /new/sites/default/themes/nosza/images/breadNyil.jpg HTTP/1.1" 200 312 "http://www.nosza.hu/new/sites/default/themes/nosza/css/nosza.css?l" "Mozilla/5.0 (Linux; Android 10; LM-X525) AppleWebKit/537.36 (KHTML, like Gecko) Chrome/98.0.4758.101 Mobile Safari/537.36"
5.187.135.139 - - [06/Mar/2022:14:51:02 +0100] "GET /new/sites/default/files/gargya_marietta.jpg HTTP/1.1" 200 2900 "http://www.nosza.hu/new/magunkrol/tagjaink" "Mozilla/5.0 (Linux; Android 10; LM-X525) AppleWebKit/537.36 (KHTML, like Gecko) Chrome/98.0.4758.101 Mobile Safari/537.36"
5.187.135.139 - - [06/Mar/2022:14:51:02 +0100] "GET /new/sites/default/files/kisscsaba.jpg HTTP/1.1" 200 2409 "http://www.nosza.hu/new/magunkrol/tagjaink" "Mozilla/5.0 (Linux; Android 10; LM-X525) AppleWebKit/537.36 (KHTML, like Gecko) Chrome/98.0.4758.101 Mobile Safari/537.36"
5.187.135.139 - - [06/Mar/2022:14:51:02 +0100] "GET /new/sites/default/files/markus.jpg HTTP/1.1" 200 2866 "http://www.nosza.hu/new/magunkrol/tagjaink" "Mozilla/5.0 (Linux; Android 10; LM-X525) AppleWebKit/537.36 (KHTML, like Gecko) Chrome/98.0.4758.101 Mobile Safari/537.36"
5.187.135.139 - - [06/Mar/2022:14:51:02 +0100] "GET /new/sites/default/files/sebestyen.jpg HTTP/1.1" 200 2222 "http://www.nosza.hu/new/magunkrol/tagjaink" "Mozilla/5.0 (Linux; Android 10; LM-X525) AppleWebKit/537.36 (KHTML, like Gecko) Chrome/98.0.4758.101 Mobile Safari/537.36"
5.187.135.139 - - [06/Mar/2022:14:51:02 +0100] "GET /new/sites/default/themes/nosza/images/rrs.jpg HTTP/1.1" 200 829 "http://www.nosza.hu/new/magunkrol/tagjaink" "Mozilla/5.0 (Linux; Android 10; LM-X525) AppleWebKit/537.36 (KHTML, like Gecko) Chrome/98.0.4758.101 Mobile Safari/537.36"
5.187.135.139 - - [06/Mar/2022:14:51:02 +0100] "GET /new/sites/default/files/nizak_peter.jpg HTTP/1.1" 200 2525 "http://www.nosza.hu/new/magunkrol/tagjaink" "Mozilla/5.0 (Linux; Android 10; LM-X525) AppleWebKit/537.36 (KHTML, like Gecko) Chrome/98.0.4758.101 Mobile Safari/537.36"
5.187.135.139 - - [06/Mar/2022:14:51:02 +0100] "GET /new/sites/default/files/scsaurszki.jpg HTTP/1.1" 200 2600 "http://www.nosza.hu/new/magunkrol/tagjaink" "Mozilla/5.0 (Linux; Android 10; LM-X525) AppleWebKit/537.36 (KHTML, like Gecko) Chrome/98.0.4758.101 Mobile Safari/537.36"
5.187.135.139 - - [06/Mar/2022:14:51:02 +0100] "GET /new/sites/default/themes/nosza/images/footerBg.jpg HTTP/1.1" 200 1097 "http://www.nosza.hu/new/sites/default/themes/nosza/css/nosza.css?l" "Mozilla/5.0 (Linux; Android 10; LM-X525) AppleWebKit/537.36 (KHTML, like Gecko) Chrome/98.0.4758.101 Mobile Safari/537.36"
5.187.135.139 - - [06/Mar/2022:14:51:02 +0100] "GET /new/sites/default/themes/nosza/print.css?l HTTP/1.1" 200 1247 "http://www.nosza.hu/new/magunkrol/tagjaink" "Mozilla/5.0 (Linux; Android 10; LM-X525) AppleWebKit/537.36 (KHTML, like Gecko) Chrome/98.0.4758.101 Mobile Safari/537.36"
5.187.135.139 - - [06/Mar/2022:14:51:02 +0100] "GET /favicon.ico HTTP/1.1" 404 1181 "http://www.nosza.hu/new/magunkrol/tagjaink" "Mozilla/5.0 (Linux; Android 10; LM-X525) AppleWebKit/537.36 (KHTML, like Gecko) Chrome/98.0.4758.101 Mobile Safari/537.36"
185.191.171.10 - - [06/Mar/2022:14:56:46 +0100] "GET /new/content/civil-%C3%BAjs%C3%A1g%C3%ADr%C3%A1ssal-az-%C3%B6nkorm%C3%A1nyzatok-%C3%A1tl%C3%A1that%C3%B3s%C3%A1g%C3%A1%C3%A9rt HTTP/1.1" 403 7484 "-" "Mozilla/5.0 (compatible; SemrushBot/7~bl; +http://www.semrush.com/bot.html)"
49.12.13.109 - - [06/Mar/2022:15:08:38 +0100] "HEAD / HTTP/1.1" 200 0 "-" "Alert_Alligator_webmonitoring_service_1.6.3_(alertalligator.com)"
54.36.148.194 - - [06/Mar/2022:15:09:27 +0100] "GET /new/publikaciok/2008 HTTP/1.1" 200 9395 "-" "Mozilla/5.0 (compatible; AhrefsBot/7.0; +http://ahrefs.com/robot/)"
157.55.39.219 - - [06/Mar/2022:15:18:42 +0100] "GET /JMCS/tagok/index.html HTTP/1.1" 200 64967 "-" "Mozilla/5.0 (compatible; bingbot/2.0; +http://www.bing.com/bingbot.htm)"
157.55.39.219 - - [06/Mar/2022:15:18:46 +0100] "GET /new/hirek/2014 HTTP/1.1" 200 16790 "-" "Mozilla/5.0 (compatible; bingbot/2.0; +http://www.bing.com/bingbot.htm)"
207.46.13.197 - - [06/Mar/2022:15:18:46 +0100] "GET /new/dossziek/Teszt%20dosszi%C3%A9 HTTP/1.1" 200 8924 "-" "Mozilla/5.0 (compatible; bingbot/2.0; +http://www.bing.com/bingbot.htm)"
207.46.13.169 - - [06/Mar/2022:15:18:47 +0100] "GET /new/hirek/2009 HTTP/1.1" 200 16790 "-" "Mozilla/5.0 (compatible; bingbot/2.0; +http://www.bing.com/bingbot.htm)"
207.46.13.169 - - [06/Mar/2022:15:18:48 +0100] "GET /halozatok/JMCS/memo/05/index.html HTTP/1.1" 200 15044 "-" "Mozilla/5.0 (compatible; bingbot/2.0; +http://www.bing.com/bingbot.htm)"
207.46.13.169 - - [06/Mar/2022:15:18:52 +0100] "GET /new/publikaciok/2007 HTTP/1.1" 200 9569 "-" "Mozilla/5.0 (compatible; bingbot/2.0; +http://www.bing.com/bingbot.htm)"
54.36.148.194 - - [06/Mar/2022:15:49:18 +0100] "GET / HTTP/1.1" 200 1010 "-" "Mozilla/5.0 (compatible; AhrefsBot/7.0; +http://ahrefs.com/robot/)"
82.217.19.222 - - [06/Mar/2022:15:51:43 +0100] "HEAD / HTTP/1.1" 200 0 "-" "Mozilla/5.0 (X11; Linux x86_64; rv:60.0) Gecko/20100101 Firefox/60.0"
82.217.19.222 - - [06/Mar/2022:15:51:43 +0100] "GET / HTTP/1.1" 200 1010 "-" "Mozilla/5.0 (X11; Linux x86_64; rv:60.0) Gecko/20100101 Firefox/60.0"
176.63.35.38 - - [06/Mar/2022:15:59:17 +0100] "GET /galateia.css HTTP/1.1" 200 1717 "http://www.nosza.hu/kutat/REVkutatas/1gazdasag/" "Mozilla/5.0 (Windows NT 10.0; Win64; x64) AppleWebKit/537.36 (KHTML, like Gecko) Chrome/98.0.4758.102 Safari/537.36"
176.63.35.38 - - [06/Mar/2022:15:59:17 +0100] "GET /kutat/REVkutatas/1gazdasag/ HTTP/1.1" 200 89032 "https://www.google.com/" "Mozilla/5.0 (Windows NT 10.0; Win64; x64) AppleWebKit/537.36 (KHTML, like Gecko) Chrome/98.0.4758.102 Safari/537.36"
176.63.35.38 - - [06/Mar/2022:15:59:17 +0100] "GET /graphics/noszalogo.gif HTTP/1.1" 200 6797 "http://www.nosza.hu/kutat/REVkutatas/1gazdasag/" "Mozilla/5.0 (Windows NT 10.0; Win64; x64) AppleWebKit/537.36 (KHTML, like Gecko) Chrome/98.0.4758.102 Safari/537.36"
176.63.35.38 - - [06/Mar/2022:15:59:17 +0100] "GET /graphics/galas.gif HTTP/1.1" 200 913 "http://www.nosza.hu/kutat/REVkutatas/1gazdasag/" "Mozilla/5.0 (Windows NT 10.0; Win64; x64) AppleWebKit/537.36 (KHTML, like Gecko) Chrome/98.0.4758.102 Safari/537.36"
176.63.35.38 - - [06/Mar/2022:15:59:17 +0100] "GET /favicon.ico HTTP/1.1" 404 1181 "http://www.nosza.hu/kutat/REVkutatas/1gazdasag/" "Mozilla/5.0 (Windows NT 10.0; Win64; x64) AppleWebKit/537.36 (KHTML, like Gecko) Chrome/98.0.4758.102 Safari/537.36"
212.237.23.143 - - [06/Mar/2022:16:25:02 +0100] "HEAD / HTTP/1.1" 200 0 "-" "Alert_Alligator_webmonitoring_service_1.6.4_(alertalligator.com)"
54.36.148.194 - - [06/Mar/2022:16:43:26 +0100] "GET /new/publikaciok/2009 HTTP/1.1" 200 9172 "-" "Mozilla/5.0 (compatible; AhrefsBot/7.0; +http://ahrefs.com/robot/)"
54.36.148.194 - - [06/Mar/2022:16:53:43 +0100] "GET / HTTP/1.1" 200 1010 "-" "Mozilla/5.0 (compatible; AhrefsBot/7.0; +http://ahrefs.com/robot/)"
212.237.53.115 - - [06/Mar/2022:17:29:56 +0100] "HEAD / HTTP/1.1" 200 0 "-" "Alert_Alligator_webmonitoring_service_1.6.4_(alertalligator.com)"
176.63.15.250 - - [06/Mar/2022:17:50:37 +0100] "GET /new/sites/default/files/Egyes%C3%BClet_ujPtk.pdf HTTP/1.1" 206 65536 "https://www.google.hu/" "Mozilla/5.0 (Windows NT 10.0; Win64; x64; rv:97.0) Gecko/20100101 Firefox/97.0"
176.63.15.250 - - [06/Mar/2022:17:50:37 +0100] "GET /favicon.ico HTTP/1.1" 404 1181 "http://www.nosza.hu/" "Mozilla/5.0 (Windows NT 10.0; Win64; x64; rv:97.0) Gecko/20100101 Firefox/97.0"
176.63.15.250 - - [06/Mar/2022:17:50:37 +0100] "GET /new/sites/default/files/Egyes%C3%BClet_ujPtk.pdf HTTP/1.1" 206 39684 "https://www.google.hu/" "Mozilla/5.0 (Windows NT 10.0; Win64; x64; rv:97.0) Gecko/20100101 Firefox/97.0"
176.63.15.250 - - [06/Mar/2022:17:50:37 +0100] "GET /new/sites/default/files/Egyes%C3%BClet_ujPtk.pdf HTTP/1.1" 200 236292 "https://www.google.hu/" "Mozilla/5.0 (Windows NT 10.0; Win64; x64; rv:97.0) Gecko/20100101 Firefox/97.0"
17.121.112.224 - - [06/Mar/2022:18:17:11 +0100] "GET /new/hirek/2013 HTTP/1.1" 200 16790 "-" "Mozilla/5.0 (Macintosh; Intel Mac OS X 10_15_5) AppleWebKit/605.1.15 (KHTML, like Gecko) Version/13.1.1 Safari/605.1.15 (Applebot/0.1; +http://www.apple.com/go/applebot)"
54.36.149.14 - - [06/Mar/2022:18:24:21 +0100] "GET /robots.txt HTTP/1.1" 404 1181 "-" "Mozilla/5.0 (compatible; AhrefsBot/7.0; +http://ahrefs.com/robot/)"
54.36.148.194 - - [06/Mar/2022:18:24:25 +0100] "GET /new/magunkrol/tagjaink HTTP/1.1" 200 16672 "-" "Mozilla/5.0 (compatible; AhrefsBot/7.0; +http://ahrefs.com/robot/)"
49.12.13.109 - - [06/Mar/2022:18:30:41 +0100] "HEAD / HTTP/1.1" 200 0 "-" "Alert_Alligator_webmonitoring_service_1.6.3_(alertalligator.com)"
40.77.167.101 - - [06/Mar/2022:18:34:47 +0100] "GET /robots.txt HTTP/1.1" 404 1181 "-" "Mozilla/5.0 (compatible; bingbot/2.0; +http://www.bing.com/bingbot.htm)"
157.55.39.219 - - [06/Mar/2022:18:34:51 +0100] "GET / HTTP/1.1" 200 1010 "-" "Mozilla/5.0 (compatible; bingbot/2.0; +http://www.bing.com/bingbot.htm)"
114.119.136.144 - - [06/Mar/2022:18:45:27 +0100] "GET /new/sites/default/files/NOSZA%20K%C3%B6zhaszn%C3%BA%20Jelent%C3%A9s%202016.pdf HTTP/1.1" 200 406415 "-" "Mozilla/5.0 (Linux; Android 7.0;) AppleWebKit/537.36 (KHTML, like Gecko) Mobile Safari/537.36 (compatible; PetalBot;+https://webmaster.petalsearch.com/site/petalbot)"
114.119.136.141 - - [06/Mar/2022:18:58:35 +0100] "GET /halozatok/kerekasztal/memo2/index.html HTTP/1.1" 200 12822 "-" "Mozilla/5.0 (Linux; Android 7.0;) AppleWebKit/537.36 (KHTML, like Gecko) Mobile Safari/537.36 (compatible; PetalBot;+https://webmaster.petalsearch.com/site/petalbot)"
5.161.66.108 - - [06/Mar/2022:19:10:15 +0100] "GET /new/content/gyakran-ism%C3%A9telt-k%C3%A9rd%C3%A9sek HTTP/1.1" 200 12447 "-" "Mozilla/5.0 (Windows NT 10.0; Win64; x64) AppleWebKit/537.36 (KHTML, like Gecko) Chrome/84.0.4147.105 Safari/537.36"
185.191.171.34 - - [06/Mar/2022:19:10:50 +0100] "GET /robots.txt HTTP/1.1" 404 1181 "-" "Mozilla/5.0 (compatible; SemrushBot/7~bl; +http://www.semrush.com/bot.html)"
185.191.171.26 - - [06/Mar/2022:19:10:51 +0100] "GET /aktualis/eselyegyenloseg/index.html HTTP/1.1" 200 7557 "-" "Mozilla/5.0 (compatible; SemrushBot/7~bl; +http://www.semrush.com/bot.html)"
31.46.245.185 - - [06/Mar/2022:19:26:37 +0100] "GET /galateia.css HTTP/1.1" 200 1717 "-" "Mozilla/5.0 (Linux; Android 11; SM-N981B) AppleWebKit/537.36 (KHTML, like Gecko) Chrome/98.0.4758.101 Mobile Safari/537.36"
31.46.245.185 - - [06/Mar/2022:19:26:37 +0100] "GET /kutat/REVkutatas/3gazdalkodas/index.html HTTP/1.1" 200 88137 "https://www.google.com/" "Mozilla/5.0 (Linux; Android 11; SM-N981B) AppleWebKit/537.36 (KHTML, like Gecko) Chrome/98.0.4758.101 Mobile Safari/537.36"
31.46.245.185 - - [06/Mar/2022:19:26:37 +0100] "GET /graphics/noszalogo.gif HTTP/1.1" 200 6797 "http://www.nosza.hu/kutat/REVkutatas/3gazdalkodas/index.html" "Mozilla/5.0 (Linux; Android 11; SM-N981B) AppleWebKit/537.36 (KHTML, like Gecko) Chrome/98.0.4758.101 Mobile Safari/537.36"
31.46.245.185 - - [06/Mar/2022:19:26:38 +0100] "GET /graphics/galas.gif HTTP/1.1" 200 913 "http://www.nosza.hu/kutat/REVkutatas/3gazdalkodas/index.html" "Mozilla/5.0 (Linux; Android 11; SM-N981B) AppleWebKit/537.36 (KHTML, like Gecko) Chrome/98.0.4758.101 Mobile Safari/537.36"
31.46.245.185 - - [06/Mar/2022:19:26:38 +0100] "GET /favicon.ico HTTP/1.1" 404 1181 "http://www.nosza.hu/kutat/REVkutatas/3gazdalkodas/index.html" "Mozilla/5.0 (Linux; Android 11; SM-N981B) AppleWebKit/537.36 (KHTML, like Gecko) Chrome/98.0.4758.101 Mobile Safari/537.36"
49.12.13.109 - - [06/Mar/2022:19:29:47 +0100] "HEAD / HTTP/1.1" 200 0 "-" "Alert_Alligator_webmonitoring_service_1.6.3_(alertalligator.com)"
54.36.148.194 - - [06/Mar/2022:19:51:47 +0100] "GET /new/hirek/2013 HTTP/1.1" 200 16790 "-" "Mozilla/5.0 (compatible; AhrefsBot/7.0; +http://ahrefs.com/robot/)"
66.249.68.87 - - [06/Mar/2022:19:53:21 +0100] "GET /JMCS/memo/index.html HTTP/1.1" 200 15074 "-" "Mozilla/5.0 (Linux; Android 6.0.1; Nexus 5X Build/MMB29P) AppleWebKit/537.36 (KHTML, like Gecko) Chrome/98.0.4758.102 Mobile Safari/537.36 (compatible; Googlebot/2.1; +http://www.google.com/bot.html)"
194.38.20.161 - - [06/Mar/2022:20:05:07 +0100] "GET /assets/plugins/jQuery-File-Upload/server/php/index.php?file=tf2rghf.jpg HTTP/1.1" 404 1181 "-" "ALittle Client"
20.112.127.65 - - [06/Mar/2022:20:14:52 +0100] "GET /vendor/phpunit/phpunit/src/Util/PHP/eval-stdin.php HTTP/1.1" 404 1181 "-" "python-requests/2.27.1"
20.112.127.65 - - [06/Mar/2022:20:14:53 +0100] "GET /vendor/phpunit/phpunit/src/Util/PHP/eval-stdin.php HTTP/1.1" 404 1181 "-" "python-requests/2.27.1"
20.112.127.65 - - [06/Mar/2022:20:14:53 +0100] "GET /vendor/phpunit/phpunit/src/Util/PHP/eval-stdin.php HTTP/1.1" 404 1181 "-" "python-requests/2.27.1"
54.36.148.194 - - [06/Mar/2022:20:23:57 +0100] "GET /new/content/egyes%C3%BCleti-alapszab%C3%A1ly-%C3%A9s-m%C5%B1k%C3%B6d%C3%A9s HTTP/1.1" 200 8652 "-" "Mozilla/5.0 (compatible; AhrefsBot/7.0; +http://ahrefs.com/robot/)"
213.180.203.23 - - [06/Mar/2022:20:33:15 +0100] "GET /robots.txt HTTP/1.1" 404 1181 "-" "Mozilla/5.0 (compatible; YandexBot/3.0; +http://yandex.com/bots)"
213.180.203.23 - - [06/Mar/2022:20:33:20 +0100] "GET /new/projektek/2013-2014-elmaradott-t%C3%A9rs%C3%A9gek-civil-szervezeteinek-r%C3%A9szv%C3%A9telre-k%C3%A9pes%C3%ADt%C3%A9se HTTP/1.1" 200 12132 "-" "Mozilla/5.0 (compatible; YandexBot/3.0; +http://yandex.com/bots)"
212.237.53.115 - - [06/Mar/2022:20:44:14 +0100] "HEAD / HTTP/1.1" 200 0 "-" "Alert_Alligator_webmonitoring_service_1.6.4_(alertalligator.com)"
185.191.171.44 - - [06/Mar/2022:20:53:20 +0100] "GET /robots.txt HTTP/1.1" 404 1181 "-" "Mozilla/5.0 (compatible; SemrushBot/7~bl; +http://www.semrush.com/bot.html)"
185.191.171.33 - - [06/Mar/2022:20:53:21 +0100] "GET /new/hirek/nosza-egyes%C3%BClet-m%C3%A1t%C3%B3l-hivatalosan-freedom-information-advocates-network-foianet-tagja HTTP/1.1" 200 9113 "-" "Mozilla/5.0 (compatible; SemrushBot/7~bl; +http://www.semrush.com/bot.html)"
54.36.148.194 - - [06/Mar/2022:20:54:09 +0100] "GET /new/projektek/Menedzsment%20tr%C3%A9ning HTTP/1.1" 200 9363 "-" "Mozilla/5.0 (compatible; AhrefsBot/7.0; +http://ahrefs.com/robot/)"
157.55.39.219 - - [06/Mar/2022:20:58:46 +0100] "GET / HTTP/1.1" 200 1010 "-" "Mozilla/5.0 (compatible; bingbot/2.0; +http://www.bing.com/bingbot.htm)"
17.121.112.229 - - [06/Mar/2022:21:13:01 +0100] "GET /new/rss.xml HTTP/1.1" 200 15715 "-" "Mozilla/5.0 (Macintosh; Intel Mac OS X 10_15_5) AppleWebKit/605.1.15 (KHTML, like Gecko) Version/13.1.1 Safari/605.1.15 (Applebot/0.1; +http://www.apple.com/go/applebot)"
185.191.171.13 - - [06/Mar/2022:21:44:52 +0100] "GET /aktualis/1gyikNCA/szervezet/index.html HTTP/1.1" 200 23952 "-" "Mozilla/5.0 (compatible; SemrushBot/7~bl; +http://www.semrush.com/bot.html)"
49.12.13.109 - - [06/Mar/2022:21:49:16 +0100] "HEAD / HTTP/1.1" 200 0 "-" "Alert_Alligator_webmonitoring_service_1.6.3_(alertalligator.com)"
87.250.224.17 - - [06/Mar/2022:22:10:42 +0100] "GET /robots.txt HTTP/1.1" 404 1181 "-" "Mozilla/5.0 (compatible; YandexBot/3.0; +http://yandex.com/bots)"
87.250.224.17 - - [06/Mar/2022:22:10:49 +0100] "GET /new/projektek/eloszt%C3%B3-projekt HTTP/1.1" 200 11786 "-" "Mozilla/5.0 (compatible; YandexBot/3.0; +http://yandex.com/bots)"
213.180.203.23 - - [06/Mar/2022:22:14:57 +0100] "GET /new/hirek/nosza-egyes%C3%BClet-%C3%A9s-f%C3%BCggetlen-m%C3%A9diak%C3%B6zpont-sikeres-p%C3%A1ly%C3%A1zatott-ny%C3%BAjtott-be-norv%C3%A9g-civil-t%C3%A1mogat HTTP/1.1" 200 9593 "-" "Mozilla/5.0 (compatible; YandexBot/3.0; +http://yandex.com/bots)"
54.36.148.194 - - [06/Mar/2022:22:16:00 +0100] "GET /halozatok/JMCS/memo/01/index.html HTTP/1.1" 200 17697 "-" "Mozilla/5.0 (compatible; AhrefsBot/7.0; +http://ahrefs.com/robot/)"
87.250.224.68 - - [06/Mar/2022:22:17:21 +0100] "GET /new/sites/default/files/NOSZA%20K%C3%B6zhaszn%C3%BA%20Jelent%C3%A9s%202010_0.pdf HTTP/1.1" 200 263215 "-" "Mozilla/5.0 (compatible; YandexBot/3.0; +http://yandex.com/bots)"
49.12.13.109 - - [06/Mar/2022:22:55:10 +0100] "HEAD / HTTP/1.1" 200 0 "-" "Alert_Alligator_webmonitoring_service_1.6.3_(alertalligator.com)"
185.191.171.40 - - [06/Mar/2022:23:20:25 +0100] "GET /robots.txt HTTP/1.1" 404 1181 "-" "Mozilla/5.0 (compatible; SemrushBot/7~bl; +http://www.semrush.com/bot.html)"
