193.91.67.68 - - [27/Mar/2022:11:40:44 +0200] "GET /new/node/en/publikaciok HTTP/1.1" 404 7640 "http://www.nosza.hu/new/node/en/" "Hirek web analyizer bot (https://www.hirek.hu)"
193.91.67.68 - - [27/Mar/2022:11:40:48 +0200] "GET /new/node/97 HTTP/1.1" 200 8129 "http://www.nosza.hu/new/news" "Hirek crawler (https://www.hirek.hu)"
193.91.67.68 - - [27/Mar/2022:11:40:49 +0200] "GET /new/node/en/dossziek HTTP/1.1" 404 7629 "http://www.nosza.hu/new/node/en/" "Hirek web analyizer bot (https://www.hirek.hu)"
193.91.67.68 - - [27/Mar/2022:11:40:49 +0200] "GET /new/en/about_us/financial_reports HTTP/1.1" 200 9675 "http://www.nosza.hu/new/en" "Hirek browserbot (https://www.hirek.hu)"
193.91.67.68 - - [27/Mar/2022:11:40:51 +0200] "GET /new/sites/default/files/2008beszamnosza_0.xls HTTP/1.1" 200 79872 "http://www.nosza.hu/new/en/about_us/financial_reports" "Hirek web analyizer bot (https://www.hirek.hu)"
193.91.67.68 - - [27/Mar/2022:11:40:53 +0200] "GET /new/sites/default/files/2007beszamnosza_0.xls HTTP/1.1" 200 56320 "http://www.nosza.hu/new/en/about_us/financial_reports" "Hirek web analyizer bot (https://www.hirek.hu)"
193.91.67.68 - - [27/Mar/2022:11:40:54 +0200] "GET /new/node/96 HTTP/1.1" 200 7874 "http://www.nosza.hu/new/news" "Hirek crawler (https://www.hirek.hu)"
193.91.67.68 - - [27/Mar/2022:11:40:59 +0200] "GET /new/node/95 HTTP/1.1" 200 7923 "http://www.nosza.hu/new/news" "Hirek crawler (https://www.hirek.hu)"
193.91.67.68 - - [27/Mar/2022:11:40:59 +0200] "GET /new/node/en/hirek HTTP/1.1" 404 7620 "http://www.nosza.hu/new/node/en/" "Hirek web analyizer bot (https://www.hirek.hu)"
193.91.67.68 - - [27/Mar/2022:11:41:00 +0200] "GET /new/en/news HTTP/1.1" 200 15658 "http://www.nosza.hu/new/en" "Hirek browserbot (https://www.hirek.hu)"
193.91.67.68 - - [27/Mar/2022:11:41:03 +0200] "GET /new/en/news/henceforth-nosza-association-proud-member-freedom-information-advocates-network-foianet HTTP/1.1" 200 8544 "http://www.nosza.hu/new/en/news" "Hirek web analyizer bot (https://www.hirek.hu)"
193.91.67.68 - - [27/Mar/2022:11:41:04 +0200] "GET /new/node/94 HTTP/1.1" 200 7893 "http://www.nosza.hu/new/news" "Hirek crawler (https://www.hirek.hu)"
193.91.67.68 - - [27/Mar/2022:11:41:05 +0200] "GET /new/en/news/2009 HTTP/1.1" 200 15657 "http://www.nosza.hu/new/en" "Hirek browserbot (https://www.hirek.hu)"
193.91.67.68 - - [27/Mar/2022:11:41:08 +0200] "GET /new/node/93 HTTP/1.1" 200 7939 "http://www.nosza.hu/new/news" "Hirek crawler (https://www.hirek.hu)"
193.91.67.68 - - [27/Mar/2022:11:41:12 +0200] "GET /new/en/news/2013 HTTP/1.1" 200 15657 "http://www.nosza.hu/new/en" "Hirek browserbot (https://www.hirek.hu)"
193.91.67.68 - - [27/Mar/2022:11:41:12 +0200] "GET /new/node/92 HTTP/1.1" 200 7931 "http://www.nosza.hu/new/news" "Hirek crawler (https://www.hirek.hu)"
193.91.67.68 - - [27/Mar/2022:11:41:12 +0200] "GET /new/en/news/ HTTP/1.1" 200 15694 "http://www.nosza.hu/new/en/news/henceforth-nosza-association-proud-member-freedom-information-advocates-network-foianet" "Hirek web analyizer bot (https://www.hirek.hu)"
193.91.67.68 - - [27/Mar/2022:11:41:16 +0200] "GET /new/en/news/starting-project-support-hungarian-non-profit-sector HTTP/1.1" 200 8080 "http://www.nosza.hu/new/en/news" "Hirek web analyizer bot (https://www.hirek.hu)"
193.91.67.68 - - [27/Mar/2022:11:41:19 +0200] "GET /new/en/news/2014 HTTP/1.1" 200 15657 "http://www.nosza.hu/new/en" "Hirek browserbot (https://www.hirek.hu)"
193.91.67.68 - - [27/Mar/2022:11:41:19 +0200] "GET /new/en/news/civil-society-organizations-%E2%80%93-social-organizations-%E2%80%93-civic-company-new-notions-introduced-new-c HTTP/1.1" 200 8329 "http://www.nosza.hu/new/en/news" "Hirek web analyizer bot (https://www.hirek.hu)"
193.91.67.68 - - [27/Mar/2022:11:41:20 +0200] "GET /new/node/91 HTTP/1.1" 200 8080 "http://www.nosza.hu/new/news" "Hirek crawler (https://www.hirek.hu)"
193.91.67.68 - - [27/Mar/2022:11:41:22 +0200] "GET /new/en/news/old-and-new-challenges-being-cso HTTP/1.1" 200 8071 "http://www.nosza.hu/new/en/news" "Hirek web analyizer bot (https://www.hirek.hu)"
193.91.67.68 - - [27/Mar/2022:11:41:25 +0200] "GET /new/en/news/training-materials-support-csos HTTP/1.1" 200 8120 "http://www.nosza.hu/new/en/news" "Hirek web analyizer bot (https://www.hirek.hu)"
193.91.67.68 - - [27/Mar/2022:11:41:25 +0200] "GET /new/rss.xml HTTP/1.1" 200 15715 "http://www.nosza.hu/new/" "Hirek crawler (https://www.hirek.hu)"
193.91.67.68 - - [27/Mar/2022:11:41:27 +0200] "GET /new/en/news/2016 HTTP/1.1" 200 15657 "http://www.nosza.hu/new/en" "Hirek browserbot (https://www.hirek.hu)"
193.91.67.68 - - [27/Mar/2022:11:41:29 +0200] "GET /new/en/news/association-laws-and-operation HTTP/1.1" 200 8093 "http://www.nosza.hu/new/en/news" "Hirek web analyizer bot (https://www.hirek.hu)"
193.91.67.68 - - [27/Mar/2022:11:41:30 +0200] "GET /new/dossziek HTTP/1.1" 200 9972 "http://www.nosza.hu/new/" "Hirek crawler (https://www.hirek.hu)"
193.91.67.68 - - [27/Mar/2022:11:41:33 +0200] "GET /new/dossziek/szolg%C3%A1ltat%C3%B3-civilek-0 HTTP/1.1" 200 9067 "http://www.nosza.hu/new/dossziek" "Hirek web analyizer bot (https://www.hirek.hu)"
193.91.67.68 - - [27/Mar/2022:11:41:34 +0200] "GET /new/en/news/2017 HTTP/1.1" 200 15657 "http://www.nosza.hu/new/en" "Hirek browserbot (https://www.hirek.hu)"
193.91.67.68 - - [27/Mar/2022:11:41:35 +0200] "GET /new/dossiers HTTP/1.1" 200 8543 "http://www.nosza.hu/new/en" "Hirek crawler (https://www.hirek.hu)"
193.91.67.68 - - [27/Mar/2022:11:41:38 +0200] "GET /new/dossziek/publikaciok HTTP/1.1" 200 8283 "http://www.nosza.hu/new/dossziek/szolg%C3%A1ltat%C3%B3-civilek-0" "Hirek web analyizer bot (https://www.hirek.hu)"
193.91.67.68 - - [27/Mar/2022:11:41:38 +0200] "GET /new/en/news/2018 HTTP/1.1" 200 15657 "http://www.nosza.hu/new/en" "Hirek browserbot (https://www.hirek.hu)"
193.91.67.68 - - [27/Mar/2022:11:41:39 +0200] "GET /new/node/117 HTTP/1.1" 200 8768 "http://www.nosza.hu/new/dossiers" "Hirek crawler (https://www.hirek.hu)"
193.91.67.68 - - [27/Mar/2022:11:41:43 +0200] "GET /new/dossziek/dossziek HTTP/1.1" 200 8028 "http://www.nosza.hu/new/dossziek/szolg%C3%A1ltat%C3%B3-civilek-0" "Hirek web analyizer bot (https://www.hirek.hu)"
193.91.67.68 - - [27/Mar/2022:11:41:43 +0200] "GET /new/dossziek/ HTTP/1.1" 200 10009 "http://www.nosza.hu/new/dossziek/szolg%C3%A1ltat%C3%B3-civilek-0" "Hirek crawler (https://www.hirek.hu)"
193.91.67.68 - - [27/Mar/2022:11:41:44 +0200] "GET /new/en/publications HTTP/1.1" 200 7784 "http://www.nosza.hu/new/en" "Hirek browserbot (https://www.hirek.hu)"
193.91.67.68 - - [27/Mar/2022:11:41:48 +0200] "GET /new/en/publications/civil-liberties-versus-radical-movements HTTP/1.1" 200 8605 "http://www.nosza.hu/new/en/publications" "Hirek web analyizer bot (https://www.hirek.hu)"
193.91.67.68 - - [27/Mar/2022:11:41:49 +0200] "GET /new/projektek HTTP/1.1" 200 17515 "http://www.nosza.hu/new/" "Hirek crawler (https://www.hirek.hu)"
193.91.67.68 - - [27/Mar/2022:11:41:49 +0200] "GET /new/en/publications/2008 HTTP/1.1" 200 7768 "http://www.nosza.hu/new/en" "Hirek browserbot (https://www.hirek.hu)"
193.91.67.68 - - [27/Mar/2022:11:41:54 +0200] "GET /new/en/projects HTTP/1.1" 200 7671 "http://www.nosza.hu/new/en" "Hirek browserbot (https://www.hirek.hu)"
193.91.67.68 - - [27/Mar/2022:11:41:56 +0200] "GET /new/projektek/civil-%C3%BAjs%C3%A1g%C3%ADr%C3%A1ssal-az-%C3%B6nkorm%C3%A1nzatok-%C3%A1tl%C3%A1that%C3%B3s%C3%A1g%C3%A1%C3%A9rt HTTP/1.1" 200 10729 "http://www.nosza.hu/new/projektek" "Hirek web analyizer bot (https://www.hirek.hu)"
193.91.67.68 - - [27/Mar/2022:11:41:56 +0200] "GET /new/magunkrol HTTP/1.1" 200 9675 "http://www.nosza.hu/new/" "Hirek crawler (https://www.hirek.hu)"
193.91.67.68 - - [27/Mar/2022:11:41:59 +0200] "GET /new/en/contact_us HTTP/1.1" 200 7267 "http://www.nosza.hu/new/en" "Hirek browserbot (https://www.hirek.hu)"
193.91.67.68 - - [27/Mar/2022:11:42:04 +0200] "GET /new/projektek/ HTTP/1.1" 200 17553 "http://www.nosza.hu/new/projektek/civil-%C3%BAjs%C3%A1g%C3%ADr%C3%A1ssal-az-%C3%B6nkorm%C3%A1nzatok-%C3%A1tl%C3%A1that%C3%B3s%C3%A1g%C3%A1%C3%A9rt" "Hirek crawler (https://www.hirek.hu)"
193.91.67.68 - - [27/Mar/2022:11:42:08 +0200] "GET /new/node/hirek HTTP/1.1" 404 7617 "http://www.nosza.hu/new/node/59" "Hirek crawler (https://www.hirek.hu)"
193.91.67.68 - - [27/Mar/2022:11:42:39 +0200] "GET /new/hirek/2019 HTTP/1.1" 200 16790 "http://www.nosza.hu/new/" "Hirek crawler (https://www.hirek.hu)"
193.91.67.68 - - [27/Mar/2022:11:42:45 +0200] "GET /new/hirek/ HTTP/1.1" 200 16812 "http://www.nosza.hu/new/hirek/2019" "Hirek crawler (https://www.hirek.hu)"
193.91.67.68 - - [27/Mar/2022:11:42:49 +0200] "GET /new/hirek/2018 HTTP/1.1" 200 16790 "http://www.nosza.hu/new/" "Hirek crawler (https://www.hirek.hu)"
193.91.67.68 - - [27/Mar/2022:11:42:55 +0200] "GET /new/hirek/2016 HTTP/1.1" 200 16790 "http://www.nosza.hu/new/" "Hirek crawler (https://www.hirek.hu)"
193.91.67.68 - - [27/Mar/2022:11:42:59 +0200] "GET /new/hirek/2014 HTTP/1.1" 200 16790 "http://www.nosza.hu/new/" "Hirek crawler (https://www.hirek.hu)"
193.91.67.68 - - [27/Mar/2022:11:43:06 +0200] "GET /new/hirek/2013 HTTP/1.1" 200 16790 "http://www.nosza.hu/new/" "Hirek crawler (https://www.hirek.hu)"
193.91.67.68 - - [27/Mar/2022:11:43:10 +0200] "GET /new/hirek/2010 HTTP/1.1" 200 16790 "http://www.nosza.hu/new/" "Hirek crawler (https://www.hirek.hu)"
193.91.67.68 - - [27/Mar/2022:11:43:14 +0200] "GET /new/hirek/2009 HTTP/1.1" 200 16790 "http://www.nosza.hu/new/" "Hirek crawler (https://www.hirek.hu)"
51.222.253.8 - - [27/Mar/2022:11:49:31 +0200] "GET /robots.txt HTTP/1.1" 404 1181 "-" "Mozilla/5.0 (compatible; AhrefsBot/7.0; +http://ahrefs.com/robot/)"
54.36.148.194 - - [27/Mar/2022:11:49:32 +0200] "GET / HTTP/1.1" 200 1010 "-" "Mozilla/5.0 (compatible; AhrefsBot/7.0; +http://ahrefs.com/robot/)"
150.158.92.96 - - [27/Mar/2022:11:56:13 +0200] "GET /xmlrpc.php HTTP/1.1" 404 1181 "-" "Mozilla/5.0 (Windows NT 6.1; WOW64; rv:45.0) Gecko/20100101 Firefox/45.0"
193.91.67.68 - - [27/Mar/2022:11:58:39 +0200] "GET /new/hirek/hirek HTTP/1.1" 200 16842 "http://www.nosza.hu/new/hirek/2009" "Hirek crawler (https://www.hirek.hu)"
193.91.67.68 - - [27/Mar/2022:11:58:42 +0200] "GET /new/hirek/hirek?page=1 HTTP/1.1" 200 14208 "http://www.nosza.hu/new/hirek/hirek" "Hirek web analyizer bot (https://www.hirek.hu)"
193.91.67.68 - - [27/Mar/2022:11:58:50 +0200] "GET /new/elerhetoseg HTTP/1.1" 200 8052 "http://www.nosza.hu/new/projektek/civil-%C3%BAjs%C3%A1g%C3%ADr%C3%A1ssal-az-%C3%B6nkorm%C3%A1nzatok-%C3%A1tl%C3%A1that%C3%B3s%C3%A1g%C3%A1%C3%A9rt" "Hirek crawler (https://www.hirek.hu)"
193.91.67.68 - - [27/Mar/2022:11:58:54 +0200] "GET /new/publikaciok HTTP/1.1" 200 11778 "http://www.nosza.hu/new/projektek/civil-%C3%BAjs%C3%A1g%C3%ADr%C3%A1ssal-az-%C3%B6nkorm%C3%A1nzatok-%C3%A1tl%C3%A1that%C3%B3s%C3%A1g%C3%A1%C3%A9rt" "Hirek crawler (https://www.hirek.hu)"
193.91.67.68 - - [27/Mar/2022:11:58:56 +0200] "GET /new/publikaciok/cnny-hatodik-jelent%C3%A9se-nemzeti-strat%C3%A9giai-anyagok-tervez%C3%A9s%C3%A9nek-nyilv%C3%A1noss%C3%A1g%C3%A1r%C3%B3l HTTP/1.1" 200 8894 "http://www.nosza.hu/new/publikaciok" "Hirek web analyizer bot (https://www.hirek.hu)"
193.91.67.68 - - [27/Mar/2022:11:59:01 +0200] "GET /new/publikaciok/publikaciok HTTP/1.1" 200 8189 "http://www.nosza.hu/new/publikaciok/cnny-hatodik-jelent%C3%A9se-nemzeti-strat%C3%A9giai-anyagok-tervez%C3%A9s%C3%A9nek-nyilv%C3%A1noss%C3%A1g%C3%A1r%C3%B3l" "Hirek web analyizer bot (https://www.hirek.hu)"
212.237.23.143 - - [27/Mar/2022:11:59:28 +0200] "HEAD / HTTP/1.1" 200 0 "-" "Alert_Alligator_webmonitoring_service_1.6.4_(alertalligator.com)"
54.36.148.194 - - [27/Mar/2022:12:00:25 +0200] "GET /new/hirek/2019 HTTP/1.1" 200 16790 "-" "Mozilla/5.0 (compatible; AhrefsBot/7.0; +http://ahrefs.com/robot/)"
54.36.148.194 - - [27/Mar/2022:12:10:52 +0200] "GET /new/hirek/2018 HTTP/1.1" 200 16790 "-" "Mozilla/5.0 (compatible; AhrefsBot/7.0; +http://ahrefs.com/robot/)"
54.36.148.194 - - [27/Mar/2022:12:31:18 +0200] "GET /new/publikaciok/2009 HTTP/1.1" 200 9172 "-" "Mozilla/5.0 (compatible; AhrefsBot/7.0; +http://ahrefs.com/robot/)"
87.250.224.6 - - [27/Mar/2022:12:37:54 +0200] "GET /new/node/59 HTTP/1.1" 200 8347 "-" "Mozilla/5.0 (compatible; YandexBot/3.0; +http://yandex.com/bots)"
54.36.148.194 - - [27/Mar/2022:12:42:16 +0200] "GET /aktualis/012autopalya/index.html HTTP/1.1" 200 7450 "-" "Mozilla/5.0 (compatible; AhrefsBot/7.0; +http://ahrefs.com/robot/)"
185.191.171.45 - - [27/Mar/2022:12:49:06 +0200] "GET /robots.txt HTTP/1.1" 404 1181 "-" "Mozilla/5.0 (compatible; SemrushBot/7~bl; +http://www.semrush.com/bot.html)"
185.191.171.6 - - [27/Mar/2022:12:49:06 +0200] "GET /index.html HTTP/1.1" 200 1010 "-" "Mozilla/5.0 (compatible; SemrushBot/7~bl; +http://www.semrush.com/bot.html)"
54.36.148.194 - - [27/Mar/2022:12:53:58 +0200] "GET /new/hirek/nosza-egyes%C3%BClet-m%C3%A1t%C3%B3l-hivatalosan-freedom-information-advocates-network-foianet-tagja HTTP/1.1" 200 9113 "-" "Mozilla/5.0 (compatible; AhrefsBot/7.0; +http://ahrefs.com/robot/)"
185.191.171.5 - - [27/Mar/2022:12:54:37 +0200] "GET /new/en/about_us/our_staff HTTP/1.1" 200 8901 "-" "Mozilla/5.0 (compatible; SemrushBot/7~bl; +http://www.semrush.com/bot.html)"
49.12.13.109 - - [27/Mar/2022:12:58:39 +0200] "HEAD / HTTP/1.1" 200 0 "-" "Alert_Alligator_webmonitoring_service_1.6.3_(alertalligator.com)"
208.109.36.200 - - [27/Mar/2022:13:13:17 +0200] "GET /wp-admin/css/ HTTP/1.1" 404 1181 "binance.com" "Mozilla/5.0 (Windows NT 10.0; Win64; x64) AppleWebKit/537.36 (KHTML, like Gecko) Chrome/90.0.4430.85 Safari/537.36"
208.109.36.200 - - [27/Mar/2022:13:13:41 +0200] "GET /.well-known/ HTTP/1.1" 404 1181 "binance.com" "Mozilla/5.0 (Windows NT 10.0; Win64; x64) AppleWebKit/537.36 (KHTML, like Gecko) Chrome/90.0.4430.85 Safari/537.36"
208.109.36.200 - - [27/Mar/2022:13:13:57 +0200] "GET /sites/default/files/ HTTP/1.1" 404 1181 "binance.com" "Mozilla/5.0 (Windows NT 10.0; Win64; x64) AppleWebKit/537.36 (KHTML, like Gecko) Chrome/90.0.4430.85 Safari/537.36"
208.109.36.200 - - [27/Mar/2022:13:14:16 +0200] "GET /admin/controller/extension/extension/ HTTP/1.1" 404 1181 "binance.com" "Mozilla/5.0 (Windows NT 10.0; Win64; x64) AppleWebKit/537.36 (KHTML, like Gecko) Chrome/90.0.4430.85 Safari/537.36"
208.109.36.200 - - [27/Mar/2022:13:14:37 +0200] "GET /uploads/ HTTP/1.1" 404 1181 "binance.com" "Mozilla/5.0 (Windows NT 10.0; Win64; x64) AppleWebKit/537.36 (KHTML, like Gecko) Chrome/90.0.4430.85 Safari/537.36"
208.109.36.200 - - [27/Mar/2022:13:15:02 +0200] "GET /images/ HTTP/1.1" 403 1172 "binance.com" "Mozilla/5.0 (Windows NT 10.0; Win64; x64) AppleWebKit/537.36 (KHTML, like Gecko) Chrome/90.0.4430.85 Safari/537.36"
54.36.148.194 - - [27/Mar/2022:13:17:03 +0200] "GET /new/hirek/hirek HTTP/1.1" 200 16842 "-" "Mozilla/5.0 (compatible; AhrefsBot/7.0; +http://ahrefs.com/robot/)"
185.191.171.17 - - [27/Mar/2022:13:32:40 +0200] "GET /new/content/publikaciok HTTP/1.1" 404 7640 "-" "Mozilla/5.0 (compatible; SemrushBot/7~bl; +http://www.semrush.com/bot.html)"
54.36.148.194 - - [27/Mar/2022:13:46:06 +0200] "GET /new/magunkrol/tagjaink HTTP/1.1" 200 16672 "-" "Mozilla/5.0 (compatible; AhrefsBot/7.0; +http://ahrefs.com/robot/)"
20.25.30.215 - - [27/Mar/2022:13:47:22 +0200] "GET /.env HTTP/1.1" 404 1181 "-" "Mozilla/5.0 (Macintosh; Intel Mac OS X 10.15; rv:77.0) Gecko/20100101 Firefox/77.0"
212.237.23.143 - - [27/Mar/2022:13:58:21 +0200] "HEAD / HTTP/1.1" 200 0 "-" "Alert_Alligator_webmonitoring_service_1.6.4_(alertalligator.com)"
54.36.148.194 - - [27/Mar/2022:14:19:54 +0200] "GET /new/hirek/hirek?page=1 HTTP/1.1" 200 14208 "-" "Mozilla/5.0 (compatible; AhrefsBot/7.0; +http://ahrefs.com/robot/)"
35.195.171.208 - - [27/Mar/2022:14:30:38 +0200] "GET / HTTP/1.1" 200 1010 "-" "Mozilla/5.0 (Windows NT 10.0; Win64; x64) AppleWebKit/537.36 (KHTML, like Gecko) Chrome/84.0.4147.105 Safari/537.36"
193.106.191.112 - - [27/Mar/2022:14:52:54 +0200] "POST /wp-includes/shell20211028.php HTTP/1.1" 404 1181 "-" "Mozilla/5.0 (Windows NT 10.0; Win64; x64; rv:67.0) Gecko/20100101 Firefox/67.0"
49.12.13.109 - - [27/Mar/2022:14:57:21 +0200] "HEAD / HTTP/1.1" 200 0 "-" "Alert_Alligator_webmonitoring_service_1.6.3_(alertalligator.com)"
54.36.148.194 - - [27/Mar/2022:15:16:31 +0200] "GET /new/projektek/Nyitott%20jogalkot%C3%A1s HTTP/1.1" 200 9728 "-" "Mozilla/5.0 (compatible; AhrefsBot/7.0; +http://ahrefs.com/robot/)"
54.87.190.148 - - [27/Mar/2022:15:22:42 +0200] "GET /.env HTTP/1.1" 404 1181 "-" "Mozilla/5.0 (Windows NT 6.1) AppleWebKit/537.36 (KHTML, like Gecko) Chrome/86.0.4240.183 Safari/537.36"
54.87.190.148 - - [27/Mar/2022:15:22:42 +0200] "GET /conf/.env HTTP/1.1" 404 1181 "-" "Mozilla/5.0 (Windows NT 6.1) AppleWebKit/537.36 (KHTML, like Gecko) Chrome/86.0.4240.183 Safari/537.36"
54.87.190.148 - - [27/Mar/2022:15:22:43 +0200] "GET /wp-content/.env HTTP/1.1" 404 1181 "-" "Mozilla/5.0 (Windows NT 6.1) AppleWebKit/537.36 (KHTML, like Gecko) Chrome/86.0.4240.183 Safari/537.36"
54.87.190.148 - - [27/Mar/2022:15:22:43 +0200] "GET /wp-admin/.env HTTP/1.1" 404 1181 "-" "Mozilla/5.0 (Windows NT 6.1) AppleWebKit/537.36 (KHTML, like Gecko) Chrome/86.0.4240.183 Safari/537.36"
54.87.190.148 - - [27/Mar/2022:15:22:43 +0200] "GET /library/.env HTTP/1.1" 404 1181 "-" "Mozilla/5.0 (Windows NT 6.1) AppleWebKit/537.36 (KHTML, like Gecko) Chrome/86.0.4240.183 Safari/537.36"
54.87.190.148 - - [27/Mar/2022:15:22:50 +0200] "GET /new/.env HTTP/1.1" 404 7460 "-" "Mozilla/5.0 (Windows NT 6.1) AppleWebKit/537.36 (KHTML, like Gecko) Chrome/86.0.4240.183 Safari/537.36"
185.191.171.37 - - [27/Mar/2022:15:25:36 +0200] "GET /robots.txt HTTP/1.1" 404 1181 "-" "Mozilla/5.0 (compatible; SemrushBot/7~bl; +http://www.semrush.com/bot.html)"
185.191.171.34 - - [27/Mar/2022:15:25:40 +0200] "GET /new/hirek/2014?page=1 HTTP/1.1" 200 14140 "-" "Mozilla/5.0 (compatible; SemrushBot/7~bl; +http://www.semrush.com/bot.html)"
207.46.13.168 - - [27/Mar/2022:15:26:01 +0200] "GET /galateia.css HTTP/1.1" 200 1717 "-" "Mozilla/5.0 (compatible; bingbot/2.0; +http://www.bing.com/bingbot.htm)"
212.237.51.151 - - [27/Mar/2022:15:38:25 +0200] "HEAD / HTTP/1.1" 200 0 "-" "Alert_Alligator_webmonitoring_service_1.6.4_(alertalligator.com)"
106.75.225.174 - - [27/Mar/2022:15:39:11 +0200] "GET / HTTP/1.1" 200 1010 "-" "Dalvik/2.1.0 (Linux; U; Android 9.0; ZTE BA520 Build/MRA58K)"
106.75.225.174 - - [27/Mar/2022:15:39:22 +0200] "GET / HTTP/1.1" 200 1010 "-" "Mozilla/5.0 (Macintosh; Intel Mac OS X 10_11) AppleWebKit/601.1.27 (KHTML, like Gecko) Chrome/47.0.2526.106 Safari/601.1.27"
106.75.225.174 - - [27/Mar/2022:15:39:26 +0200] "GET /favicon.ico HTTP/1.1" 404 1181 "-" "Dalvik/2.1.0 (Linux; U; Android 9.0; ZTE BA520 Build/MRA58K)"
37.76.25.173 - - [27/Mar/2022:15:47:50 +0200] "GET /galateia.css HTTP/1.1" 200 1717 "http://www.nosza.hu/kutat/REVkutatas/3gazdalkodas/index.html" "Mozilla/5.0 (iPhone; CPU iPhone OS 15_3_1 like Mac OS X) AppleWebKit/605.1.15 (KHTML, like Gecko) Version/15.3 Mobile/15E148 Safari/604.1"
37.76.25.173 - - [27/Mar/2022:15:47:50 +0200] "GET /graphics/noszalogo.gif HTTP/1.1" 200 6797 "http://www.nosza.hu/kutat/REVkutatas/3gazdalkodas/index.html" "Mozilla/5.0 (iPhone; CPU iPhone OS 15_3_1 like Mac OS X) AppleWebKit/605.1.15 (KHTML, like Gecko) Version/15.3 Mobile/15E148 Safari/604.1"
37.76.25.173 - - [27/Mar/2022:15:47:50 +0200] "GET /kutat/REVkutatas/3gazdalkodas/index.html HTTP/1.1" 200 88137 "https://www.google.hu/" "Mozilla/5.0 (iPhone; CPU iPhone OS 15_3_1 like Mac OS X) AppleWebKit/605.1.15 (KHTML, like Gecko) Version/15.3 Mobile/15E148 Safari/604.1"
37.76.25.173 - - [27/Mar/2022:15:47:50 +0200] "GET /graphics/galas.gif HTTP/1.1" 200 913 "http://www.nosza.hu/kutat/REVkutatas/3gazdalkodas/index.html" "Mozilla/5.0 (iPhone; CPU iPhone OS 15_3_1 like Mac OS X) AppleWebKit/605.1.15 (KHTML, like Gecko) Version/15.3 Mobile/15E148 Safari/604.1"
37.76.25.173 - - [27/Mar/2022:15:47:50 +0200] "GET /favicon.ico HTTP/1.1" 404 1181 "http://www.nosza.hu/kutat/REVkutatas/3gazdalkodas/index.html" "Mozilla/5.0 (iPhone; CPU iPhone OS 15_3_1 like Mac OS X) AppleWebKit/605.1.15 (KHTML, like Gecko) Version/15.3 Mobile/15E148 Safari/604.1"
79.114.174.227 - - [27/Mar/2022:15:53:22 +0200] "GET /molnar.dbk.pdf HTTP/1.1" 200 590452 "https://www.google.com/" "Mozilla/5.0 (Macintosh; Intel Mac OS X 10_15_7) AppleWebKit/537.36 (KHTML, like Gecko) Chrome/99.0.4844.83 Safari/537.36"
66.249.64.19 - - [27/Mar/2022:16:15:47 +0200] "GET /robots.txt HTTP/1.1" 404 1181 "-" "Mozilla/5.0 (compatible; Googlebot/2.1; +http://www.google.com/bot.html)"
66.249.64.18 - - [27/Mar/2022:16:15:48 +0200] "GET /kutat/REVkutatas/1gazdasag/index.html HTTP/1.1" 304 - "-" "Mozilla/5.0 (Linux; Android 6.0.1; Nexus 5X Build/MMB29P) AppleWebKit/537.36 (KHTML, like Gecko) Chrome/99.0.4844.82 Mobile Safari/537.36 (compatible; Googlebot/2.1; +http://www.google.com/bot.html)"
27.19.195.45 - - [27/Mar/2022:16:16:51 +0200] "HEAD / HTTP/1.1" 200 0 "-" "curl/7.29.0"
49.12.13.109 - - [27/Mar/2022:16:37:35 +0200] "HEAD / HTTP/1.1" 200 0 "-" "Alert_Alligator_webmonitoring_service_1.6.3_(alertalligator.com)"
40.77.167.57 - - [27/Mar/2022:16:46:07 +0200] "GET /konferenciak/041memo/index.html HTTP/1.1" 200 34889 "-" "Mozilla/5.0 (compatible; bingbot/2.0; +http://www.bing.com/bingbot.htm)"
54.36.148.135 - - [27/Mar/2022:16:53:49 +0200] "GET /robots.txt HTTP/1.1" 404 1181 "-" "Mozilla/5.0 (compatible; AhrefsBot/7.0; +http://ahrefs.com/robot/)"
54.36.148.194 - - [27/Mar/2022:16:53:56 +0200] "GET /new/hirek/2013 HTTP/1.1" 200 16790 "-" "Mozilla/5.0 (compatible; AhrefsBot/7.0; +http://ahrefs.com/robot/)"
114.119.136.141 - - [27/Mar/2022:17:27:54 +0200] "GET /halozatok/JMCS/memo/07/index.html HTTP/1.1" 200 16609 "-" "Mozilla/5.0 (Linux; Android 7.0;) AppleWebKit/537.36 (KHTML, like Gecko) Mobile Safari/537.36 (compatible; PetalBot;+https://webmaster.petalsearch.com/site/petalbot)"
49.12.13.109 - - [27/Mar/2022:17:36:41 +0200] "HEAD / HTTP/1.1" 200 0 "-" "Alert_Alligator_webmonitoring_service_1.6.3_(alertalligator.com)"
54.36.148.194 - - [27/Mar/2022:18:07:12 +0200] "GET /new/en/about_us/supporters HTTP/1.1" 200 11066 "-" "Mozilla/5.0 (compatible; AhrefsBot/7.0; +http://ahrefs.com/robot/)"
54.36.148.194 - - [27/Mar/2022:18:22:26 +0200] "GET /new/projektek/Menedzsment%20tr%C3%A9ning HTTP/1.1" 200 9363 "-" "Mozilla/5.0 (compatible; AhrefsBot/7.0; +http://ahrefs.com/robot/)"
212.237.53.115 - - [27/Mar/2022:18:28:33 +0200] "HEAD / HTTP/1.1" 200 0 "-" "Alert_Alligator_webmonitoring_service_1.6.4_(alertalligator.com)"
185.191.171.25 - - [27/Mar/2022:18:47:28 +0200] "GET /robots.txt HTTP/1.1" 404 1181 "-" "Mozilla/5.0 (compatible; SemrushBot/7~bl; +http://www.semrush.com/bot.html)"
185.191.171.34 - - [27/Mar/2022:18:47:34 +0200] "GET /new/projektek/Civil%20%C3%BAjs%C3%A1g%C3%ADr%C3%A1s HTTP/1.1" 200 9236 "-" "Mozilla/5.0 (compatible; SemrushBot/7~bl; +http://www.semrush.com/bot.html)"
54.36.148.194 - - [27/Mar/2022:18:55:54 +0200] "GET /new/en/news/2017 HTTP/1.1" 200 15657 "-" "Mozilla/5.0 (compatible; AhrefsBot/7.0; +http://ahrefs.com/robot/)"
207.46.13.168 - - [27/Mar/2022:19:04:33 +0200] "GET / HTTP/1.1" 200 1010 "-" "Mozilla/5.0 (compatible; bingbot/2.0; +http://www.bing.com/bingbot.htm)"
185.83.144.103 - - [27/Mar/2022:19:05:52 +0200] "GET /.aws/.env HTTP/1.1" 404 1181 "-" "Mozilla/5.0 (X11; Linux x86_64) AppleWebKit/537.36 (KHTML, like Gecko) Chrome/81.0.4044.129 Safari/537.36"
212.237.53.115 - - [27/Mar/2022:19:21:03 +0200] "HEAD / HTTP/1.1" 200 0 "-" "Alert_Alligator_webmonitoring_service_1.6.4_(alertalligator.com)"
54.36.148.194 - - [27/Mar/2022:19:27:42 +0200] "GET /new/publikaciok/2008 HTTP/1.1" 200 9395 "-" "Mozilla/5.0 (compatible; AhrefsBot/7.0; +http://ahrefs.com/robot/)"
54.36.148.194 - - [27/Mar/2022:19:58:49 +0200] "GET /new/hirek/szabads%C3%A1gjogok-%C3%A9s-sz%C3%A9ls%C5%91s%C3%A9ges-politikai-mozgalmak-k%C3%B6rnyez%C5%91-orsz%C3%A1gokban HTTP/1.1" 200 13935 "-" "Mozilla/5.0 (compatible; AhrefsBot/7.0; +http://ahrefs.com/robot/)"
101.43.118.245 - - [27/Mar/2022:19:59:43 +0200] "GET / HTTP/1.1" 200 1010 "-" "Mozilla/5.0 (Windows NT 10.0; WOW64) AppleWebKit/537.36 (KHTML, like Gecko) Chrome/63.0.3239.132 Safari/537.36"
212.237.23.143 - - [27/Mar/2022:20:11:18 +0200] "HEAD / HTTP/1.1" 200 0 "-" "Alert_Alligator_webmonitoring_service_1.6.4_(alertalligator.com)"
1.14.191.213 - - [27/Mar/2022:20:25:10 +0200] "GET /xmlrpc.php HTTP/1.1" 404 1181 "-" "Mozilla/5.0 (Windows NT 6.1; WOW64; rv:45.0) Gecko/20100101 Firefox/45.0"
54.36.148.194 - - [27/Mar/2022:20:52:53 +0200] "GET / HTTP/1.1" 200 1010 "-" "Mozilla/5.0 (compatible; AhrefsBot/7.0; +http://ahrefs.com/robot/)"
49.12.13.109 - - [27/Mar/2022:21:10:20 +0200] "HEAD / HTTP/1.1" 200 0 "-" "Alert_Alligator_webmonitoring_service_1.6.3_(alertalligator.com)"
185.191.171.41 - - [27/Mar/2022:21:29:31 +0200] "GET /robots.txt HTTP/1.1" 404 1181 "-" "Mozilla/5.0 (compatible; SemrushBot/7~bl; +http://www.semrush.com/bot.html)"
185.191.171.40 - - [27/Mar/2022:21:29:31 +0200] "GET /3kutat/REVkutatas/4projektek/index.html HTTP/1.1" 200 69101 "-" "Mozilla/5.0 (compatible; SemrushBot/7~bl; +http://www.semrush.com/bot.html)"
212.237.51.151 - - [27/Mar/2022:21:53:02 +0200] "HEAD / HTTP/1.1" 200 0 "-" "Alert_Alligator_webmonitoring_service_1.6.4_(alertalligator.com)"
185.191.171.41 - - [27/Mar/2022:21:53:10 +0200] "GET /3kutat/REVkutatas/2menedzsment/index.html HTTP/1.1" 200 146149 "-" "Mozilla/5.0 (compatible; SemrushBot/7~bl; +http://www.semrush.com/bot.html)"
185.191.171.35 - - [27/Mar/2022:21:58:40 +0200] "GET /robots.txt HTTP/1.1" 404 1181 "-" "Mozilla/5.0 (compatible; SemrushBot/7~bl; +http://www.semrush.com/bot.html)"
185.191.171.17 - - [27/Mar/2022:21:58:41 +0200] "GET /aktualis/1gyikNCA/index.html HTTP/1.1" 200 22264 "-" "Mozilla/5.0 (compatible; SemrushBot/7~bl; +http://www.semrush.com/bot.html)"
211.55.181.203 - - [27/Mar/2022:22:24:11 +0200] "GET /license.txt HTTP/1.1" 404 1181 "-" "Mozilla/5.0 (X11; Ubuntu; Linux x86_64; rv:62.0) Gecko/20100101 Firefox/62.0"
185.191.34.215 - - [27/Mar/2022:22:32:38 +0200] "POST /wp-admin/sistem.php HTTP/1.1" 404 1181 "-" "Mozilla/5.0 (Macintosh; Intel Mac OS X 10.14; rv:68.0) Gecko/20100101 Firefox/68.0"
54.36.148.194 - - [27/Mar/2022:22:33:01 +0200] "GET /konferenciak/2konferencia/1program/index.html HTTP/1.1" 200 23358 "-" "Mozilla/5.0 (compatible; AhrefsBot/7.0; +http://ahrefs.com/robot/)"
60.222.242.150 - - [27/Mar/2022:22:40:29 +0200] "GET / HTTP/1.1" 200 1010 "-" "Mozilla/5.0 (Windows NT 10.0; Win64; x64) AppleWebKit/537.36 (KHTML, like Gecko) Chrome/85.0.4183.121 Safari/537.36"
49.12.13.109 - - [27/Mar/2022:22:52:09 +0200] "HEAD / HTTP/1.1" 200 0 "-" "Alert_Alligator_webmonitoring_service_1.6.3_(alertalligator.com)"
212.237.51.151 - - [27/Mar/2022:23:35:09 +0200] "HEAD / HTTP/1.1" 200 0 "-" "Alert_Alligator_webmonitoring_service_1.6.4_(alertalligator.com)"
17.121.114.152 - - [27/Mar/2022:23:41:40 +0200] "GET /new/en/about_us/links HTTP/1.1" 200 7851 "-" "Mozilla/5.0 (Macintosh; Intel Mac OS X 10_15_5) AppleWebKit/605.1.15 (KHTML, like Gecko) Version/13.1.1 Safari/605.1.15 (Applebot/0.1; +http://www.apple.com/go/applebot)"
150.158.101.26 - - [27/Mar/2022:23:55:10 +0200] "GET /xmlrpc.php HTTP/1.1" 404 1181 "-" "Mozilla/5.0 (Windows NT 6.1; WOW64; rv:45.0) Gecko/20100101 Firefox/45.0"
185.191.171.17 - - [27/Mar/2022:23:56:39 +0200] "GET /robots.txt HTTP/1.1" 404 1181 "-" "Mozilla/5.0 (compatible; SemrushBot/7~bl; +http://www.semrush.com/bot.html)"
185.191.171.37 - - [27/Mar/2022:23:56:39 +0200] "GET /3kutat/REVkutatas/6level/index.html HTTP/1.1" 200 18798 "-" "Mozilla/5.0 (compatible; SemrushBot/7~bl; +http://www.semrush.com/bot.html)"
212.237.23.143 - - [28/Mar/2022:00:29:39 +0200] "HEAD / HTTP/1.1" 200 0 "-" "Alert_Alligator_webmonitoring_service_1.6.4_(alertalligator.com)"
54.36.148.194 - - [28/Mar/2022:00:34:04 +0200] "GET /halozatok/muhely/belepes/index.html HTTP/1.1" 200 4602 "-" "Mozilla/5.0 (compatible; AhrefsBot/7.0; +http://ahrefs.com/robot/)"
212.237.53.115 - - [28/Mar/2022:01:25:09 +0200] "HEAD / HTTP/1.1" 200 0 "-" "Alert_Alligator_webmonitoring_service_1.6.4_(alertalligator.com)"
91.233.21.70 - - [28/Mar/2022:01:45:08 +0200] "GET /.well-known/pki-validation/1F119186039FF00459D59289451C9B59.txt HTTP/1.1" 404 1181 "-" "COMODO DCV"
91.233.21.70 - - [28/Mar/2022:01:45:08 +0200] "GET /.well-known/pki-validation/724A7D7A1A2AAF13054BC863F76AD462.txt HTTP/1.1" 404 1181 "-" "COMODO DCV"
34.220.134.193 - - [28/Mar/2022:02:05:14 +0200] "GET / HTTP/1.1" 200 1010 "-" "Mozilla/5.0 (X11; Linux x86_64) AppleWebKit/537.36 (KHTML, like Gecko) Chrome/83.0.4103.97 Safari/537.36"
54.190.6.41 - - [28/Mar/2022:02:06:45 +0200] "GET /favicon.ico HTTP/1.1" 404 1181 "-" "Mozilla/5.0 (X11; Linux x86_64) AppleWebKit/537.36 (KHTML, like Gecko) Chrome/83.0.4103.97 Safari/537.36"
54.190.6.41 - - [28/Mar/2022:02:06:45 +0200] "GET / HTTP/1.1" 200 1010 "-" "Mozilla/5.0 (X11; Linux x86_64) AppleWebKit/537.36 (KHTML, like Gecko) Chrome/83.0.4103.97 Safari/537.36"
54.36.148.194 - - [28/Mar/2022:02:08:17 +0200] "GET /new/hirek/dossziek HTTP/1.1" 200 16979 "-" "Mozilla/5.0 (compatible; AhrefsBot/7.0; +http://ahrefs.com/robot/)"
88.99.238.79 - - [28/Mar/2022:02:17:04 +0200] "GET /ads.txt HTTP/1.0" 404 1181 "-" "Mozilla/5.0 (Windows NT 10.0; Win64; x64; rv:86.0) Gecko/20100101 Firefox/86.0"
34.221.192.127 - - [28/Mar/2022:02:19:21 +0200] "GET /favicon.ico HTTP/1.1" 404 1181 "-" "Mozilla/5.0 (X11; Linux x86_64) AppleWebKit/537.36 (KHTML, like Gecko) Chrome/83.0.4103.97 Safari/537.36"
34.221.192.127 - - [28/Mar/2022:02:19:22 +0200] "GET / HTTP/1.1" 200 1010 "-" "Mozilla/5.0 (X11; Linux x86_64) AppleWebKit/537.36 (KHTML, like Gecko) Chrome/83.0.4103.97 Safari/537.36"
34.221.192.127 - - [28/Mar/2022:02:19:29 +0200] "GET /favicon.ico HTTP/1.1" 404 1181 "-" "Mozilla/5.0 (X11; Linux x86_64) AppleWebKit/537.36 (KHTML, like Gecko) Chrome/83.0.4103.97 Safari/537.36"
34.221.192.127 - - [28/Mar/2022:02:19:29 +0200] "GET / HTTP/1.1" 200 1010 "-" "Mozilla/5.0 (X11; Linux x86_64) AppleWebKit/537.36 (KHTML, like Gecko) Chrome/83.0.4103.97 Safari/537.36"
54.184.222.86 - - [28/Mar/2022:02:22:11 +0200] "GET /favicon.ico HTTP/1.1" 404 1181 "-" "Mozilla/5.0 (X11; Linux x86_64) AppleWebKit/537.36 (KHTML, like Gecko) Chrome/83.0.4103.97 Safari/537.36"
54.184.222.86 - - [28/Mar/2022:02:22:14 +0200] "GET / HTTP/1.1" 200 1010 "-" "Mozilla/5.0 (X11; Linux x86_64) AppleWebKit/537.36 (KHTML, like Gecko) Chrome/83.0.4103.97 Safari/537.36"
49.12.13.109 - - [28/Mar/2022:02:25:09 +0200] "HEAD / HTTP/1.1" 200 0 "-" "Alert_Alligator_webmonitoring_service_1.6.3_(alertalligator.com)"
17.121.114.199 - - [28/Mar/2022:03:09:19 +0200] "GET /robots.txt HTTP/1.1" 404 1181 "-" "Mozilla/5.0 (Macintosh; Intel Mac OS X 10_15_5) AppleWebKit/605.1.15 (KHTML, like Gecko) Version/13.1.1 Safari/605.1.15 (Applebot/0.1; +http://www.apple.com/go/applebot)"
17.121.114.199 - - [28/Mar/2022:03:09:24 +0200] "GET /new/rss.xml HTTP/1.1" 200 15715 "-" "Mozilla/5.0 (Macintosh; Intel Mac OS X 10_15_5) AppleWebKit/605.1.15 (KHTML, like Gecko) Version/13.1.1 Safari/605.1.15 (Applebot/0.1; +http://www.apple.com/go/applebot)"
49.12.13.109 - - [28/Mar/2022:03:24:13 +0200] "HEAD / HTTP/1.1" 200 0 "-" "Alert_Alligator_webmonitoring_service_1.6.3_(alertalligator.com)"
54.36.148.194 - - [28/Mar/2022:03:34:25 +0200] "GET /halozatok/muhely/tagok/index.html HTTP/1.1" 200 25134 "-" "Mozilla/5.0 (compatible; AhrefsBot/7.0; +http://ahrefs.com/robot/)"
212.237.53.115 - - [28/Mar/2022:04:15:47 +0200] "HEAD / HTTP/1.1" 200 0 "-" "Alert_Alligator_webmonitoring_service_1.6.4_(alertalligator.com)"
54.36.148.194 - - [28/Mar/2022:04:21:16 +0200] "GET / HTTP/1.1" 200 1010 "-" "Mozilla/5.0 (compatible; AhrefsBot/7.0; +http://ahrefs.com/robot/)"
54.36.148.194 - - [28/Mar/2022:04:50:19 +0200] "GET /new/hirek/dossziek?page=1 HTTP/1.1" 200 14342 "-" "Mozilla/5.0 (compatible; AhrefsBot/7.0; +http://ahrefs.com/robot/)"
212.237.51.151 - - [28/Mar/2022:04:56:49 +0200] "HEAD / HTTP/1.1" 200 0 "-" "Alert_Alligator_webmonitoring_service_1.6.4_(alertalligator.com)"
185.191.171.21 - - [28/Mar/2022:05:13:39 +0200] "GET /robots.txt HTTP/1.1" 404 1181 "-" "Mozilla/5.0 (compatible; SemrushBot/7~bl; +http://www.semrush.com/bot.html)"
185.191.171.44 - - [28/Mar/2022:05:13:41 +0200] "GET /new/en/news/2017 HTTP/1.1" 200 15657 "-" "Mozilla/5.0 (compatible; SemrushBot/7~bl; +http://www.semrush.com/bot.html)"
51.222.253.9 - - [28/Mar/2022:05:20:43 +0200] "GET /robots.txt HTTP/1.1" 404 1181 "-" "Mozilla/5.0 (compatible; AhrefsBot/7.0; +http://ahrefs.com/robot/)"
54.36.148.194 - - [28/Mar/2022:05:20:45 +0200] "GET /konferenciak/2konferencia/2resztvevok/index.html HTTP/1.1" 200 150584 "-" "Mozilla/5.0 (compatible; AhrefsBot/7.0; +http://ahrefs.com/robot/)"
40.77.167.57 - - [28/Mar/2022:05:24:19 +0200] "GET /aktualis/ajogisegitseg/index.html HTTP/1.1" 304 - "-" "Mozilla/5.0 (compatible; bingbot/2.0; +http://www.bing.com/bingbot.htm)"
212.237.51.151 - - [28/Mar/2022:05:38:42 +0200] "HEAD / HTTP/1.1" 200 0 "-" "Alert_Alligator_webmonitoring_service_1.6.4_(alertalligator.com)"
49.234.47.214 - - [28/Mar/2022:06:01:47 +0200] "GET / HTTP/1.1" 200 1010 "-" "Mozilla/5.0 (Linux; Android 6.0; Nexus 5 Build/MRA58N) AppleWebKit/537.36 (KHTML, like Gecko) Chrome/81.0.4044.138 Mobile Safari/537.36"
49.234.47.214 - - [28/Mar/2022:06:08:25 +0200] "GET / HTTP/1.1" 200 1010 "-" "Mozilla/5.0 (Linux; Android 6.0; Nexus 5 Build/MRA58N) AppleWebKit/537.36 (KHTML, like Gecko) Chrome/81.0.4044.138 Mobile Safari/537.36"
17.121.114.228 - - [28/Mar/2022:06:14:42 +0200] "GET /new/en/news/2013 HTTP/1.1" 200 15657 "-" "Mozilla/5.0 (Macintosh; Intel Mac OS X 10_15_5) AppleWebKit/605.1.15 (KHTML, like Gecko) Version/13.1.1 Safari/605.1.15 (Applebot/0.1; +http://www.apple.com/go/applebot)"
154.54.249.205 - - [28/Mar/2022:06:19:16 +0200] "GET /robots.txt HTTP/1.1" 404 1181 "-" "Mozilla/5.0 (compatible; Barkrowler/0.9; +https://babbar.tech/crawler)"
154.54.249.205 - - [28/Mar/2022:06:19:29 +0200] "GET /robots.txt HTTP/1.1" 404 1181 "-" "Mozilla/5.0 (compatible; Barkrowler/0.9; +https://babbar.tech/crawler)"
154.54.249.205 - - [28/Mar/2022:06:20:06 +0200] "GET / HTTP/1.1" 304 - "-" "Mozilla/5.0 (compatible; Barkrowler/0.9; +https://babbar.tech/crawler)"
154.54.249.205 - - [28/Mar/2022:06:20:18 +0200] "GET / HTTP/1.1" 304 - "-" "Mozilla/5.0 (compatible; Barkrowler/0.9; +https://babbar.tech/crawler)"
154.54.249.205 - - [28/Mar/2022:06:20:54 +0200] "GET /index.html HTTP/1.1" 304 - "-" "Mozilla/5.0 (compatible; Barkrowler/0.9; +https://babbar.tech/crawler)"
154.54.249.205 - - [28/Mar/2022:06:21:06 +0200] "GET /index.html HTTP/1.1" 304 - "-" "Mozilla/5.0 (compatible; Barkrowler/0.9; +https://babbar.tech/crawler)"
154.54.249.205 - - [28/Mar/2022:06:21:35 +0200] "GET /new/en/ HTTP/1.1" 200 9252 "-" "Mozilla/5.0 (compatible; Barkrowler/0.9; +https://babbar.tech/crawler)"
154.54.249.205 - - [28/Mar/2022:06:21:48 +0200] "GET /angol/index.html HTTP/1.1" 304 - "-" "Mozilla/5.0 (compatible; Barkrowler/0.9; +https://babbar.tech/crawler)"
154.54.249.205 - - [28/Mar/2022:06:22:04 +0200] "GET /new/ HTTP/1.1" 200 10256 "-" "Mozilla/5.0 (compatible; Barkrowler/0.9; +https://babbar.tech/crawler)"
154.54.249.205 - - [28/Mar/2022:06:22:16 +0200] "GET /partnereink/index.html HTTP/1.1" 304 - "-" "Mozilla/5.0 (compatible; Barkrowler/0.9; +https://babbar.tech/crawler)"
154.54.249.205 - - [28/Mar/2022:06:22:33 +0200] "GET /new/news HTTP/1.1" 200 15233 "-" "Mozilla/5.0 (compatible; Barkrowler/0.9; +https://babbar.tech/crawler)"
154.54.249.205 - - [28/Mar/2022:06:22:45 +0200] "GET /aktualis/index.html HTTP/1.1" 304 - "-" "Mozilla/5.0 (compatible; Barkrowler/0.9; +https://babbar.tech/crawler)"
154.54.249.205 - - [28/Mar/2022:06:22:59 +0200] "GET /new/en HTTP/1.1" 200 9252 "-" "Mozilla/5.0 (compatible; Barkrowler/0.9; +https://babbar.tech/crawler)"
154.54.249.205 - - [28/Mar/2022:06:23:11 +0200] "GET /konferenciak/index.html HTTP/1.1" 304 - "-" "Mozilla/5.0 (compatible; Barkrowler/0.9; +https://babbar.tech/crawler)"
154.54.249.205 - - [28/Mar/2022:06:23:27 +0200] "GET /new/en/news HTTP/1.1" 200 15658 "-" "Mozilla/5.0 (compatible; Barkrowler/0.9; +https://babbar.tech/crawler)"
154.54.249.205 - - [28/Mar/2022:06:23:39 +0200] "GET /3kutat/index.html HTTP/1.1" 304 - "-" "Mozilla/5.0 (compatible; Barkrowler/0.9; +https://babbar.tech/crawler)"
154.54.249.205 - - [28/Mar/2022:06:23:54 +0200] "GET /new/en/dossiers HTTP/1.1" 200 7967 "-" "Mozilla/5.0 (compatible; Barkrowler/0.9; +https://babbar.tech/crawler)"
154.54.249.205 - - [28/Mar/2022:06:24:06 +0200] "GET /halozatok/index.html HTTP/1.1" 304 - "-" "Mozilla/5.0 (compatible; Barkrowler/0.9; +https://babbar.tech/crawler)"
154.54.249.205 - - [28/Mar/2022:06:24:20 +0200] "GET /new/publications HTTP/1.1" 200 8084 "-" "Mozilla/5.0 (compatible; Barkrowler/0.9; +https://babbar.tech/crawler)"
154.54.249.205 - - [28/Mar/2022:06:24:32 +0200] "GET /angol/followup/index.html HTTP/1.1" 304 - "-" "Mozilla/5.0 (compatible; Barkrowler/0.9; +https://babbar.tech/crawler)"
154.54.249.205 - - [28/Mar/2022:06:24:46 +0200] "GET /new/node/97 HTTP/1.1" 200 8129 "-" "Mozilla/5.0 (compatible; Barkrowler/0.9; +https://babbar.tech/crawler)"
154.54.249.205 - - [28/Mar/2022:06:24:58 +0200] "GET /aktualis/NCA/index.html HTTP/1.1" 304 - "-" "Mozilla/5.0 (compatible; Barkrowler/0.9; +https://babbar.tech/crawler)"
154.54.249.205 - - [28/Mar/2022:06:25:13 +0200] "GET /new/node/37 HTTP/1.1" 200 8723 "-" "Mozilla/5.0 (compatible; Barkrowler/0.9; +https://babbar.tech/crawler)"
154.54.249.205 - - [28/Mar/2022:06:25:25 +0200] "GET /szervezet/index.html HTTP/1.1" 304 - "-" "Mozilla/5.0 (compatible; Barkrowler/0.9; +https://babbar.tech/crawler)"
154.54.249.205 - - [28/Mar/2022:06:25:40 +0200] "GET /new/node/92 HTTP/1.1" 200 7931 "-" "Mozilla/5.0 (compatible; Barkrowler/0.9; +https://babbar.tech/crawler)"
154.54.249.205 - - [28/Mar/2022:06:25:52 +0200] "GET /aktualis/105onk/index.html HTTP/1.1" 304 - "-" "Mozilla/5.0 (compatible; Barkrowler/0.9; +https://babbar.tech/crawler)"
154.54.249.205 - - [28/Mar/2022:06:26:07 +0200] "GET /new/node/95 HTTP/1.1" 200 7923 "-" "Mozilla/5.0 (compatible; Barkrowler/0.9; +https://babbar.tech/crawler)"
154.54.249.205 - - [28/Mar/2022:06:26:19 +0200] "GET /aktualis/NCAvh/index.html HTTP/1.1" 304 - "-" "Mozilla/5.0 (compatible; Barkrowler/0.9; +https://babbar.tech/crawler)"
154.54.249.205 - - [28/Mar/2022:06:26:34 +0200] "GET /new/node/93 HTTP/1.1" 200 7939 "-" "Mozilla/5.0 (compatible; Barkrowler/0.9; +https://babbar.tech/crawler)"
154.54.249.205 - - [28/Mar/2022:06:26:46 +0200] "GET /aktualis/104eitv/index.html HTTP/1.1" 304 - "-" "Mozilla/5.0 (compatible; Barkrowler/0.9; +https://babbar.tech/crawler)"
154.54.249.205 - - [28/Mar/2022:06:27:01 +0200] "GET /new/node/94 HTTP/1.1" 200 7893 "-" "Mozilla/5.0 (compatible; Barkrowler/0.9; +https://babbar.tech/crawler)"
154.54.249.205 - - [28/Mar/2022:06:27:14 +0200] "GET /konferenciak/regionalis/index.html HTTP/1.1" 304 - "-" "Mozilla/5.0 (compatible; Barkrowler/0.9; +https://babbar.tech/crawler)"
154.54.249.205 - - [28/Mar/2022:06:27:27 +0200] "GET /new/node/91 HTTP/1.1" 200 8080 "-" "Mozilla/5.0 (compatible; Barkrowler/0.9; +https://babbar.tech/crawler)"
154.54.249.205 - - [28/Mar/2022:06:27:40 +0200] "GET /konferenciak/konferencia3/index.html HTTP/1.1" 304 - "-" "Mozilla/5.0 (compatible; Barkrowler/0.9; +https://babbar.tech/crawler)"
154.54.249.205 - - [28/Mar/2022:06:27:54 +0200] "GET /new/node/98 HTTP/1.1" 200 7881 "-" "Mozilla/5.0 (compatible; Barkrowler/0.9; +https://babbar.tech/crawler)"
154.54.249.205 - - [28/Mar/2022:06:28:06 +0200] "GET /halozatok/muhely/index.html HTTP/1.1" 304 - "-" "Mozilla/5.0 (compatible; Barkrowler/0.9; +https://babbar.tech/crawler)"
154.54.249.205 - - [28/Mar/2022:06:28:19 +0200] "GET /new/node/96 HTTP/1.1" 200 7874 "-" "Mozilla/5.0 (compatible; Barkrowler/0.9; +https://babbar.tech/crawler)"
154.54.249.205 - - [28/Mar/2022:06:28:32 +0200] "GET /angol/EESCconf/index.html HTTP/1.1" 304 - "-" "Mozilla/5.0 (compatible; Barkrowler/0.9; +https://babbar.tech/crawler)"
154.54.249.205 - - [28/Mar/2022:06:28:45 +0200] "GET /new/node/59 HTTP/1.1" 200 8347 "-" "Mozilla/5.0 (compatible; Barkrowler/0.9; +https://babbar.tech/crawler)"
154.54.249.205 - - [28/Mar/2022:06:28:57 +0200] "GET /konferenciak/040memo/index.html HTTP/1.1" 304 - "-" "Mozilla/5.0 (compatible; Barkrowler/0.9; +https://babbar.tech/crawler)"
154.54.249.205 - - [28/Mar/2022:06:29:13 +0200] "GET /new/node/117 HTTP/1.1" 200 8768 "-" "Mozilla/5.0 (compatible; Barkrowler/0.9; +https://babbar.tech/crawler)"
154.54.249.205 - - [28/Mar/2022:06:29:26 +0200] "GET /konferenciak/05emla/index.html HTTP/1.1" 304 - "-" "Mozilla/5.0 (compatible; Barkrowler/0.9; +https://babbar.tech/crawler)"
154.54.249.205 - - [28/Mar/2022:06:29:44 +0200] "GET /new/hirek HTTP/1.1" 200 16778 "-" "Mozilla/5.0 (compatible; Barkrowler/0.9; +https://babbar.tech/crawler)"
154.54.249.205 - - [28/Mar/2022:06:29:57 +0200] "GET /konferenciak/03konf/index.html HTTP/1.1" 304 - "-" "Mozilla/5.0 (compatible; Barkrowler/0.9; +https://babbar.tech/crawler)"
154.54.249.205 - - [28/Mar/2022:06:30:11 +0200] "GET /new/dossiers HTTP/1.1" 200 8543 "-" "Mozilla/5.0 (compatible; Barkrowler/0.9; +https://babbar.tech/crawler)"
154.54.249.205 - - [28/Mar/2022:06:30:23 +0200] "GET /konferenciak/041memo/index.html HTTP/1.1" 304 - "-" "Mozilla/5.0 (compatible; Barkrowler/0.9; +https://babbar.tech/crawler)"
154.54.249.205 - - [28/Mar/2022:06:30:36 +0200] "GET /new/content/hirek HTTP/1.1" 404 7620 "-" "Mozilla/5.0 (compatible; Barkrowler/0.9; +https://babbar.tech/crawler)"
154.54.249.205 - - [28/Mar/2022:06:30:49 +0200] "GET /konferenciak/042memo/index.html HTTP/1.1" 304 - "-" "Mozilla/5.0 (compatible; Barkrowler/0.9; +https://babbar.tech/crawler)"
154.54.249.205 - - [28/Mar/2022:06:31:04 +0200] "GET /new/en/projects HTTP/1.1" 200 7671 "-" "Mozilla/5.0 (compatible; Barkrowler/0.9; +https://babbar.tech/crawler)"
154.54.249.205 - - [28/Mar/2022:06:31:16 +0200] "GET /konferenciak/2konferencia/index.html HTTP/1.1" 304 - "-" "Mozilla/5.0 (compatible; Barkrowler/0.9; +https://babbar.tech/crawler)"
154.54.249.205 - - [28/Mar/2022:06:31:30 +0200] "GET /new/hirek/2016 HTTP/1.1" 200 16790 "-" "Mozilla/5.0 (compatible; Barkrowler/0.9; +https://babbar.tech/crawler)"
154.54.249.205 - - [28/Mar/2022:06:31:42 +0200] "GET /aktualis/NCAvhmod/index.html HTTP/1.1" 304 - "-" "Mozilla/5.0 (compatible; Barkrowler/0.9; +https://babbar.tech/crawler)"
154.54.249.205 - - [28/Mar/2022:06:31:58 +0200] "GET /new/en/about_us HTTP/1.1" 200 8827 "-" "Mozilla/5.0 (compatible; Barkrowler/0.9; +https://babbar.tech/crawler)"
154.54.249.205 - - [28/Mar/2022:06:32:10 +0200] "GET /aktualis/103jogalk/index.html HTTP/1.1" 304 - "-" "Mozilla/5.0 (compatible; Barkrowler/0.9; +https://babbar.tech/crawler)"
154.54.249.205 - - [28/Mar/2022:06:32:24 +0200] "GET /new/projektek HTTP/1.1" 200 17515 "-" "Mozilla/5.0 (compatible; Barkrowler/0.9; +https://babbar.tech/crawler)"
154.54.249.205 - - [28/Mar/2022:06:32:36 +0200] "GET /aktualis/1gyikNCA/index.html HTTP/1.1" 304 - "-" "Mozilla/5.0 (compatible; Barkrowler/0.9; +https://babbar.tech/crawler)"
154.54.249.205 - - [28/Mar/2022:06:32:52 +0200] "GET /new/en/publications HTTP/1.1" 200 7784 "-" "Mozilla/5.0 (compatible; Barkrowler/0.9; +https://babbar.tech/crawler)"
154.54.249.205 - - [28/Mar/2022:06:33:04 +0200] "GET /aktualis/2jogalkotas/index.html HTTP/1.1" 304 - "-" "Mozilla/5.0 (compatible; Barkrowler/0.9; +https://babbar.tech/crawler)"
154.54.249.205 - - [28/Mar/2022:06:33:17 +0200] "GET /new/en/contact_us HTTP/1.1" 200 7267 "-" "Mozilla/5.0 (compatible; Barkrowler/0.9; +https://babbar.tech/crawler)"
154.54.249.205 - - [28/Mar/2022:06:33:29 +0200] "GET /aktualis/108autopalya/index.html HTTP/1.1" 304 - "-" "Mozilla/5.0 (compatible; Barkrowler/0.9; +https://babbar.tech/crawler)"
154.54.249.205 - - [28/Mar/2022:06:33:46 +0200] "GET /new/en/news/2009 HTTP/1.1" 200 15657 "-" "Mozilla/5.0 (compatible; Barkrowler/0.9; +https://babbar.tech/crawler)"
154.54.249.205 - - [28/Mar/2022:06:33:59 +0200] "GET /halozatok/JMCS/index.html HTTP/1.1" 304 - "-" "Mozilla/5.0 (compatible; Barkrowler/0.9; +https://babbar.tech/crawler)"
154.54.249.205 - - [28/Mar/2022:06:34:12 +0200] "GET /new/en/news/2017 HTTP/1.1" 200 15657 "-" "Mozilla/5.0 (compatible; Barkrowler/0.9; +https://babbar.tech/crawler)"
154.54.249.205 - - [28/Mar/2022:06:34:24 +0200] "GET /halozatok/muhely/tagok/index.html HTTP/1.1" 304 - "-" "Mozilla/5.0 (compatible; Barkrowler/0.9; +https://babbar.tech/crawler)"
154.54.249.205 - - [28/Mar/2022:06:34:40 +0200] "GET /new/en/news/2013 HTTP/1.1" 200 15657 "-" "Mozilla/5.0 (compatible; Barkrowler/0.9; +https://babbar.tech/crawler)"
154.54.249.205 - - [28/Mar/2022:06:34:52 +0200] "GET /konferenciak/06egszb/index.html HTTP/1.1" 304 - "-" "Mozilla/5.0 (compatible; Barkrowler/0.9; +https://babbar.tech/crawler)"
212.237.23.143 - - [28/Mar/2022:06:34:57 +0200] "HEAD / HTTP/1.1" 200 0 "-" "Alert_Alligator_webmonitoring_service_1.6.4_(alertalligator.com)"
154.54.249.205 - - [28/Mar/2022:06:35:09 +0200] "GET /new/en/news/2014 HTTP/1.1" 200 15657 "-" "Mozilla/5.0 (compatible; Barkrowler/0.9; +https://babbar.tech/crawler)"
154.54.249.205 - - [28/Mar/2022:06:35:21 +0200] "GET /3kutat/NOSZA2002/index.html HTTP/1.1" 304 - "-" "Mozilla/5.0 (compatible; Barkrowler/0.9; +https://babbar.tech/crawler)"
154.54.249.205 - - [28/Mar/2022:06:35:35 +0200] "GET /new/en/news/2016 HTTP/1.1" 200 15657 "-" "Mozilla/5.0 (compatible; Barkrowler/0.9; +https://babbar.tech/crawler)"
154.54.249.205 - - [28/Mar/2022:06:35:47 +0200] "GET /3kutat/REVkutatas/index.html HTTP/1.1" 304 - "-" "Mozilla/5.0 (compatible; Barkrowler/0.9; +https://babbar.tech/crawler)"
154.54.249.205 - - [28/Mar/2022:06:36:00 +0200] "GET /new/en/news/2018 HTTP/1.1" 200 15657 "-" "Mozilla/5.0 (compatible; Barkrowler/0.9; +https://babbar.tech/crawler)"
154.54.249.205 - - [28/Mar/2022:06:36:12 +0200] "GET /aktualis/105onk/onkentes/index.html HTTP/1.1" 304 - "-" "Mozilla/5.0 (compatible; Barkrowler/0.9; +https://babbar.tech/crawler)"
154.54.249.205 - - [28/Mar/2022:06:36:25 +0200] "GET /tagjaink HTTP/1.1" 404 1181 "-" "Mozilla/5.0 (compatible; Barkrowler/0.9; +https://babbar.tech/crawler)"
154.54.249.205 - - [28/Mar/2022:06:36:37 +0200] "GET /aktualis/109kozigazg/index.html HTTP/1.1" 304 - "-" "Mozilla/5.0 (compatible; Barkrowler/0.9; +https://babbar.tech/crawler)"
154.54.249.205 - - [28/Mar/2022:06:36:49 +0200] "GET /angol/index.html HTTP/1.1" 304 - "-" "Mozilla/5.0 (compatible; Barkrowler/0.9; +https://babbar.tech/crawler)"
154.54.249.205 - - [28/Mar/2022:06:37:01 +0200] "GET /halozatok/kerekasztal/index.html HTTP/1.1" 304 - "-" "Mozilla/5.0 (compatible; Barkrowler/0.9; +https://babbar.tech/crawler)"
154.54.249.205 - - [28/Mar/2022:06:37:13 +0200] "GET /kutat/index.html HTTP/1.1" 304 - "-" "Mozilla/5.0 (compatible; Barkrowler/0.9; +https://babbar.tech/crawler)"
154.54.249.205 - - [28/Mar/2022:06:37:25 +0200] "GET /konferenciak/2konferencia/1program/index.html HTTP/1.1" 304 - "-" "Mozilla/5.0 (compatible; Barkrowler/0.9; +https://babbar.tech/crawler)"
154.54.249.205 - - [28/Mar/2022:06:37:37 +0200] "GET /partnereink/index.html HTTP/1.1" 304 - "-" "Mozilla/5.0 (compatible; Barkrowler/0.9; +https://babbar.tech/crawler)"
154.54.249.205 - - [28/Mar/2022:06:37:50 +0200] "GET /aktualis/ajogisegitseg/index.html HTTP/1.1" 304 - "-" "Mozilla/5.0 (compatible; Barkrowler/0.9; +https://babbar.tech/crawler)"
154.54.249.205 - - [28/Mar/2022:06:38:02 +0200] "GET /aktualis/index.html HTTP/1.1" 304 - "-" "Mozilla/5.0 (compatible; Barkrowler/0.9; +https://babbar.tech/crawler)"
154.54.249.205 - - [28/Mar/2022:06:38:15 +0200] "GET /halozatok/JMCS/memo/index.html HTTP/1.1" 304 - "-" "Mozilla/5.0 (compatible; Barkrowler/0.9; +https://babbar.tech/crawler)"
154.54.249.205 - - [28/Mar/2022:06:38:30 +0200] "GET /new/node/hirek HTTP/1.1" 404 7617 "-" "Mozilla/5.0 (compatible; Barkrowler/0.9; +https://babbar.tech/crawler)"
154.54.249.205 - - [28/Mar/2022:06:38:43 +0200] "GET /halozatok/JMCS/tagok/index.html HTTP/1.1" 304 - "-" "Mozilla/5.0 (compatible; Barkrowler/0.9; +https://babbar.tech/crawler)"
154.54.249.205 - - [28/Mar/2022:06:38:57 +0200] "GET /new/hirek/2013 HTTP/1.1" 200 16790 "-" "Mozilla/5.0 (compatible; Barkrowler/0.9; +https://babbar.tech/crawler)"
154.54.249.205 - - [28/Mar/2022:06:39:09 +0200] "GET /halozatok/muhely/belepes/index.html HTTP/1.1" 304 - "-" "Mozilla/5.0 (compatible; Barkrowler/0.9; +https://babbar.tech/crawler)"
154.54.249.205 - - [28/Mar/2022:06:39:24 +0200] "GET /new/hirek/2010 HTTP/1.1" 200 16790 "-" "Mozilla/5.0 (compatible; Barkrowler/0.9; +https://babbar.tech/crawler)"
154.54.249.205 - - [28/Mar/2022:06:39:36 +0200] "GET /aktualis/1gyikNCA/elektor/index.html HTTP/1.1" 304 - "-" "Mozilla/5.0 (compatible; Barkrowler/0.9; +https://babbar.tech/crawler)"
154.54.249.205 - - [28/Mar/2022:06:39:52 +0200] "GET /new/hirek/2014 HTTP/1.1" 200 16790 "-" "Mozilla/5.0 (compatible; Barkrowler/0.9; +https://babbar.tech/crawler)"
154.54.249.205 - - [28/Mar/2022:06:40:05 +0200] "GET /aktualis/eselyegyenloseg/index.html HTTP/1.1" 304 - "-" "Mozilla/5.0 (compatible; Barkrowler/0.9; +https://babbar.tech/crawler)"
154.54.249.205 - - [28/Mar/2022:06:40:21 +0200] "GET /new/hirek/2019 HTTP/1.1" 200 16790 "-" "Mozilla/5.0 (compatible; Barkrowler/0.9; +https://babbar.tech/crawler)"
154.54.249.205 - - [28/Mar/2022:06:40:33 +0200] "GET /aktualis/106GSZTcivil/index.html HTTP/1.1" 304 - "-" "Mozilla/5.0 (compatible; Barkrowler/0.9; +https://babbar.tech/crawler)"
154.54.249.205 - - [28/Mar/2022:06:40:49 +0200] "GET /new/hirek/2018 HTTP/1.1" 200 16790 "-" "Mozilla/5.0 (compatible; Barkrowler/0.9; +https://babbar.tech/crawler)"
154.54.249.205 - - [28/Mar/2022:06:41:02 +0200] "GET /aktualis/108autopalya/level/index.html HTTP/1.1" 304 - "-" "Mozilla/5.0 (compatible; Barkrowler/0.9; +https://babbar.tech/crawler)"
154.54.249.205 - - [28/Mar/2022:06:41:16 +0200] "GET /new/dossziek HTTP/1.1" 200 9972 "-" "Mozilla/5.0 (compatible; Barkrowler/0.9; +https://babbar.tech/crawler)"
