85.67.118.98 - - [14/Nov/2022:16:47:03 +0100] "GET /galateia.css HTTP/1.1" 200 1717 "http://www.nosza.hu/kutat/REVkutatas/5PR/index.html" "Mozilla/5.0 (Windows NT 10.0; Win64; x64; rv:106.0) Gecko/20100101 Firefox/106.0"
85.67.118.98 - - [14/Nov/2022:16:47:03 +0100] "GET /graphics/galas.gif HTTP/1.1" 200 913 "http://www.nosza.hu/kutat/REVkutatas/5PR/index.html" "Mozilla/5.0 (Windows NT 10.0; Win64; x64; rv:106.0) Gecko/20100101 Firefox/106.0"
85.67.118.98 - - [14/Nov/2022:16:47:03 +0100] "GET /graphics/noszalogo.gif HTTP/1.1" 200 6797 "http://www.nosza.hu/kutat/REVkutatas/5PR/index.html" "Mozilla/5.0 (Windows NT 10.0; Win64; x64; rv:106.0) Gecko/20100101 Firefox/106.0"
85.67.118.98 - - [14/Nov/2022:16:47:03 +0100] "GET /favicon.ico HTTP/1.1" 404 1181 "http://www.nosza.hu/kutat/REVkutatas/5PR/index.html" "Mozilla/5.0 (Windows NT 10.0; Win64; x64; rv:106.0) Gecko/20100101 Firefox/106.0"
185.191.171.33 - - [14/Nov/2022:16:56:48 +0100] "GET /robots.txt HTTP/1.1" 404 1181 "-" "Mozilla/5.0 (compatible; SemrushBot/7~bl; +http://www.semrush.com/bot.html)"
185.191.171.15 - - [14/Nov/2022:16:56:49 +0100] "GET /kutat/index.html HTTP/1.1" 200 18756 "-" "Mozilla/5.0 (compatible; SemrushBot/7~bl; +http://www.semrush.com/bot.html)"
185.191.171.40 - - [14/Nov/2022:16:56:59 +0100] "GET /new/hirek/2016?page=1 HTTP/1.1" 200 14140 "-" "Mozilla/5.0 (compatible; SemrushBot/7~bl; +http://www.semrush.com/bot.html)"
194.38.20.161 - - [14/Nov/2022:17:01:37 +0100] "GET /admin/public/js/uploadify/uploadify.css HTTP/1.1" 404 1181 "-" "ALittle Client"
66.249.64.23 - - [14/Nov/2022:17:24:02 +0100] "GET /new/en/news/2013 HTTP/1.1" 200 15657 "-" "Mozilla/5.0 (Linux; Android 6.0.1; Nexus 5X Build/MMB29P) AppleWebKit/537.36 (KHTML, like Gecko) Chrome/107.0.5304.110 Mobile Safari/537.36 (compatible; Googlebot/2.1; +http://www.google.com/bot.html)"
84.1.181.153 - - [14/Nov/2022:17:28:16 +0100] "GET /new/content/gyakran-ism%C3%A9telt-k%C3%A9rd%C3%A9sek HTTP/1.1" 200 12447 "https://www.google.com/" "Mozilla/5.0 (Windows NT 6.1; Win64; x64) AppleWebKit/537.36 (KHTML, like Gecko) Chrome/107.0.0.0 Safari/537.36"
84.1.181.153 - - [14/Nov/2022:17:28:16 +0100] "GET /new/modules/filefield/filefield.css?l HTTP/1.1" 200 1986 "http://www.nosza.hu/new/content/gyakran-ism%C3%A9telt-k%C3%A9rd%C3%A9sek" "Mozilla/5.0 (Windows NT 6.1; Win64; x64) AppleWebKit/537.36 (KHTML, like Gecko) Chrome/107.0.0.0 Safari/537.36"
84.1.181.153 - - [14/Nov/2022:17:28:16 +0100] "GET /new/modules/node/node.css?l HTTP/1.1" 200 740 "http://www.nosza.hu/new/content/gyakran-ism%C3%A9telt-k%C3%A9rd%C3%A9sek" "Mozilla/5.0 (Windows NT 6.1; Win64; x64) AppleWebKit/537.36 (KHTML, like Gecko) Chrome/107.0.0.0 Safari/537.36"
84.1.181.153 - - [14/Nov/2022:17:28:16 +0100] "GET /new/modules/user/user.css?l HTTP/1.1" 200 1127 "http://www.nosza.hu/new/content/gyakran-ism%C3%A9telt-k%C3%A9rd%C3%A9sek" "Mozilla/5.0 (Windows NT 6.1; Win64; x64) AppleWebKit/537.36 (KHTML, like Gecko) Chrome/107.0.0.0 Safari/537.36"
84.1.181.153 - - [14/Nov/2022:17:28:16 +0100] "GET /new/modules/system/defaults.css?l HTTP/1.1" 200 757 "http://www.nosza.hu/new/content/gyakran-ism%C3%A9telt-k%C3%A9rd%C3%A9sek" "Mozilla/5.0 (Windows NT 6.1; Win64; x64) AppleWebKit/537.36 (KHTML, like Gecko) Chrome/107.0.0.0 Safari/537.36"
84.1.181.153 - - [14/Nov/2022:17:28:16 +0100] "GET /new/modules/system/system.css?l HTTP/1.1" 200 10020 "http://www.nosza.hu/new/content/gyakran-ism%C3%A9telt-k%C3%A9rd%C3%A9sek" "Mozilla/5.0 (Windows NT 6.1; Win64; x64) AppleWebKit/537.36 (KHTML, like Gecko) Chrome/107.0.0.0 Safari/537.36"
84.1.181.153 - - [14/Nov/2022:17:28:16 +0100] "GET /new/modules/system/system-menus.css?l HTTP/1.1" 200 935 "http://www.nosza.hu/new/content/gyakran-ism%C3%A9telt-k%C3%A9rd%C3%A9sek" "Mozilla/5.0 (Windows NT 6.1; Win64; x64) AppleWebKit/537.36 (KHTML, like Gecko) Chrome/107.0.0.0 Safari/537.36"
84.1.181.153 - - [14/Nov/2022:17:28:16 +0100] "GET /new/sites/all/modules/cck/modules/fieldgroup/fieldgroup.css?l HTTP/1.1" 200 166 "http://www.nosza.hu/new/content/gyakran-ism%C3%A9telt-k%C3%A9rd%C3%A9sek" "Mozilla/5.0 (Windows NT 6.1; Win64; x64) AppleWebKit/537.36 (KHTML, like Gecko) Chrome/107.0.0.0 Safari/537.36"
84.1.181.153 - - [14/Nov/2022:17:28:16 +0100] "GET /new/sites/all/modules/cck/theme/content-module.css?l HTTP/1.1" 200 2397 "http://www.nosza.hu/new/content/gyakran-ism%C3%A9telt-k%C3%A9rd%C3%A9sek" "Mozilla/5.0 (Windows NT 6.1; Win64; x64) AppleWebKit/537.36 (KHTML, like Gecko) Chrome/107.0.0.0 Safari/537.36"
84.1.181.153 - - [14/Nov/2022:17:28:16 +0100] "GET /new/sites/default/themes/nosza/css/menu_style.css HTTP/1.1" 200 4749 "http://www.nosza.hu/new/content/gyakran-ism%C3%A9telt-k%C3%A9rd%C3%A9sek" "Mozilla/5.0 (Windows NT 6.1; Win64; x64) AppleWebKit/537.36 (KHTML, like Gecko) Chrome/107.0.0.0 Safari/537.36"
84.1.181.153 - - [14/Nov/2022:17:28:16 +0100] "GET /new/sites/default/themes/nosza/css/nosza.css?l HTTP/1.1" 200 10555 "http://www.nosza.hu/new/content/gyakran-ism%C3%A9telt-k%C3%A9rd%C3%A9sek" "Mozilla/5.0 (Windows NT 6.1; Win64; x64) AppleWebKit/537.36 (KHTML, like Gecko) Chrome/107.0.0.0 Safari/537.36"
84.1.181.153 - - [14/Nov/2022:17:28:16 +0100] "GET /new/sites/default/themes/nosza/scripts/search.js HTTP/1.1" 200 466 "http://www.nosza.hu/new/content/gyakran-ism%C3%A9telt-k%C3%A9rd%C3%A9sek" "Mozilla/5.0 (Windows NT 6.1; Win64; x64) AppleWebKit/537.36 (KHTML, like Gecko) Chrome/107.0.0.0 Safari/537.36"
84.1.181.153 - - [14/Nov/2022:17:28:16 +0100] "GET /new/sites/default/themes/nosza/print.css?l HTTP/1.1" 200 1247 "http://www.nosza.hu/new/content/gyakran-ism%C3%A9telt-k%C3%A9rd%C3%A9sek" "Mozilla/5.0 (Windows NT 6.1; Win64; x64) AppleWebKit/537.36 (KHTML, like Gecko) Chrome/107.0.0.0 Safari/537.36"
84.1.181.153 - - [14/Nov/2022:17:28:16 +0100] "GET /new/sites/default/themes/nosza/images/logoMagunkrol.jpg HTTP/1.1" 200 4934 "http://www.nosza.hu/new/content/gyakran-ism%C3%A9telt-k%C3%A9rd%C3%A9sek" "Mozilla/5.0 (Windows NT 6.1; Win64; x64) AppleWebKit/537.36 (KHTML, like Gecko) Chrome/107.0.0.0 Safari/537.36"
84.1.181.153 - - [14/Nov/2022:17:28:16 +0100] "GET /new/sites/default/themes/nosza/images/aktualisSide.jpg HTTP/1.1" 200 8821 "http://www.nosza.hu/new/content/gyakran-ism%C3%A9telt-k%C3%A9rd%C3%A9sek" "Mozilla/5.0 (Windows NT 6.1; Win64; x64) AppleWebKit/537.36 (KHTML, like Gecko) Chrome/107.0.0.0 Safari/537.36"
84.1.181.153 - - [14/Nov/2022:17:28:16 +0100] "GET /new/sites/default/themes/nosza/images/dosszieSide.jpg HTTP/1.1" 200 7764 "http://www.nosza.hu/new/content/gyakran-ism%C3%A9telt-k%C3%A9rd%C3%A9sek" "Mozilla/5.0 (Windows NT 6.1; Win64; x64) AppleWebKit/537.36 (KHTML, like Gecko) Chrome/107.0.0.0 Safari/537.36"
84.1.181.153 - - [14/Nov/2022:17:28:16 +0100] "GET /new/sites/default/themes/nosza/images/publikaciokSide.jpg HTTP/1.1" 200 7497 "http://www.nosza.hu/new/content/gyakran-ism%C3%A9telt-k%C3%A9rd%C3%A9sek" "Mozilla/5.0 (Windows NT 6.1; Win64; x64) AppleWebKit/537.36 (KHTML, like Gecko) Chrome/107.0.0.0 Safari/537.36"
84.1.181.153 - - [14/Nov/2022:17:28:16 +0100] "GET /new/sites/default/themes/nosza/images/rrs.jpg HTTP/1.1" 200 829 "http://www.nosza.hu/new/content/gyakran-ism%C3%A9telt-k%C3%A9rd%C3%A9sek" "Mozilla/5.0 (Windows NT 6.1; Win64; x64) AppleWebKit/537.36 (KHTML, like Gecko) Chrome/107.0.0.0 Safari/537.36"
84.1.181.153 - - [14/Nov/2022:17:28:16 +0100] "GET /new/sites/default/themes/nosza/images/headerBgMagunkrol.jpg HTTP/1.1" 200 22932 "http://www.nosza.hu/new/sites/default/themes/nosza/css/nosza.css?l" "Mozilla/5.0 (Windows NT 6.1; Win64; x64) AppleWebKit/537.36 (KHTML, like Gecko) Chrome/107.0.0.0 Safari/537.36"
84.1.181.153 - - [14/Nov/2022:17:28:16 +0100] "GET /new/sites/default/themes/nosza/images/magyarBgInactive.png HTTP/1.1" 200 686 "http://www.nosza.hu/new/sites/default/themes/nosza/css/nosza.css?l" "Mozilla/5.0 (Windows NT 6.1; Win64; x64) AppleWebKit/537.36 (KHTML, like Gecko) Chrome/107.0.0.0 Safari/537.36"
84.1.181.153 - - [14/Nov/2022:17:28:16 +0100] "GET /new/sites/default/themes/nosza/images/englishBgInactive.png HTTP/1.1" 200 823 "http://www.nosza.hu/new/sites/default/themes/nosza/css/nosza.css?l" "Mozilla/5.0 (Windows NT 6.1; Win64; x64) AppleWebKit/537.36 (KHTML, like Gecko) Chrome/107.0.0.0 Safari/537.36"
84.1.181.153 - - [14/Nov/2022:17:28:16 +0100] "GET /new/sites/default/themes/nosza/images/searchBg.png HTTP/1.1" 200 1443 "http://www.nosza.hu/new/sites/default/themes/nosza/css/nosza.css?l" "Mozilla/5.0 (Windows NT 6.1; Win64; x64) AppleWebKit/537.36 (KHTML, like Gecko) Chrome/107.0.0.0 Safari/537.36"
84.1.181.153 - - [14/Nov/2022:17:28:16 +0100] "GET /new/sites/default/themes/nosza/images/magyarBgOver.png HTTP/1.1" 200 893 "http://www.nosza.hu/new/sites/default/themes/nosza/css/nosza.css?l" "Mozilla/5.0 (Windows NT 6.1; Win64; x64) AppleWebKit/537.36 (KHTML, like Gecko) Chrome/107.0.0.0 Safari/537.36"
84.1.181.153 - - [14/Nov/2022:17:28:16 +0100] "GET /new/sites/default/themes/nosza/images/haromIcon.jpg HTTP/1.1" 200 764 "http://www.nosza.hu/new/sites/default/themes/nosza/css/menu_style.css" "Mozilla/5.0 (Windows NT 6.1; Win64; x64) AppleWebKit/537.36 (KHTML, like Gecko) Chrome/107.0.0.0 Safari/537.36"
84.1.181.153 - - [14/Nov/2022:17:28:16 +0100] "GET /new/sites/default/themes/nosza/images/hatIcon.jpg HTTP/1.1" 200 838 "http://www.nosza.hu/new/sites/default/themes/nosza/css/menu_style.css" "Mozilla/5.0 (Windows NT 6.1; Win64; x64) AppleWebKit/537.36 (KHTML, like Gecko) Chrome/107.0.0.0 Safari/537.36"
84.1.181.153 - - [14/Nov/2022:17:28:16 +0100] "GET /new/sites/default/themes/nosza/images/negyIcon.jpg HTTP/1.1" 200 908 "http://www.nosza.hu/new/sites/default/themes/nosza/css/menu_style.css" "Mozilla/5.0 (Windows NT 6.1; Win64; x64) AppleWebKit/537.36 (KHTML, like Gecko) Chrome/107.0.0.0 Safari/537.36"
84.1.181.153 - - [14/Nov/2022:17:28:16 +0100] "GET /new/sites/default/themes/nosza/images/dateBg.jpg HTTP/1.1" 200 654 "http://www.nosza.hu/new/sites/default/themes/nosza/css/nosza.css?l" "Mozilla/5.0 (Windows NT 6.1; Win64; x64) AppleWebKit/537.36 (KHTML, like Gecko) Chrome/107.0.0.0 Safari/537.36"
84.1.181.153 - - [14/Nov/2022:17:28:16 +0100] "GET /new/sites/default/themes/nosza/images/kettoIcon.jpg HTTP/1.1" 200 1039 "http://www.nosza.hu/new/sites/default/themes/nosza/css/menu_style.css" "Mozilla/5.0 (Windows NT 6.1; Win64; x64) AppleWebKit/537.36 (KHTML, like Gecko) Chrome/107.0.0.0 Safari/537.36"
84.1.181.153 - - [14/Nov/2022:17:28:16 +0100] "GET /new/sites/default/themes/nosza/images/otIcon.jpg HTTP/1.1" 200 689 "http://www.nosza.hu/new/sites/default/themes/nosza/css/menu_style.css" "Mozilla/5.0 (Windows NT 6.1; Win64; x64) AppleWebKit/537.36 (KHTML, like Gecko) Chrome/107.0.0.0 Safari/537.36"
84.1.181.153 - - [14/Nov/2022:17:28:16 +0100] "GET /new/sites/default/themes/nosza/images/submenuBg.png HTTP/1.1" 200 875 "http://www.nosza.hu/new/sites/default/themes/nosza/css/menu_style.css" "Mozilla/5.0 (Windows NT 6.1; Win64; x64) AppleWebKit/537.36 (KHTML, like Gecko) Chrome/107.0.0.0 Safari/537.36"
84.1.181.153 - - [14/Nov/2022:17:28:16 +0100] "GET /new/sites/default/themes/nosza/images/egyIcon.jpg HTTP/1.1" 200 860 "http://www.nosza.hu/new/sites/default/themes/nosza/css/menu_style.css" "Mozilla/5.0 (Windows NT 6.1; Win64; x64) AppleWebKit/537.36 (KHTML, like Gecko) Chrome/107.0.0.0 Safari/537.36"
84.1.181.153 - - [14/Nov/2022:17:28:16 +0100] "GET /new/sites/default/themes/nosza/images/haromOver.jpg HTTP/1.1" 200 678 "http://www.nosza.hu/new/sites/default/themes/nosza/css/menu_style.css" "Mozilla/5.0 (Windows NT 6.1; Win64; x64) AppleWebKit/537.36 (KHTML, like Gecko) Chrome/107.0.0.0 Safari/537.36"
84.1.181.153 - - [14/Nov/2022:17:28:16 +0100] "GET /new/sites/default/themes/nosza/images/feelingBgMagunkrol.jpg HTTP/1.1" 200 42475 "http://www.nosza.hu/new/sites/default/themes/nosza/css/nosza.css?l" "Mozilla/5.0 (Windows NT 6.1; Win64; x64) AppleWebKit/537.36 (KHTML, like Gecko) Chrome/107.0.0.0 Safari/537.36"
84.1.181.153 - - [14/Nov/2022:17:28:16 +0100] "GET /new/sites/default/themes/nosza/images/footerBg.jpg HTTP/1.1" 200 1097 "http://www.nosza.hu/new/sites/default/themes/nosza/css/nosza.css?l" "Mozilla/5.0 (Windows NT 6.1; Win64; x64) AppleWebKit/537.36 (KHTML, like Gecko) Chrome/107.0.0.0 Safari/537.36"
84.1.181.153 - - [14/Nov/2022:17:28:17 +0100] "GET /favicon.ico HTTP/1.1" 404 1181 "http://www.nosza.hu/new/content/gyakran-ism%C3%A9telt-k%C3%A9rd%C3%A9sek" "Mozilla/5.0 (Windows NT 6.1; Win64; x64) AppleWebKit/537.36 (KHTML, like Gecko) Chrome/107.0.0.0 Safari/537.36"
84.1.181.153 - - [14/Nov/2022:17:28:17 +0100] "GET /new/sites/default/themes/nosza/images/kettoOver.jpg HTTP/1.1" 200 868 "http://www.nosza.hu/new/sites/default/themes/nosza/css/menu_style.css" "Mozilla/5.0 (Windows NT 6.1; Win64; x64) AppleWebKit/537.36 (KHTML, like Gecko) Chrome/107.0.0.0 Safari/537.36"
84.1.181.153 - - [14/Nov/2022:17:29:09 +0100] "GET /new/sites/default/themes/nosza/images/egyOver.jpg HTTP/1.1" 200 685 "http://www.nosza.hu/new/sites/default/themes/nosza/css/menu_style.css" "Mozilla/5.0 (Windows NT 6.1; Win64; x64) AppleWebKit/537.36 (KHTML, like Gecko) Chrome/107.0.0.0 Safari/537.36"
185.191.171.4 - - [14/Nov/2022:17:32:10 +0100] "GET /new/hirek/2016 HTTP/1.1" 200 16790 "-" "Mozilla/5.0 (compatible; SemrushBot/7~bl; +http://www.semrush.com/bot.html)"
185.191.171.8 - - [14/Nov/2022:17:33:44 +0100] "GET /robots.txt HTTP/1.1" 404 1181 "-" "Mozilla/5.0 (compatible; SemrushBot/7~bl; +http://www.semrush.com/bot.html)"
185.191.171.3 - - [14/Nov/2022:17:33:44 +0100] "GET /halozatok/kerekasztal/index.html HTTP/1.1" 200 13131 "-" "Mozilla/5.0 (compatible; SemrushBot/7~bl; +http://www.semrush.com/bot.html)"
185.191.171.14 - - [14/Nov/2022:17:37:50 +0100] "GET /aktualis/105onk/index.html HTTP/1.1" 200 65506 "-" "Mozilla/5.0 (compatible; SemrushBot/7~bl; +http://www.semrush.com/bot.html)"
77.110.128.73 - - [14/Nov/2022:18:01:05 +0100] "GET /favicon.ico HTTP/1.1" 404 1181 "http://www.nosza.hu/nizak-peterfi.dbk.pdf" "Mozilla/5.0 (Windows NT 10.0; Win64; x64) AppleWebKit/537.36 (KHTML, like Gecko) Chrome/107.0.0.0 Safari/537.36 Edg/107.0.1418.42"
77.110.128.73 - - [14/Nov/2022:18:01:05 +0100] "GET /nizak-peterfi.dbk.pdf HTTP/1.1" 200 156101 "https://www.bing.com/" "Mozilla/5.0 (Windows NT 10.0; Win64; x64) AppleWebKit/537.36 (KHTML, like Gecko) Chrome/107.0.0.0 Safari/537.36 Edg/107.0.1418.42"
185.191.171.14 - - [14/Nov/2022:18:03:59 +0100] "GET /konferenciak/042memo/index.html HTTP/1.1" 200 15379 "-" "Mozilla/5.0 (compatible; SemrushBot/7~bl; +http://www.semrush.com/bot.html)"
66.249.64.27 - - [14/Nov/2022:18:04:36 +0100] "GET /new/sites/default/themes/nosza/images/logoElerhetoseg.jpg HTTP/1.1" 304 - "-" "Googlebot-Image/1.0"
66.249.64.27 - - [14/Nov/2022:18:09:30 +0100] "GET /new/sites/default/files/NOSZA%20K%C3%B6zhaszn%C3%BA%20Jelent%C3%A9s%202013.pdf HTTP/1.1" 304 - "-" "Mozilla/5.0 (Linux; Android 6.0.1; Nexus 5X Build/MMB29P) AppleWebKit/537.36 (KHTML, like Gecko) Chrome/107.0.5304.110 Mobile Safari/537.36 (compatible; Googlebot/2.1; +http://www.google.com/bot.html)"
185.191.171.10 - - [14/Nov/2022:18:20:42 +0100] "GET /aktualis/ajogisegitseg/index.html HTTP/1.1" 200 395762 "-" "Mozilla/5.0 (compatible; SemrushBot/7~bl; +http://www.semrush.com/bot.html)"
81.183.27.13 - - [14/Nov/2022:18:59:48 +0100] "GET /galateia.css HTTP/1.1" 200 1717 "http://www.nosza.hu/kutat/REVkutatas/3gazdalkodas/index.html" "Mozilla/5.0 (Windows NT 10.0; WOW64) AppleWebKit/537.36 (KHTML, like Gecko) Chrome/107.0.0.0 Safari/537.36"
81.183.27.13 - - [14/Nov/2022:18:59:49 +0100] "GET /graphics/noszalogo.gif HTTP/1.1" 200 6797 "http://www.nosza.hu/kutat/REVkutatas/3gazdalkodas/index.html" "Mozilla/5.0 (Windows NT 10.0; WOW64) AppleWebKit/537.36 (KHTML, like Gecko) Chrome/107.0.0.0 Safari/537.36"
81.183.27.13 - - [14/Nov/2022:18:59:49 +0100] "GET /kutat/REVkutatas/3gazdalkodas/index.html HTTP/1.1" 200 88137 "https://www.google.com/" "Mozilla/5.0 (Windows NT 10.0; WOW64) AppleWebKit/537.36 (KHTML, like Gecko) Chrome/107.0.0.0 Safari/537.36"
81.183.27.13 - - [14/Nov/2022:18:59:49 +0100] "GET /graphics/galas.gif HTTP/1.1" 200 913 "http://www.nosza.hu/kutat/REVkutatas/3gazdalkodas/index.html" "Mozilla/5.0 (Windows NT 10.0; WOW64) AppleWebKit/537.36 (KHTML, like Gecko) Chrome/107.0.0.0 Safari/537.36"
81.183.27.13 - - [14/Nov/2022:18:59:49 +0100] "GET /favicon.ico HTTP/1.1" 404 1181 "http://www.nosza.hu/kutat/REVkutatas/3gazdalkodas/index.html" "Mozilla/5.0 (Windows NT 10.0; WOW64) AppleWebKit/537.36 (KHTML, like Gecko) Chrome/107.0.0.0 Safari/537.36"
66.249.64.25 - - [14/Nov/2022:19:04:07 +0100] "GET /new/publikaciok/dr-f%C3%BCl%C3%B6p-s%C3%A1ndor-egyes%C3%BCletek-b%C3%ADr%C3%B3s%C3%A1gi-nyilv%C3%A1ntart%C3%A1sba-v%C3%A9teli-gyakorlata-%C3%B6sszehasonl%C3%ADt%C3%B3-e-0 HTTP/1.1" 200 8881 "-" "Mozilla/5.0 (Linux; Android 6.0.1; Nexus 5X Build/MMB29P) AppleWebKit/537.36 (KHTML, like Gecko) Chrome/107.0.5304.110 Mobile Safari/537.36 (compatible; Googlebot/2.1; +http://www.google.com/bot.html)"
66.249.64.23 - - [14/Nov/2022:19:13:55 +0100] "GET /new/modules/system/defaults.css?l HTTP/1.1" 200 757 "http://www.nosza.hu/new/publikaciok/dr-f%C3%BCl%C3%B6p-s%C3%A1ndor-egyes%C3%BCletek-b%C3%ADr%C3%B3s%C3%A1gi-nyilv%C3%A1ntart%C3%A1sba-v%C3%A9teli-gyakorlata-%C3%B6sszehasonl%C3%ADt%C3%B3-e-0" "Mozilla/5.0 (Linux; Android 6.0.1; Nexus 5X Build/MMB29P) AppleWebKit/537.36 (KHTML, like Gecko) Chrome/106.0.5249.119 Mobile Safari/537.36 (compatible; Googlebot/2.1; +http://www.google.com/bot.html)"
94.248.219.63 - - [14/Nov/2022:19:15:30 +0100] "GET /kutat/REVkutatas/5PR/index.html HTTP/1.1" 200 49876 "https://www.google.com/" "Mozilla/5.0 (Windows NT 10.0; Win64; x64) AppleWebKit/537.36 (KHTML, like Gecko) Chrome/107.0.0.0 Safari/537.36"
94.248.219.63 - - [14/Nov/2022:19:15:30 +0100] "GET /galateia.css HTTP/1.1" 200 1717 "http://www.nosza.hu/kutat/REVkutatas/5PR/index.html" "Mozilla/5.0 (Windows NT 10.0; Win64; x64) AppleWebKit/537.36 (KHTML, like Gecko) Chrome/107.0.0.0 Safari/537.36"
94.248.219.63 - - [14/Nov/2022:19:15:30 +0100] "GET /graphics/noszalogo.gif HTTP/1.1" 200 6797 "http://www.nosza.hu/kutat/REVkutatas/5PR/index.html" "Mozilla/5.0 (Windows NT 10.0; Win64; x64) AppleWebKit/537.36 (KHTML, like Gecko) Chrome/107.0.0.0 Safari/537.36"
94.248.219.63 - - [14/Nov/2022:19:15:30 +0100] "GET /graphics/galas.gif HTTP/1.1" 200 913 "http://www.nosza.hu/kutat/REVkutatas/5PR/index.html" "Mozilla/5.0 (Windows NT 10.0; Win64; x64) AppleWebKit/537.36 (KHTML, like Gecko) Chrome/107.0.0.0 Safari/537.36"
94.248.219.63 - - [14/Nov/2022:19:15:30 +0100] "GET /favicon.ico HTTP/1.1" 404 1181 "http://www.nosza.hu/kutat/REVkutatas/5PR/index.html" "Mozilla/5.0 (Windows NT 10.0; Win64; x64) AppleWebKit/537.36 (KHTML, like Gecko) Chrome/107.0.0.0 Safari/537.36"
66.249.64.27 - - [14/Nov/2022:19:16:34 +0100] "GET /new/projektek/Civil%20%C3%BAjs%C3%A1g%C3%ADr%C3%A1s HTTP/1.1" 200 9236 "-" "Mozilla/5.0 (Linux; Android 6.0.1; Nexus 5X Build/MMB29P) AppleWebKit/537.36 (KHTML, like Gecko) Chrome/107.0.5304.110 Mobile Safari/537.36 (compatible; Googlebot/2.1; +http://www.google.com/bot.html)"
5.161.76.53 - - [14/Nov/2022:19:39:32 +0100] "GET /new/sites/default/files/Alap%C3%ADtv%C3%A1ny_ujPtk.pdf HTTP/1.1" 200 238379 "-" "Mozilla/5.0 (Windows NT 10.0; Win64; x64) AppleWebKit/537.36 (KHTML, like Gecko) Chrome/84.0.4147.105 Safari/537.36"
80.99.9.166 - - [14/Nov/2022:19:46:43 +0100] "GET /kutat/REVkutatas/5PR/index.html HTTP/1.1" 200 49876 "https://www.google.com/" "Mozilla/5.0 (Macintosh; Intel Mac OS X 10_13_6) AppleWebKit/537.36 (KHTML, like Gecko) Chrome/106.0.0.0 Safari/537.36"
80.99.9.166 - - [14/Nov/2022:19:46:43 +0100] "GET /galateia.css HTTP/1.1" 200 1717 "http://www.nosza.hu/kutat/REVkutatas/5PR/index.html" "Mozilla/5.0 (Macintosh; Intel Mac OS X 10_13_6) AppleWebKit/537.36 (KHTML, like Gecko) Chrome/106.0.0.0 Safari/537.36"
80.99.9.166 - - [14/Nov/2022:19:46:43 +0100] "GET /graphics/noszalogo.gif HTTP/1.1" 200 6797 "http://www.nosza.hu/kutat/REVkutatas/5PR/index.html" "Mozilla/5.0 (Macintosh; Intel Mac OS X 10_13_6) AppleWebKit/537.36 (KHTML, like Gecko) Chrome/106.0.0.0 Safari/537.36"
80.99.9.166 - - [14/Nov/2022:19:46:43 +0100] "GET /graphics/galas.gif HTTP/1.1" 200 913 "http://www.nosza.hu/kutat/REVkutatas/5PR/index.html" "Mozilla/5.0 (Macintosh; Intel Mac OS X 10_13_6) AppleWebKit/537.36 (KHTML, like Gecko) Chrome/106.0.0.0 Safari/537.36"
80.99.9.166 - - [14/Nov/2022:19:46:44 +0100] "GET /favicon.ico HTTP/1.1" 404 1181 "http://www.nosza.hu/kutat/REVkutatas/5PR/index.html" "Mozilla/5.0 (Macintosh; Intel Mac OS X 10_13_6) AppleWebKit/537.36 (KHTML, like Gecko) Chrome/106.0.0.0 Safari/537.36"
185.191.171.40 - - [14/Nov/2022:19:46:50 +0100] "GET /robots.txt HTTP/1.1" 404 1181 "-" "Mozilla/5.0 (compatible; SemrushBot/7~bl; +http://www.semrush.com/bot.html)"
185.191.171.14 - - [14/Nov/2022:19:46:50 +0100] "GET /aktualis/105onk/onkentes/index.html HTTP/1.1" 200 24562 "-" "Mozilla/5.0 (compatible; SemrushBot/7~bl; +http://www.semrush.com/bot.html)"
185.191.171.17 - - [14/Nov/2022:19:56:11 +0100] "GET /halozatok/JMCS/tagok/index.html HTTP/1.1" 200 65034 "-" "Mozilla/5.0 (compatible; SemrushBot/7~bl; +http://www.semrush.com/bot.html)"
143.198.161.19 - - [14/Nov/2022:19:59:58 +0100] "GET /wp-login.php HTTP/1.1" 404 1181 "-" "Mozilla/5.0 (Windows NT 10.0; Win64; x64; rv:96.0) Gecko/20100101 Firefox/96"
66.249.64.27 - - [14/Nov/2022:20:08:23 +0100] "GET /new/content/civil-szervezeti-l%C3%A9t-r%C3%A9gi-%C3%A9s-%C3%BAj-kih%C3%ADv%C3%A1sai HTTP/1.1" 200 9213 "-" "Mozilla/5.0 (Linux; Android 6.0.1; Nexus 5X Build/MMB29P) AppleWebKit/537.36 (KHTML, like Gecko) Chrome/107.0.5304.110 Mobile Safari/537.36 (compatible; Googlebot/2.1; +http://www.google.com/bot.html)"
185.191.171.43 - - [14/Nov/2022:20:23:41 +0100] "GET /3kutat/REVkutatas/3gazdalkodas/index.html HTTP/1.1" 200 88272 "-" "Mozilla/5.0 (compatible; SemrushBot/7~bl; +http://www.semrush.com/bot.html)"
66.249.64.25 - - [14/Nov/2022:20:29:49 +0100] "GET /halozatok/muhely/tagok/index.html HTTP/1.1" 200 25134 "-" "Mozilla/5.0 (Linux; Android 6.0.1; Nexus 5X Build/MMB29P) AppleWebKit/537.36 (KHTML, like Gecko) Chrome/107.0.5304.110 Mobile Safari/537.36 (compatible; Googlebot/2.1; +http://www.google.com/bot.html)"
66.249.64.27 - - [14/Nov/2022:20:44:10 +0100] "GET /new/content/gyakran-ism%C3%A9telt-k%C3%A9rd%C3%A9sek HTTP/1.1" 200 12447 "-" "Mozilla/5.0 (Linux; Android 6.0.1; Nexus 5X Build/MMB29P) AppleWebKit/537.36 (KHTML, like Gecko) Chrome/107.0.5304.110 Mobile Safari/537.36 (compatible; Googlebot/2.1; +http://www.google.com/bot.html)"
157.55.39.17 - - [14/Nov/2022:20:56:30 +0100] "GET /galateia.css HTTP/1.1" 200 1717 "-" "Mozilla/5.0 AppleWebKit/537.36 (KHTML, like Gecko; compatible; bingbot/2.0; +http://www.bing.com/bingbot.htm) Chrome/103.0.5060.134 Safari/537.36"
17.121.113.50 - - [14/Nov/2022:21:01:42 +0100] "GET /favicon.ico HTTP/1.1" 404 1181 "-" "Mozilla/5.0 (Macintosh; Intel Mac OS X 10_15_5) AppleWebKit/605.1.15 (KHTML, like Gecko) Version/13.1.1 Safari/605.1.15 (Applebot/0.1; +http://www.apple.com/go/applebot)"
185.191.171.17 - - [14/Nov/2022:21:08:24 +0100] "GET /robots.txt HTTP/1.1" 404 1181 "-" "Mozilla/5.0 (compatible; SemrushBot/7~bl; +http://www.semrush.com/bot.html)"
185.191.171.38 - - [14/Nov/2022:21:08:25 +0100] "GET /halozatok/muhely/index.html HTTP/1.1" 200 12478 "-" "Mozilla/5.0 (compatible; SemrushBot/7~bl; +http://www.semrush.com/bot.html)"
185.191.171.19 - - [14/Nov/2022:21:31:58 +0100] "GET /halozatok/JMCS/memo/03/index.html HTTP/1.1" 200 45451 "-" "Mozilla/5.0 (compatible; SemrushBot/7~bl; +http://www.semrush.com/bot.html)"
185.191.171.38 - - [14/Nov/2022:21:34:33 +0100] "GET /halozatok/JMCS/memo/04/index.html HTTP/1.1" 200 15900 "-" "Mozilla/5.0 (compatible; SemrushBot/7~bl; +http://www.semrush.com/bot.html)"
157.55.39.17 - - [14/Nov/2022:21:49:56 +0100] "GET / HTTP/1.1" 200 1010 "-" "Mozilla/5.0 (compatible; bingbot/2.0; +http://www.bing.com/bingbot.htm)"
216.244.66.229 - - [14/Nov/2022:22:10:05 +0100] "GET /robots.txt HTTP/1.1" 404 1181 "-" "Mozilla/5.0 (compatible; DotBot/1.2; +https://opensiteexplorer.org/dotbot; help@moz.com)"
185.191.171.23 - - [14/Nov/2022:22:10:12 +0100] "GET /robots.txt HTTP/1.1" 404 1181 "-" "Mozilla/5.0 (compatible; SemrushBot/7~bl; +http://www.semrush.com/bot.html)"
185.191.171.35 - - [14/Nov/2022:22:10:14 +0100] "GET /konferenciak/2konferencia/index.html HTTP/1.1" 200 7142 "-" "Mozilla/5.0 (compatible; SemrushBot/7~bl; +http://www.semrush.com/bot.html)"
185.191.171.14 - - [14/Nov/2022:22:19:17 +0100] "GET /halozatok/JMCS/memo/index.html HTTP/1.1" 200 15271 "-" "Mozilla/5.0 (compatible; SemrushBot/7~bl; +http://www.semrush.com/bot.html)"
216.244.66.229 - - [14/Nov/2022:22:23:08 +0100] "GET /new/hirek/dossziek?page=1 HTTP/1.1" 200 14342 "-" "Mozilla/5.0 (compatible; DotBot/1.2; +https://opensiteexplorer.org/dotbot; help@moz.com)"
66.249.64.25 - - [14/Nov/2022:22:25:50 +0100] "GET /new/content/gyakran-ism%C3%A9telt-k%C3%A9rd%C3%A9sek HTTP/1.1" 200 12447 "-" "Mozilla/5.0 (compatible; Googlebot/2.1; +http://www.google.com/bot.html)"
185.191.171.34 - - [14/Nov/2022:22:32:39 +0100] "GET /halozatok/JMCS/memo/07/index.html HTTP/1.1" 200 16609 "-" "Mozilla/5.0 (compatible; SemrushBot/7~bl; +http://www.semrush.com/bot.html)"
66.249.64.23 - - [14/Nov/2022:22:55:50 +0100] "GET /new/magunkrol/tagjaink HTTP/1.1" 200 16672 "-" "Mozilla/5.0 (compatible; Googlebot/2.1; +http://www.google.com/bot.html)"
54.36.148.38 - - [14/Nov/2022:23:04:09 +0100] "GET /robots.txt HTTP/1.1" 404 1181 "-" "Mozilla/5.0 (compatible; AhrefsBot/7.0; +http://ahrefs.com/robot/)"
54.36.148.57 - - [14/Nov/2022:23:04:10 +0100] "GET / HTTP/1.1" 200 1010 "-" "Mozilla/5.0 (compatible; AhrefsBot/7.0; +http://ahrefs.com/robot/)"
157.55.39.111 - - [14/Nov/2022:23:23:07 +0100] "GET /aktualis/2jogalkotas/index.html HTTP/1.1" 200 237725 "-" "Mozilla/5.0 (compatible; bingbot/2.0; +http://www.bing.com/bingbot.htm)"
77.75.79.119 - - [14/Nov/2022:23:24:14 +0100] "GET /3kutat/index.html HTTP/1.1" 200 26177 "-" "Mozilla/5.0 (compatible; SeznamBot/4.0-RC1; +http://napoveda.seznam.cz/seznambot-intro/)"
185.191.171.25 - - [14/Nov/2022:23:30:46 +0100] "GET /robots.txt HTTP/1.1" 404 1181 "-" "Mozilla/5.0 (compatible; SemrushBot/7~bl; +http://www.semrush.com/bot.html)"
185.191.171.43 - - [14/Nov/2022:23:30:47 +0100] "GET /halozatok/JMCS/memo/08/index.html HTTP/1.1" 200 13492 "-" "Mozilla/5.0 (compatible; SemrushBot/7~bl; +http://www.semrush.com/bot.html)"
5.255.253.172 - - [15/Nov/2022:00:45:48 +0100] "GET /robots.txt HTTP/1.1" 404 1181 "-" "Mozilla/5.0 (compatible; YandexBot/3.0; +http://yandex.com/bots)"
5.255.253.172 - - [15/Nov/2022:00:45:52 +0100] "GET /aktualis/012autopalya/level/index.html HTTP/1.1" 200 61858 "-" "Mozilla/5.0 (compatible; YandexBot/3.0; +http://yandex.com/bots)"
216.244.66.229 - - [15/Nov/2022:00:47:55 +0100] "GET /robots.txt HTTP/1.1" 404 1181 "-" "Mozilla/5.0 (compatible; DotBot/1.2; +https://opensiteexplorer.org/dotbot; help@moz.com)"
13.80.16.157 - - [15/Nov/2022:00:49:19 +0100] "GET /.env HTTP/1.1" 404 1181 "-" "Mozilla/5.0 (Macintosh; Intel Mac OS X 10.15; rv:77.0) Gecko/20100101 Firefox/77.0"
216.244.66.229 - - [15/Nov/2022:01:02:24 +0100] "GET /new/sites/default/files/Onkentesseg.pdf HTTP/1.1" 200 496260 "-" "Mozilla/5.0 (compatible; DotBot/1.2; +https://opensiteexplorer.org/dotbot; help@moz.com)"
54.185.231.183 - - [15/Nov/2022:01:19:24 +0100] "GET / HTTP/1.1" 200 1010 "-" "Mozilla/5.0 (X11; Linux x86_64) AppleWebKit/537.36 (KHTML, like Gecko) Chrome/83.0.4103.97 Safari/537.36"
54.218.45.124 - - [15/Nov/2022:01:19:50 +0100] "GET /favicon.ico HTTP/1.1" 404 1181 "-" "Mozilla/5.0 (X11; Linux x86_64) AppleWebKit/537.36 (KHTML, like Gecko) Chrome/83.0.4103.97 Safari/537.36"
54.218.45.124 - - [15/Nov/2022:01:19:52 +0100] "GET / HTTP/1.1" 200 1010 "-" "Mozilla/5.0 (X11; Linux x86_64) AppleWebKit/537.36 (KHTML, like Gecko) Chrome/83.0.4103.97 Safari/537.36"
88.99.238.79 - - [15/Nov/2022:01:35:58 +0100] "GET /ads.txt HTTP/1.0" 404 1181 "-" "Mozilla/5.0 (Windows NT 10.0; Win64; x64; rv:86.0) Gecko/20100101 Firefox/86.0"
91.233.21.70 - - [15/Nov/2022:01:45:52 +0100] "GET /.well-known/pki-validation/A31A60F1F0B5C9A66F6B26D881F7865F.txt HTTP/1.1" 404 1181 "-" "COMODO DCV"
91.233.21.70 - - [15/Nov/2022:01:45:52 +0100] "GET /.well-known/pki-validation/630D3EE2753EB5A43B7C5FC523B4DD13.txt HTTP/1.1" 404 1181 "-" "COMODO DCV"
157.55.39.111 - - [15/Nov/2022:03:27:08 +0100] "GET /nizak-peterfi.dbk.pdf HTTP/1.1" 200 156101 "-" "Mozilla/5.0 (compatible; bingbot/2.0; +http://www.bing.com/bingbot.htm)"
51.222.253.19 - - [15/Nov/2022:04:40:17 +0100] "GET /robots.txt HTTP/1.1" 404 1181 "-" "Mozilla/5.0 (compatible; AhrefsBot/7.0; +http://ahrefs.com/robot/)"
54.36.149.74 - - [15/Nov/2022:04:40:17 +0100] "GET / HTTP/1.1" 200 1010 "-" "Mozilla/5.0 (compatible; AhrefsBot/7.0; +http://ahrefs.com/robot/)"
185.191.171.6 - - [15/Nov/2022:04:48:14 +0100] "GET /robots.txt HTTP/1.1" 404 1181 "-" "Mozilla/5.0 (compatible; SemrushBot/7~bl; +http://www.semrush.com/bot.html)"
185.191.171.3 - - [15/Nov/2022:04:48:15 +0100] "GET /aktualis/NCAvh/index.html HTTP/1.1" 200 67842 "-" "Mozilla/5.0 (compatible; SemrushBot/7~bl; +http://www.semrush.com/bot.html)"
77.75.77.119 - - [15/Nov/2022:05:03:51 +0100] "GET /robots.txt HTTP/1.1" 404 1181 "-" "Mozilla/5.0 (compatible; SeznamBot/4.0-RC1; +http://napoveda.seznam.cz/seznambot-intro/)"
77.75.79.119 - - [15/Nov/2022:05:03:51 +0100] "GET /angol/EESCconf/index.html HTTP/1.1" 304 - "-" "Mozilla/5.0 (compatible; SeznamBot/4.0-RC1; +http://napoveda.seznam.cz/seznambot-intro/)"
207.46.13.151 - - [15/Nov/2022:05:14:45 +0100] "GET /partnereink/index.html HTTP/1.1" 200 11929 "-" "Mozilla/5.0 AppleWebKit/537.36 (KHTML, like Gecko; compatible; bingbot/2.0; +http://www.bing.com/bingbot.htm) Chrome/103.0.5060.134 Safari/537.36"
66.249.64.104 - - [15/Nov/2022:05:45:55 +0100] "GET /robots.txt HTTP/1.1" 404 1181 "-" "Mozilla/5.0 (compatible; Googlebot/2.1; +http://www.google.com/bot.html)"
66.249.64.102 - - [15/Nov/2022:05:45:55 +0100] "GET /favicon.ico HTTP/1.1" 404 1181 "-" "Googlebot-Image/1.0"
66.249.64.23 - - [15/Nov/2022:05:50:14 +0100] "GET /robots.txt HTTP/1.1" 404 1181 "-" "Mozilla/5.0 (compatible; Googlebot/2.1; +http://www.google.com/bot.html)"
66.249.64.23 - - [15/Nov/2022:05:50:14 +0100] "GET /konferenciak/2konferencia/2resztvevok/index.html HTTP/1.1" 200 150584 "-" "Mozilla/5.0 (Linux; Android 6.0.1; Nexus 5X Build/MMB29P) AppleWebKit/537.36 (KHTML, like Gecko) Chrome/107.0.5304.110 Mobile Safari/537.36 (compatible; Googlebot/2.1; +http://www.google.com/bot.html)"
114.119.142.47 - - [15/Nov/2022:06:02:30 +0100] "GET /robots.txt HTTP/1.1" 404 1181 "-" "Mozilla/5.0 (compatible;PetalBot;+https://webmaster.petalsearch.com/site/petalbot)"
77.75.79.119 - - [15/Nov/2022:07:01:31 +0100] "GET /halozatok/index.html HTTP/1.1" 200 5818 "-" "Mozilla/5.0 (compatible; SeznamBot/4.0-RC1; +http://napoveda.seznam.cz/seznambot-intro/)"
157.55.39.17 - - [15/Nov/2022:07:11:43 +0100] "GET / HTTP/1.1" 200 1010 "-" "Mozilla/5.0 (compatible; bingbot/2.0; +http://www.bing.com/bingbot.htm)"
66.249.64.25 - - [15/Nov/2022:07:12:22 +0100] "GET /new/content/gyakran-ism%C3%A9telt-k%C3%A9rd%C3%A9sek HTTP/1.1" 200 12447 "-" "Mozilla/5.0 (Linux; Android 6.0.1; Nexus 5X Build/MMB29P) AppleWebKit/537.36 (KHTML, like Gecko) Chrome/107.0.5304.110 Mobile Safari/537.36 (compatible; Googlebot/2.1; +http://www.google.com/bot.html)"
188.6.81.82 - - [15/Nov/2022:07:37:10 +0100] "GET /new/magunkrol/tagjaink HTTP/1.1" 200 16672 "https://www.google.com/" "Mozilla/5.0 (Windows NT 10.0; Win64; x64) AppleWebKit/537.36 (KHTML, like Gecko) Chrome/107.0.0.0 Safari/537.36"
188.6.81.82 - - [15/Nov/2022:07:37:10 +0100] "GET /new/modules/node/node.css?l HTTP/1.1" 200 740 "http://www.nosza.hu/new/magunkrol/tagjaink" "Mozilla/5.0 (Windows NT 10.0; Win64; x64) AppleWebKit/537.36 (KHTML, like Gecko) Chrome/107.0.0.0 Safari/537.36"
188.6.81.82 - - [15/Nov/2022:07:37:10 +0100] "GET /new/modules/filefield/filefield.css?l HTTP/1.1" 200 1986 "http://www.nosza.hu/new/magunkrol/tagjaink" "Mozilla/5.0 (Windows NT 10.0; Win64; x64) AppleWebKit/537.36 (KHTML, like Gecko) Chrome/107.0.0.0 Safari/537.36"
188.6.81.82 - - [15/Nov/2022:07:37:10 +0100] "GET /new/modules/system/defaults.css?l HTTP/1.1" 200 757 "http://www.nosza.hu/new/magunkrol/tagjaink" "Mozilla/5.0 (Windows NT 10.0; Win64; x64) AppleWebKit/537.36 (KHTML, like Gecko) Chrome/107.0.0.0 Safari/537.36"
188.6.81.82 - - [15/Nov/2022:07:37:10 +0100] "GET /new/modules/system/system.css?l HTTP/1.1" 200 10020 "http://www.nosza.hu/new/magunkrol/tagjaink" "Mozilla/5.0 (Windows NT 10.0; Win64; x64) AppleWebKit/537.36 (KHTML, like Gecko) Chrome/107.0.0.0 Safari/537.36"
188.6.81.82 - - [15/Nov/2022:07:37:10 +0100] "GET /new/modules/system/system-menus.css?l HTTP/1.1" 200 935 "http://www.nosza.hu/new/magunkrol/tagjaink" "Mozilla/5.0 (Windows NT 10.0; Win64; x64) AppleWebKit/537.36 (KHTML, like Gecko) Chrome/107.0.0.0 Safari/537.36"
188.6.81.82 - - [15/Nov/2022:07:37:10 +0100] "GET /new/modules/user/user.css?l HTTP/1.1" 200 1127 "http://www.nosza.hu/new/magunkrol/tagjaink" "Mozilla/5.0 (Windows NT 10.0; Win64; x64) AppleWebKit/537.36 (KHTML, like Gecko) Chrome/107.0.0.0 Safari/537.36"
188.6.81.82 - - [15/Nov/2022:07:37:10 +0100] "GET /new/sites/all/modules/cck/theme/content-module.css?l HTTP/1.1" 200 2397 "http://www.nosza.hu/new/magunkrol/tagjaink" "Mozilla/5.0 (Windows NT 10.0; Win64; x64) AppleWebKit/537.36 (KHTML, like Gecko) Chrome/107.0.0.0 Safari/537.36"
188.6.81.82 - - [15/Nov/2022:07:37:10 +0100] "GET /new/sites/all/modules/cck/modules/fieldgroup/fieldgroup.css?l HTTP/1.1" 200 166 "http://www.nosza.hu/new/magunkrol/tagjaink" "Mozilla/5.0 (Windows NT 10.0; Win64; x64) AppleWebKit/537.36 (KHTML, like Gecko) Chrome/107.0.0.0 Safari/537.36"
188.6.81.82 - - [15/Nov/2022:07:37:10 +0100] "GET /new/sites/default/themes/nosza/css/nosza.css?l HTTP/1.1" 200 10555 "http://www.nosza.hu/new/magunkrol/tagjaink" "Mozilla/5.0 (Windows NT 10.0; Win64; x64) AppleWebKit/537.36 (KHTML, like Gecko) Chrome/107.0.0.0 Safari/537.36"
188.6.81.82 - - [15/Nov/2022:07:37:10 +0100] "GET /new/sites/default/themes/nosza/css/menu_style.css HTTP/1.1" 200 4749 "http://www.nosza.hu/new/magunkrol/tagjaink" "Mozilla/5.0 (Windows NT 10.0; Win64; x64) AppleWebKit/537.36 (KHTML, like Gecko) Chrome/107.0.0.0 Safari/537.36"
188.6.81.82 - - [15/Nov/2022:07:37:10 +0100] "GET /new/sites/default/themes/nosza/scripts/search.js HTTP/1.1" 200 466 "http://www.nosza.hu/new/magunkrol/tagjaink" "Mozilla/5.0 (Windows NT 10.0; Win64; x64) AppleWebKit/537.36 (KHTML, like Gecko) Chrome/107.0.0.0 Safari/537.36"
188.6.81.82 - - [15/Nov/2022:07:37:10 +0100] "GET /new/sites/default/themes/nosza/images/aktualisSide.jpg HTTP/1.1" 200 8821 "http://www.nosza.hu/new/magunkrol/tagjaink" "Mozilla/5.0 (Windows NT 10.0; Win64; x64) AppleWebKit/537.36 (KHTML, like Gecko) Chrome/107.0.0.0 Safari/537.36"
188.6.81.82 - - [15/Nov/2022:07:37:10 +0100] "GET /new/sites/default/themes/nosza/images/logoMagunkrol.jpg HTTP/1.1" 200 4934 "http://www.nosza.hu/new/magunkrol/tagjaink" "Mozilla/5.0 (Windows NT 10.0; Win64; x64) AppleWebKit/537.36 (KHTML, like Gecko) Chrome/107.0.0.0 Safari/537.36"
188.6.81.82 - - [15/Nov/2022:07:37:10 +0100] "GET /new/sites/default/themes/nosza/images/dosszieSide.jpg HTTP/1.1" 200 7764 "http://www.nosza.hu/new/magunkrol/tagjaink" "Mozilla/5.0 (Windows NT 10.0; Win64; x64) AppleWebKit/537.36 (KHTML, like Gecko) Chrome/107.0.0.0 Safari/537.36"
188.6.81.82 - - [15/Nov/2022:07:37:10 +0100] "GET /new/sites/default/themes/nosza/images/feelingBgMagunkrol.jpg HTTP/1.1" 200 42475 "http://www.nosza.hu/new/sites/default/themes/nosza/css/nosza.css?l" "Mozilla/5.0 (Windows NT 10.0; Win64; x64) AppleWebKit/537.36 (KHTML, like Gecko) Chrome/107.0.0.0 Safari/537.36"
188.6.81.82 - - [15/Nov/2022:07:37:10 +0100] "GET /new/sites/default/themes/nosza/images/subnavBg.jpg HTTP/1.1" 200 439 "http://www.nosza.hu/new/sites/default/themes/nosza/css/nosza.css?l" "Mozilla/5.0 (Windows NT 10.0; Win64; x64) AppleWebKit/537.36 (KHTML, like Gecko) Chrome/107.0.0.0 Safari/537.36"
188.6.81.82 - - [15/Nov/2022:07:37:10 +0100] "GET /new/sites/default/themes/nosza/images/headerBgMagunkrol.jpg HTTP/1.1" 200 22932 "http://www.nosza.hu/new/sites/default/themes/nosza/css/nosza.css?l" "Mozilla/5.0 (Windows NT 10.0; Win64; x64) AppleWebKit/537.36 (KHTML, like Gecko) Chrome/107.0.0.0 Safari/537.36"
188.6.81.82 - - [15/Nov/2022:07:37:10 +0100] "GET /new/sites/default/themes/nosza/images/hatIcon.jpg HTTP/1.1" 200 838 "http://www.nosza.hu/new/sites/default/themes/nosza/css/menu_style.css" "Mozilla/5.0 (Windows NT 10.0; Win64; x64) AppleWebKit/537.36 (KHTML, like Gecko) Chrome/107.0.0.0 Safari/537.36"
188.6.81.82 - - [15/Nov/2022:07:37:10 +0100] "GET /new/sites/default/themes/nosza/images/publikaciokSide.jpg HTTP/1.1" 200 7497 "http://www.nosza.hu/new/magunkrol/tagjaink" "Mozilla/5.0 (Windows NT 10.0; Win64; x64) AppleWebKit/537.36 (KHTML, like Gecko) Chrome/107.0.0.0 Safari/537.36"
188.6.81.82 - - [15/Nov/2022:07:37:10 +0100] "GET /new/sites/default/themes/nosza/images/otIcon.jpg HTTP/1.1" 200 689 "http://www.nosza.hu/new/sites/default/themes/nosza/css/menu_style.css" "Mozilla/5.0 (Windows NT 10.0; Win64; x64) AppleWebKit/537.36 (KHTML, like Gecko) Chrome/107.0.0.0 Safari/537.36"
188.6.81.82 - - [15/Nov/2022:07:37:10 +0100] "GET /new/sites/default/themes/nosza/images/egyIcon.jpg HTTP/1.1" 200 860 "http://www.nosza.hu/new/sites/default/themes/nosza/css/menu_style.css" "Mozilla/5.0 (Windows NT 10.0; Win64; x64) AppleWebKit/537.36 (KHTML, like Gecko) Chrome/107.0.0.0 Safari/537.36"
188.6.81.82 - - [15/Nov/2022:07:37:10 +0100] "GET /new/sites/default/themes/nosza/images/haromIcon.jpg HTTP/1.1" 200 764 "http://www.nosza.hu/new/sites/default/themes/nosza/css/menu_style.css" "Mozilla/5.0 (Windows NT 10.0; Win64; x64) AppleWebKit/537.36 (KHTML, like Gecko) Chrome/107.0.0.0 Safari/537.36"
188.6.81.82 - - [15/Nov/2022:07:37:10 +0100] "GET /new/sites/default/files/biroendre.jpg HTTP/1.1" 200 2336 "http://www.nosza.hu/new/magunkrol/tagjaink" "Mozilla/5.0 (Windows NT 10.0; Win64; x64) AppleWebKit/537.36 (KHTML, like Gecko) Chrome/107.0.0.0 Safari/537.36"
188.6.81.82 - - [15/Nov/2022:07:37:10 +0100] "GET /new/sites/default/themes/nosza/images/searchBg.png HTTP/1.1" 200 1443 "http://www.nosza.hu/new/sites/default/themes/nosza/css/nosza.css?l" "Mozilla/5.0 (Windows NT 10.0; Win64; x64) AppleWebKit/537.36 (KHTML, like Gecko) Chrome/107.0.0.0 Safari/537.36"
188.6.81.82 - - [15/Nov/2022:07:37:10 +0100] "GET /new/sites/default/files/brigi.jpg HTTP/1.1" 200 48509 "http://www.nosza.hu/new/magunkrol/tagjaink" "Mozilla/5.0 (Windows NT 10.0; Win64; x64) AppleWebKit/537.36 (KHTML, like Gecko) Chrome/107.0.0.0 Safari/537.36"
188.6.81.82 - - [15/Nov/2022:07:37:10 +0100] "GET /new/sites/default/themes/nosza/images/kettoIcon.jpg HTTP/1.1" 200 1039 "http://www.nosza.hu/new/sites/default/themes/nosza/css/menu_style.css" "Mozilla/5.0 (Windows NT 10.0; Win64; x64) AppleWebKit/537.36 (KHTML, like Gecko) Chrome/107.0.0.0 Safari/537.36"
188.6.81.82 - - [15/Nov/2022:07:37:10 +0100] "GET /new/sites/default/themes/nosza/images/negyIcon.jpg HTTP/1.1" 200 908 "http://www.nosza.hu/new/sites/default/themes/nosza/css/menu_style.css" "Mozilla/5.0 (Windows NT 10.0; Win64; x64) AppleWebKit/537.36 (KHTML, like Gecko) Chrome/107.0.0.0 Safari/537.36"
188.6.81.82 - - [15/Nov/2022:07:37:10 +0100] "GET /new/sites/default/themes/nosza/images/subnavOver.jpg HTTP/1.1" 200 704 "http://www.nosza.hu/new/sites/default/themes/nosza/css/nosza.css?l" "Mozilla/5.0 (Windows NT 10.0; Win64; x64) AppleWebKit/537.36 (KHTML, like Gecko) Chrome/107.0.0.0 Safari/537.36"
188.6.81.82 - - [15/Nov/2022:07:37:10 +0100] "GET /new/sites/default/themes/nosza/images/magyarBgInactive.png HTTP/1.1" 200 686 "http://www.nosza.hu/new/sites/default/themes/nosza/css/nosza.css?l" "Mozilla/5.0 (Windows NT 10.0; Win64; x64) AppleWebKit/537.36 (KHTML, like Gecko) Chrome/107.0.0.0 Safari/537.36"
188.6.81.82 - - [15/Nov/2022:07:37:10 +0100] "GET /new/sites/default/themes/nosza/images/breadNyil.jpg HTTP/1.1" 200 312 "http://www.nosza.hu/new/sites/default/themes/nosza/css/nosza.css?l" "Mozilla/5.0 (Windows NT 10.0; Win64; x64) AppleWebKit/537.36 (KHTML, like Gecko) Chrome/107.0.0.0 Safari/537.36"
188.6.81.82 - - [15/Nov/2022:07:37:10 +0100] "GET /new/sites/default/themes/nosza/images/englishBgInactive.png HTTP/1.1" 200 823 "http://www.nosza.hu/new/sites/default/themes/nosza/css/nosza.css?l" "Mozilla/5.0 (Windows NT 10.0; Win64; x64) AppleWebKit/537.36 (KHTML, like Gecko) Chrome/107.0.0.0 Safari/537.36"
188.6.81.82 - - [15/Nov/2022:07:37:10 +0100] "GET /new/sites/default/themes/nosza/images/magyarBgOver.png HTTP/1.1" 200 893 "http://www.nosza.hu/new/sites/default/themes/nosza/css/nosza.css?l" "Mozilla/5.0 (Windows NT 10.0; Win64; x64) AppleWebKit/537.36 (KHTML, like Gecko) Chrome/107.0.0.0 Safari/537.36"
188.6.81.82 - - [15/Nov/2022:07:37:10 +0100] "GET /new/sites/default/files/nilda_bullain.jpg HTTP/1.1" 200 2700 "http://www.nosza.hu/new/magunkrol/tagjaink" "Mozilla/5.0 (Windows NT 10.0; Win64; x64) AppleWebKit/537.36 (KHTML, like Gecko) Chrome/107.0.0.0 Safari/537.36"
188.6.81.82 - - [15/Nov/2022:07:37:10 +0100] "GET /new/sites/default/files/fulop.jpg HTTP/1.1" 200 2514 "http://www.nosza.hu/new/magunkrol/tagjaink" "Mozilla/5.0 (Windows NT 10.0; Win64; x64) AppleWebKit/537.36 (KHTML, like Gecko) Chrome/107.0.0.0 Safari/537.36"
188.6.81.82 - - [15/Nov/2022:07:37:10 +0100] "GET /new/sites/default/files/gargya_marietta.jpg HTTP/1.1" 200 2900 "http://www.nosza.hu/new/magunkrol/tagjaink" "Mozilla/5.0 (Windows NT 10.0; Win64; x64) AppleWebKit/537.36 (KHTML, like Gecko) Chrome/107.0.0.0 Safari/537.36"
188.6.81.82 - - [15/Nov/2022:07:37:10 +0100] "GET /new/sites/default/files/kisscsaba.jpg HTTP/1.1" 200 2409 "http://www.nosza.hu/new/magunkrol/tagjaink" "Mozilla/5.0 (Windows NT 10.0; Win64; x64) AppleWebKit/537.36 (KHTML, like Gecko) Chrome/107.0.0.0 Safari/537.36"
188.6.81.82 - - [15/Nov/2022:07:37:10 +0100] "GET /new/sites/default/files/markus.jpg HTTP/1.1" 200 2866 "http://www.nosza.hu/new/magunkrol/tagjaink" "Mozilla/5.0 (Windows NT 10.0; Win64; x64) AppleWebKit/537.36 (KHTML, like Gecko) Chrome/107.0.0.0 Safari/537.36"
188.6.81.82 - - [15/Nov/2022:07:37:10 +0100] "GET /new/sites/default/files/nizak_peter.jpg HTTP/1.1" 200 2525 "http://www.nosza.hu/new/magunkrol/tagjaink" "Mozilla/5.0 (Windows NT 10.0; Win64; x64) AppleWebKit/537.36 (KHTML, like Gecko) Chrome/107.0.0.0 Safari/537.36"
188.6.81.82 - - [15/Nov/2022:07:37:10 +0100] "GET /new/sites/default/files/scsaurszki.jpg HTTP/1.1" 200 2600 "http://www.nosza.hu/new/magunkrol/tagjaink" "Mozilla/5.0 (Windows NT 10.0; Win64; x64) AppleWebKit/537.36 (KHTML, like Gecko) Chrome/107.0.0.0 Safari/537.36"
188.6.81.82 - - [15/Nov/2022:07:37:10 +0100] "GET /new/sites/default/files/sebestyen.jpg HTTP/1.1" 200 2222 "http://www.nosza.hu/new/magunkrol/tagjaink" "Mozilla/5.0 (Windows NT 10.0; Win64; x64) AppleWebKit/537.36 (KHTML, like Gecko) Chrome/107.0.0.0 Safari/537.36"
188.6.81.82 - - [15/Nov/2022:07:37:10 +0100] "GET /new/sites/default/themes/nosza/images/footerBg.jpg HTTP/1.1" 200 1097 "http://www.nosza.hu/new/sites/default/themes/nosza/css/nosza.css?l" "Mozilla/5.0 (Windows NT 10.0; Win64; x64) AppleWebKit/537.36 (KHTML, like Gecko) Chrome/107.0.0.0 Safari/537.36"
188.6.81.82 - - [15/Nov/2022:07:37:10 +0100] "GET /new/sites/default/themes/nosza/images/rrs.jpg HTTP/1.1" 200 829 "http://www.nosza.hu/new/magunkrol/tagjaink" "Mozilla/5.0 (Windows NT 10.0; Win64; x64) AppleWebKit/537.36 (KHTML, like Gecko) Chrome/107.0.0.0 Safari/537.36"
188.6.81.82 - - [15/Nov/2022:07:37:10 +0100] "GET /new/sites/default/themes/nosza/print.css?l HTTP/1.1" 200 1247 "http://www.nosza.hu/new/magunkrol/tagjaink" "Mozilla/5.0 (Windows NT 10.0; Win64; x64) AppleWebKit/537.36 (KHTML, like Gecko) Chrome/107.0.0.0 Safari/537.36"
188.6.81.82 - - [15/Nov/2022:07:37:10 +0100] "GET /favicon.ico HTTP/1.1" 404 1181 "http://www.nosza.hu/new/magunkrol/tagjaink" "Mozilla/5.0 (Windows NT 10.0; Win64; x64) AppleWebKit/537.36 (KHTML, like Gecko) Chrome/107.0.0.0 Safari/537.36"
188.6.81.82 - - [15/Nov/2022:07:37:32 +0100] "GET /new/sites/default/themes/nosza/images/egyOver.jpg HTTP/1.1" 200 685 "http://www.nosza.hu/new/sites/default/themes/nosza/css/menu_style.css" "Mozilla/5.0 (Windows NT 10.0; Win64; x64) AppleWebKit/537.36 (KHTML, like Gecko) Chrome/107.0.0.0 Safari/537.36"
188.6.81.82 - - [15/Nov/2022:07:37:32 +0100] "GET /new/sites/default/themes/nosza/images/submenuBg.png HTTP/1.1" 200 875 "http://www.nosza.hu/new/sites/default/themes/nosza/css/menu_style.css" "Mozilla/5.0 (Windows NT 10.0; Win64; x64) AppleWebKit/537.36 (KHTML, like Gecko) Chrome/107.0.0.0 Safari/537.36"
66.249.64.27 - - [15/Nov/2022:07:39:20 +0100] "GET /skoric.dbk.pdf HTTP/1.1" 200 232591 "-" "Mozilla/5.0 (Linux; Android 6.0.1; Nexus 5X Build/MMB29P) AppleWebKit/537.36 (KHTML, like Gecko) Chrome/107.0.5304.110 Mobile Safari/537.36 (compatible; Googlebot/2.1; +http://www.google.com/bot.html)"
114.119.143.14 - - [15/Nov/2022:07:50:07 +0100] "GET /robots.txt HTTP/1.1" 404 1181 "-" "Mozilla/5.0 (compatible;PetalBot;+https://webmaster.petalsearch.com/site/petalbot)"
34.241.222.156 - - [15/Nov/2022:08:08:54 +0100] "GET / HTTP/1.1" 200 1010 "-" "Mozilla/5.0 (Macintosh; Intel Mac OS X 10.15; rv:81.0) Gecko/20100101 Firefox/81.0"
216.244.66.229 - - [15/Nov/2022:08:43:24 +0100] "GET /robots.txt HTTP/1.1" 404 1181 "-" "Mozilla/5.0 (compatible; DotBot/1.2; +https://opensiteexplorer.org/dotbot; help@moz.com)"
216.244.66.229 - - [15/Nov/2022:08:54:45 +0100] "GET /new/hirek/2016?page=1 HTTP/1.1" 200 14140 "-" "Mozilla/5.0 (compatible; DotBot/1.2; +https://opensiteexplorer.org/dotbot; help@moz.com)"
35.189.215.79 - - [15/Nov/2022:09:02:32 +0100] "GET / HTTP/1.1" 200 1010 "-" "Mozilla/5.0 (Windows NT 10.0; Win64; x64) AppleWebKit/537.36 (KHTML, like Gecko) Chrome/84.0.4147.105 Safari/537.36"
66.249.64.25 - - [15/Nov/2022:09:20:14 +0100] "GET /new/hirek/alap%C3%ADtv%C3%A1ny-alap%C3%ADt%C3%B3-okirata-%C3%A9s-m%C5%B1k%C3%B6d%C3%A9se HTTP/1.1" 200 9331 "-" "Mozilla/5.0 (Linux; Android 6.0.1; Nexus 5X Build/MMB29P) AppleWebKit/537.36 (KHTML, like Gecko) Chrome/107.0.5304.110 Mobile Safari/537.36 (compatible; Googlebot/2.1; +http://www.google.com/bot.html)"
5.255.253.172 - - [15/Nov/2022:09:30:26 +0100] "GET /robots.txt HTTP/1.1" 404 1181 "-" "Mozilla/5.0 (compatible; YandexBot/3.0; +http://yandex.com/bots)"
5.255.253.172 - - [15/Nov/2022:09:30:32 +0100] "GET /new/rss.xml HTTP/1.1" 200 15539 "-" "Mozilla/5.0 (compatible; YandexBot/3.0; +http://yandex.com/bots)"
20.172.65.95 - - [15/Nov/2022:10:17:20 +0100] "GET / HTTP/1.1" 200 1010 "-" "Mozilla/5.0 (Windows NT 10.0; Win64; x64) AppleWebKit/537.36 (KHTML, like Gecko) Chrome/95.0.4638.69 Safari/537.36"
20.172.65.95 - - [15/Nov/2022:10:17:20 +0100] "GET /wp-includes/ID3/license.txt HTTP/1.1" 404 1181 "-" "Mozilla/5.0 (Windows NT 10.0; Win64; x64) AppleWebKit/537.36 (KHTML, like Gecko) Chrome/95.0.4638.69 Safari/537.36"
20.172.65.95 - - [15/Nov/2022:10:17:20 +0100] "GET /feed/ HTTP/1.1" 404 1181 "-" "Mozilla/5.0 (Windows NT 10.0; Win64; x64) AppleWebKit/537.36 (KHTML, like Gecko) Chrome/95.0.4638.69 Safari/537.36"
20.172.65.95 - - [15/Nov/2022:10:17:20 +0100] "GET /xmlrpc.php?rsd HTTP/1.1" 404 1181 "-" "Mozilla/5.0 (Windows NT 10.0; Win64; x64) AppleWebKit/537.36 (KHTML, like Gecko) Chrome/95.0.4638.69 Safari/537.36"
20.172.65.95 - - [15/Nov/2022:10:17:20 +0100] "GET /blog/wp-includes/wlwmanifest.xml HTTP/1.1" 404 1181 "-" "Mozilla/5.0 (Windows NT 10.0; Win64; x64) AppleWebKit/537.36 (KHTML, like Gecko) Chrome/95.0.4638.69 Safari/537.36"
20.172.65.95 - - [15/Nov/2022:10:17:20 +0100] "GET /web/wp-includes/wlwmanifest.xml HTTP/1.1" 404 1181 "-" "Mozilla/5.0 (Windows NT 10.0; Win64; x64) AppleWebKit/537.36 (KHTML, like Gecko) Chrome/95.0.4638.69 Safari/537.36"
20.172.65.95 - - [15/Nov/2022:10:17:21 +0100] "GET /wordpress/wp-includes/wlwmanifest.xml HTTP/1.1" 404 1181 "-" "Mozilla/5.0 (Windows NT 10.0; Win64; x64) AppleWebKit/537.36 (KHTML, like Gecko) Chrome/95.0.4638.69 Safari/537.36"
20.172.65.95 - - [15/Nov/2022:10:17:21 +0100] "GET /wp/wp-includes/wlwmanifest.xml HTTP/1.1" 404 1181 "-" "Mozilla/5.0 (Windows NT 10.0; Win64; x64) AppleWebKit/537.36 (KHTML, like Gecko) Chrome/95.0.4638.69 Safari/537.36"
20.172.65.95 - - [15/Nov/2022:10:17:21 +0100] "GET /2020/wp-includes/wlwmanifest.xml HTTP/1.1" 404 1181 "-" "Mozilla/5.0 (Windows NT 10.0; Win64; x64) AppleWebKit/537.36 (KHTML, like Gecko) Chrome/95.0.4638.69 Safari/537.36"
20.172.65.95 - - [15/Nov/2022:10:17:21 +0100] "GET /2019/wp-includes/wlwmanifest.xml HTTP/1.1" 404 1181 "-" "Mozilla/5.0 (Windows NT 10.0; Win64; x64) AppleWebKit/537.36 (KHTML, like Gecko) Chrome/95.0.4638.69 Safari/537.36"
20.172.65.95 - - [15/Nov/2022:10:17:22 +0100] "GET /2021/wp-includes/wlwmanifest.xml HTTP/1.1" 404 1181 "-" "Mozilla/5.0 (Windows NT 10.0; Win64; x64) AppleWebKit/537.36 (KHTML, like Gecko) Chrome/95.0.4638.69 Safari/537.36"
20.172.65.95 - - [15/Nov/2022:10:17:22 +0100] "GET /shop/wp-includes/wlwmanifest.xml HTTP/1.1" 404 1181 "-" "Mozilla/5.0 (Windows NT 10.0; Win64; x64) AppleWebKit/537.36 (KHTML, like Gecko) Chrome/95.0.4638.69 Safari/537.36"
20.172.65.95 - - [15/Nov/2022:10:17:22 +0100] "GET /wp1/wp-includes/wlwmanifest.xml HTTP/1.1" 404 1181 "-" "Mozilla/5.0 (Windows NT 10.0; Win64; x64) AppleWebKit/537.36 (KHTML, like Gecko) Chrome/95.0.4638.69 Safari/537.36"
20.172.65.95 - - [15/Nov/2022:10:17:22 +0100] "GET /test/wp-includes/wlwmanifest.xml HTTP/1.1" 404 1181 "-" "Mozilla/5.0 (Windows NT 10.0; Win64; x64) AppleWebKit/537.36 (KHTML, like Gecko) Chrome/95.0.4638.69 Safari/537.36"
20.172.65.95 - - [15/Nov/2022:10:17:22 +0100] "GET /site/wp-includes/wlwmanifest.xml HTTP/1.1" 404 1181 "-" "Mozilla/5.0 (Windows NT 10.0; Win64; x64) AppleWebKit/537.36 (KHTML, like Gecko) Chrome/95.0.4638.69 Safari/537.36"
