95.108.213.70 - - [14/Nov/2022:00:06:20 +0100] "GET /new/content/civil-%C3%BAjs%C3%A1g%C3%ADr%C3%A1ssal-az-%C3%B6nkorm%C3%A1nyzatok-%C3%A1tl%C3%A1that%C3%B3s%C3%A1g%C3%A1%C3%A9rt HTTP/1.1" 403 7484 "-" "Mozilla/5.0 (compatible; YandexBot/3.0; +http://yandex.com/bots)"
134.122.137.45 - - [14/Nov/2022:00:11:51 +0100] "GET / HTTP/1.1" 200 1010 "http://www.nosza.hu" "Mozilla/5.0 (Windows NT 10.0; WOW64) AppleWebKit/537.36 (KHTML, like Gecko) Chrome/86.0.4240.198 Safari/537.36"
144.217.71.170 - - [14/Nov/2022:00:17:00 +0100] "GET / HTTP/1.1" 200 1010 "-" "Mozilla/5.0 (Windows NT 6.1; Win64; x64; +http://url-classification.io/wiki/index.php?title=URL_server_crawler) KStandBot/1.0"
122.10.16.224 - - [14/Nov/2022:00:36:41 +0100] "GET / HTTP/1.1" 200 1010 "http://www.nosza.hu" "Mozilla/5.0 (Windows NT 10.0; WOW64) AppleWebKit/537.36 (KHTML, like Gecko) Chrome/86.0.4240.198 Safari/537.36"
114.119.143.123 - - [14/Nov/2022:00:42:54 +0100] "GET /robots.txt HTTP/1.1" 404 1181 "-" "Mozilla/5.0 (compatible;PetalBot;+https://webmaster.petalsearch.com/site/petalbot)"
66.249.64.106 - - [14/Nov/2022:00:59:16 +0100] "GET /aktualis/1gyikNCA/elektor/index.html HTTP/1.1" 304 - "-" "Mozilla/5.0 (Linux; Android 6.0.1; Nexus 5X Build/MMB29P) AppleWebKit/537.36 (KHTML, like Gecko) Chrome/107.0.5304.110 Mobile Safari/537.36 (compatible; Googlebot/2.1; +http://www.google.com/bot.html)"
5.255.253.172 - - [14/Nov/2022:01:05:31 +0100] "GET /new/en/news/founding-deeds-and-operation-foundations HTTP/1.1" 200 8139 "-" "Mozilla/5.0 (compatible; YandexBot/3.0; +http://yandex.com/bots)"
88.99.238.79 - - [14/Nov/2022:01:38:14 +0100] "GET /ads.txt HTTP/1.0" 404 1181 "-" "Mozilla/5.0 (Windows NT 10.0; Win64; x64; rv:86.0) Gecko/20100101 Firefox/86.0"
157.55.39.111 - - [14/Nov/2022:01:43:23 +0100] "GET /konferenciak/042memo/index.html HTTP/1.1" 200 15379 "-" "Mozilla/5.0 (compatible; bingbot/2.0; +http://www.bing.com/bingbot.htm)"
91.233.21.70 - - [14/Nov/2022:01:45:36 +0100] "GET /.well-known/pki-validation/EB0EAE4EF467BFED7F6DA58B081DFF34.txt HTTP/1.1" 404 1181 "-" "COMODO DCV"
91.233.21.70 - - [14/Nov/2022:01:45:36 +0100] "GET /.well-known/pki-validation/4BA533D9EF907A3459D6B4A4D108F06C.txt HTTP/1.1" 404 1181 "-" "COMODO DCV"
35.90.230.86 - - [14/Nov/2022:01:48:33 +0100] "GET / HTTP/1.1" 200 1010 "-" "Mozilla/5.0 (X11; Linux x86_64) AppleWebKit/537.36 (KHTML, like Gecko) Chrome/83.0.4103.97 Safari/537.36"
34.220.85.232 - - [14/Nov/2022:01:48:41 +0100] "GET /favicon.ico HTTP/1.1" 404 1181 "-" "Mozilla/5.0 (X11; Linux x86_64) AppleWebKit/537.36 (KHTML, like Gecko) Chrome/83.0.4103.97 Safari/537.36"
34.220.85.232 - - [14/Nov/2022:01:48:43 +0100] "GET / HTTP/1.1" 200 1010 "-" "Mozilla/5.0 (X11; Linux x86_64) AppleWebKit/537.36 (KHTML, like Gecko) Chrome/83.0.4103.97 Safari/537.36"
66.249.64.106 - - [14/Nov/2022:03:59:16 +0100] "GET /aktualis/1gyikNCA/elektor/index.html HTTP/1.1" 304 - "-" "Mozilla/5.0 (compatible; Googlebot/2.1; +http://www.google.com/bot.html)"
66.249.64.27 - - [14/Nov/2022:03:59:16 +0100] "GET /robots.txt HTTP/1.1" 404 1181 "-" "Mozilla/5.0 (compatible; Googlebot/2.1; +http://www.google.com/bot.html)"
66.249.64.23 - - [14/Nov/2022:03:59:19 +0100] "GET /new/en/news/founding-deeds-and-operation-foundations HTTP/1.1" 200 8139 "-" "Mozilla/5.0 (Linux; Android 6.0.1; Nexus 5X Build/MMB29P) AppleWebKit/537.36 (KHTML, like Gecko) Chrome/107.0.5304.110 Mobile Safari/537.36 (compatible; Googlebot/2.1; +http://www.google.com/bot.html)"
81.183.150.50 - - [14/Nov/2022:04:09:58 +0100] "GET /galateia.css HTTP/1.1" 200 1717 "http://www.nosza.hu/kutat/REVkutatas/3gazdalkodas/index.html" "Mozilla/5.0 (Linux; Android 11; M2010J19SY) AppleWebKit/537.36 (KHTML, like Gecko) Chrome/107.0.0.0 Mobile Safari/537.36"
81.183.150.50 - - [14/Nov/2022:04:09:58 +0100] "GET /kutat/REVkutatas/3gazdalkodas/index.html HTTP/1.1" 200 88137 "-" "Mozilla/5.0 (Linux; Android 11; M2010J19SY) AppleWebKit/537.36 (KHTML, like Gecko) Chrome/107.0.0.0 Mobile Safari/537.36"
81.183.150.50 - - [14/Nov/2022:04:09:58 +0100] "GET /graphics/noszalogo.gif HTTP/1.1" 200 6797 "http://www.nosza.hu/kutat/REVkutatas/3gazdalkodas/index.html" "Mozilla/5.0 (Linux; Android 11; M2010J19SY) AppleWebKit/537.36 (KHTML, like Gecko) Chrome/107.0.0.0 Mobile Safari/537.36"
81.183.150.50 - - [14/Nov/2022:04:09:58 +0100] "GET /graphics/galas.gif HTTP/1.1" 200 913 "http://www.nosza.hu/kutat/REVkutatas/3gazdalkodas/index.html" "Mozilla/5.0 (Linux; Android 11; M2010J19SY) AppleWebKit/537.36 (KHTML, like Gecko) Chrome/107.0.0.0 Mobile Safari/537.36"
81.183.150.50 - - [14/Nov/2022:04:09:58 +0100] "GET /favicon.ico HTTP/1.1" 404 1181 "http://www.nosza.hu/kutat/REVkutatas/3gazdalkodas/index.html" "Mozilla/5.0 (Linux; Android 11; M2010J19SY) AppleWebKit/537.36 (KHTML, like Gecko) Chrome/107.0.0.0 Mobile Safari/537.36"
77.75.77.119 - - [14/Nov/2022:04:31:51 +0100] "GET /robots.txt HTTP/1.1" 404 1181 "-" "Mozilla/5.0 (compatible; SeznamBot/4.0-RC1; +http://napoveda.seznam.cz/seznambot-intro/)"
77.75.79.119 - - [14/Nov/2022:04:31:55 +0100] "GET /new/en HTTP/1.1" 200 9252 "-" "Mozilla/5.0 (compatible; SeznamBot/4.0-RC1; +http://napoveda.seznam.cz/seznambot-intro/)"
51.222.253.3 - - [14/Nov/2022:04:40:06 +0100] "GET /robots.txt HTTP/1.1" 404 1181 "-" "Mozilla/5.0 (compatible; AhrefsBot/7.0; +http://ahrefs.com/robot/)"
54.36.148.133 - - [14/Nov/2022:04:41:20 +0100] "GET /new/content/civil-%C3%BAjs%C3%A1g%C3%ADr%C3%A1ssal-az-%C3%B6nkorm%C3%A1nyzatok-%C3%A1tl%C3%A1that%C3%B3s%C3%A1g%C3%A1%C3%A9rt HTTP/1.1" 403 7484 "-" "Mozilla/5.0 (compatible; AhrefsBot/7.0; +http://ahrefs.com/robot/)"
114.119.136.138 - - [14/Nov/2022:04:46:13 +0100] "GET / HTTP/1.1" 200 1010 "-" "Mozilla/5.0 (Linux; Android 7.0;) AppleWebKit/537.36 (KHTML, like Gecko) Mobile Safari/537.36 (compatible; PetalBot;+https://webmaster.petalsearch.com/site/petalbot)"
5.255.253.172 - - [14/Nov/2022:05:01:54 +0100] "GET /robots.txt HTTP/1.1" 404 1181 "-" "Mozilla/5.0 (compatible; YandexBot/3.0; +http://yandex.com/bots)"
5.255.253.172 - - [14/Nov/2022:05:01:59 +0100] "GET /new/hirek/dossziek HTTP/1.1" 200 16979 "-" "Mozilla/5.0 (compatible; YandexBot/3.0; +http://yandex.com/bots)"
66.249.64.23 - - [14/Nov/2022:05:02:19 +0100] "GET /new/content/gyakran-ism%C3%A9telt-k%C3%A9rd%C3%A9sek HTTP/1.1" 200 12447 "-" "Mozilla/5.0 (Linux; Android 6.0.1; Nexus 5X Build/MMB29P) AppleWebKit/537.36 (KHTML, like Gecko) Chrome/107.0.5304.110 Mobile Safari/537.36 (compatible; Googlebot/2.1; +http://www.google.com/bot.html)"
66.249.64.25 - - [14/Nov/2022:05:12:21 +0100] "GET /new/magunkrol/beszamolok HTTP/1.1" 200 11210 "-" "Mozilla/5.0 (Linux; Android 6.0.1; Nexus 5X Build/MMB29P) AppleWebKit/537.36 (KHTML, like Gecko) Chrome/107.0.5304.110 Mobile Safari/537.36 (compatible; Googlebot/2.1; +http://www.google.com/bot.html)"
66.249.64.27 - - [14/Nov/2022:05:22:22 +0100] "GET /JMCS/memo/02/index.html HTTP/1.1" 200 50878 "-" "Mozilla/5.0 (Linux; Android 6.0.1; Nexus 5X Build/MMB29P) AppleWebKit/537.36 (KHTML, like Gecko) Chrome/107.0.5304.110 Mobile Safari/537.36 (compatible; Googlebot/2.1; +http://www.google.com/bot.html)"
66.249.64.25 - - [14/Nov/2022:05:33:52 +0100] "GET /new/content/civil-szervezet-%E2%80%93-t%C3%A1rsadalmi-szervezet-%E2%80%93-civil-t%C3%A1rsas%C3%A1g-az-%C3%BAj-civil-t%C3%B6rv%C3%A9ny-fogalmi-%C3%BAj%C3%ADt%C3%A1sai HTTP/1.1" 200 18521 "-" "Mozilla/5.0 (Linux; Android 6.0.1; Nexus 5X Build/MMB29P) AppleWebKit/537.36 (KHTML, like Gecko) Chrome/107.0.5304.110 Mobile Safari/537.36 (compatible; Googlebot/2.1; +http://www.google.com/bot.html)"
5.255.253.172 - - [14/Nov/2022:05:34:28 +0100] "GET /robots.txt HTTP/1.1" 404 1181 "-" "Mozilla/5.0 (compatible; YandexBot/3.0; +http://yandex.com/bots)"
5.255.253.172 - - [14/Nov/2022:05:34:32 +0100] "GET /favicon.ico HTTP/1.1" 404 1181 "-" "Mozilla/5.0 (compatible; YandexFavicons/1.0; +http://yandex.com/bots)"
66.249.64.23 - - [14/Nov/2022:06:30:32 +0100] "GET /aktualis/108autopalya/level/index.html HTTP/1.1" 200 61871 "-" "Mozilla/5.0 (Linux; Android 6.0.1; Nexus 5X Build/MMB29P) AppleWebKit/537.36 (KHTML, like Gecko) Chrome/107.0.5304.110 Mobile Safari/537.36 (compatible; Googlebot/2.1; +http://www.google.com/bot.html)"
17.121.115.170 - - [14/Nov/2022:06:59:43 +0100] "GET /favicon.ico HTTP/1.1" 404 1181 "-" "Mozilla/5.0 (Macintosh; Intel Mac OS X 10_15_5) AppleWebKit/605.1.15 (KHTML, like Gecko) Version/13.1.1 Safari/605.1.15 (Applebot/0.1; +http://www.apple.com/go/applebot)"
54.36.148.78 - - [14/Nov/2022:07:10:37 +0100] "GET /robots.txt HTTP/1.1" 404 1181 "-" "Mozilla/5.0 (compatible; AhrefsBot/7.0; +http://ahrefs.com/robot/)"
54.36.148.48 - - [14/Nov/2022:07:10:38 +0100] "GET /aktualis/105onk/index.html HTTP/1.1" 200 65506 "-" "Mozilla/5.0 (compatible; AhrefsBot/7.0; +http://ahrefs.com/robot/)"
66.249.64.23 - - [14/Nov/2022:07:24:58 +0100] "GET /new/dossziek HTTP/1.1" 200 9972 "-" "Mozilla/5.0 (Linux; Android 6.0.1; Nexus 5X Build/MMB29P) AppleWebKit/537.36 (KHTML, like Gecko) Chrome/107.0.5304.110 Mobile Safari/537.36 (compatible; Googlebot/2.1; +http://www.google.com/bot.html)"
171.19.10.77 - - [14/Nov/2022:07:35:18 +0100] "GET /kutat/REVkutatas/1gazdasag/ HTTP/1.1" 200 89032 "https://www.google.com/" "Mozilla/5.0 (Windows NT 10.0; Win64; x64) AppleWebKit/537.36 (KHTML, like Gecko) Chrome/101.0.4951.67 Safari/537.36"
171.19.10.77 - - [14/Nov/2022:07:35:18 +0100] "GET /galateia.css HTTP/1.1" 200 1717 "http://www.nosza.hu/kutat/REVkutatas/1gazdasag/" "Mozilla/5.0 (Windows NT 10.0; Win64; x64) AppleWebKit/537.36 (KHTML, like Gecko) Chrome/101.0.4951.67 Safari/537.36"
171.19.10.77 - - [14/Nov/2022:07:35:18 +0100] "GET /graphics/noszalogo.gif HTTP/1.1" 200 6797 "http://www.nosza.hu/kutat/REVkutatas/1gazdasag/" "Mozilla/5.0 (Windows NT 10.0; Win64; x64) AppleWebKit/537.36 (KHTML, like Gecko) Chrome/101.0.4951.67 Safari/537.36"
171.19.10.77 - - [14/Nov/2022:07:35:19 +0100] "GET /graphics/galas.gif HTTP/1.1" 200 913 "http://www.nosza.hu/kutat/REVkutatas/1gazdasag/" "Mozilla/5.0 (Windows NT 10.0; Win64; x64) AppleWebKit/537.36 (KHTML, like Gecko) Chrome/101.0.4951.67 Safari/537.36"
171.19.10.77 - - [14/Nov/2022:07:35:19 +0100] "GET /favicon.ico HTTP/1.1" 404 1181 "http://www.nosza.hu/kutat/REVkutatas/1gazdasag/" "Mozilla/5.0 (Windows NT 10.0; Win64; x64) AppleWebKit/537.36 (KHTML, like Gecko) Chrome/101.0.4951.67 Safari/537.36"
66.249.64.27 - - [14/Nov/2022:07:37:40 +0100] "GET /new/magunkrol/tamogatoink HTTP/1.1" 200 11642 "-" "Mozilla/5.0 (Linux; Android 6.0.1; Nexus 5X Build/MMB29P) AppleWebKit/537.36 (KHTML, like Gecko) Chrome/107.0.5304.110 Mobile Safari/537.36 (compatible; Googlebot/2.1; +http://www.google.com/bot.html)"
66.249.64.25 - - [14/Nov/2022:07:38:52 +0100] "GET /new/modules/system/defaults.css?l HTTP/1.1" 200 757 "http://www.nosza.hu/new/magunkrol/tamogatoink" "Mozilla/5.0 (Linux; Android 6.0.1; Nexus 5X Build/MMB29P) AppleWebKit/537.36 (KHTML, like Gecko) Chrome/106.0.5249.119 Mobile Safari/537.36 (compatible; Googlebot/2.1; +http://www.google.com/bot.html)"
66.249.64.27 - - [14/Nov/2022:07:38:53 +0100] "GET /new/sites/all/modules/cck/theme/content-module.css?l HTTP/1.1" 200 2397 "http://www.nosza.hu/new/magunkrol/tamogatoink" "Mozilla/5.0 (Linux; Android 6.0.1; Nexus 5X Build/MMB29P) AppleWebKit/537.36 (KHTML, like Gecko) Chrome/106.0.5249.119 Mobile Safari/537.36 (compatible; Googlebot/2.1; +http://www.google.com/bot.html)"
66.249.64.23 - - [14/Nov/2022:07:38:54 +0100] "GET /new/modules/system/system.css?l HTTP/1.1" 200 10020 "http://www.nosza.hu/new/magunkrol/tamogatoink" "Mozilla/5.0 (Linux; Android 6.0.1; Nexus 5X Build/MMB29P) AppleWebKit/537.36 (KHTML, like Gecko) Chrome/106.0.5249.119 Mobile Safari/537.36 (compatible; Googlebot/2.1; +http://www.google.com/bot.html)"
66.249.64.25 - - [14/Nov/2022:07:38:55 +0100] "GET /new/sites/default/themes/nosza/css/nosza.css?l HTTP/1.1" 200 10555 "http://www.nosza.hu/new/magunkrol/tamogatoink" "Mozilla/5.0 (Linux; Android 6.0.1; Nexus 5X Build/MMB29P) AppleWebKit/537.36 (KHTML, like Gecko) Chrome/106.0.5249.119 Mobile Safari/537.36 (compatible; Googlebot/2.1; +http://www.google.com/bot.html)"
66.249.64.25 - - [14/Nov/2022:07:38:56 +0100] "GET /new/sites/default/themes/nosza/print.css?l HTTP/1.1" 200 1247 "http://www.nosza.hu/new/magunkrol/tamogatoink" "Mozilla/5.0 (Linux; Android 6.0.1; Nexus 5X Build/MMB29P) AppleWebKit/537.36 (KHTML, like Gecko) Chrome/106.0.5249.119 Mobile Safari/537.36 (compatible; Googlebot/2.1; +http://www.google.com/bot.html)"
157.55.39.15 - - [14/Nov/2022:07:46:44 +0100] "GET /new/magunkrol/dossziek HTTP/1.1" 200 9835 "-" "Mozilla/5.0 AppleWebKit/537.36 (KHTML, like Gecko; compatible; bingbot/2.0; +http://www.bing.com/bingbot.htm) Chrome/103.0.5060.134 Safari/537.36"
66.249.64.27 - - [14/Nov/2022:08:05:13 +0100] "GET /new/hirek/2016 HTTP/1.1" 200 16790 "-" "Mozilla/5.0 (Linux; Android 6.0.1; Nexus 5X Build/MMB29P) AppleWebKit/537.36 (KHTML, like Gecko) Chrome/107.0.5304.110 Mobile Safari/537.36 (compatible; Googlebot/2.1; +http://www.google.com/bot.html)"
34.244.39.172 - - [14/Nov/2022:08:21:09 +0100] "GET / HTTP/1.1" 200 1010 "-" "Mozilla/5.0 (Macintosh; Intel Mac OS X 10.15; rv:81.0) Gecko/20100101 Firefox/81.0"
66.249.64.23 - - [14/Nov/2022:08:32:52 +0100] "GET /new/dossziek/Teszt%20dosszi%C3%A9 HTTP/1.1" 200 8924 "-" "Mozilla/5.0 (Linux; Android 6.0.1; Nexus 5X Build/MMB29P) AppleWebKit/537.36 (KHTML, like Gecko) Chrome/107.0.5304.110 Mobile Safari/537.36 (compatible; Googlebot/2.1; +http://www.google.com/bot.html)"
195.191.219.133 - - [14/Nov/2022:08:47:41 +0100] "GET /robots.txt HTTP/1.1" 404 1181 "-" "Mozilla/5.0 (compatible; MJ12bot/v1.4.8; http://mj12bot.com/)"
195.191.219.133 - - [14/Nov/2022:08:47:44 +0100] "GET / HTTP/1.1" 200 1010 "-" "Mozilla/5.0 (compatible; MJ12bot/v1.4.8; http://mj12bot.com/)"
77.75.77.119 - - [14/Nov/2022:09:02:57 +0100] "GET /new/en/projects/Test%20project HTTP/1.1" 200 7194 "-" "Mozilla/5.0 (compatible; SeznamBot/4.0-RC1; +http://napoveda.seznam.cz/seznambot-intro/)"
66.249.64.27 - - [14/Nov/2022:09:17:24 +0100] "GET /new/magunkrol/tagjaink HTTP/1.1" 200 16672 "-" "Mozilla/5.0 (Linux; Android 6.0.1; Nexus 5X Build/MMB29P) AppleWebKit/537.36 (KHTML, like Gecko) Chrome/107.0.5304.110 Mobile Safari/537.36 (compatible; Googlebot/2.1; +http://www.google.com/bot.html)"
66.249.64.27 - - [14/Nov/2022:09:33:25 +0100] "GET /new/node/94 HTTP/1.1" 200 7893 "-" "Mozilla/5.0 (Linux; Android 6.0.1; Nexus 5X Build/MMB29P) AppleWebKit/537.36 (KHTML, like Gecko) Chrome/107.0.5304.110 Mobile Safari/537.36 (compatible; Googlebot/2.1; +http://www.google.com/bot.html)"
193.225.193.218 - - [14/Nov/2022:10:12:25 +0100] "GET /new/content/civil-szervezet-%E2%80%93-t%C3%A1rsadalmi-szervezet-%E2%80%93-civil-t%C3%A1rsas%C3%A1g-az-%C3%BAj-civil-t%C3%B6rv%C3%A9ny-fogalmi-%C3%BAj%C3%ADt%C3%A1sai HTTP/1.1" 200 18521 "https://www.google.com/" "Mozilla/5.0 (Linux; Android 10; M2006C3LVG) AppleWebKit/537.36 (KHTML, like Gecko) Chrome/107.0.0.0 Mobile Safari/537.36"
193.225.193.218 - - [14/Nov/2022:10:12:26 +0100] "GET /new/modules/filefield/filefield.css?l HTTP/1.1" 200 1986 "http://www.nosza.hu/new/content/civil-szervezet-%E2%80%93-t%C3%A1rsadalmi-szervezet-%E2%80%93-civil-t%C3%A1rsas%C3%A1g-az-%C3%BAj-civil-t%C3%B6rv%C3%A9ny-fogalmi-%C3%BAj%C3%ADt%C3%A1sai" "Mozilla/5.0 (Linux; Android 10; M2006C3LVG) AppleWebKit/537.36 (KHTML, like Gecko) Chrome/107.0.0.0 Mobile Safari/537.36"
193.225.193.218 - - [14/Nov/2022:10:12:26 +0100] "GET /new/modules/node/node.css?l HTTP/1.1" 200 740 "http://www.nosza.hu/new/content/civil-szervezet-%E2%80%93-t%C3%A1rsadalmi-szervezet-%E2%80%93-civil-t%C3%A1rsas%C3%A1g-az-%C3%BAj-civil-t%C3%B6rv%C3%A9ny-fogalmi-%C3%BAj%C3%ADt%C3%A1sai" "Mozilla/5.0 (Linux; Android 10; M2006C3LVG) AppleWebKit/537.36 (KHTML, like Gecko) Chrome/107.0.0.0 Mobile Safari/537.36"
193.225.193.218 - - [14/Nov/2022:10:12:26 +0100] "GET /new/modules/user/user.css?l HTTP/1.1" 200 1127 "http://www.nosza.hu/new/content/civil-szervezet-%E2%80%93-t%C3%A1rsadalmi-szervezet-%E2%80%93-civil-t%C3%A1rsas%C3%A1g-az-%C3%BAj-civil-t%C3%B6rv%C3%A9ny-fogalmi-%C3%BAj%C3%ADt%C3%A1sai" "Mozilla/5.0 (Linux; Android 10; M2006C3LVG) AppleWebKit/537.36 (KHTML, like Gecko) Chrome/107.0.0.0 Mobile Safari/537.36"
193.225.193.218 - - [14/Nov/2022:10:12:26 +0100] "GET /new/modules/system/system.css?l HTTP/1.1" 200 10020 "http://www.nosza.hu/new/content/civil-szervezet-%E2%80%93-t%C3%A1rsadalmi-szervezet-%E2%80%93-civil-t%C3%A1rsas%C3%A1g-az-%C3%BAj-civil-t%C3%B6rv%C3%A9ny-fogalmi-%C3%BAj%C3%ADt%C3%A1sai" "Mozilla/5.0 (Linux; Android 10; M2006C3LVG) AppleWebKit/537.36 (KHTML, like Gecko) Chrome/107.0.0.0 Mobile Safari/537.36"
193.225.193.218 - - [14/Nov/2022:10:12:26 +0100] "GET /new/modules/system/system-menus.css?l HTTP/1.1" 200 935 "http://www.nosza.hu/new/content/civil-szervezet-%E2%80%93-t%C3%A1rsadalmi-szervezet-%E2%80%93-civil-t%C3%A1rsas%C3%A1g-az-%C3%BAj-civil-t%C3%B6rv%C3%A9ny-fogalmi-%C3%BAj%C3%ADt%C3%A1sai" "Mozilla/5.0 (Linux; Android 10; M2006C3LVG) AppleWebKit/537.36 (KHTML, like Gecko) Chrome/107.0.0.0 Mobile Safari/537.36"
193.225.193.218 - - [14/Nov/2022:10:12:26 +0100] "GET /new/modules/system/defaults.css?l HTTP/1.1" 200 757 "http://www.nosza.hu/new/content/civil-szervezet-%E2%80%93-t%C3%A1rsadalmi-szervezet-%E2%80%93-civil-t%C3%A1rsas%C3%A1g-az-%C3%BAj-civil-t%C3%B6rv%C3%A9ny-fogalmi-%C3%BAj%C3%ADt%C3%A1sai" "Mozilla/5.0 (Linux; Android 10; M2006C3LVG) AppleWebKit/537.36 (KHTML, like Gecko) Chrome/107.0.0.0 Mobile Safari/537.36"
193.225.193.218 - - [14/Nov/2022:10:12:26 +0100] "GET /new/sites/all/modules/cck/theme/content-module.css?l HTTP/1.1" 200 2397 "http://www.nosza.hu/new/content/civil-szervezet-%E2%80%93-t%C3%A1rsadalmi-szervezet-%E2%80%93-civil-t%C3%A1rsas%C3%A1g-az-%C3%BAj-civil-t%C3%B6rv%C3%A9ny-fogalmi-%C3%BAj%C3%ADt%C3%A1sai" "Mozilla/5.0 (Linux; Android 10; M2006C3LVG) AppleWebKit/537.36 (KHTML, like Gecko) Chrome/107.0.0.0 Mobile Safari/537.36"
193.225.193.218 - - [14/Nov/2022:10:12:26 +0100] "GET /new/sites/all/modules/cck/modules/fieldgroup/fieldgroup.css?l HTTP/1.1" 200 166 "http://www.nosza.hu/new/content/civil-szervezet-%E2%80%93-t%C3%A1rsadalmi-szervezet-%E2%80%93-civil-t%C3%A1rsas%C3%A1g-az-%C3%BAj-civil-t%C3%B6rv%C3%A9ny-fogalmi-%C3%BAj%C3%ADt%C3%A1sai" "Mozilla/5.0 (Linux; Android 10; M2006C3LVG) AppleWebKit/537.36 (KHTML, like Gecko) Chrome/107.0.0.0 Mobile Safari/537.36"
193.225.193.218 - - [14/Nov/2022:10:12:26 +0100] "GET /new/sites/default/themes/nosza/css/menu_style.css HTTP/1.1" 200 4749 "http://www.nosza.hu/new/content/civil-szervezet-%E2%80%93-t%C3%A1rsadalmi-szervezet-%E2%80%93-civil-t%C3%A1rsas%C3%A1g-az-%C3%BAj-civil-t%C3%B6rv%C3%A9ny-fogalmi-%C3%BAj%C3%ADt%C3%A1sai" "Mozilla/5.0 (Linux; Android 10; M2006C3LVG) AppleWebKit/537.36 (KHTML, like Gecko) Chrome/107.0.0.0 Mobile Safari/537.36"
193.225.193.218 - - [14/Nov/2022:10:12:26 +0100] "GET /new/sites/default/themes/nosza/css/nosza.css?l HTTP/1.1" 200 10555 "http://www.nosza.hu/new/content/civil-szervezet-%E2%80%93-t%C3%A1rsadalmi-szervezet-%E2%80%93-civil-t%C3%A1rsas%C3%A1g-az-%C3%BAj-civil-t%C3%B6rv%C3%A9ny-fogalmi-%C3%BAj%C3%ADt%C3%A1sai" "Mozilla/5.0 (Linux; Android 10; M2006C3LVG) AppleWebKit/537.36 (KHTML, like Gecko) Chrome/107.0.0.0 Mobile Safari/537.36"
193.225.193.218 - - [14/Nov/2022:10:12:26 +0100] "GET /new/sites/default/themes/nosza/scripts/search.js HTTP/1.1" 200 466 "http://www.nosza.hu/new/content/civil-szervezet-%E2%80%93-t%C3%A1rsadalmi-szervezet-%E2%80%93-civil-t%C3%A1rsas%C3%A1g-az-%C3%BAj-civil-t%C3%B6rv%C3%A9ny-fogalmi-%C3%BAj%C3%ADt%C3%A1sai" "Mozilla/5.0 (Linux; Android 10; M2006C3LVG) AppleWebKit/537.36 (KHTML, like Gecko) Chrome/107.0.0.0 Mobile Safari/537.36"
193.225.193.218 - - [14/Nov/2022:10:12:26 +0100] "GET /new/sites/default/themes/nosza/images/logoMagunkrol.jpg HTTP/1.1" 200 4934 "http://www.nosza.hu/new/content/civil-szervezet-%E2%80%93-t%C3%A1rsadalmi-szervezet-%E2%80%93-civil-t%C3%A1rsas%C3%A1g-az-%C3%BAj-civil-t%C3%B6rv%C3%A9ny-fogalmi-%C3%BAj%C3%ADt%C3%A1sai" "Mozilla/5.0 (Linux; Android 10; M2006C3LVG) AppleWebKit/537.36 (KHTML, like Gecko) Chrome/107.0.0.0 Mobile Safari/537.36"
193.225.193.218 - - [14/Nov/2022:10:12:26 +0100] "GET /new/sites/default/themes/nosza/images/publikaciokSide.jpg HTTP/1.1" 200 7497 "http://www.nosza.hu/new/content/civil-szervezet-%E2%80%93-t%C3%A1rsadalmi-szervezet-%E2%80%93-civil-t%C3%A1rsas%C3%A1g-az-%C3%BAj-civil-t%C3%B6rv%C3%A9ny-fogalmi-%C3%BAj%C3%ADt%C3%A1sai" "Mozilla/5.0 (Linux; Android 10; M2006C3LVG) AppleWebKit/537.36 (KHTML, like Gecko) Chrome/107.0.0.0 Mobile Safari/537.36"
193.225.193.218 - - [14/Nov/2022:10:12:26 +0100] "GET /new/sites/default/themes/nosza/print.css?l HTTP/1.1" 200 1247 "http://www.nosza.hu/new/content/civil-szervezet-%E2%80%93-t%C3%A1rsadalmi-szervezet-%E2%80%93-civil-t%C3%A1rsas%C3%A1g-az-%C3%BAj-civil-t%C3%B6rv%C3%A9ny-fogalmi-%C3%BAj%C3%ADt%C3%A1sai" "Mozilla/5.0 (Linux; Android 10; M2006C3LVG) AppleWebKit/537.36 (KHTML, like Gecko) Chrome/107.0.0.0 Mobile Safari/537.36"
193.225.193.218 - - [14/Nov/2022:10:12:26 +0100] "GET /new/sites/default/themes/nosza/images/aktualisSide.jpg HTTP/1.1" 200 8821 "http://www.nosza.hu/new/content/civil-szervezet-%E2%80%93-t%C3%A1rsadalmi-szervezet-%E2%80%93-civil-t%C3%A1rsas%C3%A1g-az-%C3%BAj-civil-t%C3%B6rv%C3%A9ny-fogalmi-%C3%BAj%C3%ADt%C3%A1sai" "Mozilla/5.0 (Linux; Android 10; M2006C3LVG) AppleWebKit/537.36 (KHTML, like Gecko) Chrome/107.0.0.0 Mobile Safari/537.36"
193.225.193.218 - - [14/Nov/2022:10:12:26 +0100] "GET /new/sites/default/themes/nosza/images/dosszieSide.jpg HTTP/1.1" 200 7764 "http://www.nosza.hu/new/content/civil-szervezet-%E2%80%93-t%C3%A1rsadalmi-szervezet-%E2%80%93-civil-t%C3%A1rsas%C3%A1g-az-%C3%BAj-civil-t%C3%B6rv%C3%A9ny-fogalmi-%C3%BAj%C3%ADt%C3%A1sai" "Mozilla/5.0 (Linux; Android 10; M2006C3LVG) AppleWebKit/537.36 (KHTML, like Gecko) Chrome/107.0.0.0 Mobile Safari/537.36"
193.225.193.218 - - [14/Nov/2022:10:12:26 +0100] "GET /new/sites/default/themes/nosza/images/rrs.jpg HTTP/1.1" 200 829 "http://www.nosza.hu/new/content/civil-szervezet-%E2%80%93-t%C3%A1rsadalmi-szervezet-%E2%80%93-civil-t%C3%A1rsas%C3%A1g-az-%C3%BAj-civil-t%C3%B6rv%C3%A9ny-fogalmi-%C3%BAj%C3%ADt%C3%A1sai" "Mozilla/5.0 (Linux; Android 10; M2006C3LVG) AppleWebKit/537.36 (KHTML, like Gecko) Chrome/107.0.0.0 Mobile Safari/537.36"
193.225.193.218 - - [14/Nov/2022:10:12:26 +0100] "GET /new/sites/default/themes/nosza/images/headerBgMagunkrol.jpg HTTP/1.1" 200 22932 "http://www.nosza.hu/new/sites/default/themes/nosza/css/nosza.css?l" "Mozilla/5.0 (Linux; Android 10; M2006C3LVG) AppleWebKit/537.36 (KHTML, like Gecko) Chrome/107.0.0.0 Mobile Safari/537.36"
193.225.193.218 - - [14/Nov/2022:10:12:26 +0100] "GET /new/sites/default/themes/nosza/images/searchBg.png HTTP/1.1" 200 1443 "http://www.nosza.hu/new/sites/default/themes/nosza/css/nosza.css?l" "Mozilla/5.0 (Linux; Android 10; M2006C3LVG) AppleWebKit/537.36 (KHTML, like Gecko) Chrome/107.0.0.0 Mobile Safari/537.36"
193.225.193.218 - - [14/Nov/2022:10:12:26 +0100] "GET /new/sites/default/themes/nosza/images/magyarBgInactive.png HTTP/1.1" 200 686 "http://www.nosza.hu/new/sites/default/themes/nosza/css/nosza.css?l" "Mozilla/5.0 (Linux; Android 10; M2006C3LVG) AppleWebKit/537.36 (KHTML, like Gecko) Chrome/107.0.0.0 Mobile Safari/537.36"
193.225.193.218 - - [14/Nov/2022:10:12:26 +0100] "GET /new/sites/default/themes/nosza/images/magyarBgOver.png HTTP/1.1" 200 893 "http://www.nosza.hu/new/sites/default/themes/nosza/css/nosza.css?l" "Mozilla/5.0 (Linux; Android 10; M2006C3LVG) AppleWebKit/537.36 (KHTML, like Gecko) Chrome/107.0.0.0 Mobile Safari/537.36"
193.225.193.218 - - [14/Nov/2022:10:12:26 +0100] "GET /new/sites/default/themes/nosza/images/englishBgInactive.png HTTP/1.1" 200 823 "http://www.nosza.hu/new/sites/default/themes/nosza/css/nosza.css?l" "Mozilla/5.0 (Linux; Android 10; M2006C3LVG) AppleWebKit/537.36 (KHTML, like Gecko) Chrome/107.0.0.0 Mobile Safari/537.36"
193.225.193.218 - - [14/Nov/2022:10:12:26 +0100] "GET /new/sites/default/themes/nosza/images/feelingBgMagunkrol.jpg HTTP/1.1" 200 42475 "http://www.nosza.hu/new/sites/default/themes/nosza/css/nosza.css?l" "Mozilla/5.0 (Linux; Android 10; M2006C3LVG) AppleWebKit/537.36 (KHTML, like Gecko) Chrome/107.0.0.0 Mobile Safari/537.36"
193.225.193.218 - - [14/Nov/2022:10:12:26 +0100] "GET /new/sites/default/themes/nosza/images/egyIcon.jpg HTTP/1.1" 200 860 "http://www.nosza.hu/new/sites/default/themes/nosza/css/menu_style.css" "Mozilla/5.0 (Linux; Android 10; M2006C3LVG) AppleWebKit/537.36 (KHTML, like Gecko) Chrome/107.0.0.0 Mobile Safari/537.36"
193.225.193.218 - - [14/Nov/2022:10:12:26 +0100] "GET /new/sites/default/themes/nosza/images/kettoIcon.jpg HTTP/1.1" 200 1039 "http://www.nosza.hu/new/sites/default/themes/nosza/css/menu_style.css" "Mozilla/5.0 (Linux; Android 10; M2006C3LVG) AppleWebKit/537.36 (KHTML, like Gecko) Chrome/107.0.0.0 Mobile Safari/537.36"
193.225.193.218 - - [14/Nov/2022:10:12:26 +0100] "GET /new/sites/default/themes/nosza/images/otIcon.jpg HTTP/1.1" 200 689 "http://www.nosza.hu/new/sites/default/themes/nosza/css/menu_style.css" "Mozilla/5.0 (Linux; Android 10; M2006C3LVG) AppleWebKit/537.36 (KHTML, like Gecko) Chrome/107.0.0.0 Mobile Safari/537.36"
193.225.193.218 - - [14/Nov/2022:10:12:26 +0100] "GET /new/sites/default/themes/nosza/images/negyIcon.jpg HTTP/1.1" 200 908 "http://www.nosza.hu/new/sites/default/themes/nosza/css/menu_style.css" "Mozilla/5.0 (Linux; Android 10; M2006C3LVG) AppleWebKit/537.36 (KHTML, like Gecko) Chrome/107.0.0.0 Mobile Safari/537.36"
193.225.193.218 - - [14/Nov/2022:10:12:26 +0100] "GET /new/sites/default/themes/nosza/images/dateBg.jpg HTTP/1.1" 200 654 "http://www.nosza.hu/new/sites/default/themes/nosza/css/nosza.css?l" "Mozilla/5.0 (Linux; Android 10; M2006C3LVG) AppleWebKit/537.36 (KHTML, like Gecko) Chrome/107.0.0.0 Mobile Safari/537.36"
193.225.193.218 - - [14/Nov/2022:10:12:26 +0100] "GET /new/sites/default/themes/nosza/images/haromIcon.jpg HTTP/1.1" 200 764 "http://www.nosza.hu/new/sites/default/themes/nosza/css/menu_style.css" "Mozilla/5.0 (Linux; Android 10; M2006C3LVG) AppleWebKit/537.36 (KHTML, like Gecko) Chrome/107.0.0.0 Mobile Safari/537.36"
193.225.193.218 - - [14/Nov/2022:10:12:26 +0100] "GET /new/sites/default/themes/nosza/images/hatIcon.jpg HTTP/1.1" 200 838 "http://www.nosza.hu/new/sites/default/themes/nosza/css/menu_style.css" "Mozilla/5.0 (Linux; Android 10; M2006C3LVG) AppleWebKit/537.36 (KHTML, like Gecko) Chrome/107.0.0.0 Mobile Safari/537.36"
193.225.193.218 - - [14/Nov/2022:10:12:26 +0100] "GET /new/sites/default/themes/nosza/images/footerBg.jpg HTTP/1.1" 200 1097 "http://www.nosza.hu/new/sites/default/themes/nosza/css/nosza.css?l" "Mozilla/5.0 (Linux; Android 10; M2006C3LVG) AppleWebKit/537.36 (KHTML, like Gecko) Chrome/107.0.0.0 Mobile Safari/537.36"
193.225.193.218 - - [14/Nov/2022:10:12:26 +0100] "GET /favicon.ico HTTP/1.1" 404 1181 "http://www.nosza.hu/new/content/civil-szervezet-%E2%80%93-t%C3%A1rsadalmi-szervezet-%E2%80%93-civil-t%C3%A1rsas%C3%A1g-az-%C3%BAj-civil-t%C3%B6rv%C3%A9ny-fogalmi-%C3%BAj%C3%ADt%C3%A1sai" "Mozilla/5.0 (Linux; Android 10; M2006C3LVG) AppleWebKit/537.36 (KHTML, like Gecko) Chrome/107.0.0.0 Mobile Safari/537.36"
157.55.39.17 - - [14/Nov/2022:10:14:41 +0100] "GET /JMCS/tagok/index.html HTTP/1.1" 200 64967 "-" "Mozilla/5.0 (compatible; bingbot/2.0; +http://www.bing.com/bingbot.htm)"
66.249.64.23 - - [14/Nov/2022:10:15:15 +0100] "GET /new/publikaciok/2007 HTTP/1.1" 200 9569 "-" "Mozilla/5.0 (Linux; Android 6.0.1; Nexus 5X Build/MMB29P) AppleWebKit/537.36 (KHTML, like Gecko) Chrome/107.0.5304.110 Mobile Safari/537.36 (compatible; Googlebot/2.1; +http://www.google.com/bot.html)"
42.236.10.90 - - [14/Nov/2022:10:22:41 +0100] "GET / HTTP/1.1" 200 1010 "http://www.nosza.hu/" "Mozilla/5.0 (Windows NT 6.1; WOW64) AppleWebKit/537.36 (KHTML, like Gecko) Chrome/50.0.2661.102 Safari/537.36; 360Spider"
136.243.228.198 - - [14/Nov/2022:10:42:14 +0100] "GET /new/en HTTP/1.1" 200 9252 "-" "Mozilla/5.0 (compatible; DataForSeoBot/1.0; +https://dataforseo.com/dataforseo-bot)"
136.243.228.198 - - [14/Nov/2022:10:43:33 +0100] "GET /new/en/projects/Test%20project HTTP/1.1" 200 7194 "-" "Mozilla/5.0 (compatible; DataForSeoBot/1.0; +https://dataforseo.com/dataforseo-bot)"
136.243.228.198 - - [14/Nov/2022:10:43:39 +0100] "GET /new/news HTTP/1.1" 200 15233 "-" "Mozilla/5.0 (compatible; DataForSeoBot/1.0; +https://dataforseo.com/dataforseo-bot)"
136.243.228.198 - - [14/Nov/2022:10:43:45 +0100] "GET /new/en/about_us/links HTTP/1.1" 200 7851 "-" "Mozilla/5.0 (compatible; DataForSeoBot/1.0; +https://dataforseo.com/dataforseo-bot)"
136.243.228.198 - - [14/Nov/2022:10:43:53 +0100] "GET /new/en/about_us/financial_reports HTTP/1.1" 200 9675 "-" "Mozilla/5.0 (compatible; DataForSeoBot/1.0; +https://dataforseo.com/dataforseo-bot)"
136.243.228.198 - - [14/Nov/2022:10:43:57 +0100] "GET /new/en/about_us/supporters HTTP/1.1" 200 11066 "-" "Mozilla/5.0 (compatible; DataForSeoBot/1.0; +https://dataforseo.com/dataforseo-bot)"
136.243.228.198 - - [14/Nov/2022:10:44:02 +0100] "GET /new/dossiers HTTP/1.1" 200 8543 "-" "Mozilla/5.0 (compatible; DataForSeoBot/1.0; +https://dataforseo.com/dataforseo-bot)"
136.243.228.198 - - [14/Nov/2022:10:44:07 +0100] "GET /new/publications HTTP/1.1" 200 8084 "-" "Mozilla/5.0 (compatible; DataForSeoBot/1.0; +https://dataforseo.com/dataforseo-bot)"
136.243.228.198 - - [14/Nov/2022:10:45:01 +0100] "GET /new/en/news/2013 HTTP/1.1" 200 15657 "-" "Mozilla/5.0 (compatible; DataForSeoBot/1.0; +https://dataforseo.com/dataforseo-bot)"
136.243.228.198 - - [14/Nov/2022:10:45:06 +0100] "GET /new/en/news/2018 HTTP/1.1" 200 15657 "-" "Mozilla/5.0 (compatible; DataForSeoBot/1.0; +https://dataforseo.com/dataforseo-bot)"
136.243.228.198 - - [14/Nov/2022:10:45:11 +0100] "GET /new/en/dossiers HTTP/1.1" 200 7967 "-" "Mozilla/5.0 (compatible; DataForSeoBot/1.0; +https://dataforseo.com/dataforseo-bot)"
136.243.228.198 - - [14/Nov/2022:10:45:17 +0100] "GET /new/node/59 HTTP/1.1" 200 8347 "-" "Mozilla/5.0 (compatible; DataForSeoBot/1.0; +https://dataforseo.com/dataforseo-bot)"
136.243.228.198 - - [14/Nov/2022:10:45:23 +0100] "GET /new/hirek/civil-szervezeteket-%C3%A9rint%C5%91-legfontosabb-jogszab%C3%A1lyv%C3%A1ltoz%C3%A1sok-2017-ben HTTP/1.1" 200 13994 "-" "Mozilla/5.0 (compatible; DataForSeoBot/1.0; +https://dataforseo.com/dataforseo-bot)"
136.243.228.198 - - [14/Nov/2022:10:45:29 +0100] "GET /new/node/93 HTTP/1.1" 200 7939 "-" "Mozilla/5.0 (compatible; DataForSeoBot/1.0; +https://dataforseo.com/dataforseo-bot)"
136.243.228.198 - - [14/Nov/2022:10:45:36 +0100] "GET /new/node/98 HTTP/1.1" 200 7881 "-" "Mozilla/5.0 (compatible; DataForSeoBot/1.0; +https://dataforseo.com/dataforseo-bot)"
136.243.228.198 - - [14/Nov/2022:10:45:42 +0100] "GET /new/node/96 HTTP/1.1" 200 7874 "-" "Mozilla/5.0 (compatible; DataForSeoBot/1.0; +https://dataforseo.com/dataforseo-bot)"
136.243.228.198 - - [14/Nov/2022:10:45:47 +0100] "GET /new/node/92 HTTP/1.1" 200 7931 "-" "Mozilla/5.0 (compatible; DataForSeoBot/1.0; +https://dataforseo.com/dataforseo-bot)"
136.243.228.198 - - [14/Nov/2022:10:45:55 +0100] "GET /new/node/95 HTTP/1.1" 200 7923 "-" "Mozilla/5.0 (compatible; DataForSeoBot/1.0; +https://dataforseo.com/dataforseo-bot)"
136.243.228.198 - - [14/Nov/2022:10:46:00 +0100] "GET /new/node/117 HTTP/1.1" 200 8768 "-" "Mozilla/5.0 (compatible; DataForSeoBot/1.0; +https://dataforseo.com/dataforseo-bot)"
136.243.228.198 - - [14/Nov/2022:10:46:06 +0100] "GET /new/hirek/alap%C3%ADtv%C3%A1ny-alap%C3%ADt%C3%B3-okirata-%C3%A9s-m%C5%B1k%C3%B6d%C3%A9se HTTP/1.1" 200 9331 "-" "Mozilla/5.0 (compatible; DataForSeoBot/1.0; +https://dataforseo.com/dataforseo-bot)"
136.243.228.198 - - [14/Nov/2022:10:46:10 +0100] "GET /new/node/97 HTTP/1.1" 200 8129 "-" "Mozilla/5.0 (compatible; DataForSeoBot/1.0; +https://dataforseo.com/dataforseo-bot)"
136.243.228.198 - - [14/Nov/2022:10:46:17 +0100] "GET /new/node/94 HTTP/1.1" 200 7893 "-" "Mozilla/5.0 (compatible; DataForSeoBot/1.0; +https://dataforseo.com/dataforseo-bot)"
136.243.228.198 - - [14/Nov/2022:10:46:23 +0100] "GET /new/content/egyes%C3%BCleti-alapszab%C3%A1ly-%C3%A9s-m%C5%B1k%C3%B6d%C3%A9s HTTP/1.1" 200 8652 "-" "Mozilla/5.0 (compatible; DataForSeoBot/1.0; +https://dataforseo.com/dataforseo-bot)"
136.243.228.198 - - [14/Nov/2022:10:46:28 +0100] "GET /new/node/91 HTTP/1.1" 200 8080 "-" "Mozilla/5.0 (compatible; DataForSeoBot/1.0; +https://dataforseo.com/dataforseo-bot)"
136.243.228.198 - - [14/Nov/2022:10:46:33 +0100] "GET /new/en/news/founding-deeds-and-operation-foundations HTTP/1.1" 200 8139 "-" "Mozilla/5.0 (compatible; DataForSeoBot/1.0; +https://dataforseo.com/dataforseo-bot)"
136.243.228.198 - - [14/Nov/2022:10:46:40 +0100] "GET /new/en/news/association-laws-and-operation HTTP/1.1" 200 8093 "-" "Mozilla/5.0 (compatible; DataForSeoBot/1.0; +https://dataforseo.com/dataforseo-bot)"
136.243.228.198 - - [14/Nov/2022:10:46:46 +0100] "GET /new/en/news/frequently-asked-questions HTTP/1.1" 200 8128 "-" "Mozilla/5.0 (compatible; DataForSeoBot/1.0; +https://dataforseo.com/dataforseo-bot)"
136.243.228.198 - - [14/Nov/2022:10:46:52 +0100] "GET /new/en/news/civil-society-organizations-%E2%80%93-social-organizations-%E2%80%93-civic-company-new-notions-introduced-new-c HTTP/1.1" 200 8329 "-" "Mozilla/5.0 (compatible; DataForSeoBot/1.0; +https://dataforseo.com/dataforseo-bot)"
136.243.228.198 - - [14/Nov/2022:10:46:59 +0100] "GET /new/en/news/old-and-new-challenges-being-cso HTTP/1.1" 200 8071 "-" "Mozilla/5.0 (compatible; DataForSeoBot/1.0; +https://dataforseo.com/dataforseo-bot)"
136.243.228.198 - - [14/Nov/2022:10:47:05 +0100] "GET /new/en/news/starting-project-support-hungarian-non-profit-sector HTTP/1.1" 200 8080 "-" "Mozilla/5.0 (compatible; DataForSeoBot/1.0; +https://dataforseo.com/dataforseo-bot)"
136.243.228.198 - - [14/Nov/2022:10:47:12 +0100] "GET /new/en/news/training-materials-support-csos HTTP/1.1" 200 8120 "-" "Mozilla/5.0 (compatible; DataForSeoBot/1.0; +https://dataforseo.com/dataforseo-bot)"
136.243.228.198 - - [14/Nov/2022:10:47:15 +0100] "GET /new/en/news/henceforth-nosza-association-proud-member-freedom-information-advocates-network-foianet HTTP/1.1" 200 8544 "-" "Mozilla/5.0 (compatible; DataForSeoBot/1.0; +https://dataforseo.com/dataforseo-bot)"
136.243.228.198 - - [14/Nov/2022:10:47:21 +0100] "GET /new/en/news/major-legal-developments-affecting-csos-2017-0 HTTP/1.1" 200 8277 "-" "Mozilla/5.0 (compatible; DataForSeoBot/1.0; +https://dataforseo.com/dataforseo-bot)"
136.243.228.198 - - [14/Nov/2022:10:47:27 +0100] "GET /new/en/dossiers/szolg%C3%A1ltat%C3%B3-civilek HTTP/1.1" 200 8394 "-" "Mozilla/5.0 (compatible; DataForSeoBot/1.0; +https://dataforseo.com/dataforseo-bot)"
136.243.228.198 - - [14/Nov/2022:10:47:34 +0100] "GET /new/node/dossziek HTTP/1.1" 404 7626 "-" "Mozilla/5.0 (compatible; DataForSeoBot/1.0; +https://dataforseo.com/dataforseo-bot)"
136.243.228.198 - - [14/Nov/2022:10:47:39 +0100] "GET /new/node/hirek HTTP/1.1" 404 7617 "-" "Mozilla/5.0 (compatible; DataForSeoBot/1.0; +https://dataforseo.com/dataforseo-bot)"
136.243.228.198 - - [14/Nov/2022:10:47:46 +0100] "GET /new/hirek/publikaciok HTTP/1.1" 200 17124 "-" "Mozilla/5.0 (compatible; DataForSeoBot/1.0; +https://dataforseo.com/dataforseo-bot)"
136.243.228.198 - - [14/Nov/2022:10:48:46 +0100] "GET /new/content/dossziek HTTP/1.1" 404 7629 "-" "Mozilla/5.0 (compatible; DataForSeoBot/1.0; +https://dataforseo.com/dataforseo-bot)"
136.243.228.198 - - [14/Nov/2022:10:48:51 +0100] "GET /new/content/publikaciok HTTP/1.1" 404 7640 "-" "Mozilla/5.0 (compatible; DataForSeoBot/1.0; +https://dataforseo.com/dataforseo-bot)"
136.243.228.198 - - [14/Nov/2022:10:48:56 +0100] "GET /new/content/hirek HTTP/1.1" 404 7620 "-" "Mozilla/5.0 (compatible; DataForSeoBot/1.0; +https://dataforseo.com/dataforseo-bot)"
136.243.228.198 - - [14/Nov/2022:10:49:03 +0100] "GET /new/node/publikaciok HTTP/1.1" 404 7637 "-" "Mozilla/5.0 (compatible; DataForSeoBot/1.0; +https://dataforseo.com/dataforseo-bot)"
84.2.79.28 - - [14/Nov/2022:10:59:42 +0100] "GET /kutat/REVkutatas/3gazdalkodas/index.html HTTP/1.1" 200 88137 "https://www.google.com/" "Mozilla/5.0 (Windows NT 10.0; Win64; x64) AppleWebKit/537.36 (KHTML, like Gecko) Chrome/107.0.0.0 Safari/537.36"
84.2.79.28 - - [14/Nov/2022:10:59:42 +0100] "GET /galateia.css HTTP/1.1" 200 1717 "http://www.nosza.hu/kutat/REVkutatas/3gazdalkodas/index.html" "Mozilla/5.0 (Windows NT 10.0; Win64; x64) AppleWebKit/537.36 (KHTML, like Gecko) Chrome/107.0.0.0 Safari/537.36"
84.2.79.28 - - [14/Nov/2022:10:59:42 +0100] "GET /graphics/noszalogo.gif HTTP/1.1" 200 6797 "http://www.nosza.hu/kutat/REVkutatas/3gazdalkodas/index.html" "Mozilla/5.0 (Windows NT 10.0; Win64; x64) AppleWebKit/537.36 (KHTML, like Gecko) Chrome/107.0.0.0 Safari/537.36"
84.2.79.28 - - [14/Nov/2022:10:59:42 +0100] "GET /graphics/galas.gif HTTP/1.1" 200 913 "http://www.nosza.hu/kutat/REVkutatas/3gazdalkodas/index.html" "Mozilla/5.0 (Windows NT 10.0; Win64; x64) AppleWebKit/537.36 (KHTML, like Gecko) Chrome/107.0.0.0 Safari/537.36"
84.2.79.28 - - [14/Nov/2022:10:59:42 +0100] "GET /favicon.ico HTTP/1.1" 404 1181 "http://www.nosza.hu/kutat/REVkutatas/3gazdalkodas/index.html" "Mozilla/5.0 (Windows NT 10.0; Win64; x64) AppleWebKit/537.36 (KHTML, like Gecko) Chrome/107.0.0.0 Safari/537.36"
157.55.39.17 - - [14/Nov/2022:11:41:38 +0100] "GET / HTTP/1.1" 200 1010 "-" "Mozilla/5.0 AppleWebKit/537.36 (KHTML, like Gecko; compatible; bingbot/2.0; +http://www.bing.com/bingbot.htm) Chrome/103.0.5060.134 Safari/537.36"
66.249.64.27 - - [14/Nov/2022:12:15:10 +0100] "GET /new/sites/default/files/sebestyen.jpg HTTP/1.1" 304 - "-" "Googlebot-Image/1.0"
66.249.64.25 - - [14/Nov/2022:12:15:21 +0100] "GET /new/publikaciok/dr-b%C3%ADr%C3%B3-endre-kcr-dimenzi%C3%B3-civil-r%C3%A9szv%C3%A9tel-jogi-akad%C3%A1lyai-k%C3%B6zfeladatok-ell%C3%A1t%C3%A1s%C3%A1ban HTTP/1.1" 200 8173 "-" "Mozilla/5.0 (Linux; Android 6.0.1; Nexus 5X Build/MMB29P) AppleWebKit/537.36 (KHTML, like Gecko) Chrome/107.0.5304.110 Mobile Safari/537.36 (compatible; Googlebot/2.1; +http://www.google.com/bot.html)"
216.244.66.229 - - [14/Nov/2022:12:49:31 +0100] "GET /robots.txt HTTP/1.1" 404 1181 "-" "Mozilla/5.0 (compatible; DotBot/1.2; +https://opensiteexplorer.org/dotbot; help@moz.com)"
95.91.76.32 - - [14/Nov/2022:13:04:17 +0100] "GET /robots.txt HTTP/1.1" 404 1181 "-" "Mozilla/5.0 (compatible; MJ12bot/v1.4.8; http://mj12bot.com/)"
95.91.76.32 - - [14/Nov/2022:13:04:25 +0100] "GET /new/projektek/eloszt%C3%B3-projekt HTTP/1.1" 200 11786 "-" "Mozilla/5.0 (compatible; MJ12bot/v1.4.8; http://mj12bot.com/)"
216.244.66.229 - - [14/Nov/2022:13:05:49 +0100] "GET /halozatok/muhely/belepes/index.html HTTP/1.1" 200 4602 "-" "Mozilla/5.0 (compatible; DotBot/1.2; +https://opensiteexplorer.org/dotbot; help@moz.com)"
66.249.64.27 - - [14/Nov/2022:13:13:40 +0100] "GET /new/node/hirek HTTP/1.1" 404 7617 "-" "Mozilla/5.0 (Linux; Android 6.0.1; Nexus 5X Build/MMB29P) AppleWebKit/537.36 (KHTML, like Gecko) Chrome/107.0.5304.110 Mobile Safari/537.36 (compatible; Googlebot/2.1; +http://www.google.com/bot.html)"
20.172.65.95 - - [14/Nov/2022:13:19:57 +0100] "GET / HTTP/1.1" 200 1010 "-" "Mozilla/5.0 (Windows NT 10.0; Win64; x64) AppleWebKit/537.36 (KHTML, like Gecko) Chrome/95.0.4638.69 Safari/537.36"
20.172.65.95 - - [14/Nov/2022:13:19:57 +0100] "GET /wp-includes/ID3/license.txt HTTP/1.1" 404 1181 "-" "Mozilla/5.0 (Windows NT 10.0; Win64; x64) AppleWebKit/537.36 (KHTML, like Gecko) Chrome/95.0.4638.69 Safari/537.36"
20.172.65.95 - - [14/Nov/2022:13:19:57 +0100] "GET /feed/ HTTP/1.1" 404 1181 "-" "Mozilla/5.0 (Windows NT 10.0; Win64; x64) AppleWebKit/537.36 (KHTML, like Gecko) Chrome/95.0.4638.69 Safari/537.36"
20.172.65.95 - - [14/Nov/2022:13:19:58 +0100] "GET /xmlrpc.php?rsd HTTP/1.1" 404 1181 "-" "Mozilla/5.0 (Windows NT 10.0; Win64; x64) AppleWebKit/537.36 (KHTML, like Gecko) Chrome/95.0.4638.69 Safari/537.36"
20.172.65.95 - - [14/Nov/2022:13:19:58 +0100] "GET /blog/wp-includes/wlwmanifest.xml HTTP/1.1" 404 1181 "-" "Mozilla/5.0 (Windows NT 10.0; Win64; x64) AppleWebKit/537.36 (KHTML, like Gecko) Chrome/95.0.4638.69 Safari/537.36"
20.172.65.95 - - [14/Nov/2022:13:19:58 +0100] "GET /web/wp-includes/wlwmanifest.xml HTTP/1.1" 404 1181 "-" "Mozilla/5.0 (Windows NT 10.0; Win64; x64) AppleWebKit/537.36 (KHTML, like Gecko) Chrome/95.0.4638.69 Safari/537.36"
20.172.65.95 - - [14/Nov/2022:13:19:58 +0100] "GET /wordpress/wp-includes/wlwmanifest.xml HTTP/1.1" 404 1181 "-" "Mozilla/5.0 (Windows NT 10.0; Win64; x64) AppleWebKit/537.36 (KHTML, like Gecko) Chrome/95.0.4638.69 Safari/537.36"
20.172.65.95 - - [14/Nov/2022:13:19:58 +0100] "GET /wp/wp-includes/wlwmanifest.xml HTTP/1.1" 404 1181 "-" "Mozilla/5.0 (Windows NT 10.0; Win64; x64) AppleWebKit/537.36 (KHTML, like Gecko) Chrome/95.0.4638.69 Safari/537.36"
20.172.65.95 - - [14/Nov/2022:13:19:58 +0100] "GET /2020/wp-includes/wlwmanifest.xml HTTP/1.1" 404 1181 "-" "Mozilla/5.0 (Windows NT 10.0; Win64; x64) AppleWebKit/537.36 (KHTML, like Gecko) Chrome/95.0.4638.69 Safari/537.36"
20.172.65.95 - - [14/Nov/2022:13:19:59 +0100] "GET /2019/wp-includes/wlwmanifest.xml HTTP/1.1" 404 1181 "-" "Mozilla/5.0 (Windows NT 10.0; Win64; x64) AppleWebKit/537.36 (KHTML, like Gecko) Chrome/95.0.4638.69 Safari/537.36"
20.172.65.95 - - [14/Nov/2022:13:19:59 +0100] "GET /2021/wp-includes/wlwmanifest.xml HTTP/1.1" 404 1181 "-" "Mozilla/5.0 (Windows NT 10.0; Win64; x64) AppleWebKit/537.36 (KHTML, like Gecko) Chrome/95.0.4638.69 Safari/537.36"
20.172.65.95 - - [14/Nov/2022:13:19:59 +0100] "GET /shop/wp-includes/wlwmanifest.xml HTTP/1.1" 404 1181 "-" "Mozilla/5.0 (Windows NT 10.0; Win64; x64) AppleWebKit/537.36 (KHTML, like Gecko) Chrome/95.0.4638.69 Safari/537.36"
20.172.65.95 - - [14/Nov/2022:13:19:59 +0100] "GET /wp1/wp-includes/wlwmanifest.xml HTTP/1.1" 404 1181 "-" "Mozilla/5.0 (Windows NT 10.0; Win64; x64) AppleWebKit/537.36 (KHTML, like Gecko) Chrome/95.0.4638.69 Safari/537.36"
20.172.65.95 - - [14/Nov/2022:13:19:59 +0100] "GET /test/wp-includes/wlwmanifest.xml HTTP/1.1" 404 1181 "-" "Mozilla/5.0 (Windows NT 10.0; Win64; x64) AppleWebKit/537.36 (KHTML, like Gecko) Chrome/95.0.4638.69 Safari/537.36"
20.172.65.95 - - [14/Nov/2022:13:19:59 +0100] "GET /site/wp-includes/wlwmanifest.xml HTTP/1.1" 404 1181 "-" "Mozilla/5.0 (Windows NT 10.0; Win64; x64) AppleWebKit/537.36 (KHTML, like Gecko) Chrome/95.0.4638.69 Safari/537.36"
20.172.65.95 - - [14/Nov/2022:13:20:00 +0100] "GET /cms/wp-includes/wlwmanifest.xml HTTP/1.1" 404 1181 "-" "Mozilla/5.0 (Windows NT 10.0; Win64; x64) AppleWebKit/537.36 (KHTML, like Gecko) Chrome/95.0.4638.69 Safari/537.36"
157.55.39.15 - - [14/Nov/2022:13:34:38 +0100] "GET /new/en/dossiers/szolg%C3%A1ltat%C3%B3-civilek HTTP/1.1" 200 8394 "-" "Mozilla/5.0 AppleWebKit/537.36 (KHTML, like Gecko; compatible; bingbot/2.0; +http://www.bing.com/bingbot.htm) Chrome/103.0.5060.134 Safari/537.36"
95.108.213.70 - - [14/Nov/2022:13:49:06 +0100] "GET /robots.txt HTTP/1.1" 404 1181 "-" "Mozilla/5.0 (compatible; YandexBot/3.0; +http://yandex.com/bots)"
5.255.253.172 - - [14/Nov/2022:13:49:11 +0100] "GET /aktualis/ajogisegitseg/index.html HTTP/1.1" 200 395762 "-" "Mozilla/5.0 (compatible; YandexBot/3.0; +http://yandex.com/bots)"
157.55.39.111 - - [14/Nov/2022:13:54:24 +0100] "GET /aktualis/2jogalkotas/index.html HTTP/1.1" 200 237725 "-" "Mozilla/5.0 (compatible; bingbot/2.0; +http://www.bing.com/bingbot.htm)"
157.55.39.15 - - [14/Nov/2022:13:56:51 +0100] "GET /new/hirek/publikaciok?page=1 HTTP/1.1" 200 14483 "-" "Mozilla/5.0 (compatible; bingbot/2.0; +http://www.bing.com/bingbot.htm)"
216.244.66.229 - - [14/Nov/2022:14:29:48 +0100] "GET /robots.txt HTTP/1.1" 404 1181 "-" "Mozilla/5.0 (compatible; DotBot/1.2; +https://opensiteexplorer.org/dotbot; help@moz.com)"
81.182.72.4 - - [14/Nov/2022:14:31:01 +0100] "GET /aktualis/2jogalkotas/index.html HTTP/1.1" 200 237725 "https://www.bing.com/" "Mozilla/5.0 (Windows NT 10.0; Win64; x64) AppleWebKit/537.36 (KHTML, like Gecko) Chrome/105.0.0.0 Safari/537.36 Edg/105.0.1343.33"
81.182.72.4 - - [14/Nov/2022:14:31:01 +0100] "GET /galateia.css HTTP/1.1" 200 1717 "http://www.nosza.hu/aktualis/2jogalkotas/index.html" "Mozilla/5.0 (Windows NT 10.0; Win64; x64) AppleWebKit/537.36 (KHTML, like Gecko) Chrome/105.0.0.0 Safari/537.36 Edg/105.0.1343.33"
81.182.72.4 - - [14/Nov/2022:14:31:02 +0100] "GET /graphics/galas.gif HTTP/1.1" 200 913 "http://www.nosza.hu/aktualis/2jogalkotas/index.html" "Mozilla/5.0 (Windows NT 10.0; Win64; x64) AppleWebKit/537.36 (KHTML, like Gecko) Chrome/105.0.0.0 Safari/537.36 Edg/105.0.1343.33"
81.182.72.4 - - [14/Nov/2022:14:31:02 +0100] "GET /graphics/noszalogo.gif HTTP/1.1" 200 6797 "http://www.nosza.hu/aktualis/2jogalkotas/index.html" "Mozilla/5.0 (Windows NT 10.0; Win64; x64) AppleWebKit/537.36 (KHTML, like Gecko) Chrome/105.0.0.0 Safari/537.36 Edg/105.0.1343.33"
81.182.72.4 - - [14/Nov/2022:14:31:02 +0100] "GET /favicon.ico HTTP/1.1" 404 1181 "http://www.nosza.hu/aktualis/2jogalkotas/index.html" "Mozilla/5.0 (Windows NT 10.0; Win64; x64) AppleWebKit/537.36 (KHTML, like Gecko) Chrome/105.0.0.0 Safari/537.36 Edg/105.0.1343.33"
159.89.102.112 - - [14/Nov/2022:14:31:08 +0100] "GET / HTTP/1.1" 200 1010 "-" "Mozilla/5.0 (Windows NT 10.0; Win64; x64; rv:106.0) Gecko/20100101 Firefox/106.0"
62.210.215.112 - - [14/Nov/2022:14:38:56 +0100] "GET /new/rss.xml HTTP/1.1" 200 15715 "-" "Mozilla/5.0 (X11; Linux i686) AppleWebKit/537.36 (KHTML, like Gecko) Chrome/30.0.1599.66 Safari/537.36"
216.244.66.229 - - [14/Nov/2022:14:39:39 +0100] "GET /new/sites/default/files/NOSZA%20K%C3%B6zhaszn%C3%BA%20Jelent%C3%A9s%202016.pdf HTTP/1.1" 200 297884 "-" "Mozilla/5.0 (compatible; DotBot/1.2; +https://opensiteexplorer.org/dotbot; help@moz.com)"
17.121.113.211 - - [14/Nov/2022:14:45:34 +0100] "GET /robots.txt HTTP/1.1" 404 1181 "-" "Mozilla/5.0 (Macintosh; Intel Mac OS X 10_15_5) AppleWebKit/605.1.15 (KHTML, like Gecko) Version/13.1.1 Safari/605.1.15 (Applebot/0.1; +http://www.apple.com/go/applebot)"
17.121.113.211 - - [14/Nov/2022:14:45:34 +0100] "GET /favicon.ico HTTP/1.1" 404 1181 "-" "Mozilla/5.0 (Macintosh; Intel Mac OS X 10_15_5) AppleWebKit/605.1.15 (KHTML, like Gecko) Version/13.1.1 Safari/605.1.15 (Applebot/0.1; +http://www.apple.com/go/applebot)"
216.244.66.229 - - [14/Nov/2022:15:20:18 +0100] "GET /robots.txt HTTP/1.1" 404 1181 "-" "Mozilla/5.0 (compatible; DotBot/1.2; +https://opensiteexplorer.org/dotbot; help@moz.com)"
216.244.66.229 - - [14/Nov/2022:15:30:10 +0100] "GET /new/sites/default/files/NOSZA%20K%C3%B6zhaszn%C3%BA%20Jelent%C3%A9s%202013_0.pdf HTTP/1.1" 200 451370 "-" "Mozilla/5.0 (compatible; DotBot/1.2; +https://opensiteexplorer.org/dotbot; help@moz.com)"
185.191.171.42 - - [14/Nov/2022:15:30:44 +0100] "GET /robots.txt HTTP/1.1" 404 1181 "-" "Mozilla/5.0 (compatible; SemrushBot/7~bl; +http://www.semrush.com/bot.html)"
185.191.171.21 - - [14/Nov/2022:15:30:44 +0100] "GET /halozatok/kerekasztal/memo1/index.html HTTP/1.1" 200 26344 "-" "Mozilla/5.0 (compatible; SemrushBot/7~bl; +http://www.semrush.com/bot.html)"
13.236.3.184 - - [14/Nov/2022:15:38:12 +0100] "GET /.env HTTP/1.1" 404 1181 "-" "Mozilla/5.0 (X11; Linux x86_64; rv:83.0) Gecko/20100101 Firefox/83.0"
13.236.3.184 - - [14/Nov/2022:15:38:13 +0100] "POST / HTTP/1.1" 405 1174 "-" "Mozilla/5.0 (X11; Linux x86_64; rv:83.0) Gecko/20100101 Firefox/83.0"
185.191.171.13 - - [14/Nov/2022:15:48:11 +0100] "GET /robots.txt HTTP/1.1" 404 1181 "-" "Mozilla/5.0 (compatible; SemrushBot/7~bl; +http://www.semrush.com/bot.html)"
185.191.171.35 - - [14/Nov/2022:15:48:17 +0100] "GET /new/dossziek/dossziek HTTP/1.1" 200 8028 "-" "Mozilla/5.0 (compatible; SemrushBot/7~bl; +http://www.semrush.com/bot.html)"
185.191.171.6 - - [14/Nov/2022:15:48:20 +0100] "GET /sitemap.xml HTTP/1.1" 404 1181 "-" "Mozilla/5.0 (compatible; SemrushBot/7~bl; +http://www.semrush.com/bot.html)"
31.46.244.77 - - [14/Nov/2022:16:06:31 +0100] "GET /galateia.css HTTP/1.1" 200 1717 "http://www.nosza.hu/kutat/REVkutatas/1gazdasag/" "Mozilla/5.0 (Windows NT 10.0; Win64; x64) AppleWebKit/537.36 (KHTML, like Gecko) Chrome/107.0.0.0 Safari/537.36"
31.46.244.77 - - [14/Nov/2022:16:06:31 +0100] "GET /kutat/REVkutatas/1gazdasag/ HTTP/1.1" 200 89032 "https://www.google.com/" "Mozilla/5.0 (Windows NT 10.0; Win64; x64) AppleWebKit/537.36 (KHTML, like Gecko) Chrome/107.0.0.0 Safari/537.36"
31.46.244.77 - - [14/Nov/2022:16:06:31 +0100] "GET /graphics/noszalogo.gif HTTP/1.1" 200 6797 "http://www.nosza.hu/kutat/REVkutatas/1gazdasag/" "Mozilla/5.0 (Windows NT 10.0; Win64; x64) AppleWebKit/537.36 (KHTML, like Gecko) Chrome/107.0.0.0 Safari/537.36"
31.46.244.77 - - [14/Nov/2022:16:06:31 +0100] "GET /graphics/galas.gif HTTP/1.1" 200 913 "http://www.nosza.hu/kutat/REVkutatas/1gazdasag/" "Mozilla/5.0 (Windows NT 10.0; Win64; x64) AppleWebKit/537.36 (KHTML, like Gecko) Chrome/107.0.0.0 Safari/537.36"
31.46.244.77 - - [14/Nov/2022:16:06:31 +0100] "GET /favicon.ico HTTP/1.1" 404 1181 "http://www.nosza.hu/kutat/REVkutatas/1gazdasag/" "Mozilla/5.0 (Windows NT 10.0; Win64; x64) AppleWebKit/537.36 (KHTML, like Gecko) Chrome/107.0.0.0 Safari/537.36"
103.138.54.115 - - [14/Nov/2022:16:18:59 +0100] "GET / HTTP/1.1" 200 1010 "-" "Mozilla/5.0 (Windows NT 10.0; Win64; x64) AppleWebKit/537.36 (KHTML, like Gecko) Chrome/85.0.4183.121 Safari/537.36"
66.249.64.23 - - [14/Nov/2022:16:39:30 +0100] "GET /robots.txt HTTP/1.1" 404 1181 "-" "Mozilla/5.0 (compatible; Googlebot/2.1; +http://www.google.com/bot.html)"
66.249.64.25 - - [14/Nov/2022:16:39:30 +0100] "GET /JMCS/memo/04/index.html HTTP/1.1" 200 15742 "-" "Mozilla/5.0 (Linux; Android 6.0.1; Nexus 5X Build/MMB29P) AppleWebKit/537.36 (KHTML, like Gecko) Chrome/107.0.5304.110 Mobile Safari/537.36 (compatible; Googlebot/2.1; +http://www.google.com/bot.html)"
85.67.118.98 - - [14/Nov/2022:16:47:03 +0100] "GET /kutat/REVkutatas/5PR/index.html HTTP/1.1" 200 49876 "https://www.google.com/" "Mozilla/5.0 (Windows NT 10.0; Win64; x64; rv:106.0) Gecko/20100101 Firefox/106.0"
