37.76.25.9 - - [20/Mar/2023:11:28:21 +0100] "GET /aktualis/onfoglalkoztatas/index.html HTTP/1.1" 200 77025 "https://www.google.com/" "Mozilla/5.0 (Linux; Android 13; SAMSUNG SM-A725F) AppleWebKit/537.36 (KHTML, like Gecko) SamsungBrowser/20.0 Chrome/106.0.5249.126 Mobile Safari/537.36"
37.76.25.9 - - [20/Mar/2023:11:28:21 +0100] "GET /graphics/noszalogo.gif HTTP/1.1" 200 6797 "http://www.nosza.hu/aktualis/onfoglalkoztatas/index.html" "Mozilla/5.0 (Linux; Android 13; SAMSUNG SM-A725F) AppleWebKit/537.36 (KHTML, like Gecko) SamsungBrowser/20.0 Chrome/106.0.5249.126 Mobile Safari/537.36"
37.76.25.9 - - [20/Mar/2023:11:28:21 +0100] "GET /graphics/galas.gif HTTP/1.1" 200 913 "http://www.nosza.hu/aktualis/onfoglalkoztatas/index.html" "Mozilla/5.0 (Linux; Android 13; SAMSUNG SM-A725F) AppleWebKit/537.36 (KHTML, like Gecko) SamsungBrowser/20.0 Chrome/106.0.5249.126 Mobile Safari/537.36"
37.76.25.9 - - [20/Mar/2023:11:28:21 +0100] "GET /favicon.ico HTTP/1.1" 404 1181 "http://www.nosza.hu/aktualis/onfoglalkoztatas/index.html" "Mozilla/5.0 (Linux; Android 13; SAMSUNG SM-A725F) AppleWebKit/537.36 (KHTML, like Gecko) SamsungBrowser/20.0 Chrome/106.0.5249.126 Mobile Safari/537.36"
37.76.33.181 - - [20/Mar/2023:11:30:35 +0100] "GET /galateia.css HTTP/1.1" 200 1717 "-" "Mozilla/5.0 (Linux; Android 13; SM-G780G) AppleWebKit/537.36 (KHTML, like Gecko) Chrome/111.0.0.0 Mobile Safari/537.36"
37.76.33.181 - - [20/Mar/2023:11:30:35 +0100] "GET /graphics/noszalogo.gif HTTP/1.1" 200 6797 "http://www.nosza.hu/aktualis/onfoglalkoztatas/index.html" "Mozilla/5.0 (Linux; Android 13; SM-G780G) AppleWebKit/537.36 (KHTML, like Gecko) Chrome/111.0.0.0 Mobile Safari/537.36"
37.76.33.181 - - [20/Mar/2023:11:30:36 +0100] "GET /aktualis/onfoglalkoztatas/index.html HTTP/1.1" 200 77025 "https://www.google.com/" "Mozilla/5.0 (Linux; Android 13; SM-G780G) AppleWebKit/537.36 (KHTML, like Gecko) Chrome/111.0.0.0 Mobile Safari/537.36"
37.76.33.181 - - [20/Mar/2023:11:30:36 +0100] "GET /graphics/galas.gif HTTP/1.1" 200 913 "http://www.nosza.hu/aktualis/onfoglalkoztatas/index.html" "Mozilla/5.0 (Linux; Android 13; SM-G780G) AppleWebKit/537.36 (KHTML, like Gecko) Chrome/111.0.0.0 Mobile Safari/537.36"
37.76.33.181 - - [20/Mar/2023:11:30:36 +0100] "GET /favicon.ico HTTP/1.1" 404 1181 "http://www.nosza.hu/aktualis/onfoglalkoztatas/index.html" "Mozilla/5.0 (Linux; Android 13; SM-G780G) AppleWebKit/537.36 (KHTML, like Gecko) Chrome/111.0.0.0 Mobile Safari/537.36"
37.76.33.181 - - [20/Mar/2023:11:30:38 +0100] "GET /aktualis/onfoglalkoztatas/index.html HTTP/1.1" 304 - "https://www.google.com/" "Mozilla/5.0 (Linux; Android 13; SM-G780G) AppleWebKit/537.36 (KHTML, like Gecko) Chrome/111.0.0.0 Mobile Safari/537.36"
51.222.253.18 - - [20/Mar/2023:11:31:21 +0100] "GET /robots.txt HTTP/1.1" 404 1181 "-" "Mozilla/5.0 (compatible; AhrefsBot/7.0; +http://ahrefs.com/robot/)"
54.36.148.129 - - [20/Mar/2023:11:31:27 +0100] "GET /new/en/publications/2008 HTTP/1.1" 200 7768 "-" "Mozilla/5.0 (compatible; AhrefsBot/7.0; +http://ahrefs.com/robot/)"
54.36.149.87 - - [20/Mar/2023:11:31:30 +0100] "GET /new/sites/default/themes/nosza/images/dossiers_eng.jpg HTTP/1.1" 200 7714 "-" "Mozilla/5.0 (compatible; AhrefsBot/7.0; +http://ahrefs.com/robot/)"
54.36.148.48 - - [20/Mar/2023:11:31:32 +0100] "GET /new/sites/default/themes/nosza/images/news_eng.jpg HTTP/1.1" 200 8257 "-" "Mozilla/5.0 (compatible; AhrefsBot/7.0; +http://ahrefs.com/robot/)"
54.36.149.1 - - [20/Mar/2023:11:31:32 +0100] "GET /new/sites/default/themes/nosza/images/publications_eng.jpg HTTP/1.1" 200 7524 "-" "Mozilla/5.0 (compatible; AhrefsBot/7.0; +http://ahrefs.com/robot/)"
94.44.236.89 - - [20/Mar/2023:11:31:36 +0100] "GET /galateia.css HTTP/1.1" 200 1717 "-" "Mozilla/5.0 (Linux; Android 13; SM-G780F) AppleWebKit/537.36 (KHTML, like Gecko) Chrome/111.0.0.0 Mobile Safari/537.36"
94.44.236.89 - - [20/Mar/2023:11:31:36 +0100] "GET /aktualis/onfoglalkoztatas/index.html HTTP/1.1" 200 77025 "https://www.google.com/" "Mozilla/5.0 (Linux; Android 13; SM-G780F) AppleWebKit/537.36 (KHTML, like Gecko) Chrome/111.0.0.0 Mobile Safari/537.36"
94.44.236.89 - - [20/Mar/2023:11:31:36 +0100] "GET /graphics/noszalogo.gif HTTP/1.1" 200 6797 "http://www.nosza.hu/aktualis/onfoglalkoztatas/index.html" "Mozilla/5.0 (Linux; Android 13; SM-G780F) AppleWebKit/537.36 (KHTML, like Gecko) Chrome/111.0.0.0 Mobile Safari/537.36"
94.44.236.89 - - [20/Mar/2023:11:31:36 +0100] "GET /graphics/galas.gif HTTP/1.1" 200 913 "http://www.nosza.hu/aktualis/onfoglalkoztatas/index.html" "Mozilla/5.0 (Linux; Android 13; SM-G780F) AppleWebKit/537.36 (KHTML, like Gecko) Chrome/111.0.0.0 Mobile Safari/537.36"
94.44.236.89 - - [20/Mar/2023:11:31:36 +0100] "GET /favicon.ico HTTP/1.1" 404 1181 "http://www.nosza.hu/aktualis/onfoglalkoztatas/index.html" "Mozilla/5.0 (Linux; Android 13; SM-G780F) AppleWebKit/537.36 (KHTML, like Gecko) Chrome/111.0.0.0 Mobile Safari/537.36"
216.244.66.229 - - [20/Mar/2023:11:45:01 +0100] "GET /robots.txt HTTP/1.1" 404 1181 "-" "Mozilla/5.0 (compatible; DotBot/1.2; +https://opensiteexplorer.org/dotbot; help@moz.com)"
216.244.66.229 - - [20/Mar/2023:11:47:06 +0100] "GET /new/hirek/2013 HTTP/1.1" 200 16790 "-" "Mozilla/5.0 (compatible; DotBot/1.2; +https://opensiteexplorer.org/dotbot; help@moz.com)"
212.237.53.115 - - [20/Mar/2023:12:11:56 +0100] "HEAD / HTTP/1.1" 200 0 "-" "Alert_Alligator_webmonitoring_service_1.6.4_(alertalligator.com)"
54.36.148.43 - - [20/Mar/2023:12:17:48 +0100] "GET /new/en/news/2014 HTTP/1.1" 200 15657 "-" "Mozilla/5.0 (compatible; AhrefsBot/7.0; +http://ahrefs.com/robot/)"
194.165.16.25 - - [20/Mar/2023:12:50:39 +0100] "GET /wp-load.php HTTP/1.1" 404 1181 "www.bing.com" "wp_is_mobile"
194.165.16.25 - - [20/Mar/2023:12:50:40 +0100] "GET /style.php HTTP/1.1" 404 1181 "www.bing.com" "wp_is_mobile"
194.165.16.25 - - [20/Mar/2023:12:50:40 +0100] "GET /wp-admin/style.php HTTP/1.1" 404 1181 "www.bing.com" "wp_is_mobile"
194.165.16.25 - - [20/Mar/2023:12:50:42 +0100] "GET /s_e.php HTTP/1.1" 404 1181 "www.bing.com" "wp_is_mobile"
194.165.16.25 - - [20/Mar/2023:12:50:43 +0100] "GET /s_ne.php HTTP/1.1" 404 1181 "www.bing.com" "wp_is_mobile"
194.165.16.25 - - [20/Mar/2023:12:50:45 +0100] "GET /1index.php HTTP/1.1" 404 1181 "www.bing.com" "Mozilla/5.0 (Windows NT 10.0; Win64; x64) AppleWebKit/537.36 (KHTML, like Gecko) Chrome/90.0.4430.85 Safari/537.36"
194.165.16.25 - - [20/Mar/2023:12:50:47 +0100] "GET /3index.php?f=/NmRtJOUjAdutReQj/scRjKUhleBpzmTyO.txt HTTP/1.1" 404 1181 "www.bing.com" "Mozilla/5.0 (Windows NT 10.0; Win64; x64) AppleWebKit/537.36 (KHTML, like Gecko) Chrome/90.0.4430.85 Safari/537.36"
194.165.16.25 - - [20/Mar/2023:12:50:48 +0100] "GET /wikindex.php?f=/NmRtJOUjAdutReQj/scRjKUhleBpzmTyO.txt HTTP/1.1" 404 1181 "www.bing.com" "Mozilla/5.0 (Windows NT 10.0; Win64; x64) AppleWebKit/537.36 (KHTML, like Gecko) Chrome/90.0.4430.85 Safari/537.36"
194.165.16.25 - - [20/Mar/2023:12:50:50 +0100] "GET /wp-content/mu-plugins-old/index.php?f=/NmRtJOUjAdutReQj/scRjKUhleBpzmTyO.txt HTTP/1.1" 404 1181 "www.bing.com" "Mozilla/5.0 (Windows NT 10.0; Win64; x64) AppleWebKit/537.36 (KHTML, like Gecko) Chrome/90.0.4430.85 Safari/537.36"
194.165.16.25 - - [20/Mar/2023:12:50:52 +0100] "GET /radio.php HTTP/1.1" 404 1181 "www.bing.com" "wp_is_mobile"
194.165.16.25 - - [20/Mar/2023:12:50:53 +0100] "GET /lock360.php?daksldlkdsadas=1 HTTP/1.1" 404 1181 "www.bing.com" "wp_is_mobile"
194.165.16.25 - - [20/Mar/2023:12:50:54 +0100] "GET /wp-load.php?daksldlkdsadas=1 HTTP/1.1" 404 1181 "www.bing.com" "wp_is_mobile"
194.165.16.25 - - [20/Mar/2023:12:50:55 +0100] "GET /old-index.php?daksldlkdsadas=1 HTTP/1.1" 404 1181 "www.bing.com" "wp_is_mobile"
194.165.16.25 - - [20/Mar/2023:12:50:57 +0100] "GET /xmrlpc.php?daksldlkdsadas=1 HTTP/1.1" 404 1181 "www.bing.com" "wp_is_mobile"
194.165.16.25 - - [20/Mar/2023:12:50:58 +0100] "GET /xmlrpcs.php?daksldlkdsadas=1 HTTP/1.1" 404 1181 "www.bing.com" "wp_is_mobile"
194.165.16.25 - - [20/Mar/2023:12:50:59 +0100] "GET /wp-admin.php?daksldlkdsadas=1 HTTP/1.1" 404 1181 "www.bing.com" "wp_is_mobile"
194.165.16.25 - - [20/Mar/2023:12:51:02 +0100] "GET /qindex.php?daksldlkdsadas=1 HTTP/1.1" 404 1181 "www.bing.com" "wp_is_mobile"
194.165.16.25 - - [20/Mar/2023:12:51:04 +0100] "GET /doc.php HTTP/1.1" 404 1181 "www.bing.com" "wp_is_mobile"
194.165.16.25 - - [20/Mar/2023:12:51:07 +0100] "GET /wp_wrong_datlib.php HTTP/1.1" 404 1181 "www.bing.com" "Mozilla/5.0 (Windows NT 10.0; Win64; x64) AppleWebKit/537.36 (KHTML, like Gecko) Chrome/90.0.4430.85 Safari/537.36"
194.165.16.25 - - [20/Mar/2023:12:51:09 +0100] "GET /beence.php HTTP/1.1" 404 1181 "www.bing.com" "Mozilla/5.0 (Windows NT 10.0; Win64; x64) AppleWebKit/537.36 (KHTML, like Gecko) Chrome/90.0.4430.85 Safari/537.36"
194.165.16.25 - - [20/Mar/2023:12:51:10 +0100] "GET /ups.php HTTP/1.1" 404 1181 "www.bing.com" "wp_is_mobile"
194.165.16.25 - - [20/Mar/2023:12:51:12 +0100] "GET /wp-signin.php?dizo&ping HTTP/1.1" 404 1181 "www.bing.com" "wp_is_mobile"
194.165.16.25 - - [20/Mar/2023:12:51:14 +0100] "GET /media-admin.php HTTP/1.1" 404 1181 "www.bing.com" "wp_is_mobile"
194.165.16.25 - - [20/Mar/2023:12:51:16 +0100] "GET /export.php HTTP/1.1" 404 1181 "www.bing.com" "Mozilla/5.0 (Windows NT 10.0; Win64; x64) AppleWebKit/537.36 (KHTML, like Gecko) Chrome/90.0.4430.85 Safari/537.36"
194.165.16.25 - - [20/Mar/2023:12:51:17 +0100] "GET /wp-content/export.php HTTP/1.1" 404 1181 "www.bing.com" "Mozilla/5.0 (Windows NT 10.0; Win64; x64) AppleWebKit/537.36 (KHTML, like Gecko) Chrome/90.0.4430.85 Safari/537.36"
194.165.16.25 - - [20/Mar/2023:12:51:18 +0100] "GET /wp-includes/wp-class.php HTTP/1.1" 404 1181 "www.bing.com" "wp_is_mobile"
194.165.16.25 - - [20/Mar/2023:12:51:20 +0100] "GET /wp-includes/wp-atom.php HTTP/1.1" 404 1181 "www.bing.com" "Mozilla/5.0 (Windows NT 10.0; Win64; x64) AppleWebKit/537.36 (KHTML, like Gecko) Chrome/90.0.4430.85 Safari/537.36"
194.165.16.25 - - [20/Mar/2023:12:51:22 +0100] "GET /wp-includes/images/css.php HTTP/1.1" 404 1181 "www.bing.com" "Mozilla/5.0 (Windows NT 10.0; Win64; x64) AppleWebKit/537.36 (KHTML, like Gecko) Chrome/90.0.4430.85 Safari/537.36"
194.165.16.25 - - [20/Mar/2023:12:51:24 +0100] "GET /wp-includes/css/css.php HTTP/1.1" 404 1181 "www.bing.com" "Mozilla/5.0 (Windows NT 10.0; Win64; x64) AppleWebKit/537.36 (KHTML, like Gecko) Chrome/90.0.4430.85 Safari/537.36"
194.165.16.25 - - [20/Mar/2023:12:51:26 +0100] "GET /defau1t.php HTTP/1.1" 404 1181 "www.bing.com" "Mozilla/5.0 (Windows NT 10.0; Win64; x64) AppleWebKit/537.36 (KHTML, like Gecko) Chrome/90.0.4430.85 Safari/537.36"
194.165.16.25 - - [20/Mar/2023:12:51:27 +0100] "GET /css.php HTTP/1.1" 404 1181 "www.bing.com" "wp_is_mobile"
194.165.16.25 - - [20/Mar/2023:12:51:29 +0100] "GET /moduless.php HTTP/1.1" 404 1181 "www.bing.com" "Mozilla/5.0 (Windows NT 10.0; Win64; x64) AppleWebKit/537.36 (KHTML, like Gecko) Chrome/90.0.4430.85 Safari/537.36"
194.165.16.25 - - [20/Mar/2023:12:51:31 +0100] "GET /wp-booking.php HTTP/1.1" 404 1181 "www.bing.com" "wp_is_mobile"
194.165.16.25 - - [20/Mar/2023:12:51:32 +0100] "GET /wp-content/plugins/backup_index.php HTTP/1.1" 404 1181 "www.bing.com" "wp_is_mobile"
194.165.16.25 - - [20/Mar/2023:12:51:34 +0100] "GET /wp-content/mu-plugins/db-safe-mode.php HTTP/1.1" 404 1181 "www.bing.com" "wp_is_mobile"
194.165.16.25 - - [20/Mar/2023:12:51:37 +0100] "GET /wp-includes/css/wp-config.php HTTP/1.1" 404 1181 "www.bing.com" "wp_is_mobile"
194.165.16.25 - - [20/Mar/2023:12:51:38 +0100] "GET /config.bak.php HTTP/1.1" 404 1181 "www.bing.com" "wp_is_mobile"
194.165.16.25 - - [20/Mar/2023:12:51:39 +0100] "GET /wp-content/themes/config.bak.php HTTP/1.1" 404 1181 "www.bing.com" "wp_is_mobile"
194.165.16.25 - - [20/Mar/2023:12:51:40 +0100] "GET /legion.php HTTP/1.1" 404 1181 "www.bing.com" "wp_is_mobile"
194.165.16.25 - - [20/Mar/2023:12:51:42 +0100] "GET /wp-content/plugins/wpconfig.bak.php?act=sf HTTP/1.1" 404 1181 "www.bing.com" "Mozilla/5.0 (Windows NT 10.0; Win64; x64) AppleWebKit/537.36 (KHTML, like Gecko) Chrome/90.0.4430.85 Safari/537.36"
194.165.16.25 - - [20/Mar/2023:12:51:43 +0100] "GET /wp-plugins.php HTTP/1.1" 404 1181 "www.bing.com" "wp_is_mobile"
194.165.16.25 - - [20/Mar/2023:12:51:45 +0100] "GET /gank.php.PhP HTTP/1.1" 404 1181 "www.bing.com" "wp_is_mobile"
194.165.16.25 - - [20/Mar/2023:12:51:46 +0100] "GET /wp-content/db-cache.php HTTP/1.1" 404 1181 "www.bing.com" "wp_is_mobile"
194.165.16.25 - - [20/Mar/2023:12:51:48 +0100] "GET /archives.php HTTP/1.1" 404 1181 "www.bing.com" "Mozilla/5.0 (Windows NT 10.0; Win64; x64) AppleWebKit/537.36 (KHTML, like Gecko) Chrome/90.0.4430.85 Safari/537.36"
194.165.16.25 - - [20/Mar/2023:12:51:49 +0100] "GET /xindex.php HTTP/1.1" 404 1181 "www.bing.com" "wp_is_mobile"
194.165.16.25 - - [20/Mar/2023:12:51:51 +0100] "GET /defau11.php HTTP/1.1" 404 1181 "www.bing.com" "Mozilla/5.0 (Windows NT 10.0; Win64; x64) AppleWebKit/537.36 (KHTML, like Gecko) Chrome/90.0.4430.85 Safari/537.36"
194.165.16.25 - - [20/Mar/2023:12:51:52 +0100] "GET /wp-content/outcms.php?up HTTP/1.1" 404 1181 "www.bing.com" "wp_is_mobile"
194.165.16.25 - - [20/Mar/2023:12:51:54 +0100] "GET /system_log.php?bala=up HTTP/1.1" 404 1181 "www.bing.com" "wp_is_mobile"
194.165.16.25 - - [20/Mar/2023:12:51:56 +0100] "GET /wp-backup-sql-302.php HTTP/1.1" 404 1181 "www.bing.com" "wp_is_mobile"
194.165.16.25 - - [20/Mar/2023:12:51:58 +0100] "GET /error.php?phpshells HTTP/1.1" 404 1181 "www.bing.com" "wp_is_mobile"
194.165.16.25 - - [20/Mar/2023:12:51:59 +0100] "GET /ALFA_DATA HTTP/1.1" 404 1181 "www.bing.com" "wp_is_mobile"
194.165.16.25 - - [20/Mar/2023:12:52:00 +0100] "GET /alfacgiapi HTTP/1.1" 404 1181 "www.bing.com" "wp_is_mobile"
194.165.16.25 - - [20/Mar/2023:12:52:01 +0100] "GET /cgialfa HTTP/1.1" 404 1181 "www.bing.com" "wp_is_mobile"
194.165.16.25 - - [20/Mar/2023:12:52:02 +0100] "GET /.well-known/ALFA_DATA HTTP/1.1" 404 1181 "www.bing.com" "wp_is_mobile"
194.165.16.25 - - [20/Mar/2023:12:52:04 +0100] "GET /.well-known/alfacgiapi HTTP/1.1" 404 1181 "www.bing.com" "wp_is_mobile"
194.165.16.25 - - [20/Mar/2023:12:52:05 +0100] "GET /.well-known/cgialfa HTTP/1.1" 404 1181 "www.bing.com" "wp_is_mobile"
194.165.16.25 - - [20/Mar/2023:12:52:06 +0100] "GET /wp-content/uploads/ALFA_DATA HTTP/1.1" 404 1181 "www.bing.com" "wp_is_mobile"
194.165.16.25 - - [20/Mar/2023:12:52:07 +0100] "GET /wp-content/uploads/alfacgiapi HTTP/1.1" 404 1181 "www.bing.com" "wp_is_mobile"
194.165.16.25 - - [20/Mar/2023:12:52:08 +0100] "GET /wp-content/uploads/cgialfa HTTP/1.1" 404 1181 "www.bing.com" "wp_is_mobile"
194.165.16.25 - - [20/Mar/2023:12:52:09 +0100] "GET /wp-includes/ALFA_DATA HTTP/1.1" 404 1181 "www.bing.com" "wp_is_mobile"
194.165.16.25 - - [20/Mar/2023:12:52:10 +0100] "GET /wp-includes/alfacgiapi HTTP/1.1" 404 1181 "www.bing.com" "wp_is_mobile"
194.165.16.25 - - [20/Mar/2023:12:52:11 +0100] "GET /wp-includes/cgialfa HTTP/1.1" 404 1181 "www.bing.com" "wp_is_mobile"
194.165.16.25 - - [20/Mar/2023:12:52:12 +0100] "GET /wp-admin/ALFA_DATA HTTP/1.1" 404 1181 "www.bing.com" "wp_is_mobile"
194.165.16.25 - - [20/Mar/2023:12:52:13 +0100] "GET /wp-admin/alfacgiapi HTTP/1.1" 404 1181 "www.bing.com" "wp_is_mobile"
194.165.16.25 - - [20/Mar/2023:12:52:14 +0100] "GET /wp-admin/cgialfa HTTP/1.1" 404 1181 "www.bing.com" "wp_is_mobile"
194.165.16.25 - - [20/Mar/2023:12:52:16 +0100] "GET /wp-content/ALFA_DATA HTTP/1.1" 404 1181 "www.bing.com" "wp_is_mobile"
194.165.16.25 - - [20/Mar/2023:12:52:17 +0100] "GET /wp-content/alfacgiapi HTTP/1.1" 404 1181 "www.bing.com" "wp_is_mobile"
194.165.16.25 - - [20/Mar/2023:12:52:18 +0100] "GET /wp-content/cgialfa HTTP/1.1" 404 1181 "www.bing.com" "wp_is_mobile"
194.165.16.25 - - [20/Mar/2023:12:52:19 +0100] "GET /templates/beez3/ALFA_DATA HTTP/1.1" 404 1181 "www.bing.com" "wp_is_mobile"
194.165.16.25 - - [20/Mar/2023:12:52:20 +0100] "GET /templates/beez3/alfacgiapi HTTP/1.1" 404 1181 "www.bing.com" "wp_is_mobile"
194.165.16.25 - - [20/Mar/2023:12:52:21 +0100] "GET /templates/beez3/cgialfa HTTP/1.1" 404 1181 "www.bing.com" "wp_is_mobile"
194.165.16.25 - - [20/Mar/2023:12:52:22 +0100] "GET /sites/default/files/ALFA_DATA HTTP/1.1" 404 1181 "www.bing.com" "wp_is_mobile"
194.165.16.25 - - [20/Mar/2023:12:52:23 +0100] "GET /sites/default/files/alfacgiapi HTTP/1.1" 404 1181 "www.bing.com" "wp_is_mobile"
194.165.16.25 - - [20/Mar/2023:12:52:25 +0100] "GET /sites/default/files/cgialfa HTTP/1.1" 404 1181 "www.bing.com" "wp_is_mobile"
194.165.16.25 - - [20/Mar/2023:12:52:26 +0100] "GET /admin/controller/extension/extension/ALFA_DATA HTTP/1.1" 404 1181 "www.bing.com" "wp_is_mobile"
194.165.16.25 - - [20/Mar/2023:12:52:27 +0100] "GET /admin/controller/extension/extension/alfacgiapi HTTP/1.1" 404 1181 "www.bing.com" "wp_is_mobile"
194.165.16.25 - - [20/Mar/2023:12:52:28 +0100] "GET /admin/controller/extension/extension/cgialfa HTTP/1.1" 404 1181 "www.bing.com" "wp_is_mobile"
194.165.16.25 - - [20/Mar/2023:12:52:30 +0100] "GET /wp-content/plugins/ubh/up.php HTTP/1.1" 404 1181 "www.bing.com" "wp_is_mobile"
194.165.16.25 - - [20/Mar/2023:12:52:31 +0100] "GET /index.php?3x=3x HTTP/1.1" 200 1516 "www.bing.com" "wp_is_mobile"
194.165.16.25 - - [20/Mar/2023:12:52:32 +0100] "GET /about.php HTTP/1.1" 404 1181 "www.bing.com" "wp_is_mobile"
194.165.16.25 - - [20/Mar/2023:12:52:32 +0100] "GET /shells.php HTTP/1.1" 404 1181 "www.bing.com" "wp_is_mobile"
194.165.16.25 - - [20/Mar/2023:12:52:33 +0100] "GET /olux.php HTTP/1.1" 404 1181 "www.bing.com" "wp_is_mobile"
194.165.16.25 - - [20/Mar/2023:12:52:34 +0100] "GET /xleet.php HTTP/1.1" 404 1181 "www.bing.com" "wp_is_mobile"
194.165.16.25 - - [20/Mar/2023:12:52:35 +0100] "GET /wso.php HTTP/1.1" 404 1181 "www.bing.com" "wp_is_mobile"
194.165.16.25 - - [20/Mar/2023:12:52:35 +0100] "GET /shell.php HTTP/1.1" 404 1181 "www.bing.com" "wp_is_mobile"
194.165.16.25 - - [20/Mar/2023:12:52:36 +0100] "GET /up.php HTTP/1.1" 404 1181 "www.bing.com" "wp_is_mobile"
194.165.16.25 - - [20/Mar/2023:12:52:37 +0100] "GET /upload.php HTTP/1.1" 404 1181 "www.bing.com" "wp_is_mobile"
194.165.16.25 - - [20/Mar/2023:12:52:37 +0100] "GET /1.php HTTP/1.1" 404 1181 "www.bing.com" "wp_is_mobile"
194.165.16.25 - - [20/Mar/2023:12:52:38 +0100] "GET /x.php HTTP/1.1" 404 1181 "www.bing.com" "wp_is_mobile"
194.165.16.25 - - [20/Mar/2023:12:52:38 +0100] "GET /z.php HTTP/1.1" 404 1181 "www.bing.com" "wp_is_mobile"
194.165.16.25 - - [20/Mar/2023:12:52:39 +0100] "GET /a.php HTTP/1.1" 404 1181 "www.bing.com" "wp_is_mobile"
194.165.16.25 - - [20/Mar/2023:12:52:40 +0100] "GET /test.php HTTP/1.1" 404 1181 "www.bing.com" "wp_is_mobile"
194.165.16.25 - - [20/Mar/2023:12:52:40 +0100] "GET /wp.php HTTP/1.1" 404 1181 "www.bing.com" "wp_is_mobile"
194.165.16.25 - - [20/Mar/2023:12:52:41 +0100] "GET /alfa.php HTTP/1.1" 404 1181 "www.bing.com" "wp_is_mobile"
194.165.16.25 - - [20/Mar/2023:12:52:41 +0100] "GET /config.php HTTP/1.1" 404 1181 "www.bing.com" "wp_is_mobile"
194.165.16.25 - - [20/Mar/2023:12:52:42 +0100] "GET /templates/beez3/index.php HTTP/1.1" 404 1181 "www.bing.com" "wp_is_mobile"
84.1.22.29 - - [20/Mar/2023:13:04:06 +0100] "GET /kutat/REVkutatas/3gazdalkodas/index.html HTTP/1.1" 200 88137 "https://www.google.com/" "Mozilla/5.0 (Windows NT 10.0; Win64; x64) AppleWebKit/537.36 (KHTML, like Gecko) Chrome/111.0.0.0 Safari/537.36"
84.1.22.29 - - [20/Mar/2023:13:04:07 +0100] "GET /galateia.css HTTP/1.1" 200 1717 "http://www.nosza.hu/kutat/REVkutatas/3gazdalkodas/index.html" "Mozilla/5.0 (Windows NT 10.0; Win64; x64) AppleWebKit/537.36 (KHTML, like Gecko) Chrome/111.0.0.0 Safari/537.36"
84.1.22.29 - - [20/Mar/2023:13:04:07 +0100] "GET /graphics/galas.gif HTTP/1.1" 200 913 "http://www.nosza.hu/kutat/REVkutatas/3gazdalkodas/index.html" "Mozilla/5.0 (Windows NT 10.0; Win64; x64) AppleWebKit/537.36 (KHTML, like Gecko) Chrome/111.0.0.0 Safari/537.36"
84.1.22.29 - - [20/Mar/2023:13:04:07 +0100] "GET /graphics/noszalogo.gif HTTP/1.1" 200 6797 "http://www.nosza.hu/kutat/REVkutatas/3gazdalkodas/index.html" "Mozilla/5.0 (Windows NT 10.0; Win64; x64) AppleWebKit/537.36 (KHTML, like Gecko) Chrome/111.0.0.0 Safari/537.36"
84.1.22.29 - - [20/Mar/2023:13:04:07 +0100] "GET /favicon.ico HTTP/1.1" 404 1181 "http://www.nosza.hu/kutat/REVkutatas/3gazdalkodas/index.html" "Mozilla/5.0 (Windows NT 10.0; Win64; x64) AppleWebKit/537.36 (KHTML, like Gecko) Chrome/111.0.0.0 Safari/537.36"
54.36.149.85 - - [20/Mar/2023:13:04:55 +0100] "GET /new/en/about_us/links HTTP/1.1" 200 7851 "-" "Mozilla/5.0 (compatible; AhrefsBot/7.0; +http://ahrefs.com/robot/)"
212.237.23.143 - - [20/Mar/2023:13:06:24 +0100] "HEAD / HTTP/1.1" 200 0 "-" "Alert_Alligator_webmonitoring_service_1.6.4_(alertalligator.com)"
77.75.79.119 - - [20/Mar/2023:13:36:24 +0100] "GET /new/en/about_us/members HTTP/1.1" 200 8253 "-" "Mozilla/5.0 (compatible; SeznamBot/4.0-RC1; +http://napoveda.seznam.cz/seznambot-intro/)"
89.135.119.219 - - [20/Mar/2023:13:48:40 +0100] "GET /galateia.css HTTP/1.1" 200 1717 "http://www.nosza.hu/kutat/REVkutatas/3gazdalkodas/index.html" "Mozilla/5.0 (Linux; Android 12; SAMSUNG SM-G973F) AppleWebKit/537.36 (KHTML, like Gecko) SamsungBrowser/20.0 Chrome/106.0.5249.126 Mobile Safari/537.36"
89.135.119.219 - - [20/Mar/2023:13:48:40 +0100] "GET /graphics/noszalogo.gif HTTP/1.1" 200 6797 "http://www.nosza.hu/kutat/REVkutatas/3gazdalkodas/index.html" "Mozilla/5.0 (Linux; Android 12; SAMSUNG SM-G973F) AppleWebKit/537.36 (KHTML, like Gecko) SamsungBrowser/20.0 Chrome/106.0.5249.126 Mobile Safari/537.36"
89.135.119.219 - - [20/Mar/2023:13:48:40 +0100] "GET /kutat/REVkutatas/3gazdalkodas/index.html HTTP/1.1" 200 88137 "https://www.google.com/" "Mozilla/5.0 (Linux; Android 12; SAMSUNG SM-G973F) AppleWebKit/537.36 (KHTML, like Gecko) SamsungBrowser/20.0 Chrome/106.0.5249.126 Mobile Safari/537.36"
89.135.119.219 - - [20/Mar/2023:13:48:40 +0100] "GET /graphics/galas.gif HTTP/1.1" 200 913 "http://www.nosza.hu/kutat/REVkutatas/3gazdalkodas/index.html" "Mozilla/5.0 (Linux; Android 12; SAMSUNG SM-G973F) AppleWebKit/537.36 (KHTML, like Gecko) SamsungBrowser/20.0 Chrome/106.0.5249.126 Mobile Safari/537.36"
89.135.119.219 - - [20/Mar/2023:13:48:41 +0100] "GET /favicon.ico HTTP/1.1" 404 1181 "http://www.nosza.hu/kutat/REVkutatas/3gazdalkodas/index.html" "Mozilla/5.0 (Linux; Android 12; SAMSUNG SM-G973F) AppleWebKit/537.36 (KHTML, like Gecko) SamsungBrowser/20.0 Chrome/106.0.5249.126 Mobile Safari/537.36"
86.59.190.69 - - [20/Mar/2023:14:03:32 +0100] "GET /kutat/REVkutatas/3gazdalkodas/index.html HTTP/1.1" 200 88137 "https://www.google.com/" "Mozilla/5.0 (Windows NT 10.0; Win64; x64) AppleWebKit/537.36 (KHTML, like Gecko) Chrome/111.0.0.0 Safari/537.36"
86.59.190.69 - - [20/Mar/2023:14:03:33 +0100] "GET /galateia.css HTTP/1.1" 200 1717 "http://www.nosza.hu/kutat/REVkutatas/3gazdalkodas/index.html" "Mozilla/5.0 (Windows NT 10.0; Win64; x64) AppleWebKit/537.36 (KHTML, like Gecko) Chrome/111.0.0.0 Safari/537.36"
86.59.190.69 - - [20/Mar/2023:14:03:33 +0100] "GET /graphics/noszalogo.gif HTTP/1.1" 200 6797 "http://www.nosza.hu/kutat/REVkutatas/3gazdalkodas/index.html" "Mozilla/5.0 (Windows NT 10.0; Win64; x64) AppleWebKit/537.36 (KHTML, like Gecko) Chrome/111.0.0.0 Safari/537.36"
86.59.190.69 - - [20/Mar/2023:14:03:33 +0100] "GET /graphics/galas.gif HTTP/1.1" 200 913 "http://www.nosza.hu/kutat/REVkutatas/3gazdalkodas/index.html" "Mozilla/5.0 (Windows NT 10.0; Win64; x64) AppleWebKit/537.36 (KHTML, like Gecko) Chrome/111.0.0.0 Safari/537.36"
86.59.190.69 - - [20/Mar/2023:14:03:33 +0100] "GET /favicon.ico HTTP/1.1" 404 1181 "http://www.nosza.hu/kutat/REVkutatas/3gazdalkodas/index.html" "Mozilla/5.0 (Windows NT 10.0; Win64; x64) AppleWebKit/537.36 (KHTML, like Gecko) Chrome/111.0.0.0 Safari/537.36"
212.237.23.143 - - [20/Mar/2023:14:04:28 +0100] "HEAD / HTTP/1.1" 200 0 "-" "Alert_Alligator_webmonitoring_service_1.6.4_(alertalligator.com)"
216.244.66.229 - - [20/Mar/2023:14:05:13 +0100] "GET /robots.txt HTTP/1.1" 404 1181 "-" "Mozilla/5.0 (compatible; DotBot/1.2; +https://opensiteexplorer.org/dotbot; help@moz.com)"
216.244.66.229 - - [20/Mar/2023:14:09:55 +0100] "GET /new/hirek/2019?page=1 HTTP/1.1" 200 14140 "-" "Mozilla/5.0 (compatible; DotBot/1.2; +https://opensiteexplorer.org/dotbot; help@moz.com)"
64.124.8.29 - - [20/Mar/2023:14:19:58 +0100] "GET /partnereink/images/teszt_001.jpg HTTP/1.1" 304 - "-" "Mozilla/5.0 (Macintosh; Intel Mac OS X 10_15_7) AppleWebKit/537.36 (KHTML, like Gecko) Chrome/107.0.0.0 Safari/537.36"
64.124.8.29 - - [20/Mar/2023:14:20:30 +0100] "GET /new/sites/default/files/avatar-onlight_1.png HTTP/1.1" 304 - "-" "Mozilla/5.0 (Macintosh; Intel Mac OS X 10_15_7) AppleWebKit/537.36 (KHTML, like Gecko) Chrome/107.0.0.0 Safari/537.36"
209.126.151.120 - - [20/Mar/2023:14:23:19 +0100] "HEAD / HTTP/1.1" 200 0 "-" "bitdiscovery"
209.126.151.120 - - [20/Mar/2023:14:23:22 +0100] "GET / HTTP/1.1" 200 1010 "-" "bitdiscovery"
209.126.151.120 - - [20/Mar/2023:14:23:28 +0100] "GET /new/ HTTP/1.1" 200 10256 "http://nosza.hu/" "bitdiscovery"
209.126.151.120 - - [20/Mar/2023:14:23:30 +0100] "GET /new/modules/filefield/filefield.css?l HTTP/1.1" 200 1986 "http://www.nosza.hu/new/" "bitdiscovery"
209.126.151.125 - - [20/Mar/2023:14:23:38 +0100] "HEAD / HTTP/1.1" 200 0 "-" "bitdiscovery"
209.126.151.125 - - [20/Mar/2023:14:23:42 +0100] "GET / HTTP/1.1" 200 1010 "-" "bitdiscovery"
209.126.151.125 - - [20/Mar/2023:14:23:46 +0100] "GET /new/ HTTP/1.1" 200 10256 "http://nosza.hu/" "bitdiscovery"
209.126.151.125 - - [20/Mar/2023:14:23:48 +0100] "GET /new/modules/filefield/filefield.css?l HTTP/1.1" 200 1986 "http://www.nosza.hu/new/" "bitdiscovery"
209.126.151.121 - - [20/Mar/2023:14:23:48 +0100] "HEAD / HTTP/1.1" 200 0 "-" "bitdiscovery"
209.126.151.121 - - [20/Mar/2023:14:23:51 +0100] "GET / HTTP/1.1" 200 1010 "-" "bitdiscovery"
13.57.18.54 - - [20/Mar/2023:14:23:53 +0100] "HEAD / HTTP/1.1" 200 0 "-" "bitdiscovery"
13.57.18.54 - - [20/Mar/2023:14:23:53 +0100] "GET / HTTP/1.1" 200 1010 "-" "bitdiscovery"
209.126.151.121 - - [20/Mar/2023:14:23:55 +0100] "GET /new/ HTTP/1.1" 200 10256 "http://nosza.hu/" "bitdiscovery"
13.57.18.54 - - [20/Mar/2023:14:23:55 +0100] "GET /new/ HTTP/1.1" 200 10256 "http://nosza.hu/" "bitdiscovery"
13.57.18.54 - - [20/Mar/2023:14:23:55 +0100] "GET /new/modules/filefield/filefield.css?l HTTP/1.1" 200 1986 "http://www.nosza.hu/new/" "bitdiscovery"
209.126.151.117 - - [20/Mar/2023:14:23:56 +0100] "HEAD / HTTP/1.1" 200 0 "-" "bitdiscovery"
209.126.151.117 - - [20/Mar/2023:14:23:56 +0100] "GET / HTTP/1.1" 200 1010 "-" "bitdiscovery"
209.126.151.117 - - [20/Mar/2023:14:23:58 +0100] "GET /new/ HTTP/1.1" 200 10256 "http://nosza.hu/" "bitdiscovery"
209.126.151.117 - - [20/Mar/2023:14:23:58 +0100] "GET /new/modules/filefield/filefield.css?l HTTP/1.1" 200 1986 "http://www.nosza.hu/new/" "bitdiscovery"
108.199.249.100 - - [20/Mar/2023:14:28:44 +0100] "GET /aktualis/1gyikNCA/palyazat/index.html HTTP/1.1" 200 26866 "https://www.bing.com/" "Mozilla/5.0 (Windows NT 6.3; Win64; x64) AppleWebKit/537.36 (KHTML, like Gecko) Chrome/108.0.0.0 Safari/537.36"
108.199.249.100 - - [20/Mar/2023:14:28:47 +0100] "GET /galateia.css HTTP/1.1" 200 1717 "http://www.nosza.hu/aktualis/1gyikNCA/palyazat/index.html" "Mozilla/5.0 (Windows NT 6.3; Win64; x64) AppleWebKit/537.36 (KHTML, like Gecko) Chrome/108.0.0.0 Safari/537.36"
108.199.249.100 - - [20/Mar/2023:14:28:47 +0100] "GET /graphics/galas.gif HTTP/1.1" 200 913 "http://www.nosza.hu/aktualis/1gyikNCA/palyazat/index.html" "Mozilla/5.0 (Windows NT 6.3; Win64; x64) AppleWebKit/537.36 (KHTML, like Gecko) Chrome/108.0.0.0 Safari/537.36"
108.199.249.100 - - [20/Mar/2023:14:28:47 +0100] "GET /graphics/noszalogo.gif HTTP/1.1" 200 6797 "http://www.nosza.hu/aktualis/1gyikNCA/palyazat/index.html" "Mozilla/5.0 (Windows NT 6.3; Win64; x64) AppleWebKit/537.36 (KHTML, like Gecko) Chrome/108.0.0.0 Safari/537.36"
108.199.249.100 - - [20/Mar/2023:14:28:49 +0100] "GET /favicon.ico HTTP/1.1" 404 1181 "http://www.nosza.hu/aktualis/1gyikNCA/palyazat/index.html" "Mozilla/5.0 (Windows NT 6.3; Win64; x64) AppleWebKit/537.36 (KHTML, like Gecko) Chrome/108.0.0.0 Safari/537.36"
195.228.143.194 - - [20/Mar/2023:14:40:15 +0100] "GET /kutat/REVkutatas/3gazdalkodas/index.html HTTP/1.1" 200 88137 "https://www.google.com/" "Mozilla/5.0 (Windows NT 10.0; Win64; x64; rv:109.0) Gecko/20100101 Firefox/111.0"
195.228.143.194 - - [20/Mar/2023:14:40:15 +0100] "GET /galateia.css HTTP/1.1" 200 1717 "http://www.nosza.hu/kutat/REVkutatas/3gazdalkodas/index.html" "Mozilla/5.0 (Windows NT 10.0; Win64; x64; rv:109.0) Gecko/20100101 Firefox/111.0"
195.228.143.194 - - [20/Mar/2023:14:40:15 +0100] "GET /graphics/noszalogo.gif HTTP/1.1" 200 6797 "http://www.nosza.hu/kutat/REVkutatas/3gazdalkodas/index.html" "Mozilla/5.0 (Windows NT 10.0; Win64; x64; rv:109.0) Gecko/20100101 Firefox/111.0"
195.228.143.194 - - [20/Mar/2023:14:40:15 +0100] "GET /graphics/galas.gif HTTP/1.1" 200 913 "http://www.nosza.hu/kutat/REVkutatas/3gazdalkodas/index.html" "Mozilla/5.0 (Windows NT 10.0; Win64; x64; rv:109.0) Gecko/20100101 Firefox/111.0"
195.228.143.194 - - [20/Mar/2023:14:40:15 +0100] "GET /favicon.ico HTTP/1.1" 404 1181 "http://www.nosza.hu/kutat/REVkutatas/3gazdalkodas/index.html" "Mozilla/5.0 (Windows NT 10.0; Win64; x64; rv:109.0) Gecko/20100101 Firefox/111.0"
45.141.215.199 - - [20/Mar/2023:14:46:35 +0100] "POST /ALFA_DATA/alfacgiapi/perl.alfa HTTP/1.1" 404 1181 "www.google.com" "Mozlila/5.0 (Linux; Android 7.0; SM-G892A Bulid/NRD90M; wv) AppleWebKit/537.36 (KHTML, like Gecko) Version/4.0 Chrome/60.0.3112.107 Moblie Safari/537.36"
45.141.215.199 - - [20/Mar/2023:14:46:35 +0100] "POST /wp-plain.php HTTP/1.1" 404 1181 "www.google.com" "Mozilla/5.0 (Linux; Android 7.0; SM-G892A Bulid/NRD90M; wv) AppleWebKit/537.36 (KHTML, like Gecko) Version/4.0 Chrome/60.0.3112.107 Moblie Safari/537.36"
45.141.215.199 - - [20/Mar/2023:14:46:35 +0100] "GET / HTTP/1.1" 200 1010 "-" "Mozlila/5.0 (Linux; Android 7.0; SM-G892A Bulid/NRD90M; wv) AppleWebKit/537.36 (KHTML, like Gecko) Version/4.0 Chrome/60.0.3112.107 Moblie Safari/537.36"
45.141.215.199 - - [20/Mar/2023:14:46:35 +0100] "POST /alfacgiapi/perl.alfa HTTP/1.1" 404 1181 "www.google.com" "Mozlila/5.0 (Linux; Android 7.0; SM-G892A Bulid/NRD90M; wv) AppleWebKit/537.36 (KHTML, like Gecko) Version/4.0 Chrome/60.0.3112.107 Moblie Safari/537.36"
45.141.215.199 - - [20/Mar/2023:14:46:35 +0100] "GET /hiaxsiym.php?Fox=d3wL7 HTTP/1.1" 404 1181 "www.google.com" "Mozilla/5.0 (Linux; Android 7.0; SM-G892A Bulid/NRD90M; wv) AppleWebKit/537.36 (KHTML, like Gecko) Version/4.0 Chrome/60.0.3112.107 Moblie Safari/537.36"
216.244.66.229 - - [20/Mar/2023:14:52:11 +0100] "GET /robots.txt HTTP/1.1" 404 1181 "-" "Mozilla/5.0 (compatible; DotBot/1.2; +https://opensiteexplorer.org/dotbot; help@moz.com)"
216.244.66.229 - - [20/Mar/2023:14:54:38 +0100] "GET /new/magunkrol/publikaciok HTTP/1.1" 200 9971 "-" "Mozilla/5.0 (compatible; DotBot/1.2; +https://opensiteexplorer.org/dotbot; help@moz.com)"
49.12.13.109 - - [20/Mar/2023:15:03:34 +0100] "HEAD / HTTP/1.1" 200 0 "-" "Alert_Alligator_webmonitoring_service_1.6.3_(alertalligator.com)"
77.75.79.31 - - [20/Mar/2023:15:04:06 +0100] "GET /new/sites/default/files/bulgarian%20final.pdf HTTP/1.1" 304 - "-" "Mozilla/5.0 (compatible; SeznamBot/4.0-RC1; +http://napoveda.seznam.cz/seznambot-intro/)"
54.36.148.173 - - [20/Mar/2023:15:21:38 +0100] "GET /aktualis/012autopalya/index.html HTTP/1.1" 200 7450 "-" "Mozilla/5.0 (compatible; AhrefsBot/7.0; +http://ahrefs.com/robot/)"
77.75.79.119 - - [20/Mar/2023:15:34:15 +0100] "GET /new/en/news/frequently-asked-questions HTTP/1.1" 200 8128 "-" "Mozilla/5.0 (compatible; SeznamBot/4.0-RC1; +http://napoveda.seznam.cz/seznambot-intro/)"
88.87.245.43 - - [20/Mar/2023:15:49:19 +0100] "GET /kutat/REVkutatas/3gazdalkodas/index.html HTTP/1.1" 200 88137 "https://www.google.com/" "Mozilla/5.0 (Windows NT 10.0; Win64; x64) AppleWebKit/537.36 (KHTML, like Gecko) Chrome/111.0.0.0 Safari/537.36"
88.87.245.43 - - [20/Mar/2023:15:49:19 +0100] "GET /galateia.css HTTP/1.1" 200 1717 "http://www.nosza.hu/kutat/REVkutatas/3gazdalkodas/index.html" "Mozilla/5.0 (Windows NT 10.0; Win64; x64) AppleWebKit/537.36 (KHTML, like Gecko) Chrome/111.0.0.0 Safari/537.36"
88.87.245.43 - - [20/Mar/2023:15:49:19 +0100] "GET /graphics/noszalogo.gif HTTP/1.1" 200 6797 "http://www.nosza.hu/kutat/REVkutatas/3gazdalkodas/index.html" "Mozilla/5.0 (Windows NT 10.0; Win64; x64) AppleWebKit/537.36 (KHTML, like Gecko) Chrome/111.0.0.0 Safari/537.36"
88.87.245.43 - - [20/Mar/2023:15:49:19 +0100] "GET /graphics/galas.gif HTTP/1.1" 200 913 "http://www.nosza.hu/kutat/REVkutatas/3gazdalkodas/index.html" "Mozilla/5.0 (Windows NT 10.0; Win64; x64) AppleWebKit/537.36 (KHTML, like Gecko) Chrome/111.0.0.0 Safari/537.36"
88.87.245.43 - - [20/Mar/2023:15:49:20 +0100] "GET /favicon.ico HTTP/1.1" 404 1181 "http://www.nosza.hu/kutat/REVkutatas/3gazdalkodas/index.html" "Mozilla/5.0 (Windows NT 10.0; Win64; x64) AppleWebKit/537.36 (KHTML, like Gecko) Chrome/111.0.0.0 Safari/537.36"
212.237.53.115 - - [20/Mar/2023:15:57:53 +0100] "HEAD / HTTP/1.1" 200 0 "-" "Alert_Alligator_webmonitoring_service_1.6.4_(alertalligator.com)"
66.249.64.131 - - [20/Mar/2023:16:00:12 +0100] "GET /robots.txt HTTP/1.1" 404 1181 "-" "Mozilla/5.0 (compatible; Googlebot/2.1; +http://www.google.com/bot.html)"
66.249.64.131 - - [20/Mar/2023:16:00:12 +0100] "GET / HTTP/1.1" 200 1010 "-" "Mozilla/5.0 (Linux; Android 6.0.1; Nexus 5X Build/MMB29P) AppleWebKit/537.36 (KHTML, like Gecko) Chrome/111.0.5563.64 Mobile Safari/537.36 (compatible; Googlebot/2.1; +http://www.google.com/bot.html)"
15.235.15.135 - - [20/Mar/2023:16:07:09 +0100] "GET / HTTP/1.1" 200 1010 "-" "-"
216.244.66.229 - - [20/Mar/2023:16:26:01 +0100] "GET /robots.txt HTTP/1.1" 404 1181 "-" "Mozilla/5.0 (compatible; DotBot/1.2; +https://opensiteexplorer.org/dotbot; help@moz.com)"
216.244.66.229 - - [20/Mar/2023:16:31:33 +0100] "GET /new/node/98 HTTP/1.1" 200 7881 "-" "Mozilla/5.0 (compatible; DotBot/1.2; +https://opensiteexplorer.org/dotbot; help@moz.com)"
212.237.51.151 - - [20/Mar/2023:16:37:46 +0100] "HEAD / HTTP/1.1" 200 0 "-" "Alert_Alligator_webmonitoring_service_1.6.4_(alertalligator.com)"
5.255.231.50 - - [20/Mar/2023:16:38:00 +0100] "GET /robots.txt HTTP/1.1" 404 1181 "-" "Mozilla/5.0 (compatible; YandexBot/3.0; +http://yandex.com/bots)"
5.255.231.181 - - [20/Mar/2023:16:38:02 +0100] "GET /new/en/ HTTP/1.1" 200 9248 "-" "Mozilla/5.0 (compatible; YandexBot/3.0; +http://yandex.com/bots)"
54.36.148.234 - - [20/Mar/2023:16:58:33 +0100] "GET /konferenciak/07egszbbesz/07egszbpr/index.html HTTP/1.1" 200 13538 "-" "Mozilla/5.0 (compatible; AhrefsBot/7.0; +http://ahrefs.com/robot/)"
77.75.79.31 - - [20/Mar/2023:17:19:07 +0100] "GET /new/en/news/training-materials-support-csos HTTP/1.1" 200 8120 "-" "Mozilla/5.0 (compatible; SeznamBot/4.0-RC1; +http://napoveda.seznam.cz/seznambot-intro/)"
212.237.53.115 - - [20/Mar/2023:17:34:15 +0100] "HEAD / HTTP/1.1" 200 0 "-" "Alert_Alligator_webmonitoring_service_1.6.4_(alertalligator.com)"
216.244.66.229 - - [20/Mar/2023:17:59:55 +0100] "GET /robots.txt HTTP/1.1" 404 1181 "-" "Mozilla/5.0 (compatible; DotBot/1.2; +https://opensiteexplorer.org/dotbot; help@moz.com)"
216.244.66.229 - - [20/Mar/2023:18:02:24 +0100] "GET /new/projektek/dossziek HTTP/1.1" 200 8401 "-" "Mozilla/5.0 (compatible; DotBot/1.2; +https://opensiteexplorer.org/dotbot; help@moz.com)"
66.249.64.138 - - [20/Mar/2023:18:16:32 +0100] "GET /new/publikaciok/2009 HTTP/1.1" 200 9172 "-" "Mozilla/5.0 (Linux; Android 6.0.1; Nexus 5X Build/MMB29P) AppleWebKit/537.36 (KHTML, like Gecko) Chrome/111.0.5563.64 Mobile Safari/537.36 (compatible; Googlebot/2.1; +http://www.google.com/bot.html)"
212.237.51.151 - - [20/Mar/2023:18:17:23 +0100] "HEAD / HTTP/1.1" 200 0 "-" "Alert_Alligator_webmonitoring_service_1.6.4_(alertalligator.com)"
77.75.77.119 - - [20/Mar/2023:18:24:26 +0100] "GET /new/en/news/association-laws-and-operation HTTP/1.1" 200 8093 "-" "Mozilla/5.0 (compatible; SeznamBot/4.0-RC1; +http://napoveda.seznam.cz/seznambot-intro/)"
54.36.149.20 - - [20/Mar/2023:18:29:19 +0100] "GET / HTTP/1.1" 200 1010 "-" "Mozilla/5.0 (compatible; AhrefsBot/7.0; +http://ahrefs.com/robot/)"
216.244.66.229 - - [20/Mar/2023:18:47:12 +0100] "GET /robots.txt HTTP/1.1" 404 1181 "-" "Mozilla/5.0 (compatible; DotBot/1.2; +https://opensiteexplorer.org/dotbot; help@moz.com)"
216.244.66.229 - - [20/Mar/2023:18:55:17 +0100] "GET /new/dossziek/szolg%C3%A1ltat%C3%B3-civilek HTTP/1.1" 200 9174 "-" "Mozilla/5.0 (compatible; DotBot/1.2; +https://opensiteexplorer.org/dotbot; help@moz.com)"
49.12.13.109 - - [20/Mar/2023:19:16:28 +0100] "HEAD / HTTP/1.1" 200 0 "-" "Alert_Alligator_webmonitoring_service_1.6.3_(alertalligator.com)"
34.79.114.255 - - [20/Mar/2023:19:23:42 +0100] "GET / HTTP/1.1" 200 1010 "-" "Mozilla/5.0 (Windows NT 10.0; Win64; x64) AppleWebKit/537.36 (KHTML, like Gecko) Chrome/84.0.4147.105 Safari/537.36"
216.244.66.229 - - [20/Mar/2023:19:33:52 +0100] "GET /robots.txt HTTP/1.1" 404 1181 "-" "Mozilla/5.0 (compatible; DotBot/1.2; +https://opensiteexplorer.org/dotbot; help@moz.com)"
114.119.140.56 - - [20/Mar/2023:19:34:31 +0100] "GET /robots.txt HTTP/1.1" 404 1181 "-" "Mozilla/5.0 (compatible;PetalBot;+https://webmaster.petalsearch.com/site/petalbot)"
216.244.66.229 - - [20/Mar/2023:19:36:17 +0100] "GET /new/en/contact_us HTTP/1.1" 200 7267 "-" "Mozilla/5.0 (compatible; DotBot/1.2; +https://opensiteexplorer.org/dotbot; help@moz.com)"
66.249.70.168 - - [20/Mar/2023:19:59:33 +0100] "GET /robots.txt HTTP/1.1" 404 1181 "-" "Mozilla/5.0 (compatible; Googlebot/2.1; +http://www.google.com/bot.html)"
66.249.70.166 - - [20/Mar/2023:19:59:33 +0100] "GET /3kutat/REVkutatas/4projektek/index.html HTTP/1.1" 304 - "-" "Mozilla/5.0 (Linux; Android 6.0.1; Nexus 5X Build/MMB29P) AppleWebKit/537.36 (KHTML, like Gecko) Chrome/111.0.5563.64 Mobile Safari/537.36 (compatible; Googlebot/2.1; +http://www.google.com/bot.html)"
51.222.253.16 - - [20/Mar/2023:20:05:09 +0100] "GET /robots.txt HTTP/1.1" 404 1181 "-" "Mozilla/5.0 (compatible; AhrefsBot/7.0; +http://ahrefs.com/robot/)"
54.36.149.3 - - [20/Mar/2023:20:05:11 +0100] "GET / HTTP/1.1" 200 1010 "-" "Mozilla/5.0 (compatible; AhrefsBot/7.0; +http://ahrefs.com/robot/)"
212.237.23.143 - - [20/Mar/2023:20:09:13 +0100] "HEAD / HTTP/1.1" 200 0 "-" "Alert_Alligator_webmonitoring_service_1.6.4_(alertalligator.com)"
114.236.2.192 - - [20/Mar/2023:20:11:17 +0100] "GET /new/content/civil-szervezet-%E2%80%93-t%C3%A1rsadalmi-szervezet-%E2%80%93-civil-t%C3%A1rsas%C3%A1g-az-%C3%BAj-civil-t%C3%B6rv%C3%A9ny-fogalmi-%C3%BAj%C3%ADt%C3%A1sai HTTP/1.1" 200 18521 "-" "Mozilla/5.0 (Windows NT 6.1; Win64; x64) AppleWebKit/537.36 (KHTML, like Gecko) Chrome/73.0.3683.75 Safari/537.36"
222.188.34.161 - - [20/Mar/2023:20:11:22 +0100] "GET /new/elerhetoseg HTTP/1.1" 200 8052 "-" "Mozilla/5.0 (Windows NT 6.1; Win64; x64) AppleWebKit/537.36 (KHTML, like Gecko) Chrome/73.0.3683.75 Safari/537.36"
106.111.183.25 - - [20/Mar/2023:20:11:31 +0100] "GET /new/ HTTP/1.1" 200 10256 "-" "Mozilla/5.0 (Windows NT 6.1; Win64; x64) AppleWebKit/537.36 (KHTML, like Gecko) Chrome/73.0.3683.75 Safari/537.36"
216.244.66.229 - - [20/Mar/2023:20:20:09 +0100] "GET /robots.txt HTTP/1.1" 404 1181 "-" "Mozilla/5.0 (compatible; DotBot/1.2; +https://opensiteexplorer.org/dotbot; help@moz.com)"
216.244.66.229 - - [20/Mar/2023:20:23:23 +0100] "GET /new/projektek/m%C5%B1k%C3%B6d%C3%A9si-p%C3%A1ly%C3%A1zat-2015-2016 HTTP/1.1" 200 12262 "-" "Mozilla/5.0 (compatible; DotBot/1.2; +https://opensiteexplorer.org/dotbot; help@moz.com)"
205.210.31.36 - - [20/Mar/2023:20:24:24 +0100] "GET / HTTP/1.1" 200 1010 "-" "Expanse, a Palo Alto Networks company, searches across the global IPv4 space multiple times per day to identify customers' presences on the Internet. If you would like to be excluded from our scans, please send IP addresses/domains to: scaninfo@paloaltonetworks.com"
49.12.13.109 - - [20/Mar/2023:20:36:51 +0100] "HEAD / HTTP/1.1" 200 0 "-" "Alert_Alligator_webmonitoring_service_1.6.4_(alertalligator.com)"
173.212.211.42 - - [20/Mar/2023:20:37:53 +0100] "GET / HTTP/1.1" 206 1010 "-" "Mozilla/5.0 (Windows NT 10.0; Win64; x64) AppleWebKit/537.36 (KHTML, like Gecko) Chrome/92.0.4515.131 Safari/537.36"
66.249.64.131 - - [20/Mar/2023:20:44:33 +0100] "GET /kutat/REVkutatas/5PR/ HTTP/1.1" 200 49876 "-" "Mozilla/5.0 (Linux; Android 6.0.1; Nexus 5X Build/MMB29P) AppleWebKit/537.36 (KHTML, like Gecko) Chrome/111.0.5563.64 Mobile Safari/537.36 (compatible; Googlebot/2.1; +http://www.google.com/bot.html)"
64.124.8.51 - - [20/Mar/2023:20:51:31 +0100] "GET /3kutat/images/kutatas_2005_001.jpg HTTP/1.1" 304 - "-" "Mozilla/5.0 (Macintosh; Intel Mac OS X 10_15_7) AppleWebKit/537.36 (KHTML, like Gecko) Chrome/107.0.0.0 Safari/537.36"
66.249.70.166 - - [20/Mar/2023:20:51:34 +0100] "GET /3kutat/REVkutatas/5PR/index.html HTTP/1.1" 200 50021 "-" "Mozilla/5.0 (Linux; Android 6.0.1; Nexus 5X Build/MMB29P) AppleWebKit/537.36 (KHTML, like Gecko) Chrome/111.0.5563.64 Mobile Safari/537.36 (compatible; Googlebot/2.1; +http://www.google.com/bot.html)"
216.244.66.229 - - [20/Mar/2023:21:06:19 +0100] "GET /robots.txt HTTP/1.1" 404 1181 "-" "Mozilla/5.0 (compatible; DotBot/1.2; +https://opensiteexplorer.org/dotbot; help@moz.com)"
216.244.66.229 - - [20/Mar/2023:21:17:17 +0100] "GET /new/dossziek/dr-b%C3%ADr%C3%B3-endre-kcr-dimenzi%C3%B3-civil-r%C3%A9szv%C3%A9tel-jogi-akad%C3%A1lyai-k%C3%B6zfeladatok-ell%C3%A1t%C3%A1s%C3%A1ban HTTP/1.1" 200 7945 "-" "Mozilla/5.0 (compatible; DotBot/1.2; +https://opensiteexplorer.org/dotbot; help@moz.com)"
212.237.53.115 - - [20/Mar/2023:21:28:43 +0100] "HEAD / HTTP/1.1" 200 0 "-" "Alert_Alligator_webmonitoring_service_1.6.4_(alertalligator.com)"
66.249.64.131 - - [20/Mar/2023:21:35:58 +0100] "GET / HTTP/1.1" 200 1010 "-" "Mozilla/5.0 (compatible; Googlebot/2.1; +http://www.google.com/bot.html)"
5.255.231.140 - - [20/Mar/2023:22:05:56 +0100] "GET /robots.txt HTTP/1.1" 404 1181 "-" "Mozilla/5.0 (compatible; YandexBot/3.0; +http://yandex.com/bots)"
95.108.213.225 - - [20/Mar/2023:22:05:58 +0100] "GET /new/en/news/training-materials-support-csos HTTP/1.1" 200 8120 "-" "Mozilla/5.0 (compatible; YandexBot/3.0; +http://yandex.com/bots)"
212.237.23.143 - - [20/Mar/2023:22:17:35 +0100] "HEAD / HTTP/1.1" 200 0 "-" "Alert_Alligator_webmonitoring_service_1.6.4_(alertalligator.com)"
64.124.8.31 - - [20/Mar/2023:22:18:30 +0100] "GET /aktualis/011onk/images/Onkentestorveny_001.jpg HTTP/1.1" 304 - "-" "Mozilla/5.0 (Macintosh; Intel Mac OS X 10_15_7) AppleWebKit/537.36 (KHTML, like Gecko) Chrome/107.0.0.0 Safari/537.36"
54.36.148.17 - - [20/Mar/2023:22:24:45 +0100] "GET /new/magunkrol/partnereink HTTP/1.1" 200 11570 "-" "Mozilla/5.0 (compatible; AhrefsBot/7.0; +http://ahrefs.com/robot/)"
52.167.144.90 - - [20/Mar/2023:22:39:10 +0100] "GET / HTTP/1.1" 200 1010 "-" "Mozilla/5.0 AppleWebKit/537.36 (KHTML, like Gecko; compatible; bingbot/2.0; +http://www.bing.com/bingbot.htm) Chrome/103.0.5060.134 Safari/537.36"
77.75.79.31 - - [20/Mar/2023:22:47:42 +0100] "GET /robots.txt HTTP/1.1" 404 1181 "-" "Mozilla/5.0 (compatible; SeznamBot/4.0-RC1; +http://napoveda.seznam.cz/seznambot-intro/)"
77.75.79.31 - - [20/Mar/2023:22:47:43 +0100] "GET /new/en/news/major-legal-developments-affecting-csos-2017-0 HTTP/1.1" 200 8277 "-" "Mozilla/5.0 (compatible; SeznamBot/4.0-RC1; +http://napoveda.seznam.cz/seznambot-intro/)"
212.237.51.151 - - [20/Mar/2023:22:57:39 +0100] "HEAD / HTTP/1.1" 200 0 "-" "Alert_Alligator_webmonitoring_service_1.6.4_(alertalligator.com)"
54.36.148.73 - - [20/Mar/2023:23:11:53 +0100] "GET /halozatok/JMCS/mukodes/index.html HTTP/1.1" 200 10352 "-" "Mozilla/5.0 (compatible; AhrefsBot/7.0; +http://ahrefs.com/robot/)"
13.38.69.223 - - [20/Mar/2023:23:50:18 +0100] "GET / HTTP/1.1" 200 1010 "-" "Java/1.6.0_04"
212.237.23.143 - - [20/Mar/2023:23:50:34 +0100] "HEAD / HTTP/1.1" 200 0 "-" "Alert_Alligator_webmonitoring_service_1.6.4_(alertalligator.com)"
52.167.144.34 - - [21/Mar/2023:00:08:55 +0100] "GET /aktualis/1gyikNCA/palyazat/index.html HTTP/1.1" 200 26866 "-" "Mozilla/5.0 AppleWebKit/537.36 (KHTML, like Gecko; compatible; bingbot/2.0; +http://www.bing.com/bingbot.htm) Chrome/103.0.5060.134 Safari/537.36"
54.36.148.193 - - [21/Mar/2023:00:16:07 +0100] "GET /robots.txt HTTP/1.1" 404 1181 "-" "Mozilla/5.0 (compatible; AhrefsBot/7.0; +http://ahrefs.com/robot/)"
216.244.66.229 - - [21/Mar/2023:00:19:02 +0100] "GET /robots.txt HTTP/1.1" 404 1181 "-" "Mozilla/5.0 (compatible; DotBot/1.2; +https://opensiteexplorer.org/dotbot; help@moz.com)"
216.244.66.229 - - [21/Mar/2023:00:22:32 +0100] "GET /new/dossziek HTTP/1.1" 200 9972 "-" "Mozilla/5.0 (compatible; DotBot/1.2; +https://opensiteexplorer.org/dotbot; help@moz.com)"
216.244.66.229 - - [21/Mar/2023:00:30:19 +0100] "GET /new/hirek/2010?page=1 HTTP/1.1" 200 14140 "-" "Mozilla/5.0 (compatible; DotBot/1.2; +https://opensiteexplorer.org/dotbot; help@moz.com)"
20.7.173.73 - - [21/Mar/2023:00:37:35 +0100] "GET /.env HTTP/1.1" 404 1181 "-" "Python/3.11 aiohttp/3.8.3"
49.12.13.109 - - [21/Mar/2023:00:49:56 +0100] "HEAD / HTTP/1.1" 200 0 "-" "Alert_Alligator_webmonitoring_service_1.6.3_(alertalligator.com)"
54.36.148.200 - - [21/Mar/2023:01:09:23 +0100] "GET /halozatok/JMCS/tagok/index.html HTTP/1.1" 200 65034 "-" "Mozilla/5.0 (compatible; AhrefsBot/7.0; +http://ahrefs.com/robot/)"
54.36.148.21 - - [21/Mar/2023:01:09:25 +0100] "GET /graphics/noszalogo.gif HTTP/1.1" 200 6797 "-" "Mozilla/5.0 (compatible; AhrefsBot/7.0; +http://ahrefs.com/robot/)"
54.36.148.209 - - [21/Mar/2023:01:09:25 +0100] "GET /galateia.css HTTP/1.1" 200 1717 "-" "Mozilla/5.0 (compatible; AhrefsBot/7.0; +http://ahrefs.com/robot/)"
20.7.173.73 - - [21/Mar/2023:01:12:43 +0100] "POST / HTTP/1.1" 405 1174 "-" "Python/3.11 aiohttp/3.8.3"
212.237.51.151 - - [21/Mar/2023:01:31:13 +0100] "HEAD / HTTP/1.1" 200 0 "-" "Alert_Alligator_webmonitoring_service_1.6.4_(alertalligator.com)"
34.213.229.217 - - [21/Mar/2023:01:37:02 +0100] "GET / HTTP/1.1" 200 1010 "-" "Mozilla/5.0 (X11; Linux x86_64) AppleWebKit/537.36 (KHTML, like Gecko) Chrome/83.0.4103.97 Safari/537.36"
91.233.21.70 - - [21/Mar/2023:01:45:35 +0100] "GET /.well-known/pki-validation/80029D7339C92DA59EB89B4D1D74884E.txt HTTP/1.1" 404 1181 "-" "COMODO DCV"
91.233.21.70 - - [21/Mar/2023:01:45:35 +0100] "GET /.well-known/pki-validation/81CB24D87FB89FB4E15B0F0ED2845C4D.txt HTTP/1.1" 404 1181 "-" "COMODO DCV"
34.221.57.59 - - [21/Mar/2023:01:53:17 +0100] "GET /favicon.ico HTTP/1.1" 404 1181 "-" "Mozilla/5.0 (X11; Linux x86_64) AppleWebKit/537.36 (KHTML, like Gecko) Chrome/83.0.4103.97 Safari/537.36"
34.221.57.59 - - [21/Mar/2023:01:53:18 +0100] "GET / HTTP/1.1" 200 1010 "-" "Mozilla/5.0 (X11; Linux x86_64) AppleWebKit/537.36 (KHTML, like Gecko) Chrome/83.0.4103.97 Safari/537.36"
77.75.79.31 - - [21/Mar/2023:02:16:27 +0100] "GET /angol/followup/index.html HTTP/1.1" 200 9852 "-" "Mozilla/5.0 (compatible; SeznamBot/4.0-RC1; +http://napoveda.seznam.cz/seznambot-intro/)"
49.12.13.109 - - [21/Mar/2023:02:31:11 +0100] "HEAD / HTTP/1.1" 200 0 "-" "Alert_Alligator_webmonitoring_service_1.6.3_(alertalligator.com)"
54.36.148.9 - - [21/Mar/2023:02:37:20 +0100] "GET /new/publikaciok/szabads%C3%A1gjogok-%C3%A9s-radik%C3%A1lis-mozgalmak-k%C3%B6z%C3%A9p-kelet-eur%C3%B3p%C3%A1ban HTTP/1.1" 200 9274 "-" "Mozilla/5.0 (compatible; AhrefsBot/7.0; +http://ahrefs.com/robot/)"
54.36.149.99 - - [21/Mar/2023:02:37:22 +0100] "GET /new/sites/all/modules/cck/theme/content-module.css?l HTTP/1.1" 200 2397 "-" "Mozilla/5.0 (compatible; AhrefsBot/7.0; +http://ahrefs.com/robot/)"
54.36.149.2 - - [21/Mar/2023:02:37:22 +0100] "GET /new/modules/system/system.css?l HTTP/1.1" 200 10020 "-" "Mozilla/5.0 (compatible; AhrefsBot/7.0; +http://ahrefs.com/robot/)"
54.36.148.185 - - [21/Mar/2023:02:37:22 +0100] "GET /new/sites/default/themes/nosza/scripts/search.js HTTP/1.1" 200 466 "-" "Mozilla/5.0 (compatible; AhrefsBot/7.0; +http://ahrefs.com/robot/)"
54.36.148.183 - - [21/Mar/2023:02:37:22 +0100] "GET /new/modules/system/defaults.css?l HTTP/1.1" 200 757 "-" "Mozilla/5.0 (compatible; AhrefsBot/7.0; +http://ahrefs.com/robot/)"
54.36.149.84 - - [21/Mar/2023:02:37:22 +0100] "GET /new/sites/default/themes/nosza/css/menu_style.css HTTP/1.1" 200 4749 "-" "Mozilla/5.0 (compatible; AhrefsBot/7.0; +http://ahrefs.com/robot/)"
54.36.148.47 - - [21/Mar/2023:02:37:22 +0100] "GET /new/modules/system/system-menus.css?l HTTP/1.1" 200 935 "-" "Mozilla/5.0 (compatible; AhrefsBot/7.0; +http://ahrefs.com/robot/)"
54.36.148.94 - - [21/Mar/2023:02:37:22 +0100] "GET /new/sites/all/modules/cck/modules/fieldgroup/fieldgroup.css?l HTTP/1.1" 200 166 "-" "Mozilla/5.0 (compatible; AhrefsBot/7.0; +http://ahrefs.com/robot/)"
54.36.148.63 - - [21/Mar/2023:02:37:23 +0100] "GET /new/modules/node/node.css?l HTTP/1.1" 200 740 "-" "Mozilla/5.0 (compatible; AhrefsBot/7.0; +http://ahrefs.com/robot/)"
54.36.148.35 - - [21/Mar/2023:02:37:23 +0100] "GET /new/sites/default/themes/nosza/images/publikaciokSide.jpg HTTP/1.1" 200 7497 "-" "Mozilla/5.0 (compatible; AhrefsBot/7.0; +http://ahrefs.com/robot/)"
54.36.148.143 - - [21/Mar/2023:02:37:23 +0100] "GET /new/modules/filefield/filefield.css?l HTTP/1.1" 200 1986 "-" "Mozilla/5.0 (compatible; AhrefsBot/7.0; +http://ahrefs.com/robot/)"
54.36.148.76 - - [21/Mar/2023:02:37:23 +0100] "GET /new/sites/default/themes/nosza/images/logoPublikaciok.jpg HTTP/1.1" 200 5066 "-" "Mozilla/5.0 (compatible; AhrefsBot/7.0; +http://ahrefs.com/robot/)"
54.36.149.66 - - [21/Mar/2023:02:37:23 +0100] "GET /new/sites/default/themes/nosza/images/aktualisSide.jpg HTTP/1.1" 200 8821 "-" "Mozilla/5.0 (compatible; AhrefsBot/7.0; +http://ahrefs.com/robot/)"
54.36.149.65 - - [21/Mar/2023:02:37:23 +0100] "GET /new/sites/default/themes/nosza/css/nosza.css?l HTTP/1.1" 200 10555 "-" "Mozilla/5.0 (compatible; AhrefsBot/7.0; +http://ahrefs.com/robot/)"
54.36.148.241 - - [21/Mar/2023:02:37:24 +0100] "GET /new/sites/default/themes/nosza/images/rrs.jpg HTTP/1.1" 200 829 "-" "Mozilla/5.0 (compatible; AhrefsBot/7.0; +http://ahrefs.com/robot/)"
