216.226.148.2 - - [17/Mar/2023:15:49:27 +0100] "GET /style.php?sig=rename HTTP/1.1" 404 1181 "-" "Mozilla/5.0 (Windows; U; Windows NT 6.1; en-US; rv:1.9.1.5) Gecko/20091102 Firefox/3.5.5 (.NET CLR 3.5.30729)"
49.12.13.109 - - [17/Mar/2023:15:59:08 +0100] "HEAD / HTTP/1.1" 200 0 "-" "Alert_Alligator_webmonitoring_service_1.6.3_(alertalligator.com)"
64.124.8.23 - - [17/Mar/2023:16:07:18 +0100] "GET /new/hirek/2018 HTTP/1.1" 200 16790 "-" "Mozilla/5.0 (X11; Linux x86_64) AppleWebKit/537.36 (KHTML, like Gecko) Chrome/61.0.3163.79 Safari/537.36"
64.124.8.23 - - [17/Mar/2023:16:08:37 +0100] "GET /aktualis/ajogisegitseg/index.html HTTP/1.1" 304 - "-" "Mozilla/5.0 (X11; Linux x86_64) AppleWebKit/537.36 (KHTML, like Gecko) Chrome/61.0.3163.79 Safari/537.36"
54.36.149.59 - - [17/Mar/2023:16:25:36 +0100] "GET / HTTP/1.1" 200 1010 "-" "Mozilla/5.0 (compatible; AhrefsBot/7.0; +http://ahrefs.com/robot/)"
216.244.66.229 - - [17/Mar/2023:16:30:08 +0100] "GET /robots.txt HTTP/1.1" 404 1181 "-" "Mozilla/5.0 (compatible; DotBot/1.2; +https://opensiteexplorer.org/dotbot; help@moz.com)"
216.244.66.229 - - [17/Mar/2023:16:32:39 +0100] "GET /new/content/civil-szervezet-%E2%80%93-t%C3%A1rsadalmi-szervezet-%E2%80%93-civil-t%C3%A1rsas%C3%A1g-az-%C3%BAj-civil-t%C3%B6rv%C3%A9ny-fogalmi-%C3%BAj%C3%ADt%C3%A1sai HTTP/1.1" 200 18521 "-" "Mozilla/5.0 (compatible; DotBot/1.2; +https://opensiteexplorer.org/dotbot; help@moz.com)"
216.244.66.229 - - [17/Mar/2023:16:32:56 +0100] "GET /aktualis/NCAvh/index.html HTTP/1.1" 200 67842 "-" "Mozilla/5.0 (compatible; DotBot/1.2; +https://opensiteexplorer.org/dotbot; help@moz.com)"
216.244.66.229 - - [17/Mar/2023:16:33:15 +0100] "GET /kutat/REVkutatas/5PR/index.html HTTP/1.1" 200 49876 "-" "Mozilla/5.0 (compatible; DotBot/1.2; +https://opensiteexplorer.org/dotbot; help@moz.com)"
216.244.66.229 - - [17/Mar/2023:16:34:30 +0100] "GET /new/content/szolg%C3%A1ltat%C3%B3-civilek HTTP/1.1" 200 8817 "-" "Mozilla/5.0 (compatible; DotBot/1.2; +https://opensiteexplorer.org/dotbot; help@moz.com)"
216.244.66.229 - - [17/Mar/2023:16:39:40 +0100] "GET /aktualis/009GSZTcivil/GSZTinfo/index.html HTTP/1.1" 200 21777 "-" "Mozilla/5.0 (compatible; DotBot/1.2; +https://opensiteexplorer.org/dotbot; help@moz.com)"
66.249.70.141 - - [17/Mar/2023:16:42:01 +0100] "GET /new/en/about_us/our_staff HTTP/1.1" 200 8901 "-" "Mozilla/5.0 (Linux; Android 6.0.1; Nexus 5X Build/MMB29P) AppleWebKit/537.36 (KHTML, like Gecko) Chrome/111.0.5563.64 Mobile Safari/537.36 (compatible; Googlebot/2.1; +http://www.google.com/bot.html)"
212.237.53.115 - - [17/Mar/2023:16:52:29 +0100] "HEAD / HTTP/1.1" 200 0 "-" "Alert_Alligator_webmonitoring_service_1.6.4_(alertalligator.com)"
52.167.144.92 - - [17/Mar/2023:17:09:25 +0100] "GET /new/projektek/m%C5%B1k%C3%B6d%C3%A9si-p%C3%A1ly%C3%A1zat-2017-18 HTTP/1.1" 200 11920 "-" "Mozilla/5.0 AppleWebKit/537.36 (KHTML, like Gecko; compatible; bingbot/2.0; +http://www.bing.com/bingbot.htm) Chrome/103.0.5060.134 Safari/537.36"
79.143.187.185 - - [17/Mar/2023:17:10:53 +0100] "GET / HTTP/1.1" 200 1010 "-" "Mozilla/5.0"
79.121.53.6 - - [17/Mar/2023:17:28:42 +0100] "GET /new/content/civil-szervezet-%E2%80%93-t%C3%A1rsadalmi-szervezet-%E2%80%93-civil-t%C3%A1rsas%C3%A1g-az-%C3%BAj-civil-t%C3%B6rv%C3%A9ny-fogalmi-%C3%BAj%C3%ADt%C3%A1sai HTTP/1.1" 200 18521 "https://www.google.com/" "Mozilla/5.0 (Windows NT 10.0; Win64; x64; rv:109.0) Gecko/20100101 Firefox/111.0"
79.121.53.6 - - [17/Mar/2023:17:28:42 +0100] "GET /new/modules/filefield/filefield.css?l HTTP/1.1" 200 1986 "http://www.nosza.hu/new/content/civil-szervezet-%E2%80%93-t%C3%A1rsadalmi-szervezet-%E2%80%93-civil-t%C3%A1rsas%C3%A1g-az-%C3%BAj-civil-t%C3%B6rv%C3%A9ny-fogalmi-%C3%BAj%C3%ADt%C3%A1sai" "Mozilla/5.0 (Windows NT 10.0; Win64; x64; rv:109.0) Gecko/20100101 Firefox/111.0"
79.121.53.6 - - [17/Mar/2023:17:28:42 +0100] "GET /new/modules/system/system.css?l HTTP/1.1" 200 10020 "http://www.nosza.hu/new/content/civil-szervezet-%E2%80%93-t%C3%A1rsadalmi-szervezet-%E2%80%93-civil-t%C3%A1rsas%C3%A1g-az-%C3%BAj-civil-t%C3%B6rv%C3%A9ny-fogalmi-%C3%BAj%C3%ADt%C3%A1sai" "Mozilla/5.0 (Windows NT 10.0; Win64; x64; rv:109.0) Gecko/20100101 Firefox/111.0"
79.121.53.6 - - [17/Mar/2023:17:28:42 +0100] "GET /new/modules/system/defaults.css?l HTTP/1.1" 200 757 "http://www.nosza.hu/new/content/civil-szervezet-%E2%80%93-t%C3%A1rsadalmi-szervezet-%E2%80%93-civil-t%C3%A1rsas%C3%A1g-az-%C3%BAj-civil-t%C3%B6rv%C3%A9ny-fogalmi-%C3%BAj%C3%ADt%C3%A1sai" "Mozilla/5.0 (Windows NT 10.0; Win64; x64; rv:109.0) Gecko/20100101 Firefox/111.0"
79.121.53.6 - - [17/Mar/2023:17:28:42 +0100] "GET /new/modules/node/node.css?l HTTP/1.1" 200 740 "http://www.nosza.hu/new/content/civil-szervezet-%E2%80%93-t%C3%A1rsadalmi-szervezet-%E2%80%93-civil-t%C3%A1rsas%C3%A1g-az-%C3%BAj-civil-t%C3%B6rv%C3%A9ny-fogalmi-%C3%BAj%C3%ADt%C3%A1sai" "Mozilla/5.0 (Windows NT 10.0; Win64; x64; rv:109.0) Gecko/20100101 Firefox/111.0"
79.121.53.6 - - [17/Mar/2023:17:28:42 +0100] "GET /new/sites/all/modules/cck/theme/content-module.css?l HTTP/1.1" 200 2397 "http://www.nosza.hu/new/content/civil-szervezet-%E2%80%93-t%C3%A1rsadalmi-szervezet-%E2%80%93-civil-t%C3%A1rsas%C3%A1g-az-%C3%BAj-civil-t%C3%B6rv%C3%A9ny-fogalmi-%C3%BAj%C3%ADt%C3%A1sai" "Mozilla/5.0 (Windows NT 10.0; Win64; x64; rv:109.0) Gecko/20100101 Firefox/111.0"
79.121.53.6 - - [17/Mar/2023:17:28:42 +0100] "GET /new/sites/all/modules/cck/modules/fieldgroup/fieldgroup.css?l HTTP/1.1" 200 166 "http://www.nosza.hu/new/content/civil-szervezet-%E2%80%93-t%C3%A1rsadalmi-szervezet-%E2%80%93-civil-t%C3%A1rsas%C3%A1g-az-%C3%BAj-civil-t%C3%B6rv%C3%A9ny-fogalmi-%C3%BAj%C3%ADt%C3%A1sai" "Mozilla/5.0 (Windows NT 10.0; Win64; x64; rv:109.0) Gecko/20100101 Firefox/111.0"
79.121.53.6 - - [17/Mar/2023:17:28:42 +0100] "GET /new/modules/system/system-menus.css?l HTTP/1.1" 200 935 "http://www.nosza.hu/new/content/civil-szervezet-%E2%80%93-t%C3%A1rsadalmi-szervezet-%E2%80%93-civil-t%C3%A1rsas%C3%A1g-az-%C3%BAj-civil-t%C3%B6rv%C3%A9ny-fogalmi-%C3%BAj%C3%ADt%C3%A1sai" "Mozilla/5.0 (Windows NT 10.0; Win64; x64; rv:109.0) Gecko/20100101 Firefox/111.0"
79.121.53.6 - - [17/Mar/2023:17:28:42 +0100] "GET /new/sites/default/themes/nosza/scripts/search.js HTTP/1.1" 200 466 "http://www.nosza.hu/new/content/civil-szervezet-%E2%80%93-t%C3%A1rsadalmi-szervezet-%E2%80%93-civil-t%C3%A1rsas%C3%A1g-az-%C3%BAj-civil-t%C3%B6rv%C3%A9ny-fogalmi-%C3%BAj%C3%ADt%C3%A1sai" "Mozilla/5.0 (Windows NT 10.0; Win64; x64; rv:109.0) Gecko/20100101 Firefox/111.0"
79.121.53.6 - - [17/Mar/2023:17:28:42 +0100] "GET /new/sites/default/themes/nosza/css/menu_style.css HTTP/1.1" 200 4749 "http://www.nosza.hu/new/content/civil-szervezet-%E2%80%93-t%C3%A1rsadalmi-szervezet-%E2%80%93-civil-t%C3%A1rsas%C3%A1g-az-%C3%BAj-civil-t%C3%B6rv%C3%A9ny-fogalmi-%C3%BAj%C3%ADt%C3%A1sai" "Mozilla/5.0 (Windows NT 10.0; Win64; x64; rv:109.0) Gecko/20100101 Firefox/111.0"
79.121.53.6 - - [17/Mar/2023:17:28:42 +0100] "GET /new/sites/default/themes/nosza/css/nosza.css?l HTTP/1.1" 200 10555 "http://www.nosza.hu/new/content/civil-szervezet-%E2%80%93-t%C3%A1rsadalmi-szervezet-%E2%80%93-civil-t%C3%A1rsas%C3%A1g-az-%C3%BAj-civil-t%C3%B6rv%C3%A9ny-fogalmi-%C3%BAj%C3%ADt%C3%A1sai" "Mozilla/5.0 (Windows NT 10.0; Win64; x64; rv:109.0) Gecko/20100101 Firefox/111.0"
79.121.53.6 - - [17/Mar/2023:17:28:42 +0100] "GET /new/modules/user/user.css?l HTTP/1.1" 200 1127 "http://www.nosza.hu/new/content/civil-szervezet-%E2%80%93-t%C3%A1rsadalmi-szervezet-%E2%80%93-civil-t%C3%A1rsas%C3%A1g-az-%C3%BAj-civil-t%C3%B6rv%C3%A9ny-fogalmi-%C3%BAj%C3%ADt%C3%A1sai" "Mozilla/5.0 (Windows NT 10.0; Win64; x64; rv:109.0) Gecko/20100101 Firefox/111.0"
79.121.53.6 - - [17/Mar/2023:17:28:42 +0100] "GET /new/sites/default/themes/nosza/print.css?l HTTP/1.1" 200 1247 "http://www.nosza.hu/new/content/civil-szervezet-%E2%80%93-t%C3%A1rsadalmi-szervezet-%E2%80%93-civil-t%C3%A1rsas%C3%A1g-az-%C3%BAj-civil-t%C3%B6rv%C3%A9ny-fogalmi-%C3%BAj%C3%ADt%C3%A1sai" "Mozilla/5.0 (Windows NT 10.0; Win64; x64; rv:109.0) Gecko/20100101 Firefox/111.0"
79.121.53.6 - - [17/Mar/2023:17:28:42 +0100] "GET /new/sites/default/themes/nosza/images/logoMagunkrol.jpg HTTP/1.1" 200 4934 "http://www.nosza.hu/new/content/civil-szervezet-%E2%80%93-t%C3%A1rsadalmi-szervezet-%E2%80%93-civil-t%C3%A1rsas%C3%A1g-az-%C3%BAj-civil-t%C3%B6rv%C3%A9ny-fogalmi-%C3%BAj%C3%ADt%C3%A1sai" "Mozilla/5.0 (Windows NT 10.0; Win64; x64; rv:109.0) Gecko/20100101 Firefox/111.0"
79.121.53.6 - - [17/Mar/2023:17:28:42 +0100] "GET /new/sites/default/themes/nosza/images/aktualisSide.jpg HTTP/1.1" 200 8821 "http://www.nosza.hu/new/content/civil-szervezet-%E2%80%93-t%C3%A1rsadalmi-szervezet-%E2%80%93-civil-t%C3%A1rsas%C3%A1g-az-%C3%BAj-civil-t%C3%B6rv%C3%A9ny-fogalmi-%C3%BAj%C3%ADt%C3%A1sai" "Mozilla/5.0 (Windows NT 10.0; Win64; x64; rv:109.0) Gecko/20100101 Firefox/111.0"
79.121.53.6 - - [17/Mar/2023:17:28:42 +0100] "GET /new/sites/default/themes/nosza/images/rrs.jpg HTTP/1.1" 200 829 "http://www.nosza.hu/new/content/civil-szervezet-%E2%80%93-t%C3%A1rsadalmi-szervezet-%E2%80%93-civil-t%C3%A1rsas%C3%A1g-az-%C3%BAj-civil-t%C3%B6rv%C3%A9ny-fogalmi-%C3%BAj%C3%ADt%C3%A1sai" "Mozilla/5.0 (Windows NT 10.0; Win64; x64; rv:109.0) Gecko/20100101 Firefox/111.0"
79.121.53.6 - - [17/Mar/2023:17:28:42 +0100] "GET /new/sites/default/themes/nosza/images/dosszieSide.jpg HTTP/1.1" 200 7764 "http://www.nosza.hu/new/content/civil-szervezet-%E2%80%93-t%C3%A1rsadalmi-szervezet-%E2%80%93-civil-t%C3%A1rsas%C3%A1g-az-%C3%BAj-civil-t%C3%B6rv%C3%A9ny-fogalmi-%C3%BAj%C3%ADt%C3%A1sai" "Mozilla/5.0 (Windows NT 10.0; Win64; x64; rv:109.0) Gecko/20100101 Firefox/111.0"
79.121.53.6 - - [17/Mar/2023:17:28:42 +0100] "GET /new/sites/default/themes/nosza/images/headerBgMagunkrol.jpg HTTP/1.1" 200 22932 "http://www.nosza.hu/new/sites/default/themes/nosza/css/nosza.css?l" "Mozilla/5.0 (Windows NT 10.0; Win64; x64; rv:109.0) Gecko/20100101 Firefox/111.0"
79.121.53.6 - - [17/Mar/2023:17:28:42 +0100] "GET /new/sites/default/themes/nosza/images/publikaciokSide.jpg HTTP/1.1" 200 7497 "http://www.nosza.hu/new/content/civil-szervezet-%E2%80%93-t%C3%A1rsadalmi-szervezet-%E2%80%93-civil-t%C3%A1rsas%C3%A1g-az-%C3%BAj-civil-t%C3%B6rv%C3%A9ny-fogalmi-%C3%BAj%C3%ADt%C3%A1sai" "Mozilla/5.0 (Windows NT 10.0; Win64; x64; rv:109.0) Gecko/20100101 Firefox/111.0"
79.121.53.6 - - [17/Mar/2023:17:28:42 +0100] "GET /new/sites/default/themes/nosza/images/searchBg.png HTTP/1.1" 200 1443 "http://www.nosza.hu/new/sites/default/themes/nosza/css/nosza.css?l" "Mozilla/5.0 (Windows NT 10.0; Win64; x64; rv:109.0) Gecko/20100101 Firefox/111.0"
79.121.53.6 - - [17/Mar/2023:17:28:42 +0100] "GET /new/sites/default/themes/nosza/images/magyarBgInactive.png HTTP/1.1" 200 686 "http://www.nosza.hu/new/sites/default/themes/nosza/css/nosza.css?l" "Mozilla/5.0 (Windows NT 10.0; Win64; x64; rv:109.0) Gecko/20100101 Firefox/111.0"
79.121.53.6 - - [17/Mar/2023:17:28:42 +0100] "GET /new/sites/default/themes/nosza/images/magyarBgOver.png HTTP/1.1" 200 893 "http://www.nosza.hu/new/sites/default/themes/nosza/css/nosza.css?l" "Mozilla/5.0 (Windows NT 10.0; Win64; x64; rv:109.0) Gecko/20100101 Firefox/111.0"
79.121.53.6 - - [17/Mar/2023:17:28:42 +0100] "GET /new/sites/default/themes/nosza/images/englishBgInactive.png HTTP/1.1" 200 823 "http://www.nosza.hu/new/sites/default/themes/nosza/css/nosza.css?l" "Mozilla/5.0 (Windows NT 10.0; Win64; x64; rv:109.0) Gecko/20100101 Firefox/111.0"
79.121.53.6 - - [17/Mar/2023:17:28:42 +0100] "GET /new/sites/default/themes/nosza/images/egyIcon.jpg HTTP/1.1" 200 860 "http://www.nosza.hu/new/sites/default/themes/nosza/css/menu_style.css" "Mozilla/5.0 (Windows NT 10.0; Win64; x64; rv:109.0) Gecko/20100101 Firefox/111.0"
79.121.53.6 - - [17/Mar/2023:17:28:42 +0100] "GET /new/sites/default/themes/nosza/images/kettoIcon.jpg HTTP/1.1" 200 1039 "http://www.nosza.hu/new/sites/default/themes/nosza/css/menu_style.css" "Mozilla/5.0 (Windows NT 10.0; Win64; x64; rv:109.0) Gecko/20100101 Firefox/111.0"
79.121.53.6 - - [17/Mar/2023:17:28:42 +0100] "GET /new/sites/default/themes/nosza/images/haromIcon.jpg HTTP/1.1" 200 764 "http://www.nosza.hu/new/sites/default/themes/nosza/css/menu_style.css" "Mozilla/5.0 (Windows NT 10.0; Win64; x64; rv:109.0) Gecko/20100101 Firefox/111.0"
79.121.53.6 - - [17/Mar/2023:17:28:42 +0100] "GET /new/sites/default/themes/nosza/images/otIcon.jpg HTTP/1.1" 200 689 "http://www.nosza.hu/new/sites/default/themes/nosza/css/menu_style.css" "Mozilla/5.0 (Windows NT 10.0; Win64; x64; rv:109.0) Gecko/20100101 Firefox/111.0"
79.121.53.6 - - [17/Mar/2023:17:28:42 +0100] "GET /new/sites/default/themes/nosza/images/negyIcon.jpg HTTP/1.1" 200 908 "http://www.nosza.hu/new/sites/default/themes/nosza/css/menu_style.css" "Mozilla/5.0 (Windows NT 10.0; Win64; x64; rv:109.0) Gecko/20100101 Firefox/111.0"
79.121.53.6 - - [17/Mar/2023:17:28:42 +0100] "GET /new/sites/default/themes/nosza/images/hatIcon.jpg HTTP/1.1" 200 838 "http://www.nosza.hu/new/sites/default/themes/nosza/css/menu_style.css" "Mozilla/5.0 (Windows NT 10.0; Win64; x64; rv:109.0) Gecko/20100101 Firefox/111.0"
79.121.53.6 - - [17/Mar/2023:17:28:42 +0100] "GET /new/sites/default/themes/nosza/images/dateBg.jpg HTTP/1.1" 200 654 "http://www.nosza.hu/new/sites/default/themes/nosza/css/nosza.css?l" "Mozilla/5.0 (Windows NT 10.0; Win64; x64; rv:109.0) Gecko/20100101 Firefox/111.0"
79.121.53.6 - - [17/Mar/2023:17:28:42 +0100] "GET /new/sites/default/themes/nosza/images/footerBg.jpg HTTP/1.1" 200 1097 "http://www.nosza.hu/new/sites/default/themes/nosza/css/nosza.css?l" "Mozilla/5.0 (Windows NT 10.0; Win64; x64; rv:109.0) Gecko/20100101 Firefox/111.0"
79.121.53.6 - - [17/Mar/2023:17:28:42 +0100] "GET /new/sites/default/themes/nosza/images/feelingBgMagunkrol.jpg HTTP/1.1" 200 42475 "http://www.nosza.hu/new/sites/default/themes/nosza/css/nosza.css?l" "Mozilla/5.0 (Windows NT 10.0; Win64; x64; rv:109.0) Gecko/20100101 Firefox/111.0"
79.121.53.6 - - [17/Mar/2023:17:28:43 +0100] "GET /favicon.ico HTTP/1.1" 404 1181 "http://www.nosza.hu/new/content/civil-szervezet-%E2%80%93-t%C3%A1rsadalmi-szervezet-%E2%80%93-civil-t%C3%A1rsas%C3%A1g-az-%C3%BAj-civil-t%C3%B6rv%C3%A9ny-fogalmi-%C3%BAj%C3%ADt%C3%A1sai" "Mozilla/5.0 (Windows NT 10.0; Win64; x64; rv:109.0) Gecko/20100101 Firefox/111.0"
79.121.53.6 - - [17/Mar/2023:17:28:43 +0100] "GET /new/sites/default/themes/nosza/images/submenuBg.png HTTP/1.1" 200 875 "http://www.nosza.hu/new/sites/default/themes/nosza/css/menu_style.css" "Mozilla/5.0 (Windows NT 10.0; Win64; x64; rv:109.0) Gecko/20100101 Firefox/111.0"
79.121.53.6 - - [17/Mar/2023:17:28:43 +0100] "GET /new/sites/default/themes/nosza/images/otOver.jpg HTTP/1.1" 200 704 "http://www.nosza.hu/new/sites/default/themes/nosza/css/menu_style.css" "Mozilla/5.0 (Windows NT 10.0; Win64; x64; rv:109.0) Gecko/20100101 Firefox/111.0"
212.237.53.115 - - [17/Mar/2023:17:55:31 +0100] "HEAD / HTTP/1.1" 200 0 "-" "Alert_Alligator_webmonitoring_service_1.6.4_(alertalligator.com)"
66.249.70.142 - - [17/Mar/2023:18:10:54 +0100] "GET /graphics/noszalogo.gif HTTP/1.1" 304 - "-" "Googlebot-Image/1.0"
198.235.24.183 - - [17/Mar/2023:18:35:51 +0100] "GET / HTTP/1.1" 200 1010 "-" "Expanse, a Palo Alto Networks company, searches across the global IPv4 space multiple times per day to identify customers' presences on the Internet. If you would like to be excluded from our scans, please send IP addresses/domains to: scaninfo@paloaltonetworks.com"
114.119.129.92 - - [17/Mar/2023:18:45:54 +0100] "GET /index.html HTTP/1.1" 200 1010 "-" "Mozilla/5.0 (Linux; Android 7.0;) AppleWebKit/537.36 (KHTML, like Gecko) Mobile Safari/537.36 (compatible; PetalBot;+https://webmaster.petalsearch.com/site/petalbot)"
64.124.8.31 - - [17/Mar/2023:18:45:56 +0100] "GET /robots.txt HTTP/1.1" 404 1181 "-" "Mozilla/5.0 (X11; Linux x86_64) AppleWebKit/537.36 (KHTML, like Gecko) Chrome/61.0.3163.79 Safari/537.36"
64.124.8.31 - - [17/Mar/2023:18:46:00 +0100] "GET /new/en/projects/Test%20project HTTP/1.1" 200 7194 "-" "Mozilla/5.0 (X11; Linux x86_64) AppleWebKit/537.36 (KHTML, like Gecko) Chrome/61.0.3163.79 Safari/537.36"
64.124.8.31 - - [17/Mar/2023:18:47:44 +0100] "GET /aktualis/104eitv/index.html HTTP/1.1" 200 94846 "-" "Mozilla/5.0 (X11; Linux x86_64) AppleWebKit/537.36 (KHTML, like Gecko) Chrome/61.0.3163.79 Safari/537.36"
212.237.53.115 - - [17/Mar/2023:18:48:25 +0100] "HEAD / HTTP/1.1" 200 0 "-" "Alert_Alligator_webmonitoring_service_1.6.4_(alertalligator.com)"
114.119.151.171 - - [17/Mar/2023:18:51:36 +0100] "GET /konferenciak/042memo/index.html HTTP/1.1" 200 15379 "http://nosza.hu/konferenciak/index.html" "Mozilla/5.0 (Linux; Android 7.0;) AppleWebKit/537.36 (KHTML, like Gecko) Mobile Safari/537.36 (compatible; PetalBot;+https://webmaster.petalsearch.com/site/petalbot)"
66.249.70.128 - - [17/Mar/2023:19:08:56 +0100] "GET /aktualis/1gyikNCA/index.html HTTP/1.1" 200 22264 "-" "Mozilla/5.0 (compatible; Googlebot/2.1; +http://www.google.com/bot.html)"
5.255.231.149 - - [17/Mar/2023:19:10:42 +0100] "GET /robots.txt HTTP/1.1" 404 1181 "-" "Mozilla/5.0 (compatible; YandexBot/3.0; +http://yandex.com/bots)"
95.108.213.136 - - [17/Mar/2023:19:10:44 +0100] "GET /new/hirek/k%C3%A9pz%C3%A9si-anyag-civil-szerveztek-m%C5%B1k%C3%B6d%C3%A9s%C3%A9nek-t%C3%A1mogat%C3%A1s%C3%A1ra HTTP/1.1" 200 9096 "-" "Mozilla/5.0 (compatible; YandexBot/3.0; +http://yandex.com/bots)"
94.44.102.253 - - [17/Mar/2023:19:24:17 +0100] "GET /kutat/REVkutatas/3gazdalkodas/index.html HTTP/1.1" 200 88137 "-" "Mozilla/5.0 (Linux; Android 10; POT-LX1) AppleWebKit/537.36 (KHTML, like Gecko) Chrome/111.0.0.0 Mobile Safari/537.36"
94.44.102.253 - - [17/Mar/2023:19:24:17 +0100] "GET /galateia.css HTTP/1.1" 200 1717 "http://www.nosza.hu/kutat/REVkutatas/3gazdalkodas/index.html" "Mozilla/5.0 (Linux; Android 10; POT-LX1) AppleWebKit/537.36 (KHTML, like Gecko) Chrome/111.0.0.0 Mobile Safari/537.36"
94.44.102.253 - - [17/Mar/2023:19:24:17 +0100] "GET /graphics/noszalogo.gif HTTP/1.1" 200 6797 "http://www.nosza.hu/kutat/REVkutatas/3gazdalkodas/index.html" "Mozilla/5.0 (Linux; Android 10; POT-LX1) AppleWebKit/537.36 (KHTML, like Gecko) Chrome/111.0.0.0 Mobile Safari/537.36"
94.44.102.253 - - [17/Mar/2023:19:24:18 +0100] "GET /graphics/galas.gif HTTP/1.1" 200 913 "http://www.nosza.hu/kutat/REVkutatas/3gazdalkodas/index.html" "Mozilla/5.0 (Linux; Android 10; POT-LX1) AppleWebKit/537.36 (KHTML, like Gecko) Chrome/111.0.0.0 Mobile Safari/537.36"
94.44.102.253 - - [17/Mar/2023:19:24:18 +0100] "GET /favicon.ico HTTP/1.1" 404 1181 "http://www.nosza.hu/kutat/REVkutatas/3gazdalkodas/index.html" "Mozilla/5.0 (Linux; Android 10; POT-LX1) AppleWebKit/537.36 (KHTML, like Gecko) Chrome/111.0.0.0 Mobile Safari/537.36"
64.124.8.31 - - [17/Mar/2023:19:30:03 +0100] "GET /aktualis/NCAvh/index.html HTTP/1.1" 200 67842 "-" "Mozilla/5.0 (X11; Linux x86_64) AppleWebKit/537.36 (KHTML, like Gecko) Chrome/61.0.3163.79 Safari/537.36"
212.237.51.151 - - [17/Mar/2023:19:34:27 +0100] "HEAD / HTTP/1.1" 200 0 "-" "Alert_Alligator_webmonitoring_service_1.6.4_(alertalligator.com)"
46.107.134.111 - - [17/Mar/2023:19:45:23 +0100] "GET /galateia.css HTTP/1.1" 200 1717 "http://www.nosza.hu/kutat/REVkutatas/2menedzsment/" "Mozilla/5.0 (Linux; Android 7.0; RNE-L21 Build/HUAWEIRNE-L21; wv) AppleWebKit/537.36 (KHTML, like Gecko) Version/4.0 Chrome/102.0.5005.125 Mobile Safari/537.36 [FB_IAB/FB4A;FBAV/370.0.0.23.112;]"
46.107.134.111 - - [17/Mar/2023:19:45:23 +0100] "GET /graphics/noszalogo.gif HTTP/1.1" 200 6797 "http://www.nosza.hu/kutat/REVkutatas/2menedzsment/" "Mozilla/5.0 (Linux; Android 7.0; RNE-L21 Build/HUAWEIRNE-L21; wv) AppleWebKit/537.36 (KHTML, like Gecko) Version/4.0 Chrome/102.0.5005.125 Mobile Safari/537.36 [FB_IAB/FB4A;FBAV/370.0.0.23.112;]"
46.107.134.111 - - [17/Mar/2023:19:45:23 +0100] "GET /kutat/REVkutatas/2menedzsment/ HTTP/1.1" 200 146014 "https://lm.facebook.com/" "Mozilla/5.0 (Linux; Android 7.0; RNE-L21 Build/HUAWEIRNE-L21; wv) AppleWebKit/537.36 (KHTML, like Gecko) Version/4.0 Chrome/102.0.5005.125 Mobile Safari/537.36 [FB_IAB/FB4A;FBAV/370.0.0.23.112;]"
46.107.134.111 - - [17/Mar/2023:19:45:24 +0100] "GET /graphics/galas.gif HTTP/1.1" 200 913 "http://www.nosza.hu/kutat/REVkutatas/2menedzsment/" "Mozilla/5.0 (Linux; Android 7.0; RNE-L21 Build/HUAWEIRNE-L21; wv) AppleWebKit/537.36 (KHTML, like Gecko) Version/4.0 Chrome/102.0.5005.125 Mobile Safari/537.36 [FB_IAB/FB4A;FBAV/370.0.0.23.112;]"
46.107.134.111 - - [17/Mar/2023:19:45:24 +0100] "GET /favicon.ico HTTP/1.1" 404 1181 "http://www.nosza.hu/kutat/REVkutatas/2menedzsment/" "Mozilla/5.0 (Linux; Android 7.0; RNE-L21 Build/HUAWEIRNE-L21; wv) AppleWebKit/537.36 (KHTML, like Gecko) Version/4.0 Chrome/102.0.5005.125 Mobile Safari/537.36 [FB_IAB/FB4A;FBAV/370.0.0.23.112;]"
69.63.189.117 - - [17/Mar/2023:19:46:20 +0100] "GET /kutat/REVkutatas/2menedzsment/ HTTP/1.1" 206 146014 "-" "facebookexternalhit/1.1 (+http://www.facebook.com/externalhit_uatext.php)"
31.13.127.6 - - [17/Mar/2023:19:46:22 +0100] "GET /kutat/REVkutatas/2menedzsment/ HTTP/1.1" 206 146014 "-" "facebookexternalhit/1.1 (+http://www.facebook.com/externalhit_uatext.php)"
66.249.70.141 - - [17/Mar/2023:19:46:59 +0100] "GET /new/sites/default/files/fulop.jpg HTTP/1.1" 304 - "-" "Googlebot-Image/1.0"
77.75.77.119 - - [17/Mar/2023:19:53:26 +0100] "GET /new/rss.xml HTTP/1.1" 200 15715 "-" "Mozilla/5.0 (compatible; SeznamBot/4.0-RC1; +http://napoveda.seznam.cz/seznambot-intro/)"
40.77.167.131 - - [17/Mar/2023:20:08:58 +0100] "GET /halozatok/muhely/belepes/index.html HTTP/1.1" 200 4602 "-" "Mozilla/5.0 AppleWebKit/537.36 (KHTML, like Gecko; compatible; bingbot/2.0; +http://www.bing.com/bingbot.htm) Chrome/103.0.5060.134 Safari/537.36"
54.36.149.37 - - [17/Mar/2023:20:12:33 +0100] "GET /new/hirek/civil-szervezeteket-%C3%A9rint%C5%91-legfontosabb-jogszab%C3%A1lyv%C3%A1ltoz%C3%A1sok-2017-ben HTTP/1.1" 200 13994 "-" "Mozilla/5.0 (compatible; AhrefsBot/7.0; +http://ahrefs.com/robot/)"
54.36.149.86 - - [17/Mar/2023:20:12:56 +0100] "GET /new/sites/all/modules/cck/theme/content-module.css?l HTTP/1.1" 200 2397 "-" "Mozilla/5.0 (compatible; AhrefsBot/7.0; +http://ahrefs.com/robot/)"
54.36.149.88 - - [17/Mar/2023:20:12:56 +0100] "GET /new/sites/default/themes/nosza/images/logoHirek.jpg HTTP/1.1" 200 4323 "-" "Mozilla/5.0 (compatible; AhrefsBot/7.0; +http://ahrefs.com/robot/)"
54.36.148.189 - - [17/Mar/2023:20:12:56 +0100] "GET /new/modules/system/system.css?l HTTP/1.1" 200 10020 "-" "Mozilla/5.0 (compatible; AhrefsBot/7.0; +http://ahrefs.com/robot/)"
54.36.148.48 - - [17/Mar/2023:20:12:57 +0100] "GET /new/sites/default/themes/nosza/scripts/search.js HTTP/1.1" 200 466 "-" "Mozilla/5.0 (compatible; AhrefsBot/7.0; +http://ahrefs.com/robot/)"
54.36.149.75 - - [17/Mar/2023:20:12:57 +0100] "GET /new/modules/system/defaults.css?l HTTP/1.1" 200 757 "-" "Mozilla/5.0 (compatible; AhrefsBot/7.0; +http://ahrefs.com/robot/)"
54.36.149.65 - - [17/Mar/2023:20:12:57 +0100] "GET /new/sites/default/themes/nosza/css/menu_style.css HTTP/1.1" 200 4749 "-" "Mozilla/5.0 (compatible; AhrefsBot/7.0; +http://ahrefs.com/robot/)"
54.36.148.31 - - [17/Mar/2023:20:12:58 +0100] "GET /new/modules/system/system-menus.css?l HTTP/1.1" 200 935 "-" "Mozilla/5.0 (compatible; AhrefsBot/7.0; +http://ahrefs.com/robot/)"
54.36.149.64 - - [17/Mar/2023:20:12:58 +0100] "GET /new/sites/all/modules/cck/modules/fieldgroup/fieldgroup.css?l HTTP/1.1" 200 166 "-" "Mozilla/5.0 (compatible; AhrefsBot/7.0; +http://ahrefs.com/robot/)"
54.36.148.40 - - [17/Mar/2023:20:12:58 +0100] "GET /new/modules/node/node.css?l HTTP/1.1" 200 740 "-" "Mozilla/5.0 (compatible; AhrefsBot/7.0; +http://ahrefs.com/robot/)"
54.36.148.144 - - [17/Mar/2023:20:12:58 +0100] "GET /new/sites/default/themes/nosza/images/publikaciokSide.jpg HTTP/1.1" 200 7497 "-" "Mozilla/5.0 (compatible; AhrefsBot/7.0; +http://ahrefs.com/robot/)"
54.36.148.30 - - [17/Mar/2023:20:12:59 +0100] "GET /new/modules/filefield/filefield.css?l HTTP/1.1" 200 1986 "-" "Mozilla/5.0 (compatible; AhrefsBot/7.0; +http://ahrefs.com/robot/)"
54.36.148.133 - - [17/Mar/2023:20:12:59 +0100] "GET /new/sites/default/themes/nosza/images/aktualisSide.jpg HTTP/1.1" 200 8821 "-" "Mozilla/5.0 (compatible; AhrefsBot/7.0; +http://ahrefs.com/robot/)"
54.36.148.6 - - [17/Mar/2023:20:12:59 +0100] "GET /new/sites/default/themes/nosza/css/nosza.css?l HTTP/1.1" 200 10555 "-" "Mozilla/5.0 (compatible; AhrefsBot/7.0; +http://ahrefs.com/robot/)"
54.36.148.0 - - [17/Mar/2023:20:13:00 +0100] "GET /new/sites/default/themes/nosza/images/rrs.jpg HTTP/1.1" 200 829 "-" "Mozilla/5.0 (compatible; AhrefsBot/7.0; +http://ahrefs.com/robot/)"
54.36.149.27 - - [17/Mar/2023:20:13:00 +0100] "GET /new/sites/default/themes/nosza/images/dosszieSide.jpg HTTP/1.1" 200 7764 "-" "Mozilla/5.0 (compatible; AhrefsBot/7.0; +http://ahrefs.com/robot/)"
54.36.149.30 - - [17/Mar/2023:20:13:01 +0100] "GET /new/sites/default/themes/nosza/print.css?l HTTP/1.1" 200 1247 "-" "Mozilla/5.0 (compatible; AhrefsBot/7.0; +http://ahrefs.com/robot/)"
49.12.13.109 - - [17/Mar/2023:20:33:31 +0100] "HEAD / HTTP/1.1" 200 0 "-" "Alert_Alligator_webmonitoring_service_1.6.3_(alertalligator.com)"
176.9.150.233 - - [17/Mar/2023:20:38:39 +0100] "GET / HTTP/1.1" 200 1010 "-" "BSbot 1.1 (monthly copyright check - html/js/css)"
114.119.159.109 - - [17/Mar/2023:20:57:16 +0100] "GET /robots.txt HTTP/1.1" 404 1181 "-" "Mozilla/5.0 (compatible;PetalBot;+https://webmaster.petalsearch.com/site/petalbot)"
77.75.77.119 - - [17/Mar/2023:21:08:46 +0100] "GET /kiss.dbk.pdf HTTP/1.1" 304 - "-" "Mozilla/5.0 (compatible; SeznamBot/4.0-RC1; +http://napoveda.seznam.cz/seznambot-intro/)"
5.255.231.89 - - [17/Mar/2023:21:29:02 +0100] "GET /robots.txt HTTP/1.1" 404 1181 "-" "Mozilla/5.0 (compatible; YandexBot/3.0; +http://yandex.com/bots)"
87.250.224.205 - - [17/Mar/2023:21:29:06 +0100] "GET /new/hirek?page=1 HTTP/1.1" 200 14156 "-" "Mozilla/5.0 (compatible; YandexBot/3.0; +http://yandex.com/bots)"
49.12.13.109 - - [17/Mar/2023:21:32:33 +0100] "HEAD / HTTP/1.1" 200 0 "-" "Alert_Alligator_webmonitoring_service_1.6.3_(alertalligator.com)"
207.46.13.224 - - [17/Mar/2023:21:36:40 +0100] "GET /new/en/projects/description-our-projects-hungarian HTTP/1.1" 200 7312 "-" "Mozilla/5.0 AppleWebKit/537.36 (KHTML, like Gecko; compatible; bingbot/2.0; +http://www.bing.com/bingbot.htm) Chrome/103.0.5060.134 Safari/537.36"
64.124.8.38 - - [17/Mar/2023:21:42:04 +0100] "GET /robots.txt HTTP/1.1" 404 1181 "-" "Mozilla/5.0 (X11; Linux x86_64) AppleWebKit/537.36 (KHTML, like Gecko) Chrome/61.0.3163.79 Safari/537.36"
64.124.8.38 - - [17/Mar/2023:21:42:04 +0100] "GET /aktualis/011onk/index.html HTTP/1.1" 304 - "-" "Mozilla/5.0 (X11; Linux x86_64) AppleWebKit/537.36 (KHTML, like Gecko) Chrome/61.0.3163.79 Safari/537.36"
86.59.167.70 - - [17/Mar/2023:21:42:08 +0100] "GET /kutat/REVkutatas/3gazdalkodas/index.html HTTP/1.1" 200 88137 "https://www.google.com/" "Mozilla/5.0 (Windows NT 10.0; Win64; x64) AppleWebKit/537.36 (KHTML, like Gecko) Chrome/111.0.0.0 Safari/537.36"
86.59.167.70 - - [17/Mar/2023:21:42:08 +0100] "GET /galateia.css HTTP/1.1" 200 1717 "http://www.nosza.hu/kutat/REVkutatas/3gazdalkodas/index.html" "Mozilla/5.0 (Windows NT 10.0; Win64; x64) AppleWebKit/537.36 (KHTML, like Gecko) Chrome/111.0.0.0 Safari/537.36"
86.59.167.70 - - [17/Mar/2023:21:42:08 +0100] "GET /graphics/noszalogo.gif HTTP/1.1" 200 6797 "http://www.nosza.hu/kutat/REVkutatas/3gazdalkodas/index.html" "Mozilla/5.0 (Windows NT 10.0; Win64; x64) AppleWebKit/537.36 (KHTML, like Gecko) Chrome/111.0.0.0 Safari/537.36"
86.59.167.70 - - [17/Mar/2023:21:42:08 +0100] "GET /graphics/galas.gif HTTP/1.1" 200 913 "http://www.nosza.hu/kutat/REVkutatas/3gazdalkodas/index.html" "Mozilla/5.0 (Windows NT 10.0; Win64; x64) AppleWebKit/537.36 (KHTML, like Gecko) Chrome/111.0.0.0 Safari/537.36"
86.59.167.70 - - [17/Mar/2023:21:42:08 +0100] "GET /favicon.ico HTTP/1.1" 404 1181 "http://www.nosza.hu/kutat/REVkutatas/3gazdalkodas/index.html" "Mozilla/5.0 (Windows NT 10.0; Win64; x64) AppleWebKit/537.36 (KHTML, like Gecko) Chrome/111.0.0.0 Safari/537.36"
64.124.8.38 - - [17/Mar/2023:21:53:02 +0100] "GET /halozatok/JMCS/memo/03/index.html HTTP/1.1" 200 45451 "-" "Mozilla/5.0 (X11; Linux x86_64) AppleWebKit/537.36 (KHTML, like Gecko) Chrome/61.0.3163.79 Safari/537.36"
64.124.8.38 - - [17/Mar/2023:21:54:02 +0100] "GET /new/projektek/Nyitott%20jogalkot%C3%A1s HTTP/1.1" 200 9728 "-" "Mozilla/5.0 (X11; Linux x86_64) AppleWebKit/537.36 (KHTML, like Gecko) Chrome/61.0.3163.79 Safari/537.36"
64.124.8.38 - - [17/Mar/2023:21:56:28 +0100] "GET /new/node/92 HTTP/1.1" 200 7931 "-" "Mozilla/5.0 (X11; Linux x86_64) AppleWebKit/537.36 (KHTML, like Gecko) Chrome/61.0.3163.79 Safari/537.36"
64.124.8.38 - - [17/Mar/2023:22:09:26 +0100] "GET /new/en/news/association-laws-and-operation HTTP/1.1" 200 8093 "-" "Mozilla/5.0 (X11; Linux x86_64) AppleWebKit/537.36 (KHTML, like Gecko) Chrome/61.0.3163.79 Safari/537.36"
64.124.8.38 - - [17/Mar/2023:22:14:30 +0100] "GET /new/en/news/civil-society-organizations-%E2%80%93-social-organizations-%E2%80%93-civic-company-new-notions-introduced-new-c HTTP/1.1" 200 8329 "-" "Mozilla/5.0 (X11; Linux x86_64) AppleWebKit/537.36 (KHTML, like Gecko) Chrome/61.0.3163.79 Safari/537.36"
108.137.70.20 - - [17/Mar/2023:22:19:10 +0100] "GET / HTTP/1.1" 200 1010 "-" "Mozilla/5.0 (Windows NT 10.0; Win64; x64) AppleWebKit/537.36 (KHTML, like Gecko) Chrome/95.0.4638.69 Safari/537.36"
108.137.70.20 - - [17/Mar/2023:22:19:10 +0100] "GET /wp-includes/ID3/license.txt HTTP/1.1" 404 1181 "-" "Mozilla/5.0 (Windows NT 10.0; Win64; x64) AppleWebKit/537.36 (KHTML, like Gecko) Chrome/95.0.4638.69 Safari/537.36"
108.137.70.20 - - [17/Mar/2023:22:19:10 +0100] "GET /feed/ HTTP/1.1" 404 1181 "-" "Mozilla/5.0 (Windows NT 10.0; Win64; x64) AppleWebKit/537.36 (KHTML, like Gecko) Chrome/95.0.4638.69 Safari/537.36"
108.137.70.20 - - [17/Mar/2023:22:19:11 +0100] "GET /xmlrpc.php?rsd HTTP/1.1" 404 1181 "-" "Mozilla/5.0 (Windows NT 10.0; Win64; x64) AppleWebKit/537.36 (KHTML, like Gecko) Chrome/95.0.4638.69 Safari/537.36"
108.137.70.20 - - [17/Mar/2023:22:19:11 +0100] "GET /blog/wp-includes/wlwmanifest.xml HTTP/1.1" 404 1181 "-" "Mozilla/5.0 (Windows NT 10.0; Win64; x64) AppleWebKit/537.36 (KHTML, like Gecko) Chrome/95.0.4638.69 Safari/537.36"
108.137.70.20 - - [17/Mar/2023:22:19:11 +0100] "GET /web/wp-includes/wlwmanifest.xml HTTP/1.1" 404 1181 "-" "Mozilla/5.0 (Windows NT 10.0; Win64; x64) AppleWebKit/537.36 (KHTML, like Gecko) Chrome/95.0.4638.69 Safari/537.36"
108.137.70.20 - - [17/Mar/2023:22:19:11 +0100] "GET /wordpress/wp-includes/wlwmanifest.xml HTTP/1.1" 404 1181 "-" "Mozilla/5.0 (Windows NT 10.0; Win64; x64) AppleWebKit/537.36 (KHTML, like Gecko) Chrome/95.0.4638.69 Safari/537.36"
108.137.70.20 - - [17/Mar/2023:22:19:11 +0100] "GET /wp/wp-includes/wlwmanifest.xml HTTP/1.1" 404 1181 "-" "Mozilla/5.0 (Windows NT 10.0; Win64; x64) AppleWebKit/537.36 (KHTML, like Gecko) Chrome/95.0.4638.69 Safari/537.36"
108.137.70.20 - - [17/Mar/2023:22:19:12 +0100] "GET /2020/wp-includes/wlwmanifest.xml HTTP/1.1" 404 1181 "-" "Mozilla/5.0 (Windows NT 10.0; Win64; x64) AppleWebKit/537.36 (KHTML, like Gecko) Chrome/95.0.4638.69 Safari/537.36"
108.137.70.20 - - [17/Mar/2023:22:19:12 +0100] "GET /2019/wp-includes/wlwmanifest.xml HTTP/1.1" 404 1181 "-" "Mozilla/5.0 (Windows NT 10.0; Win64; x64) AppleWebKit/537.36 (KHTML, like Gecko) Chrome/95.0.4638.69 Safari/537.36"
108.137.70.20 - - [17/Mar/2023:22:19:12 +0100] "GET /2021/wp-includes/wlwmanifest.xml HTTP/1.1" 404 1181 "-" "Mozilla/5.0 (Windows NT 10.0; Win64; x64) AppleWebKit/537.36 (KHTML, like Gecko) Chrome/95.0.4638.69 Safari/537.36"
108.137.70.20 - - [17/Mar/2023:22:19:13 +0100] "GET /shop/wp-includes/wlwmanifest.xml HTTP/1.1" 404 1181 "-" "Mozilla/5.0 (Windows NT 10.0; Win64; x64) AppleWebKit/537.36 (KHTML, like Gecko) Chrome/95.0.4638.69 Safari/537.36"
108.137.70.20 - - [17/Mar/2023:22:19:13 +0100] "GET /wp1/wp-includes/wlwmanifest.xml HTTP/1.1" 404 1181 "-" "Mozilla/5.0 (Windows NT 10.0; Win64; x64) AppleWebKit/537.36 (KHTML, like Gecko) Chrome/95.0.4638.69 Safari/537.36"
108.137.70.20 - - [17/Mar/2023:22:19:13 +0100] "GET /test/wp-includes/wlwmanifest.xml HTTP/1.1" 404 1181 "-" "Mozilla/5.0 (Windows NT 10.0; Win64; x64) AppleWebKit/537.36 (KHTML, like Gecko) Chrome/95.0.4638.69 Safari/537.36"
108.137.70.20 - - [17/Mar/2023:22:19:13 +0100] "GET /site/wp-includes/wlwmanifest.xml HTTP/1.1" 404 1181 "-" "Mozilla/5.0 (Windows NT 10.0; Win64; x64) AppleWebKit/537.36 (KHTML, like Gecko) Chrome/95.0.4638.69 Safari/537.36"
108.137.70.20 - - [17/Mar/2023:22:19:14 +0100] "GET /cms/wp-includes/wlwmanifest.xml HTTP/1.1" 404 1181 "-" "Mozilla/5.0 (Windows NT 10.0; Win64; x64) AppleWebKit/537.36 (KHTML, like Gecko) Chrome/95.0.4638.69 Safari/537.36"
49.12.13.109 - - [17/Mar/2023:22:31:59 +0100] "HEAD / HTTP/1.1" 200 0 "-" "Alert_Alligator_webmonitoring_service_1.6.3_(alertalligator.com)"
64.124.8.38 - - [17/Mar/2023:22:38:05 +0100] "GET /new/magunkrol/partnereink HTTP/1.1" 200 11570 "-" "Mozilla/5.0 (X11; Linux x86_64) AppleWebKit/537.36 (KHTML, like Gecko) Chrome/61.0.3163.79 Safari/537.36"
216.244.66.229 - - [17/Mar/2023:22:53:26 +0100] "GET /robots.txt HTTP/1.1" 404 1181 "-" "Mozilla/5.0 (compatible; DotBot/1.2; +https://opensiteexplorer.org/dotbot; help@moz.com)"
216.244.66.229 - - [17/Mar/2023:22:57:07 +0100] "GET /aktualis/106GSZTcivil/index.html HTTP/1.1" 200 24702 "-" "Mozilla/5.0 (compatible; DotBot/1.2; +https://opensiteexplorer.org/dotbot; help@moz.com)"
64.124.8.38 - - [17/Mar/2023:22:58:18 +0100] "GET /new/hirek/2016 HTTP/1.1" 200 16790 "-" "Mozilla/5.0 (X11; Linux x86_64) AppleWebKit/537.36 (KHTML, like Gecko) Chrome/61.0.3163.79 Safari/537.36"
114.119.142.7 - - [17/Mar/2023:22:59:32 +0100] "GET /new/dossziek/publikaciok HTTP/1.1" 200 8283 "http://www.nosza.hu/new/dossziek/hirek" "Mozilla/5.0 (Linux; Android 7.0;) AppleWebKit/537.36 (KHTML, like Gecko) Mobile Safari/537.36 (compatible; PetalBot;+https://webmaster.petalsearch.com/site/petalbot)"
64.124.8.38 - - [17/Mar/2023:23:19:05 +0100] "GET /new/elerhetoseg HTTP/1.1" 200 8052 "-" "Mozilla/5.0 (X11; Linux x86_64) AppleWebKit/537.36 (KHTML, like Gecko) Chrome/61.0.3163.79 Safari/537.36"
64.124.8.38 - - [17/Mar/2023:23:20:45 +0100] "GET /new/projektek/m%C5%B1k%C3%B6d%C3%A9si-p%C3%A1ly%C3%A1zat-2016-2017 HTTP/1.1" 200 12024 "-" "Mozilla/5.0 (X11; Linux x86_64) AppleWebKit/537.36 (KHTML, like Gecko) Chrome/61.0.3163.79 Safari/537.36"
49.12.13.109 - - [17/Mar/2023:23:31:21 +0100] "HEAD / HTTP/1.1" 200 0 "-" "Alert_Alligator_webmonitoring_service_1.6.3_(alertalligator.com)"
64.124.8.38 - - [17/Mar/2023:23:35:01 +0100] "GET /new/publikaciok/hirek HTTP/1.1" 200 8669 "-" "Mozilla/5.0 (X11; Linux x86_64) AppleWebKit/537.36 (KHTML, like Gecko) Chrome/61.0.3163.79 Safari/537.36"
54.36.148.135 - - [17/Mar/2023:23:35:10 +0100] "GET /new/en/ HTTP/1.1" 200 9252 "-" "Mozilla/5.0 (compatible; AhrefsBot/7.0; +http://ahrefs.com/robot/)"
64.124.8.25 - - [17/Mar/2023:23:39:46 +0100] "GET /robots.txt HTTP/1.1" 404 1181 "-" "Mozilla/5.0 (X11; Linux x86_64) AppleWebKit/537.36 (KHTML, like Gecko) Chrome/61.0.3163.79 Safari/537.36"
64.124.8.25 - - [17/Mar/2023:23:39:47 +0100] "GET /aktualis/109kozigazg/index.html HTTP/1.1" 200 7627 "-" "Mozilla/5.0 (X11; Linux x86_64) AppleWebKit/537.36 (KHTML, like Gecko) Chrome/61.0.3163.79 Safari/537.36"
64.124.8.38 - - [17/Mar/2023:23:47:36 +0100] "GET /new/magunkrol/publikaciok HTTP/1.1" 200 9971 "-" "Mozilla/5.0 (X11; Linux x86_64) AppleWebKit/537.36 (KHTML, like Gecko) Chrome/61.0.3163.79 Safari/537.36"
40.77.167.131 - - [18/Mar/2023:00:09:20 +0100] "GET / HTTP/1.1" 200 1010 "-" "Mozilla/5.0 AppleWebKit/537.36 (KHTML, like Gecko; compatible; bingbot/2.0; +http://www.bing.com/bingbot.htm) Chrome/103.0.5060.134 Safari/537.36"
64.124.8.38 - - [18/Mar/2023:00:10:48 +0100] "GET /3kutat/index.html HTTP/1.1" 304 - "-" "Mozilla/5.0 (X11; Linux x86_64) AppleWebKit/537.36 (KHTML, like Gecko) Chrome/61.0.3163.79 Safari/537.36"
212.237.51.151 - - [18/Mar/2023:00:17:25 +0100] "HEAD / HTTP/1.1" 200 0 "-" "Alert_Alligator_webmonitoring_service_1.6.4_(alertalligator.com)"
64.124.8.38 - - [18/Mar/2023:00:23:17 +0100] "GET /new/en/news/2013 HTTP/1.1" 200 15657 "-" "Mozilla/5.0 (X11; Linux x86_64) AppleWebKit/537.36 (KHTML, like Gecko) Chrome/61.0.3163.79 Safari/537.36"
5.188.62.21 - - [18/Mar/2023:00:30:35 +0100] "GET / HTTP/1.1" 200 1010 "-" "Mozilla/5.0 (Windows NT 10.0; Win64; x64) AppleWebKit/537.36 (KHTML, like Gecko) Chrome/100.0.4758.11 Safari/537.36"
5.188.62.21 - - [18/Mar/2023:00:30:39 +0100] "GET /robots.txt HTTP/1.1" 404 1181 "-" "Mozilla/5.0 (Windows NT 10.0; Win64; x64) AppleWebKit/537.36 (KHTML, like Gecko) Chrome/100.0.4758.11 Safari/537.36"
64.124.8.38 - - [18/Mar/2023:01:03:17 +0100] "GET /new/en/contact_us HTTP/1.1" 200 7267 "-" "Mozilla/5.0 (X11; Linux x86_64) AppleWebKit/537.36 (KHTML, like Gecko) Chrome/61.0.3163.79 Safari/537.36"
49.12.13.109 - - [18/Mar/2023:01:16:26 +0100] "HEAD / HTTP/1.1" 200 0 "-" "Alert_Alligator_webmonitoring_service_1.6.3_(alertalligator.com)"
64.124.8.38 - - [18/Mar/2023:01:17:27 +0100] "GET /new/publikaciok/2009 HTTP/1.1" 200 9172 "-" "Mozilla/5.0 (X11; Linux x86_64) AppleWebKit/537.36 (KHTML, like Gecko) Chrome/61.0.3163.79 Safari/537.36"
35.90.222.51 - - [18/Mar/2023:01:27:12 +0100] "GET / HTTP/1.1" 200 1010 "-" "Mozilla/5.0 (X11; Linux x86_64) AppleWebKit/537.36 (KHTML, like Gecko) Chrome/83.0.4103.97 Safari/537.36"
18.237.31.103 - - [18/Mar/2023:01:27:29 +0100] "GET /favicon.ico HTTP/1.1" 404 1181 "-" "Mozilla/5.0 (X11; Linux x86_64) AppleWebKit/537.36 (KHTML, like Gecko) Chrome/83.0.4103.97 Safari/537.36"
18.237.31.103 - - [18/Mar/2023:01:27:30 +0100] "GET / HTTP/1.1" 200 1010 "-" "Mozilla/5.0 (X11; Linux x86_64) AppleWebKit/537.36 (KHTML, like Gecko) Chrome/83.0.4103.97 Safari/537.36"
54.36.149.2 - - [18/Mar/2023:01:33:07 +0100] "GET /new/hirek/elindult-az-eloszt%C3%B3-projekt-facebook-oldala HTTP/1.1" 200 9225 "-" "Mozilla/5.0 (compatible; AhrefsBot/7.0; +http://ahrefs.com/robot/)"
216.244.66.229 - - [18/Mar/2023:01:34:53 +0100] "GET /robots.txt HTTP/1.1" 404 1181 "-" "Mozilla/5.0 (compatible; DotBot/1.2; +https://opensiteexplorer.org/dotbot; help@moz.com)"
64.124.8.38 - - [18/Mar/2023:01:37:04 +0100] "GET /new/hirek HTTP/1.1" 200 16778 "-" "Mozilla/5.0 (X11; Linux x86_64) AppleWebKit/537.36 (KHTML, like Gecko) Chrome/61.0.3163.79 Safari/537.36"
216.244.66.229 - - [18/Mar/2023:01:38:40 +0100] "GET /new/hirek/2016 HTTP/1.1" 200 16790 "-" "Mozilla/5.0 (compatible; DotBot/1.2; +https://opensiteexplorer.org/dotbot; help@moz.com)"
216.244.66.229 - - [18/Mar/2023:01:39:37 +0100] "GET /aktualis/105onk/index.html HTTP/1.1" 200 65506 "-" "Mozilla/5.0 (compatible; DotBot/1.2; +https://opensiteexplorer.org/dotbot; help@moz.com)"
216.244.66.229 - - [18/Mar/2023:01:42:55 +0100] "GET /new/projektek/m%C5%B1k%C3%B6d%C3%A9si-p%C3%A1ly%C3%A1zat-2017-18 HTTP/1.1" 200 11920 "-" "Mozilla/5.0 (compatible; DotBot/1.2; +https://opensiteexplorer.org/dotbot; help@moz.com)"
64.124.8.38 - - [18/Mar/2023:01:43:59 +0100] "GET /new/publikaciok/szabads%C3%A1gjogok-%C3%A9s-radik%C3%A1lis-mozgalmak-k%C3%B6z%C3%A9p-kelet-eur%C3%B3p%C3%A1ban HTTP/1.1" 200 9274 "-" "Mozilla/5.0 (X11; Linux x86_64) AppleWebKit/537.36 (KHTML, like Gecko) Chrome/61.0.3163.79 Safari/537.36"
216.244.66.229 - - [18/Mar/2023:01:44:43 +0100] "GET /new/sites/default/files/Hatranyos%20regio.pdf HTTP/1.1" 200 2109596 "-" "Mozilla/5.0 (compatible; DotBot/1.2; +https://opensiteexplorer.org/dotbot; help@moz.com)"
91.233.21.70 - - [18/Mar/2023:01:45:19 +0100] "GET /.well-known/pki-validation/CD4094219482FC71DDD6554F534432D5.txt HTTP/1.1" 404 1181 "-" "COMODO DCV"
91.233.21.70 - - [18/Mar/2023:01:45:19 +0100] "GET /.well-known/pki-validation/2DEB0446ACC0B374C1F8F8F259035318.txt HTTP/1.1" 404 1181 "-" "COMODO DCV"
216.244.66.229 - - [18/Mar/2023:01:47:52 +0100] "GET /new/node/95 HTTP/1.1" 200 7923 "-" "Mozilla/5.0 (compatible; DotBot/1.2; +https://opensiteexplorer.org/dotbot; help@moz.com)"
64.124.8.38 - - [18/Mar/2023:02:15:41 +0100] "GET /new/hirek/publikaciok HTTP/1.1" 200 17124 "-" "Mozilla/5.0 (X11; Linux x86_64) AppleWebKit/537.36 (KHTML, like Gecko) Chrome/61.0.3163.79 Safari/537.36"
64.124.8.38 - - [18/Mar/2023:02:17:42 +0100] "GET /new/en/projects/description-our-projects-hungarian HTTP/1.1" 200 7312 "-" "Mozilla/5.0 (X11; Linux x86_64) AppleWebKit/537.36 (KHTML, like Gecko) Chrome/61.0.3163.79 Safari/537.36"
212.237.53.115 - - [18/Mar/2023:02:19:51 +0100] "HEAD / HTTP/1.1" 200 0 "-" "Alert_Alligator_webmonitoring_service_1.6.4_(alertalligator.com)"
64.124.8.38 - - [18/Mar/2023:02:23:52 +0100] "GET /new/publikaciok/hirek HTTP/1.1" 200 8669 "-" "Mozilla/5.0 (X11; Linux x86_64) AppleWebKit/537.36 (KHTML, like Gecko) Chrome/61.0.3163.79 Safari/537.36"
64.124.8.38 - - [18/Mar/2023:02:26:28 +0100] "GET /konferenciak/2konferencia/2resztvevok/index.html HTTP/1.1" 304 - "-" "Mozilla/5.0 (X11; Linux x86_64) AppleWebKit/537.36 (KHTML, like Gecko) Chrome/61.0.3163.79 Safari/537.36"
185.144.83.51 - - [18/Mar/2023:02:35:07 +0100] "GET / HTTP/1.1" 200 1010 "-" "Mozilla/5.0 (Windows NT 10.0; Win64; x64) AppleWebKit/537.36 (KHTML, like Gecko) Chrome/84.0.4147.105 Safari/537.36"
64.124.8.38 - - [18/Mar/2023:02:46:20 +0100] "GET /new/dossziek/Teszt%20dosszi%C3%A9 HTTP/1.1" 200 8924 "-" "Mozilla/5.0 (X11; Linux x86_64) AppleWebKit/537.36 (KHTML, like Gecko) Chrome/61.0.3163.79 Safari/537.36"
51.222.253.7 - - [18/Mar/2023:02:47:36 +0100] "GET /robots.txt HTTP/1.1" 404 1181 "-" "Mozilla/5.0 (compatible; AhrefsBot/7.0; +http://ahrefs.com/robot/)"
64.124.8.25 - - [18/Mar/2023:03:02:47 +0100] "GET /aktualis/1gyikNCA/palyazat/index.html HTTP/1.1" 304 - "-" "Mozilla/5.0 (X11; Linux x86_64) AppleWebKit/537.36 (KHTML, like Gecko) Chrome/61.0.3163.79 Safari/537.36"
64.124.8.38 - - [18/Mar/2023:03:08:38 +0100] "GET /robots.txt HTTP/1.1" 404 1181 "-" "Mozilla/5.0 (X11; Linux x86_64) AppleWebKit/537.36 (KHTML, like Gecko) Chrome/61.0.3163.79 Safari/537.36"
64.124.8.38 - - [18/Mar/2023:03:15:49 +0100] "GET /new/publikaciok/cseh-lengyel-%C3%A9s-magyar-ptk-nonprofit-szervezetekre-vonatkoz%C3%B3-r%C3%A9szeinek-%C3%B6sszehasonl%C3%ADt%C3%A1sa HTTP/1.1" 200 8521 "-" "Mozilla/5.0 (X11; Linux x86_64) AppleWebKit/537.36 (KHTML, like Gecko) Chrome/61.0.3163.79 Safari/537.36"
64.124.8.25 - - [18/Mar/2023:03:16:50 +0100] "GET /aktualis/108autopalya/index.html HTTP/1.1" 200 7574 "-" "Mozilla/5.0 (X11; Linux x86_64) AppleWebKit/537.36 (KHTML, like Gecko) Chrome/61.0.3163.79 Safari/537.36"
212.237.53.115 - - [18/Mar/2023:03:18:11 +0100] "HEAD / HTTP/1.1" 200 0 "-" "Alert_Alligator_webmonitoring_service_1.6.4_(alertalligator.com)"
54.36.148.171 - - [18/Mar/2023:03:21:42 +0100] "GET /new/ HTTP/1.1" 200 10256 "-" "Mozilla/5.0 (compatible; AhrefsBot/7.0; +http://ahrefs.com/robot/)"
66.249.64.138 - - [18/Mar/2023:03:27:30 +0100] "GET /robots.txt HTTP/1.1" 404 1181 "-" "Mozilla/5.0 (compatible; Googlebot/2.1; +http://www.google.com/bot.html)"
66.249.64.143 - - [18/Mar/2023:03:27:31 +0100] "GET /kutat/REVkutatas/4projektek/ HTTP/1.1" 200 68956 "-" "Mozilla/5.0 (Linux; Android 6.0.1; Nexus 5X Build/MMB29P) AppleWebKit/537.36 (KHTML, like Gecko) Chrome/111.0.5563.64 Mobile Safari/537.36 (compatible; Googlebot/2.1; +http://www.google.com/bot.html)"
64.124.8.38 - - [18/Mar/2023:03:32:47 +0100] "GET /new/node/91 HTTP/1.1" 200 8080 "-" "Mozilla/5.0 (X11; Linux x86_64) AppleWebKit/537.36 (KHTML, like Gecko) Chrome/61.0.3163.79 Safari/537.36"
77.75.79.31 - - [18/Mar/2023:03:43:41 +0100] "GET /aktualis/1gyikNCA/index.html HTTP/1.1" 200 22264 "-" "Mozilla/5.0 (compatible; SeznamBot/4.0-RC1; +http://napoveda.seznam.cz/seznambot-intro/)"
64.124.8.25 - - [18/Mar/2023:04:02:30 +0100] "GET /konferenciak/040memo/index.html HTTP/1.1" 200 33575 "-" "Mozilla/5.0 (X11; Linux x86_64) AppleWebKit/537.36 (KHTML, like Gecko) Chrome/61.0.3163.79 Safari/537.36"
213.180.203.233 - - [18/Mar/2023:04:05:12 +0100] "GET /robots.txt HTTP/1.1" 404 1181 "-" "Mozilla/5.0 (compatible; YandexBot/3.0; +http://yandex.com/bots)"
213.180.203.235 - - [18/Mar/2023:04:05:13 +0100] "GET /new/content/publikaciok HTTP/1.1" 404 7640 "-" "Mozilla/5.0 (compatible; YandexBot/3.0; +http://yandex.com/bots)"
64.124.8.38 - - [18/Mar/2023:04:10:45 +0100] "GET /kutat/REVkutatas/1gazdasag/in- HTTP/1.1" 404 1181 "-" "Mozilla/5.0 (X11; Linux x86_64) AppleWebKit/537.36 (KHTML, like Gecko) Chrome/61.0.3163.79 Safari/537.36"
64.124.8.38 - - [18/Mar/2023:04:14:32 +0100] "GET /halozatok/JMCS/memo/08/index.html HTTP/1.1" 304 - "-" "Mozilla/5.0 (X11; Linux x86_64) AppleWebKit/537.36 (KHTML, like Gecko) Chrome/61.0.3163.79 Safari/537.36"
216.244.66.229 - - [18/Mar/2023:04:16:39 +0100] "GET /robots.txt HTTP/1.1" 404 1181 "-" "Mozilla/5.0 (compatible; DotBot/1.2; +https://opensiteexplorer.org/dotbot; help@moz.com)"
49.12.13.109 - - [18/Mar/2023:04:17:25 +0100] "HEAD / HTTP/1.1" 200 0 "-" "Alert_Alligator_webmonitoring_service_1.6.3_(alertalligator.com)"
216.244.66.229 - - [18/Mar/2023:04:20:03 +0100] "GET /new/hirek/elindult-az-eloszt%C3%B3-projekt-facebook-oldala HTTP/1.1" 200 9225 "-" "Mozilla/5.0 (compatible; DotBot/1.2; +https://opensiteexplorer.org/dotbot; help@moz.com)"
64.124.8.38 - - [18/Mar/2023:04:21:15 +0100] "GET /new/node/publikaciok HTTP/1.1" 404 7637 "-" "Mozilla/5.0 (X11; Linux x86_64) AppleWebKit/537.36 (KHTML, like Gecko) Chrome/61.0.3163.79 Safari/537.36"
216.244.66.229 - - [18/Mar/2023:04:24:08 +0100] "GET /new/hirek?page=1 HTTP/1.1" 200 14156 "-" "Mozilla/5.0 (compatible; DotBot/1.2; +https://opensiteexplorer.org/dotbot; help@moz.com)"
66.249.64.138 - - [18/Mar/2023:04:25:33 +0100] "GET /new/sites/default/files/NOSZA%20K%C3%B6zhaszn%C3%BA%20Jelent%C3%A9s%202014_0.pdf HTTP/1.1" 200 1561935 "-" "Googlebot/2.1 (+http://www.google.com/bot.html)"
64.124.8.38 - - [18/Mar/2023:04:28:24 +0100] "GET /new/projektek/Nyitott%20jogalkot%C3%A1s HTTP/1.1" 200 9728 "-" "Mozilla/5.0 (X11; Linux x86_64) AppleWebKit/537.36 (KHTML, like Gecko) Chrome/61.0.3163.79 Safari/537.36"
64.124.8.38 - - [18/Mar/2023:04:28:39 +0100] "GET /kutat/index.html HTTP/1.1" 304 - "-" "Mozilla/5.0 (X11; Linux x86_64) AppleWebKit/537.36 (KHTML, like Gecko) Chrome/61.0.3163.79 Safari/537.36"
64.124.8.38 - - [18/Mar/2023:04:35:03 +0100] "GET /aktualis/105onk/index.html HTTP/1.1" 304 - "-" "Mozilla/5.0 (X11; Linux x86_64) AppleWebKit/537.36 (KHTML, like Gecko) Chrome/61.0.3163.79 Safari/537.36"
64.124.8.38 - - [18/Mar/2023:04:38:30 +0100] "GET /new/en/dossiers HTTP/1.1" 200 7967 "-" "Mozilla/5.0 (X11; Linux x86_64) AppleWebKit/537.36 (KHTML, like Gecko) Chrome/61.0.3163.79 Safari/537.36"
64.124.8.38 - - [18/Mar/2023:04:46:29 +0100] "GET /new/en/about_us/our_staff HTTP/1.1" 200 8901 "-" "Mozilla/5.0 (X11; Linux x86_64) AppleWebKit/537.36 (KHTML, like Gecko) Chrome/61.0.3163.79 Safari/537.36"
64.124.8.38 - - [18/Mar/2023:05:00:43 +0100] "GET /new/node/93 HTTP/1.1" 200 7939 "-" "Mozilla/5.0 (X11; Linux x86_64) AppleWebKit/537.36 (KHTML, like Gecko) Chrome/61.0.3163.79 Safari/537.36"
64.124.8.38 - - [18/Mar/2023:05:02:22 +0100] "GET /new/publikaciok/szabads%C3%A1gjogok-%C3%A9s-radik%C3%A1lis-mozgalmak-k%C3%B6z%C3%A9p-kelet-eur%C3%B3p%C3%A1ban HTTP/1.1" 200 9274 "-" "Mozilla/5.0 (X11; Linux x86_64) AppleWebKit/537.36 (KHTML, like Gecko) Chrome/61.0.3163.79 Safari/537.36"
216.244.66.229 - - [18/Mar/2023:05:03:44 +0100] "GET /robots.txt HTTP/1.1" 404 1181 "-" "Mozilla/5.0 (compatible; DotBot/1.2; +https://opensiteexplorer.org/dotbot; help@moz.com)"
216.244.66.229 - - [18/Mar/2023:05:06:37 +0100] "GET /new/en/about_us/supporters HTTP/1.1" 200 11066 "-" "Mozilla/5.0 (compatible; DotBot/1.2; +https://opensiteexplorer.org/dotbot; help@moz.com)"
212.237.23.143 - - [18/Mar/2023:05:12:26 +0100] "HEAD / HTTP/1.1" 200 0 "-" "Alert_Alligator_webmonitoring_service_1.6.4_(alertalligator.com)"
64.124.8.38 - - [18/Mar/2023:05:12:33 +0100] "GET /new/publications HTTP/1.1" 200 8084 "-" "Mozilla/5.0 (X11; Linux x86_64) AppleWebKit/537.36 (KHTML, like Gecko) Chrome/61.0.3163.79 Safari/537.36"
64.124.8.38 - - [18/Mar/2023:05:18:55 +0100] "GET /new/en/about_us/supporters HTTP/1.1" 200 11066 "-" "Mozilla/5.0 (X11; Linux x86_64) AppleWebKit/537.36 (KHTML, like Gecko) Chrome/61.0.3163.79 Safari/537.36"
66.249.64.143 - - [18/Mar/2023:05:33:33 +0100] "GET /graphics/galas.gif HTTP/1.1" 304 - "-" "Googlebot-Image/1.0"
64.124.8.38 - - [18/Mar/2023:05:34:20 +0100] "GET /new/en/news/training-materials-support-csos HTTP/1.1" 200 8120 "-" "Mozilla/5.0 (X11; Linux x86_64) AppleWebKit/537.36 (KHTML, like Gecko) Chrome/61.0.3163.79 Safari/537.36"
64.124.8.38 - - [18/Mar/2023:05:36:30 +0100] "GET /konferenciak/03konf/index.html HTTP/1.1" 200 13272 "-" "Mozilla/5.0 (X11; Linux x86_64) AppleWebKit/537.36 (KHTML, like Gecko) Chrome/61.0.3163.79 Safari/537.36"
64.124.8.38 - - [18/Mar/2023:05:37:37 +0100] "GET /new/publikaciok/2008 HTTP/1.1" 200 9395 "-" "Mozilla/5.0 (X11; Linux x86_64) AppleWebKit/537.36 (KHTML, like Gecko) Chrome/61.0.3163.79 Safari/537.36"
64.124.8.38 - - [18/Mar/2023:05:49:44 +0100] "GET /new/node/95 HTTP/1.1" 200 7923 "-" "Mozilla/5.0 (X11; Linux x86_64) AppleWebKit/537.36 (KHTML, like Gecko) Chrome/61.0.3163.79 Safari/537.36"
216.244.66.229 - - [18/Mar/2023:05:50:12 +0100] "GET /robots.txt HTTP/1.1" 404 1181 "-" "Mozilla/5.0 (compatible; DotBot/1.2; +https://opensiteexplorer.org/dotbot; help@moz.com)"
216.244.66.229 - - [18/Mar/2023:05:52:10 +0100] "GET /halozatok/index.html HTTP/1.1" 200 5818 "-" "Mozilla/5.0 (compatible; DotBot/1.2; +https://opensiteexplorer.org/dotbot; help@moz.com)"
64.124.8.38 - - [18/Mar/2023:06:11:50 +0100] "GET /new/en/projects/Test%20project HTTP/1.1" 200 7194 "-" "Mozilla/5.0 (X11; Linux x86_64) AppleWebKit/537.36 (KHTML, like Gecko) Chrome/61.0.3163.79 Safari/537.36"
64.124.8.38 - - [18/Mar/2023:06:15:29 +0100] "GET /new/projektek/%C3%B6nk%C3%A9ntes-menedzsment-tr%C3%A9ning HTTP/1.1" 200 9714 "-" "Mozilla/5.0 (X11; Linux x86_64) AppleWebKit/537.36 (KHTML, like Gecko) Chrome/61.0.3163.79 Safari/537.36"
212.237.23.143 - - [18/Mar/2023:06:15:49 +0100] "HEAD / HTTP/1.1" 200 0 "-" "Alert_Alligator_webmonitoring_service_1.6.4_(alertalligator.com)"
