212.237.51.151 - - [22/Apr/2023:08:00:06 +0200] "HEAD / HTTP/1.1" 200 0 "-" "Alert_Alligator_webmonitoring_service_1.6.4_(alertalligator.com)"
162.55.85.229 - - [22/Apr/2023:08:13:29 +0200] "GET /robots.txt HTTP/1.1" 404 1181 "-" "Mozilla/5.0 (compatible; BLEXBot/1.0; +http://webmeup-crawler.com/)"
162.55.85.229 - - [22/Apr/2023:08:13:34 +0200] "GET /sitemap HTTP/1.1" 404 1181 "-" "Mozilla/5.0 (compatible; BLEXBot/1.0; +http://webmeup-crawler.com/)"
162.55.85.229 - - [22/Apr/2023:08:13:43 +0200] "GET /sitemap.txt HTTP/1.1" 404 1181 "-" "Mozilla/5.0 (compatible; BLEXBot/1.0; +http://webmeup-crawler.com/)"
162.55.85.229 - - [22/Apr/2023:08:13:52 +0200] "GET /robots.txt HTTP/1.1" 404 1181 "-" "Mozilla/5.0 (compatible; BLEXBot/1.0; +http://webmeup-crawler.com/)"
162.55.85.229 - - [22/Apr/2023:08:13:58 +0200] "GET /new/ HTTP/1.1" 200 10256 "-" "Mozilla/5.0 (compatible; BLEXBot/1.0; +http://webmeup-crawler.com/)"
185.191.171.40 - - [22/Apr/2023:08:30:09 +0200] "GET /halozatok/muhely/tagok/index.html HTTP/1.1" 200 25134 "-" "Mozilla/5.0 (compatible; SemrushBot/7~bl; +http://www.semrush.com/bot.html)"
178.164.158.142 - - [22/Apr/2023:08:39:42 +0200] "GET /galateia.css HTTP/1.1" 200 1717 "http://www.nosza.hu/kutat/REVkutatas/3gazdalkodas/index.html" "Mozilla/5.0 (Windows NT 10.0; Win64; x64) AppleWebKit/537.36 (KHTML, like Gecko) Chrome/112.0.0.0 Safari/537.36"
178.164.158.142 - - [22/Apr/2023:08:39:42 +0200] "GET /graphics/noszalogo.gif HTTP/1.1" 200 6797 "http://www.nosza.hu/kutat/REVkutatas/3gazdalkodas/index.html" "Mozilla/5.0 (Windows NT 10.0; Win64; x64) AppleWebKit/537.36 (KHTML, like Gecko) Chrome/112.0.0.0 Safari/537.36"
178.164.158.142 - - [22/Apr/2023:08:39:42 +0200] "GET /kutat/REVkutatas/3gazdalkodas/index.html HTTP/1.1" 200 88137 "https://www.google.com/" "Mozilla/5.0 (Windows NT 10.0; Win64; x64) AppleWebKit/537.36 (KHTML, like Gecko) Chrome/112.0.0.0 Safari/537.36"
178.164.158.142 - - [22/Apr/2023:08:39:42 +0200] "GET /graphics/galas.gif HTTP/1.1" 200 913 "http://www.nosza.hu/kutat/REVkutatas/3gazdalkodas/index.html" "Mozilla/5.0 (Windows NT 10.0; Win64; x64) AppleWebKit/537.36 (KHTML, like Gecko) Chrome/112.0.0.0 Safari/537.36"
178.164.158.142 - - [22/Apr/2023:08:39:43 +0200] "GET /favicon.ico HTTP/1.1" 404 1181 "http://www.nosza.hu/kutat/REVkutatas/3gazdalkodas/index.html" "Mozilla/5.0 (Windows NT 10.0; Win64; x64) AppleWebKit/537.36 (KHTML, like Gecko) Chrome/112.0.0.0 Safari/537.36"
212.237.23.143 - - [22/Apr/2023:08:52:09 +0200] "HEAD / HTTP/1.1" 200 0 "-" "Alert_Alligator_webmonitoring_service_1.6.4_(alertalligator.com)"
185.191.171.36 - - [22/Apr/2023:08:59:29 +0200] "GET /robots.txt HTTP/1.1" 404 1181 "-" "Mozilla/5.0 (compatible; SemrushBot/7~bl; +http://www.semrush.com/bot.html)"
185.191.171.9 - - [22/Apr/2023:08:59:32 +0200] "GET /new/dossziek HTTP/1.1" 200 9972 "-" "Mozilla/5.0 (compatible; SemrushBot/7~bl; +http://www.semrush.com/bot.html)"
17.241.219.205 - - [22/Apr/2023:09:01:31 +0200] "GET /favicon.ico HTTP/1.1" 404 1181 "-" "Mozilla/5.0 (Macintosh; Intel Mac OS X 10_15_5) AppleWebKit/605.1.15 (KHTML, like Gecko) Version/13.1.1 Safari/605.1.15 (Applebot/0.1; +http://www.apple.com/go/applebot)"
212.237.23.143 - - [22/Apr/2023:09:46:35 +0200] "HEAD / HTTP/1.1" 200 0 "-" "Alert_Alligator_webmonitoring_service_1.6.4_(alertalligator.com)"
66.249.64.143 - - [22/Apr/2023:09:52:07 +0200] "GET /index.html HTTP/1.1" 304 - "-" "Mozilla/5.0 (Linux; Android 6.0.1; Nexus 5X Build/MMB29P) AppleWebKit/537.36 (KHTML, like Gecko) Chrome/112.0.5615.142 Mobile Safari/537.36 (compatible; Googlebot/2.1; +http://www.google.com/bot.html)"
185.191.171.35 - - [22/Apr/2023:10:06:26 +0200] "GET /robots.txt HTTP/1.1" 404 1181 "-" "Mozilla/5.0 (compatible; SemrushBot/7~bl; +http://www.semrush.com/bot.html)"
185.191.171.2 - - [22/Apr/2023:10:06:28 +0200] "GET /aktualis/106GSZTcivil/index.html HTTP/1.1" 200 24702 "-" "Mozilla/5.0 (compatible; SemrushBot/7~bl; +http://www.semrush.com/bot.html)"
49.12.13.109 - - [22/Apr/2023:10:45:38 +0200] "HEAD / HTTP/1.1" 200 0 "-" "Alert_Alligator_webmonitoring_service_1.6.3_(alertalligator.com)"
185.191.171.14 - - [22/Apr/2023:11:01:59 +0200] "GET /konferenciak/041memo/index.html HTTP/1.1" 200 34889 "-" "Mozilla/5.0 (compatible; SemrushBot/7~bl; +http://www.semrush.com/bot.html)"
66.249.64.143 - - [22/Apr/2023:11:38:23 +0200] "GET /robots.txt HTTP/1.1" 404 1181 "-" "Mozilla/5.0 (compatible; Googlebot/2.1; +http://www.google.com/bot.html)"
66.249.64.143 - - [22/Apr/2023:11:38:24 +0200] "GET /new/sites/default/files/bulgarian%20final.pdf HTTP/1.1" 200 509919 "-" "Mozilla/5.0 (compatible; Googlebot/2.1; +http://www.google.com/bot.html)"
49.12.13.109 - - [22/Apr/2023:11:44:47 +0200] "HEAD / HTTP/1.1" 200 0 "-" "Alert_Alligator_webmonitoring_service_1.6.3_(alertalligator.com)"
213.180.203.207 - - [22/Apr/2023:12:35:38 +0200] "GET /robots.txt HTTP/1.1" 404 1181 "-" "Mozilla/5.0 (compatible; YandexBot/3.0; +http://yandex.com/bots)"
213.180.203.247 - - [22/Apr/2023:12:35:41 +0200] "GET /new/content/civil-szervezeti-l%C3%A9t-r%C3%A9gi-%C3%A9s-%C3%BAj-kih%C3%ADv%C3%A1sai HTTP/1.1" 200 9213 "-" "Mozilla/5.0 (compatible; YandexBot/3.0; +http://yandex.com/bots)"
185.191.171.12 - - [22/Apr/2023:12:36:18 +0200] "GET /robots.txt HTTP/1.1" 404 1181 "-" "Mozilla/5.0 (compatible; SemrushBot/7~bl; +http://www.semrush.com/bot.html)"
185.191.171.39 - - [22/Apr/2023:12:36:23 +0200] "GET /new/magunkrol/publikaciok HTTP/1.1" 200 9971 "-" "Mozilla/5.0 (compatible; SemrushBot/7~bl; +http://www.semrush.com/bot.html)"
212.237.23.143 - - [22/Apr/2023:12:40:47 +0200] "HEAD / HTTP/1.1" 200 0 "-" "Alert_Alligator_webmonitoring_service_1.6.4_(alertalligator.com)"
185.191.171.10 - - [22/Apr/2023:12:41:20 +0200] "GET /new/hirek/2009?page=1 HTTP/1.1" 200 14140 "-" "Mozilla/5.0 (compatible; SemrushBot/7~bl; +http://www.semrush.com/bot.html)"
66.249.70.178 - - [22/Apr/2023:13:02:31 +0200] "GET /robots.txt HTTP/1.1" 404 1181 "-" "Mozilla/5.0 (compatible; Googlebot/2.1; +http://www.google.com/bot.html)"
66.249.70.178 - - [22/Apr/2023:13:02:31 +0200] "GET /aktualis/105onk/onkentes/index.html HTTP/1.1" 200 24562 "-" "Mozilla/5.0 (Linux; Android 6.0.1; Nexus 5X Build/MMB29P) AppleWebKit/537.36 (KHTML, like Gecko) Chrome/112.0.5615.142 Mobile Safari/537.36 (compatible; Googlebot/2.1; +http://www.google.com/bot.html)"
66.249.70.178 - - [22/Apr/2023:13:02:52 +0200] "GET /galateia.css HTTP/1.1" 200 1717 "http://nosza.hu/aktualis/105onk/onkentes/index.html" "Mozilla/5.0 (Linux; Android 6.0.1; Nexus 5X Build/MMB29P) AppleWebKit/537.36 (KHTML, like Gecko) Chrome/112.0.5615.142 Mobile Safari/537.36 (compatible; Googlebot/2.1; +http://www.google.com/bot.html)"
66.249.70.178 - - [22/Apr/2023:13:04:10 +0200] "GET /favicon.ico HTTP/1.1" 404 1181 "-" "Googlebot-Image/1.0"
49.12.13.109 - - [22/Apr/2023:13:39:50 +0200] "HEAD / HTTP/1.1" 200 0 "-" "Alert_Alligator_webmonitoring_service_1.6.3_(alertalligator.com)"
54.161.41.102 - - [22/Apr/2023:13:45:22 +0200] "GET /robots.txt HTTP/1.1" 404 1181 "-" "Mozilla/5.0 (compatible; Neevabot/1.0; +https://neeva.com/neevabot)"
54.161.41.102 - - [22/Apr/2023:13:45:46 +0200] "GET /konferenciak/07egszbbesz/07egszbpr/egszbreg/index.html HTTP/1.1" 200 181901 "-" "Mozilla/5.0 (compatible; Neevabot/1.0; +https://neeva.com/neevabot)"
193.233.138.105 - - [22/Apr/2023:14:02:45 +0200] "GET /nizak-peterfi.dbk.pdf HTTP/1.1" 200 37574 "https://freedomhouse.org/country/hungary/nations-transit/2015" "Mozilla/5.0 (Windows NT 10.0; Win64; x64) AppleWebKit/537.36 (KHTML, like Gecko) Chrome/91.0.4218.17 Safari/537.36"
185.191.171.41 - - [22/Apr/2023:14:14:27 +0200] "GET /robots.txt HTTP/1.1" 404 1181 "-" "Mozilla/5.0 (compatible; SemrushBot/7~bl; +http://www.semrush.com/bot.html)"
185.191.171.33 - - [22/Apr/2023:14:14:32 +0200] "GET /new/magunkrol/beszamolok HTTP/1.1" 200 11210 "-" "Mozilla/5.0 (compatible; SemrushBot/7~bl; +http://www.semrush.com/bot.html)"
51.222.253.5 - - [22/Apr/2023:14:30:50 +0200] "GET /robots.txt HTTP/1.1" 404 1181 "-" "Mozilla/5.0 (compatible; AhrefsBot/7.0; +http://ahrefs.com/robot/)"
52.167.144.115 - - [22/Apr/2023:14:36:55 +0200] "GET /new/sites/default/files/Onkentesseg.pdf HTTP/1.1" 304 - "-" "Mozilla/5.0 AppleWebKit/537.36 (KHTML, like Gecko; compatible; bingbot/2.0; +http://www.bing.com/bingbot.htm) Chrome/103.0.5060.134 Safari/537.36"
49.12.13.109 - - [22/Apr/2023:14:38:58 +0200] "HEAD / HTTP/1.1" 200 0 "-" "Alert_Alligator_webmonitoring_service_1.6.3_(alertalligator.com)"
40.77.167.234 - - [22/Apr/2023:14:49:17 +0200] "GET /aktualis/108autopalya/index.html HTTP/1.1" 200 7574 "-" "Mozilla/5.0 AppleWebKit/537.36 (KHTML, like Gecko; compatible; bingbot/2.0; +http://www.bing.com/bingbot.htm) Chrome/103.0.5060.134 Safari/537.36"
40.77.167.138 - - [22/Apr/2023:14:49:38 +0200] "GET /galateia.css HTTP/1.1" 200 1717 "-" "Mozilla/5.0 AppleWebKit/537.36 (KHTML, like Gecko; compatible; bingbot/2.0; +http://www.bing.com/bingbot.htm) Chrome/103.0.5060.134 Safari/537.36"
185.191.171.41 - - [22/Apr/2023:14:56:31 +0200] "GET /aktualis/109kozigazg/index.html HTTP/1.1" 200 7627 "-" "Mozilla/5.0 (compatible; SemrushBot/7~bl; +http://www.semrush.com/bot.html)"
49.12.13.109 - - [22/Apr/2023:15:38:23 +0200] "HEAD / HTTP/1.1" 200 0 "-" "Alert_Alligator_webmonitoring_service_1.6.3_(alertalligator.com)"
185.191.171.3 - - [22/Apr/2023:15:44:07 +0200] "GET /robots.txt HTTP/1.1" 404 1181 "-" "Mozilla/5.0 (compatible; SemrushBot/7~bl; +http://www.semrush.com/bot.html)"
185.191.171.42 - - [22/Apr/2023:15:44:09 +0200] "GET /halozatok/JMCS/memo/10/index.html HTTP/1.1" 200 48333 "-" "Mozilla/5.0 (compatible; SemrushBot/7~bl; +http://www.semrush.com/bot.html)"
185.191.171.1 - - [22/Apr/2023:15:44:16 +0200] "GET /robots.txt HTTP/1.1" 404 1181 "-" "Mozilla/5.0 (compatible; SemrushBot/7~bl; +http://www.semrush.com/bot.html)"
185.191.171.12 - - [22/Apr/2023:15:44:17 +0200] "GET /aktualis/011onk/index.html HTTP/1.1" 200 7800 "-" "Mozilla/5.0 (compatible; SemrushBot/7~bl; +http://www.semrush.com/bot.html)"
49.12.13.109 - - [22/Apr/2023:16:07:58 +0200] "HEAD / HTTP/1.1" 200 0 "-" "Alert_Alligator_webmonitoring_service_1.6.4_(alertalligator.com)"
66.249.64.138 - - [22/Apr/2023:16:41:07 +0200] "GET /new/sites/default/files/sebestyen.jpg HTTP/1.1" 200 2222 "-" "Googlebot-Image/1.0"
185.191.171.10 - - [22/Apr/2023:16:44:04 +0200] "GET /aktualis/NCA/index.html HTTP/1.1" 200 50805 "-" "Mozilla/5.0 (compatible; SemrushBot/7~bl; +http://www.semrush.com/bot.html)"
42.236.10.100 - - [22/Apr/2023:16:47:51 +0200] "GET / HTTP/1.1" 200 1010 "http://nosza.hu/" "Mozilla/5.0 (Windows NT 6.1; WOW64) AppleWebKit/537.36 (KHTML, like Gecko) Chrome/50.0.2661.102 Safari/537.36; 360Spider"
49.12.13.109 - - [22/Apr/2023:17:07:02 +0200] "HEAD / HTTP/1.1" 200 0 "-" "Alert_Alligator_webmonitoring_service_1.6.3_(alertalligator.com)"
85.67.143.28 - - [22/Apr/2023:17:45:49 +0200] "GET /JMCS/memo/10/index.html HTTP/1.1" 200 48175 "https://www.google.com/" "Mozilla/5.0 (Windows NT 10.0; Win64; x64) AppleWebKit/537.36 (KHTML, like Gecko) Chrome/112.0.0.0 Safari/537.36"
85.67.143.28 - - [22/Apr/2023:17:45:49 +0200] "GET /galateia.css HTTP/1.1" 200 1717 "http://www.nosza.hu/JMCS/memo/10/index.html" "Mozilla/5.0 (Windows NT 10.0; Win64; x64) AppleWebKit/537.36 (KHTML, like Gecko) Chrome/112.0.0.0 Safari/537.36"
85.67.143.28 - - [22/Apr/2023:17:45:49 +0200] "GET /graphics/noszalogo.gif HTTP/1.1" 200 6797 "http://www.nosza.hu/JMCS/memo/10/index.html" "Mozilla/5.0 (Windows NT 10.0; Win64; x64) AppleWebKit/537.36 (KHTML, like Gecko) Chrome/112.0.0.0 Safari/537.36"
85.67.143.28 - - [22/Apr/2023:17:45:49 +0200] "GET /graphics/galas.gif HTTP/1.1" 200 913 "http://www.nosza.hu/JMCS/memo/10/index.html" "Mozilla/5.0 (Windows NT 10.0; Win64; x64) AppleWebKit/537.36 (KHTML, like Gecko) Chrome/112.0.0.0 Safari/537.36"
85.67.143.28 - - [22/Apr/2023:17:45:49 +0200] "GET /favicon.ico HTTP/1.1" 404 1181 "http://www.nosza.hu/JMCS/memo/10/index.html" "Mozilla/5.0 (Windows NT 10.0; Win64; x64) AppleWebKit/537.36 (KHTML, like Gecko) Chrome/112.0.0.0 Safari/537.36"
85.67.143.28 - - [22/Apr/2023:17:46:01 +0200] "GET /JMCS/memo/09/index.html HTTP/1.1" 200 41859 "https://www.google.com/" "Mozilla/5.0 (Windows NT 10.0; Win64; x64) AppleWebKit/537.36 (KHTML, like Gecko) Chrome/112.0.0.0 Safari/537.36"
212.237.51.151 - - [22/Apr/2023:17:52:01 +0200] "HEAD / HTTP/1.1" 200 0 "-" "Alert_Alligator_webmonitoring_service_1.6.4_(alertalligator.com)"
40.77.167.138 - - [22/Apr/2023:18:14:00 +0200] "GET / HTTP/1.1" 200 1010 "-" "Mozilla/5.0 AppleWebKit/537.36 (KHTML, like Gecko; compatible; bingbot/2.0; +http://www.bing.com/bingbot.htm) Chrome/103.0.5060.134 Safari/537.36"
212.237.53.115 - - [22/Apr/2023:18:36:44 +0200] "HEAD / HTTP/1.1" 200 0 "-" "Alert_Alligator_webmonitoring_service_1.6.4_(alertalligator.com)"
66.249.64.138 - - [22/Apr/2023:18:56:07 +0200] "GET /new/sites/default/themes/nosza/images/logoPublikaciok.jpg HTTP/1.1" 304 - "-" "Googlebot-Image/1.0"
3.96.183.214 - - [22/Apr/2023:19:12:53 +0200] "GET / HTTP/1.1" 200 1010 "-" "Mozilla/5.0 (Macintosh; Intel Mac OS X 10_10_1) AppleWebKit/537.36 (KHTML, like Gecko) Chrome/39.0.2171.95 Safari/537.36"
40.77.167.169 - - [22/Apr/2023:19:15:07 +0200] "GET /new/magunkrol/beszamolok HTTP/1.1" 200 11210 "-" "Mozilla/5.0 AppleWebKit/537.36 (KHTML, like Gecko; compatible; bingbot/2.0; +http://www.bing.com/bingbot.htm) Chrome/103.0.5060.134 Safari/537.36"
212.237.53.115 - - [22/Apr/2023:19:21:24 +0200] "HEAD / HTTP/1.1" 200 0 "-" "Alert_Alligator_webmonitoring_service_1.6.4_(alertalligator.com)"
40.77.167.169 - - [22/Apr/2023:19:23:02 +0200] "GET /new/sites/default/themes/nosza/scripts/search.js HTTP/1.1" 200 466 "-" "Mozilla/5.0 AppleWebKit/537.36 (KHTML, like Gecko; compatible; bingbot/2.0; +http://www.bing.com/bingbot.htm) Chrome/103.0.5060.134 Safari/537.36"
195.191.219.131 - - [22/Apr/2023:19:24:36 +0200] "GET /robots.txt HTTP/1.1" 404 1181 "-" "Mozilla/5.0 (compatible; MJ12bot/v1.4.8; http://mj12bot.com/)"
195.191.219.131 - - [22/Apr/2023:19:24:37 +0200] "GET / HTTP/1.1" 200 1010 "-" "Mozilla/5.0 (compatible; MJ12bot/v1.4.8; http://mj12bot.com/)"
185.191.171.34 - - [22/Apr/2023:19:26:11 +0200] "GET /robots.txt HTTP/1.1" 404 1181 "-" "Mozilla/5.0 (compatible; SemrushBot/7~bl; +http://www.semrush.com/bot.html)"
185.191.171.34 - - [22/Apr/2023:19:26:14 +0200] "GET /new/publikaciok HTTP/1.1" 200 11778 "-" "Mozilla/5.0 (compatible; SemrushBot/7~bl; +http://www.semrush.com/bot.html)"
114.119.143.119 - - [22/Apr/2023:19:36:55 +0200] "GET /robots.txt HTTP/1.1" 404 1181 "-" "Mozilla/5.0 (compatible;PetalBot;+https://webmaster.petalsearch.com/site/petalbot)"
114.119.134.245 - - [22/Apr/2023:19:46:13 +0200] "GET /new/sites/default/files/Onkentesseg.pdf HTTP/1.1" 200 634194 "http://www.nosza.hu/new/content/civil-szervezeti-l%C3%A9t-r%C3%A9gi-%C3%A9s-%C3%BAj-kih%C3%ADv%C3%A1sai" "Mozilla/5.0 (Linux; Android 7.0;) AppleWebKit/537.36 (KHTML, like Gecko) Mobile Safari/537.36 (compatible; PetalBot;+https://webmaster.petalsearch.com/site/petalbot)"
185.191.171.4 - - [22/Apr/2023:19:51:33 +0200] "GET /angol/index.html HTTP/1.1" 200 13458 "-" "Mozilla/5.0 (compatible; SemrushBot/7~bl; +http://www.semrush.com/bot.html)"
49.12.13.109 - - [22/Apr/2023:20:20:25 +0200] "HEAD / HTTP/1.1" 200 0 "-" "Alert_Alligator_webmonitoring_service_1.6.3_(alertalligator.com)"
209.126.151.124 - - [22/Apr/2023:20:22:46 +0200] "GET / HTTP/1.1" 200 1010 "-" "axios/0.19.2"
66.249.64.143 - - [22/Apr/2023:20:26:07 +0200] "GET /graphics/galas.gif HTTP/1.1" 304 - "-" "Googlebot-Image/1.0"
20.191.45.212 - - [22/Apr/2023:20:54:16 +0200] "GET / HTTP/1.1" 200 1010 "http://nosza.hu/" "Mozilla/5.0 (compatible; DuckDuckGo-Favicons-Bot/1.0; +http://duckduckgo.com)"
20.191.45.212 - - [22/Apr/2023:20:54:17 +0200] "GET /favicon.ico HTTP/1.1" 404 1181 "http://nosza.hu/favicon.ico" "Mozilla/5.0 (compatible; DuckDuckGo-Favicons-Bot/1.0; +http://duckduckgo.com)"
5.255.231.79 - - [22/Apr/2023:21:07:45 +0200] "GET /robots.txt HTTP/1.1" 404 1181 "-" "Mozilla/5.0 (compatible; YandexBot/3.0; +http://yandex.com/bots)"
5.255.231.158 - - [22/Apr/2023:21:07:46 +0200] "GET /aktualis/108autopalya/level/index.html HTTP/1.1" 200 61871 "-" "Mozilla/5.0 (compatible; YandexBot/3.0; +http://yandex.com/bots)"
185.191.171.34 - - [22/Apr/2023:21:14:12 +0200] "GET /robots.txt HTTP/1.1" 404 1181 "-" "Mozilla/5.0 (compatible; SemrushBot/7~bl; +http://www.semrush.com/bot.html)"
185.191.171.20 - - [22/Apr/2023:21:14:17 +0200] "GET /new/dossziek/dossziek HTTP/1.1" 200 8028 "-" "Mozilla/5.0 (compatible; SemrushBot/7~bl; +http://www.semrush.com/bot.html)"
49.12.13.109 - - [22/Apr/2023:21:19:37 +0200] "HEAD / HTTP/1.1" 200 0 "-" "Alert_Alligator_webmonitoring_service_1.6.3_(alertalligator.com)"
52.167.144.40 - - [22/Apr/2023:21:26:08 +0200] "GET /halozatok/kerekasztal/memo1/index.html HTTP/1.1" 200 26344 "-" "Mozilla/5.0 AppleWebKit/537.36 (KHTML, like Gecko; compatible; bingbot/2.0; +http://www.bing.com/bingbot.htm) Chrome/103.0.5060.134 Safari/537.36"
52.167.144.115 - - [22/Apr/2023:21:56:17 +0200] "GET /new/modules/system/system-menus.css?l HTTP/1.1" 200 935 "-" "Mozilla/5.0 AppleWebKit/537.36 (KHTML, like Gecko; compatible; bingbot/2.0; +http://www.bing.com/bingbot.htm) Chrome/103.0.5060.134 Safari/537.36"
40.77.167.227 - - [22/Apr/2023:21:56:22 +0200] "GET /new/modules/user/user.css?l HTTP/1.1" 200 1127 "-" "Mozilla/5.0 AppleWebKit/537.36 (KHTML, like Gecko; compatible; bingbot/2.0; +http://www.bing.com/bingbot.htm) Chrome/103.0.5060.134 Safari/537.36"
40.77.167.227 - - [22/Apr/2023:21:56:22 +0200] "GET /new/sites/default/themes/nosza/print.css?l HTTP/1.1" 200 1247 "-" "Mozilla/5.0 AppleWebKit/537.36 (KHTML, like Gecko; compatible; bingbot/2.0; +http://www.bing.com/bingbot.htm) Chrome/103.0.5060.134 Safari/537.36"
40.77.167.234 - - [22/Apr/2023:21:56:26 +0200] "GET /new/modules/filefield/filefield.css?l HTTP/1.1" 200 1986 "-" "Mozilla/5.0 AppleWebKit/537.36 (KHTML, like Gecko; compatible; bingbot/2.0; +http://www.bing.com/bingbot.htm) Chrome/103.0.5060.134 Safari/537.36"
40.77.167.234 - - [22/Apr/2023:21:56:26 +0200] "GET /new/modules/system/defaults.css?l HTTP/1.1" 200 757 "-" "Mozilla/5.0 AppleWebKit/537.36 (KHTML, like Gecko; compatible; bingbot/2.0; +http://www.bing.com/bingbot.htm) Chrome/103.0.5060.134 Safari/537.36"
40.77.167.234 - - [22/Apr/2023:21:56:26 +0200] "GET /new/modules/system/system.css?l HTTP/1.1" 200 10020 "-" "Mozilla/5.0 AppleWebKit/537.36 (KHTML, like Gecko; compatible; bingbot/2.0; +http://www.bing.com/bingbot.htm) Chrome/103.0.5060.134 Safari/537.36"
40.77.167.234 - - [22/Apr/2023:21:56:27 +0200] "GET /new/sites/all/modules/cck/modules/fieldgroup/fieldgroup.css?l HTTP/1.1" 200 166 "-" "Mozilla/5.0 AppleWebKit/537.36 (KHTML, like Gecko; compatible; bingbot/2.0; +http://www.bing.com/bingbot.htm) Chrome/103.0.5060.134 Safari/537.36"
40.77.167.234 - - [22/Apr/2023:21:56:27 +0200] "GET /new/sites/default/themes/nosza/css/nosza.css?l HTTP/1.1" 200 10555 "-" "Mozilla/5.0 AppleWebKit/537.36 (KHTML, like Gecko; compatible; bingbot/2.0; +http://www.bing.com/bingbot.htm) Chrome/103.0.5060.134 Safari/537.36"
40.77.167.138 - - [22/Apr/2023:21:56:28 +0200] "GET /new/sites/all/modules/cck/theme/content-module.css?l HTTP/1.1" 200 2397 "-" "Mozilla/5.0 AppleWebKit/537.36 (KHTML, like Gecko; compatible; bingbot/2.0; +http://www.bing.com/bingbot.htm) Chrome/103.0.5060.134 Safari/537.36"
40.77.167.169 - - [22/Apr/2023:21:56:32 +0200] "GET /new/modules/node/node.css?l HTTP/1.1" 200 740 "-" "Mozilla/5.0 AppleWebKit/537.36 (KHTML, like Gecko; compatible; bingbot/2.0; +http://www.bing.com/bingbot.htm) Chrome/103.0.5060.134 Safari/537.36"
40.77.167.169 - - [22/Apr/2023:21:56:32 +0200] "GET /new/sites/default/themes/nosza/scripts/search.js HTTP/1.1" 200 466 "-" "Mozilla/5.0 AppleWebKit/537.36 (KHTML, like Gecko; compatible; bingbot/2.0; +http://www.bing.com/bingbot.htm) Chrome/103.0.5060.134 Safari/537.36"
40.77.167.138 - - [22/Apr/2023:21:56:38 +0200] "GET /new/sites/default/themes/nosza/css/menu_style.css HTTP/1.1" 200 4749 "-" "Mozilla/5.0 AppleWebKit/537.36 (KHTML, like Gecko; compatible; bingbot/2.0; +http://www.bing.com/bingbot.htm) Chrome/103.0.5060.134 Safari/537.36"
185.191.171.10 - - [22/Apr/2023:22:02:01 +0200] "GET /new/projektek/civil-%C3%BAjs%C3%A1g%C3%ADr%C3%A1ssal-az-%C3%B6nkorm%C3%A1nzatok-%C3%A1tl%C3%A1that%C3%B3s%C3%A1g%C3%A1%C3%A9rt HTTP/1.1" 200 10729 "-" "Mozilla/5.0 (compatible; SemrushBot/7~bl; +http://www.semrush.com/bot.html)"
49.12.13.109 - - [22/Apr/2023:22:18:44 +0200] "HEAD / HTTP/1.1" 200 0 "-" "Alert_Alligator_webmonitoring_service_1.6.3_(alertalligator.com)"
40.77.167.234 - - [22/Apr/2023:22:49:45 +0200] "GET /new/en/news/2009 HTTP/1.1" 200 15657 "-" "Mozilla/5.0 AppleWebKit/537.36 (KHTML, like Gecko; compatible; bingbot/2.0; +http://www.bing.com/bingbot.htm) Chrome/103.0.5060.134 Safari/537.36"
89.134.5.96 - - [22/Apr/2023:23:08:40 +0200] "GET /kutat/REVkutatas/3gazdalkodas/index.html HTTP/1.1" 200 88137 "https://www.google.com/" "Mozilla/5.0 (Windows NT 10.0; Win64; x64) AppleWebKit/537.36 (KHTML, like Gecko) Chrome/112.0.0.0 Safari/537.36"
89.134.5.96 - - [22/Apr/2023:23:08:41 +0200] "GET /galateia.css HTTP/1.1" 200 1717 "http://www.nosza.hu/kutat/REVkutatas/3gazdalkodas/index.html" "Mozilla/5.0 (Windows NT 10.0; Win64; x64) AppleWebKit/537.36 (KHTML, like Gecko) Chrome/112.0.0.0 Safari/537.36"
89.134.5.96 - - [22/Apr/2023:23:08:41 +0200] "GET /graphics/noszalogo.gif HTTP/1.1" 200 6797 "http://www.nosza.hu/kutat/REVkutatas/3gazdalkodas/index.html" "Mozilla/5.0 (Windows NT 10.0; Win64; x64) AppleWebKit/537.36 (KHTML, like Gecko) Chrome/112.0.0.0 Safari/537.36"
89.134.5.96 - - [22/Apr/2023:23:08:41 +0200] "GET /graphics/galas.gif HTTP/1.1" 200 913 "http://www.nosza.hu/kutat/REVkutatas/3gazdalkodas/index.html" "Mozilla/5.0 (Windows NT 10.0; Win64; x64) AppleWebKit/537.36 (KHTML, like Gecko) Chrome/112.0.0.0 Safari/537.36"
89.134.5.96 - - [22/Apr/2023:23:08:41 +0200] "GET /favicon.ico HTTP/1.1" 404 1181 "http://www.nosza.hu/kutat/REVkutatas/3gazdalkodas/index.html" "Mozilla/5.0 (Windows NT 10.0; Win64; x64) AppleWebKit/537.36 (KHTML, like Gecko) Chrome/112.0.0.0 Safari/537.36"
114.119.152.147 - - [22/Apr/2023:23:09:24 +0200] "GET /robots.txt HTTP/1.1" 404 1181 "-" "Mozilla/5.0 (compatible;PetalBot;+https://webmaster.petalsearch.com/site/petalbot)"
49.12.13.109 - - [22/Apr/2023:23:17:48 +0200] "HEAD / HTTP/1.1" 200 0 "-" "Alert_Alligator_webmonitoring_service_1.6.3_(alertalligator.com)"
185.191.171.7 - - [22/Apr/2023:23:31:36 +0200] "GET /robots.txt HTTP/1.1" 404 1181 "-" "Mozilla/5.0 (compatible; SemrushBot/7~bl; +http://www.semrush.com/bot.html)"
185.191.171.19 - - [22/Apr/2023:23:31:38 +0200] "GET /halozatok/index.html HTTP/1.1" 200 5818 "-" "Mozilla/5.0 (compatible; SemrushBot/7~bl; +http://www.semrush.com/bot.html)"
185.191.171.18 - - [22/Apr/2023:23:58:00 +0200] "GET /aktualis/108autopalya/index.html HTTP/1.1" 200 7574 "-" "Mozilla/5.0 (compatible; SemrushBot/7~bl; +http://www.semrush.com/bot.html)"
212.237.53.115 - - [23/Apr/2023:00:05:04 +0200] "HEAD / HTTP/1.1" 200 0 "-" "Alert_Alligator_webmonitoring_service_1.6.4_(alertalligator.com)"
207.46.13.229 - - [23/Apr/2023:00:06:57 +0200] "GET /robots.txt HTTP/1.1" 404 1181 "-" "Mozilla/5.0 AppleWebKit/537.36 (KHTML, like Gecko; compatible; bingbot/2.0; +http://www.bing.com/bingbot.htm) Chrome/103.0.5060.134 Safari/537.36"
52.167.144.115 - - [23/Apr/2023:00:07:00 +0200] "GET /kutat/REVkutatas/index.html HTTP/1.1" 200 13447 "-" "Mozilla/5.0 AppleWebKit/537.36 (KHTML, like Gecko; compatible; bingbot/2.0; +http://www.bing.com/bingbot.htm) Chrome/103.0.5060.134 Safari/537.36"
77.75.79.72 - - [23/Apr/2023:00:56:11 +0200] "GET /robots.txt HTTP/1.1" 404 1181 "-" "Mozilla/5.0 (compatible; SeznamBot/4.0-RC1; +http://napoveda.seznam.cz/seznambot-intro/)"
77.75.79.95 - - [23/Apr/2023:00:56:14 +0200] "GET /new/en/about_us/members HTTP/1.1" 200 8253 "-" "Mozilla/5.0 (compatible; SeznamBot/4.0-RC1; +http://napoveda.seznam.cz/seznambot-intro/)"
49.12.13.109 - - [23/Apr/2023:01:04:08 +0200] "HEAD / HTTP/1.1" 200 0 "-" "Alert_Alligator_webmonitoring_service_1.6.3_(alertalligator.com)"
216.244.66.229 - - [23/Apr/2023:01:23:53 +0200] "GET /robots.txt HTTP/1.1" 404 1181 "-" "Mozilla/5.0 (compatible; DotBot/1.2; +https://opensiteexplorer.org/dotbot; help@moz.com)"
216.244.66.229 - - [23/Apr/2023:01:27:59 +0200] "GET /new/publikaciok/publikaciok HTTP/1.1" 200 8189 "-" "Mozilla/5.0 (compatible; DotBot/1.2; +https://opensiteexplorer.org/dotbot; help@moz.com)"
91.233.21.70 - - [23/Apr/2023:01:44:32 +0200] "GET /.well-known/pki-validation/2F32D1851C5774B78F8A565DAB5B8E1C.txt HTTP/1.1" 404 1181 "-" "COMODO DCV"
91.233.21.70 - - [23/Apr/2023:01:44:32 +0200] "GET /.well-known/pki-validation/DA8D82F685E4E941B748C666057319C8.txt HTTP/1.1" 404 1181 "-" "COMODO DCV"
185.191.171.9 - - [23/Apr/2023:01:54:41 +0200] "GET /robots.txt HTTP/1.1" 404 1181 "-" "Mozilla/5.0 (compatible; SemrushBot/7~bl; +http://www.semrush.com/bot.html)"
185.191.171.6 - - [23/Apr/2023:01:54:42 +0200] "GET /new/publikaciok/hirek HTTP/1.1" 200 8669 "-" "Mozilla/5.0 (compatible; SemrushBot/7~bl; +http://www.semrush.com/bot.html)"
49.12.13.109 - - [23/Apr/2023:02:03:12 +0200] "HEAD / HTTP/1.1" 200 0 "-" "Alert_Alligator_webmonitoring_service_1.6.3_(alertalligator.com)"
34.213.125.206 - - [23/Apr/2023:02:33:29 +0200] "GET / HTTP/1.1" 200 1010 "-" "Mozilla/5.0 (X11; Linux x86_64) AppleWebKit/537.36 (KHTML, like Gecko) Chrome/83.0.4103.97 Safari/537.36"
35.87.238.157 - - [23/Apr/2023:02:36:45 +0200] "GET /favicon.ico HTTP/1.1" 404 1181 "-" "Mozilla/5.0 (X11; Linux x86_64) AppleWebKit/537.36 (KHTML, like Gecko) Chrome/83.0.4103.97 Safari/537.36"
35.87.238.157 - - [23/Apr/2023:02:36:46 +0200] "GET / HTTP/1.1" 200 1010 "-" "Mozilla/5.0 (X11; Linux x86_64) AppleWebKit/537.36 (KHTML, like Gecko) Chrome/83.0.4103.97 Safari/537.36"
212.237.51.151 - - [23/Apr/2023:02:47:22 +0200] "HEAD / HTTP/1.1" 200 0 "-" "Alert_Alligator_webmonitoring_service_1.6.4_(alertalligator.com)"
194.68.44.80 - - [23/Apr/2023:03:09:27 +0200] "GET / HTTP/1.1" 200 1010 "-" "Mozilla/5.0 (Macintosh; Intel Mac OS X 12_6_3) AppleWebKit/537.36 (KHTML, like Gecko) Chrome/111.0.3770.0 Safari/537.36"
185.191.171.25 - - [23/Apr/2023:03:09:30 +0200] "GET /robots.txt HTTP/1.1" 404 1181 "-" "Mozilla/5.0 (compatible; SemrushBot/7~bl; +http://www.semrush.com/bot.html)"
185.191.171.23 - - [23/Apr/2023:03:09:34 +0200] "GET /new/hirek/publikaciok HTTP/1.1" 200 17124 "-" "Mozilla/5.0 (compatible; SemrushBot/7~bl; +http://www.semrush.com/bot.html)"
216.244.66.229 - - [23/Apr/2023:03:10:14 +0200] "GET /robots.txt HTTP/1.1" 404 1181 "-" "Mozilla/5.0 (compatible; DotBot/1.2; +https://opensiteexplorer.org/dotbot; help@moz.com)"
216.244.66.229 - - [23/Apr/2023:03:14:49 +0200] "GET /aktualis/109kozigazg/index.html HTTP/1.1" 200 7627 "-" "Mozilla/5.0 (compatible; DotBot/1.2; +https://opensiteexplorer.org/dotbot; help@moz.com)"
54.36.148.34 - - [23/Apr/2023:03:20:44 +0200] "GET /robots.txt HTTP/1.1" 404 1181 "-" "Mozilla/5.0 (compatible; AhrefsBot/7.0; +http://ahrefs.com/robot/)"
49.12.13.109 - - [23/Apr/2023:03:46:38 +0200] "HEAD / HTTP/1.1" 200 0 "-" "Alert_Alligator_webmonitoring_service_1.6.3_(alertalligator.com)"
81.161.229.142 - - [23/Apr/2023:04:39:28 +0200] "GET /about.php HTTP/1.1" 404 1181 "-" "python-requests/2.27.1"
81.161.229.142 - - [23/Apr/2023:04:39:28 +0200] "GET /upload.php?mr=exe3 HTTP/1.1" 404 1181 "-" "python-requests/2.27.1"
81.161.229.142 - - [23/Apr/2023:04:39:28 +0200] "GET /2index.php HTTP/1.1" 404 1181 "-" "python-requests/2.27.1"
81.161.229.142 - - [23/Apr/2023:04:39:29 +0200] "GET /C.php HTTP/1.1" 404 1181 "-" "python-requests/2.27.1"
81.161.229.142 - - [23/Apr/2023:04:39:29 +0200] "GET /c.php HTTP/1.1" 404 1181 "-" "python-requests/2.27.1"
81.161.229.142 - - [23/Apr/2023:04:39:29 +0200] "GET /01.php HTTP/1.1" 404 1181 "-" "python-requests/2.27.1"
81.161.229.142 - - [23/Apr/2023:04:39:29 +0200] "GET /1.php HTTP/1.1" 404 1181 "-" "python-requests/2.27.1"
81.161.229.142 - - [23/Apr/2023:04:39:29 +0200] "GET /02.php HTTP/1.1" 404 1181 "-" "python-requests/2.27.1"
81.161.229.142 - - [23/Apr/2023:04:39:29 +0200] "GET /wp.php HTTP/1.1" 404 1181 "-" "python-requests/2.27.1"
81.161.229.142 - - [23/Apr/2023:04:39:30 +0200] "GET /fw.php HTTP/1.1" 404 1181 "-" "python-requests/2.27.1"
81.161.229.142 - - [23/Apr/2023:04:39:30 +0200] "GET /alfa.php HTTP/1.1" 404 1181 "-" "python-requests/2.27.1"
81.161.229.142 - - [23/Apr/2023:04:39:30 +0200] "GET /mini.php HTTP/1.1" 404 1181 "-" "python-requests/2.27.1"
81.161.229.142 - - [23/Apr/2023:04:39:30 +0200] "GET /x.php HTTP/1.1" 404 1181 "-" "python-requests/2.27.1"
81.161.229.142 - - [23/Apr/2023:04:39:30 +0200] "GET /404.php HTTP/1.1" 404 1181 "-" "python-requests/2.27.1"
81.161.229.142 - - [23/Apr/2023:04:39:30 +0200] "GET /403.php HTTP/1.1" 404 1181 "-" "python-requests/2.27.1"
81.161.229.142 - - [23/Apr/2023:04:39:31 +0200] "GET /wso.php HTTP/1.1" 404 1181 "-" "python-requests/2.27.1"
81.161.229.142 - - [23/Apr/2023:04:39:31 +0200] "GET /admin.php HTTP/1.1" 404 1181 "-" "python-requests/2.27.1"
81.161.229.142 - - [23/Apr/2023:04:39:31 +0200] "GET /wp-22.php HTTP/1.1" 404 1181 "-" "python-requests/2.27.1"
81.161.229.142 - - [23/Apr/2023:04:39:31 +0200] "GET /1index.php HTTP/1.1" 404 1181 "-" "python-requests/2.27.1"
81.161.229.142 - - [23/Apr/2023:04:39:31 +0200] "GET /marijuana.php HTTP/1.1" 404 1181 "-" "python-requests/2.27.1"
81.161.229.142 - - [23/Apr/2023:04:39:31 +0200] "GET /good.php HTTP/1.1" 404 1181 "-" "python-requests/2.27.1"
81.161.229.142 - - [23/Apr/2023:04:39:32 +0200] "GET /up.php HTTP/1.1" 404 1181 "-" "python-requests/2.27.1"
81.161.229.142 - - [23/Apr/2023:04:39:32 +0200] "GET /doc.php HTTP/1.1" 404 1181 "-" "python-requests/2.27.1"
81.161.229.142 - - [23/Apr/2023:04:39:32 +0200] "GET /wp.php HTTP/1.1" 404 1181 "-" "python-requests/2.27.1"
81.161.229.142 - - [23/Apr/2023:04:39:32 +0200] "GET /radio.php HTTP/1.1" 404 1181 "-" "python-requests/2.27.1"
81.161.229.142 - - [23/Apr/2023:04:39:32 +0200] "GET /wp-includes/1index.php HTTP/1.1" 404 1181 "-" "python-requests/2.27.1"
81.161.229.142 - - [23/Apr/2023:04:39:33 +0200] "GET /1index.php?pass=am*guAW8.ryDgz-TYF HTTP/1.1" 404 1181 "-" "python-requests/2.27.1"
81.161.229.142 - - [23/Apr/2023:04:39:33 +0200] "GET /wp_wrong_datlib.php HTTP/1.1" 404 1181 "-" "python-requests/2.27.1"
81.161.229.142 - - [23/Apr/2023:04:39:33 +0200] "GET /2index.php HTTP/1.1" 404 1181 "-" "python-requests/2.27.1"
81.161.229.142 - - [23/Apr/2023:04:39:33 +0200] "GET /autoload_classmap.php HTTP/1.1" 404 1181 "-" "python-requests/2.27.1"
81.161.229.142 - - [23/Apr/2023:04:39:33 +0200] "GET /wp.php HTTP/1.1" 404 1181 "-" "python-requests/2.27.1"
81.161.229.142 - - [23/Apr/2023:04:39:33 +0200] "GET /wikindex.php HTTP/1.1" 404 1181 "-" "python-requests/2.27.1"
81.161.229.142 - - [23/Apr/2023:04:39:33 +0200] "GET /Deadcode1975xxxxxxxxxxxxxxxxxxxxxxxxxxxx.php HTTP/1.1" 404 1181 "-" "python-requests/2.27.1"
81.161.229.142 - - [23/Apr/2023:04:39:33 +0200] "GET /wp-2019.php HTTP/1.1" 404 1181 "-" "python-requests/2.27.1"
81.161.229.142 - - [23/Apr/2023:04:39:34 +0200] "GET /1h6j5.php HTTP/1.1" 404 1181 "-" "python-requests/2.27.1"
81.161.229.142 - - [23/Apr/2023:04:39:34 +0200] "GET /wp-admin/setup-config.php HTTP/1.1" 404 1181 "-" "python-requests/2.27.1"
81.161.229.142 - - [23/Apr/2023:04:39:34 +0200] "GET /wp-admin/xleet.php HTTP/1.1" 404 1181 "-" "python-requests/2.27.1"
81.161.229.142 - - [23/Apr/2023:04:39:34 +0200] "GET /wp-content/fw.php HTTP/1.1" 404 1181 "-" "python-requests/2.27.1"
81.161.229.142 - - [23/Apr/2023:04:39:34 +0200] "GET /wp-admin/fx.php HTTP/1.1" 404 1181 "-" "python-requests/2.27.1"
81.161.229.142 - - [23/Apr/2023:04:39:34 +0200] "GET /4price.php HTTP/1.1" 404 1181 "-" "python-requests/2.27.1"
81.161.229.142 - - [23/Apr/2023:04:39:34 +0200] "GET /wp-info.php HTTP/1.1" 404 1181 "-" "python-requests/2.27.1"
81.161.229.142 - - [23/Apr/2023:04:39:35 +0200] "GET /utchiha.php HTTP/1.1" 404 1181 "-" "python-requests/2.27.1"
81.161.229.142 - - [23/Apr/2023:04:39:35 +0200] "GET /wp-admin/priv8.php HTTP/1.1" 404 1181 "-" "python-requests/2.27.1"
81.161.229.142 - - [23/Apr/2023:04:39:35 +0200] "GET /wp-admin/rss.php HTTP/1.1" 404 1181 "-" "python-requests/2.27.1"
81.161.229.142 - - [23/Apr/2023:04:39:35 +0200] "GET /uploads/xleet.php HTTP/1.1" 404 1181 "-" "python-requests/2.27.1"
81.161.229.142 - - [23/Apr/2023:04:39:35 +0200] "GET /ALFA_DATA/alfacgiapi HTTP/1.1" 404 1181 "-" "python-requests/2.27.1"
81.161.229.142 - - [23/Apr/2023:04:39:35 +0200] "GET /wp-admin/Fox-C HTTP/1.1" 404 1181 "-" "python-requests/2.27.1"
81.161.229.142 - - [23/Apr/2023:04:39:35 +0200] "GET /wp-admin/Fox-C404 HTTP/1.1" 404 1181 "-" "python-requests/2.27.1"
81.161.229.142 - - [23/Apr/2023:04:39:36 +0200] "GET /Fox-C40 HTTP/1.1" 404 1181 "-" "python-requests/2.27.1"
81.161.229.142 - - [23/Apr/2023:04:39:36 +0200] "GET /wp-admin/ALFA_DATA/alfacgiapi/ HTTP/1.1" 404 1181 "-" "python-requests/2.27.1"
81.161.229.142 - - [23/Apr/2023:04:39:36 +0200] "GET /wp-admin/Panels.txt HTTP/1.1" 404 1181 "-" "python-requests/2.27.1"
81.161.229.142 - - [23/Apr/2023:04:39:36 +0200] "GET /Panels.txt/ HTTP/1.1" 404 1181 "-" "python-requests/2.27.1"
49.12.13.109 - - [23/Apr/2023:04:46:01 +0200] "HEAD / HTTP/1.1" 200 0 "-" "Alert_Alligator_webmonitoring_service_1.6.3_(alertalligator.com)"
66.249.64.138 - - [23/Apr/2023:04:47:10 +0200] "GET /robots.txt HTTP/1.1" 404 1181 "-" "Mozilla/5.0 (compatible; Googlebot/2.1; +http://www.google.com/bot.html)"
66.249.64.138 - - [23/Apr/2023:04:47:11 +0200] "GET /new/sites/default/files/gargya_marietta.jpg HTTP/1.1" 304 - "-" "Googlebot-Image/1.0"
89.134.15.158 - - [23/Apr/2023:05:11:45 +0200] "GET /galateia.css HTTP/1.1" 200 1717 "http://www.nosza.hu/kutat/REVkutatas/3gazdalkodas/index.html" "Mozilla/5.0 (iPhone; CPU iPhone OS 16_2 like Mac OS X) AppleWebKit/605.1.15 (KHTML, like Gecko) Version/16.2 Mobile/15E148 Safari/604.1"
89.134.15.158 - - [23/Apr/2023:05:11:45 +0200] "GET /graphics/noszalogo.gif HTTP/1.1" 200 6797 "http://www.nosza.hu/kutat/REVkutatas/3gazdalkodas/index.html" "Mozilla/5.0 (iPhone; CPU iPhone OS 16_2 like Mac OS X) AppleWebKit/605.1.15 (KHTML, like Gecko) Version/16.2 Mobile/15E148 Safari/604.1"
89.134.15.158 - - [23/Apr/2023:05:11:45 +0200] "GET /kutat/REVkutatas/3gazdalkodas/index.html HTTP/1.1" 200 88137 "https://www.google.hu/" "Mozilla/5.0 (iPhone; CPU iPhone OS 16_2 like Mac OS X) AppleWebKit/605.1.15 (KHTML, like Gecko) Version/16.2 Mobile/15E148 Safari/604.1"
89.134.15.158 - - [23/Apr/2023:05:11:45 +0200] "GET /graphics/galas.gif HTTP/1.1" 200 913 "http://www.nosza.hu/kutat/REVkutatas/3gazdalkodas/index.html" "Mozilla/5.0 (iPhone; CPU iPhone OS 16_2 like Mac OS X) AppleWebKit/605.1.15 (KHTML, like Gecko) Version/16.2 Mobile/15E148 Safari/604.1"
89.134.15.158 - - [23/Apr/2023:05:11:45 +0200] "GET /favicon.ico HTTP/1.1" 404 1181 "http://www.nosza.hu/kutat/REVkutatas/3gazdalkodas/index.html" "Mozilla/5.0 (iPhone; CPU iPhone OS 16_2 like Mac OS X) AppleWebKit/605.1.15 (KHTML, like Gecko) Version/16.2 Mobile/15E148 Safari/604.1"
185.191.171.44 - - [23/Apr/2023:05:15:32 +0200] "GET /robots.txt HTTP/1.1" 404 1181 "-" "Mozilla/5.0 (compatible; SemrushBot/7~bl; +http://www.semrush.com/bot.html)"
185.191.171.22 - - [23/Apr/2023:05:15:46 +0200] "GET /new/content/civil-%C3%BAjs%C3%A1g%C3%ADr%C3%A1ssal-az-%C3%B6nkorm%C3%A1nyzatok-%C3%A1tl%C3%A1that%C3%B3s%C3%A1g%C3%A1%C3%A9rt HTTP/1.1" 403 7484 "-" "Mozilla/5.0 (compatible; SemrushBot/7~bl; +http://www.semrush.com/bot.html)"
185.191.171.9 - - [23/Apr/2023:05:31:14 +0200] "GET /konferenciak/06egszb/index.html HTTP/1.1" 200 15880 "-" "Mozilla/5.0 (compatible; SemrushBot/7~bl; +http://www.semrush.com/bot.html)"
40.77.167.169 - - [23/Apr/2023:05:33:12 +0200] "GET /new/content/civil-szervezet-%E2%80%93-t%C3%A1rsadalmi-szervezet-%E2%80%93-civil-t%C3%A1rsas%C3%A1g-az-%C3%BAj-civil-t%C3%B6rv%C3%A9ny-fogalmi-%C3%BAj%C3%ADt%C3%A1sai HTTP/1.1" 200 18521 "-" "Mozilla/5.0 AppleWebKit/537.36 (KHTML, like Gecko; compatible; bingbot/2.0; +http://www.bing.com/bingbot.htm) Chrome/103.0.5060.134 Safari/537.36"
185.191.171.13 - - [23/Apr/2023:05:43:27 +0200] "GET /robots.txt HTTP/1.1" 404 1181 "-" "Mozilla/5.0 (compatible; SemrushBot/7~bl; +http://www.semrush.com/bot.html)"
185.191.171.21 - - [23/Apr/2023:05:43:29 +0200] "GET /aktualis/104eitv/index.html HTTP/1.1" 200 94846 "-" "Mozilla/5.0 (compatible; SemrushBot/7~bl; +http://www.semrush.com/bot.html)"
49.12.13.109 - - [23/Apr/2023:05:45:05 +0200] "HEAD / HTTP/1.1" 200 0 "-" "Alert_Alligator_webmonitoring_service_1.6.3_(alertalligator.com)"
185.191.171.6 - - [23/Apr/2023:06:04:17 +0200] "GET /aktualis/onfoglalkoztatas/index.html HTTP/1.1" 200 77025 "-" "Mozilla/5.0 (compatible; SemrushBot/7~bl; +http://www.semrush.com/bot.html)"
45.95.169.255 - - [23/Apr/2023:06:09:54 +0200] "GET / HTTP/1.1" 200 1010 "http://nosza.hu" "Mozilla/4.0 (compatible; MSIE 6.0; Windows NT 5.1; SV1; .NET CLR 1.1.4322; .NET CLR 2.0.50727)"
49.12.13.109 - - [23/Apr/2023:06:14:20 +0200] "HEAD / HTTP/1.1" 200 0 "-" "Alert_Alligator_webmonitoring_service_1.6.4_(alertalligator.com)"
66.249.64.138 - - [23/Apr/2023:06:17:10 +0200] "GET /new/sites/default/themes/nosza/images/publikaciokSide.jpg HTTP/1.1" 304 - "-" "Googlebot-Image/1.0"
40.77.167.138 - - [23/Apr/2023:06:45:00 +0200] "GET / HTTP/1.1" 200 1010 "-" "Mozilla/5.0 AppleWebKit/537.36 (KHTML, like Gecko; compatible; bingbot/2.0; +http://www.bing.com/bingbot.htm) Chrome/103.0.5060.134 Safari/537.36"
212.237.51.151 - - [23/Apr/2023:06:56:47 +0200] "HEAD / HTTP/1.1" 200 0 "-" "Alert_Alligator_webmonitoring_service_1.6.4_(alertalligator.com)"
66.249.64.138 - - [23/Apr/2023:07:15:12 +0200] "GET /new/en/ HTTP/1.1" 200 9252 "-" "Mozilla/5.0 (Linux; Android 6.0.1; Nexus 5X Build/MMB29P) AppleWebKit/537.36 (KHTML, like Gecko) Chrome/112.0.5615.142 Mobile Safari/537.36 (compatible; Googlebot/2.1; +http://www.google.com/bot.html)"
66.249.64.143 - - [23/Apr/2023:07:15:14 +0200] "GET /new/modules/filefield/filefield.css?l HTTP/1.1" 200 1986 "http://www.nosza.hu/new/en/" "Mozilla/5.0 (Linux; Android 6.0.1; Nexus 5X Build/MMB29P) AppleWebKit/537.36 (KHTML, like Gecko) Chrome/112.0.5615.142 Mobile Safari/537.36 (compatible; Googlebot/2.1; +http://www.google.com/bot.html)"
66.249.64.143 - - [23/Apr/2023:07:15:17 +0200] "GET /new/modules/system/system.css?l HTTP/1.1" 200 10020 "http://www.nosza.hu/new/en/" "Mozilla/5.0 (Linux; Android 6.0.1; Nexus 5X Build/MMB29P) AppleWebKit/537.36 (KHTML, like Gecko) Chrome/112.0.5615.142 Mobile Safari/537.36 (compatible; Googlebot/2.1; +http://www.google.com/bot.html)"
66.249.64.138 - - [23/Apr/2023:07:15:21 +0200] "GET /new/sites/default/themes/nosza/css/nosza.css?l HTTP/1.1" 200 10555 "http://www.nosza.hu/new/en/" "Mozilla/5.0 (Linux; Android 6.0.1; Nexus 5X Build/MMB29P) AppleWebKit/537.36 (KHTML, like Gecko) Chrome/112.0.5615.142 Mobile Safari/537.36 (compatible; Googlebot/2.1; +http://www.google.com/bot.html)"
66.249.64.138 - - [23/Apr/2023:07:15:23 +0200] "GET /new/modules/system/defaults.css?l HTTP/1.1" 200 757 "http://www.nosza.hu/new/en/" "Mozilla/5.0 (Linux; Android 6.0.1; Nexus 5X Build/MMB29P) AppleWebKit/537.36 (KHTML, like Gecko) Chrome/112.0.5615.142 Mobile Safari/537.36 (compatible; Googlebot/2.1; +http://www.google.com/bot.html)"
66.249.64.138 - - [23/Apr/2023:07:15:26 +0200] "GET /new/modules/user/user.css?l HTTP/1.1" 200 1127 "http://www.nosza.hu/new/en/" "Mozilla/5.0 (Linux; Android 6.0.1; Nexus 5X Build/MMB29P) AppleWebKit/537.36 (KHTML, like Gecko) Chrome/112.0.5615.142 Mobile Safari/537.36 (compatible; Googlebot/2.1; +http://www.google.com/bot.html)"
212.237.53.115 - - [23/Apr/2023:07:45:37 +0200] "HEAD / HTTP/1.1" 200 0 "-" "Alert_Alligator_webmonitoring_service_1.6.4_(alertalligator.com)"
185.191.171.11 - - [23/Apr/2023:07:52:11 +0200] "GET /robots.txt HTTP/1.1" 404 1181 "-" "Mozilla/5.0 (compatible; SemrushBot/7~bl; +http://www.semrush.com/bot.html)"
185.191.171.9 - - [23/Apr/2023:07:52:12 +0200] "GET /aktualis/1gyikNCA/palyazat/index.html HTTP/1.1" 200 26866 "-" "Mozilla/5.0 (compatible; SemrushBot/7~bl; +http://www.semrush.com/bot.html)"
185.191.171.2 - - [23/Apr/2023:07:58:13 +0200] "GET /robots.txt HTTP/1.1" 404 1181 "-" "Mozilla/5.0 (compatible; SemrushBot/7~bl; +http://www.semrush.com/bot.html)"
185.191.171.7 - - [23/Apr/2023:07:58:14 +0200] "GET /aktualis/105onk/index.html HTTP/1.1" 200 65506 "-" "Mozilla/5.0 (compatible; SemrushBot/7~bl; +http://www.semrush.com/bot.html)"
212.237.23.143 - - [23/Apr/2023:08:35:26 +0200] "HEAD / HTTP/1.1" 200 0 "-" "Alert_Alligator_webmonitoring_service_1.6.4_(alertalligator.com)"
120.24.109.199 - - [23/Apr/2023:08:54:39 +0200] "GET /wp-login.php HTTP/1.1" 404 1181 "-" "Mozilla/5.0 (Windows NT 10.0; Win64; x64; rv:96.0) Gecko/20100101 Firefox/96"
216.244.66.229 - - [23/Apr/2023:08:59:52 +0200] "GET /robots.txt HTTP/1.1" 404 1181 "-" "Mozilla/5.0 (compatible; DotBot/1.2; +https://opensiteexplorer.org/dotbot; help@moz.com)"
216.244.66.229 - - [23/Apr/2023:09:05:07 +0200] "GET /new/magunkrol/dossziek HTTP/1.1" 200 9835 "-" "Mozilla/5.0 (compatible; DotBot/1.2; +https://opensiteexplorer.org/dotbot; help@moz.com)"
185.191.171.13 - - [23/Apr/2023:09:17:58 +0200] "GET /robots.txt HTTP/1.1" 404 1181 "-" "Mozilla/5.0 (compatible; SemrushBot/7~bl; +http://www.semrush.com/bot.html)"
185.191.171.21 - - [23/Apr/2023:09:18:02 +0200] "GET /new/hirek/2016 HTTP/1.1" 200 16790 "-" "Mozilla/5.0 (compatible; SemrushBot/7~bl; +http://www.semrush.com/bot.html)"
212.237.53.115 - - [23/Apr/2023:09:19:59 +0200] "HEAD / HTTP/1.1" 200 0 "-" "Alert_Alligator_webmonitoring_service_1.6.4_(alertalligator.com)"
185.191.171.5 - - [23/Apr/2023:09:48:11 +0200] "GET /robots.txt HTTP/1.1" 404 1181 "-" "Mozilla/5.0 (compatible; SemrushBot/7~bl; +http://www.semrush.com/bot.html)"
185.191.171.2 - - [23/Apr/2023:09:48:12 +0200] "GET /halozatok/JMCS/memo/07/index.html HTTP/1.1" 200 16609 "-" "Mozilla/5.0 (compatible; SemrushBot/7~bl; +http://www.semrush.com/bot.html)"
216.244.66.229 - - [23/Apr/2023:09:53:08 +0200] "GET /robots.txt HTTP/1.1" 404 1181 "-" "Mozilla/5.0 (compatible; DotBot/1.2; +https://opensiteexplorer.org/dotbot; help@moz.com)"
216.244.66.229 - - [23/Apr/2023:09:57:54 +0200] "GET /halozatok/JMCS/index.html HTTP/1.1" 200 6511 "-" "Mozilla/5.0 (compatible; DotBot/1.2; +https://opensiteexplorer.org/dotbot; help@moz.com)"
216.244.66.229 - - [23/Apr/2023:09:58:10 +0200] "GET /new/hirek/k%C3%A9rd%C5%91%C3%ADv-magyarorsz%C3%A1gi-non-profit-szervezetek-%C3%A1ltali-%C3%B6nk%C3%A9ntes-foglalkoztat%C3%A1sr%C3%B3l HTTP/1.1" 200 9670 "-" "Mozilla/5.0 (compatible; DotBot/1.2; +https://opensiteexplorer.org/dotbot; help@moz.com)"
212.237.51.151 - - [23/Apr/2023:09:59:51 +0200] "HEAD / HTTP/1.1" 200 0 "-" "Alert_Alligator_webmonitoring_service_1.6.4_(alertalligator.com)"
193.56.29.26 - - [23/Apr/2023:10:21:06 +0200] "GET /.env HTTP/1.1" 404 1181 "-" "Mozilla/5.0 (Linux; U; Android 4.4.2; en-US; HM NOTE 1W Build/KOT49H) AppleWebKit/534.30 (KHTML, like Gecko) Version/4.0 UCBrowser/11.0.5.850 U3/0.8.0 Mobile Safari/534.30"
193.56.29.26 - - [23/Apr/2023:10:21:06 +0200] "POST / HTTP/1.1" 405 1174 "-" "Mozilla/5.0 (Linux; U; Android 4.4.2; en-US; HM NOTE 1W Build/KOT49H) AppleWebKit/534.30 (KHTML, like Gecko) Version/4.0 UCBrowser/11.0.5.850 U3/0.8.0 Mobile Safari/534.30"
185.191.171.17 - - [23/Apr/2023:10:24:00 +0200] "GET /robots.txt HTTP/1.1" 404 1181 "-" "Mozilla/5.0 (compatible; SemrushBot/7~bl; +http://www.semrush.com/bot.html)"
185.191.171.34 - - [23/Apr/2023:10:24:10 +0200] "GET /angol/followup/index.html HTTP/1.1" 200 9852 "-" "Mozilla/5.0 (compatible; SemrushBot/7~bl; +http://www.semrush.com/bot.html)"
66.249.70.182 - - [23/Apr/2023:10:36:54 +0200] "GET /robots.txt HTTP/1.1" 404 1181 "-" "Mozilla/5.0 (compatible; Googlebot/2.1; +http://www.google.com/bot.html)"
66.249.70.178 - - [23/Apr/2023:10:36:54 +0200] "GET / HTTP/1.1" 200 1010 "-" "Mozilla/5.0 (compatible; Googlebot/2.1; +http://www.google.com/bot.html)"
212.237.51.151 - - [23/Apr/2023:10:39:21 +0200] "HEAD / HTTP/1.1" 200 0 "-" "Alert_Alligator_webmonitoring_service_1.6.4_(alertalligator.com)"
185.191.171.1 - - [23/Apr/2023:10:48:33 +0200] "GET /new/en/projects/Test%20project HTTP/1.1" 200 7194 "-" "Mozilla/5.0 (compatible; SemrushBot/7~bl; +http://www.semrush.com/bot.html)"
185.191.171.11 - - [23/Apr/2023:10:51:35 +0200] "GET /new/node/92 HTTP/1.1" 200 7931 "-" "Mozilla/5.0 (compatible; SemrushBot/7~bl; +http://www.semrush.com/bot.html)"
212.237.51.151 - - [23/Apr/2023:11:15:57 +0200] "HEAD / HTTP/1.1" 200 0 "-" "Alert_Alligator_webmonitoring_service_1.6.4_(alertalligator.com)"
62.212.239.124 - - [23/Apr/2023:11:22:13 +0200] "GET / HTTP/1.1" 200 1010 "-" "Mozilla/5.0 (Macintosh; Intel Mac OS X 10_14_0) AppleWebKit/537.36 (KHTML, like Gecko) Chrome/77.0.3865.120 Safari/537.36"
185.191.171.26 - - [23/Apr/2023:11:38:14 +0200] "GET /robots.txt HTTP/1.1" 404 1181 "-" "Mozilla/5.0 (compatible; SemrushBot/7~bl; +http://www.semrush.com/bot.html)"
185.191.171.4 - - [23/Apr/2023:11:38:16 +0200] "GET /halozatok/JMCS/memo/08/index.html HTTP/1.1" 200 13492 "-" "Mozilla/5.0 (compatible; SemrushBot/7~bl; +http://www.semrush.com/bot.html)"
52.167.144.115 - - [23/Apr/2023:11:49:55 +0200] "GET /partnereink/index.html HTTP/1.1" 200 11929 "-" "Mozilla/5.0 AppleWebKit/537.36 (KHTML, like Gecko; compatible; bingbot/2.0; +http://www.bing.com/bingbot.htm) Chrome/103.0.5060.134 Safari/537.36"
40.77.167.138 - - [23/Apr/2023:11:50:17 +0200] "GET /galateia.css HTTP/1.1" 200 1717 "-" "Mozilla/5.0 AppleWebKit/537.36 (KHTML, like Gecko; compatible; bingbot/2.0; +http://www.bing.com/bingbot.htm) Chrome/103.0.5060.134 Safari/537.36"
185.191.171.13 - - [23/Apr/2023:12:01:58 +0200] "GET /3kutat/REVkutatas/2menedzsment/index.html HTTP/1.1" 200 146149 "-" "Mozilla/5.0 (compatible; SemrushBot/7~bl; +http://www.semrush.com/bot.html)"
185.191.171.19 - - [23/Apr/2023:12:07:26 +0200] "GET /robots.txt HTTP/1.1" 404 1181 "-" "Mozilla/5.0 (compatible; SemrushBot/7~bl; +http://www.semrush.com/bot.html)"
185.191.171.22 - - [23/Apr/2023:12:07:50 +0200] "GET /new/dossiers HTTP/1.1" 200 8543 "-" "Mozilla/5.0 (compatible; SemrushBot/7~bl; +http://www.semrush.com/bot.html)"
49.12.13.109 - - [23/Apr/2023:12:15:03 +0200] "HEAD / HTTP/1.1" 200 0 "-" "Alert_Alligator_webmonitoring_service_1.6.3_(alertalligator.com)"
185.191.171.41 - - [23/Apr/2023:12:21:26 +0200] "GET /aktualis/1gyikNCA/miniszter/index.html HTTP/1.1" 200 11200 "-" "Mozilla/5.0 (compatible; SemrushBot/7~bl; +http://www.semrush.com/bot.html)"
77.75.77.72 - - [23/Apr/2023:12:36:33 +0200] "GET /partnereink/index.html HTTP/1.1" 304 - "-" "Mozilla/5.0 (compatible; SeznamBot/4.0-RC1; +http://napoveda.seznam.cz/seznambot-intro/)"
216.244.66.229 - - [23/Apr/2023:12:53:20 +0200] "GET /robots.txt HTTP/1.1" 404 1181 "-" "Mozilla/5.0 (compatible; DotBot/1.2; +https://opensiteexplorer.org/dotbot; help@moz.com)"
216.244.66.229 - - [23/Apr/2023:12:57:34 +0200] "GET /halozatok/kerekasztal/memo2/index.html HTTP/1.1" 200 12822 "-" "Mozilla/5.0 (compatible; DotBot/1.2; +https://opensiteexplorer.org/dotbot; help@moz.com)"
185.191.171.43 - - [23/Apr/2023:13:10:25 +0200] "GET /robots.txt HTTP/1.1" 404 1181 "-" "Mozilla/5.0 (compatible; SemrushBot/7~bl; +http://www.semrush.com/bot.html)"
185.191.171.6 - - [23/Apr/2023:13:10:29 +0200] "GET /new/en/about_us/links HTTP/1.1" 200 7851 "-" "Mozilla/5.0 (compatible; SemrushBot/7~bl; +http://www.semrush.com/bot.html)"
49.12.13.109 - - [23/Apr/2023:13:14:06 +0200] "HEAD / HTTP/1.1" 200 0 "-" "Alert_Alligator_webmonitoring_service_1.6.3_(alertalligator.com)"
185.191.171.6 - - [23/Apr/2023:13:25:43 +0200] "GET /new/projektek/hirek HTTP/1.1" 200 8776 "-" "Mozilla/5.0 (compatible; SemrushBot/7~bl; +http://www.semrush.com/bot.html)"
216.244.66.229 - - [23/Apr/2023:13:48:37 +0200] "GET /robots.txt HTTP/1.1" 404 1181 "-" "Mozilla/5.0 (compatible; DotBot/1.2; +https://opensiteexplorer.org/dotbot; help@moz.com)"
216.244.66.229 - - [23/Apr/2023:13:51:35 +0200] "GET /new/publikaciok/hirek HTTP/1.1" 200 8669 "-" "Mozilla/5.0 (compatible; DotBot/1.2; +https://opensiteexplorer.org/dotbot; help@moz.com)"
66.249.64.149 - - [23/Apr/2023:13:52:13 +0200] "GET /new/hirek/2016 HTTP/1.1" 200 16790 "-" "Mozilla/5.0 (Linux; Android 6.0.1; Nexus 5X Build/MMB29P) AppleWebKit/537.36 (KHTML, like Gecko) Chrome/112.0.5615.142 Mobile Safari/537.36 (compatible; Googlebot/2.1; +http://www.google.com/bot.html)"
66.249.64.138 - - [23/Apr/2023:13:52:17 +0200] "GET /new/modules/system/system.css?l HTTP/1.1" 200 10020 "http://www.nosza.hu/new/hirek/2016" "Mozilla/5.0 (Linux; Android 6.0.1; Nexus 5X Build/MMB29P) AppleWebKit/537.36 (KHTML, like Gecko) Chrome/112.0.5615.142 Mobile Safari/537.36 (compatible; Googlebot/2.1; +http://www.google.com/bot.html)"
185.191.171.2 - - [23/Apr/2023:13:54:07 +0200] "GET /robots.txt HTTP/1.1" 404 1181 "-" "Mozilla/5.0 (compatible; SemrushBot/7~bl; +http://www.semrush.com/bot.html)"
185.191.171.14 - - [23/Apr/2023:13:54:10 +0200] "GET /halozatok/JMCS/tagok/index.html HTTP/1.1" 200 65034 "-" "Mozilla/5.0 (compatible; SemrushBot/7~bl; +http://www.semrush.com/bot.html)"
212.237.53.115 - - [23/Apr/2023:14:01:33 +0200] "HEAD / HTTP/1.1" 200 0 "-" "Alert_Alligator_webmonitoring_service_1.6.4_(alertalligator.com)"
176.241.27.181 - - [23/Apr/2023:14:08:21 +0200] "GET /galateia.css HTTP/1.1" 200 1717 "http://www.nosza.hu/kutat/REVkutatas/3gazdalkodas/index.html" "Mozilla/5.0 (Windows NT 10.0; Win64; x64) AppleWebKit/537.36 (KHTML, like Gecko) Chrome/111.0.0.0 Safari/537.36 OPR/97.0.0.0"
176.241.27.181 - - [23/Apr/2023:14:08:21 +0200] "GET /graphics/noszalogo.gif HTTP/1.1" 200 6797 "http://www.nosza.hu/kutat/REVkutatas/3gazdalkodas/index.html" "Mozilla/5.0 (Windows NT 10.0; Win64; x64) AppleWebKit/537.36 (KHTML, like Gecko) Chrome/111.0.0.0 Safari/537.36 OPR/97.0.0.0"
