15.235.82.37 - - [03/Nov/2023:06:05:09 +0100] "HEAD /2021 HTTP/1.1" 404 0 "-" "Mozilla/5.0 (Windows NT 10.0; Win64; x64) AppleWebKit/537.36 (KHTML, like Gecko) Chrome/74.0.3729.169 Safari/537.36"
15.235.82.37 - - [03/Nov/2023:06:05:09 +0100] "HEAD /main HTTP/1.1" 404 0 "-" "Mozilla/5.0 (Windows NT 10.0; Win64; x64) AppleWebKit/537.36 (KHTML, like Gecko) Chrome/74.0.3729.169 Safari/537.36"
15.235.82.37 - - [03/Nov/2023:06:05:09 +0100] "HEAD /old-site HTTP/1.1" 404 0 "-" "Mozilla/5.0 (Windows NT 10.0; Win64; x64) AppleWebKit/537.36 (KHTML, like Gecko) Chrome/74.0.3729.169 Safari/537.36"
15.235.82.37 - - [03/Nov/2023:06:05:09 +0100] "HEAD /bk HTTP/1.1" 404 0 "-" "Mozilla/5.0 (Windows NT 10.0; Win64; x64) AppleWebKit/537.36 (KHTML, like Gecko) Chrome/74.0.3729.169 Safari/537.36"
15.235.82.37 - - [03/Nov/2023:06:05:09 +0100] "HEAD /Backup HTTP/1.1" 404 0 "-" "Mozilla/5.0 (Windows NT 10.0; Win64; x64) AppleWebKit/537.36 (KHTML, like Gecko) Chrome/74.0.3729.169 Safari/537.36"
15.235.82.37 - - [03/Nov/2023:06:05:10 +0100] "HEAD /BACKUP HTTP/1.1" 404 0 "-" "Mozilla/5.0 (Windows NT 10.0; Win64; x64) AppleWebKit/537.36 (KHTML, like Gecko) Chrome/74.0.3729.169 Safari/537.36"
15.235.82.37 - - [03/Nov/2023:06:05:10 +0100] "HEAD /SHOP HTTP/1.1" 404 0 "-" "Mozilla/5.0 (Windows NT 10.0; Win64; x64) AppleWebKit/537.36 (KHTML, like Gecko) Chrome/74.0.3729.169 Safari/537.36"
15.235.82.37 - - [03/Nov/2023:06:05:10 +0100] "HEAD /Shop HTTP/1.1" 404 0 "-" "Mozilla/5.0 (Windows NT 10.0; Win64; x64) AppleWebKit/537.36 (KHTML, like Gecko) Chrome/74.0.3729.169 Safari/537.36"
15.235.82.37 - - [03/Nov/2023:06:05:10 +0100] "HEAD /shop HTTP/1.1" 404 0 "-" "Mozilla/5.0 (Windows NT 10.0; Win64; x64) AppleWebKit/537.36 (KHTML, like Gecko) Chrome/74.0.3729.169 Safari/537.36"
15.235.82.37 - - [03/Nov/2023:06:05:10 +0100] "HEAD /bak HTTP/1.1" 404 0 "-" "Mozilla/5.0 (Windows NT 10.0; Win64; x64) AppleWebKit/537.36 (KHTML, like Gecko) Chrome/74.0.3729.169 Safari/537.36"
15.235.82.37 - - [03/Nov/2023:06:05:10 +0100] "HEAD /sitio HTTP/1.1" 404 0 "-" "Mozilla/5.0 (Windows NT 10.0; Win64; x64) AppleWebKit/537.36 (KHTML, like Gecko) Chrome/74.0.3729.169 Safari/537.36"
15.235.82.37 - - [03/Nov/2023:06:05:10 +0100] "HEAD /bac HTTP/1.1" 404 0 "-" "Mozilla/5.0 (Windows NT 10.0; Win64; x64) AppleWebKit/537.36 (KHTML, like Gecko) Chrome/74.0.3729.169 Safari/537.36"
15.235.82.37 - - [03/Nov/2023:06:05:11 +0100] "HEAD /sito HTTP/1.1" 404 0 "-" "Mozilla/5.0 (Windows NT 10.0; Win64; x64) AppleWebKit/537.36 (KHTML, like Gecko) Chrome/74.0.3729.169 Safari/537.36"
15.235.82.37 - - [03/Nov/2023:06:05:11 +0100] "HEAD /site HTTP/1.1" 404 0 "-" "Mozilla/5.0 (Windows NT 10.0; Win64; x64) AppleWebKit/537.36 (KHTML, like Gecko) Chrome/74.0.3729.169 Safari/537.36"
15.235.82.37 - - [03/Nov/2023:06:05:11 +0100] "HEAD /Site HTTP/1.1" 404 0 "-" "Mozilla/5.0 (Windows NT 10.0; Win64; x64) AppleWebKit/537.36 (KHTML, like Gecko) Chrome/74.0.3729.169 Safari/537.36"
15.235.82.37 - - [03/Nov/2023:06:05:11 +0100] "HEAD /SITE HTTP/1.1" 404 0 "-" "Mozilla/5.0 (Windows NT 10.0; Win64; x64) AppleWebKit/537.36 (KHTML, like Gecko) Chrome/74.0.3729.169 Safari/537.36"
15.235.82.37 - - [03/Nov/2023:06:05:11 +0100] "HEAD /blog HTTP/1.1" 404 0 "-" "Mozilla/5.0 (Windows NT 10.0; Win64; x64) AppleWebKit/537.36 (KHTML, like Gecko) Chrome/74.0.3729.169 Safari/537.36"
15.235.82.37 - - [03/Nov/2023:06:05:11 +0100] "HEAD /BLOG HTTP/1.1" 404 0 "-" "Mozilla/5.0 (Windows NT 10.0; Win64; x64) AppleWebKit/537.36 (KHTML, like Gecko) Chrome/74.0.3729.169 Safari/537.36"
15.235.82.37 - - [03/Nov/2023:06:05:12 +0100] "HEAD /Blog HTTP/1.1" 404 0 "-" "Mozilla/5.0 (Windows NT 10.0; Win64; x64) AppleWebKit/537.36 (KHTML, like Gecko) Chrome/74.0.3729.169 Safari/537.36"
31.148.130.78 - - [03/Nov/2023:06:39:41 +0100] "GET /nizak-peterfi.dbk.pdf HTTP/1.1" 200 156101 "-" "Mozilla/5.0 (Windows NT 10.0; Win64; x64) AppleWebKit/537.36 (KHTML, like Gecko) Chrome/114.0.0.0 Safari/537.36 Edg/114.0.1823.41"
49.12.13.109 - - [03/Nov/2023:06:40:40 +0100] "HEAD / HTTP/1.1" 200 0 "-" "Alert_Alligator_webmonitoring_service_1.6.3_(alertalligator.com)"
54.36.148.30 - - [03/Nov/2023:07:06:28 +0100] "GET /new/content/indul%C3%B3-projekt-magyar-nonprofit-szektor-t%C3%A1mogat%C3%A1s%C3%A1ra HTTP/1.1" 200 9771 "-" "Mozilla/5.0 (compatible; AhrefsBot/7.0; +http://ahrefs.com/robot/)"
50.112.160.3 - - [03/Nov/2023:07:39:02 +0100] "GET /new/dossziek/szolg%C3%A1ltat%C3%B3-civilek-0 HTTP/1.1" 200 9067 "-" "fidget-spinner-bot"
213.180.203.81 - - [03/Nov/2023:07:39:39 +0100] "GET /robots.txt HTTP/1.1" 404 1181 "-" "Mozilla/5.0 (compatible; YandexBot/3.0; +http://yandex.com/bots)"
87.250.224.25 - - [03/Nov/2023:07:39:40 +0100] "GET /new/en/news/training-materials-support-csos HTTP/1.1" 200 8120 "-" "Mozilla/5.0 (compatible; YandexBot/3.0; +http://yandex.com/bots)"
49.12.13.109 - - [03/Nov/2023:07:39:44 +0100] "HEAD / HTTP/1.1" 200 0 "-" "Alert_Alligator_webmonitoring_service_1.6.3_(alertalligator.com)"
54.184.159.16 - - [03/Nov/2023:07:43:48 +0100] "GET /new/dossziek/dossziek HTTP/1.1" 200 8028 "-" "fidget-spinner-bot"
54.184.159.16 - - [03/Nov/2023:07:46:00 +0100] "GET /new/magunkrol/hirek HTTP/1.1" 200 10213 "-" "fidget-spinner-bot"
54.184.159.16 - - [03/Nov/2023:07:49:01 +0100] "GET /new/publikaciok/cnny-hetedik-jelent%C3%A9se-nemzeti-strat%C3%A9giai-anyagok-nyilv%C3%A1noss%C3%A1g%C3%A1r%C3%B3l HTTP/1.1" 200 8543 "-" "fidget-spinner-bot"
50.112.160.3 - - [03/Nov/2023:07:49:50 +0100] "GET /new/dossziek/publikaciok HTTP/1.1" 200 8283 "-" "fidget-spinner-bot"
50.112.160.3 - - [03/Nov/2023:07:52:17 +0100] "GET /new/publikaciok/cseh-lengyel-%C3%A9s-magyar-ptk-nonprofit-szervezetekre-vonatkoz%C3%B3-r%C3%A9szeinek-%C3%B6sszehasonl%C3%ADt%C3%A1sa HTTP/1.1" 200 8521 "-" "fidget-spinner-bot"
50.112.160.3 - - [03/Nov/2023:07:52:46 +0100] "GET /new/publikaciok/szabads%C3%A1gjogok-%C3%A9s-radik%C3%A1lis-mozgalmak-k%C3%B6z%C3%A9p-kelet-eur%C3%B3p%C3%A1ban HTTP/1.1" 200 9274 "-" "fidget-spinner-bot"
50.112.160.3 - - [03/Nov/2023:07:53:12 +0100] "GET /new/magunkrol/dossziek HTTP/1.1" 200 9835 "-" "fidget-spinner-bot"
54.184.159.16 - - [03/Nov/2023:07:54:22 +0100] "GET /new/magunkrol/publikaciok HTTP/1.1" 200 9971 "-" "fidget-spinner-bot"
50.112.160.3 - - [03/Nov/2023:07:54:49 +0100] "GET /new/publikaciok/cnny-hatodik-jelent%C3%A9se-nemzeti-strat%C3%A9giai-anyagok-tervez%C3%A9s%C3%A9nek-nyilv%C3%A1noss%C3%A1g%C3%A1r%C3%B3l HTTP/1.1" 200 8894 "-" "fidget-spinner-bot"
50.112.160.3 - - [03/Nov/2023:07:55:55 +0100] "GET /new/en/projects/Test%20project HTTP/1.1" 200 7194 "-" "fidget-spinner-bot"
50.112.160.3 - - [03/Nov/2023:07:56:10 +0100] "GET /new/en/publications HTTP/1.1" 200 7784 "-" "fidget-spinner-bot"
54.184.159.16 - - [03/Nov/2023:07:56:41 +0100] "GET /new/dossziek/eloszt%C3%B3-projekt HTTP/1.1" 200 11554 "-" "fidget-spinner-bot"
54.184.159.16 - - [03/Nov/2023:07:56:53 +0100] "GET /new/dossziek/hirek HTTP/1.1" 200 8525 "-" "fidget-spinner-bot"
54.184.159.16 - - [03/Nov/2023:07:56:54 +0100] "GET /new/en/about_us/financial_reports HTTP/1.1" 200 9675 "-" "fidget-spinner-bot"
50.112.160.3 - - [03/Nov/2023:07:57:38 +0100] "GET /new/content/civil-szervezeti-l%C3%A9t-r%C3%A9gi-%C3%A9s-%C3%BAj-kih%C3%ADv%C3%A1sai HTTP/1.1" 200 9213 "-" "fidget-spinner-bot"
44.231.202.44 - - [03/Nov/2023:07:58:06 +0100] "GET /new/en/contact_us HTTP/1.1" 200 7267 "-" "fidget-spinner-bot"
54.184.159.16 - - [03/Nov/2023:07:58:41 +0100] "GET /new/projektek/publikaciok HTTP/1.1" 200 8540 "-" "fidget-spinner-bot"
54.184.159.16 - - [03/Nov/2023:07:58:56 +0100] "GET /new/en/about_us/links HTTP/1.1" 200 7851 "-" "fidget-spinner-bot"
54.184.159.16 - - [03/Nov/2023:08:00:34 +0100] "GET /new/projektek/civil-%C3%BAjs%C3%A1g%C3%ADr%C3%A1ssal-az-%C3%B6nkorm%C3%A1nzatok-%C3%A1tl%C3%A1that%C3%B3s%C3%A1g%C3%A1%C3%A9rt HTTP/1.1" 200 10729 "-" "fidget-spinner-bot"
54.184.159.16 - - [03/Nov/2023:08:00:54 +0100] "GET /new/content/indul%C3%B3-projekt-magyar-nonprofit-szektor-t%C3%A1mogat%C3%A1s%C3%A1ra HTTP/1.1" 200 9771 "-" "fidget-spinner-bot"
44.231.202.44 - - [03/Nov/2023:08:01:34 +0100] "GET /new/publikaciok/dr-f%C3%BCl%C3%B6p-s%C3%A1ndor-egyes%C3%BCletek-b%C3%ADr%C3%B3s%C3%A1gi-nyilv%C3%A1ntart%C3%A1sba-v%C3%A9teli-gyakorlata-%C3%B6sszehasonl%C3%ADt%C3%B3-e-0 HTTP/1.1" 200 8881 "-" "fidget-spinner-bot"
44.231.202.44 - - [03/Nov/2023:08:02:52 +0100] "GET /new/projektek/hirek HTTP/1.1" 200 8776 "-" "fidget-spinner-bot"
50.112.160.3 - - [03/Nov/2023:08:02:56 +0100] "GET /new/en/about_us/activity HTTP/1.1" 200 9036 "-" "fidget-spinner-bot"
44.231.202.44 - - [03/Nov/2023:08:03:03 +0100] "GET /new/en/news/2017 HTTP/1.1" 200 15657 "-" "fidget-spinner-bot"
54.184.159.16 - - [03/Nov/2023:08:03:10 +0100] "GET /new/en/news/2018 HTTP/1.1" 200 15657 "-" "fidget-spinner-bot"
54.184.159.16 - - [03/Nov/2023:08:03:27 +0100] "GET /new/hirek/alap%C3%ADtv%C3%A1ny-alap%C3%ADt%C3%B3-okirata-%C3%A9s-m%C5%B1k%C3%B6d%C3%A9se HTTP/1.1" 200 9331 "-" "fidget-spinner-bot"
50.112.160.3 - - [03/Nov/2023:08:03:36 +0100] "GET /new/content/gyakran-ism%C3%A9telt-k%C3%A9rd%C3%A9sek HTTP/1.1" 200 12447 "-" "fidget-spinner-bot"
50.112.160.3 - - [03/Nov/2023:08:03:38 +0100] "GET /new/projektek/dossziek HTTP/1.1" 200 8401 "-" "fidget-spinner-bot"
44.231.202.44 - - [03/Nov/2023:08:03:49 +0100] "GET /tagjaink HTTP/1.1" 404 1181 "-" "fidget-spinner-bot"
50.112.160.3 - - [03/Nov/2023:08:03:49 +0100] "GET /new/en/news/2014 HTTP/1.1" 200 15657 "-" "fidget-spinner-bot"
50.112.160.3 - - [03/Nov/2023:08:04:22 +0100] "GET /new/hirek/hirek HTTP/1.1" 200 16842 "-" "fidget-spinner-bot"
50.112.160.3 - - [03/Nov/2023:08:05:56 +0100] "GET /new/content/civil-%C3%BAjs%C3%A1g%C3%ADr%C3%A1ssal-az-%C3%B6nkorm%C3%A1nyzatok-%C3%A1tl%C3%A1that%C3%B3s%C3%A1g%C3%A1%C3%A9rt HTTP/1.1" 403 7484 "-" "fidget-spinner-bot"
54.184.159.16 - - [03/Nov/2023:08:06:23 +0100] "GET /new/en/about_us/members HTTP/1.1" 200 8253 "-" "fidget-spinner-bot"
54.184.159.16 - - [03/Nov/2023:08:07:49 +0100] "GET /new/hirek/2019?page=1 HTTP/1.1" 200 14140 "-" "fidget-spinner-bot"
44.231.202.44 - - [03/Nov/2023:08:07:52 +0100] "GET /new/hirek/civil-szervezeteket-%C3%A9rint%C5%91-legfontosabb-jogszab%C3%A1lyv%C3%A1ltoz%C3%A1sok-2017-ben HTTP/1.1" 200 13994 "-" "fidget-spinner-bot"
54.184.159.16 - - [03/Nov/2023:08:07:52 +0100] "GET /new/en/news/2013 HTTP/1.1" 200 15657 "-" "fidget-spinner-bot"
50.112.160.3 - - [03/Nov/2023:08:08:06 +0100] "GET /new/en/dossiers HTTP/1.1" 200 7967 "-" "fidget-spinner-bot"
50.112.160.3 - - [03/Nov/2023:08:08:29 +0100] "GET /new/en/news/2016 HTTP/1.1" 200 15657 "-" "fidget-spinner-bot"
50.112.160.3 - - [03/Nov/2023:08:09:01 +0100] "GET /new/content/egyes%C3%BCleti-alapszab%C3%A1ly-%C3%A9s-m%C5%B1k%C3%B6d%C3%A9s HTTP/1.1" 200 8652 "-" "fidget-spinner-bot"
44.231.202.44 - - [03/Nov/2023:08:09:38 +0100] "GET /new/en/news/2009 HTTP/1.1" 200 15657 "-" "fidget-spinner-bot"
44.231.202.44 - - [03/Nov/2023:08:09:39 +0100] "GET /new/projektek/%C3%B6nk%C3%A9ntes-menedzsment-tr%C3%A9ning HTTP/1.1" 200 9714 "-" "fidget-spinner-bot"
44.231.202.44 - - [03/Nov/2023:08:09:56 +0100] "GET /new/en/about_us/our_staff HTTP/1.1" 200 8901 "-" "fidget-spinner-bot"
44.231.202.44 - - [03/Nov/2023:08:10:17 +0100] "GET /new/publikaciok/publikaciok HTTP/1.1" 200 8189 "-" "fidget-spinner-bot"
54.184.159.16 - - [03/Nov/2023:08:12:11 +0100] "GET /new/publikaciok/dossziek HTTP/1.1" 200 8294 "-" "fidget-spinner-bot"
50.112.160.3 - - [03/Nov/2023:08:12:20 +0100] "GET /new/content/civil-szervezet-%E2%80%93-t%C3%A1rsadalmi-szervezet-%E2%80%93-civil-t%C3%A1rsas%C3%A1g-az-%C3%BAj-civil-t%C3%B6rv%C3%A9ny-fogalmi-%C3%BAj%C3%ADt%C3%A1sai HTTP/1.1" 200 18521 "-" "fidget-spinner-bot"
50.112.160.3 - - [03/Nov/2023:08:13:38 +0100] "GET /new/en/about_us/supporters HTTP/1.1" 200 11066 "-" "fidget-spinner-bot"
54.184.159.16 - - [03/Nov/2023:08:14:14 +0100] "GET /new/en/news HTTP/1.1" 200 15658 "-" "fidget-spinner-bot"
50.112.160.3 - - [03/Nov/2023:08:14:37 +0100] "GET /new/publikaciok/hirek HTTP/1.1" 200 8669 "-" "fidget-spinner-bot"
44.231.202.44 - - [03/Nov/2023:08:14:58 +0100] "GET /new/hirek/dossziek HTTP/1.1" 200 16979 "-" "fidget-spinner-bot"
54.184.159.16 - - [03/Nov/2023:08:15:58 +0100] "GET /new/projektek/h%C3%A1l%C3%B3zat-nyitott-jogalkot%C3%A1s%C3%A9rt HTTP/1.1" 200 9891 "-" "fidget-spinner-bot"
44.231.202.44 - - [03/Nov/2023:08:17:05 +0100] "GET /new/en/about_us HTTP/1.1" 200 8827 "-" "fidget-spinner-bot"
50.112.160.3 - - [03/Nov/2023:08:17:19 +0100] "GET /new/en/publications/2008 HTTP/1.1" 200 7768 "-" "fidget-spinner-bot"
54.184.159.16 - - [03/Nov/2023:08:17:22 +0100] "GET /new/en/rss.xml HTTP/1.1" 200 10708 "-" "fidget-spinner-bot"
44.231.202.44 - - [03/Nov/2023:08:17:27 +0100] "GET /new/hirek/elindult-az-eloszt%C3%B3-projekt-facebook-oldala HTTP/1.1" 200 9225 "-" "fidget-spinner-bot"
54.184.159.16 - - [03/Nov/2023:08:18:51 +0100] "GET /new/hirek/2014?page=1 HTTP/1.1" 200 14140 "-" "fidget-spinner-bot"
50.112.160.3 - - [03/Nov/2023:08:20:39 +0100] "GET /new/hirek/publikaciok HTTP/1.1" 200 17124 "-" "fidget-spinner-bot"
54.184.159.16 - - [03/Nov/2023:08:21:18 +0100] "GET /new/hirek/2016?page=1 HTTP/1.1" 200 14140 "-" "fidget-spinner-bot"
54.184.159.16 - - [03/Nov/2023:08:23:40 +0100] "GET /new/en/projects HTTP/1.1" 200 7671 "-" "fidget-spinner-bot"
34.253.209.222 - - [03/Nov/2023:08:25:25 +0100] "GET / HTTP/1.1" 200 1010 "-" "Mozilla/5.0 (Macintosh; Intel Mac OS X 10.15; rv:81.0) Gecko/20100101 Firefox/81.0"
54.184.159.16 - - [03/Nov/2023:08:25:27 +0100] "GET /new/content/szolg%C3%A1ltat%C3%B3-civilek HTTP/1.1" 200 8817 "-" "fidget-spinner-bot"
50.112.160.3 - - [03/Nov/2023:08:25:30 +0100] "GET /new/projektek/eloszt%C3%B3-projekt HTTP/1.1" 200 11786 "-" "fidget-spinner-bot"
54.184.159.16 - - [03/Nov/2023:08:25:46 +0100] "GET /new/projektek/m%C5%B1k%C3%B6d%C3%A9si-p%C3%A1ly%C3%A1zat-2016-2017 HTTP/1.1" 200 12024 "-" "fidget-spinner-bot"
54.184.159.16 - - [03/Nov/2023:08:25:53 +0100] "GET /new/projektek/m%C5%B1k%C3%B6d%C3%A9si-p%C3%A1ly%C3%A1zat-2017-18 HTTP/1.1" 200 11920 "-" "fidget-spinner-bot"
50.112.160.3 - - [03/Nov/2023:08:26:53 +0100] "GET /new/projektek/2013-2014-elmaradott-t%C3%A9rs%C3%A9gek-civil-szervezeteinek-r%C3%A9szv%C3%A9telre-k%C3%A9pes%C3%ADt%C3%A9se HTTP/1.1" 200 12132 "-" "fidget-spinner-bot"
44.231.202.44 - - [03/Nov/2023:08:38:00 +0100] "GET /new/hirek/2009?page=1 HTTP/1.1" 200 14140 "-" "fidget-spinner-bot"
82.131.210.2 - - [03/Nov/2023:08:38:39 +0100] "GET /new/magunkrol HTTP/1.1" 200 9675 "https://www.google.com/" "Mozilla/5.0 (Windows NT 10.0; Win64; x64) AppleWebKit/537.36 (KHTML, like Gecko) Chrome/118.0.0.0 Safari/537.36"
82.131.210.2 - - [03/Nov/2023:08:38:39 +0100] "GET /new/modules/user/user.css?l HTTP/1.1" 200 1127 "http://www.nosza.hu/new/magunkrol" "Mozilla/5.0 (Windows NT 10.0; Win64; x64) AppleWebKit/537.36 (KHTML, like Gecko) Chrome/118.0.0.0 Safari/537.36"
82.131.210.2 - - [03/Nov/2023:08:38:39 +0100] "GET /new/modules/node/node.css?l HTTP/1.1" 200 740 "http://www.nosza.hu/new/magunkrol" "Mozilla/5.0 (Windows NT 10.0; Win64; x64) AppleWebKit/537.36 (KHTML, like Gecko) Chrome/118.0.0.0 Safari/537.36"
82.131.210.2 - - [03/Nov/2023:08:38:39 +0100] "GET /new/modules/filefield/filefield.css?l HTTP/1.1" 200 1986 "http://www.nosza.hu/new/magunkrol" "Mozilla/5.0 (Windows NT 10.0; Win64; x64) AppleWebKit/537.36 (KHTML, like Gecko) Chrome/118.0.0.0 Safari/537.36"
82.131.210.2 - - [03/Nov/2023:08:38:39 +0100] "GET /new/modules/system/system-menus.css?l HTTP/1.1" 200 935 "http://www.nosza.hu/new/magunkrol" "Mozilla/5.0 (Windows NT 10.0; Win64; x64) AppleWebKit/537.36 (KHTML, like Gecko) Chrome/118.0.0.0 Safari/537.36"
82.131.210.2 - - [03/Nov/2023:08:38:39 +0100] "GET /new/modules/system/system.css?l HTTP/1.1" 200 10020 "http://www.nosza.hu/new/magunkrol" "Mozilla/5.0 (Windows NT 10.0; Win64; x64) AppleWebKit/537.36 (KHTML, like Gecko) Chrome/118.0.0.0 Safari/537.36"
82.131.210.2 - - [03/Nov/2023:08:38:39 +0100] "GET /new/sites/all/modules/cck/theme/content-module.css?l HTTP/1.1" 200 2397 "http://www.nosza.hu/new/magunkrol" "Mozilla/5.0 (Windows NT 10.0; Win64; x64) AppleWebKit/537.36 (KHTML, like Gecko) Chrome/118.0.0.0 Safari/537.36"
82.131.210.2 - - [03/Nov/2023:08:38:39 +0100] "GET /new/modules/system/defaults.css?l HTTP/1.1" 200 757 "http://www.nosza.hu/new/magunkrol" "Mozilla/5.0 (Windows NT 10.0; Win64; x64) AppleWebKit/537.36 (KHTML, like Gecko) Chrome/118.0.0.0 Safari/537.36"
82.131.210.2 - - [03/Nov/2023:08:38:39 +0100] "GET /new/sites/default/themes/nosza/images/logoMagunkrol.jpg HTTP/1.1" 200 4934 "http://www.nosza.hu/new/magunkrol" "Mozilla/5.0 (Windows NT 10.0; Win64; x64) AppleWebKit/537.36 (KHTML, like Gecko) Chrome/118.0.0.0 Safari/537.36"
82.131.210.2 - - [03/Nov/2023:08:38:39 +0100] "GET /new/sites/default/themes/nosza/images/dosszieSide.jpg HTTP/1.1" 200 7764 "http://www.nosza.hu/new/magunkrol" "Mozilla/5.0 (Windows NT 10.0; Win64; x64) AppleWebKit/537.36 (KHTML, like Gecko) Chrome/118.0.0.0 Safari/537.36"
82.131.210.2 - - [03/Nov/2023:08:38:39 +0100] "GET /new/sites/default/themes/nosza/images/publikaciokSide.jpg HTTP/1.1" 200 7497 "http://www.nosza.hu/new/magunkrol" "Mozilla/5.0 (Windows NT 10.0; Win64; x64) AppleWebKit/537.36 (KHTML, like Gecko) Chrome/118.0.0.0 Safari/537.36"
82.131.210.2 - - [03/Nov/2023:08:38:39 +0100] "GET /new/sites/all/modules/cck/modules/fieldgroup/fieldgroup.css?l HTTP/1.1" 200 166 "http://www.nosza.hu/new/magunkrol" "Mozilla/5.0 (Windows NT 10.0; Win64; x64) AppleWebKit/537.36 (KHTML, like Gecko) Chrome/118.0.0.0 Safari/537.36"
82.131.210.2 - - [03/Nov/2023:08:38:39 +0100] "GET /new/sites/default/themes/nosza/images/aktualisSide.jpg HTTP/1.1" 200 8821 "http://www.nosza.hu/new/magunkrol" "Mozilla/5.0 (Windows NT 10.0; Win64; x64) AppleWebKit/537.36 (KHTML, like Gecko) Chrome/118.0.0.0 Safari/537.36"
82.131.210.2 - - [03/Nov/2023:08:38:39 +0100] "GET /new/sites/default/themes/nosza/css/nosza.css?l HTTP/1.1" 200 10555 "http://www.nosza.hu/new/magunkrol" "Mozilla/5.0 (Windows NT 10.0; Win64; x64) AppleWebKit/537.36 (KHTML, like Gecko) Chrome/118.0.0.0 Safari/537.36"
54.184.159.16 - - [03/Nov/2023:08:38:43 +0100] "GET /new/projektek/m%C5%B1k%C3%B6d%C3%A9si-p%C3%A1ly%C3%A1zat-2015-2016 HTTP/1.1" 200 12262 "-" "fidget-spinner-bot"
82.131.210.2 - - [03/Nov/2023:08:38:46 +0100] "GET /new/sites/default/themes/nosza/css/menu_style.css HTTP/1.1" 200 4749 "http://www.nosza.hu/new/magunkrol" "Mozilla/5.0 (Windows NT 10.0; Win64; x64) AppleWebKit/537.36 (KHTML, like Gecko) Chrome/118.0.0.0 Safari/537.36"
82.131.210.2 - - [03/Nov/2023:08:38:46 +0100] "GET /new/sites/default/themes/nosza/scripts/search.js HTTP/1.1" 200 466 "http://www.nosza.hu/new/magunkrol" "Mozilla/5.0 (Windows NT 10.0; Win64; x64) AppleWebKit/537.36 (KHTML, like Gecko) Chrome/118.0.0.0 Safari/537.36"
82.131.210.2 - - [03/Nov/2023:08:38:47 +0100] "GET /new/sites/default/files/kisscsaba_0.jpg HTTP/1.1" 200 2409 "http://www.nosza.hu/new/magunkrol" "Mozilla/5.0 (Windows NT 10.0; Win64; x64) AppleWebKit/537.36 (KHTML, like Gecko) Chrome/118.0.0.0 Safari/537.36"
82.131.210.2 - - [03/Nov/2023:08:38:47 +0100] "GET /new/sites/default/themes/nosza/images/searchBg.png HTTP/1.1" 200 1443 "http://www.nosza.hu/new/sites/default/themes/nosza/css/nosza.css?l" "Mozilla/5.0 (Windows NT 10.0; Win64; x64) AppleWebKit/537.36 (KHTML, like Gecko) Chrome/118.0.0.0 Safari/537.36"
82.131.210.2 - - [03/Nov/2023:08:38:47 +0100] "GET /new/sites/default/themes/nosza/print.css?l HTTP/1.1" 200 1247 "http://www.nosza.hu/new/magunkrol" "Mozilla/5.0 (Windows NT 10.0; Win64; x64) AppleWebKit/537.36 (KHTML, like Gecko) Chrome/118.0.0.0 Safari/537.36"
82.131.210.2 - - [03/Nov/2023:08:38:47 +0100] "GET /new/sites/default/files/andras_1_0.jpg HTTP/1.1" 200 62707 "http://www.nosza.hu/new/magunkrol" "Mozilla/5.0 (Windows NT 10.0; Win64; x64) AppleWebKit/537.36 (KHTML, like Gecko) Chrome/118.0.0.0 Safari/537.36"
82.131.210.2 - - [03/Nov/2023:08:38:47 +0100] "GET /new/sites/default/themes/nosza/images/rrs.jpg HTTP/1.1" 200 829 "http://www.nosza.hu/new/magunkrol" "Mozilla/5.0 (Windows NT 10.0; Win64; x64) AppleWebKit/537.36 (KHTML, like Gecko) Chrome/118.0.0.0 Safari/537.36"
82.131.210.2 - - [03/Nov/2023:08:38:47 +0100] "GET /new/sites/default/themes/nosza/images/egyIcon.jpg HTTP/1.1" 200 860 "http://www.nosza.hu/new/sites/default/themes/nosza/css/menu_style.css" "Mozilla/5.0 (Windows NT 10.0; Win64; x64) AppleWebKit/537.36 (KHTML, like Gecko) Chrome/118.0.0.0 Safari/537.36"
82.131.210.2 - - [03/Nov/2023:08:38:47 +0100] "GET /new/sites/default/themes/nosza/images/englishBgInactive.png HTTP/1.1" 200 823 "http://www.nosza.hu/new/sites/default/themes/nosza/css/nosza.css?l" "Mozilla/5.0 (Windows NT 10.0; Win64; x64) AppleWebKit/537.36 (KHTML, like Gecko) Chrome/118.0.0.0 Safari/537.36"
82.131.210.2 - - [03/Nov/2023:08:38:47 +0100] "GET /new/sites/default/themes/nosza/images/negyIcon.jpg HTTP/1.1" 200 908 "http://www.nosza.hu/new/sites/default/themes/nosza/css/menu_style.css" "Mozilla/5.0 (Windows NT 10.0; Win64; x64) AppleWebKit/537.36 (KHTML, like Gecko) Chrome/118.0.0.0 Safari/537.36"
82.131.210.2 - - [03/Nov/2023:08:38:47 +0100] "GET /new/sites/default/themes/nosza/images/kettoIcon.jpg HTTP/1.1" 200 1039 "http://www.nosza.hu/new/sites/default/themes/nosza/css/menu_style.css" "Mozilla/5.0 (Windows NT 10.0; Win64; x64) AppleWebKit/537.36 (KHTML, like Gecko) Chrome/118.0.0.0 Safari/537.36"
82.131.210.2 - - [03/Nov/2023:08:38:47 +0100] "GET /new/sites/default/themes/nosza/images/feelingBgMagunkrol.jpg HTTP/1.1" 200 42475 "http://www.nosza.hu/new/sites/default/themes/nosza/css/nosza.css?l" "Mozilla/5.0 (Windows NT 10.0; Win64; x64) AppleWebKit/537.36 (KHTML, like Gecko) Chrome/118.0.0.0 Safari/537.36"
82.131.210.2 - - [03/Nov/2023:08:38:47 +0100] "GET /new/sites/default/themes/nosza/images/subnavBg.jpg HTTP/1.1" 200 439 "http://www.nosza.hu/new/sites/default/themes/nosza/css/nosza.css?l" "Mozilla/5.0 (Windows NT 10.0; Win64; x64) AppleWebKit/537.36 (KHTML, like Gecko) Chrome/118.0.0.0 Safari/537.36"
82.131.210.2 - - [03/Nov/2023:08:38:47 +0100] "GET /new/sites/default/themes/nosza/images/subnavOver.jpg HTTP/1.1" 200 704 "http://www.nosza.hu/new/sites/default/themes/nosza/css/nosza.css?l" "Mozilla/5.0 (Windows NT 10.0; Win64; x64) AppleWebKit/537.36 (KHTML, like Gecko) Chrome/118.0.0.0 Safari/537.36"
82.131.210.2 - - [03/Nov/2023:08:38:47 +0100] "GET /new/sites/default/themes/nosza/images/magyarBgInactive.png HTTP/1.1" 200 686 "http://www.nosza.hu/new/sites/default/themes/nosza/css/nosza.css?l" "Mozilla/5.0 (Windows NT 10.0; Win64; x64) AppleWebKit/537.36 (KHTML, like Gecko) Chrome/118.0.0.0 Safari/537.36"
82.131.210.2 - - [03/Nov/2023:08:38:48 +0100] "GET /new/sites/default/themes/nosza/images/magyarBgOver.png HTTP/1.1" 200 893 "http://www.nosza.hu/new/sites/default/themes/nosza/css/nosza.css?l" "Mozilla/5.0 (Windows NT 10.0; Win64; x64) AppleWebKit/537.36 (KHTML, like Gecko) Chrome/118.0.0.0 Safari/537.36"
82.131.210.2 - - [03/Nov/2023:08:38:51 +0100] "GET /new/sites/default/themes/nosza/images/kettoOver.jpg HTTP/1.1" 200 868 "http://www.nosza.hu/new/sites/default/themes/nosza/css/menu_style.css" "Mozilla/5.0 (Windows NT 10.0; Win64; x64) AppleWebKit/537.36 (KHTML, like Gecko) Chrome/118.0.0.0 Safari/537.36"
82.131.210.2 - - [03/Nov/2023:08:38:51 +0100] "GET /new/sites/default/themes/nosza/images/submenuBg.png HTTP/1.1" 200 875 "http://www.nosza.hu/new/sites/default/themes/nosza/css/menu_style.css" "Mozilla/5.0 (Windows NT 10.0; Win64; x64) AppleWebKit/537.36 (KHTML, like Gecko) Chrome/118.0.0.0 Safari/537.36"
82.131.210.2 - - [03/Nov/2023:08:38:52 +0100] "GET /new/sites/default/themes/nosza/images/egyOver.jpg HTTP/1.1" 200 685 "http://www.nosza.hu/new/sites/default/themes/nosza/css/menu_style.css" "Mozilla/5.0 (Windows NT 10.0; Win64; x64) AppleWebKit/537.36 (KHTML, like Gecko) Chrome/118.0.0.0 Safari/537.36"
82.131.210.2 - - [03/Nov/2023:08:38:54 +0100] "GET /new/sites/default/themes/nosza/images/footerBg.jpg HTTP/1.1" 200 1097 "http://www.nosza.hu/new/sites/default/themes/nosza/css/nosza.css?l" "Mozilla/5.0 (Windows NT 10.0; Win64; x64) AppleWebKit/537.36 (KHTML, like Gecko) Chrome/118.0.0.0 Safari/537.36"
82.131.210.2 - - [03/Nov/2023:08:38:54 +0100] "GET /new/sites/default/themes/nosza/images/headerBgMagunkrol.jpg HTTP/1.1" 200 22932 "http://www.nosza.hu/new/sites/default/themes/nosza/css/nosza.css?l" "Mozilla/5.0 (Windows NT 10.0; Win64; x64) AppleWebKit/537.36 (KHTML, like Gecko) Chrome/118.0.0.0 Safari/537.36"
82.131.210.2 - - [03/Nov/2023:08:38:54 +0100] "GET /new/sites/default/themes/nosza/images/hatIcon.jpg HTTP/1.1" 200 838 "http://www.nosza.hu/new/sites/default/themes/nosza/css/menu_style.css" "Mozilla/5.0 (Windows NT 10.0; Win64; x64) AppleWebKit/537.36 (KHTML, like Gecko) Chrome/118.0.0.0 Safari/537.36"
49.12.13.109 - - [03/Nov/2023:08:38:58 +0100] "HEAD / HTTP/1.1" 200 0 "-" "Alert_Alligator_webmonitoring_service_1.6.3_(alertalligator.com)"
82.131.210.2 - - [03/Nov/2023:08:39:02 +0100] "GET /new/sites/default/themes/nosza/images/haromIcon.jpg HTTP/1.1" 200 764 "http://www.nosza.hu/new/sites/default/themes/nosza/css/menu_style.css" "Mozilla/5.0 (Windows NT 10.0; Win64; x64) AppleWebKit/537.36 (KHTML, like Gecko) Chrome/118.0.0.0 Safari/537.36"
82.131.210.2 - - [03/Nov/2023:08:39:02 +0100] "GET /new/sites/default/themes/nosza/images/otIcon.jpg HTTP/1.1" 200 689 "http://www.nosza.hu/new/sites/default/themes/nosza/css/menu_style.css" "Mozilla/5.0 (Windows NT 10.0; Win64; x64) AppleWebKit/537.36 (KHTML, like Gecko) Chrome/118.0.0.0 Safari/537.36"
82.131.210.2 - - [03/Nov/2023:08:39:03 +0100] "GET /favicon.ico HTTP/1.1" 404 1181 "http://www.nosza.hu/new/magunkrol" "Mozilla/5.0 (Windows NT 10.0; Win64; x64) AppleWebKit/537.36 (KHTML, like Gecko) Chrome/118.0.0.0 Safari/537.36"
82.131.210.2 - - [03/Nov/2023:08:39:03 +0100] "GET /new/sites/default/themes/nosza/images/haromOver.jpg HTTP/1.1" 200 678 "http://www.nosza.hu/new/sites/default/themes/nosza/css/menu_style.css" "Mozilla/5.0 (Windows NT 10.0; Win64; x64) AppleWebKit/537.36 (KHTML, like Gecko) Chrome/118.0.0.0 Safari/537.36"
82.131.210.2 - - [03/Nov/2023:08:39:09 +0100] "GET /new/magunkrol/tagjaink HTTP/1.1" 200 16672 "http://www.nosza.hu/new/magunkrol" "Mozilla/5.0 (Windows NT 10.0; Win64; x64) AppleWebKit/537.36 (KHTML, like Gecko) Chrome/118.0.0.0 Safari/537.36"
82.131.210.2 - - [03/Nov/2023:08:39:09 +0100] "GET /new/sites/default/themes/nosza/images/breadNyil.jpg HTTP/1.1" 200 312 "http://www.nosza.hu/new/sites/default/themes/nosza/css/nosza.css?l" "Mozilla/5.0 (Windows NT 10.0; Win64; x64) AppleWebKit/537.36 (KHTML, like Gecko) Chrome/118.0.0.0 Safari/537.36"
82.131.210.2 - - [03/Nov/2023:08:39:09 +0100] "GET /new/sites/default/files/kisscsaba.jpg HTTP/1.1" 200 2409 "http://www.nosza.hu/new/magunkrol/tagjaink" "Mozilla/5.0 (Windows NT 10.0; Win64; x64) AppleWebKit/537.36 (KHTML, like Gecko) Chrome/118.0.0.0 Safari/537.36"
82.131.210.2 - - [03/Nov/2023:08:39:09 +0100] "GET /new/sites/default/files/fulop.jpg HTTP/1.1" 200 2514 "http://www.nosza.hu/new/magunkrol/tagjaink" "Mozilla/5.0 (Windows NT 10.0; Win64; x64) AppleWebKit/537.36 (KHTML, like Gecko) Chrome/118.0.0.0 Safari/537.36"
82.131.210.2 - - [03/Nov/2023:08:39:09 +0100] "GET /new/sites/default/files/markus.jpg HTTP/1.1" 200 2866 "http://www.nosza.hu/new/magunkrol/tagjaink" "Mozilla/5.0 (Windows NT 10.0; Win64; x64) AppleWebKit/537.36 (KHTML, like Gecko) Chrome/118.0.0.0 Safari/537.36"
82.131.210.2 - - [03/Nov/2023:08:39:09 +0100] "GET /new/sites/default/files/biroendre.jpg HTTP/1.1" 200 2336 "http://www.nosza.hu/new/magunkrol/tagjaink" "Mozilla/5.0 (Windows NT 10.0; Win64; x64) AppleWebKit/537.36 (KHTML, like Gecko) Chrome/118.0.0.0 Safari/537.36"
82.131.210.2 - - [03/Nov/2023:08:39:09 +0100] "GET /new/sites/default/files/brigi.jpg HTTP/1.1" 200 48509 "http://www.nosza.hu/new/magunkrol/tagjaink" "Mozilla/5.0 (Windows NT 10.0; Win64; x64) AppleWebKit/537.36 (KHTML, like Gecko) Chrome/118.0.0.0 Safari/537.36"
82.131.210.2 - - [03/Nov/2023:08:39:09 +0100] "GET /new/sites/default/files/gargya_marietta.jpg HTTP/1.1" 200 2900 "http://www.nosza.hu/new/magunkrol/tagjaink" "Mozilla/5.0 (Windows NT 10.0; Win64; x64) AppleWebKit/537.36 (KHTML, like Gecko) Chrome/118.0.0.0 Safari/537.36"
82.131.210.2 - - [03/Nov/2023:08:39:09 +0100] "GET /new/sites/default/files/scsaurszki.jpg HTTP/1.1" 200 2600 "http://www.nosza.hu/new/magunkrol/tagjaink" "Mozilla/5.0 (Windows NT 10.0; Win64; x64) AppleWebKit/537.36 (KHTML, like Gecko) Chrome/118.0.0.0 Safari/537.36"
82.131.210.2 - - [03/Nov/2023:08:39:09 +0100] "GET /new/sites/default/files/nizak_peter.jpg HTTP/1.1" 200 2525 "http://www.nosza.hu/new/magunkrol/tagjaink" "Mozilla/5.0 (Windows NT 10.0; Win64; x64) AppleWebKit/537.36 (KHTML, like Gecko) Chrome/118.0.0.0 Safari/537.36"
82.131.210.2 - - [03/Nov/2023:08:39:09 +0100] "GET /new/sites/default/files/sebestyen.jpg HTTP/1.1" 200 2222 "http://www.nosza.hu/new/magunkrol/tagjaink" "Mozilla/5.0 (Windows NT 10.0; Win64; x64) AppleWebKit/537.36 (KHTML, like Gecko) Chrome/118.0.0.0 Safari/537.36"
82.131.210.2 - - [03/Nov/2023:08:39:14 +0100] "GET /new/sites/default/files/nilda_bullain.jpg HTTP/1.1" 200 2700 "http://www.nosza.hu/new/magunkrol/tagjaink" "Mozilla/5.0 (Windows NT 10.0; Win64; x64) AppleWebKit/537.36 (KHTML, like Gecko) Chrome/118.0.0.0 Safari/537.36"
44.231.202.44 - - [03/Nov/2023:08:40:08 +0100] "GET /new/hirek/2013?page=1 HTTP/1.1" 200 14140 "-" "fidget-spinner-bot"
66.249.68.71 - - [03/Nov/2023:08:41:24 +0100] "GET /new/elerhetoseg HTTP/1.1" 200 8052 "-" "Mozilla/5.0 (Linux; Android 6.0.1; Nexus 5X Build/MMB29P) AppleWebKit/537.36 (KHTML, like Gecko) Chrome/119.0.6045.105 Mobile Safari/537.36 (compatible; Googlebot/2.1; +http://www.google.com/bot.html)"
66.249.68.70 - - [03/Nov/2023:08:41:35 +0100] "GET /new/modules/system/system-menus.css?l HTTP/1.1" 200 935 "http://www.nosza.hu/new/elerhetoseg" "Mozilla/5.0 (Linux; Android 6.0.1; Nexus 5X Build/MMB29P) AppleWebKit/537.36 (KHTML, like Gecko) Chrome/118.0.5993.117 Mobile Safari/537.36 (compatible; Googlebot/2.1; +http://www.google.com/bot.html)"
66.249.68.69 - - [03/Nov/2023:08:41:36 +0100] "GET /new/modules/node/node.css?l HTTP/1.1" 200 740 "http://www.nosza.hu/new/elerhetoseg" "Mozilla/5.0 (Linux; Android 6.0.1; Nexus 5X Build/MMB29P) AppleWebKit/537.36 (KHTML, like Gecko) Chrome/118.0.5993.117 Mobile Safari/537.36 (compatible; Googlebot/2.1; +http://www.google.com/bot.html)"
66.249.68.70 - - [03/Nov/2023:08:41:37 +0100] "GET /new/modules/system/system.css?l HTTP/1.1" 200 10020 "http://www.nosza.hu/new/elerhetoseg" "Mozilla/5.0 (Linux; Android 6.0.1; Nexus 5X Build/MMB29P) AppleWebKit/537.36 (KHTML, like Gecko) Chrome/118.0.5993.117 Mobile Safari/537.36 (compatible; Googlebot/2.1; +http://www.google.com/bot.html)"
213.180.203.111 - - [03/Nov/2023:08:47:28 +0100] "GET /robots.txt HTTP/1.1" 404 1181 "-" "Mozilla/5.0 (compatible; YandexBot/3.0; +http://yandex.com/bots)"
87.250.224.2 - - [03/Nov/2023:08:47:29 +0100] "GET /new/projektek/m%C5%B1k%C3%B6d%C3%A9si-p%C3%A1ly%C3%A1zat-2017-18 HTTP/1.1" 200 11920 "-" "Mozilla/5.0 (compatible; YandexBot/3.0; +http://yandex.com/bots)"
54.184.159.16 - - [03/Nov/2023:08:51:03 +0100] "GET /new/hirek?page=1 HTTP/1.1" 200 14156 "-" "fidget-spinner-bot"
5.255.231.64 - - [03/Nov/2023:08:58:38 +0100] "GET /new/en/news/henceforth-nosza-association-proud-member-freedom-information-advocates-network-foianet HTTP/1.1" 200 8544 "-" "Mozilla/5.0 (compatible; YandexBot/3.0; +http://yandex.com/bots)"
50.112.160.3 - - [03/Nov/2023:09:01:41 +0100] "GET /new/hirek/2010?page=1 HTTP/1.1" 200 14140 "-" "fidget-spinner-bot"
44.231.202.44 - - [03/Nov/2023:09:37:36 +0100] "GET /new/hirek/2018?page=1 HTTP/1.1" 200 14140 "-" "fidget-spinner-bot"
49.12.13.109 - - [03/Nov/2023:09:38:32 +0100] "HEAD / HTTP/1.1" 200 0 "-" "Alert_Alligator_webmonitoring_service_1.6.3_(alertalligator.com)"
176.63.242.5 - - [03/Nov/2023:09:53:24 +0100] "GET /kutat/REVkutatas/3gazdalkodas/index.html HTTP/1.1" 200 88137 "https://www.google.com/" "Mozilla/5.0 (Windows NT 10.0; Win64; x64; rv:100.0) Gecko/20100101 Firefox/100.0"
176.63.242.5 - - [03/Nov/2023:09:53:24 +0100] "GET /galateia.css HTTP/1.1" 200 1717 "http://www.nosza.hu/kutat/REVkutatas/3gazdalkodas/index.html" "Mozilla/5.0 (Windows NT 10.0; Win64; x64; rv:100.0) Gecko/20100101 Firefox/100.0"
176.63.242.5 - - [03/Nov/2023:09:53:24 +0100] "GET /graphics/galas.gif HTTP/1.1" 200 913 "http://www.nosza.hu/kutat/REVkutatas/3gazdalkodas/index.html" "Mozilla/5.0 (Windows NT 10.0; Win64; x64; rv:100.0) Gecko/20100101 Firefox/100.0"
176.63.242.5 - - [03/Nov/2023:09:53:24 +0100] "GET /graphics/noszalogo.gif HTTP/1.1" 200 6797 "http://www.nosza.hu/kutat/REVkutatas/3gazdalkodas/index.html" "Mozilla/5.0 (Windows NT 10.0; Win64; x64; rv:100.0) Gecko/20100101 Firefox/100.0"
176.63.242.5 - - [03/Nov/2023:09:53:24 +0100] "GET /favicon.ico HTTP/1.1" 404 1181 "http://www.nosza.hu/kutat/REVkutatas/3gazdalkodas/index.html" "Mozilla/5.0 (Windows NT 10.0; Win64; x64; rv:100.0) Gecko/20100101 Firefox/100.0"
213.180.203.189 - - [03/Nov/2023:09:55:42 +0100] "GET /robots.txt HTTP/1.1" 404 1181 "-" "Mozilla/5.0 (compatible; YandexBot/3.0; +http://yandex.com/bots)"
95.108.213.242 - - [03/Nov/2023:09:55:43 +0100] "GET /aktualis/1gyikNCA/szervezet/index.html HTTP/1.1" 200 23952 "-" "Mozilla/5.0 (compatible; YandexBot/3.0; +http://yandex.com/bots)"
95.108.213.188 - - [03/Nov/2023:09:56:20 +0100] "GET /new/en/news/major-legal-developments-affecting-csos-2017-0 HTTP/1.1" 200 8277 "-" "Mozilla/5.0 (compatible; YandexBot/3.0; +http://yandex.com/bots)"
49.12.13.109 - - [03/Nov/2023:10:14:28 +0100] "HEAD / HTTP/1.1" 200 0 "-" "Alert_Alligator_webmonitoring_service_1.6.4_(alertalligator.com)"
54.36.148.232 - - [03/Nov/2023:10:30:53 +0100] "GET /halozatok/JMCS/memo/index.html HTTP/1.1" 200 15271 "-" "Mozilla/5.0 (compatible; AhrefsBot/7.0; +http://ahrefs.com/robot/)"
54.36.148.177 - - [03/Nov/2023:10:30:54 +0100] "GET /graphics/noszalogo.gif HTTP/1.1" 200 6797 "-" "Mozilla/5.0 (compatible; AhrefsBot/7.0; +http://ahrefs.com/robot/)"
54.36.148.234 - - [03/Nov/2023:10:30:54 +0100] "GET /galateia.css HTTP/1.1" 200 1717 "-" "Mozilla/5.0 (compatible; AhrefsBot/7.0; +http://ahrefs.com/robot/)"
103.189.184.178 - - [03/Nov/2023:10:39:27 +0100] "GET /wp-login.php HTTP/1.1" 404 1181 "-" "Mozilla/5.0 (Windows NT 10.0; WOW64; Trident/7.0; rv:11.0) like Gecko"
103.189.184.178 - - [03/Nov/2023:10:39:27 +0100] "GET /xmlrpc.php HTTP/1.1" 404 1181 "-" "Mozilla/5.0 (Windows NT 10.0; WOW64; Trident/7.0; rv:11.0) like Gecko"
50.112.160.3 - - [03/Nov/2023:10:39:45 +0100] "GET / HTTP/1.1" 200 1010 "-" "fidget-spinner-bot"
44.231.202.44 - - [03/Nov/2023:10:53:35 +0100] "GET /new/projektek/Civil%20%C3%BAjs%C3%A1g%C3%ADr%C3%A1s HTTP/1.1" 200 9236 "-" "fidget-spinner-bot"
54.184.159.16 - - [03/Nov/2023:10:54:56 +0100] "GET /new/hirek/hirek?page=1 HTTP/1.1" 200 14208 "-" "fidget-spinner-bot"
216.244.66.229 - - [03/Nov/2023:10:57:27 +0100] "GET /robots.txt HTTP/1.1" 404 1181 "-" "Mozilla/5.0 (compatible; DotBot/1.2; +https://opensiteexplorer.org/dotbot; help@moz.com)"
54.184.159.16 - - [03/Nov/2023:10:59:42 +0100] "GET /new/en/projects/Test%20project HTTP/1.1" 200 7194 "-" "fidget-spinner-bot"
44.231.202.44 - - [03/Nov/2023:10:59:59 +0100] "GET /new/hirek/k%C3%A9rd%C5%91%C3%ADv-magyarorsz%C3%A1gi-non-profit-szervezetek-%C3%A1ltali-%C3%B6nk%C3%A9ntes-foglalkoztat%C3%A1sr%C3%B3l HTTP/1.1" 200 9670 "-" "fidget-spinner-bot"
54.184.159.16 - - [03/Nov/2023:11:00:16 +0100] "GET /new/hirek/nosza-egyes%C3%BClet-m%C3%A1t%C3%B3l-hivatalosan-freedom-information-advocates-network-foianet-tagja HTTP/1.1" 200 9113 "-" "fidget-spinner-bot"
50.112.160.3 - - [03/Nov/2023:11:00:22 +0100] "GET /new/en/news/major-legal-developments-affecting-csos-2017-0 HTTP/1.1" 200 8277 "-" "fidget-spinner-bot"
44.231.202.44 - - [03/Nov/2023:11:00:30 +0100] "GET /new/hirek/felh%C3%ADv%C3%A1s-v%C3%A9lem%C3%A9nyez%C3%A9sre HTTP/1.1" 200 10088 "-" "fidget-spinner-bot"
44.231.202.44 - - [03/Nov/2023:11:01:12 +0100] "GET /new/en/news/association-laws-and-operation HTTP/1.1" 200 8093 "-" "fidget-spinner-bot"
54.184.159.16 - - [03/Nov/2023:11:02:30 +0100] "GET /new/en/news/training-materials-support-csos HTTP/1.1" 200 8120 "-" "fidget-spinner-bot"
50.112.160.3 - - [03/Nov/2023:11:04:05 +0100] "GET /new/hirek/nosza-egyes%C3%BClet-%C3%A9s-f%C3%BCggetlen-m%C3%A9diak%C3%B6zpont-sikeres-p%C3%A1ly%C3%A1zatott-ny%C3%BAjtott-be-norv%C3%A9g-civil-t%C3%A1mogat HTTP/1.1" 200 9593 "-" "fidget-spinner-bot"
216.244.66.229 - - [03/Nov/2023:11:04:15 +0100] "GET /new/en/about_us HTTP/1.1" 200 8827 "-" "Mozilla/5.0 (compatible; DotBot/1.2; +https://opensiteexplorer.org/dotbot; help@moz.com)"
44.231.202.44 - - [03/Nov/2023:11:04:49 +0100] "GET /new/en/news/henceforth-nosza-association-proud-member-freedom-information-advocates-network-foianet HTTP/1.1" 200 8544 "-" "fidget-spinner-bot"
54.184.159.16 - - [03/Nov/2023:11:05:12 +0100] "GET /new/en/news/civil-society-organizations-%E2%80%93-social-organizations-%E2%80%93-civic-company-new-notions-introduced-new-c HTTP/1.1" 200 8329 "-" "fidget-spinner-bot"
216.244.66.229 - - [03/Nov/2023:11:05:36 +0100] "GET /halozatok/JMCS/memo/07/index.html HTTP/1.1" 200 16609 "-" "Mozilla/5.0 (compatible; DotBot/1.2; +https://opensiteexplorer.org/dotbot; help@moz.com)"
216.244.66.229 - - [03/Nov/2023:11:05:41 +0100] "GET /konferenciak/05emla/index.html HTTP/1.1" 200 22316 "-" "Mozilla/5.0 (compatible; DotBot/1.2; +https://opensiteexplorer.org/dotbot; help@moz.com)"
216.244.66.229 - - [03/Nov/2023:11:05:46 +0100] "GET /kutat/REVkutatas/3gazdalkodas/index.html HTTP/1.1" 200 88137 "-" "Mozilla/5.0 (compatible; DotBot/1.2; +https://opensiteexplorer.org/dotbot; help@moz.com)"
50.112.160.3 - - [03/Nov/2023:11:07:34 +0100] "GET /new/en/dossiers/szolg%C3%A1ltat%C3%B3-civilek HTTP/1.1" 200 8394 "-" "fidget-spinner-bot"
54.184.159.16 - - [03/Nov/2023:11:07:47 +0100] "GET /new/hirek/szabads%C3%A1gjogok-%C3%A9s-sz%C3%A9ls%C5%91s%C3%A9ges-politikai-mozgalmak-k%C3%B6rnyez%C5%91-orsz%C3%A1gokban HTTP/1.1" 200 13935 "-" "fidget-spinner-bot"
216.244.66.229 - - [03/Nov/2023:11:07:49 +0100] "GET /halozatok/muhely/belepes/index.html HTTP/1.1" 200 4602 "-" "Mozilla/5.0 (compatible; DotBot/1.2; +https://opensiteexplorer.org/dotbot; help@moz.com)"
44.231.202.44 - - [03/Nov/2023:11:08:20 +0100] "GET /new/en/news/starting-project-support-hungarian-non-profit-sector HTTP/1.1" 200 8080 "-" "fidget-spinner-bot"
54.184.159.16 - - [03/Nov/2023:11:08:34 +0100] "GET /new/hirek/nyitott-jogalkot%C3%A1s-hogyan-lesz-az-elm%C3%A9letb%C5%91l-gyakorlat HTTP/1.1" 200 12430 "-" "fidget-spinner-bot"
95.108.213.219 - - [03/Nov/2023:11:09:09 +0100] "GET /robots.txt HTTP/1.1" 404 1181 "-" "Mozilla/5.0 (compatible; YandexBot/3.0; +http://yandex.com/bots)"
213.180.203.142 - - [03/Nov/2023:11:09:10 +0100] "GET /new/publikaciok/dossziek HTTP/1.1" 200 8294 "-" "Mozilla/5.0 (compatible; YandexBot/3.0; +http://yandex.com/bots)"
50.112.160.3 - - [03/Nov/2023:11:10:30 +0100] "GET /new/en/news/old-and-new-challenges-being-cso HTTP/1.1" 200 8071 "-" "fidget-spinner-bot"
54.184.159.16 - - [03/Nov/2023:11:10:59 +0100] "GET /new/en/news/founding-deeds-and-operation-foundations HTTP/1.1" 200 8139 "-" "fidget-spinner-bot"
50.112.160.3 - - [03/Nov/2023:11:11:07 +0100] "GET /new/content/dossziek HTTP/1.1" 404 7629 "-" "fidget-spinner-bot"
54.184.159.16 - - [03/Nov/2023:11:11:31 +0100] "GET /new/en/news/frequently-asked-questions HTTP/1.1" 200 8128 "-" "fidget-spinner-bot"
44.231.202.44 - - [03/Nov/2023:11:12:56 +0100] "GET /new/en/news/civil-society-organizations-%E2%80%93-social-organizations-%E2%80%93-civic-company-new-notions-introduced-new-c HTTP/1.1" 200 8329 "-" "fidget-spinner-bot"
44.231.202.44 - - [03/Nov/2023:11:13:00 +0100] "GET /new/content/hirek HTTP/1.1" 404 7620 "-" "fidget-spinner-bot"
49.12.13.109 - - [03/Nov/2023:11:13:30 +0100] "HEAD / HTTP/1.1" 200 0 "-" "Alert_Alligator_webmonitoring_service_1.6.3_(alertalligator.com)"
54.184.159.16 - - [03/Nov/2023:11:13:35 +0100] "GET /new/content/publikaciok HTTP/1.1" 404 7640 "-" "fidget-spinner-bot"
54.184.159.16 - - [03/Nov/2023:11:16:44 +0100] "GET /new/en/news/frequently-asked-questions HTTP/1.1" 200 8128 "-" "fidget-spinner-bot"
54.184.159.16 - - [03/Nov/2023:11:20:27 +0100] "GET /new/content/gyakran-ism%C3%A9telt-k%C3%A9rd%C3%A9sek HTTP/1.1" 200 12447 "-" "fidget-spinner-bot"
44.231.202.44 - - [03/Nov/2023:11:23:16 +0100] "GET /new/en/news/2016 HTTP/1.1" 200 15657 "-" "fidget-spinner-bot"
54.184.159.16 - - [03/Nov/2023:11:29:59 +0100] "GET /new/hirek/alap%C3%ADtv%C3%A1ny-alap%C3%ADt%C3%B3-okirata-%C3%A9s-m%C5%B1k%C3%B6d%C3%A9se HTTP/1.1" 200 9331 "-" "fidget-spinner-bot"
66.249.68.71 - - [03/Nov/2023:11:30:40 +0100] "GET /new/elerhetoseg HTTP/1.1" 200 8052 "-" "Mozilla/5.0 (compatible; Googlebot/2.1; +http://www.google.com/bot.html)"
66.249.68.70 - - [03/Nov/2023:11:30:53 +0100] "GET /new/modules/system/system-menus.css?l HTTP/1.1" 200 935 "http://www.nosza.hu/new/elerhetoseg" "Mozilla/5.0 AppleWebKit/537.36 (KHTML, like Gecko; compatible; Googlebot/2.1; +http://www.google.com/bot.html) Chrome/118.0.5993.117 Safari/537.36"
66.249.68.70 - - [03/Nov/2023:11:30:54 +0100] "GET /new/modules/system/system.css?l HTTP/1.1" 200 10020 "http://www.nosza.hu/new/elerhetoseg" "Mozilla/5.0 AppleWebKit/537.36 (KHTML, like Gecko; compatible; Googlebot/2.1; +http://www.google.com/bot.html) Chrome/118.0.5993.117 Safari/537.36"
54.184.159.16 - - [03/Nov/2023:11:34:31 +0100] "GET /new/en/news/old-and-new-challenges-being-cso HTTP/1.1" 200 8071 "-" "fidget-spinner-bot"
44.231.202.44 - - [03/Nov/2023:11:36:03 +0100] "GET /new/magunkrol/beszamolok HTTP/1.1" 200 11210 "-" "fidget-spinner-bot"
44.231.202.44 - - [03/Nov/2023:11:36:09 +0100] "GET /new/content/dossziek HTTP/1.1" 404 7629 "-" "fidget-spinner-bot"
44.231.202.44 - - [03/Nov/2023:11:38:22 +0100] "GET /new/en/publications/civil-liberties-versus-radical-movements HTTP/1.1" 200 8605 "-" "fidget-spinner-bot"
91.92.251.86 - - [03/Nov/2023:11:40:26 +0100] "POST / HTTP/1.1" 405 1174 "-" "python-requests/2.31.0"
91.92.251.86 - - [03/Nov/2023:11:40:37 +0100] "POST / HTTP/1.1" 405 1174 "-" "python-requests/2.31.0"
91.92.251.86 - - [03/Nov/2023:11:40:49 +0100] "POST / HTTP/1.1" 405 1174 "-" "python-requests/2.31.0"
91.92.251.86 - - [03/Nov/2023:11:41:01 +0100] "POST / HTTP/1.1" 405 1174 "-" "python-requests/2.31.0"
91.92.251.86 - - [03/Nov/2023:11:41:12 +0100] "POST / HTTP/1.1" 405 1174 "-" "python-requests/2.31.0"
91.92.251.86 - - [03/Nov/2023:11:41:24 +0100] "POST / HTTP/1.1" 405 1174 "-" "python-requests/2.31.0"
50.112.160.3 - - [03/Nov/2023:11:41:58 +0100] "GET /new/magunkrol/tevekenysegunk HTTP/1.1" 200 10275 "-" "fidget-spinner-bot"
50.112.160.3 - - [03/Nov/2023:11:42:16 +0100] "GET /new/dossziek HTTP/1.1" 200 9972 "-" "fidget-spinner-bot"
216.244.66.229 - - [03/Nov/2023:11:46:06 +0100] "GET /robots.txt HTTP/1.1" 404 1181 "-" "Mozilla/5.0 (compatible; DotBot/1.2; +https://opensiteexplorer.org/dotbot; help@moz.com)"
44.231.202.44 - - [03/Nov/2023:11:48:17 +0100] "GET /new/en/contact_us HTTP/1.1" 200 7267 "-" "fidget-spinner-bot"
44.231.202.44 - - [03/Nov/2023:11:48:32 +0100] "GET /new/hirek/publikaciok?page=1 HTTP/1.1" 200 14483 "-" "fidget-spinner-bot"
50.112.160.3 - - [03/Nov/2023:11:48:33 +0100] "GET /new/hirek/dossziek?page=1 HTTP/1.1" 200 14342 "-" "fidget-spinner-bot"
44.231.202.44 - - [03/Nov/2023:11:52:28 +0100] "GET /new/en/projects/description-our-projects-hungarian HTTP/1.1" 200 7312 "-" "fidget-spinner-bot"
216.244.66.229 - - [03/Nov/2023:11:52:53 +0100] "GET /kutat/REVkutatas/index.html HTTP/1.1" 200 13447 "-" "Mozilla/5.0 (compatible; DotBot/1.2; +https://opensiteexplorer.org/dotbot; help@moz.com)"
49.12.13.109 - - [03/Nov/2023:12:12:33 +0100] "HEAD / HTTP/1.1" 200 0 "-" "Alert_Alligator_webmonitoring_service_1.6.3_(alertalligator.com)"
198.235.24.90 - - [03/Nov/2023:12:14:28 +0100] "GET / HTTP/1.1" 200 1010 "-" "Expanse, a Palo Alto Networks company, searches across the global IPv4 space multiple times per day to identify customers' presences on the Internet. If you would like to be excluded from our scans, please send IP addresses/domains to: scaninfo@paloaltonetworks.com"
103.131.71.101 - - [03/Nov/2023:12:14:59 +0100] "GET /robots.txt HTTP/1.1" 404 1181 "-" "Mozilla/5.0 (compatible; coccocbot-web/1.0; +http://help.coccoc.com/searchengine)"
66.249.66.35 - - [03/Nov/2023:12:15:40 +0100] "GET /halozatok/muhely/belepes/index.html HTTP/1.1" 200 4602 "-" "Mozilla/5.0 (Linux; Android 6.0.1; Nexus 5X Build/MMB29P) AppleWebKit/537.36 (KHTML, like Gecko) Chrome/119.0.6045.105 Mobile Safari/537.36 (compatible; Googlebot/2.1; +http://www.google.com/bot.html)"
37.59.21.100 - - [03/Nov/2023:12:23:35 +0100] "GET /new/rss.xml HTTP/1.1" 200 15715 "-" "Mozilla/5.0 (X11; Linux i686) AppleWebKit/537.36 (KHTML, like Gecko) Chrome/30.0.1599.66 Safari/537.36"
77.75.79.54 - - [03/Nov/2023:12:36:17 +0100] "GET /new/en/news/old-and-new-challenges-being-cso HTTP/1.1" 200 8071 "-" "Mozilla/5.0 (compatible; SeznamBot/4.0; +http://napoveda.seznam.cz/seznambot-intro/)"
213.180.203.64 - - [03/Nov/2023:13:00:02 +0100] "GET /robots.txt HTTP/1.1" 404 1181 "-" "Mozilla/5.0 (compatible; YandexBot/3.0; +http://yandex.com/bots)"
95.108.213.118 - - [03/Nov/2023:13:00:03 +0100] "GET /new/hirek?page=1 HTTP/1.1" 200 14156 "-" "Mozilla/5.0 (compatible; YandexBot/3.0; +http://yandex.com/bots)"
54.36.149.76 - - [03/Nov/2023:13:02:32 +0100] "GET /robots.txt HTTP/1.1" 404 1181 "-" "Mozilla/5.0 (compatible; AhrefsBot/7.0; +http://ahrefs.com/robot/)"
54.36.149.2 - - [03/Nov/2023:13:02:33 +0100] "GET / HTTP/1.1" 200 1010 "-" "Mozilla/5.0 (compatible; AhrefsBot/7.0; +http://ahrefs.com/robot/)"
213.180.203.118 - - [03/Nov/2023:13:08:42 +0100] "GET /new/publikaciok/dr-f%C3%BCl%C3%B6p-s%C3%A1ndor-egyes%C3%BCletek-b%C3%ADr%C3%B3s%C3%A1gi-nyilv%C3%A1ntart%C3%A1sba-v%C3%A9teli-gyakorlata-%C3%B6sszehasonl%C3%ADt%C3%B3-e-0 HTTP/1.1" 200 8881 "-" "Mozilla/5.0 (compatible; YandexBot/3.0; +http://yandex.com/bots)"
49.12.13.109 - - [03/Nov/2023:13:12:13 +0100] "HEAD / HTTP/1.1" 200 0 "-" "Alert_Alligator_webmonitoring_service_1.6.3_(alertalligator.com)"
66.249.66.36 - - [03/Nov/2023:13:45:42 +0100] "GET /new/magunkrol HTTP/1.1" 200 9675 "-" "Mozilla/5.0 (Linux; Android 6.0.1; Nexus 5X Build/MMB29P) AppleWebKit/537.36 (KHTML, like Gecko) Chrome/119.0.6045.105 Mobile Safari/537.36 (compatible; Googlebot/2.1; +http://www.google.com/bot.html)"
94.21.66.208 - - [03/Nov/2023:14:06:55 +0100] "GET /kutat/REVkutatas/1gazdasag/ HTTP/1.1" 200 89032 "-" "Mozilla/5.0 (Linux; Android 10; K) AppleWebKit/537.36 (KHTML, like Gecko) Chrome/118.0.0.0 Mobile Safari/537.36"
94.21.66.208 - - [03/Nov/2023:14:06:55 +0100] "GET /galateia.css HTTP/1.1" 200 1717 "http://www.nosza.hu/kutat/REVkutatas/1gazdasag/" "Mozilla/5.0 (Linux; Android 10; K) AppleWebKit/537.36 (KHTML, like Gecko) Chrome/118.0.0.0 Mobile Safari/537.36"
94.21.66.208 - - [03/Nov/2023:14:06:55 +0100] "GET /graphics/noszalogo.gif HTTP/1.1" 200 6797 "http://www.nosza.hu/kutat/REVkutatas/1gazdasag/" "Mozilla/5.0 (Linux; Android 10; K) AppleWebKit/537.36 (KHTML, like Gecko) Chrome/118.0.0.0 Mobile Safari/537.36"
94.21.66.208 - - [03/Nov/2023:14:06:55 +0100] "GET /graphics/galas.gif HTTP/1.1" 200 913 "http://www.nosza.hu/kutat/REVkutatas/1gazdasag/" "Mozilla/5.0 (Linux; Android 10; K) AppleWebKit/537.36 (KHTML, like Gecko) Chrome/118.0.0.0 Mobile Safari/537.36"
94.21.66.208 - - [03/Nov/2023:14:06:56 +0100] "GET /favicon.ico HTTP/1.1" 404 1181 "http://www.nosza.hu/kutat/REVkutatas/1gazdasag/" "Mozilla/5.0 (Linux; Android 10; K) AppleWebKit/537.36 (KHTML, like Gecko) Chrome/118.0.0.0 Mobile Safari/537.36"
49.12.13.109 - - [03/Nov/2023:14:11:42 +0100] "HEAD / HTTP/1.1" 200 0 "-" "Alert_Alligator_webmonitoring_service_1.6.3_(alertalligator.com)"
176.63.29.10 - - [03/Nov/2023:14:42:30 +0100] "GET /galateia.css HTTP/1.1" 200 1717 "http://www.nosza.hu/aktualis/onfoglalkoztatas/index.html" "Mozilla/5.0 (Macintosh; Intel Mac OS X 10_15_7) AppleWebKit/605.1.15 (KHTML, like Gecko) Version/17.1 Safari/605.1.15"
176.63.29.10 - - [03/Nov/2023:14:42:30 +0100] "GET /graphics/noszalogo.gif HTTP/1.1" 200 6797 "http://www.nosza.hu/aktualis/onfoglalkoztatas/index.html" "Mozilla/5.0 (Macintosh; Intel Mac OS X 10_15_7) AppleWebKit/605.1.15 (KHTML, like Gecko) Version/17.1 Safari/605.1.15"
176.63.29.10 - - [03/Nov/2023:14:42:30 +0100] "GET /aktualis/onfoglalkoztatas/index.html HTTP/1.1" 200 77025 "https://www.google.com/" "Mozilla/5.0 (Macintosh; Intel Mac OS X 10_15_7) AppleWebKit/605.1.15 (KHTML, like Gecko) Version/17.1 Safari/605.1.15"
176.63.29.10 - - [03/Nov/2023:14:42:30 +0100] "GET /graphics/galas.gif HTTP/1.1" 200 913 "http://www.nosza.hu/aktualis/onfoglalkoztatas/index.html" "Mozilla/5.0 (Macintosh; Intel Mac OS X 10_15_7) AppleWebKit/605.1.15 (KHTML, like Gecko) Version/17.1 Safari/605.1.15"
176.63.29.10 - - [03/Nov/2023:14:42:30 +0100] "GET /favicon.ico HTTP/1.1" 404 1181 "http://www.nosza.hu/aktualis/onfoglalkoztatas/index.html" "Mozilla/5.0 (Macintosh; Intel Mac OS X 10_15_7) AppleWebKit/605.1.15 (KHTML, like Gecko) Version/17.1 Safari/605.1.15"
49.12.13.109 - - [03/Nov/2023:15:11:51 +0100] "HEAD / HTTP/1.1" 200 0 "-" "Alert_Alligator_webmonitoring_service_1.6.3_(alertalligator.com)"
54.36.148.194 - - [03/Nov/2023:15:27:04 +0100] "GET /halozatok/JMCS/mukodes/index.html HTTP/1.1" 200 10352 "-" "Mozilla/5.0 (compatible; AhrefsBot/7.0; +http://ahrefs.com/robot/)"
49.12.13.109 - - [03/Nov/2023:16:10:52 +0100] "HEAD / HTTP/1.1" 200 0 "-" "Alert_Alligator_webmonitoring_service_1.6.3_(alertalligator.com)"
213.180.203.22 - - [03/Nov/2023:16:36:28 +0100] "GET /robots.txt HTTP/1.1" 404 1181 "-" "Mozilla/5.0 (compatible; YandexBot/3.0; +http://yandex.com/bots)"
95.108.213.250 - - [03/Nov/2023:16:36:32 +0100] "GET /new/en/news/association-laws-and-operation HTTP/1.1" 200 8093 "-" "Mozilla/5.0 (compatible; YandexBot/3.0; +http://yandex.com/bots)"
49.12.13.109 - - [03/Nov/2023:16:43:00 +0100] "HEAD / HTTP/1.1" 200 0 "-" "Alert_Alligator_webmonitoring_service_1.6.4_(alertalligator.com)"
