40.77.167.70 - - [12/Nov/2023:05:56:14 +0100] "GET /new/en/news/2017 HTTP/1.1" 200 15657 "-" "Mozilla/5.0 AppleWebKit/537.36 (KHTML, like Gecko; compatible; bingbot/2.0; +http://www.bing.com/bingbot.htm) Chrome/103.0.5060.134 Safari/537.36"
54.36.148.14 - - [12/Nov/2023:06:11:28 +0100] "GET /konferenciak/regionalis/index.html HTTP/1.1" 200 13298 "-" "Mozilla/5.0 (compatible; AhrefsBot/7.0; +http://ahrefs.com/robot/)"
66.249.66.37 - - [12/Nov/2023:06:15:32 +0100] "GET /kutat/REVkutatas/3gazdalkodas/ HTTP/1.1" 304 - "-" "Mozilla/5.0 (Linux; Android 6.0.1; Nexus 5X Build/MMB29P) AppleWebKit/537.36 (KHTML, like Gecko) Chrome/119.0.6045.123 Mobile Safari/537.36 (compatible; Googlebot/2.1; +http://www.google.com/bot.html)"
212.237.51.151 - - [12/Nov/2023:06:17:20 +0100] "HEAD / HTTP/1.1" 200 0 "-" "Alert_Alligator_webmonitoring_service_1.6.4_(alertalligator.com)"
39.154.11.8 - - [12/Nov/2023:06:34:17 +0100] "GET / HTTP/1.1" 200 1010 "http://nosza.hu/" "Mozilla/5.0 (Windows NT 6.1; WOW64) AppleWebKit/537.36 (KHTML, like Gecko) Chrome/50.0.2661.102 Safari/537.36"
54.36.148.41 - - [12/Nov/2023:06:39:38 +0100] "GET /new/projektek/m%C5%B1k%C3%B6d%C3%A9si-p%C3%A1ly%C3%A1zat-2016-2017 HTTP/1.1" 200 12024 "-" "Mozilla/5.0 (compatible; AhrefsBot/7.0; +http://ahrefs.com/robot/)"
54.36.149.87 - - [12/Nov/2023:06:39:39 +0100] "GET /new/sites/default/themes/nosza/images/logoPartnereink.jpg HTTP/1.1" 200 4367 "-" "Mozilla/5.0 (compatible; AhrefsBot/7.0; +http://ahrefs.com/robot/)"
54.36.148.70 - - [12/Nov/2023:06:39:40 +0100] "GET /new/sites/all/modules/cck/theme/content-module.css?l HTTP/1.1" 200 2397 "-" "Mozilla/5.0 (compatible; AhrefsBot/7.0; +http://ahrefs.com/robot/)"
54.36.148.229 - - [12/Nov/2023:06:39:40 +0100] "GET /new/modules/system/system.css?l HTTP/1.1" 200 10020 "-" "Mozilla/5.0 (compatible; AhrefsBot/7.0; +http://ahrefs.com/robot/)"
54.36.148.210 - - [12/Nov/2023:06:39:40 +0100] "GET /new/sites/default/themes/nosza/scripts/search.js HTTP/1.1" 200 466 "-" "Mozilla/5.0 (compatible; AhrefsBot/7.0; +http://ahrefs.com/robot/)"
54.36.148.184 - - [12/Nov/2023:06:39:40 +0100] "GET /new/modules/system/defaults.css?l HTTP/1.1" 200 757 "-" "Mozilla/5.0 (compatible; AhrefsBot/7.0; +http://ahrefs.com/robot/)"
54.36.149.105 - - [12/Nov/2023:06:39:41 +0100] "GET /new/sites/default/themes/nosza/css/menu_style.css HTTP/1.1" 200 4749 "-" "Mozilla/5.0 (compatible; AhrefsBot/7.0; +http://ahrefs.com/robot/)"
54.36.148.22 - - [12/Nov/2023:06:39:41 +0100] "GET /new/modules/system/system-menus.css?l HTTP/1.1" 200 935 "-" "Mozilla/5.0 (compatible; AhrefsBot/7.0; +http://ahrefs.com/robot/)"
54.36.148.126 - - [12/Nov/2023:06:39:41 +0100] "GET /new/sites/all/modules/cck/modules/fieldgroup/fieldgroup.css?l HTTP/1.1" 200 166 "-" "Mozilla/5.0 (compatible; AhrefsBot/7.0; +http://ahrefs.com/robot/)"
54.36.149.4 - - [12/Nov/2023:06:39:41 +0100] "GET /new/modules/node/node.css?l HTTP/1.1" 200 740 "-" "Mozilla/5.0 (compatible; AhrefsBot/7.0; +http://ahrefs.com/robot/)"
54.36.148.237 - - [12/Nov/2023:06:39:41 +0100] "GET /new/sites/default/themes/nosza/images/publikaciokSide.jpg HTTP/1.1" 200 7497 "-" "Mozilla/5.0 (compatible; AhrefsBot/7.0; +http://ahrefs.com/robot/)"
54.36.148.115 - - [12/Nov/2023:06:39:42 +0100] "GET /new/modules/filefield/filefield.css?l HTTP/1.1" 200 1986 "-" "Mozilla/5.0 (compatible; AhrefsBot/7.0; +http://ahrefs.com/robot/)"
54.36.149.4 - - [12/Nov/2023:06:39:42 +0100] "GET /new/sites/default/themes/nosza/images/aktualisSide.jpg HTTP/1.1" 200 8821 "-" "Mozilla/5.0 (compatible; AhrefsBot/7.0; +http://ahrefs.com/robot/)"
54.36.149.105 - - [12/Nov/2023:06:39:42 +0100] "GET /new/sites/default/themes/nosza/css/nosza.css?l HTTP/1.1" 200 10555 "-" "Mozilla/5.0 (compatible; AhrefsBot/7.0; +http://ahrefs.com/robot/)"
54.36.148.130 - - [12/Nov/2023:06:39:42 +0100] "GET /new/sites/default/themes/nosza/images/rrs.jpg HTTP/1.1" 200 829 "-" "Mozilla/5.0 (compatible; AhrefsBot/7.0; +http://ahrefs.com/robot/)"
54.36.148.178 - - [12/Nov/2023:06:39:42 +0100] "GET /new/sites/default/themes/nosza/images/dosszieSide.jpg HTTP/1.1" 200 7764 "-" "Mozilla/5.0 (compatible; AhrefsBot/7.0; +http://ahrefs.com/robot/)"
54.36.149.25 - - [12/Nov/2023:06:39:42 +0100] "GET /new/sites/default/themes/nosza/print.css?l HTTP/1.1" 200 1247 "-" "Mozilla/5.0 (compatible; AhrefsBot/7.0; +http://ahrefs.com/robot/)"
205.210.31.48 - - [12/Nov/2023:06:43:35 +0100] "GET / HTTP/1.1" 200 1010 "-" "-"
216.244.66.229 - - [12/Nov/2023:06:57:02 +0100] "GET /robots.txt HTTP/1.1" 404 1181 "-" "Mozilla/5.0 (compatible; DotBot/1.2; +https://opensiteexplorer.org/dotbot; help@moz.com)"
216.244.66.229 - - [12/Nov/2023:06:57:02 +0100] "GET /robots.txt HTTP/1.1" 404 1181 "-" "Mozilla/5.0 (compatible; DotBot/1.2; +https://opensiteexplorer.org/dotbot; help@moz.com)"
216.244.66.229 - - [12/Nov/2023:07:02:36 +0100] "GET /new/hirek/civil-szervezeteket-%C3%A9rint%C5%91-legfontosabb-jogszab%C3%A1lyv%C3%A1ltoz%C3%A1sok-2017-ben HTTP/1.1" 200 13994 "-" "Mozilla/5.0 (compatible; DotBot/1.2; +https://opensiteexplorer.org/dotbot; help@moz.com)"
216.244.66.229 - - [12/Nov/2023:07:07:24 +0100] "GET /aktualis/1gyikNCA/palyazat/index.html HTTP/1.1" 200 26866 "-" "Mozilla/5.0 (compatible; DotBot/1.2; +https://opensiteexplorer.org/dotbot; help@moz.com)"
54.36.148.121 - - [12/Nov/2023:07:08:40 +0100] "GET / HTTP/1.1" 200 1010 "-" "Mozilla/5.0 (compatible; AhrefsBot/7.0; +http://ahrefs.com/robot/)"
212.237.23.143 - - [12/Nov/2023:07:09:01 +0100] "HEAD / HTTP/1.1" 200 0 "-" "Alert_Alligator_webmonitoring_service_1.6.4_(alertalligator.com)"
216.244.66.229 - - [12/Nov/2023:07:15:13 +0100] "GET /3kutat/REVkutatas/index.html HTTP/1.1" 200 14896 "-" "Mozilla/5.0 (compatible; DotBot/1.2; +https://opensiteexplorer.org/dotbot; help@moz.com)"
216.244.66.229 - - [12/Nov/2023:07:44:52 +0100] "GET /robots.txt HTTP/1.1" 404 1181 "-" "Mozilla/5.0 (compatible; DotBot/1.2; +https://opensiteexplorer.org/dotbot; help@moz.com)"
216.244.66.229 - - [12/Nov/2023:07:49:50 +0100] "GET /new/hirek/2014 HTTP/1.1" 200 16790 "-" "Mozilla/5.0 (compatible; DotBot/1.2; +https://opensiteexplorer.org/dotbot; help@moz.com)"
54.36.148.192 - - [12/Nov/2023:07:50:23 +0100] "GET /halozatok/JMCS/memo/01/index.html HTTP/1.1" 200 17697 "-" "Mozilla/5.0 (compatible; AhrefsBot/7.0; +http://ahrefs.com/robot/)"
212.237.51.151 - - [12/Nov/2023:07:52:10 +0100] "HEAD / HTTP/1.1" 200 0 "-" "Alert_Alligator_webmonitoring_service_1.6.4_(alertalligator.com)"
103.131.71.55 - - [12/Nov/2023:08:23:09 +0100] "GET /robots.txt HTTP/1.1" 404 1181 "-" "Mozilla/5.0 (compatible; coccocbot-web/1.0; +http://help.coccoc.com/searchengine)"
54.36.149.68 - - [12/Nov/2023:08:30:06 +0100] "GET /halozatok/JMCS/memo/02/index.html HTTP/1.1" 200 51036 "-" "Mozilla/5.0 (compatible; AhrefsBot/7.0; +http://ahrefs.com/robot/)"
212.237.53.115 - - [12/Nov/2023:08:41:08 +0100] "HEAD / HTTP/1.1" 200 0 "-" "Alert_Alligator_webmonitoring_service_1.6.4_(alertalligator.com)"
95.108.213.4 - - [12/Nov/2023:08:51:11 +0100] "GET /robots.txt HTTP/1.1" 404 1181 "-" "Mozilla/5.0 (compatible; YandexBot/3.0; +http://yandex.com/bots)"
5.255.231.111 - - [12/Nov/2023:08:51:11 +0100] "GET /robots.txt HTTP/1.1" 404 1181 "-" "Mozilla/5.0 (compatible; YandexBot/3.0; +http://yandex.com/bots)"
95.108.213.5 - - [12/Nov/2023:08:51:14 +0100] "GET /new/hirek/k%C3%A9pz%C3%A9si-anyag-civil-szerveztek-m%C5%B1k%C3%B6d%C3%A9s%C3%A9nek-t%C3%A1mogat%C3%A1s%C3%A1ra HTTP/1.1" 200 9096 "-" "Mozilla/5.0 (compatible; YandexBot/3.0; +http://yandex.com/bots)"
213.180.203.57 - - [12/Nov/2023:08:51:14 +0100] "GET /new/hirek/k%C3%A9pz%C3%A9si-anyag-civil-szerveztek-m%C5%B1k%C3%B6d%C3%A9s%C3%A9nek-t%C3%A1mogat%C3%A1s%C3%A1ra HTTP/1.1" 200 9096 "-" "Mozilla/5.0 (compatible; YandexBot/3.0; +http://yandex.com/bots)"
54.36.148.214 - - [12/Nov/2023:09:02:45 +0100] "GET /konferenciak/07egszbbesz/07egszbpr/egszbreg/index.html HTTP/1.1" 200 181901 "-" "Mozilla/5.0 (compatible; AhrefsBot/7.0; +http://ahrefs.com/robot/)"
37.76.50.247 - - [12/Nov/2023:09:15:49 +0100] "GET /new/modules/filefield/filefield.css?l HTTP/1.1" 200 1986 "-" "Mozilla/5.0 (Linux; Android 10; K) AppleWebKit/537.36 (KHTML, like Gecko) Chrome/114.0.0.0 Mobile Safari/537.36"
37.76.50.247 - - [12/Nov/2023:09:15:49 +0100] "GET /new/modules/node/node.css?l HTTP/1.1" 200 740 "-" "Mozilla/5.0 (Linux; Android 10; K) AppleWebKit/537.36 (KHTML, like Gecko) Chrome/114.0.0.0 Mobile Safari/537.36"
37.76.50.247 - - [12/Nov/2023:09:15:49 +0100] "GET /new/modules/system/defaults.css?l HTTP/1.1" 200 757 "-" "Mozilla/5.0 (Linux; Android 10; K) AppleWebKit/537.36 (KHTML, like Gecko) Chrome/114.0.0.0 Mobile Safari/537.36"
37.76.50.247 - - [12/Nov/2023:09:15:49 +0100] "GET /new/modules/system/system.css?l HTTP/1.1" 200 10020 "-" "Mozilla/5.0 (Linux; Android 10; K) AppleWebKit/537.36 (KHTML, like Gecko) Chrome/114.0.0.0 Mobile Safari/537.36"
37.76.50.247 - - [12/Nov/2023:09:15:49 +0100] "GET /new/modules/system/system-menus.css?l HTTP/1.1" 200 935 "-" "Mozilla/5.0 (Linux; Android 10; K) AppleWebKit/537.36 (KHTML, like Gecko) Chrome/114.0.0.0 Mobile Safari/537.36"
37.76.50.247 - - [12/Nov/2023:09:15:49 +0100] "GET /new/modules/user/user.css?l HTTP/1.1" 200 1127 "-" "Mozilla/5.0 (Linux; Android 10; K) AppleWebKit/537.36 (KHTML, like Gecko) Chrome/114.0.0.0 Mobile Safari/537.36"
37.76.50.247 - - [12/Nov/2023:09:15:49 +0100] "GET /new/sites/all/modules/cck/theme/content-module.css?l HTTP/1.1" 200 2397 "-" "Mozilla/5.0 (Linux; Android 10; K) AppleWebKit/537.36 (KHTML, like Gecko) Chrome/114.0.0.0 Mobile Safari/537.36"
37.76.50.247 - - [12/Nov/2023:09:15:49 +0100] "GET /new/sites/all/modules/cck/modules/fieldgroup/fieldgroup.css?l HTTP/1.1" 200 166 "-" "Mozilla/5.0 (Linux; Android 10; K) AppleWebKit/537.36 (KHTML, like Gecko) Chrome/114.0.0.0 Mobile Safari/537.36"
37.76.50.247 - - [12/Nov/2023:09:15:49 +0100] "GET /new/sites/default/themes/nosza/css/nosza.css?l HTTP/1.1" 200 10555 "-" "Mozilla/5.0 (Linux; Android 10; K) AppleWebKit/537.36 (KHTML, like Gecko) Chrome/114.0.0.0 Mobile Safari/537.36"
37.76.50.247 - - [12/Nov/2023:09:15:49 +0100] "GET /new/sites/default/themes/nosza/css/menu_style.css HTTP/1.1" 200 4749 "-" "Mozilla/5.0 (Linux; Android 10; K) AppleWebKit/537.36 (KHTML, like Gecko) Chrome/114.0.0.0 Mobile Safari/537.36"
37.76.50.247 - - [12/Nov/2023:09:15:49 +0100] "GET /new/content/civil-szervezet-%E2%80%93-t%C3%A1rsadalmi-szervezet-%E2%80%93-civil-t%C3%A1rsas%C3%A1g-az-%C3%BAj-civil-t%C3%B6rv%C3%A9ny-fogalmi-%C3%BAj%C3%ADt%C3%A1sai HTTP/1.1" 200 18521 "-" "Mozilla/5.0 (Linux; Android 10; K) AppleWebKit/537.36 (KHTML, like Gecko) Chrome/114.0.0.0 Mobile Safari/537.36"
37.76.50.247 - - [12/Nov/2023:09:15:50 +0100] "GET /new/sites/default/themes/nosza/print.css?l HTTP/1.1" 200 1247 "http://www.nosza.hu/new/content/civil-szervezet-%E2%80%93-t%C3%A1rsadalmi-szervezet-%E2%80%93-civil-t%C3%A1rsas%C3%A1g-az-%C3%BAj-civil-t%C3%B6rv%C3%A9ny-fogalmi-%C3%BAj%C3%ADt%C3%A1sai" "Mozilla/5.0 (Linux; Android 10; K) AppleWebKit/537.36 (KHTML, like Gecko) Chrome/114.0.0.0 Mobile Safari/537.36"
37.76.50.247 - - [12/Nov/2023:09:15:50 +0100] "GET /new/sites/default/themes/nosza/scripts/search.js HTTP/1.1" 200 466 "http://www.nosza.hu/new/content/civil-szervezet-%E2%80%93-t%C3%A1rsadalmi-szervezet-%E2%80%93-civil-t%C3%A1rsas%C3%A1g-az-%C3%BAj-civil-t%C3%B6rv%C3%A9ny-fogalmi-%C3%BAj%C3%ADt%C3%A1sai" "Mozilla/5.0 (Linux; Android 10; K) AppleWebKit/537.36 (KHTML, like Gecko) Chrome/114.0.0.0 Mobile Safari/537.36"
37.76.50.247 - - [12/Nov/2023:09:15:50 +0100] "GET /new/sites/default/themes/nosza/images/logoMagunkrol.jpg HTTP/1.1" 200 4934 "http://www.nosza.hu/new/content/civil-szervezet-%E2%80%93-t%C3%A1rsadalmi-szervezet-%E2%80%93-civil-t%C3%A1rsas%C3%A1g-az-%C3%BAj-civil-t%C3%B6rv%C3%A9ny-fogalmi-%C3%BAj%C3%ADt%C3%A1sai" "Mozilla/5.0 (Linux; Android 10; K) AppleWebKit/537.36 (KHTML, like Gecko) Chrome/114.0.0.0 Mobile Safari/537.36"
37.76.50.247 - - [12/Nov/2023:09:15:50 +0100] "GET /new/sites/default/themes/nosza/images/aktualisSide.jpg HTTP/1.1" 200 8821 "http://www.nosza.hu/new/content/civil-szervezet-%E2%80%93-t%C3%A1rsadalmi-szervezet-%E2%80%93-civil-t%C3%A1rsas%C3%A1g-az-%C3%BAj-civil-t%C3%B6rv%C3%A9ny-fogalmi-%C3%BAj%C3%ADt%C3%A1sai" "Mozilla/5.0 (Linux; Android 10; K) AppleWebKit/537.36 (KHTML, like Gecko) Chrome/114.0.0.0 Mobile Safari/537.36"
37.76.50.247 - - [12/Nov/2023:09:15:50 +0100] "GET /new/sites/default/themes/nosza/images/publikaciokSide.jpg HTTP/1.1" 200 7497 "http://www.nosza.hu/new/content/civil-szervezet-%E2%80%93-t%C3%A1rsadalmi-szervezet-%E2%80%93-civil-t%C3%A1rsas%C3%A1g-az-%C3%BAj-civil-t%C3%B6rv%C3%A9ny-fogalmi-%C3%BAj%C3%ADt%C3%A1sai" "Mozilla/5.0 (Linux; Android 10; K) AppleWebKit/537.36 (KHTML, like Gecko) Chrome/114.0.0.0 Mobile Safari/537.36"
37.76.50.247 - - [12/Nov/2023:09:15:50 +0100] "GET /new/sites/default/themes/nosza/images/dosszieSide.jpg HTTP/1.1" 200 7764 "http://www.nosza.hu/new/content/civil-szervezet-%E2%80%93-t%C3%A1rsadalmi-szervezet-%E2%80%93-civil-t%C3%A1rsas%C3%A1g-az-%C3%BAj-civil-t%C3%B6rv%C3%A9ny-fogalmi-%C3%BAj%C3%ADt%C3%A1sai" "Mozilla/5.0 (Linux; Android 10; K) AppleWebKit/537.36 (KHTML, like Gecko) Chrome/114.0.0.0 Mobile Safari/537.36"
37.76.50.247 - - [12/Nov/2023:09:15:50 +0100] "GET /new/sites/default/themes/nosza/images/feelingBgMagunkrol.jpg HTTP/1.1" 200 42475 "http://www.nosza.hu/new/sites/default/themes/nosza/css/nosza.css?l" "Mozilla/5.0 (Linux; Android 10; K) AppleWebKit/537.36 (KHTML, like Gecko) Chrome/114.0.0.0 Mobile Safari/537.36"
37.76.50.247 - - [12/Nov/2023:09:15:50 +0100] "GET /new/sites/default/themes/nosza/images/hatIcon.jpg HTTP/1.1" 200 838 "http://www.nosza.hu/new/sites/default/themes/nosza/css/menu_style.css" "Mozilla/5.0 (Linux; Android 10; K) AppleWebKit/537.36 (KHTML, like Gecko) Chrome/114.0.0.0 Mobile Safari/537.36"
37.76.50.247 - - [12/Nov/2023:09:15:50 +0100] "GET /new/sites/default/themes/nosza/images/dateBg.jpg HTTP/1.1" 200 654 "http://www.nosza.hu/new/sites/default/themes/nosza/css/nosza.css?l" "Mozilla/5.0 (Linux; Android 10; K) AppleWebKit/537.36 (KHTML, like Gecko) Chrome/114.0.0.0 Mobile Safari/537.36"
37.76.50.247 - - [12/Nov/2023:09:15:50 +0100] "GET /new/sites/default/themes/nosza/images/otIcon.jpg HTTP/1.1" 200 689 "http://www.nosza.hu/new/sites/default/themes/nosza/css/menu_style.css" "Mozilla/5.0 (Linux; Android 10; K) AppleWebKit/537.36 (KHTML, like Gecko) Chrome/114.0.0.0 Mobile Safari/537.36"
37.76.50.247 - - [12/Nov/2023:09:15:50 +0100] "GET /new/sites/default/themes/nosza/images/egyIcon.jpg HTTP/1.1" 200 860 "http://www.nosza.hu/new/sites/default/themes/nosza/css/menu_style.css" "Mozilla/5.0 (Linux; Android 10; K) AppleWebKit/537.36 (KHTML, like Gecko) Chrome/114.0.0.0 Mobile Safari/537.36"
37.76.50.247 - - [12/Nov/2023:09:15:50 +0100] "GET /new/sites/default/themes/nosza/images/searchBg.png HTTP/1.1" 200 1443 "http://www.nosza.hu/new/sites/default/themes/nosza/css/nosza.css?l" "Mozilla/5.0 (Linux; Android 10; K) AppleWebKit/537.36 (KHTML, like Gecko) Chrome/114.0.0.0 Mobile Safari/537.36"
37.76.50.247 - - [12/Nov/2023:09:15:50 +0100] "GET /new/sites/default/themes/nosza/images/haromIcon.jpg HTTP/1.1" 200 764 "http://www.nosza.hu/new/sites/default/themes/nosza/css/menu_style.css" "Mozilla/5.0 (Linux; Android 10; K) AppleWebKit/537.36 (KHTML, like Gecko) Chrome/114.0.0.0 Mobile Safari/537.36"
37.76.50.247 - - [12/Nov/2023:09:15:50 +0100] "GET /new/sites/default/themes/nosza/images/negyIcon.jpg HTTP/1.1" 200 908 "http://www.nosza.hu/new/sites/default/themes/nosza/css/menu_style.css" "Mozilla/5.0 (Linux; Android 10; K) AppleWebKit/537.36 (KHTML, like Gecko) Chrome/114.0.0.0 Mobile Safari/537.36"
37.76.50.247 - - [12/Nov/2023:09:15:50 +0100] "GET /new/sites/default/themes/nosza/images/kettoIcon.jpg HTTP/1.1" 200 1039 "http://www.nosza.hu/new/sites/default/themes/nosza/css/menu_style.css" "Mozilla/5.0 (Linux; Android 10; K) AppleWebKit/537.36 (KHTML, like Gecko) Chrome/114.0.0.0 Mobile Safari/537.36"
37.76.50.247 - - [12/Nov/2023:09:15:50 +0100] "GET /new/sites/default/themes/nosza/images/magyarBgInactive.png HTTP/1.1" 200 686 "http://www.nosza.hu/new/sites/default/themes/nosza/css/nosza.css?l" "Mozilla/5.0 (Linux; Android 10; K) AppleWebKit/537.36 (KHTML, like Gecko) Chrome/114.0.0.0 Mobile Safari/537.36"
37.76.50.247 - - [12/Nov/2023:09:15:50 +0100] "GET /new/sites/default/themes/nosza/images/englishBgInactive.png HTTP/1.1" 200 823 "http://www.nosza.hu/new/sites/default/themes/nosza/css/nosza.css?l" "Mozilla/5.0 (Linux; Android 10; K) AppleWebKit/537.36 (KHTML, like Gecko) Chrome/114.0.0.0 Mobile Safari/537.36"
37.76.50.247 - - [12/Nov/2023:09:15:50 +0100] "GET /new/sites/default/themes/nosza/images/magyarBgOver.png HTTP/1.1" 200 893 "http://www.nosza.hu/new/sites/default/themes/nosza/css/nosza.css?l" "Mozilla/5.0 (Linux; Android 10; K) AppleWebKit/537.36 (KHTML, like Gecko) Chrome/114.0.0.0 Mobile Safari/537.36"
37.76.50.247 - - [12/Nov/2023:09:15:50 +0100] "GET /new/sites/default/themes/nosza/images/rrs.jpg HTTP/1.1" 200 829 "http://www.nosza.hu/new/content/civil-szervezet-%E2%80%93-t%C3%A1rsadalmi-szervezet-%E2%80%93-civil-t%C3%A1rsas%C3%A1g-az-%C3%BAj-civil-t%C3%B6rv%C3%A9ny-fogalmi-%C3%BAj%C3%ADt%C3%A1sai" "Mozilla/5.0 (Linux; Android 10; K) AppleWebKit/537.36 (KHTML, like Gecko) Chrome/114.0.0.0 Mobile Safari/537.36"
37.76.50.247 - - [12/Nov/2023:09:15:50 +0100] "GET /new/sites/default/themes/nosza/images/headerBgMagunkrol.jpg HTTP/1.1" 200 22932 "http://www.nosza.hu/new/sites/default/themes/nosza/css/nosza.css?l" "Mozilla/5.0 (Linux; Android 10; K) AppleWebKit/537.36 (KHTML, like Gecko) Chrome/114.0.0.0 Mobile Safari/537.36"
37.76.50.247 - - [12/Nov/2023:09:15:50 +0100] "GET /new/sites/default/themes/nosza/images/footerBg.jpg HTTP/1.1" 200 1097 "http://www.nosza.hu/new/sites/default/themes/nosza/css/nosza.css?l" "Mozilla/5.0 (Linux; Android 10; K) AppleWebKit/537.36 (KHTML, like Gecko) Chrome/114.0.0.0 Mobile Safari/537.36"
37.76.50.247 - - [12/Nov/2023:09:15:50 +0100] "GET /favicon.ico HTTP/1.1" 404 1181 "http://www.nosza.hu/new/content/civil-szervezet-%E2%80%93-t%C3%A1rsadalmi-szervezet-%E2%80%93-civil-t%C3%A1rsas%C3%A1g-az-%C3%BAj-civil-t%C3%B6rv%C3%A9ny-fogalmi-%C3%BAj%C3%ADt%C3%A1sai" "Mozilla/5.0 (Linux; Android 10; K) AppleWebKit/537.36 (KHTML, like Gecko) Chrome/114.0.0.0 Mobile Safari/537.36"
212.237.51.151 - - [12/Nov/2023:09:25:17 +0100] "HEAD / HTTP/1.1" 200 0 "-" "Alert_Alligator_webmonitoring_service_1.6.4_(alertalligator.com)"
54.36.148.19 - - [12/Nov/2023:09:37:26 +0100] "GET /new/rss.xml HTTP/1.1" 200 15715 "-" "Mozilla/5.0 (compatible; AhrefsBot/7.0; +http://ahrefs.com/robot/)"
37.59.21.100 - - [12/Nov/2023:09:53:42 +0100] "GET /new/rss.xml HTTP/1.1" 200 15715 "-" "Mozilla/5.0 (X11; Linux i686) AppleWebKit/537.36 (KHTML, like Gecko) Chrome/30.0.1599.66 Safari/537.36"
95.216.167.118 - - [12/Nov/2023:09:53:56 +0100] "GET /wp-load.php HTTP/1.1" 404 1181 "www.bing.com" "wp_is_mobile"
95.216.167.118 - - [12/Nov/2023:09:54:04 +0100] "GET /style.php HTTP/1.1" 404 1181 "www.bing.com" "wp_is_mobile"
95.216.167.118 - - [12/Nov/2023:09:54:04 +0100] "GET /wp-admin/style.php HTTP/1.1" 404 1181 "www.bing.com" "wp_is_mobile"
95.216.167.118 - - [12/Nov/2023:09:54:10 +0100] "GET /s_e.php HTTP/1.1" 404 1181 "www.bing.com" "wp_is_mobile"
95.216.167.118 - - [12/Nov/2023:09:54:31 +0100] "GET /s_ne.php HTTP/1.1" 404 1181 "www.bing.com" "wp_is_mobile"
95.216.167.118 - - [12/Nov/2023:09:54:56 +0100] "GET /1index.php HTTP/1.1" 404 1181 "www.bing.com" "Mozilla/5.0 (Windows NT 10.0; Win64; x64) AppleWebKit/537.36 (KHTML, like Gecko) Chrome/90.0.4430.85 Safari/537.36"
95.216.167.118 - - [12/Nov/2023:09:54:56 +0100] "GET /radio.php HTTP/1.1" 404 1181 "www.bing.com" "wp_is_mobile"
95.216.167.118 - - [12/Nov/2023:09:54:58 +0100] "GET /doc.php HTTP/1.1" 404 1181 "www.bing.com" "wp_is_mobile"
95.216.167.118 - - [12/Nov/2023:09:54:59 +0100] "GET /wp_wrong_datlib.php HTTP/1.1" 404 1181 "www.bing.com" "Mozilla/5.0 (Windows NT 10.0; Win64; x64) AppleWebKit/537.36 (KHTML, like Gecko) Chrome/90.0.4430.85 Safari/537.36"
95.216.167.118 - - [12/Nov/2023:09:54:59 +0100] "GET /beence.php HTTP/1.1" 404 1181 "www.bing.com" "Mozilla/5.0 (Windows NT 10.0; Win64; x64) AppleWebKit/537.36 (KHTML, like Gecko) Chrome/90.0.4430.85 Safari/537.36"
95.216.167.118 - - [12/Nov/2023:09:55:00 +0100] "GET /ups.php HTTP/1.1" 404 1181 "www.bing.com" "wp_is_mobile"
95.216.167.118 - - [12/Nov/2023:09:55:05 +0100] "GET /wp-signin.php?dizo&ping HTTP/1.1" 404 1181 "www.bing.com" "wp_is_mobile"
95.216.167.118 - - [12/Nov/2023:09:55:11 +0100] "GET /media-admin.php HTTP/1.1" 404 1181 "www.bing.com" "wp_is_mobile"
95.216.167.118 - - [12/Nov/2023:09:55:14 +0100] "GET /export.php HTTP/1.1" 404 1181 "www.bing.com" "Mozilla/5.0 (Windows NT 10.0; Win64; x64) AppleWebKit/537.36 (KHTML, like Gecko) Chrome/90.0.4430.85 Safari/537.36"
95.216.167.118 - - [12/Nov/2023:09:55:14 +0100] "GET /wp-content/export.php HTTP/1.1" 404 1181 "www.bing.com" "Mozilla/5.0 (Windows NT 10.0; Win64; x64) AppleWebKit/537.36 (KHTML, like Gecko) Chrome/90.0.4430.85 Safari/537.36"
95.216.167.118 - - [12/Nov/2023:09:55:16 +0100] "GET /wp-includes/wp-class.php HTTP/1.1" 404 1181 "www.bing.com" "wp_is_mobile"
95.216.167.118 - - [12/Nov/2023:09:55:17 +0100] "GET /wp-includes/wp-atom.php HTTP/1.1" 404 1181 "www.bing.com" "Mozilla/5.0 (Windows NT 10.0; Win64; x64) AppleWebKit/537.36 (KHTML, like Gecko) Chrome/90.0.4430.85 Safari/537.36"
95.216.167.118 - - [12/Nov/2023:09:55:17 +0100] "GET /wp-includes/images/css.php HTTP/1.1" 404 1181 "www.bing.com" "Mozilla/5.0 (Windows NT 10.0; Win64; x64) AppleWebKit/537.36 (KHTML, like Gecko) Chrome/90.0.4430.85 Safari/537.36"
95.216.167.118 - - [12/Nov/2023:09:55:17 +0100] "GET /wp-includes/css/css.php HTTP/1.1" 404 1181 "www.bing.com" "Mozilla/5.0 (Windows NT 10.0; Win64; x64) AppleWebKit/537.36 (KHTML, like Gecko) Chrome/90.0.4430.85 Safari/537.36"
95.216.167.118 - - [12/Nov/2023:09:55:17 +0100] "GET /defau1t.php HTTP/1.1" 404 1181 "www.bing.com" "Mozilla/5.0 (Windows NT 10.0; Win64; x64) AppleWebKit/537.36 (KHTML, like Gecko) Chrome/90.0.4430.85 Safari/537.36"
95.216.167.118 - - [12/Nov/2023:09:55:18 +0100] "GET /moduless.php HTTP/1.1" 404 1181 "www.bing.com" "Mozilla/5.0 (Windows NT 10.0; Win64; x64) AppleWebKit/537.36 (KHTML, like Gecko) Chrome/90.0.4430.85 Safari/537.36"
95.216.167.118 - - [12/Nov/2023:09:55:21 +0100] "GET /wp-booking.php HTTP/1.1" 404 1181 "www.bing.com" "wp_is_mobile"
95.216.167.118 - - [12/Nov/2023:09:55:23 +0100] "GET /wp-content/plugins/backup_index.php HTTP/1.1" 404 1181 "www.bing.com" "wp_is_mobile"
95.216.167.118 - - [12/Nov/2023:09:55:23 +0100] "GET /wp-content/mu-plugins/db-safe-mode.php HTTP/1.1" 404 1181 "www.bing.com" "wp_is_mobile"
95.216.167.118 - - [12/Nov/2023:09:55:28 +0100] "GET /wp-includes/css/wp-config.php HTTP/1.1" 404 1181 "www.bing.com" "wp_is_mobile"
95.216.167.118 - - [12/Nov/2023:09:55:33 +0100] "GET /config.bak.php HTTP/1.1" 404 1181 "www.bing.com" "wp_is_mobile"
95.216.167.118 - - [12/Nov/2023:09:55:33 +0100] "GET /wp-content/themes/config.bak.php HTTP/1.1" 404 1181 "www.bing.com" "wp_is_mobile"
95.216.167.118 - - [12/Nov/2023:09:55:36 +0100] "GET /legion.php HTTP/1.1" 404 1181 "www.bing.com" "wp_is_mobile"
95.216.167.118 - - [12/Nov/2023:09:55:36 +0100] "GET /wp-content/plugins/wpconfig.bak.php?act=sf HTTP/1.1" 404 1181 "www.bing.com" "Mozilla/5.0 (Windows NT 10.0; Win64; x64) AppleWebKit/537.36 (KHTML, like Gecko) Chrome/90.0.4430.85 Safari/537.36"
95.216.167.118 - - [12/Nov/2023:09:55:36 +0100] "GET /wp-plugins.php HTTP/1.1" 404 1181 "www.bing.com" "wp_is_mobile"
95.216.167.118 - - [12/Nov/2023:09:55:37 +0100] "GET /gank.php.PhP HTTP/1.1" 404 1181 "www.bing.com" "wp_is_mobile"
95.216.167.118 - - [12/Nov/2023:09:55:37 +0100] "GET /wp-content/db-cache.php HTTP/1.1" 404 1181 "www.bing.com" "wp_is_mobile"
95.216.167.118 - - [12/Nov/2023:09:55:38 +0100] "GET /archives.php HTTP/1.1" 404 1181 "www.bing.com" "Mozilla/5.0 (Windows NT 10.0; Win64; x64) AppleWebKit/537.36 (KHTML, like Gecko) Chrome/90.0.4430.85 Safari/537.36"
95.216.167.118 - - [12/Nov/2023:09:55:40 +0100] "GET /defau11.php HTTP/1.1" 404 1181 "www.bing.com" "Mozilla/5.0 (Windows NT 10.0; Win64; x64) AppleWebKit/537.36 (KHTML, like Gecko) Chrome/90.0.4430.85 Safari/537.36"
95.216.167.118 - - [12/Nov/2023:09:55:40 +0100] "GET /wp-content/outcms.php?up HTTP/1.1" 404 1181 "www.bing.com" "wp_is_mobile"
95.216.167.118 - - [12/Nov/2023:09:55:41 +0100] "GET /system_log.php?bala=up HTTP/1.1" 404 1181 "www.bing.com" "wp_is_mobile"
95.216.167.118 - - [12/Nov/2023:09:55:42 +0100] "GET /wp-backup-sql-302.php HTTP/1.1" 404 1181 "www.bing.com" "wp_is_mobile"
95.216.167.118 - - [12/Nov/2023:09:55:42 +0100] "GET /error.php?phpshells HTTP/1.1" 404 1181 "www.bing.com" "wp_is_mobile"
95.216.167.118 - - [12/Nov/2023:09:55:43 +0100] "GET /ALFA_DATA HTTP/1.1" 404 1181 "www.bing.com" "wp_is_mobile"
95.216.167.118 - - [12/Nov/2023:09:55:43 +0100] "GET /alfacgiapi HTTP/1.1" 404 1181 "www.bing.com" "wp_is_mobile"
95.216.167.118 - - [12/Nov/2023:09:55:43 +0100] "GET /cgialfa HTTP/1.1" 404 1181 "www.bing.com" "wp_is_mobile"
95.216.167.118 - - [12/Nov/2023:09:55:43 +0100] "GET /.well-known/ALFA_DATA HTTP/1.1" 404 1181 "www.bing.com" "wp_is_mobile"
95.216.167.118 - - [12/Nov/2023:09:55:43 +0100] "GET /.well-known/alfacgiapi HTTP/1.1" 404 1181 "www.bing.com" "wp_is_mobile"
95.216.167.118 - - [12/Nov/2023:09:55:43 +0100] "GET /.well-known/cgialfa HTTP/1.1" 404 1181 "www.bing.com" "wp_is_mobile"
95.216.167.118 - - [12/Nov/2023:09:55:43 +0100] "GET /wp-content/uploads/ALFA_DATA HTTP/1.1" 404 1181 "www.bing.com" "wp_is_mobile"
95.216.167.118 - - [12/Nov/2023:09:55:44 +0100] "GET /wp-content/uploads/alfacgiapi HTTP/1.1" 404 1181 "www.bing.com" "wp_is_mobile"
95.216.167.118 - - [12/Nov/2023:09:55:44 +0100] "GET /wp-content/uploads/cgialfa HTTP/1.1" 404 1181 "www.bing.com" "wp_is_mobile"
95.216.167.118 - - [12/Nov/2023:09:55:44 +0100] "GET /wp-includes/ALFA_DATA HTTP/1.1" 404 1181 "www.bing.com" "wp_is_mobile"
95.216.167.118 - - [12/Nov/2023:09:55:44 +0100] "GET /wp-includes/alfacgiapi HTTP/1.1" 404 1181 "www.bing.com" "wp_is_mobile"
95.216.167.118 - - [12/Nov/2023:09:55:44 +0100] "GET /wp-includes/cgialfa HTTP/1.1" 404 1181 "www.bing.com" "wp_is_mobile"
95.216.167.118 - - [12/Nov/2023:09:55:44 +0100] "GET /wp-admin/ALFA_DATA HTTP/1.1" 404 1181 "www.bing.com" "wp_is_mobile"
95.216.167.118 - - [12/Nov/2023:09:55:44 +0100] "GET /wp-admin/alfacgiapi HTTP/1.1" 404 1181 "www.bing.com" "wp_is_mobile"
95.216.167.118 - - [12/Nov/2023:09:55:44 +0100] "GET /wp-admin/cgialfa HTTP/1.1" 404 1181 "www.bing.com" "wp_is_mobile"
95.216.167.118 - - [12/Nov/2023:09:55:44 +0100] "GET /wp-content/ALFA_DATA HTTP/1.1" 404 1181 "www.bing.com" "wp_is_mobile"
95.216.167.118 - - [12/Nov/2023:09:55:44 +0100] "GET /wp-content/alfacgiapi HTTP/1.1" 404 1181 "www.bing.com" "wp_is_mobile"
95.216.167.118 - - [12/Nov/2023:09:55:45 +0100] "GET /wp-content/cgialfa HTTP/1.1" 404 1181 "www.bing.com" "wp_is_mobile"
95.216.167.118 - - [12/Nov/2023:09:55:45 +0100] "GET /templates/beez3/ALFA_DATA HTTP/1.1" 404 1181 "www.bing.com" "wp_is_mobile"
95.216.167.118 - - [12/Nov/2023:09:55:45 +0100] "GET /templates/beez3/alfacgiapi HTTP/1.1" 404 1181 "www.bing.com" "wp_is_mobile"
95.216.167.118 - - [12/Nov/2023:09:55:45 +0100] "GET /sites/default/files/ALFA_DATA HTTP/1.1" 404 1181 "www.bing.com" "wp_is_mobile"
95.216.167.118 - - [12/Nov/2023:09:55:45 +0100] "GET /sites/default/files/alfacgiapi HTTP/1.1" 404 1181 "www.bing.com" "wp_is_mobile"
95.216.167.118 - - [12/Nov/2023:09:55:45 +0100] "GET /sites/default/files/cgialfa HTTP/1.1" 404 1181 "www.bing.com" "wp_is_mobile"
95.216.167.118 - - [12/Nov/2023:09:55:45 +0100] "GET /admin/controller/extension/extension/ALFA_DATA HTTP/1.1" 404 1181 "www.bing.com" "wp_is_mobile"
95.216.167.118 - - [12/Nov/2023:09:55:45 +0100] "GET /admin/controller/extension/extension/alfacgiapi HTTP/1.1" 404 1181 "www.bing.com" "wp_is_mobile"
95.216.167.118 - - [12/Nov/2023:09:55:45 +0100] "GET /admin/controller/extension/extension/cgialfa HTTP/1.1" 404 1181 "www.bing.com" "wp_is_mobile"
95.216.167.118 - - [12/Nov/2023:09:55:47 +0100] "GET /wp-content/plugins/ubh/up.php HTTP/1.1" 404 1181 "www.bing.com" "wp_is_mobile"
95.216.167.118 - - [12/Nov/2023:09:55:48 +0100] "GET /index.php?3x=3x HTTP/1.1" 200 1516 "www.bing.com" "wp_is_mobile"
95.216.167.118 - - [12/Nov/2023:09:55:48 +0100] "GET /olux.php HTTP/1.1" 404 1181 "www.bing.com" "wp_is_mobile"
95.216.167.118 - - [12/Nov/2023:09:55:48 +0100] "GET /xleet.php HTTP/1.1" 404 1181 "www.bing.com" "wp_is_mobile"
95.216.167.118 - - [12/Nov/2023:09:55:48 +0100] "GET /wso.php HTTP/1.1" 404 1181 "www.bing.com" "wp_is_mobile"
95.216.167.118 - - [12/Nov/2023:09:55:48 +0100] "GET /shell.php HTTP/1.1" 404 1181 "www.bing.com" "wp_is_mobile"
95.216.167.118 - - [12/Nov/2023:09:55:48 +0100] "GET /up.php HTTP/1.1" 404 1181 "www.bing.com" "wp_is_mobile"
95.216.167.118 - - [12/Nov/2023:09:55:48 +0100] "GET /upload.php HTTP/1.1" 404 1181 "www.bing.com" "wp_is_mobile"
95.216.167.118 - - [12/Nov/2023:09:55:48 +0100] "GET /1.php HTTP/1.1" 404 1181 "www.bing.com" "wp_is_mobile"
95.216.167.118 - - [12/Nov/2023:09:55:48 +0100] "GET /x.php HTTP/1.1" 404 1181 "www.bing.com" "wp_is_mobile"
95.216.167.118 - - [12/Nov/2023:09:55:48 +0100] "GET /z.php HTTP/1.1" 404 1181 "www.bing.com" "wp_is_mobile"
95.216.167.118 - - [12/Nov/2023:09:55:48 +0100] "GET /a.php HTTP/1.1" 404 1181 "www.bing.com" "wp_is_mobile"
95.216.167.118 - - [12/Nov/2023:09:55:48 +0100] "GET /test.php HTTP/1.1" 404 1181 "www.bing.com" "wp_is_mobile"
95.216.167.118 - - [12/Nov/2023:09:55:48 +0100] "GET /wp.php HTTP/1.1" 404 1181 "www.bing.com" "wp_is_mobile"
95.216.167.118 - - [12/Nov/2023:09:55:48 +0100] "GET /alfa.php HTTP/1.1" 404 1181 "www.bing.com" "wp_is_mobile"
95.216.167.118 - - [12/Nov/2023:09:55:48 +0100] "GET /config.php HTTP/1.1" 404 1181 "www.bing.com" "wp_is_mobile"
95.216.167.118 - - [12/Nov/2023:09:55:48 +0100] "GET /templates/beez3/index.php HTTP/1.1" 404 1181 "www.bing.com" "wp_is_mobile"
95.216.167.118 - - [12/Nov/2023:09:55:48 +0100] "GET /about.php HTTP/1.1" 404 1181 "www.bing.com" "wp_is_mobile"
95.216.167.118 - - [12/Nov/2023:09:55:48 +0100] "GET /shells.php HTTP/1.1" 404 1181 "www.bing.com" "wp_is_mobile"
54.36.149.16 - - [12/Nov/2023:10:14:59 +0100] "GET / HTTP/1.1" 200 1010 "-" "Mozilla/5.0 (compatible; AhrefsBot/7.0; +http://ahrefs.com/robot/)"
212.237.53.115 - - [12/Nov/2023:10:18:05 +0100] "HEAD / HTTP/1.1" 200 0 "-" "Alert_Alligator_webmonitoring_service_1.6.4_(alertalligator.com)"
216.244.66.229 - - [12/Nov/2023:10:54:19 +0100] "GET /robots.txt HTTP/1.1" 404 1181 "-" "Mozilla/5.0 (compatible; DotBot/1.2; +https://opensiteexplorer.org/dotbot; help@moz.com)"
213.180.203.102 - - [12/Nov/2023:10:54:19 +0100] "GET /robots.txt HTTP/1.1" 404 1181 "-" "Mozilla/5.0 (compatible; YandexBot/3.0; +http://yandex.com/bots)"
216.244.66.229 - - [12/Nov/2023:10:54:19 +0100] "GET /robots.txt HTTP/1.1" 404 1181 "-" "Mozilla/5.0 (compatible; DotBot/1.2; +https://opensiteexplorer.org/dotbot; help@moz.com)"
5.255.231.173 - - [12/Nov/2023:10:54:22 +0100] "GET /new/publikaciok/cseh-lengyel-%C3%A9s-magyar-ptk-nonprofit-szervezetekre-vonatkoz%C3%B3-r%C3%A9szeinek-%C3%B6sszehasonl%C3%ADt%C3%A1sa HTTP/1.1" 200 8521 "-" "Mozilla/5.0 (compatible; YandexBot/3.0; +http://yandex.com/bots)"
5.255.231.202 - - [12/Nov/2023:10:59:37 +0100] "GET /konferenciak/07egszbbesz/07egszbpr/egszbreg/index.html HTTP/1.1" 200 181901 "-" "Mozilla/5.0 (compatible; YandexBot/3.0; +http://yandex.com/bots)"
216.244.66.229 - - [12/Nov/2023:10:59:54 +0100] "GET /3kutat/NOSZA2002/index.html HTTP/1.1" 200 23392 "-" "Mozilla/5.0 (compatible; DotBot/1.2; +https://opensiteexplorer.org/dotbot; help@moz.com)"
54.36.148.5 - - [12/Nov/2023:11:00:45 +0100] "GET / HTTP/1.1" 200 1010 "-" "Mozilla/5.0 (compatible; AhrefsBot/7.0; +http://ahrefs.com/robot/)"
216.244.66.229 - - [12/Nov/2023:11:02:08 +0100] "GET /konferenciak/07egszbbesz/index.html HTTP/1.1" 200 21734 "-" "Mozilla/5.0 (compatible; DotBot/1.2; +https://opensiteexplorer.org/dotbot; help@moz.com)"
49.12.13.109 - - [12/Nov/2023:11:17:08 +0100] "HEAD / HTTP/1.1" 200 0 "-" "Alert_Alligator_webmonitoring_service_1.6.3_(alertalligator.com)"
95.108.213.235 - - [12/Nov/2023:11:35:09 +0100] "GET /robots.txt HTTP/1.1" 404 1181 "-" "Mozilla/5.0 (compatible; YandexBot/3.0; +http://yandex.com/bots)"
213.180.203.218 - - [12/Nov/2023:11:35:12 +0100] "GET /new/en/news/frequently-asked-questions HTTP/1.1" 200 8128 "-" "Mozilla/5.0 (compatible; YandexBot/3.0; +http://yandex.com/bots)"
54.36.148.205 - - [12/Nov/2023:11:44:58 +0100] "GET /halozatok/JMCS/memo/06/index.html HTTP/1.1" 200 13841 "-" "Mozilla/5.0 (compatible; AhrefsBot/7.0; +http://ahrefs.com/robot/)"
84.0.16.135 - - [12/Nov/2023:11:59:11 +0100] "GET /aktualis/1gyikNCA/index.html HTTP/1.1" 200 22264 "http://www.nosza.hu/" "Mozilla/5.0 (Windows NT 10.0; Win64; x64) AppleWebKit/537.36 (KHTML, like Gecko) Chrome/119.0.0.0 Safari/537.36"
84.0.16.135 - - [12/Nov/2023:11:59:11 +0100] "GET /galateia.css HTTP/1.1" 200 1717 "http://nosza.hu/aktualis/1gyikNCA/index.html" "Mozilla/5.0 (Windows NT 10.0; Win64; x64) AppleWebKit/537.36 (KHTML, like Gecko) Chrome/119.0.0.0 Safari/537.36"
84.0.16.135 - - [12/Nov/2023:11:59:11 +0100] "GET /graphics/noszalogo.gif HTTP/1.1" 200 6797 "http://nosza.hu/aktualis/1gyikNCA/index.html" "Mozilla/5.0 (Windows NT 10.0; Win64; x64) AppleWebKit/537.36 (KHTML, like Gecko) Chrome/119.0.0.0 Safari/537.36"
84.0.16.135 - - [12/Nov/2023:11:59:11 +0100] "GET /graphics/galas.gif HTTP/1.1" 200 913 "http://nosza.hu/aktualis/1gyikNCA/index.html" "Mozilla/5.0 (Windows NT 10.0; Win64; x64) AppleWebKit/537.36 (KHTML, like Gecko) Chrome/119.0.0.0 Safari/537.36"
212.237.53.115 - - [12/Nov/2023:12:05:19 +0100] "HEAD / HTTP/1.1" 200 0 "-" "Alert_Alligator_webmonitoring_service_1.6.4_(alertalligator.com)"
216.244.66.229 - - [12/Nov/2023:12:27:58 +0100] "GET /robots.txt HTTP/1.1" 404 1181 "-" "Mozilla/5.0 (compatible; DotBot/1.2; +https://opensiteexplorer.org/dotbot; help@moz.com)"
54.36.148.38 - - [12/Nov/2023:12:32:01 +0100] "GET /halozatok/JMCS/memo/05/index.html HTTP/1.1" 200 15044 "-" "Mozilla/5.0 (compatible; AhrefsBot/7.0; +http://ahrefs.com/robot/)"
216.244.66.229 - - [12/Nov/2023:12:32:55 +0100] "GET /angol/followup/index.html HTTP/1.1" 200 9852 "-" "Mozilla/5.0 (compatible; DotBot/1.2; +https://opensiteexplorer.org/dotbot; help@moz.com)"
49.12.13.109 - - [12/Nov/2023:13:04:23 +0100] "HEAD / HTTP/1.1" 200 0 "-" "Alert_Alligator_webmonitoring_service_1.6.3_(alertalligator.com)"
118.107.42.217 - - [12/Nov/2023:13:12:05 +0100] "GET /data/captcha/captcha_bg1.gif HTTP/1.1" 404 1181 "http://www.nosza.hu/data/captcha/captcha_bg1.gif" "Mozilla/5.0 (Windows NT 10.0; Win64; x64) AppleWebKit/537.36 (KHTML, like Gecko) Chrome/83.0.4103.61 Safari/537.36"
118.107.42.217 - - [12/Nov/2023:13:12:06 +0100] "GET /api/goods.php HTTP/1.1" 404 1181 "http://www.nosza.hu/api/goods.php" "Mozilla/5.0 (Windows NT 10.0; Win64; x64) AppleWebKit/537.36 (KHTML, like Gecko) Chrome/83.0.4103.61 Safari/537.36"
118.107.42.217 - - [12/Nov/2023:13:12:07 +0100] "GET /includes/cls_sms.php HTTP/1.1" 404 1181 "http://www.nosza.hu/includes/cls_sms.php" "Mozilla/5.0 (Windows NT 10.0; Win64; x64) AppleWebKit/537.36 (KHTML, like Gecko) Chrome/83.0.4103.61 Safari/537.36"
216.244.66.229 - - [12/Nov/2023:13:15:37 +0100] "GET /robots.txt HTTP/1.1" 404 1181 "-" "Mozilla/5.0 (compatible; DotBot/1.2; +https://opensiteexplorer.org/dotbot; help@moz.com)"
216.244.66.229 - - [12/Nov/2023:13:20:02 +0100] "GET /aktualis/012autopalya/index.html HTTP/1.1" 200 7450 "-" "Mozilla/5.0 (compatible; DotBot/1.2; +https://opensiteexplorer.org/dotbot; help@moz.com)"
216.244.66.229 - - [12/Nov/2023:13:20:10 +0100] "GET /new/projektek/civil-%C3%BAjs%C3%A1g%C3%ADr%C3%A1ssal-az-%C3%B6nkorm%C3%A1nzatok-%C3%A1tl%C3%A1that%C3%B3s%C3%A1g%C3%A1%C3%A9rt HTTP/1.1" 200 10729 "-" "Mozilla/5.0 (compatible; DotBot/1.2; +https://opensiteexplorer.org/dotbot; help@moz.com)"
54.36.149.20 - - [12/Nov/2023:13:20:30 +0100] "GET /robots.txt HTTP/1.1" 404 1181 "-" "Mozilla/5.0 (compatible; AhrefsBot/7.0; +http://ahrefs.com/robot/)"
54.36.148.207 - - [12/Nov/2023:13:20:31 +0100] "GET / HTTP/1.1" 200 1010 "-" "Mozilla/5.0 (compatible; AhrefsBot/7.0; +http://ahrefs.com/robot/)"
95.108.213.246 - - [12/Nov/2023:13:49:58 +0100] "GET /robots.txt HTTP/1.1" 404 1181 "-" "Mozilla/5.0 (compatible; YandexBot/3.0; +http://yandex.com/bots)"
87.250.224.216 - - [12/Nov/2023:13:49:58 +0100] "GET /%09%20target=_blank HTTP/1.1" 404 1181 "-" "Mozilla/5.0 (compatible; YandexBot/3.0; +http://yandex.com/bots)"
212.237.23.143 - - [12/Nov/2023:13:53:55 +0100] "HEAD / HTTP/1.1" 200 0 "-" "Alert_Alligator_webmonitoring_service_1.6.4_(alertalligator.com)"
95.108.213.129 - - [12/Nov/2023:14:00:33 +0100] "GET /robots.txt HTTP/1.1" 404 1181 "-" "Mozilla/5.0 (compatible; YandexBot/3.0; +http://yandex.com/bots)"
5.255.231.61 - - [12/Nov/2023:14:00:34 +0100] "GET /kutat/REVkutatas/5PR/index.html HTTP/1.1" 200 49876 "-" "Mozilla/5.0 (compatible; YandexBot/3.0; +http://yandex.com/bots)"
216.244.66.229 - - [12/Nov/2023:14:04:36 +0100] "GET /robots.txt HTTP/1.1" 404 1181 "-" "Mozilla/5.0 (compatible; DotBot/1.2; +https://opensiteexplorer.org/dotbot; help@moz.com)"
216.244.66.229 - - [12/Nov/2023:14:11:01 +0100] "GET /3kutat/REVkutatas/3gazdalkodas/index.html HTTP/1.1" 200 88272 "-" "Mozilla/5.0 (compatible; DotBot/1.2; +https://opensiteexplorer.org/dotbot; help@moz.com)"
42.236.101.222 - - [12/Nov/2023:14:24:22 +0100] "GET / HTTP/1.1" 200 1010 "http://nosza.hu/" "Mozilla/5.0 (Windows NT 6.1; WOW64) AppleWebKit/537.36 (KHTML, like Gecko) Chrome/50.0.2661.102 Safari/537.36; 360Spider"
54.36.149.13 - - [12/Nov/2023:14:25:24 +0100] "GET /halozatok/JMCS/memo/07/index.html HTTP/1.1" 200 16609 "-" "Mozilla/5.0 (compatible; AhrefsBot/7.0; +http://ahrefs.com/robot/)"
212.237.51.151 - - [12/Nov/2023:14:35:32 +0100] "HEAD / HTTP/1.1" 200 0 "-" "Alert_Alligator_webmonitoring_service_1.6.4_(alertalligator.com)"
51.222.253.12 - - [12/Nov/2023:14:36:03 +0100] "GET /robots.txt HTTP/1.1" 404 1181 "-" "Mozilla/5.0 (compatible; AhrefsBot/7.0; +http://ahrefs.com/robot/)"
66.249.66.202 - - [12/Nov/2023:14:54:04 +0100] "GET /robots.txt HTTP/1.1" 404 1181 "-" "Mozilla/5.0 (compatible; Googlebot/2.1; +http://www.google.com/bot.html)"
66.249.66.201 - - [12/Nov/2023:14:54:04 +0100] "GET / HTTP/1.1" 200 1010 "-" "Mozilla/5.0 (compatible; Googlebot/2.1; +http://www.google.com/bot.html)"
66.249.66.37 - - [12/Nov/2023:14:54:10 +0100] "GET /robots.txt HTTP/1.1" 404 1181 "-" "Mozilla/5.0 (compatible; Googlebot/2.1; +http://www.google.com/bot.html)"
66.249.66.37 - - [12/Nov/2023:14:54:10 +0100] "GET /new/sites/all/modules/cck/theme/content-module.css?l HTTP/1.1" 200 2397 "http://www.nosza.hu/new/" "Mozilla/5.0 AppleWebKit/537.36 (KHTML, like Gecko; compatible; Googlebot/2.1; +http://www.google.com/bot.html) Chrome/119.0.6045.105 Safari/537.36"
66.249.66.37 - - [12/Nov/2023:14:54:10 +0100] "GET /new/modules/filefield/filefield.css?l HTTP/1.1" 200 1986 "http://www.nosza.hu/new/" "Mozilla/5.0 AppleWebKit/537.36 (KHTML, like Gecko; compatible; Googlebot/2.1; +http://www.google.com/bot.html) Chrome/119.0.6045.105 Safari/537.36"
188.143.84.235 - - [12/Nov/2023:15:12:22 +0100] "GET /kutat/REVkutatas/3gazdalkodas/index.html HTTP/1.1" 200 88137 "https://www.google.com/" "Mozilla/5.0 (Windows NT 10.0; Win64; x64) AppleWebKit/537.36 (KHTML, like Gecko) Chrome/109.0.0.0 Safari/537.36"
188.143.84.235 - - [12/Nov/2023:15:12:22 +0100] "GET /galateia.css HTTP/1.1" 200 1717 "http://www.nosza.hu/kutat/REVkutatas/3gazdalkodas/index.html" "Mozilla/5.0 (Windows NT 10.0; Win64; x64) AppleWebKit/537.36 (KHTML, like Gecko) Chrome/109.0.0.0 Safari/537.36"
188.143.84.235 - - [12/Nov/2023:15:12:22 +0100] "GET /graphics/noszalogo.gif HTTP/1.1" 200 6797 "http://www.nosza.hu/kutat/REVkutatas/3gazdalkodas/index.html" "Mozilla/5.0 (Windows NT 10.0; Win64; x64) AppleWebKit/537.36 (KHTML, like Gecko) Chrome/109.0.0.0 Safari/537.36"
188.143.84.235 - - [12/Nov/2023:15:12:22 +0100] "GET /graphics/galas.gif HTTP/1.1" 200 913 "http://www.nosza.hu/kutat/REVkutatas/3gazdalkodas/index.html" "Mozilla/5.0 (Windows NT 10.0; Win64; x64) AppleWebKit/537.36 (KHTML, like Gecko) Chrome/109.0.0.0 Safari/537.36"
188.143.84.235 - - [12/Nov/2023:15:12:22 +0100] "GET /favicon.ico HTTP/1.1" 404 1181 "http://www.nosza.hu/kutat/REVkutatas/3gazdalkodas/index.html" "Mozilla/5.0 (Windows NT 10.0; Win64; x64) AppleWebKit/537.36 (KHTML, like Gecko) Chrome/109.0.0.0 Safari/537.36"
54.36.148.67 - - [12/Nov/2023:15:31:51 +0100] "GET /halozatok/JMCS/memo/10/index.html HTTP/1.1" 200 48333 "-" "Mozilla/5.0 (compatible; AhrefsBot/7.0; +http://ahrefs.com/robot/)"
49.12.13.109 - - [12/Nov/2023:15:34:41 +0100] "HEAD / HTTP/1.1" 200 0 "-" "Alert_Alligator_webmonitoring_service_1.6.3_(alertalligator.com)"
216.244.66.229 - - [12/Nov/2023:15:41:39 +0100] "GET /robots.txt HTTP/1.1" 404 1181 "-" "Mozilla/5.0 (compatible; DotBot/1.2; +https://opensiteexplorer.org/dotbot; help@moz.com)"
87.250.224.248 - - [12/Nov/2023:15:44:21 +0100] "GET /robots.txt HTTP/1.1" 404 1181 "-" "Mozilla/5.0 (compatible; YandexBot/3.0; +http://yandex.com/bots)"
213.180.203.16 - - [12/Nov/2023:15:44:22 +0100] "GET /3kutat/REVkutatas/2menedzsment/index.html HTTP/1.1" 200 146149 "-" "Mozilla/5.0 (compatible; YandexBot/3.0; +http://yandex.com/bots)"
216.244.66.229 - - [12/Nov/2023:15:44:56 +0100] "GET /new/projektek/Nyitott%20jogalkot%C3%A1s HTTP/1.1" 200 9728 "-" "Mozilla/5.0 (compatible; DotBot/1.2; +https://opensiteexplorer.org/dotbot; help@moz.com)"
216.244.66.229 - - [12/Nov/2023:15:45:39 +0100] "GET /new/content/indul%C3%B3-projekt-magyar-nonprofit-szektor-t%C3%A1mogat%C3%A1s%C3%A1ra HTTP/1.1" 200 9771 "-" "Mozilla/5.0 (compatible; DotBot/1.2; +https://opensiteexplorer.org/dotbot; help@moz.com)"
94.248.145.27 - - [12/Nov/2023:15:47:26 +0100] "GET /konferenciak/07egszbpr/egszbreg/index.html HTTP/1.1" 200 181742 "-" "Mozilla/5.0 (Linux; Android 10; K) AppleWebKit/537.36 (KHTML, like Gecko) Chrome/119.0.0.0 Mobile Safari/537.36"
94.248.145.27 - - [12/Nov/2023:15:47:26 +0100] "GET /galateia.css HTTP/1.1" 200 1717 "http://www.nosza.hu/konferenciak/07egszbpr/egszbreg/index.html" "Mozilla/5.0 (Linux; Android 10; K) AppleWebKit/537.36 (KHTML, like Gecko) Chrome/119.0.0.0 Mobile Safari/537.36"
94.248.145.27 - - [12/Nov/2023:15:47:26 +0100] "GET /graphics/noszalogo.gif HTTP/1.1" 200 6797 "http://www.nosza.hu/konferenciak/07egszbpr/egszbreg/index.html" "Mozilla/5.0 (Linux; Android 10; K) AppleWebKit/537.36 (KHTML, like Gecko) Chrome/119.0.0.0 Mobile Safari/537.36"
94.248.145.27 - - [12/Nov/2023:15:47:26 +0100] "GET /graphics/galas.gif HTTP/1.1" 200 913 "http://www.nosza.hu/konferenciak/07egszbpr/egszbreg/index.html" "Mozilla/5.0 (Linux; Android 10; K) AppleWebKit/537.36 (KHTML, like Gecko) Chrome/119.0.0.0 Mobile Safari/537.36"
94.248.145.27 - - [12/Nov/2023:15:47:26 +0100] "GET /favicon.ico HTTP/1.1" 404 1181 "http://www.nosza.hu/konferenciak/07egszbpr/egszbreg/index.html" "Mozilla/5.0 (Linux; Android 10; K) AppleWebKit/537.36 (KHTML, like Gecko) Chrome/119.0.0.0 Mobile Safari/537.36"
216.244.66.229 - - [12/Nov/2023:16:00:09 +0100] "GET /new/sites/default/files/KCRdimenzio.pdf HTTP/1.1" 404 7460 "-" "Mozilla/5.0 (compatible; DotBot/1.2; +https://opensiteexplorer.org/dotbot; help@moz.com)"
216.244.66.229 - - [12/Nov/2023:16:28:39 +0100] "GET /robots.txt HTTP/1.1" 404 1181 "-" "Mozilla/5.0 (compatible; DotBot/1.2; +https://opensiteexplorer.org/dotbot; help@moz.com)"
212.237.23.143 - - [12/Nov/2023:16:28:45 +0100] "HEAD / HTTP/1.1" 200 0 "-" "Alert_Alligator_webmonitoring_service_1.6.4_(alertalligator.com)"
54.36.148.224 - - [12/Nov/2023:16:29:31 +0100] "GET / HTTP/1.1" 200 1010 "-" "Mozilla/5.0 (compatible; AhrefsBot/7.0; +http://ahrefs.com/robot/)"
216.244.66.229 - - [12/Nov/2023:16:33:50 +0100] "GET /new/dossziek/publikaciok HTTP/1.1" 200 8283 "-" "Mozilla/5.0 (compatible; DotBot/1.2; +https://opensiteexplorer.org/dotbot; help@moz.com)"
40.77.190.104 - - [12/Nov/2023:16:46:00 +0100] "GET /galateia.css HTTP/1.1" 200 1717 "-" "Mozilla/5.0 AppleWebKit/537.36 (KHTML, like Gecko; compatible; bingbot/2.0; +http://www.bing.com/bingbot.htm) Chrome/100.0.4896.127 Safari/537.36"
216.244.66.229 - - [12/Nov/2023:17:16:51 +0100] "GET /robots.txt HTTP/1.1" 404 1181 "-" "Mozilla/5.0 (compatible; DotBot/1.2; +https://opensiteexplorer.org/dotbot; help@moz.com)"
54.36.148.147 - - [12/Nov/2023:17:17:11 +0100] "GET / HTTP/1.1" 200 1010 "-" "Mozilla/5.0 (compatible; AhrefsBot/7.0; +http://ahrefs.com/robot/)"
212.237.53.115 - - [12/Nov/2023:17:19:31 +0100] "HEAD / HTTP/1.1" 200 0 "-" "Alert_Alligator_webmonitoring_service_1.6.4_(alertalligator.com)"
216.244.66.229 - - [12/Nov/2023:17:22:12 +0100] "GET /3kutat/REVkutatas/index.html HTTP/1.1" 200 14896 "-" "Mozilla/5.0 (compatible; DotBot/1.2; +https://opensiteexplorer.org/dotbot; help@moz.com)"
216.244.66.229 - - [12/Nov/2023:17:23:46 +0100] "GET /aktualis/1gyikNCA/elektor/index.html HTTP/1.1" 200 26380 "-" "Mozilla/5.0 (compatible; DotBot/1.2; +https://opensiteexplorer.org/dotbot; help@moz.com)"
103.131.71.188 - - [12/Nov/2023:17:36:30 +0100] "GET /robots.txt HTTP/1.1" 404 1181 "-" "Mozilla/5.0 (compatible; coccocbot-web/1.0; +http://help.coccoc.com/searchengine)"
103.131.71.149 - - [12/Nov/2023:17:36:32 +0100] "GET /kutat/REVkutatas/3gazdalkodas/index.html HTTP/1.1" 304 - "-" "Mozilla/5.0 (compatible; coccocbot-web/1.0; +http://help.coccoc.com/searchengine)"
46.139.230.8 - - [12/Nov/2023:17:41:22 +0100] "GET /skoric.dbk.pdf HTTP/1.1" 200 232591 "-" "Mozilla/5.0 (Linux; Android 10; K) AppleWebKit/537.36 (KHTML, like Gecko) Chrome/119.0.0.0 Mobile Safari/537.36"
103.131.71.56 - - [12/Nov/2023:17:42:24 +0100] "GET /robots.txt HTTP/1.1" 404 1181 "-" "Mozilla/5.0 (compatible; coccocbot-web/1.0; +http://help.coccoc.com/searchengine)"
212.237.53.115 - - [12/Nov/2023:18:05:57 +0100] "HEAD / HTTP/1.1" 200 0 "-" "Alert_Alligator_webmonitoring_service_1.6.4_(alertalligator.com)"
66.249.66.37 - - [12/Nov/2023:18:06:04 +0100] "GET /aktualis/ajogisegitseg/index.html HTTP/1.1" 200 395762 "-" "Mozilla/5.0 (compatible; Googlebot/2.1; +http://www.google.com/bot.html)"
54.36.148.134 - - [12/Nov/2023:18:06:50 +0100] "GET /new/projektek/Menedzsment%20tr%C3%A9ning HTTP/1.1" 200 9363 "-" "Mozilla/5.0 (compatible; AhrefsBot/7.0; +http://ahrefs.com/robot/)"
130.255.166.98 - - [12/Nov/2023:18:07:23 +0100] "GET /robots.txt HTTP/1.1" 404 1181 "-" "Mozilla/5.0 (Windows NT 10.0; Win64; x64) AppleWebKit/537.36 (KHTML, like Gecko) Teams/1.5.00.17656 Chrome/85.0.4183.121 Electron/10.4.7 Safari/537.36"
130.255.166.80 - - [12/Nov/2023:18:07:24 +0100] "GET /humans.txt HTTP/1.1" 404 1181 "-" "Mozilla/5.0 (Windows NT 10.0; Win64; x64) AppleWebKit/537.36 (KHTML, like Gecko) Teams/1.5.00.17656 Chrome/85.0.4183.121 Electron/10.4.7 Safari/537.36"
130.255.166.121 - - [12/Nov/2023:18:07:24 +0100] "GET /ads.txt HTTP/1.1" 404 1181 "-" "Mozilla/5.0 (Windows NT 10.0; Win64; x64) AppleWebKit/537.36 (KHTML, like Gecko) Teams/1.5.00.17656 Chrome/85.0.4183.121 Electron/10.4.7 Safari/537.36"
130.255.166.122 - - [12/Nov/2023:18:07:24 +0100] "GET / HTTP/1.1" 200 1010 "-" "Mozilla/5.0 (Windows NT 10.0; Win64; x64) AppleWebKit/537.36 (KHTML, like Gecko) Teams/1.5.00.17656 Chrome/85.0.4183.121 Electron/10.4.7 Safari/537.36"
212.237.51.151 - - [12/Nov/2023:18:49:16 +0100] "HEAD / HTTP/1.1" 200 0 "-" "Alert_Alligator_webmonitoring_service_1.6.4_(alertalligator.com)"
66.249.66.37 - - [12/Nov/2023:18:50:13 +0100] "GET /new/en/publications HTTP/1.1" 200 7784 "-" "Mozilla/5.0 (Linux; Android 6.0.1; Nexus 5X Build/MMB29P) AppleWebKit/537.36 (KHTML, like Gecko) Chrome/119.0.6045.123 Mobile Safari/537.36 (compatible; Googlebot/2.1; +http://www.google.com/bot.html)"
54.36.148.94 - - [12/Nov/2023:19:03:26 +0100] "GET /halozatok/JMCS/memo/09/index.html HTTP/1.1" 200 42017 "-" "Mozilla/5.0 (compatible; AhrefsBot/7.0; +http://ahrefs.com/robot/)"
94.44.125.4 - - [12/Nov/2023:19:10:46 +0100] "GET /aktualis/1gyikNCA/index.html HTTP/1.1" 200 22264 "-" "Mozilla/5.0 (Windows NT 10.0; Win64; x64) AppleWebKit/537.36 (KHTML, like Gecko) Chrome/117.0.0.0 Safari/537.36"
94.44.125.4 - - [12/Nov/2023:19:10:46 +0100] "GET /galateia.css HTTP/1.1" 200 1717 "http://nosza.hu/aktualis/1gyikNCA/index.html" "Mozilla/5.0 (Windows NT 10.0; Win64; x64) AppleWebKit/537.36 (KHTML, like Gecko) Chrome/117.0.0.0 Safari/537.36"
94.44.125.4 - - [12/Nov/2023:19:10:46 +0100] "GET /graphics/noszalogo.gif HTTP/1.1" 200 6797 "http://nosza.hu/aktualis/1gyikNCA/index.html" "Mozilla/5.0 (Windows NT 10.0; Win64; x64) AppleWebKit/537.36 (KHTML, like Gecko) Chrome/117.0.0.0 Safari/537.36"
94.44.125.4 - - [12/Nov/2023:19:10:46 +0100] "GET /graphics/galas.gif HTTP/1.1" 200 913 "http://nosza.hu/aktualis/1gyikNCA/index.html" "Mozilla/5.0 (Windows NT 10.0; Win64; x64) AppleWebKit/537.36 (KHTML, like Gecko) Chrome/117.0.0.0 Safari/537.36"
94.44.125.4 - - [12/Nov/2023:19:10:46 +0100] "GET /favicon.ico HTTP/1.1" 404 1181 "http://nosza.hu/aktualis/1gyikNCA/index.html" "Mozilla/5.0 (Windows NT 10.0; Win64; x64) AppleWebKit/537.36 (KHTML, like Gecko) Chrome/117.0.0.0 Safari/537.36"
52.167.144.179 - - [12/Nov/2023:19:23:11 +0100] "GET /new/projektek/Nyitott%20jogalkot%C3%A1s HTTP/1.1" 200 9728 "-" "Mozilla/5.0 AppleWebKit/537.36 (KHTML, like Gecko; compatible; bingbot/2.0; +http://www.bing.com/bingbot.htm) Chrome/103.0.5060.134 Safari/537.36"
49.12.13.109 - - [12/Nov/2023:19:25:33 +0100] "HEAD / HTTP/1.1" 200 0 "-" "Alert_Alligator_webmonitoring_service_1.6.4_(alertalligator.com)"
37.59.21.100 - - [12/Nov/2023:19:27:28 +0100] "GET /new/en/rss.xml HTTP/1.1" 200 10708 "-" "Mozilla/5.0 (X11; Linux i686) AppleWebKit/537.36 (KHTML, like Gecko) Chrome/30.0.1599.66 Safari/537.36"
