20.171.207.108 - - [04/Feb/2025:16:09:35 +0100] "GET /aktualis/105onk/onkentes/index.html HTTP/1.1" 200 24562 "-" "Mozilla/5.0 AppleWebKit/537.36 (KHTML, like Gecko; compatible; GPTBot/1.2; +https://openai.com/gptbot)"
20.171.207.121 - - [04/Feb/2025:16:09:36 +0100] "GET /konferenciak/042memo/index.html HTTP/1.1" 200 15379 "-" "Mozilla/5.0 AppleWebKit/537.36 (KHTML, like Gecko; compatible; GPTBot/1.2; +https://openai.com/gptbot)"
20.171.207.108 - - [04/Feb/2025:16:09:36 +0100] "GET /halozatok/muhely/index.html HTTP/1.1" 200 12478 "-" "Mozilla/5.0 AppleWebKit/537.36 (KHTML, like Gecko; compatible; GPTBot/1.2; +https://openai.com/gptbot)"
20.171.207.121 - - [04/Feb/2025:16:09:37 +0100] "GET /konferenciak/040memo/index.html HTTP/1.1" 200 33575 "-" "Mozilla/5.0 AppleWebKit/537.36 (KHTML, like Gecko; compatible; GPTBot/1.2; +https://openai.com/gptbot)"
20.171.207.108 - - [04/Feb/2025:16:09:38 +0100] "GET /aktualis/onkentes/index.html HTTP/1.1" 200 26445 "-" "Mozilla/5.0 AppleWebKit/537.36 (KHTML, like Gecko; compatible; GPTBot/1.2; +https://openai.com/gptbot)"
20.171.207.121 - - [04/Feb/2025:16:09:38 +0100] "GET /konferenciak/041memo/index.html HTTP/1.1" 200 34889 "-" "Mozilla/5.0 AppleWebKit/537.36 (KHTML, like Gecko; compatible; GPTBot/1.2; +https://openai.com/gptbot)"
20.171.207.108 - - [04/Feb/2025:16:09:39 +0100] "GET /konferenciak/03konf/index.html HTTP/1.1" 200 13272 "-" "Mozilla/5.0 AppleWebKit/537.36 (KHTML, like Gecko; compatible; GPTBot/1.2; +https://openai.com/gptbot)"
20.171.207.121 - - [04/Feb/2025:16:09:39 +0100] "GET /3kutat/REVkutatas/5PR/index.html HTTP/1.1" 200 50021 "-" "Mozilla/5.0 AppleWebKit/537.36 (KHTML, like Gecko; compatible; GPTBot/1.2; +https://openai.com/gptbot)"
20.171.207.108 - - [04/Feb/2025:16:09:40 +0100] "GET /aktualis/109kozigazg/nyilatkozat/images/nyilatkozat_001.jpg HTTP/1.1" 200 31953 "-" "Mozilla/5.0 AppleWebKit/537.36 (KHTML, like Gecko; compatible; GPTBot/1.2; +https://openai.com/gptbot)"
20.171.207.121 - - [04/Feb/2025:16:09:40 +0100] "GET /konferenciak/06egszb/index.html HTTP/1.1" 200 15880 "-" "Mozilla/5.0 AppleWebKit/537.36 (KHTML, like Gecko; compatible; GPTBot/1.2; +https://openai.com/gptbot)"
20.171.207.108 - - [04/Feb/2025:16:09:41 +0100] "GET /halozatok/kerekasztal/index.html HTTP/1.1" 200 13131 "-" "Mozilla/5.0 AppleWebKit/537.36 (KHTML, like Gecko; compatible; GPTBot/1.2; +https://openai.com/gptbot)"
20.171.207.108 - - [04/Feb/2025:16:09:42 +0100] "GET /konferenciak/06egszb/program/index.html HTTP/1.1" 200 10050 "-" "Mozilla/5.0 AppleWebKit/537.36 (KHTML, like Gecko; compatible; GPTBot/1.2; +https://openai.com/gptbot)"
20.171.207.121 - - [04/Feb/2025:16:09:42 +0100] "GET /konferenciak/07egszbbesz/07egszbpr/egszbreg/index.html HTTP/1.1" 200 181901 "-" "Mozilla/5.0 AppleWebKit/537.36 (KHTML, like Gecko; compatible; GPTBot/1.2; +https://openai.com/gptbot)"
20.171.207.121 - - [04/Feb/2025:16:09:43 +0100] "GET /konferenciak/05emla/index.html HTTP/1.1" 200 22316 "-" "Mozilla/5.0 AppleWebKit/537.36 (KHTML, like Gecko; compatible; GPTBot/1.2; +https://openai.com/gptbot)"
20.171.207.108 - - [04/Feb/2025:16:09:44 +0100] "GET /konferenciak/06egszb/resztvevok/index.html HTTP/1.1" 200 88954 "-" "Mozilla/5.0 AppleWebKit/537.36 (KHTML, like Gecko; compatible; GPTBot/1.2; +https://openai.com/gptbot)"
20.171.207.108 - - [04/Feb/2025:16:09:44 +0100] "GET /konferenciak/05emla/images/meghivo2_002.jpg HTTP/1.1" 200 20361 "-" "Mozilla/5.0 AppleWebKit/537.36 (KHTML, like Gecko; compatible; GPTBot/1.2; +https://openai.com/gptbot)"
20.171.207.121 - - [04/Feb/2025:16:09:44 +0100] "GET /halozatok/muhely/belepes/index.html HTTP/1.1" 200 4602 "-" "Mozilla/5.0 AppleWebKit/537.36 (KHTML, like Gecko; compatible; GPTBot/1.2; +https://openai.com/gptbot)"
20.171.207.108 - - [04/Feb/2025:16:09:45 +0100] "GET /konferenciak/05emla/images/meghivo2_001.jpg HTTP/1.1" 200 9571 "-" "Mozilla/5.0 AppleWebKit/537.36 (KHTML, like Gecko; compatible; GPTBot/1.2; +https://openai.com/gptbot)"
20.171.207.121 - - [04/Feb/2025:16:09:45 +0100] "GET /konferenciak/regionalis/index.html HTTP/1.1" 200 13298 "-" "Mozilla/5.0 AppleWebKit/537.36 (KHTML, like Gecko; compatible; GPTBot/1.2; +https://openai.com/gptbot)"
20.171.207.121 - - [04/Feb/2025:16:09:46 +0100] "GET /konferenciak/03konf/index.html HTTP/1.1" 200 13272 "-" "Mozilla/5.0 AppleWebKit/537.36 (KHTML, like Gecko; compatible; GPTBot/1.2; +https://openai.com/gptbot)"
20.171.207.121 - - [04/Feb/2025:16:09:47 +0100] "GET /aktualis/109kozigazg/nyilatkozat/images/nyilatkozat_001.jpg HTTP/1.1" 200 31953 "-" "Mozilla/5.0 AppleWebKit/537.36 (KHTML, like Gecko; compatible; GPTBot/1.2; +https://openai.com/gptbot)"
20.171.207.108 - - [04/Feb/2025:16:09:48 +0100] "GET /aktualis/ajogisegitseg/index.html HTTP/1.1" 200 395762 "-" "Mozilla/5.0 AppleWebKit/537.36 (KHTML, like Gecko; compatible; GPTBot/1.2; +https://openai.com/gptbot)"
20.171.207.108 - - [04/Feb/2025:16:09:48 +0100] "GET /halozatok/muhely/belepes/index.html HTTP/1.1" 200 4602 "-" "Mozilla/5.0 AppleWebKit/537.36 (KHTML, like Gecko; compatible; GPTBot/1.2; +https://openai.com/gptbot)"
20.171.207.121 - - [04/Feb/2025:16:09:49 +0100] "GET /halozatok/kerekasztal/index.html HTTP/1.1" 200 13131 "-" "Mozilla/5.0 AppleWebKit/537.36 (KHTML, like Gecko; compatible; GPTBot/1.2; +https://openai.com/gptbot)"
20.171.207.108 - - [04/Feb/2025:16:09:50 +0100] "GET /halozatok/muhely/tagok/index.html HTTP/1.1" 200 25134 "-" "Mozilla/5.0 AppleWebKit/537.36 (KHTML, like Gecko; compatible; GPTBot/1.2; +https://openai.com/gptbot)"
20.171.207.121 - - [04/Feb/2025:16:09:50 +0100] "GET /halozatok/muhely/tagok/index.html HTTP/1.1" 200 25134 "-" "Mozilla/5.0 AppleWebKit/537.36 (KHTML, like Gecko; compatible; GPTBot/1.2; +https://openai.com/gptbot)"
20.171.207.121 - - [04/Feb/2025:16:09:51 +0100] "GET /szervezet/images/szervezet_002.jpg HTTP/1.1" 200 20314 "-" "Mozilla/5.0 AppleWebKit/537.36 (KHTML, like Gecko; compatible; GPTBot/1.2; +https://openai.com/gptbot)"
20.171.207.108 - - [04/Feb/2025:16:09:52 +0100] "GET /foldes.dbk.pdf HTTP/1.1" 200 160016 "-" "Mozilla/5.0 AppleWebKit/537.36 (KHTML, like Gecko; compatible; GPTBot/1.2; +https://openai.com/gptbot)"
20.171.207.121 - - [04/Feb/2025:16:09:52 +0100] "GET /szervezet/images/szervezet_001.jpg HTTP/1.1" 200 29594 "-" "Mozilla/5.0 AppleWebKit/537.36 (KHTML, like Gecko; compatible; GPTBot/1.2; +https://openai.com/gptbot)"
20.171.207.121 - - [04/Feb/2025:16:09:54 +0100] "GET /konferenciak/06egszb/program/index.html HTTP/1.1" 200 10050 "-" "Mozilla/5.0 AppleWebKit/537.36 (KHTML, like Gecko; compatible; GPTBot/1.2; +https://openai.com/gptbot)"
20.171.207.108 - - [04/Feb/2025:16:09:54 +0100] "GET /molnar.dbk.pdf HTTP/1.1" 200 590452 "-" "Mozilla/5.0 AppleWebKit/537.36 (KHTML, like Gecko; compatible; GPTBot/1.2; +https://openai.com/gptbot)"
20.171.207.108 - - [04/Feb/2025:16:09:54 +0100] "GET /szervezet/images/szervezet_001.jpg HTTP/1.1" 200 29594 "-" "Mozilla/5.0 AppleWebKit/537.36 (KHTML, like Gecko; compatible; GPTBot/1.2; +https://openai.com/gptbot)"
20.171.207.121 - - [04/Feb/2025:16:09:55 +0100] "GET /konferenciak/06egszb/resztvevok/index.html HTTP/1.1" 200 88954 "-" "Mozilla/5.0 AppleWebKit/537.36 (KHTML, like Gecko; compatible; GPTBot/1.2; +https://openai.com/gptbot)"
20.171.207.121 - - [04/Feb/2025:16:09:56 +0100] "GET /konferenciak/05emla/images/meghivo2_002.jpg HTTP/1.1" 200 20361 "-" "Mozilla/5.0 AppleWebKit/537.36 (KHTML, like Gecko; compatible; GPTBot/1.2; +https://openai.com/gptbot)"
20.171.207.108 - - [04/Feb/2025:16:09:57 +0100] "GET /halozatok/kerekasztal/memo3/index.html HTTP/1.1" 200 8909 "-" "Mozilla/5.0 AppleWebKit/537.36 (KHTML, like Gecko; compatible; GPTBot/1.2; +https://openai.com/gptbot)"
20.171.207.121 - - [04/Feb/2025:16:09:57 +0100] "GET /konferenciak/05emla/images/meghivo2_001.jpg HTTP/1.1" 200 9571 "-" "Mozilla/5.0 AppleWebKit/537.36 (KHTML, like Gecko; compatible; GPTBot/1.2; +https://openai.com/gptbot)"
20.171.207.108 - - [04/Feb/2025:16:09:58 +0100] "GET /halozatok/kerekasztal/memo5/index.html HTTP/1.1" 200 11742 "-" "Mozilla/5.0 AppleWebKit/537.36 (KHTML, like Gecko; compatible; GPTBot/1.2; +https://openai.com/gptbot)"
20.171.207.121 - - [04/Feb/2025:16:09:59 +0100] "GET /3kutat/images/kutatas_2005_001.jpg HTTP/1.1" 200 38446 "-" "Mozilla/5.0 AppleWebKit/537.36 (KHTML, like Gecko; compatible; GPTBot/1.2; +https://openai.com/gptbot)"
20.171.207.121 - - [04/Feb/2025:16:09:59 +0100] "GET /aktualis/105onk/onkentes/images/Onkentestorveny_001.jpg HTTP/1.1" 200 4413 "-" "Mozilla/5.0 AppleWebKit/537.36 (KHTML, like Gecko; compatible; GPTBot/1.2; +https://openai.com/gptbot)"
20.171.207.108 - - [04/Feb/2025:16:10:00 +0100] "GET /halozatok/kerekasztal/memo1/index.html HTTP/1.1" 200 26344 "-" "Mozilla/5.0 AppleWebKit/537.36 (KHTML, like Gecko; compatible; GPTBot/1.2; +https://openai.com/gptbot)"
20.171.207.121 - - [04/Feb/2025:16:10:00 +0100] "GET /halozatok/kerekasztal/memo3/index.html HTTP/1.1" 200 8909 "-" "Mozilla/5.0 AppleWebKit/537.36 (KHTML, like Gecko; compatible; GPTBot/1.2; +https://openai.com/gptbot)"
20.171.207.121 - - [04/Feb/2025:16:10:01 +0100] "GET /halozatok/kerekasztal/memo5/index.html HTTP/1.1" 200 11742 "-" "Mozilla/5.0 AppleWebKit/537.36 (KHTML, like Gecko; compatible; GPTBot/1.2; +https://openai.com/gptbot)"
20.171.207.108 - - [04/Feb/2025:16:10:02 +0100] "GET /halozatok/kerekasztal/memo2/index.html HTTP/1.1" 200 12822 "-" "Mozilla/5.0 AppleWebKit/537.36 (KHTML, like Gecko; compatible; GPTBot/1.2; +https://openai.com/gptbot)"
20.171.207.121 - - [04/Feb/2025:16:10:02 +0100] "GET /halozatok/kerekasztal/memo2/index.html HTTP/1.1" 200 12822 "-" "Mozilla/5.0 AppleWebKit/537.36 (KHTML, like Gecko; compatible; GPTBot/1.2; +https://openai.com/gptbot)"
20.171.207.108 - - [04/Feb/2025:16:10:03 +0100] "GET /szervezet/images/szervezet_002.jpg HTTP/1.1" 200 20314 "-" "Mozilla/5.0 AppleWebKit/537.36 (KHTML, like Gecko; compatible; GPTBot/1.2; +https://openai.com/gptbot)"
20.171.207.121 - - [04/Feb/2025:16:10:04 +0100] "GET /halozatok/kerekasztal/memo1/index.html HTTP/1.1" 200 26344 "-" "Mozilla/5.0 AppleWebKit/537.36 (KHTML, like Gecko; compatible; GPTBot/1.2; +https://openai.com/gptbot)"
20.171.207.121 - - [04/Feb/2025:16:10:05 +0100] "GET /graphics/galas.gif HTTP/1.1" 200 913 "-" "Mozilla/5.0 AppleWebKit/537.36 (KHTML, like Gecko; compatible; GPTBot/1.2; +https://openai.com/gptbot)"
20.171.207.108 - - [04/Feb/2025:16:10:05 +0100] "GET /kerekes.dbk.pdf HTTP/1.1" 200 143599 "-" "Mozilla/5.0 AppleWebKit/537.36 (KHTML, like Gecko; compatible; GPTBot/1.2; +https://openai.com/gptbot)"
20.171.207.108 - - [04/Feb/2025:16:10:06 +0100] "GET /3kutat/images/kutatas_2005_001.jpg HTTP/1.1" 200 38446 "-" "Mozilla/5.0 AppleWebKit/537.36 (KHTML, like Gecko; compatible; GPTBot/1.2; +https://openai.com/gptbot)"
20.171.207.121 - - [04/Feb/2025:16:10:06 +0100] "GET /graphics/noszalogo.gif HTTP/1.1" 200 6797 "-" "Mozilla/5.0 AppleWebKit/537.36 (KHTML, like Gecko; compatible; GPTBot/1.2; +https://openai.com/gptbot)"
20.171.207.121 - - [04/Feb/2025:16:10:07 +0100] "GET /galateia.css HTTP/1.1" 200 1717 "-" "Mozilla/5.0 AppleWebKit/537.36 (KHTML, like Gecko; compatible; GPTBot/1.2; +https://openai.com/gptbot)"
20.171.207.108 - - [04/Feb/2025:16:10:07 +0100] "GET /aktualis/011onk/images/Onkentestorveny_001.jpg HTTP/1.1" 200 3309 "-" "Mozilla/5.0 AppleWebKit/537.36 (KHTML, like Gecko; compatible; GPTBot/1.2; +https://openai.com/gptbot)"
20.171.207.108 - - [04/Feb/2025:16:10:08 +0100] "GET /aktualis/105onk/onkentes/images/Onkentestorveny_001.jpg HTTP/1.1" 200 4413 "-" "Mozilla/5.0 AppleWebKit/537.36 (KHTML, like Gecko; compatible; GPTBot/1.2; +https://openai.com/gptbot)"
20.171.207.108 - - [04/Feb/2025:16:10:09 +0100] "GET /graphics/galas.gif HTTP/1.1" 200 913 "-" "Mozilla/5.0 AppleWebKit/537.36 (KHTML, like Gecko; compatible; GPTBot/1.2; +https://openai.com/gptbot)"
20.171.207.108 - - [04/Feb/2025:16:10:10 +0100] "GET /graphics/noszalogo.gif HTTP/1.1" 200 6797 "-" "Mozilla/5.0 AppleWebKit/537.36 (KHTML, like Gecko; compatible; GPTBot/1.2; +https://openai.com/gptbot)"
20.171.207.108 - - [04/Feb/2025:16:10:11 +0100] "GET /aktualis/onkentes/images/Onkentestorveny_001.jpg HTTP/1.1" 200 3309 "-" "Mozilla/5.0 AppleWebKit/537.36 (KHTML, like Gecko; compatible; GPTBot/1.2; +https://openai.com/gptbot)"
20.171.207.108 - - [04/Feb/2025:16:10:12 +0100] "GET /galateia.css HTTP/1.1" 200 1717 "-" "Mozilla/5.0 AppleWebKit/537.36 (KHTML, like Gecko; compatible; GPTBot/1.2; +https://openai.com/gptbot)"
91.207.183.219 - - [04/Feb/2025:16:24:57 +0100] "GET /new/ HTTP/1.0" 200 10243 "http://www.nosza.hu/new/" "Mozilla/5.0 (Windows NT 10.0; Win64; x64) AppleWebKit/537.36 (KHTML, like Gecko) Chrome/131.0.0.0 Safari/537.36 Avast/131.0.0.0"
47.128.123.125 - - [04/Feb/2025:16:28:01 +0100] "GET /new/projektek/h%C3%A1l%C3%B3zat-nyitott-jogalkot%C3%A1s%C3%A9rt HTTP/1.1" 200 9891 "-" "Mozilla/5.0 (compatible; Bytespider; spider-feedback@bytedance.com) AppleWebKit/537.36 (KHTML, like Gecko) Chrome/70.0.0.0 Safari/537.36"
47.128.123.125 - - [04/Feb/2025:16:28:02 +0100] "GET /new/sites/all/modules/cck/theme/content-module.css?l HTTP/1.1" 200 2397 "http://www.nosza.hu/new/projektek/h%C3%A1l%C3%B3zat-nyitott-jogalkot%C3%A1s%C3%A9rt" "Mozilla/5.0 (compatible; Bytespider; spider-feedback@bytedance.com) AppleWebKit/537.36 (KHTML, like Gecko) Chrome/70.0.0.0 Safari/537.36"
47.128.123.125 - - [04/Feb/2025:16:28:02 +0100] "GET /new/sites/default/themes/nosza/print.css?l HTTP/1.1" 200 1247 "http://www.nosza.hu/new/projektek/h%C3%A1l%C3%B3zat-nyitott-jogalkot%C3%A1s%C3%A9rt" "Mozilla/5.0 (compatible; Bytespider; spider-feedback@bytedance.com) AppleWebKit/537.36 (KHTML, like Gecko) Chrome/70.0.0.0 Safari/537.36"
47.128.123.125 - - [04/Feb/2025:16:28:03 +0100] "GET /new/sites/default/themes/nosza/images/searchBg.png HTTP/1.1" 206 500 "http://www.nosza.hu/new/sites/default/themes/nosza/css/nosza.css?l" "Mozilla/5.0 (compatible; Bytespider; spider-feedback@bytedance.com) AppleWebKit/537.36 (KHTML, like Gecko) Chrome/70.0.0.0 Safari/537.36"
47.128.123.125 - - [04/Feb/2025:16:28:03 +0100] "GET /new/sites/default/themes/nosza/images/magyarBgOver.png HTTP/1.1" 206 500 "http://www.nosza.hu/new/sites/default/themes/nosza/css/nosza.css?l" "Mozilla/5.0 (compatible; Bytespider; spider-feedback@bytedance.com) AppleWebKit/537.36 (KHTML, like Gecko) Chrome/70.0.0.0 Safari/537.36"
95.108.213.159 - - [04/Feb/2025:16:30:41 +0100] "GET /robots.txt HTTP/1.1" 404 1181 "-" "Mozilla/5.0 (compatible; YandexBot/3.0; +http://yandex.com/bots)"
213.180.203.93 - - [04/Feb/2025:16:30:44 +0100] "GET /new/en HTTP/1.1" 200 9248 "-" "Mozilla/5.0 (compatible; YandexBot/3.0; +http://yandex.com/bots)"
64.62.202.82 - - [04/Feb/2025:16:38:46 +0100] "GET /new/en HTTP/1.1" 200 9252 "-" "Mozilla/5.0 AppleWebKit/537.36 (KHTML, like Gecko; compatible; Centurybot/1.0; +http://www.rightdao.com/bot.html) Chrome/131.0.0.0 Safari/537.36"
64.62.202.82 - - [04/Feb/2025:16:38:47 +0100] "GET /new/en/news/frequently-asked-questions HTTP/1.1" 200 8128 "-" "Mozilla/5.0 AppleWebKit/537.36 (KHTML, like Gecko; compatible; Centurybot/1.0; +http://www.rightdao.com/bot.html) Chrome/131.0.0.0 Safari/537.36"
64.62.202.82 - - [04/Feb/2025:16:38:49 +0100] "GET /new/en/publications HTTP/1.1" 200 7784 "-" "Mozilla/5.0 AppleWebKit/537.36 (KHTML, like Gecko; compatible; Centurybot/1.0; +http://www.rightdao.com/bot.html) Chrome/131.0.0.0 Safari/537.36"
64.62.202.82 - - [04/Feb/2025:16:38:51 +0100] "GET /new/en/news/starting-project-support-hungarian-non-profit-sector HTTP/1.1" 200 8080 "-" "Mozilla/5.0 AppleWebKit/537.36 (KHTML, like Gecko; compatible; Centurybot/1.0; +http://www.rightdao.com/bot.html) Chrome/131.0.0.0 Safari/537.36"
64.62.202.82 - - [04/Feb/2025:16:38:53 +0100] "GET /new/en/about_us/links HTTP/1.1" 200 7851 "-" "Mozilla/5.0 AppleWebKit/537.36 (KHTML, like Gecko; compatible; Centurybot/1.0; +http://www.rightdao.com/bot.html) Chrome/131.0.0.0 Safari/537.36"
64.62.202.82 - - [04/Feb/2025:16:38:54 +0100] "GET /new/en/news/training-materials-support-csos HTTP/1.1" 200 8120 "-" "Mozilla/5.0 AppleWebKit/537.36 (KHTML, like Gecko; compatible; Centurybot/1.0; +http://www.rightdao.com/bot.html) Chrome/131.0.0.0 Safari/537.36"
64.62.202.82 - - [04/Feb/2025:16:38:56 +0100] "GET /new/en/projects/Test%20project HTTP/1.1" 200 7194 "-" "Mozilla/5.0 AppleWebKit/537.36 (KHTML, like Gecko; compatible; Centurybot/1.0; +http://www.rightdao.com/bot.html) Chrome/131.0.0.0 Safari/537.36"
64.62.202.82 - - [04/Feb/2025:16:38:57 +0100] "GET /new/en/news/association-laws-and-operation HTTP/1.1" 200 8093 "-" "Mozilla/5.0 AppleWebKit/537.36 (KHTML, like Gecko; compatible; Centurybot/1.0; +http://www.rightdao.com/bot.html) Chrome/131.0.0.0 Safari/537.36"
64.62.202.82 - - [04/Feb/2025:16:38:59 +0100] "GET /new/en/news/major-legal-developments-affecting-csos-2017-0 HTTP/1.1" 200 8277 "-" "Mozilla/5.0 AppleWebKit/537.36 (KHTML, like Gecko; compatible; Centurybot/1.0; +http://www.rightdao.com/bot.html) Chrome/131.0.0.0 Safari/537.36"
64.62.202.82 - - [04/Feb/2025:16:39:00 +0100] "GET /new/en/news/old-and-new-challenges-being-cso HTTP/1.1" 200 8071 "-" "Mozilla/5.0 AppleWebKit/537.36 (KHTML, like Gecko; compatible; Centurybot/1.0; +http://www.rightdao.com/bot.html) Chrome/131.0.0.0 Safari/537.36"
91.233.21.70 - - [04/Feb/2025:17:37:53 +0100] "GET /.well-known/acme-challenge/MSQW6U24VY7WKHILHUW0ZH96VRABEGFD HTTP/1.1" 404 1181 "-" "Cpanel-HTTP-Client/1.0"
91.233.21.70 - - [04/Feb/2025:17:37:53 +0100] "GET /.well-known/acme-challenge/3FCXU3X_IQV_72UNWRU5FWMI6D_02GHQ HTTP/1.1" 404 1181 "-" "Cpanel-HTTP-Client/1.0"
221.196.45.64 - - [04/Feb/2025:18:10:43 +0100] "GET /new/ HTTP/1.1" 200 10256 "-" "Mozilla/5.0 (X11; Fedora; Linux x86_64; rv:114.0) Gecko/20100101 Firefox/114.0"
37.139.53.144 - - [04/Feb/2025:18:58:23 +0100] "GET /new/ HTTP/1.1" 200 10256 "-" "Mozilla/5.0 (X11; Fedora; Linux x86_64; rv:114.0) Gecko/20100101 Firefox/114.0"
37.139.53.144 - - [04/Feb/2025:18:58:26 +0100] "GET /?q=node/add HTTP/1.1" 200 1010 "http://www.nosza.hu/new/" "Mozilla/5.0 (X11; Fedora; Linux x86_64; rv:114.0) Gecko/20100101 Firefox/114.0"
5.255.231.171 - - [04/Feb/2025:19:05:54 +0100] "GET /robots.txt HTTP/1.1" 404 1181 "-" "Mozilla/5.0 (compatible; YandexBot/3.0; +http://yandex.com/bots)"
87.250.224.207 - - [04/Feb/2025:19:05:55 +0100] "GET /aktualis/1gyikNCA/palyazat/index.html HTTP/1.1" 200 26866 "-" "Mozilla/5.0 (compatible; YandexBot/3.0; +http://yandex.com/bots)"
91.207.183.219 - - [04/Feb/2025:19:15:37 +0100] "GET /new/ HTTP/1.0" 200 10243 "http://www.nosza.hu/new/" "Mozilla/5.0 (Windows NT 10.0; Win64; x64) AppleWebKit/537.36 (KHTML, like Gecko) Chrome/130.0.0.0 Safari/537.36 CCleaner/130.0.0.0"
186.64.114.175 - - [04/Feb/2025:19:16:48 +0100] "GET /wp-login.php HTTP/1.1" 404 1181 "-" "Mozilla/5.0 (X11; Fedora; Linux x86_64; rv:94.0) Gecko/20100101 Firefox/95.0"
66.249.66.35 - - [04/Feb/2025:19:17:03 +0100] "GET /robots.txt HTTP/1.1" 404 1181 "-" "Mozilla/5.0 (compatible; Googlebot/2.1; +http://www.google.com/bot.html)"
66.249.66.37 - - [04/Feb/2025:19:17:03 +0100] "GET / HTTP/1.1" 200 1010 "-" "Mozilla/5.0 (Linux; Android 6.0.1; Nexus 5X Build/MMB29P) AppleWebKit/537.36 (KHTML, like Gecko) Chrome/132.0.6834.159 Mobile Safari/537.36 (compatible; Googlebot/2.1; +http://www.google.com/bot.html)"
66.249.66.35 - - [04/Feb/2025:19:17:31 +0100] "GET /new/ HTTP/1.1" 200 10256 "http://www.nosza.hu/" "Mozilla/5.0 (Linux; Android 6.0.1; Nexus 5X Build/MMB29P) AppleWebKit/537.36 (KHTML, like Gecko) Chrome/131.0.6778.264 Mobile Safari/537.36 (compatible; Googlebot/2.1; +http://www.google.com/bot.html)"
66.249.66.35 - - [04/Feb/2025:19:17:31 +0100] "GET /new/sites/all/modules/cck/theme/content-module.css?l HTTP/1.1" 200 2397 "http://www.nosza.hu/new/" "Mozilla/5.0 (Linux; Android 6.0.1; Nexus 5X Build/MMB29P) AppleWebKit/537.36 (KHTML, like Gecko) Chrome/131.0.6778.264 Mobile Safari/537.36 (compatible; Googlebot/2.1; +http://www.google.com/bot.html)"
66.249.66.35 - - [04/Feb/2025:19:17:31 +0100] "GET /new/modules/system/system.css?l HTTP/1.1" 200 10020 "http://www.nosza.hu/new/" "Mozilla/5.0 (Linux; Android 6.0.1; Nexus 5X Build/MMB29P) AppleWebKit/537.36 (KHTML, like Gecko) Chrome/131.0.6778.264 Mobile Safari/537.36 (compatible; Googlebot/2.1; +http://www.google.com/bot.html)"
43.135.185.59 - - [04/Feb/2025:19:19:59 +0100] "GET / HTTP/1.1" 200 1010 "-" "Mozilla/5.0 (iPhone; CPU iPhone OS 13_2_3 like Mac OS X) AppleWebKit/605.1.15 (KHTML, like Gecko) Version/13.0.3 Mobile/15E148 Safari/604.1"
51.222.253.20 - - [04/Feb/2025:19:20:23 +0100] "GET /robots.txt HTTP/1.1" 404 1181 "-" "Mozilla/5.0 (compatible; AhrefsBot/7.0; +http://ahrefs.com/robot/)"
85.208.96.195 - - [04/Feb/2025:19:28:56 +0100] "GET /robots.txt HTTP/1.1" 404 1181 "-" "Mozilla/5.0 (compatible; SemrushBot/7~bl; +http://www.semrush.com/bot.html)"
85.208.96.207 - - [04/Feb/2025:19:28:56 +0100] "GET /halozatok/JMCS/memo/04/index.html HTTP/1.1" 200 15900 "-" "Mozilla/5.0 (compatible; SemrushBot/7~bl; +http://www.semrush.com/bot.html)"
154.21.39.65 - - [04/Feb/2025:19:42:03 +0100] "GET /new/ HTTP/1.1" 200 10256 "-" "Mozilla/5.0 (X11; Linux i686) AppleWebKit/537.36 (KHTML, like Gecko) Chrome/114.0.0.0 Safari/537.36 Vivaldi/5.3.2679.68"
154.9.177.164 - - [04/Feb/2025:19:42:10 +0100] "GET /?q=node/add HTTP/1.1" 200 1010 "http://www.nosza.hu/new/" "Mozilla/5.0 (X11; Linux i686) AppleWebKit/537.36 (KHTML, like Gecko) Chrome/114.0.0.0 Safari/537.36 Vivaldi/5.3.2679.68"
45.39.26.62 - - [04/Feb/2025:19:42:11 +0100] "GET /?q=user HTTP/1.1" 200 1010 "http://www.nosza.hu/?q=node/add" "Mozilla/5.0 (X11; Linux i686) AppleWebKit/537.36 (KHTML, like Gecko) Chrome/114.0.0.0 Safari/537.36 Vivaldi/5.3.2679.68"
91.233.21.70 - - [04/Feb/2025:20:37:44 +0100] "GET /.well-known/acme-challenge/SPPK48566_9KYRB3AN90B4NXL50ZPSTM HTTP/1.1" 404 1181 "-" "Cpanel-HTTP-Client/1.0"
91.233.21.70 - - [04/Feb/2025:20:37:44 +0100] "GET /.well-known/acme-challenge/WGS79H05ZYN55EXR2NA2QNM50SOMWV1Z HTTP/1.1" 404 1181 "-" "Cpanel-HTTP-Client/1.0"
185.191.171.1 - - [04/Feb/2025:20:48:48 +0100] "GET /robots.txt HTTP/1.1" 404 1181 "-" "Mozilla/5.0 (compatible; SemrushBot/7~bl; +http://www.semrush.com/bot.html)"
85.208.96.209 - - [04/Feb/2025:20:48:49 +0100] "GET /konferenciak/05emla/index.html HTTP/1.1" 200 22316 "-" "Mozilla/5.0 (compatible; SemrushBot/7~bl; +http://www.semrush.com/bot.html)"
185.31.202.113 - - [04/Feb/2025:21:04:54 +0100] "GET /new/ HTTP/1.1" 200 10256 "-" "Mozilla/5.0 (Macintosh; Intel Mac OS X 12_5) AppleWebKit/537.36 (KHTML, like Gecko) Chrome/114.0.0.0 Safari/537.36 Edg/114.0.1264.71"
185.31.202.113 - - [04/Feb/2025:21:05:31 +0100] "GET /?q=node/add HTTP/1.1" 200 1010 "http://www.nosza.hu/new/" "Mozilla/5.0 (Macintosh; Intel Mac OS X 12_5) AppleWebKit/537.36 (KHTML, like Gecko) Chrome/114.0.0.0 Safari/537.36 Edg/114.0.1264.71"
185.31.202.113 - - [04/Feb/2025:21:05:33 +0100] "GET /?q=user HTTP/1.1" 200 1010 "http://www.nosza.hu/?q=node/add" "Mozilla/5.0 (Macintosh; Intel Mac OS X 12_5) AppleWebKit/537.36 (KHTML, like Gecko) Chrome/114.0.0.0 Safari/537.36 Edg/114.0.1264.71"
37.59.21.100 - - [04/Feb/2025:21:53:19 +0100] "GET /new/rss.xml HTTP/1.1" 200 15715 "-" "Mozilla/5.0 (X11; Linux i686) AppleWebKit/537.36 (KHTML, like Gecko) Chrome/30.0.1599.66 Safari/537.36"
69.171.231.2 - - [04/Feb/2025:22:21:32 +0100] "GET /robots.txt HTTP/1.1" 404 1181 "-" "facebookexternalhit/1.1 (+http://www.facebook.com/externalhit_uatext.php)"
69.171.231.115 - - [04/Feb/2025:22:22:54 +0100] "GET /new/sites/default/themes/nosza/images/rrs.jpg HTTP/1.1" 200 829 "-" "meta-externalagent/1.1 (+https://developers.facebook.com/docs/sharing/webmasters/crawler)"
4.227.36.104 - - [04/Feb/2025:22:26:05 +0100] "GET /robots.txt HTTP/1.1" 404 1181 "-" "Mozilla/5.0 AppleWebKit/537.36 (KHTML, like Gecko; compatible; GPTBot/1.2; +https://openai.com/gptbot)"
20.171.207.128 - - [04/Feb/2025:22:26:08 +0100] "GET /kutat/revkutatas/1gazdasag/index.html HTTP/1.1" 404 1181 "-" "Mozilla/5.0 AppleWebKit/537.36 (KHTML, like Gecko; compatible; GPTBot/1.2; +https://openai.com/gptbot)"
20.171.207.128 - - [04/Feb/2025:22:26:15 +0100] "GET /kutat/revkutatas/3gazdalkodas/index.html HTTP/1.1" 404 1181 "-" "Mozilla/5.0 AppleWebKit/537.36 (KHTML, like Gecko; compatible; GPTBot/1.2; +https://openai.com/gptbot)"
20.171.207.128 - - [04/Feb/2025:22:26:18 +0100] "GET /kutat/revkutatas/5pr/index.html HTTP/1.1" 404 1181 "-" "Mozilla/5.0 AppleWebKit/537.36 (KHTML, like Gecko; compatible; GPTBot/1.2; +https://openai.com/gptbot)"
20.171.207.128 - - [04/Feb/2025:22:26:21 +0100] "GET /halozatok/jmcs/memo/10/index.html HTTP/1.1" 404 1181 "-" "Mozilla/5.0 AppleWebKit/537.36 (KHTML, like Gecko; compatible; GPTBot/1.2; +https://openai.com/gptbot)"
95.78.101.109 - - [04/Feb/2025:22:26:21 +0100] "GET /new/ HTTP/1.1" 200 10256 "-" "Mozilla/5.0 (Macintosh; Intel Mac OS X 12_5) AppleWebKit/537.36 (KHTML, like Gecko) Chrome/114.0.0.0 Safari/537.36 Vivaldi/5.3.2679.68"
20.171.207.128 - - [04/Feb/2025:22:26:24 +0100] "GET /kutat/revkutatas/2menedzsment/index.html HTTP/1.1" 404 1181 "-" "Mozilla/5.0 AppleWebKit/537.36 (KHTML, like Gecko; compatible; GPTBot/1.2; +https://openai.com/gptbot)"
95.78.101.109 - - [04/Feb/2025:22:26:25 +0100] "GET /?q=node/add HTTP/1.1" 200 1010 "http://www.nosza.hu/new/" "Mozilla/5.0 (Macintosh; Intel Mac OS X 12_5) AppleWebKit/537.36 (KHTML, like Gecko) Chrome/114.0.0.0 Safari/537.36 Vivaldi/5.3.2679.68"
95.78.101.109 - - [04/Feb/2025:22:26:25 +0100] "GET /?q=user HTTP/1.1" 200 1010 "http://www.nosza.hu/?q=node/add" "Mozilla/5.0 (Macintosh; Intel Mac OS X 12_5) AppleWebKit/537.36 (KHTML, like Gecko) Chrome/114.0.0.0 Safari/537.36 Vivaldi/5.3.2679.68"
45.135.232.50 - - [04/Feb/2025:22:26:57 +0100] "GET /.svn HTTP/1.1" 404 1181 "-" "python-requests/2.32.3"
221.196.45.64 - - [04/Feb/2025:22:56:32 +0100] "GET /new/ HTTP/1.1" 200 10256 "-" "Mozilla/5.0 (Windows NT 10.0; Win64; x64; rv:114.0) Gecko/20100101 Firefox/114.0"
54.38.85.36 - - [04/Feb/2025:22:59:28 +0100] "GET /robots.txt HTTP/1.1" 404 1181 "-" "Mozilla/5.0 (compatible; MJ12bot/v1.4.8; http://mj12bot.com/)"
54.38.85.36 - - [04/Feb/2025:22:59:35 +0100] "GET /new/projektek/eloszt%C3%B3-projekt HTTP/1.1" 200 11786 "-" "Mozilla/5.0 (compatible; MJ12bot/v1.4.8; http://mj12bot.com/)"
40.77.167.14 - - [04/Feb/2025:23:20:00 +0100] "GET /new/hirek/2018?page=1 HTTP/1.1" 200 14140 "-" "Mozilla/5.0 AppleWebKit/537.36 (KHTML, like Gecko; compatible; bingbot/2.0; +http://www.bing.com/bingbot.htm) Chrome/116.0.1938.76 Safari/537.36"
147.185.132.24 - - [04/Feb/2025:23:35:16 +0100] "GET / HTTP/1.1" 200 1010 "-" "Expanse, a Palo Alto Networks company, searches across the global IPv4 space multiple times per day to identify customers' presences on the Internet. If you would like to be excluded from our scans, please send IP addresses/domains to: scaninfo@paloaltonetworks.com"
185.33.55.101 - - [04/Feb/2025:23:35:34 +0100] "GET / HTTP/1.0" 200 1010 "-" "-"
91.233.21.70 - - [04/Feb/2025:23:37:56 +0100] "GET /.well-known/acme-challenge/YNW88WHYMQA67L0BOVAGGLMS1AMZ9LA8 HTTP/1.1" 404 1181 "-" "Cpanel-HTTP-Client/1.0"
91.233.21.70 - - [04/Feb/2025:23:37:56 +0100] "GET /.well-known/acme-challenge/Q8GE3VF58-GI7G5-9CUYEMIXSR5V34IV HTTP/1.1" 404 1181 "-" "Cpanel-HTTP-Client/1.0"
116.202.116.111 - - [04/Feb/2025:23:38:55 +0100] "GET /new/ HTTP/1.1" 200 10256 "-" "Mozilla/5.0 (Macintosh; Intel Mac OS X 12_5) AppleWebKit/537.36 (KHTML, like Gecko) Chrome/114.0.0.0 Safari/537.36"
116.202.116.111 - - [04/Feb/2025:23:38:57 +0100] "GET /?q=node/add HTTP/1.1" 200 1010 "http://www.nosza.hu/new/" "Mozilla/5.0 (Macintosh; Intel Mac OS X 12_5) AppleWebKit/537.36 (KHTML, like Gecko) Chrome/114.0.0.0 Safari/537.36"
95.26.253.253 - - [04/Feb/2025:23:41:45 +0100] "GET /new/ HTTP/1.0" 200 10243 "http://www.nosza.hu/new/" "Mozilla/5.0 (Windows NT 10.0; Win64; x64) AppleWebKit/537.36 (KHTML, like Gecko) Chrome/131.0.0.0 Safari/537.36 Avast/131.0.0.0"
4.227.36.119 - - [04/Feb/2025:23:52:02 +0100] "GET /robots.txt HTTP/1.1" 404 1181 "-" "Mozilla/5.0 AppleWebKit/537.36 (KHTML, like Gecko; compatible; GPTBot/1.2; +https://openai.com/gptbot)"
20.171.207.160 - - [04/Feb/2025:23:52:46 +0100] "GET /skoric.dbk.pdf HTTP/1.1" 200 232591 "-" "Mozilla/5.0 AppleWebKit/537.36 (KHTML, like Gecko; compatible; GPTBot/1.2; +https://openai.com/gptbot)"
20.171.207.160 - - [04/Feb/2025:23:52:49 +0100] "GET /nizak-peterfi.dbk.pdf HTTP/1.1" 200 156101 "-" "Mozilla/5.0 AppleWebKit/537.36 (KHTML, like Gecko; compatible; GPTBot/1.2; +https://openai.com/gptbot)"
185.191.171.12 - - [04/Feb/2025:23:59:50 +0100] "GET /robots.txt HTTP/1.1" 404 1181 "-" "Mozilla/5.0 (compatible; SemrushBot/7~bl; +http://www.semrush.com/bot.html)"
185.191.171.10 - - [04/Feb/2025:23:59:51 +0100] "GET /halozatok/kerekasztal/memo5/index.html HTTP/1.1" 200 11742 "-" "Mozilla/5.0 (compatible; SemrushBot/7~bl; +http://www.semrush.com/bot.html)"
45.144.28.61 - - [05/Feb/2025:00:20:00 +0100] "POST / HTTP/1.1" 405 1174 "https://www.google.com" "Mozilla/5.0 (Windows NT 10.0; Win64; x64) AppleWebKit/537.36 (KHTML, like Gecko) Chrome/77.0.3865.90 Safari/537.36"
37.59.21.100 - - [05/Feb/2025:00:40:21 +0100] "GET /new/rss.xml HTTP/1.1" 200 15715 "-" "Mozilla/5.0 (X11; Linux i686) AppleWebKit/537.36 (KHTML, like Gecko) Chrome/30.0.1599.66 Safari/537.36"
54.36.149.76 - - [05/Feb/2025:01:39:52 +0100] "GET /robots.txt HTTP/1.1" 404 1181 "-" "Mozilla/5.0 (compatible; AhrefsBot/7.0; +http://ahrefs.com/robot/)"
66.249.66.37 - - [05/Feb/2025:02:04:49 +0100] "GET /graphics/galas.gif HTTP/1.1" 304 - "-" "Googlebot-Image/1.0"
66.249.66.66 - - [05/Feb/2025:02:07:59 +0100] "GET /robots.txt HTTP/1.1" 404 1181 "-" "Mozilla/5.0 (compatible; Googlebot/2.1; +http://www.google.com/bot.html)"
66.249.66.68 - - [05/Feb/2025:02:08:00 +0100] "GET / HTTP/1.1" 200 1010 "-" "Mozilla/5.0 (Linux; Android 6.0.1; Nexus 5X Build/MMB29P) AppleWebKit/537.36 (KHTML, like Gecko) Chrome/132.0.6834.159 Mobile Safari/537.36 (compatible; Googlebot/2.1; +http://www.google.com/bot.html)"
66.249.66.37 - - [05/Feb/2025:02:21:12 +0100] "GET /new/ HTTP/1.1" 200 10256 "http://nosza.hu/" "Mozilla/5.0 (Linux; Android 6.0.1; Nexus 5X Build/MMB29P) AppleWebKit/537.36 (KHTML, like Gecko) Chrome/131.0.6778.204 Mobile Safari/537.36 (compatible; Googlebot/2.1; +http://www.google.com/bot.html)"
54.36.148.219 - - [05/Feb/2025:02:21:12 +0100] "GET /new/ HTTP/1.1" 200 10256 "-" "Mozilla/5.0 (compatible; AhrefsBot/7.0; +http://ahrefs.com/robot/)"
66.249.66.35 - - [05/Feb/2025:02:21:14 +0100] "GET /new/sites/default/themes/nosza/css/nosza.css?l HTTP/1.1" 200 10555 "http://www.nosza.hu/new/" "Mozilla/5.0 (Linux; Android 6.0.1; Nexus 5X Build/MMB29P) AppleWebKit/537.36 (KHTML, like Gecko) Chrome/131.0.6778.204 Mobile Safari/537.36 (compatible; Googlebot/2.1; +http://www.google.com/bot.html)"
66.249.66.35 - - [05/Feb/2025:02:21:17 +0100] "GET /new/sites/all/modules/cck/modules/fieldgroup/fieldgroup.css?l HTTP/1.1" 200 166 "http://www.nosza.hu/new/" "Mozilla/5.0 (Linux; Android 6.0.1; Nexus 5X Build/MMB29P) AppleWebKit/537.36 (KHTML, like Gecko) Chrome/131.0.6778.204 Mobile Safari/537.36 (compatible; Googlebot/2.1; +http://www.google.com/bot.html)"
66.249.66.35 - - [05/Feb/2025:02:21:19 +0100] "GET /new/modules/user/user.css?l HTTP/1.1" 200 1127 "http://www.nosza.hu/new/" "Mozilla/5.0 (Linux; Android 6.0.1; Nexus 5X Build/MMB29P) AppleWebKit/537.36 (KHTML, like Gecko) Chrome/131.0.6778.204 Mobile Safari/537.36 (compatible; Googlebot/2.1; +http://www.google.com/bot.html)"
107.151.252.55 - - [05/Feb/2025:02:25:53 +0100] "GET /new/ HTTP/1.1" 200 10256 "-" "Mozilla/5.0 (Macintosh; U; Intel Mac OS X 10_6_5; en-US) AppleWebKit/534.13 (KHTML, like Gecko) Chrome/9.0.597.15 Safari/534.13"
91.233.21.70 - - [05/Feb/2025:02:37:57 +0100] "GET /.well-known/acme-challenge/YUDFYVRH27W77S6PE9O0LNEPYR3ZXZGX HTTP/1.1" 404 1181 "-" "Cpanel-HTTP-Client/1.0"
91.233.21.70 - - [05/Feb/2025:02:37:57 +0100] "GET /.well-known/acme-challenge/HCO0NO8BL4XUNCMTMHSL8FL96SU7VK4M HTTP/1.1" 404 1181 "-" "Cpanel-HTTP-Client/1.0"
94.25.175.174 - - [05/Feb/2025:02:38:51 +0100] "GET /new/ HTTP/1.1" 200 10256 "-" "Mozilla/5.0 (Windows NT 10.0; Win64; x64) AppleWebKit/537.36 (KHTML, like Gecko) Chrome/114.0.0.0 Safari/537.36 Vivaldi/5.3.2679.68"
94.25.175.174 - - [05/Feb/2025:02:38:53 +0100] "GET /new/projektek/Menedzsment%20tr%C3%A9ning HTTP/1.1" 200 9363 "http://www.nosza.hu/new/" "Mozilla/5.0 (Windows NT 10.0; Win64; x64) AppleWebKit/537.36 (KHTML, like Gecko) Chrome/114.0.0.0 Safari/537.36 Vivaldi/5.3.2679.68"
23.176.184.61 - - [05/Feb/2025:02:42:25 +0100] "GET /.git/config HTTP/1.1" 404 1181 "-" "Mozilla/5.0 (Macintosh; Intel Mac OS X 10_12_3) AppleWebKit/537.36 (KHTML, like Gecko) Chrome/56.0.2924.87 Safari/537.36"
94.25.175.174 - - [05/Feb/2025:02:47:13 +0100] "GET /new/ HTTP/1.1" 200 10256 "-" "Mozilla/5.0 (Macintosh; Intel Mac OS X 12_5) AppleWebKit/537.36 (KHTML, like Gecko) Chrome/114.0.0.0 YaBrowser/22.7.0 Yowser/2.5 Safari/537.36"
94.25.175.174 - - [05/Feb/2025:02:47:14 +0100] "GET /new/projektek/Menedzsment%20tr%C3%A9ning HTTP/1.1" 200 9363 "http://www.nosza.hu/new/" "Mozilla/5.0 (Macintosh; Intel Mac OS X 12_5) AppleWebKit/537.36 (KHTML, like Gecko) Chrome/114.0.0.0 YaBrowser/22.7.0 Yowser/2.5 Safari/537.36"
185.191.171.3 - - [05/Feb/2025:02:53:12 +0100] "GET /robots.txt HTTP/1.1" 404 1181 "-" "Mozilla/5.0 (compatible; SemrushBot/7~bl; +http://www.semrush.com/bot.html)"
185.191.171.11 - - [05/Feb/2025:02:53:13 +0100] "GET /aktualis/108autopalya/index.html HTTP/1.1" 200 7574 "-" "Mozilla/5.0 (compatible; SemrushBot/7~bl; +http://www.semrush.com/bot.html)"
37.59.21.100 - - [05/Feb/2025:03:18:22 +0100] "GET /new/rss.xml HTTP/1.1" 200 15715 "-" "Mozilla/5.0 (X11; Linux i686) AppleWebKit/537.36 (KHTML, like Gecko) Chrome/30.0.1599.66 Safari/537.36"
95.26.253.253 - - [05/Feb/2025:03:30:37 +0100] "GET /new/ HTTP/1.0" 200 10243 "http://www.nosza.hu/new/" "Mozilla/5.0 (Windows NT 10.0; Win64; x64) AppleWebKit/537.36 (KHTML, like Gecko) Chrome/131.0.0.0 Safari/537.36 Avast/131.0.0.0"
154.21.27.236 - - [05/Feb/2025:03:53:04 +0100] "GET /new/ HTTP/1.1" 200 10256 "-" "Mozilla/5.0 (X11; Ubuntu; Linux i686; rv:114.0) Gecko/20100101 Firefox/114.0"
206.206.120.15 - - [05/Feb/2025:03:53:11 +0100] "GET /?q=node/add HTTP/1.1" 200 1010 "http://www.nosza.hu/new/" "Mozilla/5.0 (X11; Ubuntu; Linux i686; rv:114.0) Gecko/20100101 Firefox/114.0"
154.21.27.217 - - [05/Feb/2025:03:53:11 +0100] "GET /?q=user HTTP/1.1" 200 1010 "http://www.nosza.hu/?q=node/add" "Mozilla/5.0 (X11; Ubuntu; Linux i686; rv:114.0) Gecko/20100101 Firefox/114.0"
95.78.101.109 - - [05/Feb/2025:04:04:03 +0100] "GET /new/ HTTP/1.1" 200 10256 "-" "Mozilla/5.0 (Linux x86_64; rv:114.0) Gecko/20100101 Firefox/114.0"
95.78.101.109 - - [05/Feb/2025:04:04:08 +0100] "GET /?q=node/add HTTP/1.1" 200 1010 "http://www.nosza.hu/new/" "Mozilla/5.0 (Linux x86_64; rv:114.0) Gecko/20100101 Firefox/114.0"
95.78.101.109 - - [05/Feb/2025:04:04:09 +0100] "GET /?q=user HTTP/1.1" 200 1010 "http://www.nosza.hu/?q=node/add" "Mozilla/5.0 (Linux x86_64; rv:114.0) Gecko/20100101 Firefox/114.0"
94.25.175.174 - - [05/Feb/2025:04:05:33 +0100] "GET /new/ HTTP/1.1" 200 10256 "-" "Mozilla/5.0 (Macintosh; Intel Mac OS X 12_5) AppleWebKit/605.1.15 (KHTML, like Gecko) Version/15.4 Safari/605.1.15"
94.25.175.174 - - [05/Feb/2025:04:05:35 +0100] "GET /new/projektek/Menedzsment%20tr%C3%A9ning HTTP/1.1" 200 9363 "http://www.nosza.hu/new/" "Mozilla/5.0 (Macintosh; Intel Mac OS X 12_5) AppleWebKit/605.1.15 (KHTML, like Gecko) Version/15.4 Safari/605.1.15"
185.147.125.23 - - [05/Feb/2025:04:12:25 +0100] "GET / HTTP/1.0" 200 1010 "http://nosza.hu/" "Mozilla/5.0 (Windows NT 10.0; Win64; x64) AppleWebKit/537.36 (KHTML, like Gecko) Chrome/129.0.0.0 Safari/537.36"
94.25.175.174 - - [05/Feb/2025:04:47:28 +0100] "GET /new/ HTTP/1.1" 200 10256 "-" "Mozilla/5.0 (X11; Ubuntu; Linux i686; rv:114.0) Gecko/20100101 Firefox/114.0"
94.25.175.174 - - [05/Feb/2025:04:47:29 +0100] "GET /new/projektek/Menedzsment%20tr%C3%A9ning HTTP/1.1" 200 9363 "http://www.nosza.hu/new/" "Mozilla/5.0 (X11; Ubuntu; Linux i686; rv:114.0) Gecko/20100101 Firefox/114.0"
94.130.161.185 - - [05/Feb/2025:04:56:03 +0100] "GET /new/ HTTP/1.1" 200 10256 "-" "Mozilla/5.0 (Windows NT 10.0; Win64; x64) AppleWebKit/537.36 (KHTML, like Gecko) Chrome/114.0.0.0 Safari/537.36 Vivaldi/5.3.2679.68"
94.130.161.185 - - [05/Feb/2025:04:56:04 +0100] "GET /?q=node/add HTTP/1.1" 200 1010 "http://www.nosza.hu/new/" "Mozilla/5.0 (Windows NT 10.0; Win64; x64) AppleWebKit/537.36 (KHTML, like Gecko) Chrome/114.0.0.0 Safari/537.36 Vivaldi/5.3.2679.68"
85.208.96.197 - - [05/Feb/2025:05:00:38 +0100] "GET /robots.txt HTTP/1.1" 404 1181 "-" "Mozilla/5.0 (compatible; SemrushBot/7~bl; +http://www.semrush.com/bot.html)"
185.191.171.8 - - [05/Feb/2025:05:00:39 +0100] "GET /aktualis/1gyikNCA/palyazat/index.html HTTP/1.1" 200 26866 "-" "Mozilla/5.0 (compatible; SemrushBot/7~bl; +http://www.semrush.com/bot.html)"
66.249.66.37 - - [05/Feb/2025:05:01:51 +0100] "GET /kerekes.dbk.pdf HTTP/1.1" 200 143599 "-" "Mozilla/5.0 (Linux; Android 6.0.1; Nexus 5X Build/MMB29P) AppleWebKit/537.36 (KHTML, like Gecko) Chrome/132.0.6834.159 Mobile Safari/537.36 (compatible; GoogleOther)"
185.31.202.132 - - [05/Feb/2025:05:19:01 +0100] "GET /new/ HTTP/1.1" 200 10256 "-" "Mozilla/5.0 (Macintosh; Intel Mac OS X 12_5) AppleWebKit/537.36 (KHTML, like Gecko) Chrome/114.0.0.0 Safari/537.36 OPR/89.0.4447.51"
185.31.202.132 - - [05/Feb/2025:05:19:43 +0100] "GET /?q=node/add HTTP/1.1" 200 1010 "http://www.nosza.hu/new/" "Mozilla/5.0 (Macintosh; Intel Mac OS X 12_5) AppleWebKit/537.36 (KHTML, like Gecko) Chrome/114.0.0.0 Safari/537.36 OPR/89.0.4447.51"
185.31.202.132 - - [05/Feb/2025:05:19:43 +0100] "GET /?q=node/add HTTP/1.1" 200 1010 "http://www.nosza.hu/new/" "Mozilla/5.0 (Macintosh; Intel Mac OS X 12_5) AppleWebKit/537.36 (KHTML, like Gecko) Chrome/114.0.0.0 Safari/537.36 OPR/89.0.4447.51"
185.31.202.132 - - [05/Feb/2025:05:20:18 +0100] "GET /?q=user HTTP/1.1" 200 1010 "http://www.nosza.hu/?q=node/add" "Mozilla/5.0 (Macintosh; Intel Mac OS X 12_5) AppleWebKit/537.36 (KHTML, like Gecko) Chrome/114.0.0.0 Safari/537.36 OPR/89.0.4447.51"
185.31.202.132 - - [05/Feb/2025:05:20:20 +0100] "GET /?q=user HTTP/1.1" 200 1010 "http://www.nosza.hu/?q=node/add" "Mozilla/5.0 (Macintosh; Intel Mac OS X 12_5) AppleWebKit/537.36 (KHTML, like Gecko) Chrome/114.0.0.0 Safari/537.36 OPR/89.0.4447.51"
93.90.203.18 - - [05/Feb/2025:05:20:56 +0100] "GET /.vscode/sftp.json HTTP/1.1" 404 1181 "-" "Mozilla/5.0 (Windows NT 10.0; Win64; x64) AppleWebKit/537.36 (KHTML, like Gecko) Chrome/87.0.4280.141 Safari/537.36"
93.90.203.18 - - [05/Feb/2025:05:25:30 +0100] "GET /Telerik.Web.UI.WebResource.axd%3Ftype=rau HTTP/1.1" 404 1181 "-" "Mozilla/5.0 (Windows NT 10.0; Win64; x64) AppleWebKit/537.36 (KHTML, like Gecko) Chrome/87.0.4280.141 Safari/537.36"
93.90.203.18 - - [05/Feb/2025:05:27:59 +0100] "GET /sftp-config.json HTTP/1.1" 404 1181 "-" "Mozilla/5.0 (Windows NT 10.0; Win64; x64) AppleWebKit/537.36 (KHTML, like Gecko) Chrome/87.0.4280.141 Safari/537.36"
66.249.66.36 - - [05/Feb/2025:05:31:54 +0100] "GET /new/sites/default/themes/nosza/images/logoHirek_eng.jpg HTTP/1.1" 304 - "-" "Googlebot-Image/1.0"
93.90.203.18 - - [05/Feb/2025:05:31:58 +0100] "GET /main.js HTTP/1.1" 404 1181 "-" "Mozilla/5.0 (Windows NT 10.0; Win64; x64) AppleWebKit/537.36 (KHTML, like Gecko) Chrome/87.0.4280.141 Safari/537.36"
93.90.203.18 - - [05/Feb/2025:05:36:38 +0100] "GET / HTTP/1.1" 200 1010 "-" "Mozilla/5.0 (Windows NT 10.0; Win64; x64) AppleWebKit/537.36 (KHTML, like Gecko) Chrome/87.0.4280.141 Safari/537.36"
91.233.21.70 - - [05/Feb/2025:05:38:02 +0100] "GET /.well-known/acme-challenge/QJHQ640OJZV556OEF1OID_TFW048H-PF HTTP/1.1" 404 1181 "-" "Cpanel-HTTP-Client/1.0"
91.233.21.70 - - [05/Feb/2025:05:38:02 +0100] "GET /.well-known/acme-challenge/IA1J43HWQOQBRC3RRTIE18BKFZ23JTL7 HTTP/1.1" 404 1181 "-" "Cpanel-HTTP-Client/1.0"
93.90.203.18 - - [05/Feb/2025:05:39:16 +0100] "GET /app.js HTTP/1.1" 404 1181 "-" "Mozilla/5.0 (Windows NT 10.0; Win64; x64) AppleWebKit/537.36 (KHTML, like Gecko) Chrome/87.0.4280.141 Safari/537.36"
93.90.203.18 - - [05/Feb/2025:05:41:24 +0100] "GET /index.js HTTP/1.1" 404 1181 "-" "Mozilla/5.0 (Windows NT 10.0; Win64; x64) AppleWebKit/537.36 (KHTML, like Gecko) Chrome/87.0.4280.141 Safari/537.36"
93.90.203.18 - - [05/Feb/2025:05:42:11 +0100] "GET /bundle.js HTTP/1.1" 404 1181 "-" "Mozilla/5.0 (Windows NT 10.0; Win64; x64) AppleWebKit/537.36 (KHTML, like Gecko) Chrome/87.0.4280.141 Safari/537.36"
93.90.203.18 - - [05/Feb/2025:05:43:46 +0100] "GET /global.js HTTP/1.1" 404 1181 "-" "Mozilla/5.0 (Windows NT 10.0; Win64; x64) AppleWebKit/537.36 (KHTML, like Gecko) Chrome/87.0.4280.141 Safari/537.36"
114.119.136.128 - - [05/Feb/2025:05:44:29 +0100] "GET /robots.txt HTTP/1.1" 404 1181 "-" "Mozilla/5.0 (compatible;PetalBot;+https://webmaster.petalsearch.com/site/petalbot)"
66.249.66.37 - - [05/Feb/2025:06:01:51 +0100] "GET /new/sites/default/files/NOSZA%20K%C3%B6zhaszn%C3%BA%20Jelent%C3%A9s%202010.pdf HTTP/1.1" 200 263215 "-" "Mozilla/5.0 (Linux; Android 6.0.1; Nexus 5X Build/MMB29P) AppleWebKit/537.36 (KHTML, like Gecko) Chrome/132.0.6834.159 Mobile Safari/537.36 (compatible; GoogleOther)"
37.59.21.100 - - [05/Feb/2025:06:21:25 +0100] "GET /new/rss.xml HTTP/1.1" 200 15715 "-" "Mozilla/5.0 (X11; Linux i686) AppleWebKit/537.36 (KHTML, like Gecko) Chrome/30.0.1599.66 Safari/537.36"
109.242.75.223 - - [05/Feb/2025:06:27:24 +0100] "GET /galateia.css HTTP/1.1" 200 1717 "http://www.nosza.hu/kutat/REVkutatas/3gazdalkodas/index.html" "Mozilla/5.0 (Macintosh; Intel Mac OS X 10_15_7) AppleWebKit/537.36 (KHTML, like Gecko) Chrome/132.0.0.0 Safari/537.36"
109.242.75.223 - - [05/Feb/2025:06:27:24 +0100] "GET /graphics/noszalogo.gif HTTP/1.1" 200 6797 "http://www.nosza.hu/kutat/REVkutatas/3gazdalkodas/index.html" "Mozilla/5.0 (Macintosh; Intel Mac OS X 10_15_7) AppleWebKit/537.36 (KHTML, like Gecko) Chrome/132.0.0.0 Safari/537.36"
109.242.75.223 - - [05/Feb/2025:06:27:24 +0100] "GET /kutat/REVkutatas/3gazdalkodas/index.html HTTP/1.1" 200 88137 "https://www.google.com/" "Mozilla/5.0 (Macintosh; Intel Mac OS X 10_15_7) AppleWebKit/537.36 (KHTML, like Gecko) Chrome/132.0.0.0 Safari/537.36"
109.242.75.223 - - [05/Feb/2025:06:27:24 +0100] "GET /graphics/galas.gif HTTP/1.1" 200 913 "http://www.nosza.hu/kutat/REVkutatas/3gazdalkodas/index.html" "Mozilla/5.0 (Macintosh; Intel Mac OS X 10_15_7) AppleWebKit/537.36 (KHTML, like Gecko) Chrome/132.0.0.0 Safari/537.36"
109.242.75.223 - - [05/Feb/2025:06:27:24 +0100] "GET /favicon.ico HTTP/1.1" 404 1181 "http://www.nosza.hu/kutat/REVkutatas/3gazdalkodas/index.html" "Mozilla/5.0 (Macintosh; Intel Mac OS X 10_15_7) AppleWebKit/537.36 (KHTML, like Gecko) Chrome/132.0.0.0 Safari/537.36"
94.25.175.174 - - [05/Feb/2025:06:27:58 +0100] "GET /new/ HTTP/1.1" 200 10256 "-" "Mozilla/5.0 (Windows NT 10.0; Win64; x64) AppleWebKit/537.36 (KHTML, like Gecko) Chrome/114.0.0.0 Safari/537.36 OPR/89.0.4447.51"
94.25.175.174 - - [05/Feb/2025:06:27:59 +0100] "GET /new/projektek/Menedzsment%20tr%C3%A9ning HTTP/1.1" 200 9363 "http://www.nosza.hu/new/" "Mozilla/5.0 (Windows NT 10.0; Win64; x64) AppleWebKit/537.36 (KHTML, like Gecko) Chrome/114.0.0.0 Safari/537.36 OPR/89.0.4447.51"
221.196.45.64 - - [05/Feb/2025:06:37:02 +0100] "GET /new/ HTTP/1.1" 200 10256 "-" "Mozilla/5.0 (Windows NT 10.0; WOW64; x64) AppleWebKit/537.36 (KHTML, like Gecko) Chrome/114.0.0.0 Safari/537.36 OPR/89.0.4447.51"
221.196.45.64 - - [05/Feb/2025:06:37:03 +0100] "GET /?q=node/add HTTP/1.1" 200 1010 "http://www.nosza.hu/new/" "Mozilla/5.0 (Windows NT 10.0; WOW64; x64) AppleWebKit/537.36 (KHTML, like Gecko) Chrome/114.0.0.0 Safari/537.36 OPR/89.0.4447.51"
66.249.66.66 - - [05/Feb/2025:07:07:06 +0100] "GET /aktualis/1gyikNCA/szervezet/index.html HTTP/1.1" 304 - "-" "Mozilla/5.0 (Linux; Android 6.0.1; Nexus 5X Build/MMB29P) AppleWebKit/537.36 (KHTML, like Gecko) Chrome/132.0.6834.159 Mobile Safari/537.36 (compatible; Googlebot/2.1; +http://www.google.com/bot.html)"
91.207.183.219 - - [05/Feb/2025:07:14:17 +0100] "GET /new/ HTTP/1.0" 200 10243 "http://www.nosza.hu/new/" "Mozilla/5.0 (Windows NT 10.0; Win64; x64) AppleWebKit/537.36 (KHTML, like Gecko) Chrome/131.0.0.0 Safari/537.36"
221.196.45.64 - - [05/Feb/2025:07:21:58 +0100] "GET /new/ HTTP/1.1" 200 10256 "-" "Mozilla/5.0 (X11; Linux x86_64) AppleWebKit/537.36 (KHTML, like Gecko) Chrome/114.0.0.0 Safari/537.36 Vivaldi/5.3.2679.68"
221.196.45.64 - - [05/Feb/2025:07:21:59 +0100] "GET /?q=node/add HTTP/1.1" 200 1010 "http://www.nosza.hu/new/" "Mozilla/5.0 (X11; Linux x86_64) AppleWebKit/537.36 (KHTML, like Gecko) Chrome/114.0.0.0 Safari/537.36 Vivaldi/5.3.2679.68"
54.36.149.48 - - [05/Feb/2025:07:25:50 +0100] "GET /robots.txt HTTP/1.1" 404 1181 "-" "Mozilla/5.0 (compatible; AhrefsBot/7.0; +http://ahrefs.com/robot/)"
91.207.183.219 - - [05/Feb/2025:07:44:33 +0100] "GET /new/ HTTP/1.0" 200 10243 "http://www.nosza.hu/new/" "Mozilla/5.0 (Windows NT 10.0; Win64; x64) AppleWebKit/537.36 (KHTML, like Gecko) Chrome/130.0.0.0 Safari/537.36"
80.94.95.211 - - [05/Feb/2025:07:47:51 +0100] "GET / HTTP/1.1" 200 1010 "-" "Mozilla/5.0 (Windows NT 6.2) AppleWebKit/537.36 (KHTML, like Gecko) Chrome/32.0.1667.0 Safari/537.36"
4.227.36.103 - - [05/Feb/2025:07:53:38 +0100] "GET /robots.txt HTTP/1.1" 404 1181 "-" "Mozilla/5.0 AppleWebKit/537.36 (KHTML, like Gecko; compatible; GPTBot/1.2; +https://openai.com/gptbot)"
20.171.207.198 - - [05/Feb/2025:07:55:32 +0100] "GET /new/hirek/k%C3%A9pz%C3%A9si-anyag-civil-szerveztek-m%C5%B1k%C3%B6d%C3%A9s%C3%A9nek-t%C3%A1mogat%C3%A1s%C3%A1ra HTTP/1.1" 200 9096 "-" "Mozilla/5.0 AppleWebKit/537.36 (KHTML, like Gecko; compatible; GPTBot/1.2; +https://openai.com/gptbot)"
157.55.39.13 - - [05/Feb/2025:07:58:03 +0100] "GET /new/en/news/henceforth-nosza-association-proud-member-freedom-information-advocates-network-foianet HTTP/1.1" 200 8544 "-" "Mozilla/5.0 AppleWebKit/537.36 (KHTML, like Gecko; compatible; bingbot/2.0; +http://www.bing.com/bingbot.htm) Chrome/116.0.1938.76 Safari/537.36"
20.171.207.198 - - [05/Feb/2025:07:58:21 +0100] "GET / HTTP/1.1" 200 1010 "-" "Mozilla/5.0 AppleWebKit/537.36 (KHTML, like Gecko; compatible; GPTBot/1.2; +https://openai.com/gptbot)"
20.171.207.198 - - [05/Feb/2025:07:58:25 +0100] "GET /new/ HTTP/1.1" 200 10256 "-" "Mozilla/5.0 AppleWebKit/537.36 (KHTML, like Gecko; compatible; GPTBot/1.2; +https://openai.com/gptbot)"
20.171.207.198 - - [05/Feb/2025:07:58:28 +0100] "GET /new/hirek/2010 HTTP/1.1" 200 16790 "-" "Mozilla/5.0 AppleWebKit/537.36 (KHTML, like Gecko; compatible; GPTBot/1.2; +https://openai.com/gptbot)"
20.171.207.198 - - [05/Feb/2025:07:58:30 +0100] "GET /new/hirek/2009 HTTP/1.1" 200 16790 "-" "Mozilla/5.0 AppleWebKit/537.36 (KHTML, like Gecko; compatible; GPTBot/1.2; +https://openai.com/gptbot)"
20.171.207.198 - - [05/Feb/2025:07:58:32 +0100] "GET /new/projektek/Civil%20%C3%BAjs%C3%A1g%C3%ADr%C3%A1s HTTP/1.1" 200 9236 "-" "Mozilla/5.0 AppleWebKit/537.36 (KHTML, like Gecko; compatible; GPTBot/1.2; +https://openai.com/gptbot)"
20.171.207.198 - - [05/Feb/2025:07:58:34 +0100] "GET /new/hirek/2016 HTTP/1.1" 200 16790 "-" "Mozilla/5.0 AppleWebKit/537.36 (KHTML, like Gecko; compatible; GPTBot/1.2; +https://openai.com/gptbot)"
20.171.207.198 - - [05/Feb/2025:07:58:36 +0100] "GET /new/hirek/2013 HTTP/1.1" 200 16790 "-" "Mozilla/5.0 AppleWebKit/537.36 (KHTML, like Gecko; compatible; GPTBot/1.2; +https://openai.com/gptbot)"
20.171.207.198 - - [05/Feb/2025:07:58:38 +0100] "GET /new/hirek/2018 HTTP/1.1" 200 16790 "-" "Mozilla/5.0 AppleWebKit/537.36 (KHTML, like Gecko; compatible; GPTBot/1.2; +https://openai.com/gptbot)"
20.171.207.198 - - [05/Feb/2025:07:58:39 +0100] "GET /new/hirek/2019 HTTP/1.1" 200 16790 "-" "Mozilla/5.0 AppleWebKit/537.36 (KHTML, like Gecko; compatible; GPTBot/1.2; +https://openai.com/gptbot)"
20.171.207.198 - - [05/Feb/2025:07:58:41 +0100] "GET /new/hirek/2014 HTTP/1.1" 200 16790 "-" "Mozilla/5.0 AppleWebKit/537.36 (KHTML, like Gecko; compatible; GPTBot/1.2; +https://openai.com/gptbot)"
87.101.83.105 - - [05/Feb/2025:08:00:04 +0100] "GET /new/ HTTP/1.1" 200 10256 "-" "Mozilla/5.0 (Windows NT 10.0; Win64; x64) AppleWebKit/537.36 (KHTML, like Gecko) Chrome/114.0.0.0 Safari/537.36 Vivaldi/5.3.2679.68"
87.101.83.105 - - [05/Feb/2025:08:00:06 +0100] "GET /?q=node/add HTTP/1.1" 200 1010 "http://www.nosza.hu/new/" "Mozilla/5.0 (Windows NT 10.0; Win64; x64) AppleWebKit/537.36 (KHTML, like Gecko) Chrome/114.0.0.0 Safari/537.36 Vivaldi/5.3.2679.68"
20.171.207.198 - - [05/Feb/2025:08:00:57 +0100] "GET /new/content/indul%C3%B3-projekt-magyar-nonprofit-szektor-t%C3%A1mogat%C3%A1s%C3%A1ra HTTP/1.1" 200 9771 "-" "Mozilla/5.0 AppleWebKit/537.36 (KHTML, like Gecko; compatible; GPTBot/1.2; +https://openai.com/gptbot)"
20.171.207.198 - - [05/Feb/2025:08:01:00 +0100] "GET /new/content/gyakran-ism%C3%A9telt-k%C3%A9rd%C3%A9sek HTTP/1.1" 200 12447 "-" "Mozilla/5.0 AppleWebKit/537.36 (KHTML, like Gecko; compatible; GPTBot/1.2; +https://openai.com/gptbot)"
20.171.207.198 - - [05/Feb/2025:08:01:03 +0100] "GET /new/content/civil-szervezet-%E2%80%93-t%C3%A1rsadalmi-szervezet-%E2%80%93-civil-t%C3%A1rsas%C3%A1g-az-%C3%BAj-civil-t%C3%B6rv%C3%A9ny-fogalmi-%C3%BAj%C3%ADt%C3%A1sai HTTP/1.1" 200 18521 "-" "Mozilla/5.0 AppleWebKit/537.36 (KHTML, like Gecko; compatible; GPTBot/1.2; +https://openai.com/gptbot)"
20.171.207.198 - - [05/Feb/2025:08:01:05 +0100] "GET /new/content/civil-szervezeti-l%C3%A9t-r%C3%A9gi-%C3%A9s-%C3%BAj-kih%C3%ADv%C3%A1sai HTTP/1.1" 200 9213 "-" "Mozilla/5.0 AppleWebKit/537.36 (KHTML, like Gecko; compatible; GPTBot/1.2; +https://openai.com/gptbot)"
20.171.207.198 - - [05/Feb/2025:08:01:07 +0100] "GET /new/content/civil-%C3%BAjs%C3%A1g%C3%ADr%C3%A1ssal-az-%C3%B6nkorm%C3%A1nyzatok-%C3%A1tl%C3%A1that%C3%B3s%C3%A1g%C3%A1%C3%A9rt HTTP/1.1" 403 7484 "-" "Mozilla/5.0 AppleWebKit/537.36 (KHTML, like Gecko; compatible; GPTBot/1.2; +https://openai.com/gptbot)"
