216.244.66.203 - - [28/Jul/2022:16:41:23 +0200] "GET /pmwiki/pmwiki.php/Main/2004Febru%E1riK%F6sz%F6netLengyelorsz%E1gnak HTTP/1.1" 200 15642 "-" "Mozilla/5.0 (compatible; DotBot/1.2; +https://opensiteexplorer.org/dotbot; help@moz.com)"
185.191.171.18 - - [28/Jul/2022:16:45:19 +0200] "GET /pmwiki/pmwiki.php/Main/JuriHPOEloterjesztes?action=upload HTTP/1.1" 200 12470 "-" "Mozilla/5.0 (compatible; SemrushBot/7~bl; +http://www.semrush.com/bot.html)"
185.191.171.41 - - [28/Jul/2022:16:51:43 +0200] "GET /pmwiki/pmwiki.php/Main/2005J%FAniusEKTBBesz%E1mol%F3 HTTP/1.1" 200 18393 "-" "Mozilla/5.0 (compatible; SemrushBot/7~bl; +http://www.semrush.com/bot.html)"
212.237.51.151 - - [28/Jul/2022:17:04:32 +0200] "HEAD /pmwiki/pmwiki.php HTTP/1.1" 200 0 "-" "Alert_Alligator_webmonitoring_service_1.6.4_(alertalligator.com)"
185.191.171.2 - - [28/Jul/2022:17:10:24 +0200] "GET /pmwiki/pmwiki.php/Main/ADRMH%E1tr%E1nyai HTTP/1.1" 200 14752 "-" "Mozilla/5.0 (compatible; SemrushBot/7~bl; +http://www.semrush.com/bot.html)"
66.249.70.110 - - [28/Jul/2022:17:19:18 +0200] "GET /robots.txt HTTP/1.1" 404 1181 "-" "Mozilla/5.0 (compatible; Googlebot/2.1; +http://www.google.com/bot.html)"
66.249.70.108 - - [28/Jul/2022:17:19:19 +0200] "GET /pmwiki/pmwiki.php/Main/HeringgelMegval%F3s%EDtottTal%E1lm%E1nyok HTTP/1.1" 200 18448 "-" "Mozilla/5.0 (Linux; Android 6.0.1; Nexus 5X Build/MMB29P) AppleWebKit/537.36 (KHTML, like Gecko) Chrome/103.0.5060.114 Mobile Safari/537.36 (compatible; Googlebot/2.1; +http://www.google.com/bot.html)"
185.191.171.10 - - [28/Jul/2022:17:38:13 +0200] "GET /robots.txt HTTP/1.1" 404 1181 "-" "Mozilla/5.0 (compatible; SemrushBot/7~bl; +http://www.semrush.com/bot.html)"
185.191.171.33 - - [28/Jul/2022:17:38:13 +0200] "GET /pmwiki/pmwiki.php/Main/NoSoftwarePatents?action=diff HTTP/1.1" 200 13447 "-" "Mozilla/5.0 (compatible; SemrushBot/7~bl; +http://www.semrush.com/bot.html)"
185.191.171.9 - - [28/Jul/2022:17:48:47 +0200] "GET /pmwiki/pmwiki.php/Main/C%E9lok?action=print HTTP/1.1" 200 3154 "-" "Mozilla/5.0 (compatible; SemrushBot/7~bl; +http://www.semrush.com/bot.html)"
77.88.5.173 - - [28/Jul/2022:17:51:21 +0200] "GET /robots.txt HTTP/1.1" 404 1181 "-" "Mozilla/5.0 (compatible; YandexBot/3.0; +http://yandex.com/bots)"
77.88.5.49 - - [28/Jul/2022:17:51:25 +0200] "GET /pmwiki/pmwiki.php/Main/CikkekPrivacy?action=print HTTP/1.1" 200 2887 "-" "Mozilla/5.0 (compatible; YandexBot/3.0; +http://yandex.com/bots)"
185.191.171.8 - - [28/Jul/2022:17:54:10 +0200] "GET /pmwiki/pmwiki.php/Main/ATan%E1cs%C9rdembenT%E1rgyalhatASzoftverszabadalmiDirekt%EDv%E1r%F3l?action=upload HTTP/1.1" 200 13214 "-" "Mozilla/5.0 (compatible; SemrushBot/7~bl; +http://www.semrush.com/bot.html)"
212.237.51.151 - - [28/Jul/2022:17:54:42 +0200] "HEAD /pmwiki/pmwiki.php HTTP/1.1" 200 0 "-" "Alert_Alligator_webmonitoring_service_1.6.4_(alertalligator.com)"
185.191.171.23 - - [28/Jul/2022:18:04:14 +0200] "GET /pmwiki/pmwiki.php/Main/JuriEktbEloterjesztes?action=print HTTP/1.1" 200 8128 "-" "Mozilla/5.0 (compatible; SemrushBot/7~bl; +http://www.semrush.com/bot.html)"
54.36.149.6 - - [28/Jul/2022:18:11:55 +0200] "GET /pmwiki/pmwiki.php/Main/C%E9lok HTTP/1.1" 200 12698 "-" "Mozilla/5.0 (compatible; AhrefsBot/7.0; +http://ahrefs.com/robot/)"
185.191.171.40 - - [28/Jul/2022:18:32:13 +0200] "GET /pmwiki/pmwiki.php/Main/ABundestagT%E1mogatjaAzEur%F3paiParlamentet?action=upload HTTP/1.1" 200 12834 "-" "Mozilla/5.0 (compatible; SemrushBot/7~bl; +http://www.semrush.com/bot.html)"
157.90.209.78 - - [28/Jul/2022:18:40:00 +0200] "GET /robots.txt HTTP/1.1" 404 1181 "-" "Mozilla/5.0 (compatible; BLEXBot/1.0; +http://webmeup-crawler.com/)"
157.90.209.78 - - [28/Jul/2022:18:40:03 +0200] "GET /sitemap HTTP/1.1" 404 1181 "-" "Mozilla/5.0 (compatible; BLEXBot/1.0; +http://webmeup-crawler.com/)"
157.90.209.78 - - [28/Jul/2022:18:40:07 +0200] "GET /sitemap.txt HTTP/1.1" 404 1181 "-" "Mozilla/5.0 (compatible; BLEXBot/1.0; +http://webmeup-crawler.com/)"
49.12.13.109 - - [28/Jul/2022:18:54:16 +0200] "HEAD /pmwiki/pmwiki.php HTTP/1.1" 200 0 "-" "Alert_Alligator_webmonitoring_service_1.6.3_(alertalligator.com)"
66.249.70.110 - - [28/Jul/2022:19:27:42 +0200] "GET /pmwiki/pmwiki.php/PmWiki/FAQ HTTP/1.1" 200 23861 "-" "Mozilla/5.0 (Linux; Android 6.0.1; Nexus 5X Build/MMB29P) AppleWebKit/537.36 (KHTML, like Gecko) Chrome/103.0.5060.114 Mobile Safari/537.36 (compatible; Googlebot/2.1; +http://www.google.com/bot.html)"
66.249.70.108 - - [28/Jul/2022:19:27:43 +0200] "GET /pmwiki/pub/skins/gila/gila.css HTTP/1.1" 200 8887 "http://swpat.zpok.hu/pmwiki/pmwiki.php/PmWiki/FAQ" "Mozilla/5.0 (Linux; Android 6.0.1; Nexus 5X Build/MMB29P) AppleWebKit/537.36 (KHTML, like Gecko) Chrome/103.0.5060.114 Mobile Safari/537.36 (compatible; Googlebot/2.1; +http://www.google.com/bot.html)"
54.36.148.18 - - [28/Jul/2022:19:49:45 +0200] "GET /pmwiki/pmwiki.php/Main/Google?action=edit HTTP/1.1" 200 12366 "-" "Mozilla/5.0 (compatible; AhrefsBot/7.0; +http://ahrefs.com/robot/)"
212.237.23.143 - - [28/Jul/2022:19:58:10 +0200] "HEAD /pmwiki/pmwiki.php HTTP/1.1" 200 0 "-" "Alert_Alligator_webmonitoring_service_1.6.4_(alertalligator.com)"
185.191.171.5 - - [28/Jul/2022:20:30:08 +0200] "GET /robots.txt HTTP/1.1" 404 1181 "-" "Mozilla/5.0 (compatible; SemrushBot/7~bl; +http://www.semrush.com/bot.html)"
185.191.171.1 - - [28/Jul/2022:20:30:09 +0200] "GET /pmwiki/pmwiki.php/Main/C%E9lok?action=diff HTTP/1.1" 200 23024 "-" "Mozilla/5.0 (compatible; SemrushBot/7~bl; +http://www.semrush.com/bot.html)"
49.12.13.109 - - [28/Jul/2022:20:35:05 +0200] "HEAD /pmwiki/pmwiki.php HTTP/1.1" 200 0 "-" "Alert_Alligator_webmonitoring_service_1.6.4_(alertalligator.com)"
54.36.149.40 - - [28/Jul/2022:20:45:33 +0200] "GET /pmwiki/pmwiki.php/Main/AJelenlegiSzerzoiJogiTorveny?action=upload HTTP/1.1" 200 12598 "-" "Mozilla/5.0 (compatible; AhrefsBot/7.0; +http://ahrefs.com/robot/)"
185.191.171.39 - - [28/Jul/2022:21:16:00 +0200] "GET /pmwiki/pmwiki.php/Main/2003M%E1jusBr%FCsszeliT%FAra?action=print HTTP/1.1" 200 3337 "-" "Mozilla/5.0 (compatible; SemrushBot/7~bl; +http://www.semrush.com/bot.html)"
54.36.148.95 - - [28/Jul/2022:21:36:23 +0200] "GET /pmwiki/pmwiki.php/Main/Tud%E1smonop%F3lium?action=edit HTTP/1.1" 200 12566 "-" "Mozilla/5.0 (compatible; AhrefsBot/7.0; +http://ahrefs.com/robot/)"
212.237.53.115 - - [28/Jul/2022:21:38:21 +0200] "HEAD /pmwiki/pmwiki.php HTTP/1.1" 200 0 "-" "Alert_Alligator_webmonitoring_service_1.6.4_(alertalligator.com)"
185.191.171.21 - - [28/Jul/2022:22:06:59 +0200] "GET /robots.txt HTTP/1.1" 404 1181 "-" "Mozilla/5.0 (compatible; SemrushBot/7~bl; +http://www.semrush.com/bot.html)"
185.191.171.44 - - [28/Jul/2022:22:07:00 +0200] "GET /pmwiki/pmwiki.php/Main/2004Augusztus5?action=print HTTP/1.1" 200 5461 "-" "Mozilla/5.0 (compatible; SemrushBot/7~bl; +http://www.semrush.com/bot.html)"
185.191.171.17 - - [28/Jul/2022:22:08:58 +0200] "GET /pmwiki/pmwiki.php/Main/2005M%E1rciusiNyilatkozat?action=diff HTTP/1.1" 200 16519 "-" "Mozilla/5.0 (compatible; SemrushBot/7~bl; +http://www.semrush.com/bot.html)"
114.119.152.60 - - [28/Jul/2022:22:14:39 +0200] "GET /robots.txt HTTP/1.1" 404 1181 "-" "Mozilla/5.0 (compatible;PetalBot;+https://webmaster.petalsearch.com/site/petalbot)"
54.36.148.83 - - [28/Jul/2022:22:16:14 +0200] "GET /pmwiki/pmwiki.php/Main/AJelenlegiSzerzoiJogiTorveny?action=diff HTTP/1.1" 200 35610 "-" "Mozilla/5.0 (compatible; AhrefsBot/7.0; +http://ahrefs.com/robot/)"
49.12.13.109 - - [28/Jul/2022:22:37:42 +0200] "HEAD /pmwiki/pmwiki.php HTTP/1.1" 200 0 "-" "Alert_Alligator_webmonitoring_service_1.6.3_(alertalligator.com)"
54.36.148.171 - - [28/Jul/2022:23:01:10 +0200] "GET /pmwiki/pmwiki.php/Main/AJelenlegiSzerzoiJogiTorveny?action=edit HTTP/1.1" 200 12718 "-" "Mozilla/5.0 (compatible; AhrefsBot/7.0; +http://ahrefs.com/robot/)"
49.12.13.109 - - [28/Jul/2022:23:36:57 +0200] "HEAD /pmwiki/pmwiki.php HTTP/1.1" 200 0 "-" "Alert_Alligator_webmonitoring_service_1.6.3_(alertalligator.com)"
185.191.171.20 - - [28/Jul/2022:23:47:28 +0200] "GET /robots.txt HTTP/1.1" 404 1181 "-" "Mozilla/5.0 (compatible; SemrushBot/7~bl; +http://www.semrush.com/bot.html)"
185.191.171.1 - - [28/Jul/2022:23:47:29 +0200] "GET /pmwiki/pmwiki.php/Main/CenZored?action=diff HTTP/1.1" 200 16528 "-" "Mozilla/5.0 (compatible; SemrushBot/7~bl; +http://www.semrush.com/bot.html)"
54.36.148.68 - - [28/Jul/2022:23:51:03 +0200] "GET /pmwiki/pmwiki.php/Main/AJelenlegiSzerzoiJogiTorveny?action=print HTTP/1.1" 200 8868 "-" "Mozilla/5.0 (compatible; AhrefsBot/7.0; +http://ahrefs.com/robot/)"
216.244.66.203 - - [28/Jul/2022:23:59:59 +0200] "GET /robots.txt HTTP/1.1" 404 1181 "-" "Mozilla/5.0 (compatible; DotBot/1.2; +https://opensiteexplorer.org/dotbot; help@moz.com)"
216.244.66.203 - - [29/Jul/2022:00:13:46 +0200] "GET /pmwiki/pmwiki.php/PmWiki/PmWiki?action=print HTTP/1.1" 200 106902 "-" "Mozilla/5.0 (compatible; DotBot/1.2; +https://opensiteexplorer.org/dotbot; help@moz.com)"
216.244.66.203 - - [29/Jul/2022:00:20:44 +0200] "GET /pmwiki/pmwiki.php/PmWiki/FAQ?action=diff HTTP/1.1" 200 12749 "-" "Mozilla/5.0 (compatible; DotBot/1.2; +https://opensiteexplorer.org/dotbot; help@moz.com)"
216.244.66.203 - - [29/Jul/2022:00:21:22 +0200] "GET /pmwiki/pmwiki.php/PmWiki/ChangeLog?action=upload HTTP/1.1" 200 12331 "-" "Mozilla/5.0 (compatible; DotBot/1.2; +https://opensiteexplorer.org/dotbot; help@moz.com)"
216.244.66.203 - - [29/Jul/2022:00:24:19 +0200] "GET /pmwiki/pmwiki.php/Main/2005J%FAnius?action=upload HTTP/1.1" 200 12338 "-" "Mozilla/5.0 (compatible; DotBot/1.2; +https://opensiteexplorer.org/dotbot; help@moz.com)"
216.244.66.203 - - [29/Jul/2022:00:24:36 +0200] "GET /pmwiki/pmwiki.php/PmWiki/WikiUsers?action=edit HTTP/1.1" 200 12448 "-" "Mozilla/5.0 (compatible; DotBot/1.2; +https://opensiteexplorer.org/dotbot; help@moz.com)"
216.244.66.203 - - [29/Jul/2022:00:25:02 +0200] "GET /pmwiki/pmwiki.php/Main/Damokl%E9szKardjaLebegAMagyarSzoftveriparFelett?action=edit HTTP/1.1" 200 13018 "-" "Mozilla/5.0 (compatible; DotBot/1.2; +https://opensiteexplorer.org/dotbot; help@moz.com)"
216.244.66.203 - - [29/Jul/2022:00:25:15 +0200] "GET /pmwiki/pmwiki.php/Main/NoSoftwarePatents?action=upload HTTP/1.1" 200 12426 "-" "Mozilla/5.0 (compatible; DotBot/1.2; +https://opensiteexplorer.org/dotbot; help@moz.com)"
216.244.66.203 - - [29/Jul/2022:00:25:38 +0200] "GET /pmwiki/pmwiki.php/PmWiki/Security?action=upload HTTP/1.1" 200 12317 "-" "Mozilla/5.0 (compatible; DotBot/1.2; +https://opensiteexplorer.org/dotbot; help@moz.com)"
216.244.66.203 - - [29/Jul/2022:00:26:13 +0200] "GET /pmwiki/pmwiki.php/Main/2004Augusztus15?action=diff HTTP/1.1" 200 12923 "-" "Mozilla/5.0 (compatible; DotBot/1.2; +https://opensiteexplorer.org/dotbot; help@moz.com)"
216.244.66.203 - - [29/Jul/2022:00:28:17 +0200] "GET /pmwiki/pmwiki.php/Main/Power?action=upload&upname=wiki.png HTTP/1.1" 200 12250 "-" "Mozilla/5.0 (compatible; DotBot/1.2; +https://opensiteexplorer.org/dotbot; help@moz.com)"
216.244.66.203 - - [29/Jul/2022:00:28:26 +0200] "GET /pmwiki/pmwiki.php/PmWiki/MailingLists?action=upload&upname=wiki.png HTTP/1.1" 200 12395 "-" "Mozilla/5.0 (compatible; DotBot/1.2; +https://opensiteexplorer.org/dotbot; help@moz.com)"
66.249.70.110 - - [29/Jul/2022:00:28:49 +0200] "GET /pmwiki/pmwiki.php/Main/Direkt%EDva HTTP/1.1" 200 20621 "-" "Mozilla/5.0 (Linux; Android 6.0.1; Nexus 5X Build/MMB29P) AppleWebKit/537.36 (KHTML, like Gecko) Chrome/103.0.5060.134 Mobile Safari/537.36 (compatible; Googlebot/2.1; +http://www.google.com/bot.html)"
66.249.70.108 - - [29/Jul/2022:00:28:50 +0200] "GET /pmwiki/pub/skins/gila/gila.css HTTP/1.1" 200 8887 "http://swpat.zpok.hu/pmwiki/pmwiki.php/Main/Direkt%EDva" "Mozilla/5.0 (Linux; Android 6.0.1; Nexus 5X Build/MMB29P) AppleWebKit/537.36 (KHTML, like Gecko) Chrome/103.0.5060.134 Mobile Safari/537.36 (compatible; Googlebot/2.1; +http://www.google.com/bot.html)"
54.36.148.32 - - [29/Jul/2022:00:33:16 +0200] "GET /pmwiki/pmwiki.php/Main/WikiSandbox?action=edit HTTP/1.1" 200 12446 "-" "Mozilla/5.0 (compatible; AhrefsBot/7.0; +http://ahrefs.com/robot/)"
212.237.53.115 - - [29/Jul/2022:00:42:02 +0200] "HEAD /pmwiki/pmwiki.php HTTP/1.1" 200 0 "-" "Alert_Alligator_webmonitoring_service_1.6.4_(alertalligator.com)"
216.244.66.203 - - [29/Jul/2022:00:57:24 +0200] "GET /robots.txt HTTP/1.1" 404 1181 "-" "Mozilla/5.0 (compatible; DotBot/1.2; +https://opensiteexplorer.org/dotbot; help@moz.com)"
216.244.66.203 - - [29/Jul/2022:01:09:51 +0200] "GET /pmwiki/pmwiki.php/PmWiki/PmWiki?action=diff HTTP/1.1" 200 277603 "-" "Mozilla/5.0 (compatible; DotBot/1.2; +https://opensiteexplorer.org/dotbot; help@moz.com)"
216.244.66.203 - - [29/Jul/2022:01:12:04 +0200] "GET /pmwiki/pmwiki.php/Main/DRM?action=upload&upname=wiki.png HTTP/1.1" 200 12214 "-" "Mozilla/5.0 (compatible; DotBot/1.2; +https://opensiteexplorer.org/dotbot; help@moz.com)"
216.244.66.203 - - [29/Jul/2022:01:15:13 +0200] "GET /pmwiki/pmwiki.php/Main/CikkekPrivacy?action=edit HTTP/1.1" 200 12480 "-" "Mozilla/5.0 (compatible; DotBot/1.2; +https://opensiteexplorer.org/dotbot; help@moz.com)"
216.244.66.203 - - [29/Jul/2022:01:16:26 +0200] "GET /pmwiki/pmwiki.php/Main/TelefononFaxon?action=edit HTTP/1.1" 200 12494 "-" "Mozilla/5.0 (compatible; DotBot/1.2; +https://opensiteexplorer.org/dotbot; help@moz.com)"
216.244.66.203 - - [29/Jul/2022:01:16:58 +0200] "GET /pmwiki/pmwiki.php/PmWiki/Installation?action=diff HTTP/1.1" 200 12910 "-" "Mozilla/5.0 (compatible; DotBot/1.2; +https://opensiteexplorer.org/dotbot; help@moz.com)"
216.244.66.203 - - [29/Jul/2022:01:21:14 +0200] "GET /pmwiki/pmwiki.php/PmWiki/RecentChanges?action=upload HTTP/1.1" 200 12392 "-" "Mozilla/5.0 (compatible; DotBot/1.2; +https://opensiteexplorer.org/dotbot; help@moz.com)"
216.244.66.203 - - [29/Jul/2022:01:21:52 +0200] "GET /pmwiki/pmwiki.php/Profiles/FMCikk?action=diff HTTP/1.1" 200 12837 "-" "Mozilla/5.0 (compatible; DotBot/1.2; +https://opensiteexplorer.org/dotbot; help@moz.com)"
216.244.66.203 - - [29/Jul/2022:01:22:28 +0200] "GET /pmwiki/pmwiki.php/Main/C?action=upload HTTP/1.1" 200 12166 "-" "Mozilla/5.0 (compatible; DotBot/1.2; +https://opensiteexplorer.org/dotbot; help@moz.com)"
54.36.148.188 - - [29/Jul/2022:01:26:58 +0200] "GET /robots.txt HTTP/1.1" 404 1181 "-" "Mozilla/5.0 (compatible; AhrefsBot/7.0; +http://ahrefs.com/robot/)"
54.36.149.89 - - [29/Jul/2022:01:26:59 +0200] "GET /pmwiki/pmwiki.php/PmWiki/TextFormattingRules HTTP/1.1" 200 21329 "-" "Mozilla/5.0 (compatible; AhrefsBot/7.0; +http://ahrefs.com/robot/)"
49.12.13.109 - - [29/Jul/2022:01:41:06 +0200] "HEAD /pmwiki/pmwiki.php HTTP/1.1" 200 0 "-" "Alert_Alligator_webmonitoring_service_1.6.3_(alertalligator.com)"
216.244.66.203 - - [29/Jul/2022:01:48:15 +0200] "GET /robots.txt HTTP/1.1" 404 1181 "-" "Mozilla/5.0 (compatible; DotBot/1.2; +https://opensiteexplorer.org/dotbot; help@moz.com)"
216.244.66.203 - - [29/Jul/2022:01:58:01 +0200] "GET /pmwiki/pmwiki.php/PmWiki/CustomInterMap HTTP/1.1" 200 14187 "-" "Mozilla/5.0 (compatible; DotBot/1.2; +https://opensiteexplorer.org/dotbot; help@moz.com)"
216.244.66.203 - - [29/Jul/2022:01:58:08 +0200] "GET /pmwiki/pmwiki.php/PmWiki/SpecialMarkups HTTP/1.1" 200 16284 "-" "Mozilla/5.0 (compatible; DotBot/1.2; +https://opensiteexplorer.org/dotbot; help@moz.com)"
216.244.66.203 - - [29/Jul/2022:02:01:49 +0200] "GET /pmwiki/pmwiki.php/Main/Telefonon?action=edit HTTP/1.1" 200 12414 "-" "Mozilla/5.0 (compatible; DotBot/1.2; +https://opensiteexplorer.org/dotbot; help@moz.com)"
216.244.66.203 - - [29/Jul/2022:02:05:09 +0200] "GET /pmwiki/pmwiki.php/Main/Mintalevel0509?action=upload&upname=wiki.png HTTP/1.1" 200 12390 "-" "Mozilla/5.0 (compatible; DotBot/1.2; +https://opensiteexplorer.org/dotbot; help@moz.com)"
66.249.70.112 - - [29/Jul/2022:02:06:27 +0200] "GET /pmwiki/pmwiki.php/Main/H%EDrek HTTP/1.1" 200 15050 "-" "Mozilla/5.0 (Linux; Android 6.0.1; Nexus 5X Build/MMB29P) AppleWebKit/537.36 (KHTML, like Gecko) Chrome/103.0.5060.134 Mobile Safari/537.36 (compatible; Googlebot/2.1; +http://www.google.com/bot.html)"
66.249.70.108 - - [29/Jul/2022:02:06:28 +0200] "GET /pmwiki/pub/skins/gila/gila.css HTTP/1.1" 200 8887 "http://swpat.zpok.hu/pmwiki/pmwiki.php/Main/H%EDrek" "Mozilla/5.0 (Linux; Android 6.0.1; Nexus 5X Build/MMB29P) AppleWebKit/537.36 (KHTML, like Gecko) Chrome/103.0.5060.134 Mobile Safari/537.36 (compatible; Googlebot/2.1; +http://www.google.com/bot.html)"
216.244.66.203 - - [29/Jul/2022:02:07:00 +0200] "GET /pmwiki/pmwiki.php/Main/Virsligy%E1r?action=upload&upname=wiki.png HTTP/1.1" 200 12358 "-" "Mozilla/5.0 (compatible; DotBot/1.2; +https://opensiteexplorer.org/dotbot; help@moz.com)"
216.244.66.203 - - [29/Jul/2022:02:07:12 +0200] "GET /pmwiki/pmwiki.php/PmWiki/ReleaseNotes?action=upload HTTP/1.1" 200 12379 "-" "Mozilla/5.0 (compatible; DotBot/1.2; +https://opensiteexplorer.org/dotbot; help@moz.com)"
216.244.66.203 - - [29/Jul/2022:02:08:03 +0200] "GET /pmwiki/pmwiki.php/PmWiki/WikiTrails?action=print HTTP/1.1" 200 5691 "-" "Mozilla/5.0 (compatible; DotBot/1.2; +https://opensiteexplorer.org/dotbot; help@moz.com)"
216.244.66.203 - - [29/Jul/2022:02:08:59 +0200] "GET /pmwiki/pmwiki.php/Main/GatesMegzsaroltaD%E1ni%E1t?action=edit HTTP/1.1" 200 12682 "-" "Mozilla/5.0 (compatible; DotBot/1.2; +https://opensiteexplorer.org/dotbot; help@moz.com)"
216.244.66.203 - - [29/Jul/2022:02:09:28 +0200] "GET /pmwiki/pmwiki.php/Main/HarcT%EDzITSzabadalomEllen?action=upload HTTP/1.1" 200 12562 "-" "Mozilla/5.0 (compatible; DotBot/1.2; +https://opensiteexplorer.org/dotbot; help@moz.com)"
216.244.66.203 - - [29/Jul/2022:02:10:00 +0200] "GET /pmwiki/pmwiki.php/PmWiki/EditVariables?action=edit HTTP/1.1" 200 12515 "-" "Mozilla/5.0 (compatible; DotBot/1.2; +https://opensiteexplorer.org/dotbot; help@moz.com)"
216.244.66.203 - - [29/Jul/2022:02:11:03 +0200] "GET /pmwiki/pmwiki.php/PmWiki/WikiAdministrator?action=upload HTTP/1.1" 200 12458 "-" "Mozilla/5.0 (compatible; DotBot/1.2; +https://opensiteexplorer.org/dotbot; help@moz.com)"
216.244.66.203 - - [29/Jul/2022:02:12:54 +0200] "GET /pmwiki/pmwiki.php/PmWiki/CustomMarkup?action=upload&upname=wiki.png HTTP/1.1" 200 12396 "-" "Mozilla/5.0 (compatible; DotBot/1.2; +https://opensiteexplorer.org/dotbot; help@moz.com)"
54.36.149.58 - - [29/Jul/2022:02:16:33 +0200] "GET /pmwiki/pmwiki.php/Main/WikiSandbox?action=upload HTTP/1.1" 200 12326 "-" "Mozilla/5.0 (compatible; AhrefsBot/7.0; +http://ahrefs.com/robot/)"
216.244.66.203 - - [29/Jul/2022:02:40:22 +0200] "GET /robots.txt HTTP/1.1" 404 1181 "-" "Mozilla/5.0 (compatible; DotBot/1.2; +https://opensiteexplorer.org/dotbot; help@moz.com)"
212.237.53.115 - - [29/Jul/2022:02:40:46 +0200] "HEAD /pmwiki/pmwiki.php HTTP/1.1" 200 0 "-" "Alert_Alligator_webmonitoring_service_1.6.4_(alertalligator.com)"
216.244.66.203 - - [29/Jul/2022:02:51:11 +0200] "GET /pmwiki/pmwiki.php/Main/HomePage?action=print HTTP/1.1" 200 27869 "-" "Mozilla/5.0 (compatible; DotBot/1.2; +https://opensiteexplorer.org/dotbot; help@moz.com)"
216.244.66.203 - - [29/Jul/2022:02:51:19 +0200] "GET /pmwiki/pmwiki.php/PmWiki/RefCount HTTP/1.1" 200 14202 "-" "Mozilla/5.0 (compatible; DotBot/1.2; +https://opensiteexplorer.org/dotbot; help@moz.com)"
216.244.66.203 - - [29/Jul/2022:02:52:11 +0200] "GET /pmwiki/pmwiki.php/PmWiki/PmWiki?action=upload HTTP/1.1" 200 12280 "-" "Mozilla/5.0 (compatible; DotBot/1.2; +https://opensiteexplorer.org/dotbot; help@moz.com)"
216.244.66.203 - - [29/Jul/2022:03:04:12 +0200] "GET /pmwiki/pmwiki.php/Main/2005M%E1rciusiNy%EDltLev%E9l?action=diff HTTP/1.1" 200 15621 "-" "Mozilla/5.0 (compatible; DotBot/1.2; +https://opensiteexplorer.org/dotbot; help@moz.com)"
216.244.66.203 - - [29/Jul/2022:03:04:56 +0200] "GET /pmwiki/pmwiki.php/PmWiki/WikiGroups?action=edit HTTP/1.1" 200 12468 "-" "Mozilla/5.0 (compatible; DotBot/1.2; +https://opensiteexplorer.org/dotbot; help@moz.com)"
216.244.66.203 - - [29/Jul/2022:03:05:36 +0200] "GET /pmwiki/pmwiki.php/Profiles/Ed?action=diff HTTP/1.1" 200 12765 "-" "Mozilla/5.0 (compatible; DotBot/1.2; +https://opensiteexplorer.org/dotbot; help@moz.com)"
216.244.66.203 - - [29/Jul/2022:03:05:38 +0200] "GET /pmwiki/pmwiki.php/Profiles/Xmouse?action=diff HTTP/1.1" 200 12837 "-" "Mozilla/5.0 (compatible; DotBot/1.2; +https://opensiteexplorer.org/dotbot; help@moz.com)"
54.36.148.67 - - [29/Jul/2022:03:08:19 +0200] "GET /pmwiki/pmwiki.php/Main/Ipr HTTP/1.1" 200 13258 "-" "Mozilla/5.0 (compatible; AhrefsBot/7.0; +http://ahrefs.com/robot/)"
216.244.66.203 - - [29/Jul/2022:03:08:34 +0200] "GET /pmwiki/pmwiki.php/PmWiki/WikiStyleExamples?action=upload&upname=wiki.png HTTP/1.1" 200 12475 "-" "Mozilla/5.0 (compatible; DotBot/1.2; +https://opensiteexplorer.org/dotbot; help@moz.com)"
185.191.171.4 - - [29/Jul/2022:03:30:51 +0200] "GET /robots.txt HTTP/1.1" 404 1181 "-" "Mozilla/5.0 (compatible; SemrushBot/7~bl; +http://www.semrush.com/bot.html)"
185.191.171.22 - - [29/Jul/2022:03:30:53 +0200] "GET /pmwiki/pmwiki.php/Main/Lev%E9lAParlamentInformaitikaiBizotts%E1gaEln%F6k%E9nek?action=upload HTTP/1.1" 200 13014 "-" "Mozilla/5.0 (compatible; SemrushBot/7~bl; +http://www.semrush.com/bot.html)"
49.12.13.109 - - [29/Jul/2022:03:39:51 +0200] "HEAD /pmwiki/pmwiki.php HTTP/1.1" 200 0 "-" "Alert_Alligator_webmonitoring_service_1.6.3_(alertalligator.com)"
77.88.5.2 - - [29/Jul/2022:03:45:57 +0200] "GET /robots.txt HTTP/1.1" 404 1181 "-" "Mozilla/5.0 (compatible; YandexBot/3.0; +http://yandex.com/bots)"
77.88.5.2 - - [29/Jul/2022:03:46:01 +0200] "GET /pmwiki/pmwiki.php/Main/Linkek HTTP/1.1" 200 28889 "-" "Mozilla/5.0 (compatible; YandexBot/3.0; +http://yandex.com/bots)"
216.244.66.203 - - [29/Jul/2022:03:52:26 +0200] "GET /robots.txt HTTP/1.1" 404 1181 "-" "Mozilla/5.0 (compatible; DotBot/1.2; +https://opensiteexplorer.org/dotbot; help@moz.com)"
185.191.171.23 - - [29/Jul/2022:03:58:39 +0200] "GET /pmwiki/pmwiki.php/Main/ABundestagT%E1mogatjaAzEur%F3paiParlamentet?action=edit HTTP/1.1" 200 12954 "-" "Mozilla/5.0 (compatible; SemrushBot/7~bl; +http://www.semrush.com/bot.html)"
216.244.66.203 - - [29/Jul/2022:04:07:27 +0200] "GET /pmwiki/pmwiki.php/Main/Direkt%EDva?action=diff HTTP/1.1" 200 26112 "-" "Mozilla/5.0 (compatible; DotBot/1.2; +https://opensiteexplorer.org/dotbot; help@moz.com)"
216.244.66.203 - - [29/Jul/2022:04:07:58 +0200] "GET /pmwiki/pmwiki.php/Main/CikkekPrivacy?action=print HTTP/1.1" 200 2887 "-" "Mozilla/5.0 (compatible; DotBot/1.2; +https://opensiteexplorer.org/dotbot; help@moz.com)"
216.244.66.203 - - [29/Jul/2022:04:10:57 +0200] "GET /pmwiki/pmwiki.php/PmWiki/RecentChanges?action=print HTTP/1.1" 200 12002 "-" "Mozilla/5.0 (compatible; DotBot/1.2; +https://opensiteexplorer.org/dotbot; help@moz.com)"
216.244.66.203 - - [29/Jul/2022:04:13:03 +0200] "GET /pmwiki/pmwiki.php/PmWiki/InterMap?action=diff HTTP/1.1" 200 12839 "-" "Mozilla/5.0 (compatible; DotBot/1.2; +https://opensiteexplorer.org/dotbot; help@moz.com)"
216.244.66.203 - - [29/Jul/2022:04:13:07 +0200] "GET /pmwiki/pmwiki.php/PmWiki/SpecialMarkups?action=edit HTTP/1.1" 200 12545 "-" "Mozilla/5.0 (compatible; DotBot/1.2; +https://opensiteexplorer.org/dotbot; help@moz.com)"
216.244.66.203 - - [29/Jul/2022:04:13:12 +0200] "GET /pmwiki/pmwiki.php/PmWiki/UploadVariables?action=edit HTTP/1.1" 200 12548 "-" "Mozilla/5.0 (compatible; DotBot/1.2; +https://opensiteexplorer.org/dotbot; help@moz.com)"
216.244.66.203 - - [29/Jul/2022:04:13:32 +0200] "GET /pmwiki/pmwiki.php/PmWiki/PasswordsAdmin?action=upload HTTP/1.1" 200 12412 "-" "Mozilla/5.0 (compatible; DotBot/1.2; +https://opensiteexplorer.org/dotbot; help@moz.com)"
216.244.66.203 - - [29/Jul/2022:04:14:10 +0200] "GET /pmwiki/pmwiki.php/PmWiki/AvailableActions?action=upload HTTP/1.1" 200 12444 "-" "Mozilla/5.0 (compatible; DotBot/1.2; +https://opensiteexplorer.org/dotbot; help@moz.com)"
216.244.66.203 - - [29/Jul/2022:04:14:40 +0200] "GET /pmwiki/pmwiki.php/API/API?action=upload HTTP/1.1" 200 12181 "-" "Mozilla/5.0 (compatible; DotBot/1.2; +https://opensiteexplorer.org/dotbot; help@moz.com)"
216.244.66.203 - - [29/Jul/2022:04:14:43 +0200] "GET /pmwiki/pmwiki.php/PmWiki/FreeLinks?action=upload HTTP/1.1" 200 12328 "-" "Mozilla/5.0 (compatible; DotBot/1.2; +https://opensiteexplorer.org/dotbot; help@moz.com)"
216.244.66.203 - - [29/Jul/2022:04:14:45 +0200] "GET /pmwiki/pmwiki.php/Profiles/Eve?action=upload HTTP/1.1" 200 12266 "-" "Mozilla/5.0 (compatible; DotBot/1.2; +https://opensiteexplorer.org/dotbot; help@moz.com)"
185.191.171.15 - - [29/Jul/2022:04:15:17 +0200] "GET /pmwiki/pmwiki.php/Main/JuriEktbEloterjesztes?action=edit HTTP/1.1" 200 12606 "-" "Mozilla/5.0 (compatible; SemrushBot/7~bl; +http://www.semrush.com/bot.html)"
216.244.66.203 - - [29/Jul/2022:04:16:28 +0200] "GET /pmwiki/pmwiki.php/Main/2004Augusztus15?action=upload&upname=wiki.png HTTP/1.1" 200 12406 "-" "Mozilla/5.0 (compatible; DotBot/1.2; +https://opensiteexplorer.org/dotbot; help@moz.com)"
216.244.66.203 - - [29/Jul/2022:04:16:30 +0200] "GET /pmwiki/pmwiki.php/Profiles/MacintelDRMOS?action=upload&upname=wiki.png HTTP/1.1" 200 12442 "-" "Mozilla/5.0 (compatible; DotBot/1.2; +https://opensiteexplorer.org/dotbot; help@moz.com)"
216.244.66.203 - - [29/Jul/2022:04:17:01 +0200] "GET /pmwiki/pmwiki.php/Main/HomePage?action=edit&restore=diff:1120341027:1120340302:&preview=y HTTP/1.1" 200 12447 "-" "Mozilla/5.0 (compatible; DotBot/1.2; +https://opensiteexplorer.org/dotbot; help@moz.com)"
185.191.171.15 - - [29/Jul/2022:04:18:16 +0200] "GET /pmwiki/pmwiki.php/Main/Cache?action=diff HTTP/1.1" 200 17732 "-" "Mozilla/5.0 (compatible; SemrushBot/7~bl; +http://www.semrush.com/bot.html)"
49.12.13.109 - - [29/Jul/2022:04:39:18 +0200] "HEAD /pmwiki/pmwiki.php HTTP/1.1" 200 0 "-" "Alert_Alligator_webmonitoring_service_1.6.3_(alertalligator.com)"
216.244.66.203 - - [29/Jul/2022:04:45:19 +0200] "GET /robots.txt HTTP/1.1" 404 1181 "-" "Mozilla/5.0 (compatible; DotBot/1.2; +https://opensiteexplorer.org/dotbot; help@moz.com)"
216.244.66.203 - - [29/Jul/2022:04:53:11 +0200] "GET /pmwiki/pmwiki.php/PmWiki/CustomMarkup HTTP/1.1" 200 17912 "-" "Mozilla/5.0 (compatible; DotBot/1.2; +https://opensiteexplorer.org/dotbot; help@moz.com)"
216.244.66.203 - - [29/Jul/2022:04:53:54 +0200] "GET /pmwiki/pmwiki.php/PmWiki/WikiNature HTTP/1.1" 200 12473 "-" "Mozilla/5.0 (compatible; DotBot/1.2; +https://opensiteexplorer.org/dotbot; help@moz.com)"
216.244.66.203 - - [29/Jul/2022:04:57:41 +0200] "GET /pmwiki/pmwiki.php/Main/CikkekDRM?action=print HTTP/1.1" 200 8479 "-" "Mozilla/5.0 (compatible; DotBot/1.2; +https://opensiteexplorer.org/dotbot; help@moz.com)"
216.244.66.203 - - [29/Jul/2022:05:00:05 +0200] "GET /pmwiki/pmwiki.php/PmWiki/Upgrades?action=print HTTP/1.1" 200 5844 "-" "Mozilla/5.0 (compatible; DotBot/1.2; +https://opensiteexplorer.org/dotbot; help@moz.com)"
216.244.66.203 - - [29/Jul/2022:05:02:12 +0200] "GET /pmwiki/pmwiki.php/Main/ATan%E1cs%C9rdembenT%E1rgyalhatASzoftverszabadalmiDirekt%EDv%E1r%F3l?action=print HTTP/1.1" 200 8015 "-" "Mozilla/5.0 (compatible; DotBot/1.2; +https://opensiteexplorer.org/dotbot; help@moz.com)"
216.244.66.203 - - [29/Jul/2022:05:02:42 +0200] "GET /pmwiki/pmwiki.php/PmWiki/PredefinedWikiStyles?action=edit HTTP/1.1" 200 12624 "-" "Mozilla/5.0 (compatible; DotBot/1.2; +https://opensiteexplorer.org/dotbot; help@moz.com)"
216.244.66.203 - - [29/Jul/2022:05:03:09 +0200] "GET /pmwiki/pmwiki.php/Main/AzEur%F3paiParlament%DAjraind%EDt%E1stK%F6vetelAzEln%F6kiKonferenciaElfogadtaAzInd%EDtv%E1nyt?action=diff HTTP/1.1" 200 18112 "-" "Mozilla/5.0 (compatible; DotBot/1.2; +https://opensiteexplorer.org/dotbot; help@moz.com)"
216.244.66.203 - - [29/Jul/2022:05:03:15 +0200] "GET /pmwiki/pmwiki.php/PmWiki/Audiences?action=diff HTTP/1.1" 200 12855 "-" "Mozilla/5.0 (compatible; DotBot/1.2; +https://opensiteexplorer.org/dotbot; help@moz.com)"
216.244.66.203 - - [29/Jul/2022:05:03:20 +0200] "GET /pmwiki/pmwiki.php/PmWiki/AuthorTracking?action=edit HTTP/1.1" 200 12532 "-" "Mozilla/5.0 (compatible; DotBot/1.2; +https://opensiteexplorer.org/dotbot; help@moz.com)"
216.244.66.203 - - [29/Jul/2022:05:06:55 +0200] "GET /pmwiki/pmwiki.php/Main/HomePage?action=edit&restore=diff:1115110532:1115110455:&preview=y HTTP/1.1" 200 12447 "-" "Mozilla/5.0 (compatible; DotBot/1.2; +https://opensiteexplorer.org/dotbot; help@moz.com)"
216.244.66.203 - - [29/Jul/2022:05:36:16 +0200] "GET /robots.txt HTTP/1.1" 404 1181 "-" "Mozilla/5.0 (compatible; DotBot/1.2; +https://opensiteexplorer.org/dotbot; help@moz.com)"
212.237.53.115 - - [29/Jul/2022:05:44:35 +0200] "HEAD /pmwiki/pmwiki.php HTTP/1.1" 200 0 "-" "Alert_Alligator_webmonitoring_service_1.6.4_(alertalligator.com)"
216.244.66.203 - - [29/Jul/2022:05:45:34 +0200] "GET /pmwiki/pmwiki.php/PmWiki/PmWiki?action=edit HTTP/1.1" 200 12400 "-" "Mozilla/5.0 (compatible; DotBot/1.2; +https://opensiteexplorer.org/dotbot; help@moz.com)"
216.244.66.203 - - [29/Jul/2022:05:48:15 +0200] "GET /pmwiki/pmwiki.php/PmWiki/Installation?action=print HTTP/1.1" 200 8005 "-" "Mozilla/5.0 (compatible; DotBot/1.2; +https://opensiteexplorer.org/dotbot; help@moz.com)"
216.244.66.203 - - [29/Jul/2022:05:49:51 +0200] "GET /pmwiki/pmwiki.php/Main/ABundestagT%E1mogatjaAzEur%F3paiParlamentet?action=edit HTTP/1.1" 200 12954 "-" "Mozilla/5.0 (compatible; DotBot/1.2; +https://opensiteexplorer.org/dotbot; help@moz.com)"
216.244.66.203 - - [29/Jul/2022:05:50:17 +0200] "GET /pmwiki/pmwiki.php/Main/ABundestagT%E1mogatjaAzEur%F3paiParlamentet?action=upload HTTP/1.1" 200 12834 "-" "Mozilla/5.0 (compatible; DotBot/1.2; +https://opensiteexplorer.org/dotbot; help@moz.com)"
216.244.66.203 - - [29/Jul/2022:05:50:22 +0200] "GET /pmwiki/pmwiki.php/Main/RocardEp2?action=edit HTTP/1.1" 200 12414 "-" "Mozilla/5.0 (compatible; DotBot/1.2; +https://opensiteexplorer.org/dotbot; help@moz.com)"
216.244.66.203 - - [29/Jul/2022:05:51:04 +0200] "GET /pmwiki/pmwiki.php/Main/ThankYouPoland?action=upload&upname=wiki.png HTTP/1.1" 200 12391 "-" "Mozilla/5.0 (compatible; DotBot/1.2; +https://opensiteexplorer.org/dotbot; help@moz.com)"
216.244.66.203 - - [29/Jul/2022:05:51:57 +0200] "GET /pmwiki/pmwiki.php/PmWiki/TextFormattingRules?action=print HTTP/1.1" 200 11659 "-" "Mozilla/5.0 (compatible; DotBot/1.2; +https://opensiteexplorer.org/dotbot; help@moz.com)"
216.244.66.203 - - [29/Jul/2022:05:53:48 +0200] "GET /pmwiki/pmwiki.php/Main/C?action=edit HTTP/1.1" 200 12286 "-" "Mozilla/5.0 (compatible; DotBot/1.2; +https://opensiteexplorer.org/dotbot; help@moz.com)"
216.244.66.203 - - [29/Jul/2022:05:54:20 +0200] "GET /pmwiki/pmwiki.php/PmWiki/Upgrades?action=edit HTTP/1.1" 200 12435 "-" "Mozilla/5.0 (compatible; DotBot/1.2; +https://opensiteexplorer.org/dotbot; help@moz.com)"
216.244.66.203 - - [29/Jul/2022:05:56:10 +0200] "GET /pmwiki/pmwiki.php/Profiles/V6?action=upload HTTP/1.1" 200 12250 "-" "Mozilla/5.0 (compatible; DotBot/1.2; +https://opensiteexplorer.org/dotbot; help@moz.com)"
216.244.66.203 - - [29/Jul/2022:05:57:07 +0200] "GET /pmwiki/pmwiki.php/Main/2003M%E1jusiNyilatkozat?action=upload&upname=wiki.png HTTP/1.1" 200 12530 "-" "Mozilla/5.0 (compatible; DotBot/1.2; +https://opensiteexplorer.org/dotbot; help@moz.com)"
216.244.66.203 - - [29/Jul/2022:05:57:10 +0200] "GET /pmwiki/pmwiki.php/PmWiki/ImagesInWikiPages?action=upload&upname=wiki.png HTTP/1.1" 200 12476 "-" "Mozilla/5.0 (compatible; DotBot/1.2; +https://opensiteexplorer.org/dotbot; help@moz.com)"
216.244.66.203 - - [29/Jul/2022:06:30:43 +0200] "GET /robots.txt HTTP/1.1" 404 1181 "-" "Mozilla/5.0 (compatible; DotBot/1.2; +https://opensiteexplorer.org/dotbot; help@moz.com)"
216.244.66.203 - - [29/Jul/2022:06:46:03 +0200] "GET /pmwiki/pmwiki.php/Main/AzIPRJavaslat?action=upload HTTP/1.1" 200 12358 "-" "Mozilla/5.0 (compatible; DotBot/1.2; +https://opensiteexplorer.org/dotbot; help@moz.com)"
216.244.66.203 - - [29/Jul/2022:06:46:54 +0200] "GET /pmwiki/pmwiki.php/Main/Marc06LMEPR?action=edit HTTP/1.1" 200 12447 "-" "Mozilla/5.0 (compatible; DotBot/1.2; +https://opensiteexplorer.org/dotbot; help@moz.com)"
212.237.53.115 - - [29/Jul/2022:06:46:57 +0200] "HEAD /pmwiki/pmwiki.php HTTP/1.1" 200 0 "-" "Alert_Alligator_webmonitoring_service_1.6.4_(alertalligator.com)"
216.244.66.203 - - [29/Jul/2022:06:48:23 +0200] "GET /pmwiki/pmwiki.php/Main/2004Augusztus15?action=edit HTTP/1.1" 200 12510 "-" "Mozilla/5.0 (compatible; DotBot/1.2; +https://opensiteexplorer.org/dotbot; help@moz.com)"
216.244.66.203 - - [29/Jul/2022:06:48:26 +0200] "GET /pmwiki/pmwiki.php/Main/Todo?action=upload HTTP/1.1" 200 12215 "-" "Mozilla/5.0 (compatible; DotBot/1.2; +https://opensiteexplorer.org/dotbot; help@moz.com)"
216.244.66.203 - - [29/Jul/2022:06:48:51 +0200] "GET /pmwiki/pmwiki.php/Profiles/ATraduire?action=edit HTTP/1.1" 200 12482 "-" "Mozilla/5.0 (compatible; DotBot/1.2; +https://opensiteexplorer.org/dotbot; help@moz.com)"
216.244.66.203 - - [29/Jul/2022:06:49:23 +0200] "GET /pmwiki/pmwiki.php/PmWiki/Contributors?action=edit HTTP/1.1" 200 12500 "-" "Mozilla/5.0 (compatible; DotBot/1.2; +https://opensiteexplorer.org/dotbot; help@moz.com)"
216.244.66.203 - - [29/Jul/2022:06:49:25 +0200] "GET /pmwiki/pmwiki.php/PmWiki/IncludeOtherPages?action=print HTTP/1.1" 200 8211 "-" "Mozilla/5.0 (compatible; DotBot/1.2; +https://opensiteexplorer.org/dotbot; help@moz.com)"
216.244.66.203 - - [29/Jul/2022:06:49:28 +0200] "GET /pmwiki/pmwiki.php/PmWiki/LinkVariables?action=edit HTTP/1.1" 200 12516 "-" "Mozilla/5.0 (compatible; DotBot/1.2; +https://opensiteexplorer.org/dotbot; help@moz.com)"
216.244.66.203 - - [29/Jul/2022:06:49:31 +0200] "GET /pmwiki/pmwiki.php/PmWiki/UploadVariables?action=diff HTTP/1.1" 200 12965 "-" "Mozilla/5.0 (compatible; DotBot/1.2; +https://opensiteexplorer.org/dotbot; help@moz.com)"
216.244.66.203 - - [29/Jul/2022:06:49:47 +0200] "GET /pmwiki/pmwiki.php/Main/SearchWiki?action=upload&upname=wiki.png HTTP/1.1" 200 12326 "-" "Mozilla/5.0 (compatible; DotBot/1.2; +https://opensiteexplorer.org/dotbot; help@moz.com)"
216.244.66.203 - - [29/Jul/2022:06:49:53 +0200] "GET /pmwiki/pmwiki.php/PmWiki/EditVariables?action=upload HTTP/1.1" 200 12395 "-" "Mozilla/5.0 (compatible; DotBot/1.2; +https://opensiteexplorer.org/dotbot; help@moz.com)"
216.244.66.203 - - [29/Jul/2022:06:50:07 +0200] "GET /pmwiki/pmwiki.php/Profiles/Robert?action=diff HTTP/1.1" 200 12837 "-" "Mozilla/5.0 (compatible; DotBot/1.2; +https://opensiteexplorer.org/dotbot; help@moz.com)"
216.244.66.203 - - [29/Jul/2022:07:38:10 +0200] "GET /robots.txt HTTP/1.1" 404 1181 "-" "Mozilla/5.0 (compatible; DotBot/1.2; +https://opensiteexplorer.org/dotbot; help@moz.com)"
212.237.23.143 - - [29/Jul/2022:07:47:51 +0200] "HEAD /pmwiki/pmwiki.php HTTP/1.1" 200 0 "-" "Alert_Alligator_webmonitoring_service_1.6.4_(alertalligator.com)"
216.244.66.203 - - [29/Jul/2022:07:52:54 +0200] "GET /pmwiki/pmwiki.php/Main/AJelenlegiSzerzoiJogiTorveny?action=print HTTP/1.1" 200 8868 "-" "Mozilla/5.0 (compatible; DotBot/1.2; +https://opensiteexplorer.org/dotbot; help@moz.com)"
216.244.66.203 - - [29/Jul/2022:07:54:14 +0200] "GET /pmwiki/pmwiki.php/PmWiki/PmWiki?action=upload&upname=wiki.png HTTP/1.1" 200 12296 "-" "Mozilla/5.0 (compatible; DotBot/1.2; +https://opensiteexplorer.org/dotbot; help@moz.com)"
216.244.66.203 - - [29/Jul/2022:07:58:29 +0200] "GET /pmwiki/pmwiki.php/Main/AdelphiAlapokm%E1ny?action=upload&upname=wiki.png HTTP/1.1" 200 12469 "-" "Mozilla/5.0 (compatible; DotBot/1.2; +https://opensiteexplorer.org/dotbot; help@moz.com)"
216.244.66.203 - - [29/Jul/2022:07:58:32 +0200] "GET /pmwiki/pmwiki.php/Main/JogiOldal?action=upload&upname=wiki.png HTTP/1.1" 200 12314 "-" "Mozilla/5.0 (compatible; DotBot/1.2; +https://opensiteexplorer.org/dotbot; help@moz.com)"
216.244.66.203 - - [29/Jul/2022:08:00:26 +0200] "GET /pmwiki/pmwiki.php/Main/ADRMHib%E1i?action=edit HTTP/1.1" 200 12442 "-" "Mozilla/5.0 (compatible; DotBot/1.2; +https://opensiteexplorer.org/dotbot; help@moz.com)"
216.244.66.203 - - [29/Jul/2022:08:00:58 +0200] "GET /pmwiki/pmwiki.php/Main/2004Augusztus18?action=diff HTTP/1.1" 200 14665 "-" "Mozilla/5.0 (compatible; DotBot/1.2; +https://opensiteexplorer.org/dotbot; help@moz.com)"
216.244.66.203 - - [29/Jul/2022:08:01:02 +0200] "GET /pmwiki/pmwiki.php/Main/2005Szeptember2?action=edit HTTP/1.1" 200 12510 "-" "Mozilla/5.0 (compatible; DotBot/1.2; +https://opensiteexplorer.org/dotbot; help@moz.com)"
216.244.66.203 - - [29/Jul/2022:08:01:05 +0200] "GET /pmwiki/pmwiki.php/Profiles/Artisjus?action=edit HTTP/1.1" 200 12466 "-" "Mozilla/5.0 (compatible; DotBot/1.2; +https://opensiteexplorer.org/dotbot; help@moz.com)"
216.244.66.203 - - [29/Jul/2022:08:01:30 +0200] "GET /pmwiki/pmwiki.php/Main/Damokl%E9szKardjaLebegAMagyarSzoftveriparFelett?action=diff HTTP/1.1" 200 17434 "-" "Mozilla/5.0 (compatible; DotBot/1.2; +https://opensiteexplorer.org/dotbot; help@moz.com)"
216.244.66.203 - - [29/Jul/2022:08:01:34 +0200] "GET /pmwiki/pmwiki.php/PmWiki/Categories?action=diff HTTP/1.1" 200 12875 "-" "Mozilla/5.0 (compatible; DotBot/1.2; +https://opensiteexplorer.org/dotbot; help@moz.com)"
216.244.66.203 - - [29/Jul/2022:08:01:37 +0200] "GET /pmwiki/pmwiki.php/PmWiki/WikiStyles?action=edit HTTP/1.1" 200 12467 "-" "Mozilla/5.0 (compatible; DotBot/1.2; +https://opensiteexplorer.org/dotbot; help@moz.com)"
216.244.66.203 - - [29/Jul/2022:08:02:36 +0200] "GET /pmwiki/pmwiki.php/Main/Portf%F3li%F3Effektus?action=diff HTTP/1.1" 200 13019 "-" "Mozilla/5.0 (compatible; DotBot/1.2; +https://opensiteexplorer.org/dotbot; help@moz.com)"
216.244.66.203 - - [29/Jul/2022:08:02:41 +0200] "GET /pmwiki/pmwiki.php/PmWiki/CreatingNewPages?action=upload HTTP/1.1" 200 12445 "-" "Mozilla/5.0 (compatible; DotBot/1.2; +https://opensiteexplorer.org/dotbot; help@moz.com)"
216.244.66.203 - - [29/Jul/2022:08:04:17 +0200] "GET /pmwiki/pmwiki.php/Main/2005M%E1rciusiNy%EDltLev%E9l?action=upload&upname=wiki.png HTTP/1.1" 200 12602 "-" "Mozilla/5.0 (compatible; DotBot/1.2; +https://opensiteexplorer.org/dotbot; help@moz.com)"
216.244.66.203 - - [29/Jul/2022:08:04:21 +0200] "GET /pmwiki/pmwiki.php/PmWiki/LocalCustomizations?action=upload&upname=wiki.png HTTP/1.1" 200 12506 "-" "Mozilla/5.0 (compatible; DotBot/1.2; +https://opensiteexplorer.org/dotbot; help@moz.com)"
198.235.24.25 - - [29/Jul/2022:08:21:50 +0200] "GET / HTTP/1.1" 302 5 "-" "Expanse, a Palo Alto Networks company, searches across the global IPv4 space multiple times per day to identify customers' presences on the Internet. If you would like to be excluded from our scans, please send IP addresses/domains to: scaninfo@paloaltonetworks.com"
49.12.13.109 - - [29/Jul/2022:08:46:56 +0200] "HEAD /pmwiki/pmwiki.php HTTP/1.1" 200 0 "-" "Alert_Alligator_webmonitoring_service_1.6.3_(alertalligator.com)"
212.237.23.143 - - [29/Jul/2022:09:46:07 +0200] "HEAD /pmwiki/pmwiki.php HTTP/1.1" 200 0 "-" "Alert_Alligator_webmonitoring_service_1.6.4_(alertalligator.com)"
185.191.171.1 - - [29/Jul/2022:10:04:57 +0200] "GET /robots.txt HTTP/1.1" 404 1181 "-" "Mozilla/5.0 (compatible; SemrushBot/7~bl; +http://www.semrush.com/bot.html)"
185.191.171.9 - - [29/Jul/2022:10:04:58 +0200] "GET /pmwiki/pmwiki.php/PmWiki/ReleaseNotes HTTP/1.1" 200 29978 "-" "Mozilla/5.0 (compatible; SemrushBot/7~bl; +http://www.semrush.com/bot.html)"
212.237.53.115 - - [29/Jul/2022:10:45:55 +0200] "HEAD /pmwiki/pmwiki.php HTTP/1.1" 200 0 "-" "Alert_Alligator_webmonitoring_service_1.6.4_(alertalligator.com)"
185.191.171.40 - - [29/Jul/2022:11:18:40 +0200] "GET /robots.txt HTTP/1.1" 404 1181 "-" "Mozilla/5.0 (compatible; SemrushBot/7~bl; +http://www.semrush.com/bot.html)"
185.191.171.2 - - [29/Jul/2022:11:18:40 +0200] "GET /pmwiki/pmwiki.php/Main/HomePage?action=edit HTTP/1.1" 200 12401 "-" "Mozilla/5.0 (compatible; SemrushBot/7~bl; +http://www.semrush.com/bot.html)"
49.12.13.109 - - [29/Jul/2022:11:23:49 +0200] "HEAD /pmwiki/pmwiki.php HTTP/1.1" 200 0 "-" "Alert_Alligator_webmonitoring_service_1.6.4_(alertalligator.com)"
185.191.171.26 - - [29/Jul/2022:11:24:28 +0200] "GET /pmwiki/pmwiki.php/PmWiki/FAQ HTTP/1.1" 200 23861 "-" "Mozilla/5.0 (compatible; SemrushBot/7~bl; +http://www.semrush.com/bot.html)"
49.12.13.109 - - [29/Jul/2022:12:02:42 +0200] "HEAD /pmwiki/pmwiki.php HTTP/1.1" 200 0 "-" "Alert_Alligator_webmonitoring_service_1.6.4_(alertalligator.com)"
185.191.171.7 - - [29/Jul/2022:12:12:10 +0200] "GET /pmwiki/pmwiki.php/Main/JuriEktbEloterjesztes?action=upload HTTP/1.1" 200 12486 "-" "Mozilla/5.0 (compatible; SemrushBot/7~bl; +http://www.semrush.com/bot.html)"
185.191.171.14 - - [29/Jul/2022:12:12:31 +0200] "GET /pmwiki/pmwiki.php/Main/NoSoftwarePatents?action=upload HTTP/1.1" 200 12426 "-" "Mozilla/5.0 (compatible; SemrushBot/7~bl; +http://www.semrush.com/bot.html)"
54.36.149.28 - - [29/Jul/2022:12:30:29 +0200] "GET /pmwiki/pmwiki.php/PmWiki/PmWikiPhilosophy HTTP/1.1" 200 16736 "-" "Mozilla/5.0 (compatible; AhrefsBot/7.0; +http://ahrefs.com/robot/)"
66.249.70.108 - - [29/Jul/2022:12:37:42 +0200] "GET /robots.txt HTTP/1.1" 404 1181 "-" "Mozilla/5.0 (compatible; Googlebot/2.1; +http://www.google.com/bot.html)"
66.249.70.108 - - [29/Jul/2022:12:37:43 +0200] "GET /pmwiki/pmwiki.php/Main/Linkek HTTP/1.1" 200 28889 "-" "Mozilla/5.0 (Linux; Android 6.0.1; Nexus 5X Build/MMB29P) AppleWebKit/537.36 (KHTML, like Gecko) Chrome/103.0.5060.134 Mobile Safari/537.36 (compatible; Googlebot/2.1; +http://www.google.com/bot.html)"
66.249.70.112 - - [29/Jul/2022:12:37:43 +0200] "GET /pmwiki/pub/skins/gila/gila.css HTTP/1.1" 200 8887 "http://swpat.zpok.hu/pmwiki/pmwiki.php/Main/Linkek" "Mozilla/5.0 (Linux; Android 6.0.1; Nexus 5X Build/MMB29P) AppleWebKit/537.36 (KHTML, like Gecko) Chrome/103.0.5060.134 Mobile Safari/537.36 (compatible; Googlebot/2.1; +http://www.google.com/bot.html)"
212.237.23.143 - - [29/Jul/2022:13:06:38 +0200] "HEAD /pmwiki/pmwiki.php HTTP/1.1" 200 0 "-" "Alert_Alligator_webmonitoring_service_1.6.4_(alertalligator.com)"
212.237.23.143 - - [29/Jul/2022:14:06:33 +0200] "HEAD /pmwiki/pmwiki.php HTTP/1.1" 200 0 "-" "Alert_Alligator_webmonitoring_service_1.6.4_(alertalligator.com)"
114.119.129.110 - - [29/Jul/2022:14:12:17 +0200] "GET /pmwiki/pmwiki.php/Main/MitTehetek?action=diff&source=y&minor=y HTTP/1.1" 200 27274 "-" "Mozilla/5.0 (Linux; Android 7.0;) AppleWebKit/537.36 (KHTML, like Gecko) Mobile Safari/537.36 (compatible; PetalBot;+https://webmaster.petalsearch.com/site/petalbot)"
114.119.129.110 - - [29/Jul/2022:14:24:15 +0200] "GET /pmwiki/pmwiki.php/Main/2004Szeptember1 HTTP/1.1" 200 14123 "http://swpat.zpok.hu/pmwiki/pmwiki.php/Main/Nyilatkozatok" "Mozilla/5.0 (Linux; Android 7.0;) AppleWebKit/537.36 (KHTML, like Gecko) Mobile Safari/537.36 (compatible; PetalBot;+https://webmaster.petalsearch.com/site/petalbot)"
185.191.171.3 - - [29/Jul/2022:14:27:29 +0200] "GET /robots.txt HTTP/1.1" 404 1181 "-" "Mozilla/5.0 (compatible; SemrushBot/7~bl; +http://www.semrush.com/bot.html)"
185.191.171.3 - - [29/Jul/2022:14:27:30 +0200] "GET /pmwiki/pmwiki.php/Main/ABundestagT%E1mogatjaAzEur%F3paiParlamentet?action=print HTTP/1.1" 200 8394 "-" "Mozilla/5.0 (compatible; SemrushBot/7~bl; +http://www.semrush.com/bot.html)"
114.119.129.110 - - [29/Jul/2022:14:32:23 +0200] "GET /pmwiki/pmwiki.php/PmWiki/ReleaseNotes?action=diff HTTP/1.1" 200 12910 "-" "Mozilla/5.0 (Linux; Android 7.0;) AppleWebKit/537.36 (KHTML, like Gecko) Mobile Safari/537.36 (compatible; PetalBot;+https://webmaster.petalsearch.com/site/petalbot)"
114.119.129.110 - - [29/Jul/2022:14:37:42 +0200] "GET /pmwiki/pmwiki.php/Main/Nyilatkozatok?action=upload HTTP/1.1" 200 12358 "http://swpat.zpok.hu/pmwiki/pmwiki.php/Main/Nyilatkozatok" "Mozilla/5.0 (Linux; Android 7.0;) AppleWebKit/537.36 (KHTML, like Gecko) Mobile Safari/537.36 (compatible; PetalBot;+https://webmaster.petalsearch.com/site/petalbot)"
212.237.51.151 - - [29/Jul/2022:14:55:30 +0200] "HEAD /pmwiki/pmwiki.php HTTP/1.1" 200 0 "-" "Alert_Alligator_webmonitoring_service_1.6.4_(alertalligator.com)"
114.119.129.110 - - [29/Jul/2022:15:23:46 +0200] "GET /pmwiki/pmwiki.php/Main/ABundestagT%E1mogatjaAzEur%F3paiParlamentet?action=print HTTP/1.1" 200 8394 "http://swpat.zpok.hu/pmwiki/pmwiki.php/Main/ABundestagT%e1mogatjaAzEur%f3paiParlamentet" "Mozilla/5.0 (Linux; Android 7.0;) AppleWebKit/537.36 (KHTML, like Gecko) Mobile Safari/537.36 (compatible; PetalBot;+https://webmaster.petalsearch.com/site/petalbot)"
114.119.129.110 - - [29/Jul/2022:15:26:26 +0200] "GET /pmwiki/pmwiki.php/PmWiki/DocumentationIndex?action=diff HTTP/1.1" 200 13019 "-" "Mozilla/5.0 (Linux; Android 7.0;) AppleWebKit/537.36 (KHTML, like Gecko) Mobile Safari/537.36 (compatible; PetalBot;+https://webmaster.petalsearch.com/site/petalbot)"
49.12.13.109 - - [29/Jul/2022:15:35:34 +0200] "HEAD /pmwiki/pmwiki.php HTTP/1.1" 200 0 "-" "Alert_Alligator_webmonitoring_service_1.6.4_(alertalligator.com)"
51.222.253.4 - - [29/Jul/2022:15:39:16 +0200] "GET /robots.txt HTTP/1.1" 404 1181 "-" "Mozilla/5.0 (compatible; AhrefsBot/7.0; +http://ahrefs.com/robot/)"
54.36.148.44 - - [29/Jul/2022:15:39:25 +0200] "GET /pmwiki/pmwiki.php/Main/Tud%E1smonop%F3lium?action=diff HTTP/1.1" 200 29474 "-" "Mozilla/5.0 (compatible; AhrefsBot/7.0; +http://ahrefs.com/robot/)"
150.158.98.247 - - [29/Jul/2022:15:48:46 +0200] "GET /xmlrpc.php HTTP/1.1" 404 1181 "-" "Mozilla/5.0 (Windows NT 6.1; WOW64; rv:45.0) Gecko/20100101 Firefox/45.0"
185.191.171.6 - - [29/Jul/2022:16:11:21 +0200] "GET /robots.txt HTTP/1.1" 404 1181 "-" "Mozilla/5.0 (compatible; SemrushBot/7~bl; +http://www.semrush.com/bot.html)"
185.191.171.44 - - [29/Jul/2022:16:11:23 +0200] "GET /pmwiki/pmwiki.php/Main/HomePage?action=diff HTTP/1.1" 200 115393 "-" "Mozilla/5.0 (compatible; SemrushBot/7~bl; +http://www.semrush.com/bot.html)"
49.12.13.109 - - [29/Jul/2022:16:34:36 +0200] "HEAD /pmwiki/pmwiki.php HTTP/1.1" 200 0 "-" "Alert_Alligator_webmonitoring_service_1.6.3_(alertalligator.com)"
157.90.209.78 - - [29/Jul/2022:16:47:10 +0200] "GET /robots.txt HTTP/1.1" 404 1181 "-" "Mozilla/5.0 (compatible; BLEXBot/1.0; +http://webmeup-crawler.com/)"
157.90.209.78 - - [29/Jul/2022:16:47:13 +0200] "GET /sitemap HTTP/1.1" 404 1181 "-" "Mozilla/5.0 (compatible; BLEXBot/1.0; +http://webmeup-crawler.com/)"
157.90.209.78 - - [29/Jul/2022:16:47:16 +0200] "GET /sitemap.txt HTTP/1.1" 404 1181 "-" "Mozilla/5.0 (compatible; BLEXBot/1.0; +http://webmeup-crawler.com/)"
185.191.171.11 - - [29/Jul/2022:16:56:59 +0200] "GET /pmwiki/pmwiki.php/Main/HeringgelMegval%F3s%EDtottTal%E1lm%E1nyok?action=diff HTTP/1.1" 200 26578 "-" "Mozilla/5.0 (compatible; SemrushBot/7~bl; +http://www.semrush.com/bot.html)"
77.88.5.2 - - [29/Jul/2022:17:16:14 +0200] "GET /robots.txt HTTP/1.1" 404 1181 "-" "Mozilla/5.0 (compatible; YandexBot/3.0; +http://yandex.com/bots)"
77.88.5.2 - - [29/Jul/2022:17:16:18 +0200] "GET /pmwiki/pmwiki.php/Main/Nyilatkozatok?action=print HTTP/1.1" 200 6767 "-" "Mozilla/5.0 (compatible; YandexBot/3.0; +http://yandex.com/bots)"
49.12.13.109 - - [29/Jul/2022:17:33:42 +0200] "HEAD /pmwiki/pmwiki.php HTTP/1.1" 200 0 "-" "Alert_Alligator_webmonitoring_service_1.6.3_(alertalligator.com)"
54.36.148.60 - - [29/Jul/2022:18:30:46 +0200] "GET /pmwiki/pmwiki.php/Main/Tud%E1smonop%F3lium?action=upload HTTP/1.1" 200 12446 "-" "Mozilla/5.0 (compatible; AhrefsBot/7.0; +http://ahrefs.com/robot/)"
49.12.13.109 - - [29/Jul/2022:18:33:33 +0200] "HEAD /pmwiki/pmwiki.php HTTP/1.1" 200 0 "-" "Alert_Alligator_webmonitoring_service_1.6.3_(alertalligator.com)"
212.237.53.115 - - [29/Jul/2022:19:31:49 +0200] "HEAD /pmwiki/pmwiki.php HTTP/1.1" 200 0 "-" "Alert_Alligator_webmonitoring_service_1.6.4_(alertalligator.com)"
54.36.148.148 - - [29/Jul/2022:20:19:50 +0200] "GET /pmwiki/pmwiki.php/Main/CikkekPrivacy?action=print HTTP/1.1" 200 2887 "-" "Mozilla/5.0 (compatible; AhrefsBot/7.0; +http://ahrefs.com/robot/)"
185.191.171.36 - - [29/Jul/2022:20:25:42 +0200] "GET /robots.txt HTTP/1.1" 404 1181 "-" "Mozilla/5.0 (compatible; SemrushBot/7~bl; +http://www.semrush.com/bot.html)"
185.191.171.40 - - [29/Jul/2022:20:25:43 +0200] "GET /pmwiki/pmwiki.php/Main/McCreevy HTTP/1.1" 200 13220 "-" "Mozilla/5.0 (compatible; SemrushBot/7~bl; +http://www.semrush.com/bot.html)"
49.12.13.109 - - [29/Jul/2022:20:30:53 +0200] "HEAD /pmwiki/pmwiki.php HTTP/1.1" 200 0 "-" "Alert_Alligator_webmonitoring_service_1.6.3_(alertalligator.com)"
185.191.171.37 - - [29/Jul/2022:21:13:54 +0200] "GET /pmwiki/pmwiki.php/Main/AllRecentChanges HTTP/1.1" 200 53080 "-" "Mozilla/5.0 (compatible; SemrushBot/7~bl; +http://www.semrush.com/bot.html)"
185.191.171.17 - - [29/Jul/2022:21:16:40 +0200] "GET /pmwiki/pmwiki.php/Main/Mintalevel0509?action=diff HTTP/1.1" 200 23141 "-" "Mozilla/5.0 (compatible; SemrushBot/7~bl; +http://www.semrush.com/bot.html)"
66.249.69.142 - - [29/Jul/2022:21:29:36 +0200] "GET /pmwiki/pmwiki.php/Main/AdelphiAlapokm%E1ny HTTP/1.1" 200 16161 "-" "Mozilla/5.0 (Linux; Android 6.0.1; Nexus 5X Build/MMB29P) AppleWebKit/537.36 (KHTML, like Gecko) Chrome/103.0.5060.134 Mobile Safari/537.36 (compatible; Googlebot/2.1; +http://www.google.com/bot.html)"
49.12.13.109 - - [29/Jul/2022:21:30:22 +0200] "HEAD /pmwiki/pmwiki.php HTTP/1.1" 200 0 "-" "Alert_Alligator_webmonitoring_service_1.6.3_(alertalligator.com)"
54.36.148.96 - - [29/Jul/2022:21:48:15 +0200] "GET /pmwiki/pmwiki.php/Main/CikkekPrivacy?action=upload HTTP/1.1" 200 12360 "-" "Mozilla/5.0 (compatible; AhrefsBot/7.0; +http://ahrefs.com/robot/)"
77.88.5.2 - - [29/Jul/2022:21:49:49 +0200] "GET /robots.txt HTTP/1.1" 404 1181 "-" "Mozilla/5.0 (compatible; YandexBot/3.0; +http://yandex.com/bots)"
77.88.5.2 - - [29/Jul/2022:21:49:53 +0200] "GET /pmwiki/pmwiki.php/Main/Direkt%EDva?action=diff HTTP/1.1" 200 26112 "-" "Mozilla/5.0 (compatible; YandexBot/3.0; +http://yandex.com/bots)"
54.36.148.27 - - [29/Jul/2022:22:07:26 +0200] "GET / HTTP/1.1" 302 5 "-" "Mozilla/5.0 (compatible; AhrefsBot/7.0; +http://ahrefs.com/robot/)"
114.119.129.110 - - [29/Jul/2022:22:16:25 +0200] "GET /pmwiki/pmwiki.php/PmWiki/Upgrades HTTP/1.1" 200 15449 "-" "Mozilla/5.0 (Linux; Android 7.0;) AppleWebKit/537.36 (KHTML, like Gecko) Mobile Safari/537.36 (compatible; PetalBot;+https://webmaster.petalsearch.com/site/petalbot)"
212.237.51.151 - - [29/Jul/2022:22:22:30 +0200] "HEAD /pmwiki/pmwiki.php HTTP/1.1" 200 0 "-" "Alert_Alligator_webmonitoring_service_1.6.4_(alertalligator.com)"
