54.36.148.134 - - [17/Jul/2022:02:27:55 +0200] "GET /robots.txt HTTP/1.1" 404 1181 "-" "Mozilla/5.0 (compatible; AhrefsBot/7.0; +http://ahrefs.com/robot/)"
54.36.149.49 - - [17/Jul/2022:02:27:56 +0200] "GET /pmwiki/pmwiki.php/Main/2005J%FAniusEKTBBesz%E1mol%F3?action=diff HTTP/1.1" 200 19642 "-" "Mozilla/5.0 (compatible; AhrefsBot/7.0; +http://ahrefs.com/robot/)"
212.237.53.115 - - [17/Jul/2022:02:41:43 +0200] "HEAD /pmwiki/pmwiki.php HTTP/1.1" 200 0 "-" "Alert_Alligator_webmonitoring_service_1.6.4_(alertalligator.com)"
54.36.149.68 - - [17/Jul/2022:02:57:39 +0200] "GET /pmwiki/pmwiki.php/Main/2005M%E1rciusiNyilatkozat HTTP/1.1" 200 15044 "-" "Mozilla/5.0 (compatible; AhrefsBot/7.0; +http://ahrefs.com/robot/)"
185.191.171.22 - - [17/Jul/2022:03:06:02 +0200] "GET /robots.txt HTTP/1.1" 404 1181 "-" "Mozilla/5.0 (compatible; SemrushBot/7~bl; +http://www.semrush.com/bot.html)"
185.191.171.37 - - [17/Jul/2022:03:06:02 +0200] "GET /pmwiki/pmwiki.php/Main/CikkekDRM?action=print HTTP/1.1" 200 8479 "-" "Mozilla/5.0 (compatible; SemrushBot/7~bl; +http://www.semrush.com/bot.html)"
212.237.51.151 - - [17/Jul/2022:03:25:29 +0200] "HEAD /pmwiki/pmwiki.php HTTP/1.1" 200 0 "-" "Alert_Alligator_webmonitoring_service_1.6.4_(alertalligator.com)"
54.36.149.106 - - [17/Jul/2022:03:32:10 +0200] "GET /pmwiki/pmwiki.php/Main/2005J%FAniusEKTBBesz%E1mol%F3?action=print HTTP/1.1" 200 8585 "-" "Mozilla/5.0 (compatible; AhrefsBot/7.0; +http://ahrefs.com/robot/)"
49.12.13.109 - - [17/Jul/2022:04:24:36 +0200] "HEAD /pmwiki/pmwiki.php HTTP/1.1" 200 0 "-" "Alert_Alligator_webmonitoring_service_1.6.3_(alertalligator.com)"
54.36.149.76 - - [17/Jul/2022:04:32:18 +0200] "GET /pmwiki/pmwiki.php/Main/2005J%FAniusEKTBBesz%E1mol%F3?action=edit HTTP/1.1" 200 12722 "-" "Mozilla/5.0 (compatible; AhrefsBot/7.0; +http://ahrefs.com/robot/)"
54.36.148.51 - - [17/Jul/2022:05:12:50 +0200] "GET /pmwiki/pmwiki.php/Main/2003M%E1jusiNyilatkozathozKapcsol%F3d%F3Cikk HTTP/1.1" 200 14960 "-" "Mozilla/5.0 (compatible; AhrefsBot/7.0; +http://ahrefs.com/robot/)"
49.12.13.109 - - [17/Jul/2022:05:24:37 +0200] "HEAD /pmwiki/pmwiki.php HTTP/1.1" 200 0 "-" "Alert_Alligator_webmonitoring_service_1.6.3_(alertalligator.com)"
157.90.209.78 - - [17/Jul/2022:05:45:58 +0200] "GET /robots.txt HTTP/1.1" 404 1181 "-" "Mozilla/5.0 (compatible; BLEXBot/1.0; +http://webmeup-crawler.com/)"
157.90.209.78 - - [17/Jul/2022:05:46:00 +0200] "GET /sitemap HTTP/1.1" 404 1181 "-" "Mozilla/5.0 (compatible; BLEXBot/1.0; +http://webmeup-crawler.com/)"
157.90.209.78 - - [17/Jul/2022:05:46:03 +0200] "GET /sitemap.txt HTTP/1.1" 404 1181 "-" "Mozilla/5.0 (compatible; BLEXBot/1.0; +http://webmeup-crawler.com/)"
54.36.149.61 - - [17/Jul/2022:06:11:02 +0200] "GET /pmwiki/pmwiki.php/Main/Power?action=upload HTTP/1.1" 200 12234 "-" "Mozilla/5.0 (compatible; AhrefsBot/7.0; +http://ahrefs.com/robot/)"
49.12.13.109 - - [17/Jul/2022:06:24:03 +0200] "HEAD /pmwiki/pmwiki.php HTTP/1.1" 200 0 "-" "Alert_Alligator_webmonitoring_service_1.6.3_(alertalligator.com)"
207.46.13.1 - - [17/Jul/2022:06:27:54 +0200] "GET /pmwiki/pmwiki.php/Main/H%EDrek HTTP/1.1" 200 15050 "-" "Mozilla/5.0 (compatible; bingbot/2.0; +http://www.bing.com/bingbot.htm)"
185.191.171.12 - - [17/Jul/2022:06:39:11 +0200] "GET /robots.txt HTTP/1.1" 404 1181 "-" "Mozilla/5.0 (compatible; SemrushBot/7~bl; +http://www.semrush.com/bot.html)"
185.191.171.36 - - [17/Jul/2022:06:39:12 +0200] "GET /pmwiki/pmwiki.php/Main/JogiOldal HTTP/1.1" 200 26044 "-" "Mozilla/5.0 (compatible; SemrushBot/7~bl; +http://www.semrush.com/bot.html)"
185.191.171.15 - - [17/Jul/2022:06:56:37 +0200] "GET /pmwiki/pmwiki.php/Main/Marc07PR HTTP/1.1" 200 14243 "-" "Mozilla/5.0 (compatible; SemrushBot/7~bl; +http://www.semrush.com/bot.html)"
49.12.13.109 - - [17/Jul/2022:07:23:07 +0200] "HEAD /pmwiki/pmwiki.php HTTP/1.1" 200 0 "-" "Alert_Alligator_webmonitoring_service_1.6.3_(alertalligator.com)"
212.237.23.143 - - [17/Jul/2022:08:23:37 +0200] "HEAD /pmwiki/pmwiki.php HTTP/1.1" 200 0 "-" "Alert_Alligator_webmonitoring_service_1.6.4_(alertalligator.com)"
192.99.37.124 - - [17/Jul/2022:08:24:20 +0200] "GET /robots.txt HTTP/1.1" 404 1181 "-" "Mozilla/5.0 (compatible; MJ12bot/v1.4.8; http://mj12bot.com/)"
192.99.37.124 - - [17/Jul/2022:08:24:31 +0200] "GET /pmwiki/pmwiki.php/Emeltdijas/Hu HTTP/1.1" 200 13003 "-" "Mozilla/5.0 (compatible; MJ12bot/v1.4.8; http://mj12bot.com/)"
192.99.37.124 - - [17/Jul/2022:08:24:40 +0200] "GET /pmwiki/pmwiki.php/Emeltdijas/Hu?action=diff HTTP/1.1" 403 30 "-" "Mozilla/5.0 (compatible; MJ12bot/v1.4.8; http://mj12bot.com/)"
192.99.37.124 - - [17/Jul/2022:08:24:50 +0200] "GET /pmwiki/pmwiki.php/Emeltdijas/Hu?action=edit HTTP/1.1" 403 30 "-" "Mozilla/5.0 (compatible; MJ12bot/v1.4.8; http://mj12bot.com/)"
192.99.37.124 - - [17/Jul/2022:08:25:08 +0200] "GET /pmwiki/pmwiki.php/Emeltdijas/Hu?action=print HTTP/1.1" 403 30 "-" "Mozilla/5.0 (compatible; MJ12bot/v1.4.8; http://mj12bot.com/)"
192.99.37.124 - - [17/Jul/2022:08:25:23 +0200] "GET /pmwiki/pmwiki.php/Emeltdijas/Hu?action=upload HTTP/1.1" 403 30 "-" "Mozilla/5.0 (compatible; MJ12bot/v1.4.8; http://mj12bot.com/)"
192.99.37.124 - - [17/Jul/2022:08:25:32 +0200] "GET /pmwiki/pmwiki.php/Emeltdijas/Hu?action=upload&upname=wiki.png HTTP/1.1" 403 30 "-" "Mozilla/5.0 (compatible; MJ12bot/v1.4.8; http://mj12bot.com/)"
192.99.37.124 - - [17/Jul/2022:08:25:50 +0200] "GET /pmwiki/pmwiki.php/Main HTTP/1.1" 302 186 "-" "Mozilla/5.0 (compatible; MJ12bot/v1.4.8; http://mj12bot.com/)"
192.99.37.124 - - [17/Jul/2022:08:26:03 +0200] "GET /pmwiki/pmwiki.php/Main/HomePage HTTP/1.1" 200 37269 "-" "Mozilla/5.0 (compatible; MJ12bot/v1.4.8; http://mj12bot.com/)"
192.99.37.124 - - [17/Jul/2022:08:26:18 +0200] "GET /pmwiki/pmwiki.php/Main/2004-esNyilatkozat HTTP/1.1" 200 15702 "-" "Mozilla/5.0 (compatible; MJ12bot/v1.4.8; http://mj12bot.com/)"
192.99.37.124 - - [17/Jul/2022:08:26:32 +0200] "GET /pmwiki/pmwiki.php/Main/2004-esNyilatkozat?action=diff HTTP/1.1" 403 30 "-" "Mozilla/5.0 (compatible; MJ12bot/v1.4.8; http://mj12bot.com/)"
192.99.37.124 - - [17/Jul/2022:08:26:45 +0200] "GET /pmwiki/pmwiki.php/Main/2004-esNyilatkozat?action=edit HTTP/1.1" 403 30 "-" "Mozilla/5.0 (compatible; MJ12bot/v1.4.8; http://mj12bot.com/)"
192.99.37.124 - - [17/Jul/2022:08:26:59 +0200] "GET /pmwiki/pmwiki.php/Main/2004-esNyilatkozat?action=print HTTP/1.1" 403 30 "-" "Mozilla/5.0 (compatible; MJ12bot/v1.4.8; http://mj12bot.com/)"
192.99.37.124 - - [17/Jul/2022:08:27:07 +0200] "GET /pmwiki/pmwiki.php/Main/2004-esNyilatkozat?action=upload HTTP/1.1" 403 30 "-" "Mozilla/5.0 (compatible; MJ12bot/v1.4.8; http://mj12bot.com/)"
192.99.37.124 - - [17/Jul/2022:08:27:16 +0200] "GET /pmwiki/pmwiki.php/Main/2004-esNyilatkozat?action=upload&upname=wiki.png HTTP/1.1" 403 30 "-" "Mozilla/5.0 (compatible; MJ12bot/v1.4.8; http://mj12bot.com/)"
192.99.37.124 - - [17/Jul/2022:08:27:30 +0200] "GET /pmwiki/pmwiki.php/Main/2004Augusztus18 HTTP/1.1" 200 13214 "-" "Mozilla/5.0 (compatible; MJ12bot/v1.4.8; http://mj12bot.com/)"
192.99.37.124 - - [17/Jul/2022:08:27:47 +0200] "GET /pmwiki/pmwiki.php/Main/2004Augusztus18?action=diff HTTP/1.1" 403 30 "-" "Mozilla/5.0 (compatible; MJ12bot/v1.4.8; http://mj12bot.com/)"
192.99.37.124 - - [17/Jul/2022:08:28:05 +0200] "GET /pmwiki/pmwiki.php/Main/2004Augusztus18?action=edit HTTP/1.1" 403 30 "-" "Mozilla/5.0 (compatible; MJ12bot/v1.4.8; http://mj12bot.com/)"
192.99.37.124 - - [17/Jul/2022:08:28:14 +0200] "GET /pmwiki/pmwiki.php/Main/2004Augusztus18?action=print HTTP/1.1" 403 30 "-" "Mozilla/5.0 (compatible; MJ12bot/v1.4.8; http://mj12bot.com/)"
192.99.37.124 - - [17/Jul/2022:08:28:32 +0200] "GET /pmwiki/pmwiki.php/Main/2004Augusztus18?action=upload HTTP/1.1" 403 30 "-" "Mozilla/5.0 (compatible; MJ12bot/v1.4.8; http://mj12bot.com/)"
192.99.37.124 - - [17/Jul/2022:08:28:53 +0200] "GET /pmwiki/pmwiki.php/Main/2004Augusztus18?action=upload&upname=wiki.png HTTP/1.1" 403 30 "-" "Mozilla/5.0 (compatible; MJ12bot/v1.4.8; http://mj12bot.com/)"
192.99.37.124 - - [17/Jul/2022:08:29:03 +0200] "GET /pmwiki/pmwiki.php/Main/2004Augusztus5 HTTP/1.1" 200 15089 "-" "Mozilla/5.0 (compatible; MJ12bot/v1.4.8; http://mj12bot.com/)"
192.99.37.124 - - [17/Jul/2022:08:29:21 +0200] "GET /pmwiki/pmwiki.php/Main/2004Augusztus5?action=diff HTTP/1.1" 403 30 "-" "Mozilla/5.0 (compatible; MJ12bot/v1.4.8; http://mj12bot.com/)"
192.99.37.124 - - [17/Jul/2022:08:29:40 +0200] "GET /pmwiki/pmwiki.php/Main/2004Augusztus5?action=print HTTP/1.1" 403 30 "-" "Mozilla/5.0 (compatible; MJ12bot/v1.4.8; http://mj12bot.com/)"
192.99.37.124 - - [17/Jul/2022:08:29:55 +0200] "GET /pmwiki/pmwiki.php/Main/2004Augusztus5?action=upload HTTP/1.1" 403 30 "-" "Mozilla/5.0 (compatible; MJ12bot/v1.4.8; http://mj12bot.com/)"
192.99.37.124 - - [17/Jul/2022:08:30:04 +0200] "GET /pmwiki/pmwiki.php/Main/2004Augusztus5?action=upload&upname=wiki.png HTTP/1.1" 403 30 "-" "Mozilla/5.0 (compatible; MJ12bot/v1.4.8; http://mj12bot.com/)"
192.99.37.124 - - [17/Jul/2022:08:30:18 +0200] "GET /pmwiki/pmwiki.php/Main/2004Szeptember1 HTTP/1.1" 200 14123 "-" "Mozilla/5.0 (compatible; MJ12bot/v1.4.8; http://mj12bot.com/)"
192.99.37.124 - - [17/Jul/2022:08:30:34 +0200] "GET /pmwiki/pmwiki.php/Main/2004Szeptember1?action=diff HTTP/1.1" 403 30 "-" "Mozilla/5.0 (compatible; MJ12bot/v1.4.8; http://mj12bot.com/)"
192.99.37.124 - - [17/Jul/2022:08:30:45 +0200] "GET /pmwiki/pmwiki.php/Main/2004Szeptember1?action=edit HTTP/1.1" 403 30 "-" "Mozilla/5.0 (compatible; MJ12bot/v1.4.8; http://mj12bot.com/)"
192.99.37.124 - - [17/Jul/2022:08:30:59 +0200] "GET /pmwiki/pmwiki.php/Main/2004Szeptember1?action=print HTTP/1.1" 403 30 "-" "Mozilla/5.0 (compatible; MJ12bot/v1.4.8; http://mj12bot.com/)"
192.99.37.124 - - [17/Jul/2022:08:31:13 +0200] "GET /pmwiki/pmwiki.php/Main/2004Szeptember1?action=upload HTTP/1.1" 403 30 "-" "Mozilla/5.0 (compatible; MJ12bot/v1.4.8; http://mj12bot.com/)"
192.99.37.124 - - [17/Jul/2022:08:31:25 +0200] "GET /pmwiki/pmwiki.php/Main/2004Szeptember1?action=upload&upname=wiki.png HTTP/1.1" 403 30 "-" "Mozilla/5.0 (compatible; MJ12bot/v1.4.8; http://mj12bot.com/)"
192.99.37.124 - - [17/Jul/2022:08:31:35 +0200] "GET /pmwiki/pmwiki.php/Main/2005Szeptember2 HTTP/1.1" 200 13809 "-" "Mozilla/5.0 (compatible; MJ12bot/v1.4.8; http://mj12bot.com/)"
192.99.37.124 - - [17/Jul/2022:08:31:48 +0200] "GET /pmwiki/pmwiki.php/Main/2005Szeptember2?action=diff HTTP/1.1" 403 30 "-" "Mozilla/5.0 (compatible; MJ12bot/v1.4.8; http://mj12bot.com/)"
192.99.37.124 - - [17/Jul/2022:08:32:04 +0200] "GET /pmwiki/pmwiki.php/Main/2005Szeptember2?action=edit HTTP/1.1" 403 30 "-" "Mozilla/5.0 (compatible; MJ12bot/v1.4.8; http://mj12bot.com/)"
192.99.37.124 - - [17/Jul/2022:08:32:18 +0200] "GET /pmwiki/pmwiki.php/Main/2005Szeptember2?action=print HTTP/1.1" 403 30 "-" "Mozilla/5.0 (compatible; MJ12bot/v1.4.8; http://mj12bot.com/)"
192.99.37.124 - - [17/Jul/2022:08:32:30 +0200] "GET /pmwiki/pmwiki.php/Main/2005Szeptember2?action=upload HTTP/1.1" 403 30 "-" "Mozilla/5.0 (compatible; MJ12bot/v1.4.8; http://mj12bot.com/)"
192.99.37.124 - - [17/Jul/2022:08:32:48 +0200] "GET /pmwiki/pmwiki.php/Main/2005Szeptember2?action=upload&upname=wiki.png HTTP/1.1" 403 30 "-" "Mozilla/5.0 (compatible; MJ12bot/v1.4.8; http://mj12bot.com/)"
192.99.37.124 - - [17/Jul/2022:08:33:01 +0200] "GET /pmwiki/pmwiki.php/Main/AJelenlegiSzerzoiJogiTorveny HTTP/1.1" 200 18664 "-" "Mozilla/5.0 (compatible; MJ12bot/v1.4.8; http://mj12bot.com/)"
192.99.37.124 - - [17/Jul/2022:08:33:13 +0200] "GET /pmwiki/pmwiki.php/Main/AJelenlegiSzerzoiJogiTorveny?action=diff HTTP/1.1" 403 30 "-" "Mozilla/5.0 (compatible; MJ12bot/v1.4.8; http://mj12bot.com/)"
192.99.37.124 - - [17/Jul/2022:08:33:27 +0200] "GET /pmwiki/pmwiki.php/Main/AJelenlegiSzerzoiJogiTorveny?action=edit HTTP/1.1" 403 30 "-" "Mozilla/5.0 (compatible; MJ12bot/v1.4.8; http://mj12bot.com/)"
192.99.37.124 - - [17/Jul/2022:08:33:35 +0200] "GET /pmwiki/pmwiki.php/Main/AJelenlegiSzerzoiJogiTorveny?action=print HTTP/1.1" 403 30 "-" "Mozilla/5.0 (compatible; MJ12bot/v1.4.8; http://mj12bot.com/)"
192.99.37.124 - - [17/Jul/2022:08:33:50 +0200] "GET /pmwiki/pmwiki.php/Main/AJelenlegiSzerzoiJogiTorveny?action=upload HTTP/1.1" 403 30 "-" "Mozilla/5.0 (compatible; MJ12bot/v1.4.8; http://mj12bot.com/)"
192.99.37.124 - - [17/Jul/2022:08:34:04 +0200] "GET /pmwiki/pmwiki.php/Main/AJelenlegiSzerzoiJogiTorveny?action=upload&upname=wiki.png HTTP/1.1" 403 30 "-" "Mozilla/5.0 (compatible; MJ12bot/v1.4.8; http://mj12bot.com/)"
192.99.37.124 - - [17/Jul/2022:08:34:20 +0200] "GET /pmwiki/pmwiki.php/Main/AllRecentChanges HTTP/1.1" 200 53080 "-" "Mozilla/5.0 (compatible; MJ12bot/v1.4.8; http://mj12bot.com/)"
192.99.37.124 - - [17/Jul/2022:08:34:29 +0200] "GET /pmwiki/pmwiki.php/Main/AllRecentChanges?action=diff HTTP/1.1" 403 30 "-" "Mozilla/5.0 (compatible; MJ12bot/v1.4.8; http://mj12bot.com/)"
192.99.37.124 - - [17/Jul/2022:08:34:43 +0200] "GET /pmwiki/pmwiki.php/Main/AllRecentChanges?action=edit HTTP/1.1" 403 30 "-" "Mozilla/5.0 (compatible; MJ12bot/v1.4.8; http://mj12bot.com/)"
192.99.37.124 - - [17/Jul/2022:08:34:56 +0200] "GET /pmwiki/pmwiki.php/Main/AllRecentChanges?action=print HTTP/1.1" 403 30 "-" "Mozilla/5.0 (compatible; MJ12bot/v1.4.8; http://mj12bot.com/)"
192.99.37.124 - - [17/Jul/2022:08:35:00 +0200] "GET /pmwiki/pmwiki.php/Main/AllRecentChanges?action=upload HTTP/1.1" 403 30 "-" "Mozilla/5.0 (compatible; MJ12bot/v1.4.8; http://mj12bot.com/)"
192.99.37.124 - - [17/Jul/2022:08:35:15 +0200] "GET /pmwiki/pmwiki.php/Main/AllRecentChanges?action=upload&upname=wiki.png HTTP/1.1" 403 30 "-" "Mozilla/5.0 (compatible; MJ12bot/v1.4.8; http://mj12bot.com/)"
192.99.37.124 - - [17/Jul/2022:08:35:26 +0200] "GET /pmwiki/pmwiki.php/Main/BMEKonferencia HTTP/1.1" 200 14864 "-" "Mozilla/5.0 (compatible; MJ12bot/v1.4.8; http://mj12bot.com/)"
192.99.37.124 - - [17/Jul/2022:08:35:39 +0200] "GET /pmwiki/pmwiki.php/Main/BMEKonferencia?action=diff HTTP/1.1" 403 30 "-" "Mozilla/5.0 (compatible; MJ12bot/v1.4.8; http://mj12bot.com/)"
192.99.37.124 - - [17/Jul/2022:08:35:53 +0200] "GET /pmwiki/pmwiki.php/Main/BMEKonferencia?action=edit HTTP/1.1" 403 30 "-" "Mozilla/5.0 (compatible; MJ12bot/v1.4.8; http://mj12bot.com/)"
192.99.37.124 - - [17/Jul/2022:08:36:04 +0200] "GET /pmwiki/pmwiki.php/Main/BMEKonferencia?action=print HTTP/1.1" 403 30 "-" "Mozilla/5.0 (compatible; MJ12bot/v1.4.8; http://mj12bot.com/)"
192.99.37.124 - - [17/Jul/2022:08:36:18 +0200] "GET /pmwiki/pmwiki.php/Main/BMEKonferencia?action=upload HTTP/1.1" 403 30 "-" "Mozilla/5.0 (compatible; MJ12bot/v1.4.8; http://mj12bot.com/)"
192.99.37.124 - - [17/Jul/2022:08:36:30 +0200] "GET /pmwiki/pmwiki.php/Main/BMEKonferencia?action=upload&upname=wiki.png HTTP/1.1" 403 30 "-" "Mozilla/5.0 (compatible; MJ12bot/v1.4.8; http://mj12bot.com/)"
192.99.37.124 - - [17/Jul/2022:08:36:45 +0200] "GET /pmwiki/pmwiki.php/Main/Bitem0304 HTTP/1.1" 200 17668 "-" "Mozilla/5.0 (compatible; MJ12bot/v1.4.8; http://mj12bot.com/)"
192.99.37.124 - - [17/Jul/2022:08:36:54 +0200] "GET /pmwiki/pmwiki.php/Main/Bitem0304?action=diff HTTP/1.1" 403 30 "-" "Mozilla/5.0 (compatible; MJ12bot/v1.4.8; http://mj12bot.com/)"
192.99.37.124 - - [17/Jul/2022:08:37:04 +0200] "GET /pmwiki/pmwiki.php/Main/Bitem0304?action=edit HTTP/1.1" 403 30 "-" "Mozilla/5.0 (compatible; MJ12bot/v1.4.8; http://mj12bot.com/)"
192.99.37.124 - - [17/Jul/2022:08:37:16 +0200] "GET /pmwiki/pmwiki.php/Main/Bitem0304?action=print HTTP/1.1" 403 30 "-" "Mozilla/5.0 (compatible; MJ12bot/v1.4.8; http://mj12bot.com/)"
192.99.37.124 - - [17/Jul/2022:08:37:28 +0200] "GET /pmwiki/pmwiki.php/Main/Bitem0304?action=upload HTTP/1.1" 403 30 "-" "Mozilla/5.0 (compatible; MJ12bot/v1.4.8; http://mj12bot.com/)"
54.36.148.12 - - [17/Jul/2022:08:37:30 +0200] "GET /pmwiki/pmwiki.php/Main/Nyilatkozatok?action=edit HTTP/1.1" 200 12478 "-" "Mozilla/5.0 (compatible; AhrefsBot/7.0; +http://ahrefs.com/robot/)"
192.99.37.124 - - [17/Jul/2022:08:37:42 +0200] "GET /pmwiki/pmwiki.php/Main/Cache HTTP/1.1" 200 16452 "-" "Mozilla/5.0 (compatible; MJ12bot/v1.4.8; http://mj12bot.com/)"
192.99.37.124 - - [17/Jul/2022:08:37:57 +0200] "GET /pmwiki/pmwiki.php/Main/Cache?action=diff HTTP/1.1" 403 30 "-" "Mozilla/5.0 (compatible; MJ12bot/v1.4.8; http://mj12bot.com/)"
192.99.37.124 - - [17/Jul/2022:08:38:08 +0200] "GET /pmwiki/pmwiki.php/Main/Cache?action=edit HTTP/1.1" 403 30 "-" "Mozilla/5.0 (compatible; MJ12bot/v1.4.8; http://mj12bot.com/)"
192.99.37.124 - - [17/Jul/2022:08:38:19 +0200] "GET /pmwiki/pmwiki.php/Main/Cache?action=print HTTP/1.1" 403 30 "-" "Mozilla/5.0 (compatible; MJ12bot/v1.4.8; http://mj12bot.com/)"
192.99.37.124 - - [17/Jul/2022:08:38:30 +0200] "GET /pmwiki/pmwiki.php/Main/Cache?action=upload HTTP/1.1" 403 30 "-" "Mozilla/5.0 (compatible; MJ12bot/v1.4.8; http://mj12bot.com/)"
192.99.37.124 - - [17/Jul/2022:08:38:39 +0200] "GET /pmwiki/pmwiki.php/Main/Cache?action=upload&upname=wiki.png HTTP/1.1" 403 30 "-" "Mozilla/5.0 (compatible; MJ12bot/v1.4.8; http://mj12bot.com/)"
192.99.37.124 - - [17/Jul/2022:08:38:54 +0200] "GET /pmwiki/pmwiki.php/Main/CenZored HTTP/1.1" 200 15129 "-" "Mozilla/5.0 (compatible; MJ12bot/v1.4.8; http://mj12bot.com/)"
192.99.37.124 - - [17/Jul/2022:08:39:15 +0200] "GET /pmwiki/pmwiki.php/Main/CenZored?action=diff HTTP/1.1" 403 30 "-" "Mozilla/5.0 (compatible; MJ12bot/v1.4.8; http://mj12bot.com/)"
192.99.37.124 - - [17/Jul/2022:08:39:26 +0200] "GET /pmwiki/pmwiki.php/Main/CenZored?action=edit HTTP/1.1" 403 30 "-" "Mozilla/5.0 (compatible; MJ12bot/v1.4.8; http://mj12bot.com/)"
192.99.37.124 - - [17/Jul/2022:08:39:39 +0200] "GET /pmwiki/pmwiki.php/Main/CenZored?action=print HTTP/1.1" 403 30 "-" "Mozilla/5.0 (compatible; MJ12bot/v1.4.8; http://mj12bot.com/)"
192.99.37.124 - - [17/Jul/2022:08:39:51 +0200] "GET /pmwiki/pmwiki.php/Main/CenZored?action=upload HTTP/1.1" 403 30 "-" "Mozilla/5.0 (compatible; MJ12bot/v1.4.8; http://mj12bot.com/)"
192.99.37.124 - - [17/Jul/2022:08:40:06 +0200] "GET /pmwiki/pmwiki.php/Main/CenZored?action=upload&upname=wiki.png HTTP/1.1" 403 30 "-" "Mozilla/5.0 (compatible; MJ12bot/v1.4.8; http://mj12bot.com/)"
192.99.37.124 - - [17/Jul/2022:08:40:19 +0200] "GET /pmwiki/pmwiki.php/Main/EztMondjukNekik HTTP/1.1" 200 14106 "-" "Mozilla/5.0 (compatible; MJ12bot/v1.4.8; http://mj12bot.com/)"
114.119.129.110 - - [17/Jul/2022:08:40:30 +0200] "GET /pmwiki/pmwiki.php/PmWiki/WikiNature HTTP/1.1" 200 12473 "-" "Mozilla/5.0 (Linux; Android 7.0;) AppleWebKit/537.36 (KHTML, like Gecko) Mobile Safari/537.36 (compatible; PetalBot;+https://webmaster.petalsearch.com/site/petalbot)"
192.99.37.124 - - [17/Jul/2022:08:40:31 +0200] "GET /pmwiki/pmwiki.php/Main/EztMondjukNekik?action=diff HTTP/1.1" 403 30 "-" "Mozilla/5.0 (compatible; MJ12bot/v1.4.8; http://mj12bot.com/)"
192.99.37.124 - - [17/Jul/2022:08:40:42 +0200] "GET /pmwiki/pmwiki.php/Main/EztMondjukNekik?action=edit HTTP/1.1" 403 30 "-" "Mozilla/5.0 (compatible; MJ12bot/v1.4.8; http://mj12bot.com/)"
192.99.37.124 - - [17/Jul/2022:08:41:00 +0200] "GET /pmwiki/pmwiki.php/Main/EztMondjukNekik?action=print HTTP/1.1" 403 30 "-" "Mozilla/5.0 (compatible; MJ12bot/v1.4.8; http://mj12bot.com/)"
192.99.37.124 - - [17/Jul/2022:08:41:13 +0200] "GET /pmwiki/pmwiki.php/Main/EztMondjukNekik?action=upload HTTP/1.1" 403 30 "-" "Mozilla/5.0 (compatible; MJ12bot/v1.4.8; http://mj12bot.com/)"
192.99.37.124 - - [17/Jul/2022:08:41:22 +0200] "GET /pmwiki/pmwiki.php/Main/EztMondjukNekik?action=upload&upname=wiki.png HTTP/1.1" 403 30 "-" "Mozilla/5.0 (compatible; MJ12bot/v1.4.8; http://mj12bot.com/)"
192.99.37.124 - - [17/Jul/2022:08:41:35 +0200] "GET /pmwiki/pmwiki.php/Main/HomePage HTTP/1.1" 200 37269 "-" "Mozilla/5.0 (compatible; MJ12bot/v1.4.8; http://mj12bot.com/)"
192.99.37.124 - - [17/Jul/2022:08:41:51 +0200] "GET /pmwiki/pmwiki.php/Main/HomePage?action=diff HTTP/1.1" 403 30 "-" "Mozilla/5.0 (compatible; MJ12bot/v1.4.8; http://mj12bot.com/)"
192.99.37.124 - - [17/Jul/2022:08:42:06 +0200] "GET /pmwiki/pmwiki.php/Main/HomePage?action=diff&source=n&minor=n HTTP/1.1" 403 30 "-" "Mozilla/5.0 (compatible; MJ12bot/v1.4.8; http://mj12bot.com/)"
192.99.37.124 - - [17/Jul/2022:08:42:19 +0200] "GET /pmwiki/pmwiki.php/Main/HomePage?action=diff&source=y&minor=n HTTP/1.1" 403 30 "-" "Mozilla/5.0 (compatible; MJ12bot/v1.4.8; http://mj12bot.com/)"
192.99.37.124 - - [17/Jul/2022:08:42:30 +0200] "GET /pmwiki/pmwiki.php/Main/HomePage?action=diff&source=y&minor=y HTTP/1.1" 403 30 "-" "Mozilla/5.0 (compatible; MJ12bot/v1.4.8; http://mj12bot.com/)"
114.119.129.110 - - [17/Jul/2022:08:42:37 +0200] "GET /pmwiki/pmwiki.php/Main/2004Augusztus5?action=diff HTTP/1.1" 200 16408 "http://swpat.zpok.hu/pmwiki/pmwiki.php/Main/2004Augusztus5" "Mozilla/5.0 (Linux; Android 7.0;) AppleWebKit/537.36 (KHTML, like Gecko) Mobile Safari/537.36 (compatible; PetalBot;+https://webmaster.petalsearch.com/site/petalbot)"
192.99.37.124 - - [17/Jul/2022:08:42:46 +0200] "GET /pmwiki/pmwiki.php/Main/HomePage?action=edit HTTP/1.1" 403 30 "-" "Mozilla/5.0 (compatible; MJ12bot/v1.4.8; http://mj12bot.com/)"
192.99.37.124 - - [17/Jul/2022:08:42:56 +0200] "GET /pmwiki/pmwiki.php/Main/HomePage?action=edit&restore=diff:1107862502:1102061492:&preview=y HTTP/1.1" 403 30 "-" "Mozilla/5.0 (compatible; MJ12bot/v1.4.8; http://mj12bot.com/)"
192.99.37.124 - - [17/Jul/2022:08:43:12 +0200] "GET /pmwiki/pmwiki.php/Main/HomePage?action=edit&restore=diff:1107862863:1107862502:&preview=y HTTP/1.1" 403 30 "-" "Mozilla/5.0 (compatible; MJ12bot/v1.4.8; http://mj12bot.com/)"
192.99.37.124 - - [17/Jul/2022:08:43:26 +0200] "GET /pmwiki/pmwiki.php/Main/HomePage?action=edit&restore=diff:1107863698:1107862863:&preview=y HTTP/1.1" 403 30 "-" "Mozilla/5.0 (compatible; MJ12bot/v1.4.8; http://mj12bot.com/)"
192.99.37.124 - - [17/Jul/2022:08:43:44 +0200] "GET /pmwiki/pmwiki.php/Main/HomePage?action=edit&restore=diff:1107865557:1107863698:minor&preview=y HTTP/1.1" 403 30 "-" "Mozilla/5.0 (compatible; MJ12bot/v1.4.8; http://mj12bot.com/)"
192.99.37.124 - - [17/Jul/2022:08:43:58 +0200] "GET /pmwiki/pmwiki.php/Main/HomePage?action=edit&restore=diff:1107866378:1107865557:&preview=y HTTP/1.1" 403 30 "-" "Mozilla/5.0 (compatible; MJ12bot/v1.4.8; http://mj12bot.com/)"
192.99.37.124 - - [17/Jul/2022:08:44:11 +0200] "GET /pmwiki/pmwiki.php/Main/HomePage?action=edit&restore=diff:1107875006:1107866378:&preview=y HTTP/1.1" 403 30 "-" "Mozilla/5.0 (compatible; MJ12bot/v1.4.8; http://mj12bot.com/)"
192.99.37.124 - - [17/Jul/2022:08:44:25 +0200] "GET /pmwiki/pmwiki.php/Main/HomePage?action=edit&restore=diff:1107876303:1107875006:&preview=y HTTP/1.1" 403 30 "-" "Mozilla/5.0 (compatible; MJ12bot/v1.4.8; http://mj12bot.com/)"
192.99.37.124 - - [17/Jul/2022:08:44:35 +0200] "GET /pmwiki/pmwiki.php/Main/HomePage?action=edit&restore=diff:1108152658:1107876303:&preview=y HTTP/1.1" 403 30 "-" "Mozilla/5.0 (compatible; MJ12bot/v1.4.8; http://mj12bot.com/)"
192.99.37.124 - - [17/Jul/2022:08:44:48 +0200] "GET /pmwiki/pmwiki.php/Main/HomePage?action=edit&restore=diff:1108754653:1108152658:&preview=y HTTP/1.1" 403 30 "-" "Mozilla/5.0 (compatible; MJ12bot/v1.4.8; http://mj12bot.com/)"
192.99.37.124 - - [17/Jul/2022:08:45:04 +0200] "GET /pmwiki/pmwiki.php/Main/HomePage?action=edit&restore=diff:1108754689:1108754653:&preview=y HTTP/1.1" 403 30 "-" "Mozilla/5.0 (compatible; MJ12bot/v1.4.8; http://mj12bot.com/)"
192.99.37.124 - - [17/Jul/2022:08:45:11 +0200] "GET /pmwiki/pmwiki.php/Main/HomePage?action=edit&restore=diff:1110468970:1109325560:&preview=y HTTP/1.1" 403 30 "-" "Mozilla/5.0 (compatible; MJ12bot/v1.4.8; http://mj12bot.com/)"
192.99.37.124 - - [17/Jul/2022:08:45:25 +0200] "GET /pmwiki/pmwiki.php/Main/HomePage?action=edit&restore=diff:1110525409:1110468970:&preview=y HTTP/1.1" 403 30 "-" "Mozilla/5.0 (compatible; MJ12bot/v1.4.8; http://mj12bot.com/)"
192.99.37.124 - - [17/Jul/2022:08:45:35 +0200] "GET /pmwiki/pmwiki.php/Main/HomePage?action=edit&restore=diff:1110531268:1110525409:&preview=y HTTP/1.1" 403 30 "-" "Mozilla/5.0 (compatible; MJ12bot/v1.4.8; http://mj12bot.com/)"
192.99.37.124 - - [17/Jul/2022:08:45:48 +0200] "GET /pmwiki/pmwiki.php/Main/HomePage?action=edit&restore=diff:1110531317:1110531300:&preview=y HTTP/1.1" 403 30 "-" "Mozilla/5.0 (compatible; MJ12bot/v1.4.8; http://mj12bot.com/)"
192.99.37.124 - - [17/Jul/2022:08:45:57 +0200] "GET /pmwiki/pmwiki.php/Main/HomePage?action=edit&restore=diff:1115108240:1110543897:&preview=y HTTP/1.1" 403 30 "-" "Mozilla/5.0 (compatible; MJ12bot/v1.4.8; http://mj12bot.com/)"
192.99.37.124 - - [17/Jul/2022:08:46:03 +0200] "GET /pmwiki/pmwiki.php/Main/HomePage?action=edit&restore=diff:1115110455:1115108240:&preview=y HTTP/1.1" 403 30 "-" "Mozilla/5.0 (compatible; MJ12bot/v1.4.8; http://mj12bot.com/)"
192.99.37.124 - - [17/Jul/2022:08:46:07 +0200] "GET /pmwiki/pmwiki.php/Main/HomePage?action=edit&restore=diff:1115110532:1115110455:&preview=y HTTP/1.1" 403 30 "-" "Mozilla/5.0 (compatible; MJ12bot/v1.4.8; http://mj12bot.com/)"
192.99.37.124 - - [17/Jul/2022:08:46:16 +0200] "GET /pmwiki/pmwiki.php/Main/HomePage?action=edit&restore=diff:1115118797:1115118658:&preview=y HTTP/1.1" 403 30 "-" "Mozilla/5.0 (compatible; MJ12bot/v1.4.8; http://mj12bot.com/)"
192.99.37.124 - - [17/Jul/2022:08:46:30 +0200] "GET /pmwiki/pmwiki.php/Main/HomePage?action=edit&restore=diff:1118405459:1115118797:&preview=y HTTP/1.1" 403 30 "-" "Mozilla/5.0 (compatible; MJ12bot/v1.4.8; http://mj12bot.com/)"
192.99.37.124 - - [17/Jul/2022:08:46:40 +0200] "GET /pmwiki/pmwiki.php/Main/HomePage?action=edit&restore=diff:1118535220:1118405459:&preview=y HTTP/1.1" 403 30 "-" "Mozilla/5.0 (compatible; MJ12bot/v1.4.8; http://mj12bot.com/)"
192.99.37.124 - - [17/Jul/2022:08:46:54 +0200] "GET /pmwiki/pmwiki.php/Main/HomePage?action=edit&restore=diff:1118537025:1118535418:&preview=y HTTP/1.1" 403 30 "-" "Mozilla/5.0 (compatible; MJ12bot/v1.4.8; http://mj12bot.com/)"
192.99.37.124 - - [17/Jul/2022:08:47:02 +0200] "GET /pmwiki/pmwiki.php/Main/HomePage?action=edit&restore=diff:1118660358:1118537025:&preview=y HTTP/1.1" 403 30 "-" "Mozilla/5.0 (compatible; MJ12bot/v1.4.8; http://mj12bot.com/)"
192.99.37.124 - - [17/Jul/2022:08:47:18 +0200] "GET /pmwiki/pmwiki.php/Main/HomePage?action=edit&restore=diff:1118669126:1118660358:minor&preview=y HTTP/1.1" 403 30 "-" "Mozilla/5.0 (compatible; MJ12bot/v1.4.8; http://mj12bot.com/)"
192.99.37.124 - - [17/Jul/2022:08:47:27 +0200] "GET /pmwiki/pmwiki.php/Main/HomePage?action=edit&restore=diff:1118669436:1118669126:&preview=y HTTP/1.1" 403 30 "-" "Mozilla/5.0 (compatible; MJ12bot/v1.4.8; http://mj12bot.com/)"
192.99.37.124 - - [17/Jul/2022:08:47:38 +0200] "GET /pmwiki/pmwiki.php/Main/HomePage?action=edit&restore=diff:1118771423:1118669436:minor&preview=y HTTP/1.1" 403 30 "-" "Mozilla/5.0 (compatible; MJ12bot/v1.4.8; http://mj12bot.com/)"
192.99.37.124 - - [17/Jul/2022:08:47:56 +0200] "GET /pmwiki/pmwiki.php/Main/HomePage?action=edit&restore=diff:1118856415:1118771423:&preview=y HTTP/1.1" 403 30 "-" "Mozilla/5.0 (compatible; MJ12bot/v1.4.8; http://mj12bot.com/)"
192.99.37.124 - - [17/Jul/2022:08:48:10 +0200] "GET /pmwiki/pmwiki.php/Main/HomePage?action=edit&restore=diff:1118856443:1118856415:minor&preview=y HTTP/1.1" 403 30 "-" "Mozilla/5.0 (compatible; MJ12bot/v1.4.8; http://mj12bot.com/)"
114.119.129.110 - - [17/Jul/2022:08:48:11 +0200] "GET /pmwiki/pmwiki.php/Main/McCreevy?action=edit HTTP/1.1" 200 12402 "http://swpat.zpok.hu/pmwiki/pmwiki.php/Main/McCreevy" "Mozilla/5.0 (Linux; Android 7.0;) AppleWebKit/537.36 (KHTML, like Gecko) Mobile Safari/537.36 (compatible; PetalBot;+https://webmaster.petalsearch.com/site/petalbot)"
192.99.37.124 - - [17/Jul/2022:08:48:25 +0200] "GET /pmwiki/pmwiki.php/Main/HomePage?action=edit&restore=diff:1118856464:1118856443:&preview=y HTTP/1.1" 403 30 "-" "Mozilla/5.0 (compatible; MJ12bot/v1.4.8; http://mj12bot.com/)"
192.99.37.124 - - [17/Jul/2022:08:48:37 +0200] "GET /pmwiki/pmwiki.php/Main/HomePage?action=edit&restore=diff:1118862400:1118856464:minor&preview=y HTTP/1.1" 403 30 "-" "Mozilla/5.0 (compatible; MJ12bot/v1.4.8; http://mj12bot.com/)"
192.99.37.124 - - [17/Jul/2022:08:48:50 +0200] "GET /pmwiki/pmwiki.php/Main/HomePage?action=edit&restore=diff:1118862694:1118862400:minor&preview=y HTTP/1.1" 403 30 "-" "Mozilla/5.0 (compatible; MJ12bot/v1.4.8; http://mj12bot.com/)"
192.99.37.124 - - [17/Jul/2022:08:49:03 +0200] "GET /pmwiki/pmwiki.php/Main/HomePage?action=edit&restore=diff:1118862872:1118862694:minor&preview=y HTTP/1.1" 403 30 "-" "Mozilla/5.0 (compatible; MJ12bot/v1.4.8; http://mj12bot.com/)"
192.99.37.124 - - [17/Jul/2022:08:49:14 +0200] "GET /pmwiki/pmwiki.php/Main/HomePage?action=edit&restore=diff:1118863092:1118862872:minor&preview=y HTTP/1.1" 403 30 "-" "Mozilla/5.0 (compatible; MJ12bot/v1.4.8; http://mj12bot.com/)"
192.99.37.124 - - [17/Jul/2022:08:49:33 +0200] "GET /pmwiki/pmwiki.php/Main/HomePage?action=edit&restore=diff:1118863126:1118863092:minor&preview=y HTTP/1.1" 403 30 "-" "Mozilla/5.0 (compatible; MJ12bot/v1.4.8; http://mj12bot.com/)"
192.99.37.124 - - [17/Jul/2022:08:49:46 +0200] "GET /pmwiki/pmwiki.php/Main/HomePage?action=edit&restore=diff:1118991307:1118863126:&preview=y HTTP/1.1" 403 30 "-" "Mozilla/5.0 (compatible; MJ12bot/v1.4.8; http://mj12bot.com/)"
192.99.37.124 - - [17/Jul/2022:08:50:00 +0200] "GET /pmwiki/pmwiki.php/Main/HomePage?action=edit&restore=diff:1119252632:1118991307:minor&preview=y HTTP/1.1" 403 30 "-" "Mozilla/5.0 (compatible; MJ12bot/v1.4.8; http://mj12bot.com/)"
192.99.37.124 - - [17/Jul/2022:08:50:12 +0200] "GET /pmwiki/pmwiki.php/Main/HomePage?action=edit&restore=diff:1119252925:1119252632:minor&preview=y HTTP/1.1" 403 30 "-" "Mozilla/5.0 (compatible; MJ12bot/v1.4.8; http://mj12bot.com/)"
192.99.37.124 - - [17/Jul/2022:08:50:24 +0200] "GET /pmwiki/pmwiki.php/Main/HomePage?action=edit&restore=diff:1119264932:1119252925:&preview=y HTTP/1.1" 403 30 "-" "Mozilla/5.0 (compatible; MJ12bot/v1.4.8; http://mj12bot.com/)"
192.99.37.124 - - [17/Jul/2022:08:50:35 +0200] "GET /pmwiki/pmwiki.php/Main/HomePage?action=edit&restore=diff:1120222329:1119264932:minor&preview=y HTTP/1.1" 403 30 "-" "Mozilla/5.0 (compatible; MJ12bot/v1.4.8; http://mj12bot.com/)"
192.99.37.124 - - [17/Jul/2022:08:50:51 +0200] "GET /pmwiki/pmwiki.php/Main/HomePage?action=edit&restore=diff:1120222412:1120222329:minor&preview=y HTTP/1.1" 403 30 "-" "Mozilla/5.0 (compatible; MJ12bot/v1.4.8; http://mj12bot.com/)"
192.99.37.124 - - [17/Jul/2022:08:51:13 +0200] "GET /pmwiki/pmwiki.php/Main/HomePage?action=edit&restore=diff:1120223814:1120222412:minor&preview=y HTTP/1.1" 403 30 "-" "Mozilla/5.0 (compatible; MJ12bot/v1.4.8; http://mj12bot.com/)"
192.99.37.124 - - [17/Jul/2022:08:51:25 +0200] "GET /pmwiki/pmwiki.php/Main/HomePage?action=edit&restore=diff:1120224129:1120223814:minor&preview=y HTTP/1.1" 403 30 "-" "Mozilla/5.0 (compatible; MJ12bot/v1.4.8; http://mj12bot.com/)"
192.99.37.124 - - [17/Jul/2022:08:51:36 +0200] "GET /pmwiki/pmwiki.php/Main/HomePage?action=edit&restore=diff:1120224458:1120224129:minor&preview=y HTTP/1.1" 403 30 "-" "Mozilla/5.0 (compatible; MJ12bot/v1.4.8; http://mj12bot.com/)"
192.99.37.124 - - [17/Jul/2022:08:51:54 +0200] "GET /pmwiki/pmwiki.php/Main/HomePage?action=edit&restore=diff:1120224578:1120224458:minor&preview=y HTTP/1.1" 403 30 "-" "Mozilla/5.0 (compatible; MJ12bot/v1.4.8; http://mj12bot.com/)"
192.99.37.124 - - [17/Jul/2022:08:52:06 +0200] "GET /pmwiki/pmwiki.php/Main/HomePage?action=edit&restore=diff:1120335850:1120224578:&preview=y HTTP/1.1" 403 30 "-" "Mozilla/5.0 (compatible; MJ12bot/v1.4.8; http://mj12bot.com/)"
192.99.37.124 - - [17/Jul/2022:08:52:16 +0200] "GET /pmwiki/pmwiki.php/Main/HomePage?action=edit&restore=diff:1120340302:1120335850:&preview=y HTTP/1.1" 403 30 "-" "Mozilla/5.0 (compatible; MJ12bot/v1.4.8; http://mj12bot.com/)"
192.99.37.124 - - [17/Jul/2022:08:52:35 +0200] "GET /pmwiki/pmwiki.php/Main/HomePage?action=edit&restore=diff:1120344024:1120341027:minor&preview=y HTTP/1.1" 403 30 "-" "Mozilla/5.0 (compatible; MJ12bot/v1.4.8; http://mj12bot.com/)"
192.99.37.124 - - [17/Jul/2022:08:52:46 +0200] "GET /pmwiki/pmwiki.php/Main/HomePage?action=edit&restore=diff:1120344097:1120344024:minor&preview=y HTTP/1.1" 403 30 "-" "Mozilla/5.0 (compatible; MJ12bot/v1.4.8; http://mj12bot.com/)"
192.99.37.124 - - [17/Jul/2022:08:52:58 +0200] "GET /pmwiki/pmwiki.php/Main/HomePage?action=edit&restore=diff:1120344349:1120344097:&preview=y HTTP/1.1" 403 30 "-" "Mozilla/5.0 (compatible; MJ12bot/v1.4.8; http://mj12bot.com/)"
192.99.37.124 - - [17/Jul/2022:08:53:02 +0200] "GET /pmwiki/pmwiki.php/Main/HomePage?action=edit&restore=diff:1120345145:1120344349:&preview=y HTTP/1.1" 403 30 "-" "Mozilla/5.0 (compatible; MJ12bot/v1.4.8; http://mj12bot.com/)"
192.99.37.124 - - [17/Jul/2022:08:53:14 +0200] "GET /pmwiki/pmwiki.php/Main/HomePage?action=edit&restore=diff:1120345172:1120345145:&preview=y HTTP/1.1" 403 30 "-" "Mozilla/5.0 (compatible; MJ12bot/v1.4.8; http://mj12bot.com/)"
192.99.37.124 - - [17/Jul/2022:08:53:23 +0200] "GET /pmwiki/pmwiki.php/Main/HomePage?action=edit&restore=diff:1120345201:1120345172:minor&preview=y HTTP/1.1" 403 30 "-" "Mozilla/5.0 (compatible; MJ12bot/v1.4.8; http://mj12bot.com/)"
192.99.37.124 - - [17/Jul/2022:08:53:37 +0200] "GET /pmwiki/pmwiki.php/Main/HomePage?action=edit&restore=diff:1120345331:1120345201:minor&preview=y HTTP/1.1" 403 30 "-" "Mozilla/5.0 (compatible; MJ12bot/v1.4.8; http://mj12bot.com/)"
192.99.37.124 - - [17/Jul/2022:08:53:52 +0200] "GET /pmwiki/pmwiki.php/Main/HomePage?action=edit&restore=diff:1120373792:1120345331:&preview=y HTTP/1.1" 403 30 "-" "Mozilla/5.0 (compatible; MJ12bot/v1.4.8; http://mj12bot.com/)"
192.99.37.124 - - [17/Jul/2022:08:54:05 +0200] "GET /pmwiki/pmwiki.php/Main/HomePage?action=edit&restore=diff:1120472756:1120373792:&preview=y HTTP/1.1" 403 30 "-" "Mozilla/5.0 (compatible; MJ12bot/v1.4.8; http://mj12bot.com/)"
192.99.37.124 - - [17/Jul/2022:08:54:17 +0200] "GET /pmwiki/pmwiki.php/Main/HomePage?action=edit&restore=diff:1120672851:1120472756:&preview=y HTTP/1.1" 403 30 "-" "Mozilla/5.0 (compatible; MJ12bot/v1.4.8; http://mj12bot.com/)"
192.99.37.124 - - [17/Jul/2022:08:54:31 +0200] "GET /pmwiki/pmwiki.php/Main/HomePage?action=edit&restore=diff:1120672886:1120672851:&preview=y HTTP/1.1" 403 30 "-" "Mozilla/5.0 (compatible; MJ12bot/v1.4.8; http://mj12bot.com/)"
192.99.37.124 - - [17/Jul/2022:08:54:43 +0200] "GET /pmwiki/pmwiki.php/Main/HomePage?action=edit&restore=diff:1120672976:1120672886:&preview=y HTTP/1.1" 403 30 "-" "Mozilla/5.0 (compatible; MJ12bot/v1.4.8; http://mj12bot.com/)"
192.99.37.124 - - [17/Jul/2022:08:54:55 +0200] "GET /pmwiki/pmwiki.php/Main/HomePage?action=edit&restore=diff:1121079706:1120672976:minor&preview=y HTTP/1.1" 403 30 "-" "Mozilla/5.0 (compatible; MJ12bot/v1.4.8; http://mj12bot.com/)"
192.99.37.124 - - [17/Jul/2022:08:55:06 +0200] "GET /pmwiki/pmwiki.php/Main/HomePage?action=edit&restore=diff:1121361899:1121079706:&preview=y HTTP/1.1" 403 30 "-" "Mozilla/5.0 (compatible; MJ12bot/v1.4.8; http://mj12bot.com/)"
192.99.37.124 - - [17/Jul/2022:08:55:23 +0200] "GET /pmwiki/pmwiki.php/Main/HomePage?action=edit&restore=diff:1121415639:1121361899:minor&preview=y HTTP/1.1" 403 30 "-" "Mozilla/5.0 (compatible; MJ12bot/v1.4.8; http://mj12bot.com/)"
192.99.37.124 - - [17/Jul/2022:08:55:34 +0200] "GET /pmwiki/pmwiki.php/Main/HomePage?action=edit&restore=diff:1121632651:1121415639:&preview=y HTTP/1.1" 403 30 "-" "Mozilla/5.0 (compatible; MJ12bot/v1.4.8; http://mj12bot.com/)"
192.99.37.124 - - [17/Jul/2022:08:55:47 +0200] "GET /pmwiki/pmwiki.php/Main/HomePage?action=edit&restore=diff:1121689438:1121632651:minor&preview=y HTTP/1.1" 403 30 "-" "Mozilla/5.0 (compatible; MJ12bot/v1.4.8; http://mj12bot.com/)"
192.99.37.124 - - [17/Jul/2022:08:56:02 +0200] "GET /pmwiki/pmwiki.php/Main/HomePage?action=edit&restore=diff:1129022318:1121689438:minor&preview=y HTTP/1.1" 403 30 "-" "Mozilla/5.0 (compatible; MJ12bot/v1.4.8; http://mj12bot.com/)"
192.99.37.124 - - [17/Jul/2022:08:56:15 +0200] "GET /pmwiki/pmwiki.php/Main/HomePage?action=edit&restore=diff:1129029914:1129022318:minor&preview=y HTTP/1.1" 403 30 "-" "Mozilla/5.0 (compatible; MJ12bot/v1.4.8; http://mj12bot.com/)"
192.99.37.124 - - [17/Jul/2022:08:56:23 +0200] "GET /pmwiki/pmwiki.php/Main/HomePage?action=edit&restore=diff:1129033765:1129029914:minor&preview=y HTTP/1.1" 403 30 "-" "Mozilla/5.0 (compatible; MJ12bot/v1.4.8; http://mj12bot.com/)"
192.99.37.124 - - [17/Jul/2022:08:56:36 +0200] "GET /pmwiki/pmwiki.php/Main/HomePage?action=edit&restore=diff:1129544646:1129033765:&preview=y HTTP/1.1" 403 30 "-" "Mozilla/5.0 (compatible; MJ12bot/v1.4.8; http://mj12bot.com/)"
192.99.37.124 - - [17/Jul/2022:08:56:48 +0200] "GET /pmwiki/pmwiki.php/Main/HomePage?action=edit&restore=diff:1129800653:1129544646:minor&preview=y HTTP/1.1" 403 30 "-" "Mozilla/5.0 (compatible; MJ12bot/v1.4.8; http://mj12bot.com/)"
192.99.37.124 - - [17/Jul/2022:08:57:10 +0200] "GET /pmwiki/pmwiki.php/Main/HomePage?action=edit&restore=diff:1132153292:1129800653:&preview=y HTTP/1.1" 403 30 "-" "Mozilla/5.0 (compatible; MJ12bot/v1.4.8; http://mj12bot.com/)"
192.99.37.124 - - [17/Jul/2022:08:57:24 +0200] "GET /pmwiki/pmwiki.php/Main/HomePage?action=print HTTP/1.1" 403 30 "-" "Mozilla/5.0 (compatible; MJ12bot/v1.4.8; http://mj12bot.com/)"
192.99.37.124 - - [17/Jul/2022:08:57:42 +0200] "GET /pmwiki/pmwiki.php/Main/HomePage?action=upload HTTP/1.1" 403 30 "-" "Mozilla/5.0 (compatible; MJ12bot/v1.4.8; http://mj12bot.com/)"
192.99.37.124 - - [17/Jul/2022:08:57:55 +0200] "GET /pmwiki/pmwiki.php/Main/HomePage?action=upload&upname=wiki.png HTTP/1.1" 403 30 "-" "Mozilla/5.0 (compatible; MJ12bot/v1.4.8; http://mj12bot.com/)"
192.99.37.124 - - [17/Jul/2022:08:58:09 +0200] "GET /pmwiki/pmwiki.php/Main/LehetsegesJavitasokEuropaban HTTP/1.1" 200 14070 "-" "Mozilla/5.0 (compatible; MJ12bot/v1.4.8; http://mj12bot.com/)"
192.99.37.124 - - [17/Jul/2022:08:58:19 +0200] "GET /pmwiki/pmwiki.php/Main/LehetsegesJavitasokEuropaban?action=diff HTTP/1.1" 403 30 "-" "Mozilla/5.0 (compatible; MJ12bot/v1.4.8; http://mj12bot.com/)"
192.99.37.124 - - [17/Jul/2022:08:58:37 +0200] "GET /pmwiki/pmwiki.php/Main/LehetsegesJavitasokEuropaban?action=edit HTTP/1.1" 403 30 "-" "Mozilla/5.0 (compatible; MJ12bot/v1.4.8; http://mj12bot.com/)"
192.99.37.124 - - [17/Jul/2022:08:58:51 +0200] "GET /pmwiki/pmwiki.php/Main/LehetsegesJavitasokEuropaban?action=print HTTP/1.1" 403 30 "-" "Mozilla/5.0 (compatible; MJ12bot/v1.4.8; http://mj12bot.com/)"
192.99.37.124 - - [17/Jul/2022:08:58:57 +0200] "GET /pmwiki/pmwiki.php/Main/LehetsegesJavitasokEuropaban?action=upload HTTP/1.1" 403 30 "-" "Mozilla/5.0 (compatible; MJ12bot/v1.4.8; http://mj12bot.com/)"
192.99.37.124 - - [17/Jul/2022:08:59:04 +0200] "GET /pmwiki/pmwiki.php/Main/LehetsegesJavitasokEuropaban?action=upload&upname=wiki.png HTTP/1.1" 403 30 "-" "Mozilla/5.0 (compatible; MJ12bot/v1.4.8; http://mj12bot.com/)"
185.191.171.23 - - [17/Jul/2022:09:06:59 +0200] "GET /robots.txt HTTP/1.1" 404 1181 "-" "Mozilla/5.0 (compatible; SemrushBot/7~bl; +http://www.semrush.com/bot.html)"
185.191.171.39 - - [17/Jul/2022:09:07:00 +0200] "GET /pmwiki/pmwiki.php/Main/JogiOldal?action=print HTTP/1.1" 200 16476 "-" "Mozilla/5.0 (compatible; SemrushBot/7~bl; +http://www.semrush.com/bot.html)"
49.12.13.109 - - [17/Jul/2022:09:23:43 +0200] "HEAD /pmwiki/pmwiki.php HTTP/1.1" 200 0 "-" "Alert_Alligator_webmonitoring_service_1.6.3_(alertalligator.com)"
49.12.13.109 - - [17/Jul/2022:10:04:30 +0200] "HEAD /pmwiki/pmwiki.php HTTP/1.1" 200 0 "-" "Alert_Alligator_webmonitoring_service_1.6.4_(alertalligator.com)"
77.88.5.2 - - [17/Jul/2022:10:07:33 +0200] "GET /robots.txt HTTP/1.1" 404 1181 "-" "Mozilla/5.0 (compatible; YandexBot/3.0; +http://yandex.com/bots)"
77.88.5.2 - - [17/Jul/2022:10:07:37 +0200] "GET /pmwiki/pmwiki.php/Main/Power HTTP/1.1" 200 20204 "-" "Mozilla/5.0 (compatible; YandexBot/3.0; +http://yandex.com/bots)"
185.191.171.12 - - [17/Jul/2022:10:16:54 +0200] "GET /robots.txt HTTP/1.1" 404 1181 "-" "Mozilla/5.0 (compatible; SemrushBot/7~bl; +http://www.semrush.com/bot.html)"
185.191.171.1 - - [17/Jul/2022:10:16:55 +0200] "GET /pmwiki/pmwiki.php/Main/Comission-negatesDemocracy?action=diff HTTP/1.1" 200 17875 "-" "Mozilla/5.0 (compatible; SemrushBot/7~bl; +http://www.semrush.com/bot.html)"
49.12.13.109 - - [17/Jul/2022:11:03:41 +0200] "HEAD /pmwiki/pmwiki.php HTTP/1.1" 200 0 "-" "Alert_Alligator_webmonitoring_service_1.6.3_(alertalligator.com)"
54.36.149.77 - - [17/Jul/2022:11:53:06 +0200] "GET /pmwiki/pmwiki.php/Main/Nyilatkozatok?action=diff HTTP/1.1" 200 33585 "-" "Mozilla/5.0 (compatible; AhrefsBot/7.0; +http://ahrefs.com/robot/)"
185.191.171.33 - - [17/Jul/2022:12:04:19 +0200] "GET /robots.txt HTTP/1.1" 404 1181 "-" "Mozilla/5.0 (compatible; SemrushBot/7~bl; +http://www.semrush.com/bot.html)"
185.191.171.21 - - [17/Jul/2022:12:04:19 +0200] "GET /pmwiki/pmwiki.php/Emeltdijas HTTP/1.1" 404 12046 "-" "Mozilla/5.0 (compatible; SemrushBot/7~bl; +http://www.semrush.com/bot.html)"
212.237.53.115 - - [17/Jul/2022:12:05:09 +0200] "HEAD /pmwiki/pmwiki.php HTTP/1.1" 200 0 "-" "Alert_Alligator_webmonitoring_service_1.6.4_(alertalligator.com)"
77.88.5.157 - - [17/Jul/2022:12:27:53 +0200] "GET /pmwiki/pmwiki.php/Main/Tud%E1smonop%F3lium?action=print HTTP/1.1" 200 7085 "-" "Mozilla/5.0 (compatible; YandexBot/3.0; +http://yandex.com/bots)"
54.36.148.211 - - [17/Jul/2022:12:53:29 +0200] "GET /pmwiki/pmwiki.php/Main/2004-esNyilatkozat HTTP/1.1" 200 15702 "-" "Mozilla/5.0 (compatible; AhrefsBot/7.0; +http://ahrefs.com/robot/)"
193.224.219.40 - - [17/Jul/2022:12:55:41 +0200] "GET / HTTP/1.1" 302 5 "-" "Mozilla/5.0 (X11; Linux x86_64) AppleWebKit/537.36 (KHTML, like Gecko) Chrome/83.0.4103.0 Safari/537.36"
193.224.219.40 - - [17/Jul/2022:12:55:41 +0200] "GET /pmwiki/pmwiki.php HTTP/1.1" 200 37269 "-" "Mozilla/5.0 (X11; Linux x86_64) AppleWebKit/537.36 (KHTML, like Gecko) Chrome/83.0.4103.0 Safari/537.36"
193.224.219.40 - - [17/Jul/2022:12:55:41 +0200] "GET /pmwiki/pub/skins/gila/gila.css HTTP/1.1" 200 8887 "-" "Mozilla/5.0 (X11; Linux x86_64) AppleWebKit/537.36 (KHTML, like Gecko) Chrome/83.0.4103.0 Safari/537.36"
49.12.13.109 - - [17/Jul/2022:13:05:10 +0200] "HEAD /pmwiki/pmwiki.php HTTP/1.1" 200 0 "-" "Alert_Alligator_webmonitoring_service_1.6.3_(alertalligator.com)"
185.191.171.21 - - [17/Jul/2022:13:27:18 +0200] "GET /robots.txt HTTP/1.1" 404 1181 "-" "Mozilla/5.0 (compatible; SemrushBot/7~bl; +http://www.semrush.com/bot.html)"
185.191.171.40 - - [17/Jul/2022:13:27:19 +0200] "GET /pmwiki/pmwiki.php/Main/Comission-negatesDemocracy?action=edit HTTP/1.1" 200 12687 "-" "Mozilla/5.0 (compatible; SemrushBot/7~bl; +http://www.semrush.com/bot.html)"
54.36.148.115 - - [17/Jul/2022:13:46:40 +0200] "GET /pmwiki/pmwiki.php/Main/ThankYouPoland HTTP/1.1" 200 13952 "-" "Mozilla/5.0 (compatible; AhrefsBot/7.0; +http://ahrefs.com/robot/)"
185.191.171.26 - - [17/Jul/2022:13:55:51 +0200] "GET /pmwiki/pmwiki.php/Main/Virsligy%E1r?action=diff HTTP/1.1" 200 26293 "-" "Mozilla/5.0 (compatible; SemrushBot/7~bl; +http://www.semrush.com/bot.html)"
49.12.13.109 - - [17/Jul/2022:14:04:33 +0200] "HEAD /pmwiki/pmwiki.php HTTP/1.1" 200 0 "-" "Alert_Alligator_webmonitoring_service_1.6.3_(alertalligator.com)"
185.191.171.25 - - [17/Jul/2022:14:05:17 +0200] "GET /pmwiki/pmwiki.php/Main/SideBar?action=diff HTTP/1.1" 200 278004 "-" "Mozilla/5.0 (compatible; SemrushBot/7~bl; +http://www.semrush.com/bot.html)"
185.191.171.41 - - [17/Jul/2022:14:09:51 +0200] "GET /pmwiki/pmwiki.php/Main/V%E9delmiP%E9nz?action=print HTTP/1.1" 200 2920 "-" "Mozilla/5.0 (compatible; SemrushBot/7~bl; +http://www.semrush.com/bot.html)"
51.222.253.13 - - [17/Jul/2022:14:34:55 +0200] "GET /robots.txt HTTP/1.1" 404 1181 "-" "Mozilla/5.0 (compatible; AhrefsBot/7.0; +http://ahrefs.com/robot/)"
54.36.148.32 - - [17/Jul/2022:14:34:56 +0200] "GET /pmwiki/pmwiki.php/Main/DRMMunkacsoport?action=diff HTTP/1.1" 200 14573 "-" "Mozilla/5.0 (compatible; AhrefsBot/7.0; +http://ahrefs.com/robot/)"
192.95.29.186 - - [17/Jul/2022:14:37:06 +0200] "GET /robots.txt HTTP/1.1" 404 1181 "-" "Mozilla/5.0 (compatible; MJ12bot/v1.4.8; http://mj12bot.com/)"
192.95.29.186 - - [17/Jul/2022:14:37:09 +0200] "GET /pmwiki/pmwiki.php/Emeltdijas HTTP/1.1" 404 12046 "-" "Mozilla/5.0 (compatible; MJ12bot/v1.4.8; http://mj12bot.com/)"
192.95.29.186 - - [17/Jul/2022:14:37:13 +0200] "GET /pmwiki/pmwiki.php/Main/Cikkek HTTP/1.1" 200 66799 "-" "Mozilla/5.0 (compatible; MJ12bot/v1.4.8; http://mj12bot.com/)"
49.12.13.109 - - [17/Jul/2022:15:03:50 +0200] "HEAD /pmwiki/pmwiki.php HTTP/1.1" 200 0 "-" "Alert_Alligator_webmonitoring_service_1.6.3_(alertalligator.com)"
114.119.129.110 - - [17/Jul/2022:15:11:29 +0200] "GET /pmwiki/pmwiki.php/Main/Marc07PR?action=edit HTTP/1.1" 200 12399 "http://swpat.zpok.hu/pmwiki/pmwiki.php/Main/Marc07PR" "Mozilla/5.0 (Linux; Android 7.0;) AppleWebKit/537.36 (KHTML, like Gecko) Mobile Safari/537.36 (compatible; PetalBot;+https://webmaster.petalsearch.com/site/petalbot)"
54.36.148.145 - - [17/Jul/2022:15:23:03 +0200] "GET /pmwiki/pmwiki.php/Main/Tud%E1smonop%F3lium?action=diff HTTP/1.1" 200 29474 "-" "Mozilla/5.0 (compatible; AhrefsBot/7.0; +http://ahrefs.com/robot/)"
114.119.129.110 - - [17/Jul/2022:15:30:52 +0200] "GET /pmwiki/pmwiki.php/Main/AdelphiAlapokm%E1ny?action=diff HTTP/1.1" 200 17542 "http://swpat.zpok.hu/pmwiki/pmwiki.php/Main/AdelphiAlapokm%e1ny" "Mozilla/5.0 (Linux; Android 7.0;) AppleWebKit/537.36 (KHTML, like Gecko) Mobile Safari/537.36 (compatible; PetalBot;+https://webmaster.petalsearch.com/site/petalbot)"
114.119.129.110 - - [17/Jul/2022:15:40:06 +0200] "GET /pmwiki/pmwiki.php/Main/Google?action=upload HTTP/1.1" 200 12246 "http://swpat.zpok.hu/pmwiki/pmwiki.php/Main/Google" "Mozilla/5.0 (Linux; Android 7.0;) AppleWebKit/537.36 (KHTML, like Gecko) Mobile Safari/537.36 (compatible; PetalBot;+https://webmaster.petalsearch.com/site/petalbot)"
185.191.171.40 - - [17/Jul/2022:15:50:09 +0200] "GET /robots.txt HTTP/1.1" 404 1181 "-" "Mozilla/5.0 (compatible; SemrushBot/7~bl; +http://www.semrush.com/bot.html)"
185.191.171.45 - - [17/Jul/2022:15:50:10 +0200] "GET /pmwiki/pmwiki.php/Main/BillGates%C9sM%E1sKommunist%E1k?action=edit HTTP/1.1" 200 12758 "-" "Mozilla/5.0 (compatible; SemrushBot/7~bl; +http://www.semrush.com/bot.html)"
212.237.53.115 - - [17/Jul/2022:16:00:03 +0200] "HEAD /pmwiki/pmwiki.php HTTP/1.1" 200 0 "-" "Alert_Alligator_webmonitoring_service_1.6.4_(alertalligator.com)"
54.36.149.59 - - [17/Jul/2022:16:08:37 +0200] "GET /pmwiki/pmwiki.php/Main/Tud%E1smonop%F3lium?action=upload HTTP/1.1" 200 12446 "-" "Mozilla/5.0 (compatible; AhrefsBot/7.0; +http://ahrefs.com/robot/)"
77.88.5.2 - - [17/Jul/2022:16:35:42 +0200] "GET /robots.txt HTTP/1.1" 404 1181 "-" "Mozilla/5.0 (compatible; YandexBot/3.0; +http://yandex.com/bots)"
77.88.5.2 - - [17/Jul/2022:16:35:47 +0200] "GET /pmwiki/pmwiki.php/PmWiki/ChangeLog HTTP/1.1" 200 44191 "-" "Mozilla/5.0 (compatible; YandexBot/3.0; +http://yandex.com/bots)"
212.237.51.151 - - [17/Jul/2022:16:48:44 +0200] "HEAD /pmwiki/pmwiki.php HTTP/1.1" 200 0 "-" "Alert_Alligator_webmonitoring_service_1.6.4_(alertalligator.com)"
185.191.171.22 - - [17/Jul/2022:16:57:21 +0200] "GET /robots.txt HTTP/1.1" 404 1181 "-" "Mozilla/5.0 (compatible; SemrushBot/7~bl; +http://www.semrush.com/bot.html)"
185.191.171.43 - - [17/Jul/2022:16:57:22 +0200] "GET /pmwiki/pmwiki.php/Main/SideBar?action=upload HTTP/1.1" 200 12264 "-" "Mozilla/5.0 (compatible; SemrushBot/7~bl; +http://www.semrush.com/bot.html)"
114.119.129.110 - - [17/Jul/2022:17:03:43 +0200] "GET /pmwiki/pmwiki.php/PmWiki/EditVariables HTTP/1.1" 200 17602 "-" "Mozilla/5.0 (Linux; Android 7.0;) AppleWebKit/537.36 (KHTML, like Gecko) Mobile Safari/537.36 (compatible; PetalBot;+https://webmaster.petalsearch.com/site/petalbot)"
54.36.149.102 - - [17/Jul/2022:17:08:57 +0200] "GET /pmwiki/pmwiki.php/Main/HomePage HTTP/1.1" 200 37269 "-" "Mozilla/5.0 (compatible; AhrefsBot/7.0; +http://ahrefs.com/robot/)"
212.237.23.143 - - [17/Jul/2022:17:49:22 +0200] "HEAD /pmwiki/pmwiki.php HTTP/1.1" 200 0 "-" "Alert_Alligator_webmonitoring_service_1.6.4_(alertalligator.com)"
185.191.171.12 - - [17/Jul/2022:18:01:44 +0200] "GET /robots.txt HTTP/1.1" 404 1181 "-" "Mozilla/5.0 (compatible; SemrushBot/7~bl; +http://www.semrush.com/bot.html)"
185.191.171.6 - - [17/Jul/2022:18:01:44 +0200] "GET /pmwiki/pmwiki.php/Main/2005J%FAnius?action=print HTTP/1.1" 200 5490 "-" "Mozilla/5.0 (compatible; SemrushBot/7~bl; +http://www.semrush.com/bot.html)"
185.191.171.13 - - [17/Jul/2022:18:26:10 +0200] "GET /pmwiki/pmwiki.php/Main/Cikkek HTTP/1.1" 200 66799 "-" "Mozilla/5.0 (compatible; SemrushBot/7~bl; +http://www.semrush.com/bot.html)"
54.36.149.76 - - [17/Jul/2022:18:48:30 +0200] "GET /pmwiki/pmwiki.php/Main/Cikkek HTTP/1.1" 200 66799 "-" "Mozilla/5.0 (compatible; AhrefsBot/7.0; +http://ahrefs.com/robot/)"
65.21.233.213 - - [17/Jul/2022:18:48:50 +0200] "GET /robots.txt HTTP/1.1" 404 1181 "-" "Mozilla/5.0 (compatible; MJ12bot/v1.4.8; http://mj12bot.com/)"
65.21.233.213 - - [17/Jul/2022:18:48:55 +0200] "GET /pmwiki/pmwiki.php/Main/Cikkek?action=diff HTTP/1.1" 403 30 "-" "Mozilla/5.0 (compatible; MJ12bot/v1.4.8; http://mj12bot.com/)"
65.21.233.213 - - [17/Jul/2022:18:48:58 +0200] "GET /pmwiki/pmwiki.php/Main/Cikkek?action=edit HTTP/1.1" 403 30 "-" "Mozilla/5.0 (compatible; MJ12bot/v1.4.8; http://mj12bot.com/)"
65.21.233.213 - - [17/Jul/2022:18:49:03 +0200] "GET /pmwiki/pmwiki.php/Main/Cikkek?action=print HTTP/1.1" 403 30 "-" "Mozilla/5.0 (compatible; MJ12bot/v1.4.8; http://mj12bot.com/)"
65.21.233.213 - - [17/Jul/2022:18:49:07 +0200] "GET /pmwiki/pmwiki.php/Main/Cikkek?action=upload HTTP/1.1" 403 30 "-" "Mozilla/5.0 (compatible; MJ12bot/v1.4.8; http://mj12bot.com/)"
65.21.233.213 - - [17/Jul/2022:18:49:13 +0200] "GET /pmwiki/pmwiki.php/Main/Cikkek?action=upload&upname=wiki.png HTTP/1.1" 403 30 "-" "Mozilla/5.0 (compatible; MJ12bot/v1.4.8; http://mj12bot.com/)"
49.12.13.109 - - [17/Jul/2022:18:49:18 +0200] "HEAD /pmwiki/pmwiki.php HTTP/1.1" 200 0 "-" "Alert_Alligator_webmonitoring_service_1.6.3_(alertalligator.com)"
