216.244.66.203 - - [16/Jul/2022:06:16:20 +0200] "GET /pmwiki/pmwiki.php/Main/Cikkek?action=edit&restore=diff:1121079632:1121079529:minor&preview=y HTTP/1.1" 200 12422 "-" "Mozilla/5.0 (compatible; DotBot/1.2; +https://opensiteexplorer.org/dotbot; help@moz.com)"
185.191.171.23 - - [16/Jul/2022:06:36:42 +0200] "GET /robots.txt HTTP/1.1" 404 1181 "-" "Mozilla/5.0 (compatible; SemrushBot/7~bl; +http://www.semrush.com/bot.html)"
185.191.171.42 - - [16/Jul/2022:06:36:43 +0200] "GET /pmwiki/pmwiki.php/Main/2005J%FAnius?action=edit HTTP/1.1" 200 12458 "-" "Mozilla/5.0 (compatible; SemrushBot/7~bl; +http://www.semrush.com/bot.html)"
54.36.148.202 - - [16/Jul/2022:06:46:19 +0200] "GET /pmwiki/pmwiki.php/Main/Nyilatkozatok HTTP/1.1" 200 16071 "-" "Mozilla/5.0 (compatible; AhrefsBot/7.0; +http://ahrefs.com/robot/)"
51.104.47.213 - - [16/Jul/2022:07:03:45 +0200] "GET /.env HTTP/1.1" 404 1181 "-" "Mozilla/5.0 (Macintosh; Intel Mac OS X 10.15; rv:77.0) Gecko/20100101 Firefox/77.0"
51.104.47.213 - - [16/Jul/2022:07:03:45 +0200] "GET /xmlrpc.php HTTP/1.1" 404 1181 "-" "Mozilla/5.0 (Macintosh; Intel Mac OS X 10.15; rv:77.0) Gecko/20100101 Firefox/77.0"
54.36.149.47 - - [16/Jul/2022:07:08:46 +0200] "GET /pmwiki/pmwiki.php/Main/HeringgelMegval%F3s%EDtottTal%E1lm%E1nyok HTTP/1.1" 200 18448 "-" "Mozilla/5.0 (compatible; AhrefsBot/7.0; +http://ahrefs.com/robot/)"
49.12.13.109 - - [16/Jul/2022:07:14:07 +0200] "HEAD /pmwiki/pmwiki.php HTTP/1.1" 200 0 "-" "Alert_Alligator_webmonitoring_service_1.6.3_(alertalligator.com)"
216.244.66.203 - - [16/Jul/2022:07:29:14 +0200] "GET /robots.txt HTTP/1.1" 404 1181 "-" "Mozilla/5.0 (compatible; DotBot/1.2; +https://opensiteexplorer.org/dotbot; help@moz.com)"
114.119.129.110 - - [16/Jul/2022:07:33:49 +0200] "GET /pmwiki/pmwiki.php/Main/AzIPRJavaslat?action=diff HTTP/1.1" 200 16096 "http://swpat.zpok.hu/pmwiki/pmwiki.php/Main/AzIPRJavaslat" "Mozilla/5.0 (Linux; Android 7.0;) AppleWebKit/537.36 (KHTML, like Gecko) Mobile Safari/537.36 (compatible; PetalBot;+https://webmaster.petalsearch.com/site/petalbot)"
54.36.148.19 - - [16/Jul/2022:07:37:03 +0200] "GET /pmwiki/pmwiki.php/Main/2003M%E1jusiNyilatkozat?action=upload HTTP/1.1" 200 12514 "-" "Mozilla/5.0 (compatible; AhrefsBot/7.0; +http://ahrefs.com/robot/)"
216.244.66.203 - - [16/Jul/2022:07:50:28 +0200] "GET /pmwiki/pmwiki.php/Main/Cikkek?action=edit&restore=diff:1122560582:1122541486:minor&preview=y HTTP/1.1" 200 12422 "-" "Mozilla/5.0 (compatible; DotBot/1.2; +https://opensiteexplorer.org/dotbot; help@moz.com)"
212.237.51.151 - - [16/Jul/2022:07:56:26 +0200] "HEAD /pmwiki/pmwiki.php HTTP/1.1" 200 0 "-" "Alert_Alligator_webmonitoring_service_1.6.4_(alertalligator.com)"
216.244.66.203 - - [16/Jul/2022:08:21:10 +0200] "GET /robots.txt HTTP/1.1" 404 1181 "-" "Mozilla/5.0 (compatible; DotBot/1.2; +https://opensiteexplorer.org/dotbot; help@moz.com)"
54.36.148.108 - - [16/Jul/2022:08:39:26 +0200] "GET /pmwiki/pmwiki.php/Main/Nyilatkozatok?action=upload HTTP/1.1" 200 12358 "-" "Mozilla/5.0 (compatible; AhrefsBot/7.0; +http://ahrefs.com/robot/)"
216.244.66.203 - - [16/Jul/2022:08:42:04 +0200] "GET /pmwiki/pmwiki.php/Main/WikiSandbox?action=edit&restore=diff:1116817440:1116379969:minor&preview=y HTTP/1.1" 200 12497 "-" "Mozilla/5.0 (compatible; DotBot/1.2; +https://opensiteexplorer.org/dotbot; help@moz.com)"
77.88.5.2 - - [16/Jul/2022:08:47:14 +0200] "GET /robots.txt HTTP/1.1" 404 1181 "-" "Mozilla/5.0 (compatible; YandexBot/3.0; +http://yandex.com/bots)"
77.88.5.2 - - [16/Jul/2022:08:47:19 +0200] "GET /pmwiki/pmwiki.php/Main/Cikkek?action=print HTTP/1.1" 200 57345 "-" "Mozilla/5.0 (compatible; YandexBot/3.0; +http://yandex.com/bots)"
49.12.13.109 - - [16/Jul/2022:08:56:04 +0200] "HEAD /pmwiki/pmwiki.php HTTP/1.1" 200 0 "-" "Alert_Alligator_webmonitoring_service_1.6.3_(alertalligator.com)"
54.36.148.1 - - [16/Jul/2022:09:26:43 +0200] "GET /pmwiki/pmwiki.php/Main/Feb08PR?action=upload HTTP/1.1" 200 12266 "-" "Mozilla/5.0 (compatible; AhrefsBot/7.0; +http://ahrefs.com/robot/)"
49.12.13.109 - - [16/Jul/2022:09:39:27 +0200] "HEAD /pmwiki/pmwiki.php HTTP/1.1" 200 0 "-" "Alert_Alligator_webmonitoring_service_1.6.4_(alertalligator.com)"
185.191.171.34 - - [16/Jul/2022:09:43:07 +0200] "GET /robots.txt HTTP/1.1" 404 1181 "-" "Mozilla/5.0 (compatible; SemrushBot/7~bl; +http://www.semrush.com/bot.html)"
185.191.171.7 - - [16/Jul/2022:09:43:07 +0200] "GET /pmwiki/pmwiki.php/Emeltdijas/Hu?action=diff HTTP/1.1" 200 14411 "-" "Mozilla/5.0 (compatible; SemrushBot/7~bl; +http://www.semrush.com/bot.html)"
54.36.148.92 - - [16/Jul/2022:10:21:43 +0200] "GET /pmwiki/pmwiki.php/Main/ADRMH%E1tr%E1nyai HTTP/1.1" 200 14752 "-" "Mozilla/5.0 (compatible; AhrefsBot/7.0; +http://ahrefs.com/robot/)"
212.237.51.151 - - [16/Jul/2022:10:25:32 +0200] "HEAD /pmwiki/pmwiki.php HTTP/1.1" 200 0 "-" "Alert_Alligator_webmonitoring_service_1.6.4_(alertalligator.com)"
185.191.171.10 - - [16/Jul/2022:10:28:00 +0200] "GET /pmwiki/pmwiki.php/Main/EUCD?action=upload HTTP/1.1" 200 12214 "-" "Mozilla/5.0 (compatible; SemrushBot/7~bl; +http://www.semrush.com/bot.html)"
54.36.148.78 - - [16/Jul/2022:10:48:42 +0200] "GET /pmwiki/pmwiki.php/Main/JogiOldal HTTP/1.1" 200 26044 "-" "Mozilla/5.0 (compatible; AhrefsBot/7.0; +http://ahrefs.com/robot/)"
54.36.148.48 - - [16/Jul/2022:11:17:13 +0200] "GET /pmwiki/pmwiki.php/Main/Google HTTP/1.1" 200 25006 "-" "Mozilla/5.0 (compatible; AhrefsBot/7.0; +http://ahrefs.com/robot/)"
212.237.53.115 - - [16/Jul/2022:11:19:37 +0200] "HEAD /pmwiki/pmwiki.php HTTP/1.1" 200 0 "-" "Alert_Alligator_webmonitoring_service_1.6.4_(alertalligator.com)"
54.36.149.105 - - [16/Jul/2022:11:50:00 +0200] "GET /pmwiki/pmwiki.php/Main/RocardEp2 HTTP/1.1" 200 28076 "-" "Mozilla/5.0 (compatible; AhrefsBot/7.0; +http://ahrefs.com/robot/)"
114.119.129.110 - - [16/Jul/2022:11:53:56 +0200] "GET /pmwiki/pmwiki.php/Main/DRM?action=edit&restore=diff:1110541855:1110481343:&preview=y HTTP/1.1" 200 12364 "-" "Mozilla/5.0 (Linux; Android 7.0;) AppleWebKit/537.36 (KHTML, like Gecko) Mobile Safari/537.36 (compatible; PetalBot;+https://webmaster.petalsearch.com/site/petalbot)"
185.191.171.10 - - [16/Jul/2022:11:57:03 +0200] "GET /robots.txt HTTP/1.1" 404 1181 "-" "Mozilla/5.0 (compatible; SemrushBot/7~bl; +http://www.semrush.com/bot.html)"
185.191.171.10 - - [16/Jul/2022:11:57:04 +0200] "GET /pmwiki/pmwiki.php/Main/JogiOldal?action=edit HTTP/1.1" 200 12418 "-" "Mozilla/5.0 (compatible; SemrushBot/7~bl; +http://www.semrush.com/bot.html)"
185.191.171.39 - - [16/Jul/2022:12:14:17 +0200] "GET /pmwiki/pmwiki.php/Main/2004Febru%E1riK%F6sz%F6netLengyelorsz%E1gnak?action=diff HTTP/1.1" 200 17729 "-" "Mozilla/5.0 (compatible; SemrushBot/7~bl; +http://www.semrush.com/bot.html)"
49.12.13.109 - - [16/Jul/2022:12:19:10 +0200] "HEAD /pmwiki/pmwiki.php HTTP/1.1" 200 0 "-" "Alert_Alligator_webmonitoring_service_1.6.3_(alertalligator.com)"
54.36.149.54 - - [16/Jul/2022:12:42:13 +0200] "GET /pmwiki/pmwiki.php/Main/Feb08PR?action=diff HTTP/1.1" 200 20619 "-" "Mozilla/5.0 (compatible; AhrefsBot/7.0; +http://ahrefs.com/robot/)"
23.229.113.138 - - [16/Jul/2022:13:10:31 +0200] "GET / HTTP/1.1" 302 5 "-" "Mozilla/5.0 (Windows NT 10.0; Win64; x64) AppleWebKit/537.36 (KHTML, like Gecko) Chrome/88.0.4324.190 Safari/537.36"
23.229.113.138 - - [16/Jul/2022:13:10:33 +0200] "GET /pmwiki/pmwiki.php HTTP/1.1" 200 37269 "-" "Mozilla/5.0 (Windows NT 10.0; Win64; x64) AppleWebKit/537.36 (KHTML, like Gecko) Chrome/88.0.4324.190 Safari/537.36"
23.229.113.138 - - [16/Jul/2022:13:10:35 +0200] "GET /robots.txt HTTP/1.1" 404 1181 "-" "Mozilla/5.0 (Windows NT 10.0; Win64; x64) AppleWebKit/537.36 (KHTML, like Gecko) Chrome/88.0.4324.190 Safari/537.36"
23.229.113.138 - - [16/Jul/2022:13:10:36 +0200] "GET /ads.txt HTTP/1.1" 404 1181 "-" "Mozilla/5.0 (Windows NT 10.0; Win64; x64) AppleWebKit/537.36 (KHTML, like Gecko) Chrome/88.0.4324.190 Safari/537.36"
212.237.23.143 - - [16/Jul/2022:13:15:35 +0200] "HEAD /pmwiki/pmwiki.php HTTP/1.1" 200 0 "-" "Alert_Alligator_webmonitoring_service_1.6.4_(alertalligator.com)"
54.36.148.24 - - [16/Jul/2022:13:26:05 +0200] "GET /pmwiki/pmwiki.php/Main/Gazdas%E1giOldal HTTP/1.1" 200 19537 "-" "Mozilla/5.0 (compatible; AhrefsBot/7.0; +http://ahrefs.com/robot/)"
114.119.129.110 - - [16/Jul/2022:13:33:12 +0200] "GET /pmwiki/pmwiki.php/PmWiki/ReleaseNotes HTTP/1.1" 200 29978 "http://swpat.zpok.hu/pmwiki/pmwiki.php/Main/AzEur%f3paiParlament%dajraind%edt%e1stK%f6vetelAzEln%f6kiKonferenciaElfogadtaAzInd%edtv%e1nyt" "Mozilla/5.0 (Linux; Android 7.0;) AppleWebKit/537.36 (KHTML, like Gecko) Mobile Safari/537.36 (compatible; PetalBot;+https://webmaster.petalsearch.com/site/petalbot)"
212.237.51.151 - - [16/Jul/2022:13:57:51 +0200] "HEAD /pmwiki/pmwiki.php HTTP/1.1" 200 0 "-" "Alert_Alligator_webmonitoring_service_1.6.4_(alertalligator.com)"
216.244.66.203 - - [16/Jul/2022:14:11:28 +0200] "GET /robots.txt HTTP/1.1" 404 1181 "-" "Mozilla/5.0 (compatible; DotBot/1.2; +https://opensiteexplorer.org/dotbot; help@moz.com)"
51.222.253.9 - - [16/Jul/2022:14:15:14 +0200] "GET /robots.txt HTTP/1.1" 404 1181 "-" "Mozilla/5.0 (compatible; AhrefsBot/7.0; +http://ahrefs.com/robot/)"
54.36.148.86 - - [16/Jul/2022:14:15:15 +0200] "GET /pmwiki/pmwiki.php/Main/CikkekDRM?action=upload HTTP/1.1" 200 12298 "-" "Mozilla/5.0 (compatible; AhrefsBot/7.0; +http://ahrefs.com/robot/)"
216.244.66.203 - - [16/Jul/2022:14:26:31 +0200] "GET /pmwiki/pmwiki.php/Main/Cikkek?action=edit&restore=diff:1109709639:1109709482:minor&preview=y HTTP/1.1" 200 12422 "-" "Mozilla/5.0 (compatible; DotBot/1.2; +https://opensiteexplorer.org/dotbot; help@moz.com)"
216.244.66.203 - - [16/Jul/2022:14:26:36 +0200] "GET /pmwiki/pmwiki.php/Main/SideBar?action=edit&restore=diff:1122908790:1122891596:minor&preview=y HTTP/1.1" 200 12435 "-" "Mozilla/5.0 (compatible; DotBot/1.2; +https://opensiteexplorer.org/dotbot; help@moz.com)"
198.235.24.148 - - [16/Jul/2022:14:33:38 +0200] "GET / HTTP/1.1" 302 5 "-" "Expanse, a Palo Alto Networks company, searches across the global IPv4 space multiple times per day to identify customers' presences on the Internet. If you would like to be excluded from our scans, please send IP addresses/domains to: scaninfo@paloaltonetworks.com"
157.90.209.78 - - [16/Jul/2022:14:46:57 +0200] "GET /robots.txt HTTP/1.1" 404 1181 "-" "Mozilla/5.0 (compatible; BLEXBot/1.0; +http://webmeup-crawler.com/)"
157.90.209.78 - - [16/Jul/2022:14:47:00 +0200] "GET /sitemap HTTP/1.1" 404 1181 "-" "Mozilla/5.0 (compatible; BLEXBot/1.0; +http://webmeup-crawler.com/)"
157.90.209.78 - - [16/Jul/2022:14:47:02 +0200] "GET /sitemap.txt HTTP/1.1" 404 1181 "-" "Mozilla/5.0 (compatible; BLEXBot/1.0; +http://webmeup-crawler.com/)"
212.237.23.143 - - [16/Jul/2022:14:53:28 +0200] "HEAD /pmwiki/pmwiki.php HTTP/1.1" 200 0 "-" "Alert_Alligator_webmonitoring_service_1.6.4_(alertalligator.com)"
216.244.66.203 - - [16/Jul/2022:15:00:59 +0200] "GET /robots.txt HTTP/1.1" 404 1181 "-" "Mozilla/5.0 (compatible; DotBot/1.2; +https://opensiteexplorer.org/dotbot; help@moz.com)"
54.36.149.10 - - [16/Jul/2022:15:09:58 +0200] "GET /pmwiki/pmwiki.php/Main/CikkekPrivacy HTTP/1.1" 200 12503 "-" "Mozilla/5.0 (compatible; AhrefsBot/7.0; +http://ahrefs.com/robot/)"
216.244.66.203 - - [16/Jul/2022:15:14:45 +0200] "GET /pmwiki/pmwiki.php/Main/Direkt%EDva?action=edit&restore=diff:1131357977:1122898768:minor&preview=y HTTP/1.1" 200 12497 "-" "Mozilla/5.0 (compatible; DotBot/1.2; +https://opensiteexplorer.org/dotbot; help@moz.com)"
216.244.66.203 - - [16/Jul/2022:15:14:54 +0200] "GET /pmwiki/pmwiki.php/Main/LehetsegesJavitasokEuropaban?action=edit&restore=diff:1110653802:1110568935:minor&preview=y HTTP/1.1" 200 12769 "-" "Mozilla/5.0 (compatible; DotBot/1.2; +https://opensiteexplorer.org/dotbot; help@moz.com)"
49.12.13.109 - - [16/Jul/2022:15:52:29 +0200] "HEAD /pmwiki/pmwiki.php HTTP/1.1" 200 0 "-" "Alert_Alligator_webmonitoring_service_1.6.3_(alertalligator.com)"
54.36.149.96 - - [16/Jul/2022:16:02:43 +0200] "GET /pmwiki/pmwiki.php/Main/AzEur%F3paiParlament%DAjraind%EDt%E1stK%F6vetelAzEln%F6kiKonferenciaElfogadtaAzInd%EDtv%E1nyt?action=print HTTP/1.1" 200 6082 "-" "Mozilla/5.0 (compatible; AhrefsBot/7.0; +http://ahrefs.com/robot/)"
5.188.211.26 - - [16/Jul/2022:16:45:50 +0200] "GET /pmwiki/pmwiki.php/Main/Linkek HTTP/1.1" 200 28889 "-" "Mozilla/4.0 (compatible; MSIE 6.0; Windows NT 5.1; SV1)"
5.188.211.26 - - [16/Jul/2022:16:45:51 +0200] "GET /pmwiki/pmwiki.php HTTP/1.1" 200 37269 "-" "Mozilla/4.0 (compatible; MSIE 6.0; Windows NT 5.1; SV1)"
5.188.211.26 - - [16/Jul/2022:16:45:51 +0200] "GET /pmwiki/pmwiki.php/Main/SideBar?action=edit HTTP/1.1" 200 12384 "-" "Mozilla/4.0 (compatible; MSIE 6.0; Windows NT 5.1; SV1)"
5.188.211.26 - - [16/Jul/2022:16:45:51 +0200] "GET /pmwiki/pmwiki.php/Main/HomePage HTTP/1.1" 200 37269 "-" "Mozilla/4.0 (compatible; MSIE 6.0; Windows NT 5.1; SV1)"
5.188.211.26 - - [16/Jul/2022:16:45:52 +0200] "GET /pmwiki/pmwiki.php/Main/MitTehetek? HTTP/1.1" 200 13755 "-" "Mozilla/4.0 (compatible; MSIE 6.0; Windows NT 5.1; SV1)"
5.188.211.26 - - [16/Jul/2022:16:45:52 +0200] "GET /pmwiki/pmwiki.php/Main/Cikkek HTTP/1.1" 200 66799 "-" "Mozilla/4.0 (compatible; MSIE 6.0; Windows NT 5.1; SV1)"
5.188.211.26 - - [16/Jul/2022:16:45:53 +0200] "GET /pmwiki/pmwiki.php/Main/SzoftverSzabadalmak HTTP/1.1" 200 15057 "-" "Mozilla/4.0 (compatible; MSIE 6.0; Windows NT 5.1; SV1)"
5.188.211.26 - - [16/Jul/2022:16:45:53 +0200] "GET /pmwiki/pmwiki.php/Main/FAQ HTTP/1.1" 200 17652 "-" "Mozilla/4.0 (compatible; MSIE 6.0; Windows NT 5.1; SV1)"
5.188.211.26 - - [16/Jul/2022:16:45:53 +0200] "GET /pmwiki/pmwiki.php/Main/Nyilatkozatok HTTP/1.1" 200 16071 "-" "Mozilla/4.0 (compatible; MSIE 6.0; Windows NT 5.1; SV1)"
5.188.211.26 - - [16/Jul/2022:16:45:53 +0200] "GET /pmwiki/pmwiki.php/Main/Sajt%F3anyag HTTP/1.1" 200 13697 "-" "Mozilla/4.0 (compatible; MSIE 6.0; Windows NT 5.1; SV1)"
5.188.211.26 - - [16/Jul/2022:16:45:54 +0200] "GET /pmwiki/pmwiki.php/Main/HeringgelMegval%F3s%EDtottTal%E1lm%E1nyok HTTP/1.1" 200 18448 "-" "Mozilla/4.0 (compatible; MSIE 6.0; Windows NT 5.1; SV1)"
5.188.211.26 - - [16/Jul/2022:16:45:54 +0200] "GET /pmwiki/pmwiki.php/Main/JogiOldal HTTP/1.1" 200 26044 "-" "Mozilla/4.0 (compatible; MSIE 6.0; Windows NT 5.1; SV1)"
5.188.211.26 - - [16/Jul/2022:16:45:54 +0200] "GET /pmwiki/pmwiki.php/PmWiki/DocumentationIndex HTTP/1.1" 200 18850 "-" "Mozilla/4.0 (compatible; MSIE 6.0; Windows NT 5.1; SV1)"
5.188.211.26 - - [16/Jul/2022:16:45:55 +0200] "GET /pmwiki/pmwiki.php/PmWiki/FAQ HTTP/1.1" 200 23861 "-" "Mozilla/4.0 (compatible; MSIE 6.0; Windows NT 5.1; SV1)"
5.188.211.26 - - [16/Jul/2022:16:45:55 +0200] "GET /pmwiki/pmwiki.php/PmWiki/PmWikiPhilosophy HTTP/1.1" 200 16736 "-" "Mozilla/4.0 (compatible; MSIE 6.0; Windows NT 5.1; SV1)"
5.188.211.26 - - [16/Jul/2022:16:45:55 +0200] "GET /pmwiki/pmwiki.php/PmWiki/ReleaseNotes HTTP/1.1" 200 29978 "-" "Mozilla/4.0 (compatible; MSIE 6.0; Windows NT 5.1; SV1)"
5.188.211.26 - - [16/Jul/2022:16:45:56 +0200] "GET /pmwiki/pmwiki.php/PmWiki/ChangeLog HTTP/1.1" 200 44191 "-" "Mozilla/4.0 (compatible; MSIE 6.0; Windows NT 5.1; SV1)"
5.188.211.26 - - [16/Jul/2022:16:45:56 +0200] "GET /pmwiki/pmwiki.php/PmWiki/ChangesFromPmWiki1 HTTP/1.1" 200 19777 "-" "Mozilla/4.0 (compatible; MSIE 6.0; Windows NT 5.1; SV1)"
5.188.211.26 - - [16/Jul/2022:16:45:56 +0200] "GET /pmwiki/pmwiki.php/Main/Linkek?action=edit HTTP/1.1" 200 12370 "-" "Mozilla/4.0 (compatible; MSIE 6.0; Windows NT 5.1; SV1)"
5.188.211.26 - - [16/Jul/2022:16:45:56 +0200] "GET /pmwiki/pmwiki.php/Main/Linkek?action=upload HTTP/1.1" 200 12250 "-" "Mozilla/4.0 (compatible; MSIE 6.0; Windows NT 5.1; SV1)"
5.188.211.26 - - [16/Jul/2022:16:45:57 +0200] "GET /pmwiki/pmwiki.php/Main/Linkek?action=print HTTP/1.1" 200 19357 "-" "Mozilla/4.0 (compatible; MSIE 6.0; Windows NT 5.1; SV1)"
49.12.13.109 - - [16/Jul/2022:16:51:52 +0200] "HEAD /pmwiki/pmwiki.php HTTP/1.1" 200 0 "-" "Alert_Alligator_webmonitoring_service_1.6.3_(alertalligator.com)"
54.36.148.180 - - [16/Jul/2022:16:52:50 +0200] "GET /pmwiki/pmwiki.php/Main/Tud%E1smonop%F3lium?action=edit HTTP/1.1" 200 12566 "-" "Mozilla/5.0 (compatible; AhrefsBot/7.0; +http://ahrefs.com/robot/)"
212.237.51.151 - - [16/Jul/2022:17:32:50 +0200] "HEAD /pmwiki/pmwiki.php HTTP/1.1" 200 0 "-" "Alert_Alligator_webmonitoring_service_1.6.4_(alertalligator.com)"
77.88.5.2 - - [16/Jul/2022:18:05:30 +0200] "GET /robots.txt HTTP/1.1" 404 1181 "-" "Mozilla/5.0 (compatible; YandexBot/3.0; +http://yandex.com/bots)"
77.88.5.2 - - [16/Jul/2022:18:05:33 +0200] "GET /pmwiki/pmwiki.php/Main/BMEKonferencia?action=upload HTTP/1.1" 200 12374 "-" "Mozilla/5.0 (compatible; YandexBot/3.0; +http://yandex.com/bots)"
212.237.51.151 - - [16/Jul/2022:18:16:24 +0200] "HEAD /pmwiki/pmwiki.php HTTP/1.1" 200 0 "-" "Alert_Alligator_webmonitoring_service_1.6.4_(alertalligator.com)"
54.36.149.81 - - [16/Jul/2022:18:21:35 +0200] "GET /pmwiki/pmwiki.php/Main/Telefonon HTTP/1.1" 200 16251 "-" "Mozilla/5.0 (compatible; AhrefsBot/7.0; +http://ahrefs.com/robot/)"
114.119.129.110 - - [16/Jul/2022:18:44:00 +0200] "GET /pmwiki/pmwiki.php/Main/RocardEp2?action=diff HTTP/1.1" 200 29492 "http://swpat.zpok.hu/pmwiki/pmwiki.php/Main/RocardEp2" "Mozilla/5.0 (Linux; Android 7.0;) AppleWebKit/537.36 (KHTML, like Gecko) Mobile Safari/537.36 (compatible; PetalBot;+https://webmaster.petalsearch.com/site/petalbot)"
216.244.66.203 - - [16/Jul/2022:18:46:15 +0200] "GET /robots.txt HTTP/1.1" 404 1181 "-" "Mozilla/5.0 (compatible; DotBot/1.2; +https://opensiteexplorer.org/dotbot; help@moz.com)"
198.235.24.11 - - [16/Jul/2022:18:52:14 +0200] "GET / HTTP/1.1" 302 5 "-" "Expanse, a Palo Alto Networks company, searches across the global IPv4 space multiple times per day to identify customers' presences on the Internet. If you would like to be excluded from our scans, please send IP addresses/domains to: scaninfo@paloaltonetworks.com"
216.244.66.203 - - [16/Jul/2022:18:54:28 +0200] "GET /pmwiki/pmwiki.php/Main/Google?action=edit&restore=diff:1132310206:1131357597:minor&preview=y HTTP/1.1" 200 12417 "-" "Mozilla/5.0 (compatible; DotBot/1.2; +https://opensiteexplorer.org/dotbot; help@moz.com)"
216.244.66.203 - - [16/Jul/2022:18:54:32 +0200] "GET /pmwiki/pmwiki.php/Main/Google?action=edit&restore=diff:1182600678:1182600298:minor&preview=y HTTP/1.1" 200 12417 "-" "Mozilla/5.0 (compatible; DotBot/1.2; +https://opensiteexplorer.org/dotbot; help@moz.com)"
216.244.66.203 - - [16/Jul/2022:18:54:37 +0200] "GET /pmwiki/pmwiki.php/Main/Linkek?action=edit&restore=diff:1139990415:1122892544:minor&preview=y HTTP/1.1" 200 12421 "-" "Mozilla/5.0 (compatible; DotBot/1.2; +https://opensiteexplorer.org/dotbot; help@moz.com)"
212.237.51.151 - - [16/Jul/2022:18:54:39 +0200] "HEAD /pmwiki/pmwiki.php HTTP/1.1" 200 0 "-" "Alert_Alligator_webmonitoring_service_1.6.4_(alertalligator.com)"
216.244.66.203 - - [16/Jul/2022:18:54:41 +0200] "GET /pmwiki/pmwiki.php/Main/SideBar?action=edit&restore=diff:1110653357:1110481358:minor&preview=y HTTP/1.1" 200 12435 "-" "Mozilla/5.0 (compatible; DotBot/1.2; +https://opensiteexplorer.org/dotbot; help@moz.com)"
185.191.171.1 - - [16/Jul/2022:18:55:54 +0200] "GET /robots.txt HTTP/1.1" 404 1181 "-" "Mozilla/5.0 (compatible; SemrushBot/7~bl; +http://www.semrush.com/bot.html)"
185.191.171.3 - - [16/Jul/2022:18:55:55 +0200] "GET /pmwiki/pmwiki.php/Main/SearchWiki?action=edit HTTP/1.1" 200 12430 "-" "Mozilla/5.0 (compatible; SemrushBot/7~bl; +http://www.semrush.com/bot.html)"
114.119.129.110 - - [16/Jul/2022:19:35:58 +0200] "GET /pmwiki/pmwiki.php/Main/ABundestagT%E1mogatjaAzEur%F3paiParlamentet HTTP/1.1" 200 18357 "http://swpat.zpok.hu/pmwiki/pmwiki.php/Main" "Mozilla/5.0 (Linux; Android 7.0;) AppleWebKit/537.36 (KHTML, like Gecko) Mobile Safari/537.36 (compatible; PetalBot;+https://webmaster.petalsearch.com/site/petalbot)"
54.36.149.0 - - [16/Jul/2022:19:41:35 +0200] "GET /pmwiki/pmwiki.php/Main/Tud%E1smonop%F3lium HTTP/1.1" 200 16773 "-" "Mozilla/5.0 (compatible; AhrefsBot/7.0; +http://ahrefs.com/robot/)"
5.188.211.72 - - [16/Jul/2022:19:43:49 +0200] "GET /pmwiki/pmwiki.php/Main/Power HTTP/1.1" 200 20204 "-" "Mozilla/4.0 (compatible; MSIE 6.0; Windows NT 5.1; SV1)"
5.188.211.72 - - [16/Jul/2022:19:43:49 +0200] "GET /pmwiki/pmwiki.php HTTP/1.1" 200 37269 "-" "Mozilla/4.0 (compatible; MSIE 6.0; Windows NT 5.1; SV1)"
5.188.211.72 - - [16/Jul/2022:19:43:50 +0200] "GET /pmwiki/pmwiki.php/Main/SideBar?action=edit HTTP/1.1" 200 12384 "-" "Mozilla/4.0 (compatible; MSIE 6.0; Windows NT 5.1; SV1)"
5.188.211.72 - - [16/Jul/2022:19:43:50 +0200] "GET /pmwiki/pmwiki.php/Main/HomePage HTTP/1.1" 200 37269 "-" "Mozilla/4.0 (compatible; MSIE 6.0; Windows NT 5.1; SV1)"
5.188.211.72 - - [16/Jul/2022:19:43:51 +0200] "GET /pmwiki/pmwiki.php/Main/MitTehetek? HTTP/1.1" 200 13755 "-" "Mozilla/4.0 (compatible; MSIE 6.0; Windows NT 5.1; SV1)"
5.188.211.72 - - [16/Jul/2022:19:43:51 +0200] "GET /pmwiki/pmwiki.php/Main/Cikkek HTTP/1.1" 200 66799 "-" "Mozilla/4.0 (compatible; MSIE 6.0; Windows NT 5.1; SV1)"
5.188.211.72 - - [16/Jul/2022:19:43:52 +0200] "GET /pmwiki/pmwiki.php/Main/SzoftverSzabadalmak HTTP/1.1" 200 15057 "-" "Mozilla/4.0 (compatible; MSIE 6.0; Windows NT 5.1; SV1)"
5.188.211.72 - - [16/Jul/2022:19:43:53 +0200] "GET /pmwiki/pmwiki.php/Main/FAQ HTTP/1.1" 200 17652 "-" "Mozilla/4.0 (compatible; MSIE 6.0; Windows NT 5.1; SV1)"
5.188.211.72 - - [16/Jul/2022:19:43:53 +0200] "GET /pmwiki/pmwiki.php/Main/Nyilatkozatok HTTP/1.1" 200 16071 "-" "Mozilla/4.0 (compatible; MSIE 6.0; Windows NT 5.1; SV1)"
5.188.211.72 - - [16/Jul/2022:19:43:53 +0200] "GET /pmwiki/pmwiki.php/Main/Sajt%F3anyag HTTP/1.1" 200 13697 "-" "Mozilla/4.0 (compatible; MSIE 6.0; Windows NT 5.1; SV1)"
5.188.211.72 - - [16/Jul/2022:19:43:53 +0200] "GET /pmwiki/pmwiki.php/Main/HeringgelMegval%F3s%EDtottTal%E1lm%E1nyok HTTP/1.1" 200 18448 "-" "Mozilla/4.0 (compatible; MSIE 6.0; Windows NT 5.1; SV1)"
5.188.211.72 - - [16/Jul/2022:19:43:54 +0200] "GET /pmwiki/pmwiki.php/Main/JogiOldal HTTP/1.1" 200 26044 "-" "Mozilla/4.0 (compatible; MSIE 6.0; Windows NT 5.1; SV1)"
5.188.211.72 - - [16/Jul/2022:19:43:54 +0200] "GET /pmwiki/pmwiki.php/PmWiki/DocumentationIndex HTTP/1.1" 200 18850 "-" "Mozilla/4.0 (compatible; MSIE 6.0; Windows NT 5.1; SV1)"
5.188.211.72 - - [16/Jul/2022:19:43:55 +0200] "GET /pmwiki/pmwiki.php/PmWiki/FAQ HTTP/1.1" 200 23861 "-" "Mozilla/4.0 (compatible; MSIE 6.0; Windows NT 5.1; SV1)"
5.188.211.72 - - [16/Jul/2022:19:43:55 +0200] "GET /pmwiki/pmwiki.php/PmWiki/PmWikiPhilosophy HTTP/1.1" 200 16736 "-" "Mozilla/4.0 (compatible; MSIE 6.0; Windows NT 5.1; SV1)"
5.188.211.72 - - [16/Jul/2022:19:43:56 +0200] "GET /pmwiki/pmwiki.php/PmWiki/ReleaseNotes HTTP/1.1" 200 29978 "-" "Mozilla/4.0 (compatible; MSIE 6.0; Windows NT 5.1; SV1)"
5.188.211.72 - - [16/Jul/2022:19:43:57 +0200] "GET /pmwiki/pmwiki.php/PmWiki/ChangeLog HTTP/1.1" 200 44191 "-" "Mozilla/4.0 (compatible; MSIE 6.0; Windows NT 5.1; SV1)"
5.188.211.72 - - [16/Jul/2022:19:43:57 +0200] "GET /pmwiki/pmwiki.php/PmWiki/ChangesFromPmWiki1 HTTP/1.1" 200 19777 "-" "Mozilla/4.0 (compatible; MSIE 6.0; Windows NT 5.1; SV1)"
5.188.211.72 - - [16/Jul/2022:19:43:57 +0200] "GET /pmwiki/pmwiki.php/Main/Power?action=edit HTTP/1.1" 200 12354 "-" "Mozilla/4.0 (compatible; MSIE 6.0; Windows NT 5.1; SV1)"
5.188.211.72 - - [16/Jul/2022:19:43:58 +0200] "GET /pmwiki/pmwiki.php/Main/Power?action=upload HTTP/1.1" 200 12234 "-" "Mozilla/4.0 (compatible; MSIE 6.0; Windows NT 5.1; SV1)"
5.188.211.72 - - [16/Jul/2022:19:43:58 +0200] "GET /pmwiki/pmwiki.php/Main/Power?action=print HTTP/1.1" 200 10684 "-" "Mozilla/4.0 (compatible; MSIE 6.0; Windows NT 5.1; SV1)"
5.188.211.72 - - [16/Jul/2022:19:50:30 +0200] "GET / HTTP/1.1" 302 5 "-" "Mozilla/4.0 (compatible; MSIE 6.0; Windows NT 5.1; SV1)"
5.188.211.72 - - [16/Jul/2022:19:50:31 +0200] "GET /pmwiki/pmwiki.php HTTP/1.1" 200 37269 "-" "Mozilla/4.0 (compatible; MSIE 6.0; Windows NT 5.1; SV1)"
5.188.211.72 - - [16/Jul/2022:19:50:31 +0200] "GET /pmwiki/pmwiki.php/Main/SideBar?action=edit HTTP/1.1" 200 12384 "-" "Mozilla/4.0 (compatible; MSIE 6.0; Windows NT 5.1; SV1)"
5.188.211.72 - - [16/Jul/2022:19:50:32 +0200] "GET /pmwiki/pmwiki.php/Main/HomePage HTTP/1.1" 200 37269 "-" "Mozilla/4.0 (compatible; MSIE 6.0; Windows NT 5.1; SV1)"
5.188.211.72 - - [16/Jul/2022:19:50:32 +0200] "GET /pmwiki/pmwiki.php/Main/MitTehetek? HTTP/1.1" 200 13755 "-" "Mozilla/4.0 (compatible; MSIE 6.0; Windows NT 5.1; SV1)"
5.188.211.72 - - [16/Jul/2022:19:50:33 +0200] "GET /pmwiki/pmwiki.php/Main/Cikkek HTTP/1.1" 200 66799 "-" "Mozilla/4.0 (compatible; MSIE 6.0; Windows NT 5.1; SV1)"
5.188.211.72 - - [16/Jul/2022:19:50:33 +0200] "GET /pmwiki/pmwiki.php/Main/SzoftverSzabadalmak HTTP/1.1" 200 15057 "-" "Mozilla/4.0 (compatible; MSIE 6.0; Windows NT 5.1; SV1)"
5.188.211.72 - - [16/Jul/2022:19:50:33 +0200] "GET /pmwiki/pmwiki.php/Main/FAQ HTTP/1.1" 200 17652 "-" "Mozilla/4.0 (compatible; MSIE 6.0; Windows NT 5.1; SV1)"
5.188.211.72 - - [16/Jul/2022:19:50:34 +0200] "GET /pmwiki/pmwiki.php/Main/Nyilatkozatok HTTP/1.1" 200 16071 "-" "Mozilla/4.0 (compatible; MSIE 6.0; Windows NT 5.1; SV1)"
5.188.211.72 - - [16/Jul/2022:19:50:34 +0200] "GET /pmwiki/pmwiki.php/Main/Sajt%F3anyag HTTP/1.1" 200 13697 "-" "Mozilla/4.0 (compatible; MSIE 6.0; Windows NT 5.1; SV1)"
5.188.211.72 - - [16/Jul/2022:19:50:34 +0200] "GET /pmwiki/pmwiki.php/Main/HeringgelMegval%F3s%EDtottTal%E1lm%E1nyok HTTP/1.1" 200 18448 "-" "Mozilla/4.0 (compatible; MSIE 6.0; Windows NT 5.1; SV1)"
5.188.211.72 - - [16/Jul/2022:19:50:35 +0200] "GET /pmwiki/pmwiki.php/Main/JogiOldal HTTP/1.1" 200 26044 "-" "Mozilla/4.0 (compatible; MSIE 6.0; Windows NT 5.1; SV1)"
5.188.211.72 - - [16/Jul/2022:19:50:35 +0200] "GET /pmwiki/pmwiki.php/Main/Gazdas%E1giOldal HTTP/1.1" 200 19537 "-" "Mozilla/4.0 (compatible; MSIE 6.0; Windows NT 5.1; SV1)"
5.188.211.72 - - [16/Jul/2022:19:50:35 +0200] "GET /pmwiki/pmwiki.php/Main/AzIPRJavaslat HTTP/1.1" 200 14797 "-" "Mozilla/4.0 (compatible; MSIE 6.0; Windows NT 5.1; SV1)"
5.188.211.72 - - [16/Jul/2022:19:50:36 +0200] "GET /pmwiki/pmwiki.php/Main/RocardEp2 HTTP/1.1" 200 28076 "-" "Mozilla/4.0 (compatible; MSIE 6.0; Windows NT 5.1; SV1)"
5.188.211.72 - - [16/Jul/2022:19:50:36 +0200] "GET /pmwiki/pmwiki.php/Main/Minimum HTTP/1.1" 200 15284 "-" "Mozilla/4.0 (compatible; MSIE 6.0; Windows NT 5.1; SV1)"
5.188.211.72 - - [16/Jul/2022:19:50:36 +0200] "GET /pmwiki/pmwiki.php/Main/Telefonon HTTP/1.1" 200 16251 "-" "Mozilla/4.0 (compatible; MSIE 6.0; Windows NT 5.1; SV1)"
5.188.211.72 - - [16/Jul/2022:19:50:36 +0200] "GET /pmwiki/pmwiki.php/Main/K%F6zlem%E9nye HTTP/1.1" 200 17975 "-" "Mozilla/4.0 (compatible; MSIE 6.0; Windows NT 5.1; SV1)"
5.188.211.72 - - [16/Jul/2022:19:50:37 +0200] "GET /pmwiki/pmwiki.php?n=Main.Mintalevel0509 HTTP/1.1" 200 16475 "-" "Mozilla/4.0 (compatible; MSIE 6.0; Windows NT 5.1; SV1)"
5.188.211.72 - - [16/Jul/2022:19:50:37 +0200] "GET /pmwiki/pmwiki.php/Main/Marc08essay HTTP/1.1" 200 18792 "-" "Mozilla/4.0 (compatible; MSIE 6.0; Windows NT 5.1; SV1)"
5.188.211.72 - - [16/Jul/2022:19:50:37 +0200] "GET /pmwiki/pmwiki.php/Main/BMEKonferencia HTTP/1.1" 200 14864 "-" "Mozilla/4.0 (compatible; MSIE 6.0; Windows NT 5.1; SV1)"
49.12.13.109 - - [16/Jul/2022:19:53:59 +0200] "HEAD /pmwiki/pmwiki.php HTTP/1.1" 200 0 "-" "Alert_Alligator_webmonitoring_service_1.6.3_(alertalligator.com)"
5.188.211.72 - - [16/Jul/2022:19:55:19 +0200] "GET /pmwiki/pmwiki.php/Main/SzoftverSzabadalmak HTTP/1.1" 200 15057 "-" "Mozilla/4.0 (compatible; MSIE 6.0; Windows NT 5.1; SV1)"
5.188.211.72 - - [16/Jul/2022:19:55:20 +0200] "GET /pmwiki/pmwiki.php/Main/AJelenlegiSzerzoiJogiTorveny HTTP/1.1" 200 18664 "-" "Mozilla/4.0 (compatible; MSIE 6.0; Windows NT 5.1; SV1)"
5.188.211.72 - - [16/Jul/2022:19:55:20 +0200] "GET /pmwiki/pmwiki.php HTTP/1.1" 200 37269 "-" "Mozilla/4.0 (compatible; MSIE 6.0; Windows NT 5.1; SV1)"
5.188.211.72 - - [16/Jul/2022:19:55:20 +0200] "GET /pmwiki/pmwiki.php/Main/SideBar?action=edit HTTP/1.1" 200 12384 "-" "Mozilla/4.0 (compatible; MSIE 6.0; Windows NT 5.1; SV1)"
5.188.211.72 - - [16/Jul/2022:19:55:20 +0200] "GET /pmwiki/pmwiki.php HTTP/1.1" 200 37269 "-" "Mozilla/4.0 (compatible; MSIE 6.0; Windows NT 5.1; SV1)"
5.188.211.72 - - [16/Jul/2022:19:55:21 +0200] "GET /pmwiki/pmwiki.php/Main/SideBar?action=edit HTTP/1.1" 200 12384 "-" "Mozilla/4.0 (compatible; MSIE 6.0; Windows NT 5.1; SV1)"
5.188.211.72 - - [16/Jul/2022:19:55:21 +0200] "GET /pmwiki/pmwiki.php/Main/HomePage HTTP/1.1" 200 37269 "-" "Mozilla/4.0 (compatible; MSIE 6.0; Windows NT 5.1; SV1)"
5.188.211.72 - - [16/Jul/2022:19:55:21 +0200] "GET /pmwiki/pmwiki.php/Main/MitTehetek? HTTP/1.1" 200 13755 "-" "Mozilla/4.0 (compatible; MSIE 6.0; Windows NT 5.1; SV1)"
5.188.211.72 - - [16/Jul/2022:19:55:21 +0200] "GET /pmwiki/pmwiki.php/Main/HomePage HTTP/1.1" 200 37269 "-" "Mozilla/4.0 (compatible; MSIE 6.0; Windows NT 5.1; SV1)"
5.188.211.72 - - [16/Jul/2022:19:55:21 +0200] "GET /pmwiki/pmwiki.php/Main/MitTehetek? HTTP/1.1" 200 13755 "-" "Mozilla/4.0 (compatible; MSIE 6.0; Windows NT 5.1; SV1)"
5.188.211.72 - - [16/Jul/2022:19:55:22 +0200] "GET /pmwiki/pmwiki.php/Main/Cikkek HTTP/1.1" 200 66799 "-" "Mozilla/4.0 (compatible; MSIE 6.0; Windows NT 5.1; SV1)"
5.188.211.72 - - [16/Jul/2022:19:55:22 +0200] "GET /pmwiki/pmwiki.php/Main/Cikkek HTTP/1.1" 200 66799 "-" "Mozilla/4.0 (compatible; MSIE 6.0; Windows NT 5.1; SV1)"
5.188.211.72 - - [16/Jul/2022:19:55:22 +0200] "GET /pmwiki/pmwiki.php/Main/FAQ HTTP/1.1" 200 17652 "-" "Mozilla/4.0 (compatible; MSIE 6.0; Windows NT 5.1; SV1)"
5.188.211.72 - - [16/Jul/2022:19:55:23 +0200] "GET /pmwiki/pmwiki.php/Main/SzoftverSzabadalmak HTTP/1.1" 200 15057 "-" "Mozilla/4.0 (compatible; MSIE 6.0; Windows NT 5.1; SV1)"
5.188.211.72 - - [16/Jul/2022:19:55:23 +0200] "GET /pmwiki/pmwiki.php/Main/Nyilatkozatok HTTP/1.1" 200 16071 "-" "Mozilla/4.0 (compatible; MSIE 6.0; Windows NT 5.1; SV1)"
5.188.211.72 - - [16/Jul/2022:19:55:23 +0200] "GET /pmwiki/pmwiki.php/Main/FAQ HTTP/1.1" 200 17652 "-" "Mozilla/4.0 (compatible; MSIE 6.0; Windows NT 5.1; SV1)"
5.188.211.72 - - [16/Jul/2022:19:55:23 +0200] "GET /pmwiki/pmwiki.php/Main/Sajt%F3anyag HTTP/1.1" 200 13697 "-" "Mozilla/4.0 (compatible; MSIE 6.0; Windows NT 5.1; SV1)"
5.188.211.72 - - [16/Jul/2022:19:55:23 +0200] "GET /pmwiki/pmwiki.php/Main/Nyilatkozatok HTTP/1.1" 200 16071 "-" "Mozilla/4.0 (compatible; MSIE 6.0; Windows NT 5.1; SV1)"
5.188.211.72 - - [16/Jul/2022:19:55:23 +0200] "GET /pmwiki/pmwiki.php/Main/HeringgelMegval%F3s%EDtottTal%E1lm%E1nyok HTTP/1.1" 200 18448 "-" "Mozilla/4.0 (compatible; MSIE 6.0; Windows NT 5.1; SV1)"
5.188.211.72 - - [16/Jul/2022:19:55:23 +0200] "GET /pmwiki/pmwiki.php/Main/Sajt%F3anyag HTTP/1.1" 200 13697 "-" "Mozilla/4.0 (compatible; MSIE 6.0; Windows NT 5.1; SV1)"
5.188.211.72 - - [16/Jul/2022:19:55:24 +0200] "GET /pmwiki/pmwiki.php/Main/HeringgelMegval%F3s%EDtottTal%E1lm%E1nyok HTTP/1.1" 200 18448 "-" "Mozilla/4.0 (compatible; MSIE 6.0; Windows NT 5.1; SV1)"
5.188.211.72 - - [16/Jul/2022:19:55:24 +0200] "GET /pmwiki/pmwiki.php/Main/JogiOldal HTTP/1.1" 200 26044 "-" "Mozilla/4.0 (compatible; MSIE 6.0; Windows NT 5.1; SV1)"
5.188.211.72 - - [16/Jul/2022:19:55:24 +0200] "GET /pmwiki/pmwiki.php/Main/Gazdas%E1giOldal HTTP/1.1" 200 19537 "-" "Mozilla/4.0 (compatible; MSIE 6.0; Windows NT 5.1; SV1)"
5.188.211.72 - - [16/Jul/2022:19:55:24 +0200] "GET /pmwiki/pmwiki.php/Main/JogiOldal HTTP/1.1" 200 26044 "-" "Mozilla/4.0 (compatible; MSIE 6.0; Windows NT 5.1; SV1)"
5.188.211.72 - - [16/Jul/2022:19:55:25 +0200] "GET /pmwiki/pmwiki.php/PmWiki/DocumentationIndex HTTP/1.1" 200 18850 "-" "Mozilla/4.0 (compatible; MSIE 6.0; Windows NT 5.1; SV1)"
5.188.211.72 - - [16/Jul/2022:19:55:25 +0200] "GET /pmwiki/pmwiki.php/PmWiki/DocumentationIndex HTTP/1.1" 200 18850 "-" "Mozilla/4.0 (compatible; MSIE 6.0; Windows NT 5.1; SV1)"
5.188.211.72 - - [16/Jul/2022:19:55:25 +0200] "GET /pmwiki/pmwiki.php/PmWiki/FAQ HTTP/1.1" 200 23861 "-" "Mozilla/4.0 (compatible; MSIE 6.0; Windows NT 5.1; SV1)"
5.188.211.72 - - [16/Jul/2022:19:55:25 +0200] "GET /pmwiki/pmwiki.php/PmWiki/FAQ HTTP/1.1" 200 23861 "-" "Mozilla/4.0 (compatible; MSIE 6.0; Windows NT 5.1; SV1)"
5.188.211.72 - - [16/Jul/2022:19:55:25 +0200] "GET /pmwiki/pmwiki.php/PmWiki/PmWikiPhilosophy HTTP/1.1" 200 16736 "-" "Mozilla/4.0 (compatible; MSIE 6.0; Windows NT 5.1; SV1)"
5.188.211.72 - - [16/Jul/2022:19:55:26 +0200] "GET /pmwiki/pmwiki.php/PmWiki/PmWikiPhilosophy HTTP/1.1" 200 16736 "-" "Mozilla/4.0 (compatible; MSIE 6.0; Windows NT 5.1; SV1)"
5.188.211.72 - - [16/Jul/2022:19:55:26 +0200] "GET /pmwiki/pmwiki.php/PmWiki/ReleaseNotes HTTP/1.1" 200 29978 "-" "Mozilla/4.0 (compatible; MSIE 6.0; Windows NT 5.1; SV1)"
5.188.211.72 - - [16/Jul/2022:19:55:26 +0200] "GET /pmwiki/pmwiki.php/PmWiki/ReleaseNotes HTTP/1.1" 200 29978 "-" "Mozilla/4.0 (compatible; MSIE 6.0; Windows NT 5.1; SV1)"
5.188.211.72 - - [16/Jul/2022:19:55:26 +0200] "GET /pmwiki/pmwiki.php/PmWiki/ChangeLog HTTP/1.1" 200 44191 "-" "Mozilla/4.0 (compatible; MSIE 6.0; Windows NT 5.1; SV1)"
5.188.211.72 - - [16/Jul/2022:19:55:27 +0200] "GET /pmwiki/pmwiki.php/PmWiki/ChangeLog HTTP/1.1" 200 44191 "-" "Mozilla/4.0 (compatible; MSIE 6.0; Windows NT 5.1; SV1)"
5.188.211.72 - - [16/Jul/2022:19:55:27 +0200] "GET /pmwiki/pmwiki.php/PmWiki/ChangesFromPmWiki1 HTTP/1.1" 200 19777 "-" "Mozilla/4.0 (compatible; MSIE 6.0; Windows NT 5.1; SV1)"
5.188.211.72 - - [16/Jul/2022:19:55:27 +0200] "GET /pmwiki/pmwiki.php/PmWiki/ChangesFromPmWiki1 HTTP/1.1" 200 19777 "-" "Mozilla/4.0 (compatible; MSIE 6.0; Windows NT 5.1; SV1)"
5.188.211.72 - - [16/Jul/2022:19:55:27 +0200] "GET /pmwiki/pmwiki.php/Main/SzoftverSzabadalmak?action=edit HTTP/1.1" 200 12578 "-" "Mozilla/4.0 (compatible; MSIE 6.0; Windows NT 5.1; SV1)"
5.188.211.72 - - [16/Jul/2022:19:55:27 +0200] "GET /pmwiki/pmwiki.php/Main/AJelenlegiSzerzoiJogiTorveny?action=edit HTTP/1.1" 200 12718 "-" "Mozilla/4.0 (compatible; MSIE 6.0; Windows NT 5.1; SV1)"
5.188.211.72 - - [16/Jul/2022:19:55:27 +0200] "GET /pmwiki/pmwiki.php/Main/SzoftverSzabadalmak?action=upload HTTP/1.1" 200 12458 "-" "Mozilla/4.0 (compatible; MSIE 6.0; Windows NT 5.1; SV1)"
5.188.211.72 - - [16/Jul/2022:19:55:27 +0200] "GET /pmwiki/pmwiki.php/Main/SzoftverSzabadalmak?action=print HTTP/1.1" 200 5369 "-" "Mozilla/4.0 (compatible; MSIE 6.0; Windows NT 5.1; SV1)"
5.188.211.72 - - [16/Jul/2022:19:55:27 +0200] "GET /pmwiki/pmwiki.php/Main/AJelenlegiSzerzoiJogiTorveny?action=upload HTTP/1.1" 200 12598 "-" "Mozilla/4.0 (compatible; MSIE 6.0; Windows NT 5.1; SV1)"
5.188.211.72 - - [16/Jul/2022:19:55:28 +0200] "GET /pmwiki/pmwiki.php/Main/AJelenlegiSzerzoiJogiTorveny?action=print HTTP/1.1" 200 8868 "-" "Mozilla/4.0 (compatible; MSIE 6.0; Windows NT 5.1; SV1)"
5.188.211.72 - - [16/Jul/2022:19:58:16 +0200] "GET /pmwiki/pmwiki.php/Main/ADRMH%E1tr%E1nyai HTTP/1.1" 200 14752 "-" "Mozilla/4.0 (compatible; MSIE 6.0; Windows NT 5.1; SV1)"
5.188.211.72 - - [16/Jul/2022:19:58:17 +0200] "GET /pmwiki/pmwiki.php HTTP/1.1" 200 37269 "-" "Mozilla/4.0 (compatible; MSIE 6.0; Windows NT 5.1; SV1)"
5.188.211.72 - - [16/Jul/2022:19:58:17 +0200] "GET /pmwiki/pmwiki.php/Main/SideBar?action=edit HTTP/1.1" 200 12384 "-" "Mozilla/4.0 (compatible; MSIE 6.0; Windows NT 5.1; SV1)"
5.188.211.72 - - [16/Jul/2022:19:58:17 +0200] "GET /pmwiki/pmwiki.php/Main/HomePage HTTP/1.1" 200 37269 "-" "Mozilla/4.0 (compatible; MSIE 6.0; Windows NT 5.1; SV1)"
5.188.211.72 - - [16/Jul/2022:19:58:18 +0200] "GET /pmwiki/pmwiki.php/Main/MitTehetek? HTTP/1.1" 200 13755 "-" "Mozilla/4.0 (compatible; MSIE 6.0; Windows NT 5.1; SV1)"
5.188.211.72 - - [16/Jul/2022:19:58:18 +0200] "GET /pmwiki/pmwiki.php/Main/Cikkek HTTP/1.1" 200 66799 "-" "Mozilla/4.0 (compatible; MSIE 6.0; Windows NT 5.1; SV1)"
5.188.211.72 - - [16/Jul/2022:19:58:19 +0200] "GET /pmwiki/pmwiki.php/Main/SzoftverSzabadalmak HTTP/1.1" 200 15057 "-" "Mozilla/4.0 (compatible; MSIE 6.0; Windows NT 5.1; SV1)"
5.188.211.72 - - [16/Jul/2022:19:58:19 +0200] "GET /pmwiki/pmwiki.php/Main/FAQ HTTP/1.1" 200 17652 "-" "Mozilla/4.0 (compatible; MSIE 6.0; Windows NT 5.1; SV1)"
5.188.211.72 - - [16/Jul/2022:19:58:19 +0200] "GET /pmwiki/pmwiki.php/Main/Nyilatkozatok HTTP/1.1" 200 16071 "-" "Mozilla/4.0 (compatible; MSIE 6.0; Windows NT 5.1; SV1)"
5.188.211.72 - - [16/Jul/2022:19:58:19 +0200] "GET /pmwiki/pmwiki.php/Main/Sajt%F3anyag HTTP/1.1" 200 13697 "-" "Mozilla/4.0 (compatible; MSIE 6.0; Windows NT 5.1; SV1)"
5.188.211.72 - - [16/Jul/2022:19:58:20 +0200] "GET /pmwiki/pmwiki.php/Main/HeringgelMegval%F3s%EDtottTal%E1lm%E1nyok HTTP/1.1" 200 18448 "-" "Mozilla/4.0 (compatible; MSIE 6.0; Windows NT 5.1; SV1)"
5.188.211.72 - - [16/Jul/2022:19:58:20 +0200] "GET /pmwiki/pmwiki.php/Main/JogiOldal HTTP/1.1" 200 26044 "-" "Mozilla/4.0 (compatible; MSIE 6.0; Windows NT 5.1; SV1)"
5.188.211.72 - - [16/Jul/2022:19:58:20 +0200] "GET /pmwiki/pmwiki.php/PmWiki/DocumentationIndex HTTP/1.1" 200 18850 "-" "Mozilla/4.0 (compatible; MSIE 6.0; Windows NT 5.1; SV1)"
5.188.211.72 - - [16/Jul/2022:19:58:21 +0200] "GET /pmwiki/pmwiki.php/PmWiki/FAQ HTTP/1.1" 200 23861 "-" "Mozilla/4.0 (compatible; MSIE 6.0; Windows NT 5.1; SV1)"
5.188.211.72 - - [16/Jul/2022:19:58:22 +0200] "GET /pmwiki/pmwiki.php/PmWiki/PmWikiPhilosophy HTTP/1.1" 200 16736 "-" "Mozilla/4.0 (compatible; MSIE 6.0; Windows NT 5.1; SV1)"
5.188.211.72 - - [16/Jul/2022:19:58:22 +0200] "GET /pmwiki/pmwiki.php/PmWiki/ReleaseNotes HTTP/1.1" 200 29978 "-" "Mozilla/4.0 (compatible; MSIE 6.0; Windows NT 5.1; SV1)"
5.188.211.72 - - [16/Jul/2022:19:58:23 +0200] "GET /pmwiki/pmwiki.php/PmWiki/ChangeLog HTTP/1.1" 200 44191 "-" "Mozilla/4.0 (compatible; MSIE 6.0; Windows NT 5.1; SV1)"
5.188.211.72 - - [16/Jul/2022:19:58:23 +0200] "GET /pmwiki/pmwiki.php/PmWiki/ChangesFromPmWiki1 HTTP/1.1" 200 19777 "-" "Mozilla/4.0 (compatible; MSIE 6.0; Windows NT 5.1; SV1)"
5.188.211.72 - - [16/Jul/2022:19:58:23 +0200] "GET /pmwiki/pmwiki.php/Main/ADRMH%E1tr%E1nyai?action=edit HTTP/1.1" 200 12534 "-" "Mozilla/4.0 (compatible; MSIE 6.0; Windows NT 5.1; SV1)"
5.188.211.72 - - [16/Jul/2022:19:58:23 +0200] "GET /pmwiki/pmwiki.php/Main/ADRMH%E1tr%E1nyai?action=upload HTTP/1.1" 200 12414 "-" "Mozilla/4.0 (compatible; MSIE 6.0; Windows NT 5.1; SV1)"
5.188.211.72 - - [16/Jul/2022:19:58:23 +0200] "GET /pmwiki/pmwiki.php/Main/ADRMH%E1tr%E1nyai?action=print HTTP/1.1" 200 5095 "-" "Mozilla/4.0 (compatible; MSIE 6.0; Windows NT 5.1; SV1)"
5.188.211.72 - - [16/Jul/2022:20:01:13 +0200] "GET /pmwiki/pmwiki.php/Main/Cutts HTTP/1.1" 200 31570 "-" "Mozilla/4.0 (compatible; MSIE 6.0; Windows NT 5.1; SV1)"
5.188.211.72 - - [16/Jul/2022:20:01:14 +0200] "GET /pmwiki/pmwiki.php HTTP/1.1" 200 37269 "-" "Mozilla/4.0 (compatible; MSIE 6.0; Windows NT 5.1; SV1)"
5.188.211.72 - - [16/Jul/2022:20:01:14 +0200] "GET /pmwiki/pmwiki.php/Main/SideBar?action=edit HTTP/1.1" 200 12384 "-" "Mozilla/4.0 (compatible; MSIE 6.0; Windows NT 5.1; SV1)"
5.188.211.72 - - [16/Jul/2022:20:01:15 +0200] "GET /pmwiki/pmwiki.php/Main/HomePage HTTP/1.1" 200 37269 "-" "Mozilla/4.0 (compatible; MSIE 6.0; Windows NT 5.1; SV1)"
5.188.211.72 - - [16/Jul/2022:20:01:15 +0200] "GET /pmwiki/pmwiki.php/Main/MitTehetek? HTTP/1.1" 200 13755 "-" "Mozilla/4.0 (compatible; MSIE 6.0; Windows NT 5.1; SV1)"
5.188.211.72 - - [16/Jul/2022:20:01:16 +0200] "GET /pmwiki/pmwiki.php/Main/Cikkek HTTP/1.1" 200 66799 "-" "Mozilla/4.0 (compatible; MSIE 6.0; Windows NT 5.1; SV1)"
5.188.211.72 - - [16/Jul/2022:20:01:16 +0200] "GET /pmwiki/pmwiki.php/Main/SzoftverSzabadalmak HTTP/1.1" 200 15057 "-" "Mozilla/4.0 (compatible; MSIE 6.0; Windows NT 5.1; SV1)"
5.188.211.72 - - [16/Jul/2022:20:01:16 +0200] "GET /pmwiki/pmwiki.php/Main/FAQ HTTP/1.1" 200 17652 "-" "Mozilla/4.0 (compatible; MSIE 6.0; Windows NT 5.1; SV1)"
5.188.211.72 - - [16/Jul/2022:20:01:16 +0200] "GET /pmwiki/pmwiki.php/Main/Nyilatkozatok HTTP/1.1" 200 16071 "-" "Mozilla/4.0 (compatible; MSIE 6.0; Windows NT 5.1; SV1)"
5.188.211.72 - - [16/Jul/2022:20:01:17 +0200] "GET /pmwiki/pmwiki.php/Main/Sajt%F3anyag HTTP/1.1" 200 13697 "-" "Mozilla/4.0 (compatible; MSIE 6.0; Windows NT 5.1; SV1)"
5.188.211.72 - - [16/Jul/2022:20:01:17 +0200] "GET /pmwiki/pmwiki.php/Main/HeringgelMegval%F3s%EDtottTal%E1lm%E1nyok HTTP/1.1" 200 18448 "-" "Mozilla/4.0 (compatible; MSIE 6.0; Windows NT 5.1; SV1)"
5.188.211.72 - - [16/Jul/2022:20:01:17 +0200] "GET /pmwiki/pmwiki.php/Main/JogiOldal HTTP/1.1" 200 26044 "-" "Mozilla/4.0 (compatible; MSIE 6.0; Windows NT 5.1; SV1)"
5.188.211.72 - - [16/Jul/2022:20:01:17 +0200] "GET /pmwiki/pmwiki.php/PmWiki/DocumentationIndex HTTP/1.1" 200 18850 "-" "Mozilla/4.0 (compatible; MSIE 6.0; Windows NT 5.1; SV1)"
5.188.211.72 - - [16/Jul/2022:20:01:18 +0200] "GET /pmwiki/pmwiki.php/PmWiki/FAQ HTTP/1.1" 200 23861 "-" "Mozilla/4.0 (compatible; MSIE 6.0; Windows NT 5.1; SV1)"
5.188.211.72 - - [16/Jul/2022:20:01:18 +0200] "GET /pmwiki/pmwiki.php/PmWiki/PmWikiPhilosophy HTTP/1.1" 200 16736 "-" "Mozilla/4.0 (compatible; MSIE 6.0; Windows NT 5.1; SV1)"
5.188.211.72 - - [16/Jul/2022:20:01:18 +0200] "GET /pmwiki/pmwiki.php/PmWiki/ReleaseNotes HTTP/1.1" 200 29978 "-" "Mozilla/4.0 (compatible; MSIE 6.0; Windows NT 5.1; SV1)"
5.188.211.72 - - [16/Jul/2022:20:01:19 +0200] "GET /pmwiki/pmwiki.php/PmWiki/ChangeLog HTTP/1.1" 200 44191 "-" "Mozilla/4.0 (compatible; MSIE 6.0; Windows NT 5.1; SV1)"
5.188.211.72 - - [16/Jul/2022:20:01:19 +0200] "GET /pmwiki/pmwiki.php/PmWiki/ChangesFromPmWiki1 HTTP/1.1" 200 19777 "-" "Mozilla/4.0 (compatible; MSIE 6.0; Windows NT 5.1; SV1)"
5.188.211.72 - - [16/Jul/2022:20:01:20 +0200] "GET /pmwiki/pmwiki.php/Main/Cutts?action=edit HTTP/1.1" 200 12352 "-" "Mozilla/4.0 (compatible; MSIE 6.0; Windows NT 5.1; SV1)"
5.188.211.72 - - [16/Jul/2022:20:01:20 +0200] "GET /pmwiki/pmwiki.php/Main/Cutts?action=upload HTTP/1.1" 200 12232 "-" "Mozilla/4.0 (compatible; MSIE 6.0; Windows NT 5.1; SV1)"
5.188.211.72 - - [16/Jul/2022:20:01:20 +0200] "GET /pmwiki/pmwiki.php/Main/Cutts?action=print HTTP/1.1" 200 22050 "-" "Mozilla/4.0 (compatible; MSIE 6.0; Windows NT 5.1; SV1)"
185.191.171.40 - - [16/Jul/2022:20:20:40 +0200] "GET /robots.txt HTTP/1.1" 404 1181 "-" "Mozilla/5.0 (compatible; SemrushBot/7~bl; +http://www.semrush.com/bot.html)"
185.191.171.44 - - [16/Jul/2022:20:20:41 +0200] "GET /pmwiki/pmwiki.php/Main/SearchWiki?action=diff HTTP/1.1" 200 126662 "-" "Mozilla/5.0 (compatible; SemrushBot/7~bl; +http://www.semrush.com/bot.html)"
185.191.171.4 - - [16/Jul/2022:20:28:00 +0200] "GET /pmwiki/pmwiki.php/Main/PDF417?action=edit HTTP/1.1" 200 12366 "-" "Mozilla/5.0 (compatible; SemrushBot/7~bl; +http://www.semrush.com/bot.html)"
216.244.66.203 - - [16/Jul/2022:20:28:22 +0200] "GET /robots.txt HTTP/1.1" 404 1181 "-" "Mozilla/5.0 (compatible; DotBot/1.2; +https://opensiteexplorer.org/dotbot; help@moz.com)"
212.237.51.151 - - [16/Jul/2022:20:35:21 +0200] "HEAD /pmwiki/pmwiki.php HTTP/1.1" 200 0 "-" "Alert_Alligator_webmonitoring_service_1.6.4_(alertalligator.com)"
216.244.66.203 - - [16/Jul/2022:20:36:30 +0200] "GET /pmwiki/pmwiki.php/Main/Google?action=edit&restore=diff:1182600298:1134502574:minor&preview=y HTTP/1.1" 200 12417 "-" "Mozilla/5.0 (compatible; DotBot/1.2; +https://opensiteexplorer.org/dotbot; help@moz.com)"
114.119.129.110 - - [16/Jul/2022:20:45:55 +0200] "GET /pmwiki/pmwiki.php/Main/2005J%FAnius?action=edit HTTP/1.1" 200 12458 "http://swpat.zpok.hu/pmwiki/pmwiki.php/Main/2005J%fanius" "Mozilla/5.0 (Linux; Android 7.0;) AppleWebKit/537.36 (KHTML, like Gecko) Mobile Safari/537.36 (compatible; PetalBot;+https://webmaster.petalsearch.com/site/petalbot)"
54.36.148.107 - - [16/Jul/2022:20:52:30 +0200] "GET /pmwiki/pmwiki.php/Main/Virsligy%E1r?action=upload HTTP/1.1" 200 12342 "-" "Mozilla/5.0 (compatible; AhrefsBot/7.0; +http://ahrefs.com/robot/)"
185.191.171.22 - - [16/Jul/2022:21:01:09 +0200] "GET /pmwiki/pmwiki.php/Main/Bitem0304 HTTP/1.1" 200 17668 "-" "Mozilla/5.0 (compatible; SemrushBot/7~bl; +http://www.semrush.com/bot.html)"
185.191.171.33 - - [16/Jul/2022:21:07:17 +0200] "GET /pmwiki/pmwiki.php/Main/RocardEp2 HTTP/1.1" 200 28076 "-" "Mozilla/5.0 (compatible; SemrushBot/7~bl; +http://www.semrush.com/bot.html)"
212.237.51.151 - - [16/Jul/2022:21:19:10 +0200] "HEAD /pmwiki/pmwiki.php HTTP/1.1" 200 0 "-" "Alert_Alligator_webmonitoring_service_1.6.4_(alertalligator.com)"
114.119.129.110 - - [16/Jul/2022:21:25:17 +0200] "GET /pmwiki/pmwiki.php/Main/ABundestagT%E1mogatjaAzEur%F3paiParlamentet?action=upload HTTP/1.1" 200 12834 "http://swpat.zpok.hu/pmwiki/pmwiki.php/Main/ABundestagT%e1mogatjaAzEur%f3paiParlamentet" "Mozilla/5.0 (Linux; Android 7.0;) AppleWebKit/537.36 (KHTML, like Gecko) Mobile Safari/537.36 (compatible; PetalBot;+https://webmaster.petalsearch.com/site/petalbot)"
54.36.149.71 - - [16/Jul/2022:22:03:16 +0200] "GET /pmwiki/pmwiki.php/Main/V%E9delmiP%E9nz HTTP/1.1" 200 12560 "-" "Mozilla/5.0 (compatible; AhrefsBot/7.0; +http://ahrefs.com/robot/)"
66.249.66.93 - - [16/Jul/2022:22:15:38 +0200] "GET /robots.txt HTTP/1.1" 404 1181 "-" "Mozilla/5.0 (compatible; Googlebot/2.1; +http://www.google.com/bot.html)"
66.249.66.218 - - [16/Jul/2022:22:15:38 +0200] "GET /pmwiki/pub/skins/gila/gila.css HTTP/1.1" 200 8887 "http://swpat.zpok.hu/pmwiki/pmwiki.php/Main/Google" "Mozilla/5.0 (Linux; Android 6.0.1; Nexus 5X Build/MMB29P) AppleWebKit/537.36 (KHTML, like Gecko) Chrome/103.0.5060.114 Mobile Safari/537.36 (compatible; Googlebot/2.1; +http://www.google.com/bot.html)"
212.237.53.115 - - [16/Jul/2022:22:15:45 +0200] "HEAD /pmwiki/pmwiki.php HTTP/1.1" 200 0 "-" "Alert_Alligator_webmonitoring_service_1.6.4_(alertalligator.com)"
54.36.148.96 - - [16/Jul/2022:23:11:35 +0200] "GET /pmwiki/pmwiki.php/Main/Virsligy%E1r?action=print HTTP/1.1" 200 15382 "-" "Mozilla/5.0 (compatible; AhrefsBot/7.0; +http://ahrefs.com/robot/)"
212.237.53.115 - - [16/Jul/2022:23:12:18 +0200] "HEAD /pmwiki/pmwiki.php HTTP/1.1" 200 0 "-" "Alert_Alligator_webmonitoring_service_1.6.4_(alertalligator.com)"
54.36.148.75 - - [16/Jul/2022:23:44:23 +0200] "GET /pmwiki/pmwiki.php/Main/Linkek HTTP/1.1" 200 28889 "-" "Mozilla/5.0 (compatible; AhrefsBot/7.0; +http://ahrefs.com/robot/)"
212.237.51.151 - - [17/Jul/2022:00:01:28 +0200] "HEAD /pmwiki/pmwiki.php HTTP/1.1" 200 0 "-" "Alert_Alligator_webmonitoring_service_1.6.4_(alertalligator.com)"
54.36.149.45 - - [17/Jul/2022:00:16:54 +0200] "GET /pmwiki/pmwiki.php/Main/Minimum?action=upload HTTP/1.1" 200 12262 "-" "Mozilla/5.0 (compatible; AhrefsBot/7.0; +http://ahrefs.com/robot/)"
54.36.149.104 - - [17/Jul/2022:00:48:39 +0200] "GET /pmwiki/pmwiki.php/Main/Minimum?action=diff HTTP/1.1" 200 25837 "-" "Mozilla/5.0 (compatible; AhrefsBot/7.0; +http://ahrefs.com/robot/)"
212.237.53.115 - - [17/Jul/2022:00:56:03 +0200] "HEAD /pmwiki/pmwiki.php HTTP/1.1" 200 0 "-" "Alert_Alligator_webmonitoring_service_1.6.4_(alertalligator.com)"
216.244.66.203 - - [17/Jul/2022:00:59:32 +0200] "GET /robots.txt HTTP/1.1" 404 1181 "-" "Mozilla/5.0 (compatible; DotBot/1.2; +https://opensiteexplorer.org/dotbot; help@moz.com)"
216.244.66.203 - - [17/Jul/2022:01:06:13 +0200] "GET /pmwiki/pmwiki.php/Main/Ipr?action=edit&restore=diff:1132215481:1131455766:minor&preview=y HTTP/1.1" 200 12373 "-" "Mozilla/5.0 (compatible; DotBot/1.2; +https://opensiteexplorer.org/dotbot; help@moz.com)"
114.119.129.110 - - [17/Jul/2022:01:17:38 +0200] "GET /pmwiki/pmwiki.php/Main/SzoftverSzabadalmak?action=print HTTP/1.1" 200 5369 "http://swpat.zpok.hu/pmwiki/pmwiki.php/Main/SzoftverSzabadalmak" "Mozilla/5.0 (Linux; Android 7.0;) AppleWebKit/537.36 (KHTML, like Gecko) Mobile Safari/537.36 (compatible; PetalBot;+https://webmaster.petalsearch.com/site/petalbot)"
54.36.148.90 - - [17/Jul/2022:01:25:11 +0200] "GET /pmwiki/pmwiki.php/Main/ABundestagT%E1mogatjaAzEur%F3paiParlamentet?action=edit HTTP/1.1" 200 12954 "-" "Mozilla/5.0 (compatible; AhrefsBot/7.0; +http://ahrefs.com/robot/)"
114.119.129.110 - - [17/Jul/2022:01:26:19 +0200] "GET /pmwiki/pmwiki.php/Main/CikkekPrivacy?action=diff HTTP/1.1" 200 14574 "http://swpat.zpok.hu/pmwiki/pmwiki.php/Main/CikkekPrivacy" "Mozilla/5.0 (Linux; Android 7.0;) AppleWebKit/537.36 (KHTML, like Gecko) Mobile Safari/537.36 (compatible; PetalBot;+https://webmaster.petalsearch.com/site/petalbot)"
114.119.129.110 - - [17/Jul/2022:01:34:21 +0200] "GET /pmwiki/pmwiki.php/Main/BMEKonferencia?action=edit HTTP/1.1" 200 12494 "http://swpat.zpok.hu/pmwiki/pmwiki.php/Main/BMEKonferencia" "Mozilla/5.0 (Linux; Android 7.0;) AppleWebKit/537.36 (KHTML, like Gecko) Mobile Safari/537.36 (compatible; PetalBot;+https://webmaster.petalsearch.com/site/petalbot)"
212.237.51.151 - - [17/Jul/2022:01:45:09 +0200] "HEAD /pmwiki/pmwiki.php HTTP/1.1" 200 0 "-" "Alert_Alligator_webmonitoring_service_1.6.4_(alertalligator.com)"
114.119.129.110 - - [17/Jul/2022:01:46:45 +0200] "GET /pmwiki/pmwiki.php/Main/CenZored?action=diff HTTP/1.1" 200 16528 "http://swpat.zpok.hu/pmwiki/pmwiki.php/Main/CenZored" "Mozilla/5.0 (Linux; Android 7.0;) AppleWebKit/537.36 (KHTML, like Gecko) Mobile Safari/537.36 (compatible; PetalBot;+https://webmaster.petalsearch.com/site/petalbot)"
54.36.148.30 - - [17/Jul/2022:01:56:10 +0200] "GET /pmwiki/pmwiki.php/Main/Minimum?action=edit HTTP/1.1" 200 12382 "-" "Mozilla/5.0 (compatible; AhrefsBot/7.0; +http://ahrefs.com/robot/)"
207.46.13.230 - - [17/Jul/2022:01:56:23 +0200] "GET /robots.txt HTTP/1.1" 404 1181 "-" "Mozilla/5.0 (compatible; bingbot/2.0; +http://www.bing.com/bingbot.htm)"
207.46.13.56 - - [17/Jul/2022:01:56:28 +0200] "GET / HTTP/1.1" 302 5 "-" "Mozilla/5.0 (compatible; bingbot/2.0; +http://www.bing.com/bingbot.htm)"
207.46.13.56 - - [17/Jul/2022:01:56:38 +0200] "GET /pmwiki/pmwiki.php HTTP/1.1" 200 37269 "-" "Mozilla/5.0 (compatible; bingbot/2.0; +http://www.bing.com/bingbot.htm)"
114.119.129.110 - - [17/Jul/2022:02:01:08 +0200] "GET /pmwiki/pmwiki.php/Main/HeringgelMegval%F3s%EDtottTal%E1lm%E1nyok?action=upload HTTP/1.1" 200 12794 "http://swpat.zpok.hu/pmwiki/pmwiki.php/Main/HeringgelMegval%f3s%edtottTal%e1lm%e1nyok" "Mozilla/5.0 (Linux; Android 7.0;) AppleWebKit/537.36 (KHTML, like Gecko) Mobile Safari/537.36 (compatible; PetalBot;+https://webmaster.petalsearch.com/site/petalbot)"
