66.249.66.43 - - [12/Jul/2022:04:46:37 +0200] "GET /pmwiki/pub/skins/gila/gila.css HTTP/1.1" 200 8887 "http://swpat.zpok.hu/pmwiki/pmwiki.php/Main/C%E9lok" "Mozilla/5.0 (Linux; Android 6.0.1; Nexus 5X Build/MMB29P) AppleWebKit/537.36 (KHTML, like Gecko) Chrome/103.0.5060.53 Mobile Safari/537.36 (compatible; Googlebot/2.1; +http://www.google.com/bot.html)"
114.119.129.110 - - [12/Jul/2022:05:01:17 +0200] "GET /pmwiki/pmwiki.php/Main/SMELie HTTP/1.1" 200 13592 "http://swpat.zpok.hu/pmwiki/pmwiki.php/Main/BMEKonferencia" "Mozilla/5.0 (Linux; Android 7.0;) AppleWebKit/537.36 (KHTML, like Gecko) Mobile Safari/537.36 (compatible; PetalBot;+https://webmaster.petalsearch.com/site/petalbot)"
205.210.31.154 - - [12/Jul/2022:05:17:13 +0200] "GET / HTTP/1.1" 302 5 "-" "Expanse, a Palo Alto Networks company, searches across the global IPv4 space multiple times per day to identify customers' presences on the Internet. If you would like to be excluded from our scans, please send IP addresses/domains to: scaninfo@paloaltonetworks.com"
205.210.31.154 - - [12/Jul/2022:05:17:15 +0200] "GET /pmwiki/pmwiki.php HTTP/1.1" 200 37269 "http://195.56.55.225:80/" "Expanse, a Palo Alto Networks company, searches across the global IPv4 space multiple times per day to identify customers' presences on the Internet. If you would like to be excluded from our scans, please send IP addresses/domains to: scaninfo@paloaltonetworks.com"
114.119.129.110 - - [12/Jul/2022:05:19:57 +0200] "GET /pmwiki/pmwiki.php/Main/2005J%FAniusEKTBBesz%E1mol%F3?action=diff HTTP/1.1" 200 19642 "http://swpat.zpok.hu/pmwiki/pmwiki.php/Main/2005J%faniusEKTBBesz%e1mol%f3" "Mozilla/5.0 (Linux; Android 7.0;) AppleWebKit/537.36 (KHTML, like Gecko) Mobile Safari/537.36 (compatible; PetalBot;+https://webmaster.petalsearch.com/site/petalbot)"
212.237.23.143 - - [12/Jul/2022:05:30:24 +0200] "HEAD /pmwiki/pmwiki.php HTTP/1.1" 200 0 "-" "Alert_Alligator_webmonitoring_service_1.6.4_(alertalligator.com)"
185.191.171.6 - - [12/Jul/2022:05:38:04 +0200] "GET /robots.txt HTTP/1.1" 404 1181 "-" "Mozilla/5.0 (compatible; SemrushBot/7~bl; +http://www.semrush.com/bot.html)"
185.191.171.39 - - [12/Jul/2022:05:38:05 +0200] "GET /pmwiki/pmwiki.php/Main/Direkt%EDva?action=upload HTTP/1.1" 200 12326 "-" "Mozilla/5.0 (compatible; SemrushBot/7~bl; +http://www.semrush.com/bot.html)"
185.191.171.14 - - [12/Jul/2022:05:49:28 +0200] "GET /pmwiki/pmwiki.php/Main/FAQ?action=print HTTP/1.1" 200 8156 "-" "Mozilla/5.0 (compatible; SemrushBot/7~bl; +http://www.semrush.com/bot.html)"
54.36.148.76 - - [12/Jul/2022:05:52:22 +0200] "GET /pmwiki/pmwiki.php/PmWiki/ChangeLog HTTP/1.1" 200 44191 "-" "Mozilla/5.0 (compatible; AhrefsBot/7.0; +http://ahrefs.com/robot/)"
49.12.13.109 - - [12/Jul/2022:06:29:36 +0200] "HEAD /pmwiki/pmwiki.php HTTP/1.1" 200 0 "-" "Alert_Alligator_webmonitoring_service_1.6.3_(alertalligator.com)"
185.191.171.26 - - [12/Jul/2022:06:46:05 +0200] "GET /robots.txt HTTP/1.1" 404 1181 "-" "Mozilla/5.0 (compatible; SemrushBot/7~bl; +http://www.semrush.com/bot.html)"
185.191.171.43 - - [12/Jul/2022:06:46:07 +0200] "GET /pmwiki/pmwiki.php/Main/Direkt%EDva?action=edit HTTP/1.1" 200 12446 "-" "Mozilla/5.0 (compatible; SemrushBot/7~bl; +http://www.semrush.com/bot.html)"
54.36.148.251 - - [12/Jul/2022:07:14:22 +0200] "GET /pmwiki/pmwiki.php/Main/Cutts?action=edit HTTP/1.1" 200 12352 "-" "Mozilla/5.0 (compatible; AhrefsBot/7.0; +http://ahrefs.com/robot/)"
185.191.171.41 - - [12/Jul/2022:07:17:10 +0200] "GET /pmwiki/pmwiki.php/Main/Marc08essay?action=diff HTTP/1.1" 200 76748 "-" "Mozilla/5.0 (compatible; SemrushBot/7~bl; +http://www.semrush.com/bot.html)"
49.12.13.109 - - [12/Jul/2022:07:28:57 +0200] "HEAD /pmwiki/pmwiki.php HTTP/1.1" 200 0 "-" "Alert_Alligator_webmonitoring_service_1.6.3_(alertalligator.com)"
185.191.171.24 - - [12/Jul/2022:07:53:35 +0200] "GET /robots.txt HTTP/1.1" 404 1181 "-" "Mozilla/5.0 (compatible; SemrushBot/7~bl; +http://www.semrush.com/bot.html)"
185.191.171.36 - - [12/Jul/2022:07:53:36 +0200] "GET /pmwiki/pmwiki.php/Main/Nyilatkozat?action=diff HTTP/1.1" 200 20409 "-" "Mozilla/5.0 (compatible; SemrushBot/7~bl; +http://www.semrush.com/bot.html)"
185.191.171.11 - - [12/Jul/2022:07:53:40 +0200] "GET /sitemap.xml HTTP/1.1" 404 1181 "-" "Mozilla/5.0 (compatible; SemrushBot/7~bl; +http://www.semrush.com/bot.html)"
212.237.51.151 - - [12/Jul/2022:08:19:27 +0200] "HEAD /pmwiki/pmwiki.php HTTP/1.1" 200 0 "-" "Alert_Alligator_webmonitoring_service_1.6.4_(alertalligator.com)"
54.36.149.89 - - [12/Jul/2022:08:24:44 +0200] "GET /pmwiki/pmwiki.php/Main/Google?action=upload HTTP/1.1" 200 12246 "-" "Mozilla/5.0 (compatible; AhrefsBot/7.0; +http://ahrefs.com/robot/)"
49.12.13.109 - - [12/Jul/2022:09:18:34 +0200] "HEAD /pmwiki/pmwiki.php HTTP/1.1" 200 0 "-" "Alert_Alligator_webmonitoring_service_1.6.3_(alertalligator.com)"
114.119.136.247 - - [12/Jul/2022:09:29:56 +0200] "GET /robots.txt HTTP/1.1" 404 1181 "-" "Mozilla/5.0 (compatible;PetalBot;+https://webmaster.petalsearch.com/site/petalbot)"
5.45.207.115 - - [12/Jul/2022:09:41:43 +0200] "GET /robots.txt HTTP/1.1" 404 1181 "-" "Mozilla/5.0 (compatible; YandexBot/3.0; +http://yandex.com/bots)"
5.45.207.115 - - [12/Jul/2022:09:41:47 +0200] "GET / HTTP/1.1" 302 5 "-" "Mozilla/5.0 (compatible; YandexBot/3.0; +http://yandex.com/bots)"
87.250.224.56 - - [12/Jul/2022:09:41:51 +0200] "GET /pmwiki/pmwiki.php HTTP/1.1" 200 37269 "-" "Mozilla/5.0 (compatible; YandexBot/3.0; +http://yandex.com/bots)"
188.166.114.112 - - [12/Jul/2022:10:17:11 +0200] "GET / HTTP/1.1" 302 5 "-" "Mozilla/5.0 (Windows NT 10.0; Win64; x64) AppleWebKit/537.36 (KHTML, like Gecko) Chrome/78.0.3904.70 Safari/537.36"
188.166.114.112 - - [12/Jul/2022:10:17:13 +0200] "GET /pmwiki/pmwiki.php HTTP/1.1" 200 37269 "-" "Mozilla/5.0 (Windows NT 10.0; Win64; x64) AppleWebKit/537.36 (KHTML, like Gecko) Chrome/78.0.3904.70 Safari/537.36"
188.166.114.112 - - [12/Jul/2022:10:17:43 +0200] "GET /robots.txt HTTP/1.1" 404 1181 "-" "Mozilla/5.0 (Windows NT 10.0; Win64; x64) AppleWebKit/537.36 (KHTML, like Gecko) Chrome/78.0.3904.70 Safari/537.36"
188.166.114.112 - - [12/Jul/2022:10:17:43 +0200] "GET /sitemap.xml HTTP/1.1" 404 1181 "-" "Mozilla/5.0 (Windows NT 10.0; Win64; x64) AppleWebKit/537.36 (KHTML, like Gecko) Chrome/78.0.3904.70 Safari/537.36"
212.237.53.115 - - [12/Jul/2022:10:20:39 +0200] "HEAD /pmwiki/pmwiki.php HTTP/1.1" 200 0 "-" "Alert_Alligator_webmonitoring_service_1.6.4_(alertalligator.com)"
114.119.129.110 - - [12/Jul/2022:10:32:53 +0200] "GET /pmwiki/pmwiki.php/Main/Tud%E1smonop%F3lium HTTP/1.1" 200 16773 "http://swpat.zpok.hu/pmwiki/pmwiki.php/Main/Damokl%e9szKardjaLebegAMagyarSzoftveriparFelett" "Mozilla/5.0 (Linux; Android 7.0;) AppleWebKit/537.36 (KHTML, like Gecko) Mobile Safari/537.36 (compatible; PetalBot;+https://webmaster.petalsearch.com/site/petalbot)"
114.119.129.110 - - [12/Jul/2022:10:35:28 +0200] "GET /pmwiki/pmwiki.php/PmWiki/WikiStyleExamples?action=edit HTTP/1.1" 200 12579 "-" "Mozilla/5.0 (Linux; Android 7.0;) AppleWebKit/537.36 (KHTML, like Gecko) Mobile Safari/537.36 (compatible; PetalBot;+https://webmaster.petalsearch.com/site/petalbot)"
17.121.113.251 - - [12/Jul/2022:10:53:56 +0200] "GET /robots.txt HTTP/1.1" 404 1181 "-" "Mozilla/5.0 (Macintosh; Intel Mac OS X 10_15_5) AppleWebKit/605.1.15 (KHTML, like Gecko) Version/13.1.1 Safari/605.1.15 (Applebot/0.1; +http://www.apple.com/go/applebot)"
17.121.113.251 - - [12/Jul/2022:10:53:56 +0200] "GET /pmwiki/pmwiki.php/Main/Ipr HTTP/1.1" 200 13258 "-" "Mozilla/5.0 (Macintosh; Intel Mac OS X 10_15_5) AppleWebKit/605.1.15 (KHTML, like Gecko) Version/13.1.1 Safari/605.1.15 (Applebot/0.1; +http://www.apple.com/go/applebot)"
185.191.171.39 - - [12/Jul/2022:11:00:34 +0200] "GET /robots.txt HTTP/1.1" 404 1181 "-" "Mozilla/5.0 (compatible; SemrushBot/7~bl; +http://www.semrush.com/bot.html)"
185.191.171.1 - - [12/Jul/2022:11:00:35 +0200] "GET /pmwiki/pmwiki.php/Main/K%F6zlem%E9nye?action=upload HTTP/1.1" 200 12366 "-" "Mozilla/5.0 (compatible; SemrushBot/7~bl; +http://www.semrush.com/bot.html)"
51.222.253.1 - - [12/Jul/2022:11:14:43 +0200] "GET /robots.txt HTTP/1.1" 404 1181 "-" "Mozilla/5.0 (compatible; AhrefsBot/7.0; +http://ahrefs.com/robot/)"
54.36.148.66 - - [12/Jul/2022:11:14:46 +0200] "GET /pmwiki/pmwiki.php/Main/Google?action=diff HTTP/1.1" 200 54350 "-" "Mozilla/5.0 (compatible; AhrefsBot/7.0; +http://ahrefs.com/robot/)"
49.12.13.109 - - [12/Jul/2022:11:20:03 +0200] "HEAD /pmwiki/pmwiki.php HTTP/1.1" 200 0 "-" "Alert_Alligator_webmonitoring_service_1.6.3_(alertalligator.com)"
109.30.248.88 - - [12/Jul/2022:11:32:08 +0200] "HEAD / HTTP/1.1" 302 0 "https://www.bing.com" "Mozilla/5.0 (Windows NT 5.1) AppleWebKit/537.36 (KHTML, like Gecko) Chrome/35.0.2309.372 Safari/537.36"
109.30.248.88 - - [12/Jul/2022:11:32:08 +0200] "HEAD /pmwiki/pmwiki.php HTTP/1.1" 200 0 "https://www.bing.com" "Mozilla/5.0 (Windows NT 5.1) AppleWebKit/537.36 (KHTML, like Gecko) Chrome/35.0.2309.372 Safari/537.36"
109.30.248.88 - - [12/Jul/2022:11:32:09 +0200] "GET /wp-login.php HTTP/1.1" 404 1181 "http://swpat.zpok.hu" "Mozilla/5.0 (Windows NT 5.1) AppleWebKit/537.36 (KHTML, like Gecko) Chrome/35.0.2309.372 Safari/537.36"
109.30.248.88 - - [12/Jul/2022:11:32:10 +0200] "GET /wordpress/wp-login.php HTTP/1.1" 404 1181 "http://swpat.zpok.hu" "Mozilla/5.0 (Windows NT 5.1) AppleWebKit/537.36 (KHTML, like Gecko) Chrome/35.0.2309.372 Safari/537.36"
109.30.248.88 - - [12/Jul/2022:11:32:10 +0200] "GET /blog/wp-login.php HTTP/1.1" 404 1181 "http://swpat.zpok.hu" "Mozilla/5.0 (Windows NT 5.1) AppleWebKit/537.36 (KHTML, like Gecko) Chrome/35.0.2309.372 Safari/537.36"
109.30.248.88 - - [12/Jul/2022:11:32:10 +0200] "GET /wp/wp-login.php HTTP/1.1" 404 1181 "http://swpat.zpok.hu" "Mozilla/5.0 (Windows NT 5.1) AppleWebKit/537.36 (KHTML, like Gecko) Chrome/35.0.2309.372 Safari/537.36"
54.36.149.52 - - [12/Jul/2022:12:02:12 +0200] "GET /pmwiki/pmwiki.php/Main/Sajt%F3anyag?action=edit HTTP/1.1" 200 12459 "-" "Mozilla/5.0 (compatible; AhrefsBot/7.0; +http://ahrefs.com/robot/)"
49.12.13.109 - - [12/Jul/2022:12:19:11 +0200] "HEAD /pmwiki/pmwiki.php HTTP/1.1" 200 0 "-" "Alert_Alligator_webmonitoring_service_1.6.3_(alertalligator.com)"
54.36.149.58 - - [12/Jul/2022:12:49:18 +0200] "GET /pmwiki/pmwiki.php/Main/DRMMunkacsoport HTTP/1.1" 200 12700 "-" "Mozilla/5.0 (compatible; AhrefsBot/7.0; +http://ahrefs.com/robot/)"
49.12.13.109 - - [12/Jul/2022:13:18:32 +0200] "HEAD /pmwiki/pmwiki.php HTTP/1.1" 200 0 "-" "Alert_Alligator_webmonitoring_service_1.6.3_(alertalligator.com)"
20.219.250.43 - - [12/Jul/2022:13:26:26 +0200] "GET /.env HTTP/1.1" 404 1181 "-" "Mozilla/5.0 (Macintosh; Intel Mac OS X 10.15; rv:77.0) Gecko/20100101 Firefox/77.0"
20.219.250.43 - - [12/Jul/2022:13:26:26 +0200] "GET /wp-content/ HTTP/1.1" 404 1181 "-" "Mozilla/5.0 (Macintosh; Intel Mac OS X 10.15; rv:77.0) Gecko/20100101 Firefox/77.0"
54.36.149.28 - - [12/Jul/2022:13:50:05 +0200] "GET /pmwiki/pmwiki.php/Main/Google?action=print HTTP/1.1" 200 15513 "-" "Mozilla/5.0 (compatible; AhrefsBot/7.0; +http://ahrefs.com/robot/)"
49.12.13.109 - - [12/Jul/2022:14:17:43 +0200] "HEAD /pmwiki/pmwiki.php HTTP/1.1" 200 0 "-" "Alert_Alligator_webmonitoring_service_1.6.3_(alertalligator.com)"
54.36.148.151 - - [12/Jul/2022:14:40:19 +0200] "GET /pmwiki/pmwiki.php/Main/CikkekDRM?action=print HTTP/1.1" 200 8479 "-" "Mozilla/5.0 (compatible; AhrefsBot/7.0; +http://ahrefs.com/robot/)"
185.191.171.26 - - [12/Jul/2022:15:02:53 +0200] "GET /robots.txt HTTP/1.1" 404 1181 "-" "Mozilla/5.0 (compatible; SemrushBot/7~bl; +http://www.semrush.com/bot.html)"
185.191.171.40 - - [12/Jul/2022:15:02:53 +0200] "GET /pmwiki/pmwiki.php/Main/SideBar HTTP/1.1" 200 18306 "-" "Mozilla/5.0 (compatible; SemrushBot/7~bl; +http://www.semrush.com/bot.html)"
212.237.53.115 - - [12/Jul/2022:15:18:34 +0200] "HEAD /pmwiki/pmwiki.php HTTP/1.1" 200 0 "-" "Alert_Alligator_webmonitoring_service_1.6.4_(alertalligator.com)"
54.36.148.255 - - [12/Jul/2022:15:33:05 +0200] "GET /pmwiki/pmwiki.php/Main/CikkekDRM?action=diff HTTP/1.1" 200 21048 "-" "Mozilla/5.0 (compatible; AhrefsBot/7.0; +http://ahrefs.com/robot/)"
114.119.129.110 - - [12/Jul/2022:15:44:45 +0200] "GET /pmwiki/pmwiki.php/Main/EUCD?action=upload HTTP/1.1" 200 12214 "http://swpat.zpok.hu/pmwiki/pmwiki.php/Main/EUCD" "Mozilla/5.0 (Linux; Android 7.0;) AppleWebKit/537.36 (KHTML, like Gecko) Mobile Safari/537.36 (compatible; PetalBot;+https://webmaster.petalsearch.com/site/petalbot)"
77.88.5.136 - - [12/Jul/2022:15:53:56 +0200] "GET /robots.txt HTTP/1.1" 404 1181 "-" "Mozilla/5.0 (compatible; YandexBot/3.0; +http://yandex.com/bots)"
77.88.5.136 - - [12/Jul/2022:15:54:00 +0200] "GET /pmwiki/pmwiki.php/PmWiki/TipsForEditing HTTP/1.1" 200 15017 "-" "Mozilla/5.0 (compatible; YandexBot/3.0; +http://yandex.com/bots)"
157.90.209.78 - - [12/Jul/2022:16:07:56 +0200] "GET /robots.txt HTTP/1.1" 404 1181 "-" "Mozilla/5.0 (compatible; BLEXBot/1.0; +http://webmeup-crawler.com/)"
157.90.209.78 - - [12/Jul/2022:16:07:58 +0200] "GET /sitemap HTTP/1.1" 404 1181 "-" "Mozilla/5.0 (compatible; BLEXBot/1.0; +http://webmeup-crawler.com/)"
157.90.209.78 - - [12/Jul/2022:16:08:03 +0200] "GET /sitemap.txt HTTP/1.1" 404 1181 "-" "Mozilla/5.0 (compatible; BLEXBot/1.0; +http://webmeup-crawler.com/)"
114.119.129.110 - - [12/Jul/2022:16:17:18 +0200] "GET /pmwiki/pmwiki.php/Main/2005M%E1jus?action=diff HTTP/1.1" 200 16708 "http://swpat.zpok.hu/pmwiki/pmwiki.php/Main/2005M%e1jus" "Mozilla/5.0 (Linux; Android 7.0;) AppleWebKit/537.36 (KHTML, like Gecko) Mobile Safari/537.36 (compatible; PetalBot;+https://webmaster.petalsearch.com/site/petalbot)"
49.12.13.109 - - [12/Jul/2022:16:17:37 +0200] "HEAD /pmwiki/pmwiki.php HTTP/1.1" 200 0 "-" "Alert_Alligator_webmonitoring_service_1.6.3_(alertalligator.com)"
54.36.148.61 - - [12/Jul/2022:16:22:46 +0200] "GET /pmwiki/pmwiki.php/Main/SideBar?action=edit HTTP/1.1" 200 12384 "-" "Mozilla/5.0 (compatible; AhrefsBot/7.0; +http://ahrefs.com/robot/)"
114.119.129.110 - - [12/Jul/2022:16:26:11 +0200] "GET /pmwiki/pmwiki.php/Main/Minta?action=print HTTP/1.1" 200 5006 "http://swpat.zpok.hu/pmwiki/pmwiki.php/Main/Minta" "Mozilla/5.0 (Linux; Android 7.0;) AppleWebKit/537.36 (KHTML, like Gecko) Mobile Safari/537.36 (compatible; PetalBot;+https://webmaster.petalsearch.com/site/petalbot)"
114.119.129.110 - - [12/Jul/2022:16:29:48 +0200] "GET /pmwiki/pmwiki.php/Main/Telefonon?action=upload HTTP/1.1" 200 12294 "http://swpat.zpok.hu/pmwiki/pmwiki.php/Main/Telefonon" "Mozilla/5.0 (Linux; Android 7.0;) AppleWebKit/537.36 (KHTML, like Gecko) Mobile Safari/537.36 (compatible; PetalBot;+https://webmaster.petalsearch.com/site/petalbot)"
185.191.171.9 - - [12/Jul/2022:16:52:54 +0200] "GET /robots.txt HTTP/1.1" 404 1181 "-" "Mozilla/5.0 (compatible; SemrushBot/7~bl; +http://www.semrush.com/bot.html)"
185.191.171.33 - - [12/Jul/2022:16:52:54 +0200] "GET /pmwiki/pmwiki.php/Main/Nyilatkozat?action=print HTTP/1.1" 200 8881 "-" "Mozilla/5.0 (compatible; SemrushBot/7~bl; +http://www.semrush.com/bot.html)"
114.119.129.110 - - [12/Jul/2022:17:10:14 +0200] "GET /pmwiki/pmwiki.php/Main/HeringgelMegval%F3s%EDtottTal%E1lm%E1nyok?action=print HTTP/1.1" 200 8496 "http://swpat.zpok.hu/pmwiki/pmwiki.php/Main/HeringgelMegval%f3s%edtottTal%e1lm%e1nyok" "Mozilla/5.0 (Linux; Android 7.0;) AppleWebKit/537.36 (KHTML, like Gecko) Mobile Safari/537.36 (compatible; PetalBot;+https://webmaster.petalsearch.com/site/petalbot)"
49.12.13.109 - - [12/Jul/2022:17:16:41 +0200] "HEAD /pmwiki/pmwiki.php HTTP/1.1" 200 0 "-" "Alert_Alligator_webmonitoring_service_1.6.3_(alertalligator.com)"
66.249.66.44 - - [12/Jul/2022:17:51:53 +0200] "GET /robots.txt HTTP/1.1" 404 1181 "-" "Mozilla/5.0 (compatible; Googlebot/2.1; +http://www.google.com/bot.html)"
66.249.66.44 - - [12/Jul/2022:17:51:54 +0200] "GET /pmwiki/pmwiki.php/Main/Direkt%EDva HTTP/1.1" 200 20621 "-" "Mozilla/5.0 (Linux; Android 6.0.1; Nexus 5X Build/MMB29P) AppleWebKit/537.36 (KHTML, like Gecko) Chrome/103.0.5060.114 Mobile Safari/537.36 (compatible; Googlebot/2.1; +http://www.google.com/bot.html)"
192.99.0.47 - - [12/Jul/2022:17:59:27 +0200] "GET /robots.txt HTTP/1.1" 404 1181 "-" "Mozilla/5.0 (compatible; MJ12bot/v1.4.8; http://mj12bot.com/)"
192.99.0.47 - - [12/Jul/2022:17:59:33 +0200] "GET /pmwiki/pmwiki.php?action=edit HTTP/1.1" 403 30 "-" "Mozilla/5.0 (compatible; MJ12bot/v1.4.8; http://mj12bot.com/)"
212.237.23.143 - - [12/Jul/2022:18:19:39 +0200] "HEAD /pmwiki/pmwiki.php HTTP/1.1" 200 0 "-" "Alert_Alligator_webmonitoring_service_1.6.4_(alertalligator.com)"
54.36.148.187 - - [12/Jul/2022:18:49:16 +0200] "GET /pmwiki/pmwiki.php/Main/CikkekDRM?action=edit HTTP/1.1" 200 12418 "-" "Mozilla/5.0 (compatible; AhrefsBot/7.0; +http://ahrefs.com/robot/)"
49.12.13.109 - - [12/Jul/2022:19:18:43 +0200] "HEAD /pmwiki/pmwiki.php HTTP/1.1" 200 0 "-" "Alert_Alligator_webmonitoring_service_1.6.3_(alertalligator.com)"
93.158.161.74 - - [12/Jul/2022:19:49:15 +0200] "GET /robots.txt HTTP/1.1" 404 1181 "-" "Mozilla/5.0 (compatible; YandexBot/3.0; +http://yandex.com/bots)"
77.88.5.6 - - [12/Jul/2022:19:49:19 +0200] "GET /pmwiki/pmwiki.php/Main/CikkekPrivacy?action=edit HTTP/1.1" 200 12480 "-" "Mozilla/5.0 (compatible; YandexBot/3.0; +http://yandex.com/bots)"
185.191.171.25 - - [12/Jul/2022:19:55:29 +0200] "GET /robots.txt HTTP/1.1" 404 1181 "-" "Mozilla/5.0 (compatible; SemrushBot/7~bl; +http://www.semrush.com/bot.html)"
185.191.171.45 - - [12/Jul/2022:19:55:29 +0200] "GET /pmwiki/pmwiki.php/Main/BillGates%C9sM%E1sKommunist%E1k?action=upload HTTP/1.1" 200 12638 "-" "Mozilla/5.0 (compatible; SemrushBot/7~bl; +http://www.semrush.com/bot.html)"
212.237.53.115 - - [12/Jul/2022:20:23:18 +0200] "HEAD /pmwiki/pmwiki.php HTTP/1.1" 200 0 "-" "Alert_Alligator_webmonitoring_service_1.6.4_(alertalligator.com)"
92.53.96.193 - - [12/Jul/2022:20:39:58 +0200] "GET /wp-content/uploads/wp-stream.php?lt=503c138bd956ccbe9a63967ef1f22dac&a=ZWNobyA0MDk3MjMqMjA7 HTTP/1.1" 404 1181 "-" "Mozilla/5.0 (iPad; CPU OS 12_4_8 like Mac OS X) AppleWebKit/605.1.15 (KHTML, like Gecko) Version/12.1.2 Mobile/15E148 Safari/604.1"
92.53.96.193 - - [12/Jul/2022:20:39:58 +0200] "GET /wp-blockup.php?lt=503c138bd956ccbe9a63967ef1f22dac&a=ZWNobyA0MDk3MjMqMjA7 HTTP/1.1" 404 1181 "-" "Mozilla/5.0 (Windows NT 10.0; Win64; x64) AppleWebKit/537.36 (KHTML, like Gecko) Chrome/83.0.4103.116 Safari/537.36"
92.53.96.193 - - [12/Jul/2022:20:39:58 +0200] "GET /wp-content/uploads/wp-blockdown.php?lt=503c138bd956ccbe9a63967ef1f22dac&a=ZWNobyA0MDk3MjMqMjA7 HTTP/1.1" 404 1181 "-" "Mozilla/5.0 (iPhone; CPU iPhone OS 13_6_1 like Mac OS X) AppleWebKit/605.1.15 (KHTML, like Gecko) Version/13.1.2 Mobile/15E148 Safari/604.1"
92.53.96.193 - - [12/Jul/2022:20:39:58 +0200] "GET /wp-content/uploads/wp-blockup.php?lt=503c138bd956ccbe9a63967ef1f22dac&a=ZWNobyA0MDk3MjMqMjA7 HTTP/1.1" 404 1181 "-" "Mozilla/5.0 (Windows NT 10.0; Win64; x64) AppleWebKit/537.36 (KHTML, like Gecko) Chrome/92.0.4515.131 Safari/537.36"
92.53.96.193 - - [12/Jul/2022:20:39:58 +0200] "GET /wp-beckup.php?lt=503c138bd956ccbe9a63967ef1f22dac&a=ZWNobyA0MDk3MjMqMjA7 HTTP/1.1" 404 1181 "-" "Mozilla/5.0 (iPhone; CPU iPhone OS 13_3_1 like Mac OS X) AppleWebKit/605.1.15 (KHTML, like Gecko) Version/13.0.5 Mobile/15E148 Safari/604.1"
92.53.96.193 - - [12/Jul/2022:20:39:58 +0200] "GET /wp-stream.php?lt=503c138bd956ccbe9a63967ef1f22dac&a=ZWNobyA0MDk3MjMqMjA7 HTTP/1.1" 404 1181 "-" "Mozilla/5.0 (Linux; Android 7.1.2; Redmi 4X Build/N2G47H) AppleWebKit/537.36 (KHTML, like Gecko) Chrome/67.0.3396.81 Mobile Safari/537.36"
92.53.96.193 - - [12/Jul/2022:20:39:58 +0200] "GET /wp-blog-post.php?lt=503c138bd956ccbe9a63967ef1f22dac&a=ZWNobyA0MDk3MjMqMjA7 HTTP/1.1" 404 1181 "-" "Mozilla/5.0 (iPhone; CPU iPhone OS 13_3 like Mac OS X) AppleWebKit/605.1.15 (KHTML, like Gecko) Version/13.0.4 Mobile/15E148 Safari/604.1"
92.53.96.193 - - [12/Jul/2022:20:39:58 +0200] "GET /wp-blockdown.php?lt=503c138bd956ccbe9a63967ef1f22dac&a=ZWNobyA0MDk3MjMqMjA7 HTTP/1.1" 404 1181 "-" "Mozilla/5.0 (iPhone; CPU iPhone OS 14_4_1 like Mac OS X) AppleWebKit/605.1.15 (KHTML, like Gecko) Version/14.0.3 Mobile/15E148 Safari/604.1"
185.191.171.42 - - [12/Jul/2022:20:47:48 +0200] "GET /pmwiki/pmwiki.php/Main/2004Szeptember1?action=diff HTTP/1.1" 200 15558 "-" "Mozilla/5.0 (compatible; SemrushBot/7~bl; +http://www.semrush.com/bot.html)"
54.36.149.40 - - [12/Jul/2022:20:51:30 +0200] "GET /pmwiki/pmwiki.php/Main/Cache HTTP/1.1" 200 16452 "-" "Mozilla/5.0 (compatible; AhrefsBot/7.0; +http://ahrefs.com/robot/)"
212.237.23.143 - - [12/Jul/2022:21:23:00 +0200] "HEAD /pmwiki/pmwiki.php HTTP/1.1" 200 0 "-" "Alert_Alligator_webmonitoring_service_1.6.4_(alertalligator.com)"
149.56.20.160 - - [12/Jul/2022:21:45:00 +0200] "GET / HTTP/1.1" 302 5 "-" "Mozilla/5.0 (Windows NT 10.0; Win64; x64) AppleWebKit/537.36 (KHTML, like Gecko) Chrome/100.0.4896.127 Safari/537.36"
149.56.20.160 - - [12/Jul/2022:21:45:01 +0200] "GET /pmwiki/pmwiki.php HTTP/1.1" 200 37269 "-" "Mozilla/5.0 (Windows NT 10.0; Win64; x64) AppleWebKit/537.36 (KHTML, like Gecko) Chrome/100.0.4896.127 Safari/537.36"
54.36.149.89 - - [12/Jul/2022:21:53:35 +0200] "GET /pmwiki/pmwiki.php/Main/MiADRM?action=print HTTP/1.1" 200 3337 "-" "Mozilla/5.0 (compatible; AhrefsBot/7.0; +http://ahrefs.com/robot/)"
185.191.171.16 - - [12/Jul/2022:22:21:21 +0200] "GET /robots.txt HTTP/1.1" 404 1181 "-" "Mozilla/5.0 (compatible; SemrushBot/7~bl; +http://www.semrush.com/bot.html)"
185.191.171.40 - - [12/Jul/2022:22:21:22 +0200] "GET /pmwiki/pmwiki.php/Main/2005M%E1rcius8?action=print HTTP/1.1" 200 20416 "-" "Mozilla/5.0 (compatible; SemrushBot/7~bl; +http://www.semrush.com/bot.html)"
216.244.66.203 - - [12/Jul/2022:22:21:28 +0200] "GET /robots.txt HTTP/1.1" 404 1181 "-" "Mozilla/5.0 (compatible; DotBot/1.2; +https://opensiteexplorer.org/dotbot; help@moz.com)"
212.237.53.115 - - [12/Jul/2022:22:26:40 +0200] "HEAD /pmwiki/pmwiki.php HTTP/1.1" 200 0 "-" "Alert_Alligator_webmonitoring_service_1.6.4_(alertalligator.com)"
154.54.249.196 - - [12/Jul/2022:22:32:38 +0200] "GET /robots.txt HTTP/1.1" 404 1181 "-" "Mozilla/5.0 (compatible; Barkrowler/0.9; +https://babbar.tech/crawler)"
154.54.249.196 - - [12/Jul/2022:22:34:05 +0200] "GET /pmwiki/pmwiki.php/Main/BillGates%C9sM%E1sKommunist%E1k?action=upload&upname=wiki.png HTTP/1.1" 200 12654 "-" "Mozilla/5.0 (compatible; Barkrowler/0.9; +https://babbar.tech/crawler)"
114.119.129.110 - - [12/Jul/2022:22:34:41 +0200] "GET /pmwiki/pmwiki.php/Main/CikkekPrivacy?action=edit HTTP/1.1" 200 12480 "http://swpat.zpok.hu/pmwiki/pmwiki.php/Main/CikkekPrivacy" "Mozilla/5.0 (Linux; Android 7.0;) AppleWebKit/537.36 (KHTML, like Gecko) Mobile Safari/537.36 (compatible; PetalBot;+https://webmaster.petalsearch.com/site/petalbot)"
154.54.249.196 - - [12/Jul/2022:22:35:03 +0200] "GET /pmwiki/pmwiki.php/Main/HarcT%EDzITSzabadalomEllen?action=diff&source=n&minor=n HTTP/1.1" 200 16498 "-" "Mozilla/5.0 (compatible; Barkrowler/0.9; +https://babbar.tech/crawler)"
154.54.249.196 - - [12/Jul/2022:22:35:37 +0200] "GET /pmwiki/pmwiki.php/PmWiki/PmWiki?action=edit&restore=diff:1117074465:1116817444:&preview=y HTTP/1.1" 200 12446 "-" "Mozilla/5.0 (compatible; Barkrowler/0.9; +https://babbar.tech/crawler)"
154.54.249.196 - - [12/Jul/2022:22:36:05 +0200] "GET /pmwiki/pmwiki.php/Main/H%EDrek?action=edit&restore=diff:1113412884:1112121765:&preview=y HTTP/1.1" 200 12426 "-" "Mozilla/5.0 (compatible; Barkrowler/0.9; +https://babbar.tech/crawler)"
154.54.249.196 - - [12/Jul/2022:22:36:35 +0200] "GET /pmwiki/pmwiki.php/Main/H%EDrek?action=edit&restore=diff:1114586867:1113412884:&preview=y HTTP/1.1" 200 12426 "-" "Mozilla/5.0 (compatible; Barkrowler/0.9; +https://babbar.tech/crawler)"
154.54.249.196 - - [12/Jul/2022:22:37:07 +0200] "GET /pmwiki/pmwiki.php/Main/H%EDrek?action=edit&restore=diff:1122572597:1114586867:&preview=y HTTP/1.1" 200 12426 "-" "Mozilla/5.0 (compatible; Barkrowler/0.9; +https://babbar.tech/crawler)"
154.54.249.196 - - [12/Jul/2022:22:37:35 +0200] "GET /pmwiki/pmwiki.php/Main/H%EDrek?action=edit&restore=diff:1122879956:1122572597:&preview=y HTTP/1.1" 200 12426 "-" "Mozilla/5.0 (compatible; Barkrowler/0.9; +https://babbar.tech/crawler)"
154.54.249.196 - - [12/Jul/2022:22:38:12 +0200] "GET /pmwiki/pmwiki.php/Main/AJelenlegiSzerzoiJogiTorveny?action=diff&source=y&minor=y HTTP/1.1" 200 35754 "-" "Mozilla/5.0 (compatible; Barkrowler/0.9; +https://babbar.tech/crawler)"
154.54.249.196 - - [12/Jul/2022:22:38:36 +0200] "GET /pmwiki/pmwiki.php/Main/AJelenlegiSzerzoiJogiTorveny?action=diff&source=y&minor=n HTTP/1.1" 200 35754 "-" "Mozilla/5.0 (compatible; Barkrowler/0.9; +https://babbar.tech/crawler)"
154.54.249.196 - - [12/Jul/2022:22:39:15 +0200] "GET /pmwiki/pmwiki.php/Main/BMEKonferencia?action=edit&restore=diff:1117718677:1110548618:&preview=y HTTP/1.1" 200 12540 "-" "Mozilla/5.0 (compatible; Barkrowler/0.9; +https://babbar.tech/crawler)"
154.54.249.196 - - [12/Jul/2022:22:39:40 +0200] "GET /pmwiki/pmwiki.php/Main/BMEKonferencia?action=edit&restore=diff:1110526311:1110525304:&preview=y HTTP/1.1" 200 12540 "-" "Mozilla/5.0 (compatible; Barkrowler/0.9; +https://babbar.tech/crawler)"
154.54.249.196 - - [12/Jul/2022:22:40:21 +0200] "GET /pmwiki/pmwiki.php/Main/BMEKonferencia?action=edit&restore=diff:1110526433:1110526311:&preview=y HTTP/1.1" 200 12540 "-" "Mozilla/5.0 (compatible; Barkrowler/0.9; +https://babbar.tech/crawler)"
154.54.249.196 - - [12/Jul/2022:22:40:46 +0200] "GET /pmwiki/pmwiki.php/Main/BMEKonferencia?action=edit&restore=diff:1110548618:1110548500:&preview=y HTTP/1.1" 200 12540 "-" "Mozilla/5.0 (compatible; Barkrowler/0.9; +https://babbar.tech/crawler)"
154.54.249.196 - - [12/Jul/2022:22:41:21 +0200] "GET /pmwiki/pmwiki.php/Main/BMEKonferencia?action=edit&restore=diff:1110548442:1110548379:&preview=y HTTP/1.1" 200 12540 "-" "Mozilla/5.0 (compatible; Barkrowler/0.9; +https://babbar.tech/crawler)"
154.54.249.196 - - [12/Jul/2022:22:41:52 +0200] "GET /pmwiki/pmwiki.php/Main/BMEKonferencia?action=edit&restore=diff:1110548500:1110548442:&preview=y HTTP/1.1" 200 12540 "-" "Mozilla/5.0 (compatible; Barkrowler/0.9; +https://babbar.tech/crawler)"
154.54.249.196 - - [12/Jul/2022:22:42:23 +0200] "GET /pmwiki/pmwiki.php/Main/C%E9lok?action=edit&restore=diff:1112895306:1112895306:&preview=y HTTP/1.1" 200 12424 "-" "Mozilla/5.0 (compatible; Barkrowler/0.9; +https://babbar.tech/crawler)"
154.54.249.196 - - [12/Jul/2022:22:42:54 +0200] "GET /pmwiki/pmwiki.php/Main/C%E9lok?action=edit&restore=diff:1116012609:1116012227:&preview=y HTTP/1.1" 200 12424 "-" "Mozilla/5.0 (compatible; Barkrowler/0.9; +https://babbar.tech/crawler)"
154.54.249.196 - - [12/Jul/2022:22:43:25 +0200] "GET /robots.txt HTTP/1.1" 404 1181 "-" "Mozilla/5.0 (compatible; Barkrowler/0.9; +https://babbar.tech/crawler)"
154.54.249.196 - - [12/Jul/2022:22:43:58 +0200] "GET /pmwiki/pmwiki.php/Main/C%E9lok?action=edit&restore=diff:1116012227:1112895491:&preview=y HTTP/1.1" 200 12424 "-" "Mozilla/5.0 (compatible; Barkrowler/0.9; +https://babbar.tech/crawler)"
154.54.249.196 - - [12/Jul/2022:22:44:27 +0200] "GET /pmwiki/pmwiki.php/Main/C%E9lok?action=edit&restore=diff:1116012764:1116012609:&preview=y HTTP/1.1" 200 12424 "-" "Mozilla/5.0 (compatible; Barkrowler/0.9; +https://babbar.tech/crawler)"
154.54.249.196 - - [12/Jul/2022:22:45:02 +0200] "GET /pmwiki/pmwiki.php/Main/C%E9lok?action=edit&restore=diff:1116262697:1116147206:&preview=y HTTP/1.1" 200 12424 "-" "Mozilla/5.0 (compatible; Barkrowler/0.9; +https://babbar.tech/crawler)"
154.54.249.196 - - [12/Jul/2022:22:45:29 +0200] "GET /pmwiki/pmwiki.php/Main/2003M%E1jusBr%FCsszeliT%FAra?action=upload&upname=wiki.png HTTP/1.1" 200 12602 "-" "Mozilla/5.0 (compatible; Barkrowler/0.9; +https://babbar.tech/crawler)"
154.54.249.196 - - [12/Jul/2022:22:46:09 +0200] "GET /pmwiki/pmwiki.php/Main/Cikkek?action=edit&restore=diff:1120166980:1119882422:minor&preview=y HTTP/1.1" 200 12422 "-" "Mozilla/5.0 (compatible; Barkrowler/0.9; +https://babbar.tech/crawler)"
154.54.249.196 - - [12/Jul/2022:22:46:33 +0200] "GET /pmwiki/pmwiki.php/Main/Linkek?action=edit&restore=diff:1122892544:1122892494:minor&preview=y HTTP/1.1" 200 12421 "-" "Mozilla/5.0 (compatible; Barkrowler/0.9; +https://babbar.tech/crawler)"
154.54.249.196 - - [12/Jul/2022:22:47:10 +0200] "GET /pmwiki/pmwiki.php/Main/Marc06LMEPR?action=edit&restore=diff:1110654566:1110528787:&preview=y HTTP/1.1" 200 12493 "-" "Mozilla/5.0 (compatible; Barkrowler/0.9; +https://babbar.tech/crawler)"
154.54.249.196 - - [12/Jul/2022:22:47:36 +0200] "GET /pmwiki/pmwiki.php/Main/Marc06LMEPR?action=edit&restore=diff:1110528787:1110528765:&preview=y HTTP/1.1" 200 12493 "-" "Mozilla/5.0 (compatible; Barkrowler/0.9; +https://babbar.tech/crawler)"
154.54.249.196 - - [12/Jul/2022:22:48:10 +0200] "GET /pmwiki/pmwiki.php/Main/Marc06LMEPR?action=edit&restore=diff:1110528765:1110528765:&preview=y HTTP/1.1" 200 12493 "-" "Mozilla/5.0 (compatible; Barkrowler/0.9; +https://babbar.tech/crawler)"
154.54.249.196 - - [12/Jul/2022:22:48:40 +0200] "GET /pmwiki/pmwiki.php/Main/Damokl%E9szKardjaLebegAMagyarSzoftveriparFelett?action=edit HTTP/1.1" 200 13018 "-" "Mozilla/5.0 (compatible; Barkrowler/0.9; +https://babbar.tech/crawler)"
154.54.249.196 - - [12/Jul/2022:22:49:09 +0200] "GET /pmwiki/pmwiki.php/Main/ToughLetter?action=edit&restore=diff:1119026934:1119026934:minor&preview=y HTTP/1.1" 200 12497 "-" "Mozilla/5.0 (compatible; Barkrowler/0.9; +https://babbar.tech/crawler)"
154.54.249.196 - - [12/Jul/2022:22:49:43 +0200] "GET /pmwiki/pmwiki.php/Main/2005M%E1rciusiNy%EDltLev%E9l?action=diff&source=n&minor=y HTTP/1.1" 200 15621 "-" "Mozilla/5.0 (compatible; Barkrowler/0.9; +https://babbar.tech/crawler)"
154.54.249.196 - - [12/Jul/2022:22:50:10 +0200] "GET /pmwiki/pmwiki.php/Main/2005M%E1rciusiNy%EDltLev%E9l?action=diff&source=n&minor=n HTTP/1.1" 200 15621 "-" "Mozilla/5.0 (compatible; Barkrowler/0.9; +https://babbar.tech/crawler)"
154.54.249.196 - - [12/Jul/2022:22:50:48 +0200] "GET /pmwiki/pmwiki.php/Main/WikiSandbox?action=edit&restore=diff:1113690406:1093548433:minor&preview=y HTTP/1.1" 200 12497 "-" "Mozilla/5.0 (compatible; Barkrowler/0.9; +https://babbar.tech/crawler)"
154.54.249.196 - - [12/Jul/2022:22:51:15 +0200] "GET /pmwiki/pmwiki.php/Emeltdijas/Hu?action=edit&restore=diff:1120090260:1120090260:&preview=y HTTP/1.1" 200 12450 "-" "Mozilla/5.0 (compatible; Barkrowler/0.9; +https://babbar.tech/crawler)"
154.54.249.196 - - [12/Jul/2022:22:51:48 +0200] "GET /pmwiki/pmwiki.php/Main/H%EDrek?action=edit&restore=diff:1112121765:1112121643:&preview=y HTTP/1.1" 200 12426 "-" "Mozilla/5.0 (compatible; Barkrowler/0.9; +https://babbar.tech/crawler)"
154.54.249.196 - - [12/Jul/2022:22:52:17 +0200] "GET /robots.txt HTTP/1.1" 404 1181 "-" "Mozilla/5.0 (compatible; Barkrowler/0.9; +https://babbar.tech/crawler)"
154.54.249.196 - - [12/Jul/2022:22:52:54 +0200] "GET /pmwiki/pmwiki.php/Main/H%EDrek?action=edit&restore=diff:1112121643:1112121643:&preview=y HTTP/1.1" 200 12426 "-" "Mozilla/5.0 (compatible; Barkrowler/0.9; +https://babbar.tech/crawler)"
154.54.249.196 - - [12/Jul/2022:22:53:22 +0200] "GET /pmwiki/pmwiki.php/Main/Nyilatkozat?action=edit&restore=diff:1107864462:1107864462:&preview=y HTTP/1.1" 200 12496 "-" "Mozilla/5.0 (compatible; Barkrowler/0.9; +https://babbar.tech/crawler)"
154.54.249.196 - - [12/Jul/2022:22:53:53 +0200] "GET /pmwiki/pmwiki.php/Main/Nyilatkozat?action=edit&restore=diff:1107864499:1107864462:&preview=y HTTP/1.1" 200 12496 "-" "Mozilla/5.0 (compatible; Barkrowler/0.9; +https://babbar.tech/crawler)"
154.54.249.196 - - [12/Jul/2022:22:54:26 +0200] "GET /pmwiki/pmwiki.php/Main/McCreevy?action=edit&restore=diff:1108754851:1108754851:&preview=y HTTP/1.1" 200 12448 "-" "Mozilla/5.0 (compatible; Barkrowler/0.9; +https://babbar.tech/crawler)"
154.54.249.196 - - [12/Jul/2022:22:54:54 +0200] "GET /pmwiki/pmwiki.php/Main/McCreevy?action=edit&restore=diff:1108754925:1108754851:&preview=y HTTP/1.1" 200 12448 "-" "Mozilla/5.0 (compatible; Barkrowler/0.9; +https://babbar.tech/crawler)"
154.54.249.196 - - [12/Jul/2022:22:55:30 +0200] "GET /pmwiki/pmwiki.php/Main/Cikkek?action=edit&restore=diff:1157455877:1137588749:minor&preview=y HTTP/1.1" 200 12422 "-" "Mozilla/5.0 (compatible; Barkrowler/0.9; +https://babbar.tech/crawler)"
154.54.249.196 - - [12/Jul/2022:22:55:55 +0200] "GET /pmwiki/pmwiki.php/Main/Cikkek?action=edit&restore=diff:1119882422:1119265486:minor&preview=y HTTP/1.1" 200 12422 "-" "Mozilla/5.0 (compatible; Barkrowler/0.9; +https://babbar.tech/crawler)"
154.54.249.196 - - [12/Jul/2022:22:56:35 +0200] "GET /pmwiki/pmwiki.php/Main/BillGates%C9sM%E1sKommunist%E1k?action=diff&source=n&minor=n HTTP/1.1" 200 20908 "-" "Mozilla/5.0 (compatible; Barkrowler/0.9; +https://babbar.tech/crawler)"
216.244.66.203 - - [12/Jul/2022:22:56:35 +0200] "GET /pmwiki/pmwiki.php/Main/Cikkek?action=edit&restore=diff:1119256219:1119253114:minor&preview=y HTTP/1.1" 200 12422 "-" "Mozilla/5.0 (compatible; DotBot/1.2; +https://opensiteexplorer.org/dotbot; help@moz.com)"
154.54.249.196 - - [12/Jul/2022:22:56:58 +0200] "GET /pmwiki/pmwiki.php/Main/Damokl%E9szKardjaLebegAMagyarSzoftveriparFelett?action=diff HTTP/1.1" 200 17434 "-" "Mozilla/5.0 (compatible; Barkrowler/0.9; +https://babbar.tech/crawler)"
154.54.249.196 - - [12/Jul/2022:22:57:36 +0200] "GET /pmwiki/pmwiki.php/Main/Damokl%E9szKardjaLebegAMagyarSzoftveriparFelett?action=upload HTTP/1.1" 200 12898 "-" "Mozilla/5.0 (compatible; Barkrowler/0.9; +https://babbar.tech/crawler)"
154.54.249.196 - - [12/Jul/2022:22:58:01 +0200] "GET /pmwiki/pmwiki.php/Main/MitTehetek?action=edit&restore=diff:1118731012:1118730734:&preview=y HTTP/1.1" 200 12476 "-" "Mozilla/5.0 (compatible; Barkrowler/0.9; +https://babbar.tech/crawler)"
54.36.149.24 - - [12/Jul/2022:22:58:31 +0200] "GET /pmwiki/pmwiki.php/Main/2003M%E1jusBr%FCsszeliT%FAra?action=upload HTTP/1.1" 200 12586 "-" "Mozilla/5.0 (compatible; AhrefsBot/7.0; +http://ahrefs.com/robot/)"
154.54.249.196 - - [12/Jul/2022:22:58:39 +0200] "GET /pmwiki/pmwiki.php/Main/MitTehetek?action=edit&restore=diff:1118731058:1118731012:&preview=y HTTP/1.1" 200 12476 "-" "Mozilla/5.0 (compatible; Barkrowler/0.9; +https://babbar.tech/crawler)"
154.54.249.196 - - [12/Jul/2022:22:59:07 +0200] "GET /pmwiki/pmwiki.php/Main/MitTehetek?action=edit&restore=diff:1120344409:1120240180:&preview=y HTTP/1.1" 200 12476 "-" "Mozilla/5.0 (compatible; Barkrowler/0.9; +https://babbar.tech/crawler)"
154.54.249.196 - - [12/Jul/2022:22:59:38 +0200] "GET /pmwiki/pmwiki.php/Main/MitTehetek?action=edit&restore=diff:1118745810:1118742508:&preview=y HTTP/1.1" 200 12476 "-" "Mozilla/5.0 (compatible; Barkrowler/0.9; +https://babbar.tech/crawler)"
154.54.249.196 - - [12/Jul/2022:23:00:10 +0200] "GET /pmwiki/pmwiki.php/Main/MitTehetek?action=edit&restore=diff:1118742508:1118731058:&preview=y HTTP/1.1" 200 12476 "-" "Mozilla/5.0 (compatible; Barkrowler/0.9; +https://babbar.tech/crawler)"
154.54.249.196 - - [12/Jul/2022:23:00:39 +0200] "GET /pmwiki/pmwiki.php/Main/Telefonon?action=edit&restore=diff:1120223722:1120223622:minor&preview=y HTTP/1.1" 200 12465 "-" "Mozilla/5.0 (compatible; Barkrowler/0.9; +https://babbar.tech/crawler)"
154.54.249.196 - - [12/Jul/2022:23:01:13 +0200] "GET /robots.txt HTTP/1.1" 404 1181 "-" "Mozilla/5.0 (compatible; Barkrowler/0.9; +https://babbar.tech/crawler)"
154.54.249.196 - - [12/Jul/2022:23:01:42 +0200] "GET /pmwiki/pmwiki.php/Main/Telefonon?action=edit&restore=diff:1120323321:1120224313:minor&preview=y HTTP/1.1" 200 12465 "-" "Mozilla/5.0 (compatible; Barkrowler/0.9; +https://babbar.tech/crawler)"
154.54.249.196 - - [12/Jul/2022:23:02:16 +0200] "GET /pmwiki/pmwiki.php/Main/Telefonon?action=edit&restore=diff:1120344315:1120344199:minor&preview=y HTTP/1.1" 200 12465 "-" "Mozilla/5.0 (compatible; Barkrowler/0.9; +https://babbar.tech/crawler)"
154.54.249.196 - - [12/Jul/2022:23:02:46 +0200] "GET /pmwiki/pmwiki.php/Main/2005J%FAnius?action=edit&restore=diff:1120084728:1120084728:&preview=y HTTP/1.1" 200 12504 "-" "Mozilla/5.0 (compatible; Barkrowler/0.9; +https://babbar.tech/crawler)"
154.54.249.196 - - [12/Jul/2022:23:03:23 +0200] "GET /pmwiki/pmwiki.php/Main/2005J%FAnius?action=edit&restore=diff:1120084776:1120084728:&preview=y HTTP/1.1" 200 12504 "-" "Mozilla/5.0 (compatible; Barkrowler/0.9; +https://babbar.tech/crawler)"
154.54.249.196 - - [12/Jul/2022:23:03:54 +0200] "GET /pmwiki/pmwiki.php/Main/2005Szeptember2?action=edit&restore=diff:1120087671:1120087671:&preview=y HTTP/1.1" 200 12556 "-" "Mozilla/5.0 (compatible; Barkrowler/0.9; +https://babbar.tech/crawler)"
154.54.249.196 - - [12/Jul/2022:23:04:32 +0200] "GET /pmwiki/pmwiki.php/PmWiki/PmWiki?action=edit&restore=diff:1113690411:1113614021:minor&preview=y HTTP/1.1" 200 12451 "-" "Mozilla/5.0 (compatible; Barkrowler/0.9; +https://babbar.tech/crawler)"
154.54.249.196 - - [12/Jul/2022:23:05:02 +0200] "GET /pmwiki/pmwiki.php/PmWiki/PmWiki?action=edit&restore=diff:1113513196:1113460436:minor&preview=y HTTP/1.1" 200 12451 "-" "Mozilla/5.0 (compatible; Barkrowler/0.9; +https://babbar.tech/crawler)"
154.54.249.196 - - [12/Jul/2022:23:05:32 +0200] "GET /pmwiki/pmwiki.php/PmWiki/PmWiki?action=edit&restore=diff:1113243712:1113160017:minor&preview=y HTTP/1.1" 200 12451 "-" "Mozilla/5.0 (compatible; Barkrowler/0.9; +https://babbar.tech/crawler)"
154.54.249.196 - - [12/Jul/2022:23:06:06 +0200] "GET /pmwiki/pmwiki.php/PmWiki/PmWiki?action=edit&restore=diff:1113460436:1113450999:minor&preview=y HTTP/1.1" 200 12451 "-" "Mozilla/5.0 (compatible; Barkrowler/0.9; +https://babbar.tech/crawler)"
154.54.249.196 - - [12/Jul/2022:23:06:36 +0200] "GET /pmwiki/pmwiki.php/PmWiki/PmWiki?action=edit&restore=diff:1114493707:1114406926:minor&preview=y HTTP/1.1" 200 12451 "-" "Mozilla/5.0 (compatible; Barkrowler/0.9; +https://babbar.tech/crawler)"
154.54.249.196 - - [12/Jul/2022:23:07:11 +0200] "GET /pmwiki/pmwiki.php/PmWiki/PmWiki?action=edit&restore=diff:1113564907:1113513196:minor&preview=y HTTP/1.1" 200 12451 "-" "Mozilla/5.0 (compatible; Barkrowler/0.9; +https://babbar.tech/crawler)"
154.54.249.196 - - [12/Jul/2022:23:07:39 +0200] "GET /pmwiki/pmwiki.php/Main/DRMMunkacsoport?action=edit&restore=diff:1118762963:1118762769:&preview=y HTTP/1.1" 200 12556 "-" "Mozilla/5.0 (compatible; Barkrowler/0.9; +https://babbar.tech/crawler)"
154.54.249.196 - - [12/Jul/2022:23:08:11 +0200] "GET /pmwiki/pmwiki.php/Main/DRMMunkacsoport?action=edit&restore=diff:1118762769:1118762769:&preview=y HTTP/1.1" 200 12556 "-" "Mozilla/5.0 (compatible; Barkrowler/0.9; +https://babbar.tech/crawler)"
154.54.249.196 - - [12/Jul/2022:23:08:41 +0200] "GET /pmwiki/pmwiki.php/Main/K%F6zlem%E9nye?action=edit&restore=diff:1119253216:1119252666:&preview=y HTTP/1.1" 200 12532 "-" "Mozilla/5.0 (compatible; Barkrowler/0.9; +https://babbar.tech/crawler)"
154.54.249.196 - - [12/Jul/2022:23:09:16 +0200] "GET /pmwiki/pmwiki.php/Main/K%F6zlem%E9nye?action=edit&restore=diff:1119253255:1119253216:&preview=y HTTP/1.1" 200 12532 "-" "Mozilla/5.0 (compatible; Barkrowler/0.9; +https://babbar.tech/crawler)"
154.54.249.196 - - [12/Jul/2022:23:09:47 +0200] "GET /pmwiki/pmwiki.php/Main/K%F6zlem%E9nye?action=edit&restore=diff:1119264981:1119253289:&preview=y HTTP/1.1" 200 12532 "-" "Mozilla/5.0 (compatible; Barkrowler/0.9; +https://babbar.tech/crawler)"
154.54.249.196 - - [12/Jul/2022:23:10:18 +0200] "GET /robots.txt HTTP/1.1" 404 1181 "-" "Mozilla/5.0 (compatible; Barkrowler/0.9; +https://babbar.tech/crawler)"
154.54.249.196 - - [12/Jul/2022:23:10:49 +0200] "GET /pmwiki/pmwiki.php/Main/2004Augusztus18?action=edit&restore=diff:1120087932:1120087932:&preview=y HTTP/1.1" 200 12556 "-" "Mozilla/5.0 (compatible; Barkrowler/0.9; +https://babbar.tech/crawler)"
154.54.249.196 - - [12/Jul/2022:23:11:20 +0200] "GET /pmwiki/pmwiki.php/Main/2004Augusztus5?action=edit&restore=diff:1120088178:1120088178:&preview=y HTTP/1.1" 200 12540 "-" "Mozilla/5.0 (compatible; Barkrowler/0.9; +https://babbar.tech/crawler)"
154.54.249.196 - - [12/Jul/2022:23:11:54 +0200] "GET /pmwiki/pmwiki.php/Main/2004Febru%E1riK%F6sz%F6netLengyelorsz%E1gnak?action=edit HTTP/1.1" 200 12958 "-" "Mozilla/5.0 (compatible; Barkrowler/0.9; +https://babbar.tech/crawler)"
154.54.249.196 - - [12/Jul/2022:23:12:26 +0200] "GET /pmwiki/pmwiki.php/Main/2004Febru%E1riK%F6sz%F6netLengyelorsz%E1gnak?action=print HTTP/1.1" 200 5654 "-" "Mozilla/5.0 (compatible; Barkrowler/0.9; +https://babbar.tech/crawler)"
154.54.249.196 - - [12/Jul/2022:23:12:57 +0200] "GET /pmwiki/pmwiki.php/Main/CikkekDRM?action=edit&restore=diff:1122541418:1122541376:minor&preview=y HTTP/1.1" 200 12469 "-" "Mozilla/5.0 (compatible; Barkrowler/0.9; +https://babbar.tech/crawler)"
154.54.249.196 - - [12/Jul/2022:23:13:25 +0200] "GET /pmwiki/pmwiki.php/Main/2004-esNyilatkozat?action=edit&restore=diff:1120083031:1120083031:&preview=y HTTP/1.1" 200 12604 "-" "Mozilla/5.0 (compatible; Barkrowler/0.9; +https://babbar.tech/crawler)"
154.54.249.196 - - [12/Jul/2022:23:13:57 +0200] "GET /pmwiki/pmwiki.php/Main/JuriVelemeny?action=edit&restore=diff:1118535555:1118535341:&preview=y HTTP/1.1" 200 12508 "-" "Mozilla/5.0 (compatible; Barkrowler/0.9; +https://babbar.tech/crawler)"
154.54.249.196 - - [12/Jul/2022:23:14:28 +0200] "GET /pmwiki/pmwiki.php/Main/JuriVelemeny?action=edit&restore=diff:1118535665:1118535555:&preview=y HTTP/1.1" 200 12508 "-" "Mozilla/5.0 (compatible; Barkrowler/0.9; +https://babbar.tech/crawler)"
154.54.249.196 - - [12/Jul/2022:23:15:00 +0200] "GET /pmwiki/pmwiki.php/Main/BillGates%C9sM%E1sKommunist%E1k?action=diff&source=y&minor=y HTTP/1.1" 200 21007 "-" "Mozilla/5.0 (compatible; Barkrowler/0.9; +https://babbar.tech/crawler)"
154.54.249.196 - - [12/Jul/2022:23:15:30 +0200] "GET /pmwiki/pmwiki.php/Main/HeringgelMegval%F3s%EDtottTal%E1lm%E1nyok?action=edit HTTP/1.1" 200 12914 "-" "Mozilla/5.0 (compatible; Barkrowler/0.9; +https://babbar.tech/crawler)"
154.54.249.196 - - [12/Jul/2022:23:16:00 +0200] "GET /pmwiki/pmwiki.php/Main/MitTehetek?action=edit&restore=diff:1118730734:1118730734:&preview=y HTTP/1.1" 200 12476 "-" "Mozilla/5.0 (compatible; Barkrowler/0.9; +https://babbar.tech/crawler)"
154.54.249.196 - - [12/Jul/2022:23:16:33 +0200] "GET /pmwiki/pmwiki.php/Main/Direkt%EDva?action=edit&restore=diff:1122891683:1122891683:minor&preview=y HTTP/1.1" 200 12497 "-" "Mozilla/5.0 (compatible; Barkrowler/0.9; +https://babbar.tech/crawler)"
212.237.51.151 - - [12/Jul/2022:23:16:44 +0200] "HEAD /pmwiki/pmwiki.php HTTP/1.1" 200 0 "-" "Alert_Alligator_webmonitoring_service_1.6.4_(alertalligator.com)"
154.54.249.196 - - [12/Jul/2022:23:17:03 +0200] "GET /pmwiki/pmwiki.php/Main/Direkt%EDva?action=edit&restore=diff:1122898677:1122891683:minor&preview=y HTTP/1.1" 200 12497 "-" "Mozilla/5.0 (compatible; Barkrowler/0.9; +https://babbar.tech/crawler)"
154.54.249.196 - - [12/Jul/2022:23:17:35 +0200] "GET /pmwiki/pmwiki.php/Main/2005M%E1rciusiK%F6z%F6sNyilatkozat?action=upload&upname=wiki.png HTTP/1.1" 200 12698 "-" "Mozilla/5.0 (compatible; Barkrowler/0.9; +https://babbar.tech/crawler)"
154.54.249.196 - - [12/Jul/2022:23:18:04 +0200] "GET /pmwiki/pmwiki.php/Main/2005M%E1rcius8?action=edit&restore=diff:1120084277:1120084200:&preview=y HTTP/1.1" 200 12536 "-" "Mozilla/5.0 (compatible; Barkrowler/0.9; +https://babbar.tech/crawler)"
154.54.249.196 - - [12/Jul/2022:23:18:32 +0200] "GET /pmwiki/pmwiki.php/Main/2005M%E1rcius8?action=edit&restore=diff:1120084200:1120084200:&preview=y HTTP/1.1" 200 12536 "-" "Mozilla/5.0 (compatible; Barkrowler/0.9; +https://babbar.tech/crawler)"
154.54.249.196 - - [12/Jul/2022:23:19:04 +0200] "GET /robots.txt HTTP/1.1" 404 1181 "-" "Mozilla/5.0 (compatible; Barkrowler/0.9; +https://babbar.tech/crawler)"
154.54.249.196 - - [12/Jul/2022:23:19:36 +0200] "GET /pmwiki/pmwiki.php/PmWiki/PmWiki?action=edit&restore=diff:1117395099:1117074465:minor&preview=y HTTP/1.1" 200 12451 "-" "Mozilla/5.0 (compatible; Barkrowler/0.9; +https://babbar.tech/crawler)"
154.54.249.196 - - [12/Jul/2022:23:20:09 +0200] "GET /pmwiki/pmwiki.php/PmWiki/PmWiki?action=edit&restore=diff:1116817444:1116427766:minor&preview=y HTTP/1.1" 200 12451 "-" "Mozilla/5.0 (compatible; Barkrowler/0.9; +https://babbar.tech/crawler)"
154.54.249.196 - - [12/Jul/2022:23:20:38 +0200] "GET /pmwiki/pmwiki.php/PmWiki/PmWiki?action=edit&restore=diff:1113614021:1113580131:minor&preview=y HTTP/1.1" 200 12451 "-" "Mozilla/5.0 (compatible; Barkrowler/0.9; +https://babbar.tech/crawler)"
154.54.249.196 - - [12/Jul/2022:23:21:09 +0200] "GET /pmwiki/pmwiki.php/Main/H%EDrek?action=edit&restore=diff:1122879981:1122879956:minor&preview=y HTTP/1.1" 200 12431 "-" "Mozilla/5.0 (compatible; Barkrowler/0.9; +https://babbar.tech/crawler)"
154.54.249.196 - - [12/Jul/2022:23:21:37 +0200] "GET /pmwiki/pmwiki.php/Main/Nyilatkozatok?action=edit&restore=diff:1120084467:1120084186:&preview=y HTTP/1.1" 200 12524 "-" "Mozilla/5.0 (compatible; Barkrowler/0.9; +https://babbar.tech/crawler)"
154.54.249.196 - - [12/Jul/2022:23:22:10 +0200] "GET /pmwiki/pmwiki.php/Main/Nyilatkozatok?action=edit&restore=diff:1120088113:1120087991:&preview=y HTTP/1.1" 200 12524 "-" "Mozilla/5.0 (compatible; Barkrowler/0.9; +https://babbar.tech/crawler)"
154.54.249.196 - - [12/Jul/2022:23:22:44 +0200] "GET /pmwiki/pmwiki.php/Main/Nyilatkozatok?action=edit&restore=diff:1120087906:1120087770:&preview=y HTTP/1.1" 200 12524 "-" "Mozilla/5.0 (compatible; Barkrowler/0.9; +https://babbar.tech/crawler)"
154.54.249.196 - - [12/Jul/2022:23:23:14 +0200] "GET /pmwiki/pmwiki.php/Main/Nyilatkozatok?action=edit&restore=diff:1120083769:1120083286:&preview=y HTTP/1.1" 200 12524 "-" "Mozilla/5.0 (compatible; Barkrowler/0.9; +https://babbar.tech/crawler)"
154.54.249.196 - - [12/Jul/2022:23:23:43 +0200] "GET /pmwiki/pmwiki.php/Main/Nyilatkozatok?action=edit&restore=diff:1120082868:1120082868:&preview=y HTTP/1.1" 200 12524 "-" "Mozilla/5.0 (compatible; Barkrowler/0.9; +https://babbar.tech/crawler)"
154.54.249.196 - - [12/Jul/2022:23:24:11 +0200] "GET /pmwiki/pmwiki.php/Main/Nyilatkozatok?action=edit&restore=diff:1120087991:1120087906:&preview=y HTTP/1.1" 200 12524 "-" "Mozilla/5.0 (compatible; Barkrowler/0.9; +https://babbar.tech/crawler)"
154.54.249.196 - - [12/Jul/2022:23:24:43 +0200] "GET /pmwiki/pmwiki.php/Main/Nyilatkozatok?action=edit&restore=diff:1120084186:1120084143:&preview=y HTTP/1.1" 200 12524 "-" "Mozilla/5.0 (compatible; Barkrowler/0.9; +https://babbar.tech/crawler)"
154.54.249.196 - - [12/Jul/2022:23:25:14 +0200] "GET /pmwiki/pmwiki.php/Main/Nyilatkozatok?action=edit&restore=diff:1120087489:1120087359:&preview=y HTTP/1.1" 200 12524 "-" "Mozilla/5.0 (compatible; Barkrowler/0.9; +https://babbar.tech/crawler)"
154.54.249.196 - - [12/Jul/2022:23:25:45 +0200] "GET /pmwiki/pmwiki.php/Main/Nyilatkozatok?action=edit&restore=diff:1120085379:1120085072:&preview=y HTTP/1.1" 200 12524 "-" "Mozilla/5.0 (compatible; Barkrowler/0.9; +https://babbar.tech/crawler)"
154.54.249.196 - - [12/Jul/2022:23:26:13 +0200] "GET /pmwiki/pmwiki.php/Main/Nyilatkozatok?action=edit&restore=diff:1120087359:1120087134:&preview=y HTTP/1.1" 200 12524 "-" "Mozilla/5.0 (compatible; Barkrowler/0.9; +https://babbar.tech/crawler)"
154.54.249.196 - - [12/Jul/2022:23:26:45 +0200] "GET /pmwiki/pmwiki.php/Main/Nyilatkozatok?action=edit&restore=diff:1120084143:1120084045:&preview=y HTTP/1.1" 200 12524 "-" "Mozilla/5.0 (compatible; Barkrowler/0.9; +https://babbar.tech/crawler)"
154.54.249.196 - - [12/Jul/2022:23:27:15 +0200] "GET /pmwiki/pmwiki.php/Main/Nyilatkozatok?action=edit&restore=diff:1120085072:1120084811:&preview=y HTTP/1.1" 200 12524 "-" "Mozilla/5.0 (compatible; Barkrowler/0.9; +https://babbar.tech/crawler)"
154.54.249.196 - - [12/Jul/2022:23:27:47 +0200] "GET /robots.txt HTTP/1.1" 404 1181 "-" "Mozilla/5.0 (compatible; Barkrowler/0.9; +https://babbar.tech/crawler)"
154.54.249.196 - - [12/Jul/2022:23:28:14 +0200] "GET /pmwiki/pmwiki.php/Main/Nyilatkozatok?action=edit&restore=diff:1120087770:1120087650:&preview=y HTTP/1.1" 200 12524 "-" "Mozilla/5.0 (compatible; Barkrowler/0.9; +https://babbar.tech/crawler)"
154.54.249.196 - - [12/Jul/2022:23:28:45 +0200] "GET /pmwiki/pmwiki.php/Main/Nyilatkozatok?action=edit&restore=diff:1120083286:1120083172:&preview=y HTTP/1.1" 200 12524 "-" "Mozilla/5.0 (compatible; Barkrowler/0.9; +https://babbar.tech/crawler)"
154.54.249.196 - - [12/Jul/2022:23:29:16 +0200] "GET /pmwiki/pmwiki.php/Main/Nyilatkozatok?action=edit&restore=diff:1120087134:1120086674:&preview=y HTTP/1.1" 200 12524 "-" "Mozilla/5.0 (compatible; Barkrowler/0.9; +https://babbar.tech/crawler)"
154.54.249.196 - - [12/Jul/2022:23:29:47 +0200] "GET /pmwiki/pmwiki.php/Main/Nyilatkozatok?action=edit&restore=diff:1120087650:1120087489:&preview=y HTTP/1.1" 200 12524 "-" "Mozilla/5.0 (compatible; Barkrowler/0.9; +https://babbar.tech/crawler)"
154.54.249.196 - - [12/Jul/2022:23:30:20 +0200] "GET /pmwiki/pmwiki.php/Main/Nyilatkozatok?action=edit&restore=diff:1120084045:1120084025:&preview=y HTTP/1.1" 200 12524 "-" "Mozilla/5.0 (compatible; Barkrowler/0.9; +https://babbar.tech/crawler)"
154.54.249.196 - - [12/Jul/2022:23:30:49 +0200] "GET /pmwiki/pmwiki.php/Main/Nyilatkozatok?action=edit&restore=diff:1120088131:1120088113:&preview=y HTTP/1.1" 200 12524 "-" "Mozilla/5.0 (compatible; Barkrowler/0.9; +https://babbar.tech/crawler)"
154.54.249.196 - - [12/Jul/2022:23:31:20 +0200] "GET /pmwiki/pmwiki.php/Main/Nyilatkozatok?action=edit&restore=diff:1120086674:1120085379:&preview=y HTTP/1.1" 200 12524 "-" "Mozilla/5.0 (compatible; Barkrowler/0.9; +https://babbar.tech/crawler)"
154.54.249.196 - - [12/Jul/2022:23:31:53 +0200] "GET /pmwiki/pmwiki.php/Main/Nyilatkozatok?action=edit&restore=diff:1120084025:1120083769:&preview=y HTTP/1.1" 200 12524 "-" "Mozilla/5.0 (compatible; Barkrowler/0.9; +https://babbar.tech/crawler)"
154.54.249.196 - - [12/Jul/2022:23:32:22 +0200] "GET /pmwiki/pmwiki.php/Main/Nyilatkozatok?action=edit&restore=diff:1120083172:1120082868:&preview=y HTTP/1.1" 200 12524 "-" "Mozilla/5.0 (compatible; Barkrowler/0.9; +https://babbar.tech/crawler)"
