157.90.209.78 - - [27/Jul/2022:04:22:53 +0200] "GET /pmwiki/pmwiki.php/Main/Minta?action=print HTTP/1.1" 200 5006 "-" "Mozilla/5.0 (compatible; BLEXBot/1.0; +http://webmeup-crawler.com/)"
157.90.209.78 - - [27/Jul/2022:04:23:03 +0200] "GET /pmwiki/pmwiki.php/Main/Minta?action=upload HTTP/1.1" 200 12230 "-" "Mozilla/5.0 (compatible; BLEXBot/1.0; +http://webmeup-crawler.com/)"
157.90.209.78 - - [27/Jul/2022:04:23:12 +0200] "GET /pmwiki/pmwiki.php/Main/Nyilatkozat?action=diff HTTP/1.1" 200 20409 "-" "Mozilla/5.0 (compatible; BLEXBot/1.0; +http://webmeup-crawler.com/)"
157.90.209.78 - - [27/Jul/2022:04:23:21 +0200] "GET /pmwiki/pmwiki.php/Main/Nyilatkozat?action=edit HTTP/1.1" 200 12450 "-" "Mozilla/5.0 (compatible; BLEXBot/1.0; +http://webmeup-crawler.com/)"
157.90.209.78 - - [27/Jul/2022:04:23:28 +0200] "GET /pmwiki/pmwiki.php/Main/Nyilatkozat?action=print HTTP/1.1" 200 8881 "-" "Mozilla/5.0 (compatible; BLEXBot/1.0; +http://webmeup-crawler.com/)"
157.90.209.78 - - [27/Jul/2022:04:23:37 +0200] "GET /pmwiki/pmwiki.php/Main/Nyilatkozat?action=upload HTTP/1.1" 200 12330 "-" "Mozilla/5.0 (compatible; BLEXBot/1.0; +http://webmeup-crawler.com/)"
157.90.209.78 - - [27/Jul/2022:04:23:48 +0200] "GET /pmwiki/pmwiki.php/Main/Power?action=diff HTTP/1.1" 200 21611 "-" "Mozilla/5.0 (compatible; BLEXBot/1.0; +http://webmeup-crawler.com/)"
157.90.209.78 - - [27/Jul/2022:04:23:55 +0200] "GET /pmwiki/pmwiki.php/Main/Power?action=edit HTTP/1.1" 200 12354 "-" "Mozilla/5.0 (compatible; BLEXBot/1.0; +http://webmeup-crawler.com/)"
157.90.209.78 - - [27/Jul/2022:04:24:01 +0200] "GET /pmwiki/pmwiki.php/Main/Power?action=print HTTP/1.1" 200 10684 "-" "Mozilla/5.0 (compatible; BLEXBot/1.0; +http://webmeup-crawler.com/)"
157.90.209.78 - - [27/Jul/2022:04:24:09 +0200] "GET /pmwiki/pmwiki.php/Main/Power?action=upload HTTP/1.1" 200 12234 "-" "Mozilla/5.0 (compatible; BLEXBot/1.0; +http://webmeup-crawler.com/)"
157.90.209.78 - - [27/Jul/2022:04:24:16 +0200] "GET /pmwiki/pmwiki.php/Main/Rocard?action=diff HTTP/1.1" 200 18777 "-" "Mozilla/5.0 (compatible; BLEXBot/1.0; +http://webmeup-crawler.com/)"
157.90.209.78 - - [27/Jul/2022:04:24:23 +0200] "GET /pmwiki/pmwiki.php/Main/Rocard?action=edit HTTP/1.1" 200 12365 "-" "Mozilla/5.0 (compatible; BLEXBot/1.0; +http://webmeup-crawler.com/)"
157.90.209.78 - - [27/Jul/2022:04:24:30 +0200] "GET /pmwiki/pmwiki.php/Main/Rocard?action=print HTTP/1.1" 200 7872 "-" "Mozilla/5.0 (compatible; BLEXBot/1.0; +http://webmeup-crawler.com/)"
157.90.209.78 - - [27/Jul/2022:04:24:39 +0200] "GET /pmwiki/pmwiki.php/Main/Rocard?action=upload HTTP/1.1" 200 12245 "-" "Mozilla/5.0 (compatible; BLEXBot/1.0; +http://webmeup-crawler.com/)"
157.90.209.78 - - [27/Jul/2022:04:24:46 +0200] "GET /pmwiki/pmwiki.php/Main/SMELie?action=diff HTTP/1.1" 200 14999 "-" "Mozilla/5.0 (compatible; BLEXBot/1.0; +http://webmeup-crawler.com/)"
157.90.209.78 - - [27/Jul/2022:04:24:54 +0200] "GET /pmwiki/pmwiki.php/Main/SMELie?action=edit HTTP/1.1" 200 12367 "-" "Mozilla/5.0 (compatible; BLEXBot/1.0; +http://webmeup-crawler.com/)"
157.90.209.78 - - [27/Jul/2022:04:25:01 +0200] "GET /pmwiki/pmwiki.php/Main/SMELie?action=print HTTP/1.1" 200 4074 "-" "Mozilla/5.0 (compatible; BLEXBot/1.0; +http://webmeup-crawler.com/)"
157.90.209.78 - - [27/Jul/2022:04:25:12 +0200] "GET /pmwiki/pmwiki.php/Main/SMELie?action=upload HTTP/1.1" 200 12247 "-" "Mozilla/5.0 (compatible; BLEXBot/1.0; +http://webmeup-crawler.com/)"
157.90.209.78 - - [27/Jul/2022:04:25:20 +0200] "GET /pmwiki/pmwiki.php/Main/Sajt%EF%BF%BDanyag HTTP/1.1" 302 182 "-" "Mozilla/5.0 (compatible; BLEXBot/1.0; +http://webmeup-crawler.com/)"
157.90.209.78 - - [27/Jul/2022:04:25:20 +0200] "GET /pmwiki/pmwiki.php/Main/Sajt HTTP/1.1" 404 11859 "-" "Mozilla/5.0 (compatible; BLEXBot/1.0; +http://webmeup-crawler.com/)"
157.90.209.78 - - [27/Jul/2022:04:25:27 +0200] "GET /pmwiki/pmwiki.php/Main/TRIPSLie?action=diff HTTP/1.1" 200 14070 "-" "Mozilla/5.0 (compatible; BLEXBot/1.0; +http://webmeup-crawler.com/)"
157.90.209.78 - - [27/Jul/2022:04:25:35 +0200] "GET /pmwiki/pmwiki.php/Main/TRIPSLie?action=edit HTTP/1.1" 200 12399 "-" "Mozilla/5.0 (compatible; BLEXBot/1.0; +http://webmeup-crawler.com/)"
157.90.209.78 - - [27/Jul/2022:04:25:41 +0200] "GET /pmwiki/pmwiki.php/Main/TRIPSLie?action=print HTTP/1.1" 200 3318 "-" "Mozilla/5.0 (compatible; BLEXBot/1.0; +http://webmeup-crawler.com/)"
157.90.209.78 - - [27/Jul/2022:04:25:49 +0200] "GET /pmwiki/pmwiki.php/Main/TRIPSLie?action=upload HTTP/1.1" 200 12279 "-" "Mozilla/5.0 (compatible; BLEXBot/1.0; +http://webmeup-crawler.com/)"
157.90.209.78 - - [27/Jul/2022:04:25:57 +0200] "GET /pmwiki/pmwiki.php/Main/Todo?action=diff HTTP/1.1" 200 15378 "-" "Mozilla/5.0 (compatible; BLEXBot/1.0; +http://webmeup-crawler.com/)"
157.90.209.78 - - [27/Jul/2022:04:26:05 +0200] "GET /pmwiki/pmwiki.php/Main/Todo?action=edit HTTP/1.1" 200 12335 "-" "Mozilla/5.0 (compatible; BLEXBot/1.0; +http://webmeup-crawler.com/)"
157.90.209.78 - - [27/Jul/2022:04:26:13 +0200] "GET /pmwiki/pmwiki.php/Main/Todo?action=print HTTP/1.1" 200 3029 "-" "Mozilla/5.0 (compatible; BLEXBot/1.0; +http://webmeup-crawler.com/)"
157.90.209.78 - - [27/Jul/2022:04:26:20 +0200] "GET /pmwiki/pmwiki.php/Main/Todo?action=upload HTTP/1.1" 200 12215 "-" "Mozilla/5.0 (compatible; BLEXBot/1.0; +http://webmeup-crawler.com/)"
157.90.209.78 - - [27/Jul/2022:04:26:26 +0200] "GET /pmwiki/pmwiki.php/Main/Tud%EF%BF%BDsmonop%EF%BF%BDlium HTTP/1.1" 302 181 "-" "Mozilla/5.0 (compatible; BLEXBot/1.0; +http://webmeup-crawler.com/)"
157.90.209.78 - - [27/Jul/2022:04:26:26 +0200] "GET /pmwiki/pmwiki.php/Main/Tud HTTP/1.1" 404 11843 "-" "Mozilla/5.0 (compatible; BLEXBot/1.0; +http://webmeup-crawler.com/)"
157.90.209.78 - - [27/Jul/2022:04:26:32 +0200] "GET /pmwiki/pmwiki.php/Main/V%EF%BF%BDdelmiP%EF%BF%BDnz HTTP/1.1" 302 179 "-" "Mozilla/5.0 (compatible; BLEXBot/1.0; +http://webmeup-crawler.com/)"
157.90.209.78 - - [27/Jul/2022:04:26:32 +0200] "GET /pmwiki/pmwiki.php/Main/V HTTP/1.1" 404 11811 "-" "Mozilla/5.0 (compatible; BLEXBot/1.0; +http://webmeup-crawler.com/)"
185.191.171.4 - - [27/Jul/2022:04:34:21 +0200] "GET /robots.txt HTTP/1.1" 404 1181 "-" "Mozilla/5.0 (compatible; SemrushBot/7~bl; +http://www.semrush.com/bot.html)"
185.191.171.39 - - [27/Jul/2022:04:34:23 +0200] "GET /pmwiki/pmwiki.php/Main/JuriHPOEloterjesztes?action=diff HTTP/1.1" 200 46830 "-" "Mozilla/5.0 (compatible; SemrushBot/7~bl; +http://www.semrush.com/bot.html)"
49.12.13.109 - - [27/Jul/2022:04:35:47 +0200] "HEAD /pmwiki/pmwiki.php HTTP/1.1" 200 0 "-" "Alert_Alligator_webmonitoring_service_1.6.3_(alertalligator.com)"
185.191.171.2 - - [27/Jul/2022:05:28:50 +0200] "GET /pmwiki/pmwiki.php/Main/Mintalevel0509 HTTP/1.1" 200 16475 "-" "Mozilla/5.0 (compatible; SemrushBot/7~bl; +http://www.semrush.com/bot.html)"
49.12.13.109 - - [27/Jul/2022:05:35:12 +0200] "HEAD /pmwiki/pmwiki.php HTTP/1.1" 200 0 "-" "Alert_Alligator_webmonitoring_service_1.6.3_(alertalligator.com)"
114.119.129.110 - - [27/Jul/2022:05:42:36 +0200] "GET /pmwiki/pmwiki.php/PmWiki/LocalCustomizations HTTP/1.1" 200 16199 "-" "Mozilla/5.0 (Linux; Android 7.0;) AppleWebKit/537.36 (KHTML, like Gecko) Mobile Safari/537.36 (compatible; PetalBot;+https://webmaster.petalsearch.com/site/petalbot)"
185.191.171.20 - - [27/Jul/2022:06:23:05 +0200] "GET /robots.txt HTTP/1.1" 404 1181 "-" "Mozilla/5.0 (compatible; SemrushBot/7~bl; +http://www.semrush.com/bot.html)"
185.191.171.24 - - [27/Jul/2022:06:23:05 +0200] "GET /pmwiki/pmwiki.php/Main/Cache?action=upload HTTP/1.1" 200 12230 "-" "Mozilla/5.0 (compatible; SemrushBot/7~bl; +http://www.semrush.com/bot.html)"
212.237.51.151 - - [27/Jul/2022:06:23:22 +0200] "HEAD /pmwiki/pmwiki.php HTTP/1.1" 200 0 "-" "Alert_Alligator_webmonitoring_service_1.6.4_(alertalligator.com)"
185.191.171.41 - - [27/Jul/2022:07:16:30 +0200] "GET /pmwiki/pmwiki.php/Main/Linkek?action=print HTTP/1.1" 200 19357 "-" "Mozilla/5.0 (compatible; SemrushBot/7~bl; +http://www.semrush.com/bot.html)"
49.12.13.109 - - [27/Jul/2022:07:23:01 +0200] "HEAD /pmwiki/pmwiki.php HTTP/1.1" 200 0 "-" "Alert_Alligator_webmonitoring_service_1.6.3_(alertalligator.com)"
185.191.171.39 - - [27/Jul/2022:07:24:03 +0200] "GET /robots.txt HTTP/1.1" 404 1181 "-" "Mozilla/5.0 (compatible; SemrushBot/7~bl; +http://www.semrush.com/bot.html)"
185.191.171.33 - - [27/Jul/2022:07:24:04 +0200] "GET /pmwiki/pmwiki.php/Main/AdelphiAlapokm%E1ny HTTP/1.1" 200 16161 "-" "Mozilla/5.0 (compatible; SemrushBot/7~bl; +http://www.semrush.com/bot.html)"
114.119.129.110 - - [27/Jul/2022:08:04:34 +0200] "GET /pmwiki/pmwiki.php/Main/2004Augusztus5?action=print HTTP/1.1" 200 5461 "http://swpat.zpok.hu/pmwiki/pmwiki.php/Main/2004Augusztus5" "Mozilla/5.0 (Linux; Android 7.0;) AppleWebKit/537.36 (KHTML, like Gecko) Mobile Safari/537.36 (compatible; PetalBot;+https://webmaster.petalsearch.com/site/petalbot)"
49.12.13.109 - - [27/Jul/2022:08:22:02 +0200] "HEAD /pmwiki/pmwiki.php HTTP/1.1" 200 0 "-" "Alert_Alligator_webmonitoring_service_1.6.3_(alertalligator.com)"
114.119.129.110 - - [27/Jul/2022:08:46:30 +0200] "GET /pmwiki/pmwiki.php/Main/2005Szeptember2?action=print HTTP/1.1" 200 4183 "http://swpat.zpok.hu/pmwiki/pmwiki.php/Main/2005Szeptember2" "Mozilla/5.0 (Linux; Android 7.0;) AppleWebKit/537.36 (KHTML, like Gecko) Mobile Safari/537.36 (compatible; PetalBot;+https://webmaster.petalsearch.com/site/petalbot)"
185.191.171.19 - - [27/Jul/2022:09:06:57 +0200] "GET /robots.txt HTTP/1.1" 404 1181 "-" "Mozilla/5.0 (compatible; SemrushBot/7~bl; +http://www.semrush.com/bot.html)"
185.191.171.26 - - [27/Jul/2022:09:06:58 +0200] "GET /pmwiki/pmwiki.php?n=Main.Mintalevel0509 HTTP/1.1" 200 16475 "-" "Mozilla/5.0 (compatible; SemrushBot/7~bl; +http://www.semrush.com/bot.html)"
185.191.171.18 - - [27/Jul/2022:09:12:18 +0200] "GET /pmwiki/pmwiki.php/Main/Feb08PR?action=edit HTTP/1.1" 200 12386 "-" "Mozilla/5.0 (compatible; SemrushBot/7~bl; +http://www.semrush.com/bot.html)"
114.119.129.110 - - [27/Jul/2022:09:22:23 +0200] "GET /pmwiki/pmwiki.php/Main/EztMondjukNekik?action=edit HTTP/1.1" 200 12510 "http://swpat.zpok.hu/pmwiki/pmwiki.php/Main/EztMondjukNekik" "Mozilla/5.0 (Linux; Android 7.0;) AppleWebKit/537.36 (KHTML, like Gecko) Mobile Safari/537.36 (compatible; PetalBot;+https://webmaster.petalsearch.com/site/petalbot)"
212.237.23.143 - - [27/Jul/2022:09:27:05 +0200] "HEAD /pmwiki/pmwiki.php HTTP/1.1" 200 0 "-" "Alert_Alligator_webmonitoring_service_1.6.4_(alertalligator.com)"
136.243.228.181 - - [27/Jul/2022:09:48:42 +0200] "GET /robots.txt HTTP/1.1" 404 1181 "-" "Mozilla/5.0 (compatible; DataForSeoBot/1.0; +https://dataforseo.com/dataforseo-bot)"
136.243.228.181 - - [27/Jul/2022:09:48:42 +0200] "GET / HTTP/1.1" 302 5 "-" "Mozilla/5.0 (compatible; DataForSeoBot/1.0; +https://dataforseo.com/dataforseo-bot)"
136.243.228.181 - - [27/Jul/2022:09:48:43 +0200] "GET /sitemap.xml HTTP/1.1" 404 1181 "-" "Mozilla/5.0 (compatible; DataForSeoBot/1.0; +https://dataforseo.com/dataforseo-bot)"
66.249.70.108 - - [27/Jul/2022:09:56:10 +0200] "GET /robots.txt HTTP/1.1" 404 1181 "-" "Mozilla/5.0 (compatible; Googlebot/2.1; +http://www.google.com/bot.html)"
66.249.70.108 - - [27/Jul/2022:09:56:11 +0200] "GET /pmwiki/pmwiki.php/Main/DRM HTTP/1.1" 200 14856 "-" "Mozilla/5.0 (Linux; Android 6.0.1; Nexus 5X Build/MMB29P) AppleWebKit/537.36 (KHTML, like Gecko) Chrome/103.0.5060.134 Mobile Safari/537.36 (compatible; Googlebot/2.1; +http://www.google.com/bot.html)"
212.237.23.143 - - [27/Jul/2022:10:32:16 +0200] "HEAD /pmwiki/pmwiki.php HTTP/1.1" 200 0 "-" "Alert_Alligator_webmonitoring_service_1.6.4_(alertalligator.com)"
185.191.171.3 - - [27/Jul/2022:10:32:44 +0200] "GET /robots.txt HTTP/1.1" 404 1181 "-" "Mozilla/5.0 (compatible; SemrushBot/7~bl; +http://www.semrush.com/bot.html)"
185.191.171.40 - - [27/Jul/2022:10:32:45 +0200] "GET /pmwiki/pmwiki.php/Main/2003M%E1jusBr%FCsszeliT%FAra?action=diff HTTP/1.1" 200 14621 "-" "Mozilla/5.0 (compatible; SemrushBot/7~bl; +http://www.semrush.com/bot.html)"
66.249.70.110 - - [27/Jul/2022:10:50:10 +0200] "GET /pmwiki/pmwiki.php/Main/AzIPRJavaslat HTTP/1.1" 200 14797 "-" "Mozilla/5.0 (Linux; Android 6.0.1; Nexus 5X Build/MMB29P) AppleWebKit/537.36 (KHTML, like Gecko) Chrome/103.0.5060.134 Mobile Safari/537.36 (compatible; Googlebot/2.1; +http://www.google.com/bot.html)"
216.244.66.203 - - [27/Jul/2022:11:26:43 +0200] "GET /robots.txt HTTP/1.1" 404 1181 "-" "Mozilla/5.0 (compatible; DotBot/1.2; +https://opensiteexplorer.org/dotbot; help@moz.com)"
51.222.253.9 - - [27/Jul/2022:11:29:26 +0200] "GET /robots.txt HTTP/1.1" 404 1181 "-" "Mozilla/5.0 (compatible; AhrefsBot/7.0; +http://ahrefs.com/robot/)"
54.36.148.253 - - [27/Jul/2022:11:29:27 +0200] "GET /pmwiki/pmwiki.php/Main/Cutts?action=edit HTTP/1.1" 200 12352 "-" "Mozilla/5.0 (compatible; AhrefsBot/7.0; +http://ahrefs.com/robot/)"
185.191.171.33 - - [27/Jul/2022:11:29:49 +0200] "GET /pmwiki/pmwiki.php/Main/JuriHPOEloterjesztes?action=edit HTTP/1.1" 200 12590 "-" "Mozilla/5.0 (compatible; SemrushBot/7~bl; +http://www.semrush.com/bot.html)"
49.12.13.109 - - [27/Jul/2022:11:31:30 +0200] "HEAD /pmwiki/pmwiki.php HTTP/1.1" 200 0 "-" "Alert_Alligator_webmonitoring_service_1.6.3_(alertalligator.com)"
216.244.66.203 - - [27/Jul/2022:11:32:42 +0200] "GET /pmwiki/pmwiki.php/Main/Minta HTTP/1.1" 200 14526 "-" "Mozilla/5.0 (compatible; DotBot/1.2; +https://opensiteexplorer.org/dotbot; help@moz.com)"
185.191.171.19 - - [27/Jul/2022:11:32:45 +0200] "GET /robots.txt HTTP/1.1" 404 1181 "-" "Mozilla/5.0 (compatible; SemrushBot/7~bl; +http://www.semrush.com/bot.html)"
185.191.171.1 - - [27/Jul/2022:11:32:46 +0200] "GET /pmwiki/pmwiki.php/Main/Feb03PR?action=upload HTTP/1.1" 200 12266 "-" "Mozilla/5.0 (compatible; SemrushBot/7~bl; +http://www.semrush.com/bot.html)"
185.191.171.34 - - [27/Jul/2022:12:01:45 +0200] "GET /pmwiki/pmwiki.php/Main/Lev%E9lAParlamentInformaitikaiBizotts%E1gaEln%F6k%E9nek?action=print HTTP/1.1" 200 3877 "-" "Mozilla/5.0 (compatible; SemrushBot/7~bl; +http://www.semrush.com/bot.html)"
49.12.13.109 - - [27/Jul/2022:12:31:38 +0200] "HEAD /pmwiki/pmwiki.php HTTP/1.1" 200 0 "-" "Alert_Alligator_webmonitoring_service_1.6.3_(alertalligator.com)"
114.119.129.110 - - [27/Jul/2022:12:32:51 +0200] "GET /pmwiki/pmwiki.php/Main/MitTehetek?action=edit&restore=diff:1118731058:1118731012:&preview=y HTTP/1.1" 200 12476 "-" "Mozilla/5.0 (Linux; Android 7.0;) AppleWebKit/537.36 (KHTML, like Gecko) Mobile Safari/537.36 (compatible; PetalBot;+https://webmaster.petalsearch.com/site/petalbot)"
54.36.148.70 - - [27/Jul/2022:12:38:08 +0200] "GET /pmwiki/pmwiki.php/Main/MitTehetek HTTP/1.1" 200 13755 "-" "Mozilla/5.0 (compatible; AhrefsBot/7.0; +http://ahrefs.com/robot/)"
49.12.13.109 - - [27/Jul/2022:13:31:01 +0200] "HEAD /pmwiki/pmwiki.php HTTP/1.1" 200 0 "-" "Alert_Alligator_webmonitoring_service_1.6.3_(alertalligator.com)"
54.36.148.23 - - [27/Jul/2022:13:48:02 +0200] "GET /pmwiki/pmwiki.php/Main/Telefonon HTTP/1.1" 200 16251 "-" "Mozilla/5.0 (compatible; AhrefsBot/7.0; +http://ahrefs.com/robot/)"
49.12.13.109 - - [27/Jul/2022:14:30:52 +0200] "HEAD /pmwiki/pmwiki.php HTTP/1.1" 200 0 "-" "Alert_Alligator_webmonitoring_service_1.6.3_(alertalligator.com)"
185.191.171.4 - - [27/Jul/2022:14:33:16 +0200] "GET /robots.txt HTTP/1.1" 404 1181 "-" "Mozilla/5.0 (compatible; SemrushBot/7~bl; +http://www.semrush.com/bot.html)"
185.191.171.4 - - [27/Jul/2022:14:33:16 +0200] "GET /pmwiki/pmwiki.php/Main/2005M%E1rciusiNyilatkozat?action=upload HTTP/1.1" 200 12546 "-" "Mozilla/5.0 (compatible; SemrushBot/7~bl; +http://www.semrush.com/bot.html)"
77.75.76.166 - - [27/Jul/2022:14:40:40 +0200] "GET /robots.txt HTTP/1.1" 404 1181 "-" "Mozilla/5.0 (compatible; SeznamBot/3.2; +http://napoveda.seznam.cz/en/seznambot-intro/)"
77.75.76.166 - - [27/Jul/2022:14:40:41 +0200] "GET /pmwiki/pmwiki.php/PmWiki/ChangesFromPmWiki1 HTTP/1.1" 200 19777 "-" "Mozilla/5.0 (compatible; SeznamBot/3.2; +http://napoveda.seznam.cz/en/seznambot-intro/)"
77.75.76.169 - - [27/Jul/2022:15:10:16 +0200] "GET /robots.txt HTTP/1.1" 404 1181 "-" "Mozilla/5.0 (compatible; SeznamBot/3.2; +http://napoveda.seznam.cz/en/seznambot-intro/)"
77.75.76.169 - - [27/Jul/2022:15:10:17 +0200] "GET /pmwiki/pmwiki.php/PmWiki/PmWikiPhilosophy HTTP/1.1" 200 16736 "-" "Mozilla/5.0 (compatible; SeznamBot/3.2; +http://napoveda.seznam.cz/en/seznambot-intro/)"
49.12.13.109 - - [27/Jul/2022:15:29:56 +0200] "HEAD /pmwiki/pmwiki.php HTTP/1.1" 200 0 "-" "Alert_Alligator_webmonitoring_service_1.6.3_(alertalligator.com)"
212.237.23.143 - - [27/Jul/2022:16:35:13 +0200] "HEAD /pmwiki/pmwiki.php HTTP/1.1" 200 0 "-" "Alert_Alligator_webmonitoring_service_1.6.4_(alertalligator.com)"
54.36.148.189 - - [27/Jul/2022:17:12:57 +0200] "GET /pmwiki/pmwiki.php/Main/DRMMunkacsoport?action=edit HTTP/1.1" 200 12510 "-" "Mozilla/5.0 (compatible; AhrefsBot/7.0; +http://ahrefs.com/robot/)"
49.12.13.109 - - [27/Jul/2022:17:34:57 +0200] "HEAD /pmwiki/pmwiki.php HTTP/1.1" 200 0 "-" "Alert_Alligator_webmonitoring_service_1.6.3_(alertalligator.com)"
185.191.171.11 - - [27/Jul/2022:17:37:49 +0200] "GET /robots.txt HTTP/1.1" 404 1181 "-" "Mozilla/5.0 (compatible; SemrushBot/7~bl; +http://www.semrush.com/bot.html)"
185.191.171.35 - - [27/Jul/2022:17:37:50 +0200] "GET /pmwiki/pmwiki.php/Main/HeringgelMegval%F3s%EDtottTal%E1lm%E1nyok?action=edit HTTP/1.1" 200 12914 "-" "Mozilla/5.0 (compatible; SemrushBot/7~bl; +http://www.semrush.com/bot.html)"
54.36.148.197 - - [27/Jul/2022:18:30:39 +0200] "GET /pmwiki/pmwiki.php/Main/DRMMunkacsoport?action=print HTTP/1.1" 200 3060 "-" "Mozilla/5.0 (compatible; AhrefsBot/7.0; +http://ahrefs.com/robot/)"
49.12.13.109 - - [27/Jul/2022:18:34:02 +0200] "HEAD /pmwiki/pmwiki.php HTTP/1.1" 200 0 "-" "Alert_Alligator_webmonitoring_service_1.6.3_(alertalligator.com)"
49.12.13.109 - - [27/Jul/2022:19:13:00 +0200] "HEAD /pmwiki/pmwiki.php HTTP/1.1" 200 0 "-" "Alert_Alligator_webmonitoring_service_1.6.4_(alertalligator.com)"
216.244.66.203 - - [27/Jul/2022:19:43:36 +0200] "GET /robots.txt HTTP/1.1" 404 1181 "-" "Mozilla/5.0 (compatible; DotBot/1.2; +https://opensiteexplorer.org/dotbot; help@moz.com)"
54.36.149.0 - - [27/Jul/2022:19:46:16 +0200] "GET /pmwiki/pmwiki.php/Main/RocardEp2 HTTP/1.1" 200 28076 "-" "Mozilla/5.0 (compatible; AhrefsBot/7.0; +http://ahrefs.com/robot/)"
216.244.66.203 - - [27/Jul/2022:19:49:46 +0200] "GET /pmwiki/pmwiki.php/Main/EztMondjukNekik HTTP/1.1" 200 14106 "-" "Mozilla/5.0 (compatible; DotBot/1.2; +https://opensiteexplorer.org/dotbot; help@moz.com)"
114.119.129.110 - - [27/Jul/2022:19:53:36 +0200] "GET /pmwiki/pmwiki.php/Main/Cutts HTTP/1.1" 200 31570 "http://swpat.zpok.hu/pmwiki/pmwiki.php/Main/Google" "Mozilla/5.0 (Linux; Android 7.0;) AppleWebKit/537.36 (KHTML, like Gecko) Mobile Safari/537.36 (compatible; PetalBot;+https://webmaster.petalsearch.com/site/petalbot)"
114.119.129.110 - - [27/Jul/2022:19:55:56 +0200] "GET /pmwiki/pmwiki.php/Main/2004Szeptember1?action=print HTTP/1.1" 200 4483 "http://swpat.zpok.hu/pmwiki/pmwiki.php/Main/2004Szeptember1" "Mozilla/5.0 (Linux; Android 7.0;) AppleWebKit/537.36 (KHTML, like Gecko) Mobile Safari/537.36 (compatible; PetalBot;+https://webmaster.petalsearch.com/site/petalbot)"
212.237.51.151 - - [27/Jul/2022:19:57:17 +0200] "HEAD /pmwiki/pmwiki.php HTTP/1.1" 200 0 "-" "Alert_Alligator_webmonitoring_service_1.6.4_(alertalligator.com)"
185.191.171.23 - - [27/Jul/2022:20:09:53 +0200] "GET /robots.txt HTTP/1.1" 404 1181 "-" "Mozilla/5.0 (compatible; SemrushBot/7~bl; +http://www.semrush.com/bot.html)"
185.191.171.14 - - [27/Jul/2022:20:09:54 +0200] "GET /pmwiki/pmwiki.php/Main/ABundestagT%E1mogatjaAzEur%F3paiParlamentet?action=diff HTTP/1.1" 200 20974 "-" "Mozilla/5.0 (compatible; SemrushBot/7~bl; +http://www.semrush.com/bot.html)"
216.244.66.203 - - [27/Jul/2022:20:37:39 +0200] "GET /robots.txt HTTP/1.1" 404 1181 "-" "Mozilla/5.0 (compatible; DotBot/1.2; +https://opensiteexplorer.org/dotbot; help@moz.com)"
216.244.66.203 - - [27/Jul/2022:20:41:38 +0200] "GET /pmwiki/pmwiki.php/Main/CikkekDRM HTTP/1.1" 200 18047 "-" "Mozilla/5.0 (compatible; DotBot/1.2; +https://opensiteexplorer.org/dotbot; help@moz.com)"
212.237.51.151 - - [27/Jul/2022:20:42:38 +0200] "HEAD /pmwiki/pmwiki.php HTTP/1.1" 200 0 "-" "Alert_Alligator_webmonitoring_service_1.6.4_(alertalligator.com)"
49.12.13.109 - - [27/Jul/2022:21:42:13 +0200] "HEAD /pmwiki/pmwiki.php HTTP/1.1" 200 0 "-" "Alert_Alligator_webmonitoring_service_1.6.3_(alertalligator.com)"
216.244.66.203 - - [27/Jul/2022:22:23:02 +0200] "GET /robots.txt HTTP/1.1" 404 1181 "-" "Mozilla/5.0 (compatible; DotBot/1.2; +https://opensiteexplorer.org/dotbot; help@moz.com)"
216.244.66.203 - - [27/Jul/2022:22:35:13 +0200] "GET /pmwiki/pmwiki.php/Main/DRM?action=edit HTTP/1.1" 200 12318 "-" "Mozilla/5.0 (compatible; DotBot/1.2; +https://opensiteexplorer.org/dotbot; help@moz.com)"
185.191.171.6 - - [27/Jul/2022:22:36:21 +0200] "GET /robots.txt HTTP/1.1" 404 1181 "-" "Mozilla/5.0 (compatible; SemrushBot/7~bl; +http://www.semrush.com/bot.html)"
185.191.171.45 - - [27/Jul/2022:22:36:22 +0200] "GET /pmwiki/pmwiki.php/Main/ATan%E1cs%C9rdembenT%E1rgyalhatASzoftverszabadalmiDirekt%EDv%E1r%F3l?action=print HTTP/1.1" 200 8015 "-" "Mozilla/5.0 (compatible; SemrushBot/7~bl; +http://www.semrush.com/bot.html)"
185.191.171.2 - - [27/Jul/2022:22:38:36 +0200] "GET /pmwiki/pmwiki.php/Main/2004Augusztus5?action=diff HTTP/1.1" 200 16408 "-" "Mozilla/5.0 (compatible; SemrushBot/7~bl; +http://www.semrush.com/bot.html)"
216.244.66.203 - - [27/Jul/2022:22:39:48 +0200] "GET /pmwiki/pmwiki.php/Main/MiADRM?action=diff HTTP/1.1" 200 25129 "-" "Mozilla/5.0 (compatible; DotBot/1.2; +https://opensiteexplorer.org/dotbot; help@moz.com)"
216.244.66.203 - - [27/Jul/2022:22:41:37 +0200] "GET /pmwiki/pmwiki.php/Main/Doksik?action=print HTTP/1.1" 200 4591 "-" "Mozilla/5.0 (compatible; DotBot/1.2; +https://opensiteexplorer.org/dotbot; help@moz.com)"
212.237.23.143 - - [27/Jul/2022:22:43:43 +0200] "HEAD /pmwiki/pmwiki.php HTTP/1.1" 200 0 "-" "Alert_Alligator_webmonitoring_service_1.6.4_(alertalligator.com)"
216.244.66.203 - - [27/Jul/2022:22:43:56 +0200] "GET /pmwiki/pmwiki.php/Main/SearchWiki?action=diff HTTP/1.1" 200 126662 "-" "Mozilla/5.0 (compatible; DotBot/1.2; +https://opensiteexplorer.org/dotbot; help@moz.com)"
216.244.66.203 - - [27/Jul/2022:22:45:18 +0200] "GET /pmwiki/pmwiki.php/PmWiki/Installation?action=upload HTTP/1.1" 200 12379 "-" "Mozilla/5.0 (compatible; DotBot/1.2; +https://opensiteexplorer.org/dotbot; help@moz.com)"
216.244.66.203 - - [27/Jul/2022:22:51:14 +0200] "GET /pmwiki/pmwiki.php/Main/HomePage?action=diff&source=n&minor=n HTTP/1.1" 200 79193 "-" "Mozilla/5.0 (compatible; DotBot/1.2; +https://opensiteexplorer.org/dotbot; help@moz.com)"
77.88.5.2 - - [27/Jul/2022:22:57:09 +0200] "GET /robots.txt HTTP/1.1" 404 1181 "-" "Mozilla/5.0 (compatible; YandexBot/3.0; +http://yandex.com/bots)"
77.88.5.2 - - [27/Jul/2022:22:57:10 +0200] "GET /robots.txt HTTP/1.1" 404 1181 "-" "Mozilla/5.0 (compatible; YandexBot/3.0; +http://yandex.com/bots)"
77.88.5.2 - - [27/Jul/2022:22:57:13 +0200] "GET / HTTP/1.1" 302 5 "-" "Mozilla/5.0 (compatible; YandexBot/3.0; +http://yandex.com/bots)"
77.88.5.2 - - [27/Jul/2022:22:57:14 +0200] "GET / HTTP/1.1" 302 5 "-" "Mozilla/5.0 (compatible; YandexBot/3.0; +http://yandex.com/bots)"
77.88.5.157 - - [27/Jul/2022:22:57:17 +0200] "GET /pmwiki/pmwiki.php HTTP/1.1" 200 37269 "-" "Mozilla/5.0 (compatible; YandexBot/3.0; +http://yandex.com/bots)"
216.244.66.203 - - [27/Jul/2022:23:16:07 +0200] "GET /robots.txt HTTP/1.1" 404 1181 "-" "Mozilla/5.0 (compatible; DotBot/1.2; +https://opensiteexplorer.org/dotbot; help@moz.com)"
216.244.66.203 - - [27/Jul/2022:23:20:46 +0200] "GET /pmwiki/pmwiki.php/Main/LehetsegesJavitasokEuropaban HTTP/1.1" 200 14070 "-" "Mozilla/5.0 (compatible; DotBot/1.2; +https://opensiteexplorer.org/dotbot; help@moz.com)"
216.244.66.203 - - [27/Jul/2022:23:20:52 +0200] "GET /pmwiki/pmwiki.php/PmWiki/TipsForEditing HTTP/1.1" 200 15017 "-" "Mozilla/5.0 (compatible; DotBot/1.2; +https://opensiteexplorer.org/dotbot; help@moz.com)"
216.244.66.203 - - [27/Jul/2022:23:38:13 +0200] "GET /pmwiki/pmwiki.php/Profiles/Mikei?action=edit HTTP/1.1" 200 12418 "-" "Mozilla/5.0 (compatible; DotBot/1.2; +https://opensiteexplorer.org/dotbot; help@moz.com)"
216.244.66.203 - - [27/Jul/2022:23:41:41 +0200] "GET /pmwiki/pmwiki.php/PmWiki/RecentChanges?action=edit HTTP/1.1" 200 12512 "-" "Mozilla/5.0 (compatible; DotBot/1.2; +https://opensiteexplorer.org/dotbot; help@moz.com)"
216.244.66.203 - - [27/Jul/2022:23:41:45 +0200] "GET /pmwiki/pmwiki.php/Profiles/Mag?action=edit HTTP/1.1" 200 12386 "-" "Mozilla/5.0 (compatible; DotBot/1.2; +https://opensiteexplorer.org/dotbot; help@moz.com)"
49.12.13.109 - - [27/Jul/2022:23:42:50 +0200] "HEAD /pmwiki/pmwiki.php HTTP/1.1" 200 0 "-" "Alert_Alligator_webmonitoring_service_1.6.3_(alertalligator.com)"
216.244.66.203 - - [27/Jul/2022:23:42:51 +0200] "GET /pmwiki/pmwiki.php/PmWiki/Internationalizations?action=diff HTTP/1.1" 200 13072 "-" "Mozilla/5.0 (compatible; DotBot/1.2; +https://opensiteexplorer.org/dotbot; help@moz.com)"
216.244.66.203 - - [27/Jul/2022:23:42:59 +0200] "GET /pmwiki/pmwiki.php/PmWiki/LocalCustomizations?action=edit HTTP/1.1" 200 12610 "-" "Mozilla/5.0 (compatible; DotBot/1.2; +https://opensiteexplorer.org/dotbot; help@moz.com)"
216.244.66.203 - - [27/Jul/2022:23:44:39 +0200] "GET /pmwiki/pmwiki.php/Main/Feb03PR?action=upload&upname=wiki.png HTTP/1.1" 200 12282 "-" "Mozilla/5.0 (compatible; DotBot/1.2; +https://opensiteexplorer.org/dotbot; help@moz.com)"
216.244.66.203 - - [27/Jul/2022:23:45:16 +0200] "GET /pmwiki/pmwiki.php/PmWiki/WikiGroup?action=upload&upname=wiki.png HTTP/1.1" 200 12347 "-" "Mozilla/5.0 (compatible; DotBot/1.2; +https://opensiteexplorer.org/dotbot; help@moz.com)"
185.191.171.43 - - [27/Jul/2022:23:59:26 +0200] "GET /robots.txt HTTP/1.1" 404 1181 "-" "Mozilla/5.0 (compatible; SemrushBot/7~bl; +http://www.semrush.com/bot.html)"
185.191.171.7 - - [27/Jul/2022:23:59:27 +0200] "GET /pmwiki/pmwiki.php/Main/ToughLetter HTTP/1.1" 200 16216 "-" "Mozilla/5.0 (compatible; SemrushBot/7~bl; +http://www.semrush.com/bot.html)"
216.244.66.203 - - [28/Jul/2022:00:11:04 +0200] "GET /robots.txt HTTP/1.1" 404 1181 "-" "Mozilla/5.0 (compatible; DotBot/1.2; +https://opensiteexplorer.org/dotbot; help@moz.com)"
54.36.148.208 - - [28/Jul/2022:00:16:22 +0200] "GET /robots.txt HTTP/1.1" 404 1181 "-" "Mozilla/5.0 (compatible; AhrefsBot/7.0; +http://ahrefs.com/robot/)"
216.244.66.203 - - [28/Jul/2022:00:29:49 +0200] "GET /pmwiki/pmwiki.php/Main/Tud%E1smonop%F3lium?action=upload&upname=wiki.png HTTP/1.1" 200 12462 "-" "Mozilla/5.0 (compatible; DotBot/1.2; +https://opensiteexplorer.org/dotbot; help@moz.com)"
216.244.66.203 - - [28/Jul/2022:00:30:47 +0200] "GET /pmwiki/pmwiki.php/PmWiki/Links?action=print HTTP/1.1" 200 8308 "-" "Mozilla/5.0 (compatible; DotBot/1.2; +https://opensiteexplorer.org/dotbot; help@moz.com)"
216.244.66.203 - - [28/Jul/2022:00:32:20 +0200] "GET /pmwiki/pmwiki.php/PmWiki/MailingLists?action=print HTTP/1.1" 200 4543 "-" "Mozilla/5.0 (compatible; DotBot/1.2; +https://opensiteexplorer.org/dotbot; help@moz.com)"
216.244.66.203 - - [28/Jul/2022:00:33:53 +0200] "GET /pmwiki/pmwiki.php/Main/Feb09PR?action=upload HTTP/1.1" 200 12266 "-" "Mozilla/5.0 (compatible; DotBot/1.2; +https://opensiteexplorer.org/dotbot; help@moz.com)"
216.244.66.203 - - [28/Jul/2022:00:34:58 +0200] "GET /pmwiki/pmwiki.php/PmWiki/Uploads?action=diff HTTP/1.1" 200 12821 "-" "Mozilla/5.0 (compatible; DotBot/1.2; +https://opensiteexplorer.org/dotbot; help@moz.com)"
216.244.66.203 - - [28/Jul/2022:00:36:14 +0200] "GET /pmwiki/pmwiki.php/PmWiki/GoodStyle?action=upload HTTP/1.1" 200 12332 "-" "Mozilla/5.0 (compatible; DotBot/1.2; +https://opensiteexplorer.org/dotbot; help@moz.com)"
216.244.66.203 - - [28/Jul/2022:00:36:16 +0200] "GET /pmwiki/pmwiki.php/PmWiki/WikiNature?action=upload HTTP/1.1" 200 12348 "-" "Mozilla/5.0 (compatible; DotBot/1.2; +https://opensiteexplorer.org/dotbot; help@moz.com)"
216.244.66.203 - - [28/Jul/2022:00:36:18 +0200] "GET /pmwiki/pmwiki.php/Profiles/IPRjavaslat?action=diff HTTP/1.1" 200 12927 "-" "Mozilla/5.0 (compatible; DotBot/1.2; +https://opensiteexplorer.org/dotbot; help@moz.com)"
216.244.66.203 - - [28/Jul/2022:00:36:45 +0200] "GET /pmwiki/pmwiki.php/Profiles/%C9n%CDrtamH%E1tPublik%E1lom?action=upload HTTP/1.1" 200 12650 "-" "Mozilla/5.0 (compatible; DotBot/1.2; +https://opensiteexplorer.org/dotbot; help@moz.com)"
216.244.66.203 - - [28/Jul/2022:00:36:47 +0200] "GET /pmwiki/pmwiki.php/Profiles/Mod?action=upload HTTP/1.1" 200 12266 "-" "Mozilla/5.0 (compatible; DotBot/1.2; +https://opensiteexplorer.org/dotbot; help@moz.com)"
216.244.66.203 - - [28/Jul/2022:00:36:49 +0200] "GET /pmwiki/pmwiki.php/Profiles/Restored?action=upload HTTP/1.1" 200 12346 "-" "Mozilla/5.0 (compatible; DotBot/1.2; +https://opensiteexplorer.org/dotbot; help@moz.com)"
212.237.51.151 - - [28/Jul/2022:00:39:19 +0200] "HEAD /pmwiki/pmwiki.php HTTP/1.1" 200 0 "-" "Alert_Alligator_webmonitoring_service_1.6.4_(alertalligator.com)"
65.108.78.33 - - [28/Jul/2022:00:40:43 +0200] "GET /robots.txt HTTP/1.1" 404 1181 "-" "Mozilla/5.0 (compatible; MJ12bot/v1.4.8; http://mj12bot.com/)"
65.108.78.33 - - [28/Jul/2022:00:40:44 +0200] "GET /pmwiki/pmwiki.php?action=edit HTTP/1.1" 403 30 "-" "Mozilla/5.0 (compatible; MJ12bot/v1.4.8; http://mj12bot.com/)"
185.191.171.41 - - [28/Jul/2022:00:56:27 +0200] "GET /pmwiki/pmwiki.php/Main/Patentpools HTTP/1.1" 200 20710 "-" "Mozilla/5.0 (compatible; SemrushBot/7~bl; +http://www.semrush.com/bot.html)"
17.121.113.228 - - [28/Jul/2022:01:13:48 +0200] "GET /robots.txt HTTP/1.1" 404 1181 "-" "Mozilla/5.0 (Macintosh; Intel Mac OS X 10_15_5) AppleWebKit/605.1.15 (KHTML, like Gecko) Version/13.1.1 Safari/605.1.15 (Applebot/0.1; +http://www.apple.com/go/applebot)"
17.121.113.228 - - [28/Jul/2022:01:13:48 +0200] "GET / HTTP/1.1" 302 5 "-" "Mozilla/5.0 (Macintosh; Intel Mac OS X 10_15_5) AppleWebKit/605.1.15 (KHTML, like Gecko) Version/13.1.1 Safari/605.1.15 (Applebot/0.1; +http://www.apple.com/go/applebot)"
17.121.113.228 - - [28/Jul/2022:01:13:49 +0200] "GET /pmwiki/pmwiki.php HTTP/1.1" 200 37269 "-" "Mozilla/5.0 (Macintosh; Intel Mac OS X 10_15_5) AppleWebKit/605.1.15 (KHTML, like Gecko) Version/13.1.1 Safari/605.1.15 (Applebot/0.1; +http://www.apple.com/go/applebot)"
154.6.18.38 - - [28/Jul/2022:01:18:22 +0200] "GET /pmwiki/pmwiki.php/Main/Linkek HTTP/1.0" 200 28847 "http://swpat.zpok.hu/pmwiki/pmwiki.php/Main/Linkek" "Mozilla/5.0 (Windows NT 6.2; Win64; x64) AppleWebKit/537.36 (KHTML, like Gecko) Chrome/90.0.4430.93 Safari/537.36"
54.36.148.124 - - [28/Jul/2022:01:19:34 +0200] "GET /pmwiki/pmwiki.php/Main/V%E9delmiP%E9nz?action=edit HTTP/1.1" 200 12502 "-" "Mozilla/5.0 (compatible; AhrefsBot/7.0; +http://ahrefs.com/robot/)"
216.244.66.203 - - [28/Jul/2022:01:25:42 +0200] "GET /robots.txt HTTP/1.1" 404 1181 "-" "Mozilla/5.0 (compatible; DotBot/1.2; +https://opensiteexplorer.org/dotbot; help@moz.com)"
156.146.63.159 - - [28/Jul/2022:01:30:39 +0200] "GET /pmwiki/pmwiki.php/Main/Linkek HTTP/1.1" 200 28889 "http://swpat.zpok.hu" "Mozilla/5.0 (Windows NT 10.0; Win64; x64) AppleWebKit/537.36 (KHTML, like Gecko) Chrome/62.0.3202.94 Safari/537.36"
216.244.66.203 - - [28/Jul/2022:01:37:37 +0200] "GET /pmwiki/pmwiki.php/Main/K%F6zlem%E9nye HTTP/1.1" 200 17975 "-" "Mozilla/5.0 (compatible; DotBot/1.2; +https://opensiteexplorer.org/dotbot; help@moz.com)"
216.244.66.203 - - [28/Jul/2022:01:37:44 +0200] "GET /pmwiki/pmwiki.php/Main/ThankYouPoland HTTP/1.1" 200 13952 "-" "Mozilla/5.0 (compatible; DotBot/1.2; +https://opensiteexplorer.org/dotbot; help@moz.com)"
49.12.13.109 - - [28/Jul/2022:01:38:28 +0200] "HEAD /pmwiki/pmwiki.php HTTP/1.1" 200 0 "-" "Alert_Alligator_webmonitoring_service_1.6.3_(alertalligator.com)"
216.244.66.203 - - [28/Jul/2022:01:39:39 +0200] "GET /pmwiki/pmwiki.php/Main/SideBar?action=diff HTTP/1.1" 200 278004 "-" "Mozilla/5.0 (compatible; DotBot/1.2; +https://opensiteexplorer.org/dotbot; help@moz.com)"
216.244.66.203 - - [28/Jul/2022:01:46:48 +0200] "GET /pmwiki/pmwiki.php/Main/Marc08essay?action=edit HTTP/1.1" 200 12446 "-" "Mozilla/5.0 (compatible; DotBot/1.2; +https://opensiteexplorer.org/dotbot; help@moz.com)"
216.244.66.203 - - [28/Jul/2022:01:47:29 +0200] "GET /pmwiki/pmwiki.php/Main/Sajt%F3anyag?action=upload&upname=wiki.png HTTP/1.1" 200 12355 "-" "Mozilla/5.0 (compatible; DotBot/1.2; +https://opensiteexplorer.org/dotbot; help@moz.com)"
216.244.66.203 - - [28/Jul/2022:01:49:16 +0200] "GET /pmwiki/pmwiki.php/Main/Befektet%E9sv%E9delem?action=edit HTTP/1.1" 200 12602 "-" "Mozilla/5.0 (compatible; DotBot/1.2; +https://opensiteexplorer.org/dotbot; help@moz.com)"
216.244.66.203 - - [28/Jul/2022:01:49:45 +0200] "GET /pmwiki/pmwiki.php/Main/SzoftverSzabadalmak?action=diff HTTP/1.1" 200 16505 "-" "Mozilla/5.0 (compatible; DotBot/1.2; +https://opensiteexplorer.org/dotbot; help@moz.com)"
216.244.66.203 - - [28/Jul/2022:01:50:33 +0200] "GET /pmwiki/pmwiki.php/Main/DRMMunkacsoport?action=upload&upname=wiki.png HTTP/1.1" 200 12406 "-" "Mozilla/5.0 (compatible; DotBot/1.2; +https://opensiteexplorer.org/dotbot; help@moz.com)"
216.244.66.203 - - [28/Jul/2022:01:51:42 +0200] "GET /pmwiki/pmwiki.php/Main/JuriEktbEloterjesztes?action=diff HTTP/1.1" 200 21877 "-" "Mozilla/5.0 (compatible; DotBot/1.2; +https://opensiteexplorer.org/dotbot; help@moz.com)"
216.244.66.203 - - [28/Jul/2022:01:53:35 +0200] "GET /pmwiki/pmwiki.php/Main/2003M%E1jusiNyilatkozat?action=diff HTTP/1.1" 200 16688 "-" "Mozilla/5.0 (compatible; DotBot/1.2; +https://opensiteexplorer.org/dotbot; help@moz.com)"
216.244.66.203 - - [28/Jul/2022:01:54:05 +0200] "GET /pmwiki/pmwiki.php/Main/Damokl%E9szKardjaLebegAMagyarSzoftveriparFelett?action=print HTTP/1.1" 200 6075 "-" "Mozilla/5.0 (compatible; DotBot/1.2; +https://opensiteexplorer.org/dotbot; help@moz.com)"
216.244.66.203 - - [28/Jul/2022:01:54:32 +0200] "GET /pmwiki/pmwiki.php/Main/Lev%E9lAParlamentInformaitikaiBizotts%E1gaEln%F6k%E9nek?action=diff HTTP/1.1" 200 15560 "-" "Mozilla/5.0 (compatible; DotBot/1.2; +https://opensiteexplorer.org/dotbot; help@moz.com)"
216.244.66.203 - - [28/Jul/2022:01:54:58 +0200] "GET /pmwiki/pmwiki.php/PmWiki/RefCount?action=edit HTTP/1.1" 200 12436 "-" "Mozilla/5.0 (compatible; DotBot/1.2; +https://opensiteexplorer.org/dotbot; help@moz.com)"
216.244.66.203 - - [28/Jul/2022:01:55:32 +0200] "GET /pmwiki/pmwiki.php/PmWiki/SimpleTables?action=upload HTTP/1.1" 200 12379 "-" "Mozilla/5.0 (compatible; DotBot/1.2; +https://opensiteexplorer.org/dotbot; help@moz.com)"
216.244.66.203 - - [28/Jul/2022:01:55:56 +0200] "GET /pmwiki/pmwiki.php/PmWiki/WikiSandbox?action=diff HTTP/1.1" 200 12892 "-" "Mozilla/5.0 (compatible; DotBot/1.2; +https://opensiteexplorer.org/dotbot; help@moz.com)"
216.244.66.203 - - [28/Jul/2022:01:57:36 +0200] "GET /pmwiki/pmwiki.php/Main/2003M%E1jusiNyilatkozathozKapcsol%F3d%F3Cikk?action=upload&upname=wiki.png HTTP/1.1" 200 12858 "-" "Mozilla/5.0 (compatible; DotBot/1.2; +https://opensiteexplorer.org/dotbot; help@moz.com)"
185.191.171.38 - - [28/Jul/2022:01:58:12 +0200] "GET /robots.txt HTTP/1.1" 404 1181 "-" "Mozilla/5.0 (compatible; SemrushBot/7~bl; +http://www.semrush.com/bot.html)"
216.244.66.203 - - [28/Jul/2022:01:58:13 +0200] "GET /pmwiki/pmwiki.php/Profiles/V6?action=upload&upname=wiki.png HTTP/1.1" 200 12266 "-" "Mozilla/5.0 (compatible; DotBot/1.2; +https://opensiteexplorer.org/dotbot; help@moz.com)"
185.191.171.16 - - [28/Jul/2022:01:58:13 +0200] "GET /pmwiki/pmwiki.php/Main/2003M%E1jusBr%FCsszeliT%FAra?action=upload HTTP/1.1" 200 12586 "-" "Mozilla/5.0 (compatible; SemrushBot/7~bl; +http://www.semrush.com/bot.html)"
185.191.171.17 - - [28/Jul/2022:02:11:20 +0200] "GET /pmwiki/pmwiki.php/Main/CenZored?action=print HTTP/1.1" 200 5573 "-" "Mozilla/5.0 (compatible; SemrushBot/7~bl; +http://www.semrush.com/bot.html)"
216.244.66.203 - - [28/Jul/2022:02:17:54 +0200] "GET /robots.txt HTTP/1.1" 404 1181 "-" "Mozilla/5.0 (compatible; DotBot/1.2; +https://opensiteexplorer.org/dotbot; help@moz.com)"
216.244.66.203 - - [28/Jul/2022:02:27:03 +0200] "GET /pmwiki/pmwiki.php/PmWiki/LayoutAdvanced?action=upload&upname=wiki.png HTTP/1.1" 200 12427 "-" "Mozilla/5.0 (compatible; DotBot/1.2; +https://opensiteexplorer.org/dotbot; help@moz.com)"
49.12.13.109 - - [28/Jul/2022:02:38:07 +0200] "HEAD /pmwiki/pmwiki.php HTTP/1.1" 200 0 "-" "Alert_Alligator_webmonitoring_service_1.6.3_(alertalligator.com)"
114.119.129.110 - - [28/Jul/2022:02:45:54 +0200] "GET /pmwiki/pmwiki.php/Main/2005M%E1jus?action=upload HTTP/1.1" 200 12322 "http://swpat.zpok.hu/pmwiki/pmwiki.php/Main/2005M%e1jus" "Mozilla/5.0 (Linux; Android 7.0;) AppleWebKit/537.36 (KHTML, like Gecko) Mobile Safari/537.36 (compatible; PetalBot;+https://webmaster.petalsearch.com/site/petalbot)"
185.191.171.9 - - [28/Jul/2022:03:06:57 +0200] "GET /robots.txt HTTP/1.1" 404 1181 "-" "Mozilla/5.0 (compatible; SemrushBot/7~bl; +http://www.semrush.com/bot.html)"
185.191.171.17 - - [28/Jul/2022:03:06:57 +0200] "GET /pmwiki/pmwiki.php/Main/Linkek?action=upload HTTP/1.1" 200 12250 "-" "Mozilla/5.0 (compatible; SemrushBot/7~bl; +http://www.semrush.com/bot.html)"
114.119.142.20 - - [28/Jul/2022:03:24:48 +0200] "GET /robots.txt HTTP/1.1" 404 1181 "-" "Mozilla/5.0 (compatible;PetalBot;+https://webmaster.petalsearch.com/site/petalbot)"
114.119.129.110 - - [28/Jul/2022:03:31:25 +0200] "GET /pmwiki/pmwiki.php/Main/HomePage?action=diff HTTP/1.1" 200 115393 "http://swpat.zpok.hu/" "Mozilla/5.0 (Linux; Android 7.0;) AppleWebKit/537.36 (KHTML, like Gecko) Mobile Safari/537.36 (compatible; PetalBot;+https://webmaster.petalsearch.com/site/petalbot)"
212.237.23.143 - - [28/Jul/2022:03:42:23 +0200] "HEAD /pmwiki/pmwiki.php HTTP/1.1" 200 0 "-" "Alert_Alligator_webmonitoring_service_1.6.4_(alertalligator.com)"
66.249.70.108 - - [28/Jul/2022:03:59:26 +0200] "GET /robots.txt HTTP/1.1" 404 1181 "-" "Mozilla/5.0 (compatible; Googlebot/2.1; +http://www.google.com/bot.html)"
66.249.70.108 - - [28/Jul/2022:03:59:26 +0200] "GET /pmwiki/pmwiki.php/PmWiki/FAQ HTTP/1.1" 200 23861 "-" "Mozilla/5.0 (Linux; Android 6.0.1; Nexus 5X Build/MMB29P) AppleWebKit/537.36 (KHTML, like Gecko) Chrome/103.0.5060.114 Mobile Safari/537.36 (compatible; Googlebot/2.1; +http://www.google.com/bot.html)"
66.249.70.108 - - [28/Jul/2022:03:59:27 +0200] "GET /pmwiki/pub/skins/gila/gila.css HTTP/1.1" 200 8887 "http://swpat.zpok.hu/pmwiki/pmwiki.php/PmWiki/FAQ" "Mozilla/5.0 (Linux; Android 6.0.1; Nexus 5X Build/MMB29P) AppleWebKit/537.36 (KHTML, like Gecko) Chrome/103.0.5060.114 Mobile Safari/537.36 (compatible; Googlebot/2.1; +http://www.google.com/bot.html)"
114.119.129.110 - - [28/Jul/2022:04:09:08 +0200] "GET /pmwiki/pmwiki.php/Main/Todo?action=diff HTTP/1.1" 200 15378 "http://swpat.zpok.hu/pmwiki/pmwiki.php/Main/Todo" "Mozilla/5.0 (Linux; Android 7.0;) AppleWebKit/537.36 (KHTML, like Gecko) Mobile Safari/537.36 (compatible; PetalBot;+https://webmaster.petalsearch.com/site/petalbot)"
185.191.171.43 - - [28/Jul/2022:04:14:13 +0200] "GET /robots.txt HTTP/1.1" 404 1181 "-" "Mozilla/5.0 (compatible; SemrushBot/7~bl; +http://www.semrush.com/bot.html)"
185.191.171.42 - - [28/Jul/2022:04:14:14 +0200] "GET /pmwiki/pmwiki.php/Main/Google HTTP/1.1" 200 25006 "-" "Mozilla/5.0 (compatible; SemrushBot/7~bl; +http://www.semrush.com/bot.html)"
114.119.129.110 - - [28/Jul/2022:04:14:27 +0200] "GET /pmwiki/pmwiki.php HTTP/1.1" 200 37269 "http://swpat.zpok.hu/pmwiki/pmwiki.php/Main/Gazdas%e1giOldal" "Mozilla/5.0 (Linux; Android 7.0;) AppleWebKit/537.36 (KHTML, like Gecko) Mobile Safari/537.36 (compatible; PetalBot;+https://webmaster.petalsearch.com/site/petalbot)"
185.191.171.39 - - [28/Jul/2022:04:26:11 +0200] "GET /pmwiki/pmwiki.php/Main/Lev%E9lAParlamentInformaitikaiBizotts%E1gaEln%F6k%E9nek?action=diff HTTP/1.1" 200 15560 "-" "Mozilla/5.0 (compatible; SemrushBot/7~bl; +http://www.semrush.com/bot.html)"
54.36.148.217 - - [28/Jul/2022:04:38:13 +0200] "GET /pmwiki/pmwiki.php/Main/V%E9delmiP%E9nz?action=upload HTTP/1.1" 200 12382 "-" "Mozilla/5.0 (compatible; AhrefsBot/7.0; +http://ahrefs.com/robot/)"
49.12.13.109 - - [28/Jul/2022:04:41:34 +0200] "HEAD /pmwiki/pmwiki.php HTTP/1.1" 200 0 "-" "Alert_Alligator_webmonitoring_service_1.6.3_(alertalligator.com)"
185.191.171.7 - - [28/Jul/2022:04:59:42 +0200] "GET /pmwiki/pmwiki.php/Main/2004Augusztus5?action=upload HTTP/1.1" 200 12374 "-" "Mozilla/5.0 (compatible; SemrushBot/7~bl; +http://www.semrush.com/bot.html)"
185.191.171.19 - - [28/Jul/2022:05:25:02 +0200] "GET /robots.txt HTTP/1.1" 404 1181 "-" "Mozilla/5.0 (compatible; SemrushBot/7~bl; +http://www.semrush.com/bot.html)"
185.191.171.16 - - [28/Jul/2022:05:25:03 +0200] "GET /pmwiki/pmwiki.php/Main/2004Augusztus5?action=edit HTTP/1.1" 200 12494 "-" "Mozilla/5.0 (compatible; SemrushBot/7~bl; +http://www.semrush.com/bot.html)"
157.90.209.78 - - [28/Jul/2022:05:33:00 +0200] "GET /robots.txt HTTP/1.1" 404 1181 "-" "Mozilla/5.0 (compatible; BLEXBot/1.0; +http://webmeup-crawler.com/)"
157.90.209.78 - - [28/Jul/2022:05:33:03 +0200] "GET /sitemap HTTP/1.1" 404 1181 "-" "Mozilla/5.0 (compatible; BLEXBot/1.0; +http://webmeup-crawler.com/)"
157.90.209.78 - - [28/Jul/2022:05:33:10 +0200] "GET /sitemap.txt HTTP/1.1" 404 1181 "-" "Mozilla/5.0 (compatible; BLEXBot/1.0; +http://webmeup-crawler.com/)"
212.237.23.143 - - [28/Jul/2022:05:39:38 +0200] "HEAD /pmwiki/pmwiki.php HTTP/1.1" 200 0 "-" "Alert_Alligator_webmonitoring_service_1.6.4_(alertalligator.com)"
185.191.171.5 - - [28/Jul/2022:05:43:01 +0200] "GET /pmwiki/pmwiki.php/Main/C%E9lok?action=upload HTTP/1.1" 200 12258 "-" "Mozilla/5.0 (compatible; SemrushBot/7~bl; +http://www.semrush.com/bot.html)"
185.191.171.9 - - [28/Jul/2022:06:18:44 +0200] "GET /pmwiki/pmwiki.php/Main/EztMondjukNekik?action=diff HTTP/1.1" 200 15515 "-" "Mozilla/5.0 (compatible; SemrushBot/7~bl; +http://www.semrush.com/bot.html)"
54.36.148.82 - - [28/Jul/2022:06:31:47 +0200] "GET /pmwiki/pmwiki.php/Main/HomePage?action=edit HTTP/1.1" 200 12401 "-" "Mozilla/5.0 (compatible; AhrefsBot/7.0; +http://ahrefs.com/robot/)"
212.237.53.115 - - [28/Jul/2022:06:37:17 +0200] "HEAD /pmwiki/pmwiki.php HTTP/1.1" 200 0 "-" "Alert_Alligator_webmonitoring_service_1.6.4_(alertalligator.com)"
54.36.149.15 - - [28/Jul/2022:07:27:24 +0200] "GET /pmwiki/pmwiki.php/Main/Doksik HTTP/1.1" 200 14123 "-" "Mozilla/5.0 (compatible; AhrefsBot/7.0; +http://ahrefs.com/robot/)"
212.237.53.115 - - [28/Jul/2022:07:36:59 +0200] "HEAD /pmwiki/pmwiki.php HTTP/1.1" 200 0 "-" "Alert_Alligator_webmonitoring_service_1.6.4_(alertalligator.com)"
185.191.171.3 - - [28/Jul/2022:07:51:42 +0200] "GET /robots.txt HTTP/1.1" 404 1181 "-" "Mozilla/5.0 (compatible; SemrushBot/7~bl; +http://www.semrush.com/bot.html)"
185.191.171.39 - - [28/Jul/2022:07:51:42 +0200] "GET /pmwiki/pmwiki.php/Main/C%E9lok?action=edit HTTP/1.1" 200 12378 "-" "Mozilla/5.0 (compatible; SemrushBot/7~bl; +http://www.semrush.com/bot.html)"
185.191.171.8 - - [28/Jul/2022:08:09:45 +0200] "GET /pmwiki/pmwiki.php/Main/2005M%E1rciusiNyilatkozat?action=print HTTP/1.1" 200 5284 "-" "Mozilla/5.0 (compatible; SemrushBot/7~bl; +http://www.semrush.com/bot.html)"
185.191.171.43 - - [28/Jul/2022:08:28:11 +0200] "GET /pmwiki/pmwiki.php/Main/Feb03PR?action=edit HTTP/1.1" 200 12386 "-" "Mozilla/5.0 (compatible; SemrushBot/7~bl; +http://www.semrush.com/bot.html)"
54.36.149.89 - - [28/Jul/2022:08:34:08 +0200] "GET /pmwiki/pmwiki.php/Main/DRMMunkacsoport?action=upload HTTP/1.1" 200 12390 "-" "Mozilla/5.0 (compatible; AhrefsBot/7.0; +http://ahrefs.com/robot/)"
212.237.23.143 - - [28/Jul/2022:08:35:18 +0200] "HEAD /pmwiki/pmwiki.php HTTP/1.1" 200 0 "-" "Alert_Alligator_webmonitoring_service_1.6.4_(alertalligator.com)"
185.191.171.42 - - [28/Jul/2022:08:39:37 +0200] "GET /pmwiki/pmwiki.php/PmWiki/Installation HTTP/1.1" 200 17595 "-" "Mozilla/5.0 (compatible; SemrushBot/7~bl; +http://www.semrush.com/bot.html)"
114.119.129.110 - - [28/Jul/2022:09:12:50 +0200] "GET /pmwiki/pmwiki.php/Main/HarcT%EDzITSzabadalomEllen?action=edit HTTP/1.1" 200 12682 "http://swpat.zpok.hu/pmwiki/pmwiki.php/Main/HarcT%edzITSzabadalomEllen" "Mozilla/5.0 (Linux; Android 7.0;) AppleWebKit/537.36 (KHTML, like Gecko) Mobile Safari/537.36 (compatible; PetalBot;+https://webmaster.petalsearch.com/site/petalbot)"
54.36.148.35 - - [28/Jul/2022:09:32:54 +0200] "GET /pmwiki/pmwiki.php/Main/HomePage?action=print HTTP/1.1" 200 27869 "-" "Mozilla/5.0 (compatible; AhrefsBot/7.0; +http://ahrefs.com/robot/)"
49.12.13.109 - - [28/Jul/2022:09:34:28 +0200] "HEAD /pmwiki/pmwiki.php HTTP/1.1" 200 0 "-" "Alert_Alligator_webmonitoring_service_1.6.3_(alertalligator.com)"
185.191.171.2 - - [28/Jul/2022:09:47:27 +0200] "GET /robots.txt HTTP/1.1" 404 1181 "-" "Mozilla/5.0 (compatible; SemrushBot/7~bl; +http://www.semrush.com/bot.html)"
185.191.171.5 - - [28/Jul/2022:09:47:28 +0200] "GET /pmwiki/pmwiki.php/Main/JuriEktbEloterjesztes?action=diff HTTP/1.1" 200 21877 "-" "Mozilla/5.0 (compatible; SemrushBot/7~bl; +http://www.semrush.com/bot.html)"
49.12.13.109 - - [28/Jul/2022:10:34:25 +0200] "HEAD /pmwiki/pmwiki.php HTTP/1.1" 200 0 "-" "Alert_Alligator_webmonitoring_service_1.6.3_(alertalligator.com)"
54.36.148.77 - - [28/Jul/2022:10:35:59 +0200] "GET /pmwiki/pmwiki.php/Main/MiADRM HTTP/1.1" 200 12869 "-" "Mozilla/5.0 (compatible; AhrefsBot/7.0; +http://ahrefs.com/robot/)"
185.191.171.20 - - [28/Jul/2022:10:48:41 +0200] "GET /robots.txt HTTP/1.1" 404 1181 "-" "Mozilla/5.0 (compatible; SemrushBot/7~bl; +http://www.semrush.com/bot.html)"
185.191.171.33 - - [28/Jul/2022:10:48:42 +0200] "GET /pmwiki/pmwiki.php/Main/NoSoftwarePatents?action=edit HTTP/1.1" 200 12546 "-" "Mozilla/5.0 (compatible; SemrushBot/7~bl; +http://www.semrush.com/bot.html)"
212.237.23.143 - - [28/Jul/2022:11:30:45 +0200] "HEAD /pmwiki/pmwiki.php HTTP/1.1" 200 0 "-" "Alert_Alligator_webmonitoring_service_1.6.4_(alertalligator.com)"
185.191.171.8 - - [28/Jul/2022:11:43:50 +0200] "GET /pmwiki/pmwiki.php/Main/Lev%E9lAParlamentInformaitikaiBizotts%E1gaEln%F6k%E9nek?action=edit HTTP/1.1" 200 13134 "-" "Mozilla/5.0 (compatible; SemrushBot/7~bl; +http://www.semrush.com/bot.html)"
212.237.53.115 - - [28/Jul/2022:12:25:35 +0200] "HEAD /pmwiki/pmwiki.php HTTP/1.1" 200 0 "-" "Alert_Alligator_webmonitoring_service_1.6.4_(alertalligator.com)"
185.191.171.12 - - [28/Jul/2022:12:26:37 +0200] "GET /robots.txt HTTP/1.1" 404 1181 "-" "Mozilla/5.0 (compatible; SemrushBot/7~bl; +http://www.semrush.com/bot.html)"
185.191.171.19 - - [28/Jul/2022:12:26:38 +0200] "GET /pmwiki/pmwiki.php/Main/AdelphiAlapokm%E1ny?action=upload HTTP/1.1" 200 12453 "-" "Mozilla/5.0 (compatible; SemrushBot/7~bl; +http://www.semrush.com/bot.html)"
51.222.253.13 - - [28/Jul/2022:12:43:52 +0200] "GET /robots.txt HTTP/1.1" 404 1181 "-" "Mozilla/5.0 (compatible; AhrefsBot/7.0; +http://ahrefs.com/robot/)"
54.36.149.31 - - [28/Jul/2022:12:43:55 +0200] "GET /pmwiki/pmwiki.php/Main/WikiSandbox HTTP/1.1" 200 12116 "-" "Mozilla/5.0 (compatible; AhrefsBot/7.0; +http://ahrefs.com/robot/)"
185.191.171.3 - - [28/Jul/2022:12:55:03 +0200] "GET /pmwiki/pmwiki.php/Main/AdelphiAlapokm%E1ny?action=diff HTTP/1.1" 200 17542 "-" "Mozilla/5.0 (compatible; SemrushBot/7~bl; +http://www.semrush.com/bot.html)"
49.12.13.109 - - [28/Jul/2022:13:25:04 +0200] "HEAD /pmwiki/pmwiki.php HTTP/1.1" 200 0 "-" "Alert_Alligator_webmonitoring_service_1.6.3_(alertalligator.com)"
17.121.115.61 - - [28/Jul/2022:13:34:57 +0200] "GET /pmwiki/pmwiki.php HTTP/1.1" 200 37269 "-" "Mozilla/5.0 (Macintosh; Intel Mac OS X 10_15_5) AppleWebKit/605.1.15 (KHTML, like Gecko) Version/13.1.1 Safari/605.1.15 (Applebot/0.1; +http://www.apple.com/go/applebot)"
185.191.171.14 - - [28/Jul/2022:13:48:55 +0200] "GET /robots.txt HTTP/1.1" 404 1181 "-" "Mozilla/5.0 (compatible; SemrushBot/7~bl; +http://www.semrush.com/bot.html)"
185.191.171.14 - - [28/Jul/2022:13:48:55 +0200] "GET /pmwiki/pmwiki.php/Main/HomePage?action=upload HTTP/1.1" 200 12281 "-" "Mozilla/5.0 (compatible; SemrushBot/7~bl; +http://www.semrush.com/bot.html)"
212.237.51.151 - - [28/Jul/2022:14:10:53 +0200] "HEAD /pmwiki/pmwiki.php HTTP/1.1" 200 0 "-" "Alert_Alligator_webmonitoring_service_1.6.4_(alertalligator.com)"
185.191.171.16 - - [28/Jul/2022:14:29:36 +0200] "GET /pmwiki/pmwiki.php/Main/2005M%E1rciusiNyilatkozat?action=edit HTTP/1.1" 200 12666 "-" "Mozilla/5.0 (compatible; SemrushBot/7~bl; +http://www.semrush.com/bot.html)"
185.191.171.15 - - [28/Jul/2022:14:31:47 +0200] "GET /pmwiki/pmwiki.php/Main/CenZored?action=upload HTTP/1.1" 200 12282 "-" "Mozilla/5.0 (compatible; SemrushBot/7~bl; +http://www.semrush.com/bot.html)"
212.237.51.151 - - [28/Jul/2022:15:01:29 +0200] "HEAD /pmwiki/pmwiki.php HTTP/1.1" 200 0 "-" "Alert_Alligator_webmonitoring_service_1.6.4_(alertalligator.com)"
185.191.171.12 - - [28/Jul/2022:15:18:20 +0200] "GET /robots.txt HTTP/1.1" 404 1181 "-" "Mozilla/5.0 (compatible; SemrushBot/7~bl; +http://www.semrush.com/bot.html)"
185.191.171.9 - - [28/Jul/2022:15:18:21 +0200] "GET /pmwiki/pmwiki.php/Main/ATan%E1cs%C9rdembenT%E1rgyalhatASzoftverszabadalmiDirekt%EDv%E1r%F3l?action=edit HTTP/1.1" 200 13334 "-" "Mozilla/5.0 (compatible; SemrushBot/7~bl; +http://www.semrush.com/bot.html)"
54.36.148.213 - - [28/Jul/2022:15:50:50 +0200] "GET /pmwiki/pmwiki.php/Main/ThankYouPoland HTTP/1.1" 200 13952 "-" "Mozilla/5.0 (compatible; AhrefsBot/7.0; +http://ahrefs.com/robot/)"
212.237.23.143 - - [28/Jul/2022:16:08:22 +0200] "HEAD /pmwiki/pmwiki.php HTTP/1.1" 200 0 "-" "Alert_Alligator_webmonitoring_service_1.6.4_(alertalligator.com)"
185.191.171.16 - - [28/Jul/2022:16:26:36 +0200] "GET /robots.txt HTTP/1.1" 404 1181 "-" "Mozilla/5.0 (compatible; SemrushBot/7~bl; +http://www.semrush.com/bot.html)"
185.191.171.7 - - [28/Jul/2022:16:26:37 +0200] "GET /pmwiki/pmwiki.php/Main/NoSoftwarePatents?action=print HTTP/1.1" 200 2450 "-" "Mozilla/5.0 (compatible; SemrushBot/7~bl; +http://www.semrush.com/bot.html)"
216.244.66.203 - - [28/Jul/2022:16:34:48 +0200] "GET /robots.txt HTTP/1.1" 404 1181 "-" "Mozilla/5.0 (compatible; DotBot/1.2; +https://opensiteexplorer.org/dotbot; help@moz.com)"
