217.113.194.105 - - [19/Oct/2022:11:29:27 +0200] "GET /pmwiki/pmwiki.php/Main/2005M%E1rciusiNyilatkozat?action=edit&restore=diff:1120083077:1120083077:&preview=y HTTP/1.1" 200 12712 "-" "Mozilla/5.0 (compatible; Barkrowler/0.9; +https://babbar.tech/crawler)"
217.113.194.93 - - [19/Oct/2022:11:29:42 +0200] "GET /pmwiki/pmwiki.php/Main/LehetsegesJavitasokEuropaban?action=edit&restore=diff:1110653802:1110568935:minor&preview=y HTTP/1.1" 200 12769 "-" "Mozilla/5.0 (compatible; Barkrowler/0.9; +https://babbar.tech/crawler)"
217.113.194.107 - - [19/Oct/2022:11:29:57 +0200] "GET /pmwiki/pmwiki.php/Main/Tud%E1smonop%F3lium?action=edit&restore=diff:1122369857:1122369808:minor&preview=y HTTP/1.1" 200 12617 "-" "Mozilla/5.0 (compatible; Barkrowler/0.9; +https://babbar.tech/crawler)"
217.113.194.105 - - [19/Oct/2022:11:30:13 +0200] "GET /pmwiki/pmwiki.php/Main/Tud%E1smonop%F3lium?action=edit&restore=diff:1122544015:1122371731:minor&preview=y HTTP/1.1" 200 12617 "-" "Mozilla/5.0 (compatible; Barkrowler/0.9; +https://babbar.tech/crawler)"
217.113.194.88 - - [19/Oct/2022:11:30:28 +0200] "GET /pmwiki/pmwiki.php/Main/Tud%E1smonop%F3lium?action=edit&restore=diff:1122561829:1122561803:minor&preview=y HTTP/1.1" 200 12617 "-" "Mozilla/5.0 (compatible; Barkrowler/0.9; +https://babbar.tech/crawler)"
217.113.194.90 - - [19/Oct/2022:11:30:43 +0200] "GET /pmwiki/pmwiki.php/Main/Tud%E1smonop%F3lium?action=edit&restore=diff:1122370066:1122369857:minor&preview=y HTTP/1.1" 200 12617 "-" "Mozilla/5.0 (compatible; Barkrowler/0.9; +https://babbar.tech/crawler)"
217.113.194.90 - - [19/Oct/2022:11:30:58 +0200] "GET /pmwiki/pmwiki.php/Main/Tud%E1smonop%F3lium?action=edit&restore=diff:1122370082:1122370066:minor&preview=y HTTP/1.1" 200 12617 "-" "Mozilla/5.0 (compatible; Barkrowler/0.9; +https://babbar.tech/crawler)"
217.113.194.70 - - [19/Oct/2022:11:31:13 +0200] "GET /pmwiki/pmwiki.php/Main/Tud%E1smonop%F3lium?action=edit&restore=diff:1122371731:1122370082:minor&preview=y HTTP/1.1" 200 12617 "-" "Mozilla/5.0 (compatible; Barkrowler/0.9; +https://babbar.tech/crawler)"
217.113.194.105 - - [19/Oct/2022:11:31:29 +0200] "GET /pmwiki/pmwiki.php/Main/Damokl%E9szKardjaLebegAMagyarSzoftveriparFelett?action=diff&source=n&minor=y HTTP/1.1" 200 17434 "-" "Mozilla/5.0 (compatible; Barkrowler/0.9; +https://babbar.tech/crawler)"
217.113.194.114 - - [19/Oct/2022:11:31:44 +0200] "GET /pmwiki/pmwiki.php/Main/Damokl%E9szKardjaLebegAMagyarSzoftveriparFelett?action=diff&source=y&minor=y HTTP/1.1" 200 17634 "-" "Mozilla/5.0 (compatible; Barkrowler/0.9; +https://babbar.tech/crawler)"
217.113.194.104 - - [19/Oct/2022:11:31:59 +0200] "GET /pmwiki/pmwiki.php/Main/Damokl%E9szKardjaLebegAMagyarSzoftveriparFelett?action=diff&source=y&minor=n HTTP/1.1" 200 17634 "-" "Mozilla/5.0 (compatible; Barkrowler/0.9; +https://babbar.tech/crawler)"
217.113.194.93 - - [19/Oct/2022:11:32:14 +0200] "GET /pmwiki/pmwiki.php/Main/2004Febru%E1riK%F6sz%F6netLengyelorsz%E1gnak?action=upload&upname=wiki.png HTTP/1.1" 200 12854 "-" "Mozilla/5.0 (compatible; Barkrowler/0.9; +https://babbar.tech/crawler)"
217.113.194.91 - - [19/Oct/2022:11:32:30 +0200] "GET /pmwiki/pmwiki.php/Main/GatesMegzsaroltaD%E1ni%E1t?action=edit&restore=diff:1108662048:1108662048:&preview=y HTTP/1.1" 200 12728 "-" "Mozilla/5.0 (compatible; Barkrowler/0.9; +https://babbar.tech/crawler)"
217.113.194.107 - - [19/Oct/2022:11:32:45 +0200] "GET /pmwiki/pmwiki.php/Main/GatesMegzsaroltaD%E1ni%E1t?action=edit&restore=diff:1108662072:1108662048:&preview=y HTTP/1.1" 200 12728 "-" "Mozilla/5.0 (compatible; Barkrowler/0.9; +https://babbar.tech/crawler)"
217.113.194.100 - - [19/Oct/2022:11:33:00 +0200] "GET /pmwiki/pmwiki.php/Main/2004Febru%E1riK%F6sz%F6netLengyelorsz%E1gnak?action=diff&source=n&minor=y HTTP/1.1" 200 17729 "-" "Mozilla/5.0 (compatible; Barkrowler/0.9; +https://babbar.tech/crawler)"
217.113.194.85 - - [19/Oct/2022:11:33:15 +0200] "GET /pmwiki/pmwiki.php/Main/2004Febru%E1riK%F6sz%F6netLengyelorsz%E1gnak?action=diff&source=y&minor=y HTTP/1.1" 200 18031 "-" "Mozilla/5.0 (compatible; Barkrowler/0.9; +https://babbar.tech/crawler)"
217.113.194.97 - - [19/Oct/2022:11:33:30 +0200] "GET /pmwiki/pmwiki.php/Main/2004Febru%E1riK%F6sz%F6netLengyelorsz%E1gnak?action=diff&source=y&minor=n HTTP/1.1" 200 18031 "-" "Mozilla/5.0 (compatible; Barkrowler/0.9; +https://babbar.tech/crawler)"
217.113.194.86 - - [19/Oct/2022:11:33:46 +0200] "GET /pmwiki/pmwiki.php/Main/AJelenlegiSzerzoiJogiTorveny?action=edit&restore=diff:1110551123:1110550548:&preview=y HTTP/1.1" 200 12764 "-" "Mozilla/5.0 (compatible; Barkrowler/0.9; +https://babbar.tech/crawler)"
217.113.194.113 - - [19/Oct/2022:11:34:01 +0200] "GET /pmwiki/pmwiki.php/Main/AJelenlegiSzerzoiJogiTorveny?action=edit&restore=diff:1110742799:1110742769:&preview=y HTTP/1.1" 200 12764 "-" "Mozilla/5.0 (compatible; Barkrowler/0.9; +https://babbar.tech/crawler)"
217.113.194.97 - - [19/Oct/2022:11:34:16 +0200] "GET /pmwiki/pmwiki.php/Main/AJelenlegiSzerzoiJogiTorveny?action=edit&restore=diff:1110742769:1110740212:&preview=y HTTP/1.1" 200 12764 "-" "Mozilla/5.0 (compatible; Barkrowler/0.9; +https://babbar.tech/crawler)"
217.113.194.118 - - [19/Oct/2022:11:34:31 +0200] "GET /pmwiki/pmwiki.php/Main/AJelenlegiSzerzoiJogiTorveny?action=edit&restore=diff:1118763494:1118763379:&preview=y HTTP/1.1" 200 12764 "-" "Mozilla/5.0 (compatible; Barkrowler/0.9; +https://babbar.tech/crawler)"
217.113.194.98 - - [19/Oct/2022:11:34:47 +0200] "GET /pmwiki/pmwiki.php/Main/AJelenlegiSzerzoiJogiTorveny?action=edit&restore=diff:1110568877:1110551123:&preview=y HTTP/1.1" 200 12764 "-" "Mozilla/5.0 (compatible; Barkrowler/0.9; +https://babbar.tech/crawler)"
217.113.194.126 - - [19/Oct/2022:11:35:02 +0200] "GET /pmwiki/pmwiki.php/Main/2003M%E1jusBr%FCsszeliT%FAra?action=edit&restore=diff:1120087378:1120087378:&preview=y HTTP/1.1" 200 12752 "-" "Mozilla/5.0 (compatible; Barkrowler/0.9; +https://babbar.tech/crawler)"
217.113.194.75 - - [19/Oct/2022:11:35:17 +0200] "GET /pmwiki/pmwiki.php/Main/2003M%E1jusiNyilatkozathozKapcsol%F3d%F3Cikk?action=diff&source=n&minor=y HTTP/1.1" 200 16507 "-" "Mozilla/5.0 (compatible; Barkrowler/0.9; +https://babbar.tech/crawler)"
217.113.194.120 - - [19/Oct/2022:11:35:32 +0200] "GET /pmwiki/pmwiki.php/Main/2003M%E1jusiNyilatkozathozKapcsol%F3d%F3Cikk?action=diff&source=n&minor=n HTTP/1.1" 200 16507 "-" "Mozilla/5.0 (compatible; Barkrowler/0.9; +https://babbar.tech/crawler)"
217.113.194.75 - - [19/Oct/2022:11:35:47 +0200] "GET /pmwiki/pmwiki.php/Main/BillGates%C9sM%E1sKommunist%E1k?action=edit&restore=diff:1108661610:1108661610:&preview=y HTTP/1.1" 200 12804 "-" "Mozilla/5.0 (compatible; Barkrowler/0.9; +https://babbar.tech/crawler)"
217.113.194.76 - - [19/Oct/2022:11:36:03 +0200] "GET /pmwiki/pmwiki.php/Main/2003M%E1jusiNyilatkozathozKapcsol%F3d%F3Cikk?action=diff&source=y&minor=y HTTP/1.1" 200 16628 "-" "Mozilla/5.0 (compatible; Barkrowler/0.9; +https://babbar.tech/crawler)"
217.113.194.117 - - [19/Oct/2022:11:36:18 +0200] "GET /pmwiki/pmwiki.php/Main/2005J%FAniusEKTBBesz%E1mol%F3?action=edit&restore=diff:1120085405:1120085405:&preview=y HTTP/1.1" 200 12768 "-" "Mozilla/5.0 (compatible; Barkrowler/0.9; +https://babbar.tech/crawler)"
217.113.194.102 - - [19/Oct/2022:11:36:33 +0200] "GET /pmwiki/pmwiki.php/Main/ABundestagT%E1mogatjaAzEur%F3paiParlamentet?action=edit&restore=diff:1108754965:1108754711:&preview=y HTTP/1.1" 200 13000 "-" "Mozilla/5.0 (compatible; Barkrowler/0.9; +https://babbar.tech/crawler)"
217.113.194.115 - - [19/Oct/2022:11:36:49 +0200] "GET /pmwiki/pmwiki.php/Main/ABundestagT%E1mogatjaAzEur%F3paiParlamentet?action=edit&restore=diff:1108755047:1108754965:&preview=y HTTP/1.1" 200 13000 "-" "Mozilla/5.0 (compatible; Barkrowler/0.9; +https://babbar.tech/crawler)"
217.113.194.82 - - [19/Oct/2022:11:37:05 +0200] "GET /pmwiki/pmwiki.php/Main/ABundestagT%E1mogatjaAzEur%F3paiParlamentet?action=edit&restore=diff:1108754711:1108754711:&preview=y HTTP/1.1" 200 13000 "-" "Mozilla/5.0 (compatible; Barkrowler/0.9; +https://babbar.tech/crawler)"
217.113.194.96 - - [19/Oct/2022:11:37:20 +0200] "GET /pmwiki/pmwiki.php/Main/Damokl%E9szKardjaLebegAMagyarSzoftveriparFelett?action=edit&restore=diff:1120085211:1120085211:&preview=y HTTP/1.1" 200 13064 "-" "Mozilla/5.0 (compatible; Barkrowler/0.9; +https://babbar.tech/crawler)"
217.113.194.69 - - [19/Oct/2022:11:37:35 +0200] "GET /pmwiki/pmwiki.php/Main/2004Febru%E1riK%F6sz%F6netLengyelorsz%E1gnak?action=edit&restore=diff:1120085115:1120084507:&preview=y HTTP/1.1" 200 13004 "-" "Mozilla/5.0 (compatible; Barkrowler/0.9; +https://babbar.tech/crawler)"
217.113.194.105 - - [19/Oct/2022:11:37:50 +0200] "GET /pmwiki/pmwiki.php/Main/2004Febru%E1riK%F6sz%F6netLengyelorsz%E1gnak?action=edit&restore=diff:1120084507:1120084507:&preview=y HTTP/1.1" 200 13004 "-" "Mozilla/5.0 (compatible; Barkrowler/0.9; +https://babbar.tech/crawler)"
217.113.194.94 - - [19/Oct/2022:11:38:05 +0200] "GET /pmwiki/pmwiki.php/Main/2003M%E1jusiNyilatkozathozKapcsol%F3d%F3Cikk?action=edit&restore=diff:1120082972:1120082972:&preview=y HTTP/1.1" 200 13008 "-" "Mozilla/5.0 (compatible; Barkrowler/0.9; +https://babbar.tech/crawler)"
217.113.194.120 - - [19/Oct/2022:11:38:21 +0200] "GET /pmwiki/pmwiki.php/Main/AzEur%F3paiParlament%DAjraind%EDt%E1stK%F6vetelAzEln%F6kiKonferenciaElfogadtaAzInd%EDtv%E1nyt?action=diff HTTP/1.1" 200 18112 "-" "Mozilla/5.0 (compatible; Barkrowler/0.9; +https://babbar.tech/crawler)"
217.113.194.98 - - [19/Oct/2022:11:38:36 +0200] "GET /pmwiki/pmwiki.php/Main/AzEur%F3paiParlament%DAjraind%EDt%E1stK%F6vetelAzEln%F6kiKonferenciaElfogadtaAzInd%EDtv%E1nyt?action=diff&source=n&minor=n HTTP/1.1" 200 18112 "-" "Mozilla/5.0 (compatible; Barkrowler/0.9; +https://babbar.tech/crawler)"
217.113.194.111 - - [19/Oct/2022:11:38:51 +0200] "GET /pmwiki/pmwiki.php/Main/AzEur%F3paiParlament%DAjraind%EDt%E1stK%F6vetelAzEln%F6kiKonferenciaElfogadtaAzInd%EDtv%E1nyt?action=diff&source=y&minor=y HTTP/1.1" 200 18145 "-" "Mozilla/5.0 (compatible; Barkrowler/0.9; +https://babbar.tech/crawler)"
212.237.53.115 - - [19/Oct/2022:12:15:19 +0200] "HEAD /pmwiki/pmwiki.php HTTP/1.1" 200 0 "-" "Alert_Alligator_webmonitoring_service_1.6.4_(alertalligator.com)"
49.12.13.109 - - [19/Oct/2022:13:14:29 +0200] "HEAD /pmwiki/pmwiki.php HTTP/1.1" 200 0 "-" "Alert_Alligator_webmonitoring_service_1.6.3_(alertalligator.com)"
54.36.148.141 - - [19/Oct/2022:14:06:58 +0200] "GET /pmwiki/pmwiki.php/Main/2003M%E1jusiNyilatkozat?action=edit HTTP/1.1" 200 12634 "-" "Mozilla/5.0 (compatible; AhrefsBot/7.0; +http://ahrefs.com/robot/)"
49.12.13.109 - - [19/Oct/2022:14:13:34 +0200] "HEAD /pmwiki/pmwiki.php HTTP/1.1" 200 0 "-" "Alert_Alligator_webmonitoring_service_1.6.3_(alertalligator.com)"
212.237.51.151 - - [19/Oct/2022:15:01:06 +0200] "HEAD /pmwiki/pmwiki.php HTTP/1.1" 200 0 "-" "Alert_Alligator_webmonitoring_service_1.6.4_(alertalligator.com)"
114.119.128.6 - - [19/Oct/2022:15:49:20 +0200] "GET /pmwiki/pmwiki.php/Main/ABundestagT%E1mogatjaAzEur%F3paiParlamentet?action=diff HTTP/1.1" 200 20974 "http://swpat.zpok.hu/pmwiki/pmwiki.php/Main/ABundestagT%e1mogatjaAzEur%f3paiParlamentet" "Mozilla/5.0 (Linux; Android 7.0;) AppleWebKit/537.36 (KHTML, like Gecko) Mobile Safari/537.36 (compatible; PetalBot;+https://webmaster.petalsearch.com/site/petalbot)"
212.237.51.151 - - [19/Oct/2022:15:49:26 +0200] "HEAD /pmwiki/pmwiki.php HTTP/1.1" 200 0 "-" "Alert_Alligator_webmonitoring_service_1.6.4_(alertalligator.com)"
54.36.148.245 - - [19/Oct/2022:16:33:19 +0200] "GET /pmwiki/pmwiki.php/Main/2005M%E1rcius8?action=upload HTTP/1.1" 200 12370 "-" "Mozilla/5.0 (compatible; AhrefsBot/7.0; +http://ahrefs.com/robot/)"
49.12.13.109 - - [19/Oct/2022:16:48:43 +0200] "HEAD /pmwiki/pmwiki.php HTTP/1.1" 200 0 "-" "Alert_Alligator_webmonitoring_service_1.6.3_(alertalligator.com)"
154.6.18.54 - - [19/Oct/2022:16:52:02 +0200] "GET /pmwiki/pmwiki.php/Main/Linkek HTTP/1.0" 200 28847 "http://swpat.zpok.hu/pmwiki/pmwiki.php/Main/Linkek" "Mozilla/5.0 (Windows NT 6.1; Win64; x64) AppleWebKit/537.36 (KHTML, like Gecko) Chrome/90.0.4430.93 Safari/537.36"
114.119.129.107 - - [19/Oct/2022:17:04:17 +0200] "GET /pmwiki/pmwiki.php/Main/Doksik?action=upload HTTP/1.1" 200 12246 "http://swpat.zpok.hu/pmwiki/pmwiki.php/Main/Doksik" "Mozilla/5.0 (Linux; Android 7.0;) AppleWebKit/537.36 (KHTML, like Gecko) Mobile Safari/537.36 (compatible; PetalBot;+https://webmaster.petalsearch.com/site/petalbot)"
54.36.149.54 - - [19/Oct/2022:17:26:16 +0200] "GET /pmwiki/pmwiki.php/Main/Tud%E1smonop%F3lium?action=print HTTP/1.1" 200 7085 "-" "Mozilla/5.0 (compatible; AhrefsBot/7.0; +http://ahrefs.com/robot/)"
49.12.13.109 - - [19/Oct/2022:17:47:52 +0200] "HEAD /pmwiki/pmwiki.php HTTP/1.1" 200 0 "-" "Alert_Alligator_webmonitoring_service_1.6.3_(alertalligator.com)"
54.36.148.80 - - [19/Oct/2022:17:56:18 +0200] "GET /pmwiki/pmwiki.php/Main/Tud%E1smonop%F3lium?action=diff HTTP/1.1" 200 29474 "-" "Mozilla/5.0 (compatible; AhrefsBot/7.0; +http://ahrefs.com/robot/)"
114.119.129.107 - - [19/Oct/2022:18:10:50 +0200] "GET /pmwiki/pmwiki.php/Main/Cutts?action=edit HTTP/1.1" 200 12352 "http://swpat.zpok.hu/pmwiki/pmwiki.php/Main/Cutts" "Mozilla/5.0 (Linux; Android 7.0;) AppleWebKit/537.36 (KHTML, like Gecko) Mobile Safari/537.36 (compatible; PetalBot;+https://webmaster.petalsearch.com/site/petalbot)"
54.36.148.206 - - [19/Oct/2022:18:30:20 +0200] "GET /pmwiki/pmwiki.php/Main/Tud%E1smonop%F3lium?action=upload HTTP/1.1" 200 12446 "-" "Mozilla/5.0 (compatible; AhrefsBot/7.0; +http://ahrefs.com/robot/)"
20.25.142.53 - - [19/Oct/2022:18:40:40 +0200] "GET /wp-content/themes/seotheme/db.php?u HTTP/1.1" 404 1181 "www.google.com" "Mozlila/5.0 (Linux; Android 7.0; SM-G892A Bulid/NRD90M; wv) AppleWebKit/537.36 (KHTML, like Gecko) Version/4.0 Chrome/60.0.3112.107 Moblie Safari/537.36"
49.12.13.109 - - [19/Oct/2022:18:46:53 +0200] "HEAD /pmwiki/pmwiki.php HTTP/1.1" 200 0 "-" "Alert_Alligator_webmonitoring_service_1.6.3_(alertalligator.com)"
54.36.149.10 - - [19/Oct/2022:19:02:01 +0200] "GET /pmwiki/pmwiki.php/Main/AzIPRJavaslat HTTP/1.1" 200 14797 "-" "Mozilla/5.0 (compatible; AhrefsBot/7.0; +http://ahrefs.com/robot/)"
54.36.148.144 - - [19/Oct/2022:19:35:40 +0200] "GET /pmwiki/pmwiki.php/Main/Tud%E1smonop%F3lium?action=edit HTTP/1.1" 200 12566 "-" "Mozilla/5.0 (compatible; AhrefsBot/7.0; +http://ahrefs.com/robot/)"
212.237.51.151 - - [19/Oct/2022:19:37:06 +0200] "HEAD /pmwiki/pmwiki.php HTTP/1.1" 200 0 "-" "Alert_Alligator_webmonitoring_service_1.6.4_(alertalligator.com)"
114.119.128.108 - - [19/Oct/2022:19:53:30 +0200] "GET /robots.txt HTTP/1.1" 404 1181 "-" "Mozilla/5.0 (compatible;PetalBot;+https://webmaster.petalsearch.com/site/petalbot)"
54.36.148.222 - - [19/Oct/2022:20:04:28 +0200] "GET /pmwiki/pmwiki.php/Main/MiADRM?action=print HTTP/1.1" 200 3337 "-" "Mozilla/5.0 (compatible; AhrefsBot/7.0; +http://ahrefs.com/robot/)"
212.237.51.151 - - [19/Oct/2022:20:27:58 +0200] "HEAD /pmwiki/pmwiki.php HTTP/1.1" 200 0 "-" "Alert_Alligator_webmonitoring_service_1.6.4_(alertalligator.com)"
54.36.149.26 - - [19/Oct/2022:20:57:31 +0200] "GET /pmwiki/pmwiki.php/Main/Cutts HTTP/1.1" 200 31570 "-" "Mozilla/5.0 (compatible; AhrefsBot/7.0; +http://ahrefs.com/robot/)"
212.237.51.151 - - [19/Oct/2022:21:18:22 +0200] "HEAD /pmwiki/pmwiki.php HTTP/1.1" 200 0 "-" "Alert_Alligator_webmonitoring_service_1.6.4_(alertalligator.com)"
93.158.161.60 - - [19/Oct/2022:21:27:34 +0200] "GET /robots.txt HTTP/1.1" 404 1181 "-" "Mozilla/5.0 (compatible; YandexBot/3.0; +http://yandex.com/bots)"
93.158.161.60 - - [19/Oct/2022:21:27:39 +0200] "GET /pmwiki/pmwiki.php/PmWiki/ReleaseNotes HTTP/1.1" 200 29978 "-" "Mozilla/5.0 (compatible; YandexBot/3.0; +http://yandex.com/bots)"
64.124.8.46 - - [19/Oct/2022:22:07:10 +0200] "GET /robots.txt HTTP/1.1" 404 1181 "-" "Mozilla/5.0 (X11; Linux x86_64) AppleWebKit/537.36 (KHTML, like Gecko) Chrome/61.0.3163.79 Safari/537.36"
64.124.8.46 - - [19/Oct/2022:22:07:11 +0200] "GET /pmwiki/pmwiki.php/PmWiki/ChangeLog HTTP/1.1" 200 44191 "-" "Mozilla/5.0 (X11; Linux x86_64) AppleWebKit/537.36 (KHTML, like Gecko) Chrome/61.0.3163.79 Safari/537.36"
54.36.148.185 - - [19/Oct/2022:22:08:33 +0200] "GET /pmwiki/pmwiki.php/Main/2005M%E1rcius8?action=edit HTTP/1.1" 200 12490 "-" "Mozilla/5.0 (compatible; AhrefsBot/7.0; +http://ahrefs.com/robot/)"
212.237.53.115 - - [19/Oct/2022:22:18:09 +0200] "HEAD /pmwiki/pmwiki.php HTTP/1.1" 200 0 "-" "Alert_Alligator_webmonitoring_service_1.6.4_(alertalligator.com)"
40.77.167.100 - - [19/Oct/2022:22:22:07 +0200] "GET /robots.txt HTTP/1.1" 404 1181 "-" "Mozilla/5.0 (compatible; bingbot/2.0; +http://www.bing.com/bingbot.htm)"
40.77.167.45 - - [19/Oct/2022:22:22:18 +0200] "GET /pmwiki/pmwiki.php/Main/CikkekDRM HTTP/1.1" 200 18047 "-" "Mozilla/5.0 AppleWebKit/537.36 (KHTML, like Gecko; compatible; bingbot/2.0; +http://www.bing.com/bingbot.htm) Chrome/103.0.5060.134 Safari/537.36"
49.12.13.109 - - [19/Oct/2022:23:17:14 +0200] "HEAD /pmwiki/pmwiki.php HTTP/1.1" 200 0 "-" "Alert_Alligator_webmonitoring_service_1.6.3_(alertalligator.com)"
216.244.66.203 - - [20/Oct/2022:00:04:01 +0200] "GET /robots.txt HTTP/1.1" 404 1181 "-" "Mozilla/5.0 (compatible; DotBot/1.2; +https://opensiteexplorer.org/dotbot; help@moz.com)"
212.237.53.115 - - [20/Oct/2022:00:16:49 +0200] "HEAD /pmwiki/pmwiki.php HTTP/1.1" 200 0 "-" "Alert_Alligator_webmonitoring_service_1.6.4_(alertalligator.com)"
216.244.66.203 - - [20/Oct/2022:00:24:14 +0200] "GET /pmwiki/pmwiki.php/Main/Minimum?action=edit&restore=diff:1120337421:1120336117:minor&preview=y HTTP/1.1" 200 12433 "-" "Mozilla/5.0 (compatible; DotBot/1.2; +https://opensiteexplorer.org/dotbot; help@moz.com)"
64.124.8.39 - - [20/Oct/2022:00:42:40 +0200] "GET /robots.txt HTTP/1.1" 404 1181 "-" "Mozilla/5.0 (X11; Linux x86_64) AppleWebKit/537.36 (KHTML, like Gecko) Chrome/61.0.3163.79 Safari/537.36"
64.124.8.39 - - [20/Oct/2022:00:42:41 +0200] "GET /pmwiki/pmwiki.php/PmWiki/ChangeLog HTTP/1.1" 200 44191 "-" "Mozilla/5.0 (X11; Linux x86_64) AppleWebKit/537.36 (KHTML, like Gecko) Chrome/61.0.3163.79 Safari/537.36"
122.51.174.227 - - [20/Oct/2022:00:43:47 +0200] "GET /xmlrpc.php HTTP/1.1" 404 1181 "-" "Mozilla/5.0 (Windows NT 6.1; WOW64; rv:45.0) Gecko/20100101 Firefox/45.0"
49.12.13.109 - - [20/Oct/2022:01:15:55 +0200] "HEAD /pmwiki/pmwiki.php HTTP/1.1" 200 0 "-" "Alert_Alligator_webmonitoring_service_1.6.3_(alertalligator.com)"
212.237.51.151 - - [20/Oct/2022:02:05:54 +0200] "HEAD /pmwiki/pmwiki.php HTTP/1.1" 200 0 "-" "Alert_Alligator_webmonitoring_service_1.6.4_(alertalligator.com)"
51.222.253.17 - - [20/Oct/2022:02:42:56 +0200] "GET /robots.txt HTTP/1.1" 404 1181 "-" "Mozilla/5.0 (compatible; AhrefsBot/7.0; +http://ahrefs.com/robot/)"
54.36.148.254 - - [20/Oct/2022:02:42:57 +0200] "GET /pmwiki/pmwiki.php/Main/2005M%E1rcius8?action=print HTTP/1.1" 200 20416 "-" "Mozilla/5.0 (compatible; AhrefsBot/7.0; +http://ahrefs.com/robot/)"
212.237.23.143 - - [20/Oct/2022:03:08:22 +0200] "HEAD /pmwiki/pmwiki.php HTTP/1.1" 200 0 "-" "Alert_Alligator_webmonitoring_service_1.6.4_(alertalligator.com)"
114.119.128.67 - - [20/Oct/2022:03:26:26 +0200] "GET /pmwiki/pmwiki.php/Main/Feb09PR?action=diff HTTP/1.1" 200 17891 "http://swpat.zpok.hu/pmwiki/pmwiki.php/Main/Feb09PR" "Mozilla/5.0 (Linux; Android 7.0;) AppleWebKit/537.36 (KHTML, like Gecko) Mobile Safari/537.36 (compatible; PetalBot;+https://webmaster.petalsearch.com/site/petalbot)"
114.119.129.107 - - [20/Oct/2022:03:34:33 +0200] "GET /pmwiki/pmwiki.php/Main/GatesMegzsaroltaD%E1ni%E1t?action=edit HTTP/1.1" 200 12682 "http://swpat.zpok.hu/pmwiki/pmwiki.php/Main/GatesMegzsaroltaD%e1ni%e1t" "Mozilla/5.0 (Linux; Android 7.0;) AppleWebKit/537.36 (KHTML, like Gecko) Mobile Safari/537.36 (compatible; PetalBot;+https://webmaster.petalsearch.com/site/petalbot)"
114.119.129.110 - - [20/Oct/2022:03:36:01 +0200] "GET /pmwiki/pmwiki.php/PmWiki/TextFormattingRules?action=edit HTTP/1.1" 200 12611 "-" "Mozilla/5.0 (Linux; Android 7.0;) AppleWebKit/537.36 (KHTML, like Gecko) Mobile Safari/537.36 (compatible; PetalBot;+https://webmaster.petalsearch.com/site/petalbot)"
114.119.128.6 - - [20/Oct/2022:03:37:31 +0200] "GET /pmwiki/pmwiki.php/Main/Nyilatkozatok?action=print HTTP/1.1" 200 6767 "http://swpat.zpok.hu/pmwiki/pmwiki.php/Main/Nyilatkozatok" "Mozilla/5.0 (Linux; Android 7.0;) AppleWebKit/537.36 (KHTML, like Gecko) Mobile Safari/537.36 (compatible; PetalBot;+https://webmaster.petalsearch.com/site/petalbot)"
54.36.148.12 - - [20/Oct/2022:03:44:10 +0200] "GET /pmwiki/pmwiki.php/Main/Marc06LMEPR HTTP/1.1" 200 14049 "-" "Mozilla/5.0 (compatible; AhrefsBot/7.0; +http://ahrefs.com/robot/)"
114.119.129.107 - - [20/Oct/2022:03:46:40 +0200] "GET /pmwiki/pmwiki.php/Main/Mintalevel0509?action=print HTTP/1.1" 200 6847 "http://swpat.zpok.hu/pmwiki/pmwiki.php?n=Main.Mintalevel0509" "Mozilla/5.0 (Linux; Android 7.0;) AppleWebKit/537.36 (KHTML, like Gecko) Mobile Safari/537.36 (compatible; PetalBot;+https://webmaster.petalsearch.com/site/petalbot)"
114.119.128.58 - - [20/Oct/2022:03:50:28 +0200] "GET /pmwiki/pmwiki.php/Main/DRM?action=edit&restore=diff:1110541855:1110481343:&preview=y HTTP/1.1" 200 12364 "-" "Mozilla/5.0 (Linux; Android 7.0;) AppleWebKit/537.36 (KHTML, like Gecko) Mobile Safari/537.36 (compatible; PetalBot;+https://webmaster.petalsearch.com/site/petalbot)"
212.237.51.151 - - [20/Oct/2022:03:56:13 +0200] "HEAD /pmwiki/pmwiki.php HTTP/1.1" 200 0 "-" "Alert_Alligator_webmonitoring_service_1.6.4_(alertalligator.com)"
114.119.128.6 - - [20/Oct/2022:04:05:49 +0200] "GET /pmwiki/pmwiki.php/Main/Marc06LMEPR?action=diff HTTP/1.1" 200 17638 "http://swpat.zpok.hu/pmwiki/pmwiki.php/Main/Marc06LMEPR" "Mozilla/5.0 (Linux; Android 7.0;) AppleWebKit/537.36 (KHTML, like Gecko) Mobile Safari/537.36 (compatible; PetalBot;+https://webmaster.petalsearch.com/site/petalbot)"
93.158.161.60 - - [20/Oct/2022:04:35:13 +0200] "GET /robots.txt HTTP/1.1" 404 1181 "-" "Mozilla/5.0 (compatible; YandexBot/3.0; +http://yandex.com/bots)"
93.158.161.60 - - [20/Oct/2022:04:35:17 +0200] "GET /pmwiki/pmwiki.php/Main/EztMondjukNekik?action=print HTTP/1.1" 200 4479 "-" "Mozilla/5.0 (compatible; YandexBot/3.0; +http://yandex.com/bots)"
49.12.13.109 - - [20/Oct/2022:04:55:36 +0200] "HEAD /pmwiki/pmwiki.php HTTP/1.1" 200 0 "-" "Alert_Alligator_webmonitoring_service_1.6.3_(alertalligator.com)"
17.121.115.37 - - [20/Oct/2022:05:33:39 +0200] "GET /robots.txt HTTP/1.1" 404 1181 "-" "Mozilla/5.0 (Macintosh; Intel Mac OS X 10_15_5) AppleWebKit/605.1.15 (KHTML, like Gecko) Version/13.1.1 Safari/605.1.15 (Applebot/0.1; +http://www.apple.com/go/applebot)"
17.121.115.37 - - [20/Oct/2022:05:33:40 +0200] "GET /favicon.ico HTTP/1.1" 404 1181 "-" "Mozilla/5.0 (Macintosh; Intel Mac OS X 10_15_5) AppleWebKit/605.1.15 (KHTML, like Gecko) Version/13.1.1 Safari/605.1.15 (Applebot/0.1; +http://www.apple.com/go/applebot)"
77.75.77.119 - - [20/Oct/2022:05:42:48 +0200] "GET /robots.txt HTTP/1.1" 404 1181 "-" "Mozilla/5.0 (compatible; SeznamBot/4.0-RC1; +http://napoveda.seznam.cz/seznambot-intro/)"
77.75.79.119 - - [20/Oct/2022:05:42:49 +0200] "GET /pmwiki/pmwiki.php/PmWiki/FAQ HTTP/1.1" 200 23861 "-" "Mozilla/5.0 (compatible; SeznamBot/4.0-RC1; +http://napoveda.seznam.cz/seznambot-intro/)"
212.237.51.151 - - [20/Oct/2022:05:45:32 +0200] "HEAD /pmwiki/pmwiki.php HTTP/1.1" 200 0 "-" "Alert_Alligator_webmonitoring_service_1.6.4_(alertalligator.com)"
212.237.53.115 - - [20/Oct/2022:06:42:05 +0200] "HEAD /pmwiki/pmwiki.php HTTP/1.1" 200 0 "-" "Alert_Alligator_webmonitoring_service_1.6.4_(alertalligator.com)"
114.119.128.58 - - [20/Oct/2022:06:48:43 +0200] "GET /pmwiki/pmwiki.php/Main/Feb08PR?action=upload HTTP/1.1" 200 12266 "http://swpat.zpok.hu/pmwiki/pmwiki.php/Main/Feb08PR" "Mozilla/5.0 (Linux; Android 7.0;) AppleWebKit/537.36 (KHTML, like Gecko) Mobile Safari/537.36 (compatible; PetalBot;+https://webmaster.petalsearch.com/site/petalbot)"
20.163.233.214 - - [20/Oct/2022:07:13:18 +0200] "GET / HTTP/1.1" 302 5 "-" "Mozilla/5.0 (Windows NT 10.0; Win64; x64) AppleWebKit/537.36 (KHTML, like Gecko) Chrome/95.0.4638.69 Safari/537.36"
20.163.233.214 - - [20/Oct/2022:07:13:18 +0200] "GET /pmwiki/pmwiki.php/wp-includes/ID3/license.txt HTTP/1.1" 404 294 "-" "Mozilla/5.0 (Windows NT 10.0; Win64; x64) AppleWebKit/537.36 (KHTML, like Gecko) Chrome/95.0.4638.69 Safari/537.36"
20.163.233.214 - - [20/Oct/2022:07:13:18 +0200] "GET /pmwiki/pmwiki.php/feed/ HTTP/1.1" 404 11857 "-" "Mozilla/5.0 (Windows NT 10.0; Win64; x64) AppleWebKit/537.36 (KHTML, like Gecko) Chrome/95.0.4638.69 Safari/537.36"
20.163.233.214 - - [20/Oct/2022:07:13:19 +0200] "GET /pmwiki/pmwiki.php/xmlrpc.php?rsd HTTP/1.1" 404 11880 "-" "Mozilla/5.0 (Windows NT 10.0; Win64; x64) AppleWebKit/537.36 (KHTML, like Gecko) Chrome/95.0.4638.69 Safari/537.36"
20.163.233.214 - - [20/Oct/2022:07:13:19 +0200] "GET /pmwiki/pmwiki.php/blog/wp-includes/wlwmanifest.xml HTTP/1.1" 404 294 "-" "Mozilla/5.0 (Windows NT 10.0; Win64; x64) AppleWebKit/537.36 (KHTML, like Gecko) Chrome/95.0.4638.69 Safari/537.36"
20.163.233.214 - - [20/Oct/2022:07:13:19 +0200] "GET /pmwiki/pmwiki.php/web/wp-includes/wlwmanifest.xml HTTP/1.1" 404 294 "-" "Mozilla/5.0 (Windows NT 10.0; Win64; x64) AppleWebKit/537.36 (KHTML, like Gecko) Chrome/95.0.4638.69 Safari/537.36"
20.163.233.214 - - [20/Oct/2022:07:13:19 +0200] "GET /pmwiki/pmwiki.php/wordpress/wp-includes/wlwmanifest.xml HTTP/1.1" 404 294 "-" "Mozilla/5.0 (Windows NT 10.0; Win64; x64) AppleWebKit/537.36 (KHTML, like Gecko) Chrome/95.0.4638.69 Safari/537.36"
20.163.233.214 - - [20/Oct/2022:07:13:19 +0200] "GET /pmwiki/pmwiki.php/wp/wp-includes/wlwmanifest.xml HTTP/1.1" 404 294 "-" "Mozilla/5.0 (Windows NT 10.0; Win64; x64) AppleWebKit/537.36 (KHTML, like Gecko) Chrome/95.0.4638.69 Safari/537.36"
20.163.233.214 - - [20/Oct/2022:07:13:19 +0200] "GET /pmwiki/pmwiki.php/2020/wp-includes/wlwmanifest.xml HTTP/1.1" 404 294 "-" "Mozilla/5.0 (Windows NT 10.0; Win64; x64) AppleWebKit/537.36 (KHTML, like Gecko) Chrome/95.0.4638.69 Safari/537.36"
20.163.233.214 - - [20/Oct/2022:07:13:20 +0200] "GET /pmwiki/pmwiki.php/2019/wp-includes/wlwmanifest.xml HTTP/1.1" 404 294 "-" "Mozilla/5.0 (Windows NT 10.0; Win64; x64) AppleWebKit/537.36 (KHTML, like Gecko) Chrome/95.0.4638.69 Safari/537.36"
20.163.233.214 - - [20/Oct/2022:07:13:20 +0200] "GET /pmwiki/pmwiki.php/2021/wp-includes/wlwmanifest.xml HTTP/1.1" 404 294 "-" "Mozilla/5.0 (Windows NT 10.0; Win64; x64) AppleWebKit/537.36 (KHTML, like Gecko) Chrome/95.0.4638.69 Safari/537.36"
20.163.233.214 - - [20/Oct/2022:07:13:20 +0200] "GET /pmwiki/pmwiki.php/shop/wp-includes/wlwmanifest.xml HTTP/1.1" 404 294 "-" "Mozilla/5.0 (Windows NT 10.0; Win64; x64) AppleWebKit/537.36 (KHTML, like Gecko) Chrome/95.0.4638.69 Safari/537.36"
20.163.233.214 - - [20/Oct/2022:07:13:20 +0200] "GET /pmwiki/pmwiki.php/wp1/wp-includes/wlwmanifest.xml HTTP/1.1" 404 294 "-" "Mozilla/5.0 (Windows NT 10.0; Win64; x64) AppleWebKit/537.36 (KHTML, like Gecko) Chrome/95.0.4638.69 Safari/537.36"
20.163.233.214 - - [20/Oct/2022:07:13:20 +0200] "GET /pmwiki/pmwiki.php/test/wp-includes/wlwmanifest.xml HTTP/1.1" 404 294 "-" "Mozilla/5.0 (Windows NT 10.0; Win64; x64) AppleWebKit/537.36 (KHTML, like Gecko) Chrome/95.0.4638.69 Safari/537.36"
20.163.233.214 - - [20/Oct/2022:07:13:20 +0200] "GET /pmwiki/pmwiki.php/site/wp-includes/wlwmanifest.xml HTTP/1.1" 404 294 "-" "Mozilla/5.0 (Windows NT 10.0; Win64; x64) AppleWebKit/537.36 (KHTML, like Gecko) Chrome/95.0.4638.69 Safari/537.36"
20.163.233.214 - - [20/Oct/2022:07:13:20 +0200] "GET /pmwiki/pmwiki.php/cms/wp-includes/wlwmanifest.xml HTTP/1.1" 404 294 "-" "Mozilla/5.0 (Windows NT 10.0; Win64; x64) AppleWebKit/537.36 (KHTML, like Gecko) Chrome/95.0.4638.69 Safari/537.36"
212.237.51.151 - - [20/Oct/2022:07:27:50 +0200] "HEAD /pmwiki/pmwiki.php HTTP/1.1" 200 0 "-" "Alert_Alligator_webmonitoring_service_1.6.4_(alertalligator.com)"
167.172.182.89 - - [20/Oct/2022:07:30:27 +0200] "GET /robots.txt HTTP/1.1" 404 1181 "-" "Mozilla/5.0 (compatible; SeekportBot; +https://bot.seekport.com)"
167.172.182.89 - - [20/Oct/2022:07:30:27 +0200] "GET /robots.txt HTTP/1.1" 404 1181 "-" "Mozilla/5.0 (compatible; SeekportBot; +https://bot.seekport.com)"
167.172.182.89 - - [20/Oct/2022:07:30:28 +0200] "GET / HTTP/1.1" 302 5 "-" "Mozilla/5.0 (compatible; SeekportBot; +https://bot.seekport.com)"
167.172.182.89 - - [20/Oct/2022:07:30:29 +0200] "GET /pmwiki/pmwiki.php HTTP/1.1" 200 37269 "http://swpat.zpok.hu/" "Mozilla/5.0 (compatible; SeekportBot; +https://bot.seekport.com)"
167.172.182.89 - - [20/Oct/2022:07:30:30 +0200] "GET /pmwiki/pmwiki.php/Main/SideBar?action=edit HTTP/1.1" 200 12384 "http://swpat.zpok.hu/pmwiki/pmwiki.php" "Mozilla/5.0 (compatible; SeekportBot; +https://bot.seekport.com)"
167.172.182.89 - - [20/Oct/2022:07:30:30 +0200] "GET /pmwiki/pmwiki.php/Main/HomePage?action=upload&upname=wiki.png HTTP/1.1" 200 12297 "http://swpat.zpok.hu/pmwiki/pmwiki.php" "Mozilla/5.0 (compatible; SeekportBot; +https://bot.seekport.com)"
167.172.182.89 - - [20/Oct/2022:07:30:30 +0200] "GET /pmwiki/pmwiki.php/Main/HomePage HTTP/1.1" 200 37269 "http://swpat.zpok.hu/pmwiki/pmwiki.php" "Mozilla/5.0 (compatible; SeekportBot; +https://bot.seekport.com)"
167.172.182.89 - - [20/Oct/2022:07:30:31 +0200] "GET /pmwiki/pmwiki.php/Main/MitTehetek HTTP/1.1" 200 13755 "http://swpat.zpok.hu/pmwiki/pmwiki.php" "Mozilla/5.0 (compatible; SeekportBot; +https://bot.seekport.com)"
167.172.182.89 - - [20/Oct/2022:07:30:31 +0200] "GET /pmwiki/pmwiki.php/Main/Cikkek HTTP/1.1" 200 66799 "http://swpat.zpok.hu/pmwiki/pmwiki.php" "Mozilla/5.0 (compatible; SeekportBot; +https://bot.seekport.com)"
167.172.182.89 - - [20/Oct/2022:07:30:32 +0200] "GET /pmwiki/pmwiki.php/Main/SzoftverSzabadalmak HTTP/1.1" 200 15057 "http://swpat.zpok.hu/pmwiki/pmwiki.php" "Mozilla/5.0 (compatible; SeekportBot; +https://bot.seekport.com)"
167.172.182.89 - - [20/Oct/2022:07:30:32 +0200] "GET /pmwiki/pmwiki.php/Main/FAQ HTTP/1.1" 200 17652 "http://swpat.zpok.hu/pmwiki/pmwiki.php" "Mozilla/5.0 (compatible; SeekportBot; +https://bot.seekport.com)"
167.172.182.89 - - [20/Oct/2022:07:30:32 +0200] "GET /pmwiki/pmwiki.php/Main/Nyilatkozatok HTTP/1.1" 200 16071 "http://swpat.zpok.hu/pmwiki/pmwiki.php" "Mozilla/5.0 (compatible; SeekportBot; +https://bot.seekport.com)"
167.172.182.89 - - [20/Oct/2022:07:30:33 +0200] "GET /pmwiki/pmwiki.php/Main/Sajt%EF%BF%BDanyag HTTP/1.1" 302 182 "http://swpat.zpok.hu/pmwiki/pmwiki.php" "Mozilla/5.0 (compatible; SeekportBot; +https://bot.seekport.com)"
167.172.182.89 - - [20/Oct/2022:07:30:33 +0200] "GET /pmwiki/pmwiki.php/Main/Sajt HTTP/1.1" 404 11862 "http://swpat.zpok.hu/pmwiki/pmwiki.php" "Mozilla/5.0 (compatible; SeekportBot; +https://bot.seekport.com)"
167.172.182.89 - - [20/Oct/2022:07:30:33 +0200] "GET /pmwiki/pmwiki.php/Main/HeringgelMegval%EF%BF%BDs%EF%BF%BDtottTal%EF%BF%BDlm%EF%BF%BDnyok HTTP/1.1" 302 193 "http://swpat.zpok.hu/pmwiki/pmwiki.php" "Mozilla/5.0 (compatible; SeekportBot; +https://bot.seekport.com)"
167.172.182.89 - - [20/Oct/2022:07:30:34 +0200] "GET /pmwiki/pmwiki.php/Main/HeringgelMegval HTTP/1.1" 404 12038 "http://swpat.zpok.hu/pmwiki/pmwiki.php" "Mozilla/5.0 (compatible; SeekportBot; +https://bot.seekport.com)"
167.172.182.89 - - [20/Oct/2022:07:30:34 +0200] "GET /pmwiki/pmwiki.php/Main/JogiOldal HTTP/1.1" 200 26044 "http://swpat.zpok.hu/pmwiki/pmwiki.php" "Mozilla/5.0 (compatible; SeekportBot; +https://bot.seekport.com)"
167.172.182.89 - - [20/Oct/2022:07:30:34 +0200] "GET /pmwiki/pmwiki.php/Main/Gazdas%EF%BF%BDgiOldal HTTP/1.1" 302 184 "http://swpat.zpok.hu/pmwiki/pmwiki.php" "Mozilla/5.0 (compatible; SeekportBot; +https://bot.seekport.com)"
167.172.182.89 - - [20/Oct/2022:07:30:35 +0200] "GET /pmwiki/pmwiki.php/Main/Gazdas HTTP/1.1" 404 11894 "http://swpat.zpok.hu/pmwiki/pmwiki.php" "Mozilla/5.0 (compatible; SeekportBot; +https://bot.seekport.com)"
167.172.182.89 - - [20/Oct/2022:07:30:35 +0200] "GET /pmwiki/pmwiki.php/Main/Befektet%EF%BF%BDsv%EF%BF%BDdelem HTTP/1.1" 302 186 "http://swpat.zpok.hu/pmwiki/pmwiki.php" "Mozilla/5.0 (compatible; SeekportBot; +https://bot.seekport.com)"
167.172.182.89 - - [20/Oct/2022:07:30:35 +0200] "GET /pmwiki/pmwiki.php/Main/Befektet HTTP/1.1" 404 11926 "http://swpat.zpok.hu/pmwiki/pmwiki.php" "Mozilla/5.0 (compatible; SeekportBot; +https://bot.seekport.com)"
167.172.182.89 - - [20/Oct/2022:07:30:36 +0200] "GET /pmwiki/pmwiki.php/Main/Doksik HTTP/1.1" 200 14123 "http://swpat.zpok.hu/pmwiki/pmwiki.php" "Mozilla/5.0 (compatible; SeekportBot; +https://bot.seekport.com)"
167.172.182.89 - - [20/Oct/2022:07:30:36 +0200] "GET /pmwiki/pmwiki.php/Main/WikiSandbox HTTP/1.1" 200 12116 "http://swpat.zpok.hu/pmwiki/pmwiki.php" "Mozilla/5.0 (compatible; SeekportBot; +https://bot.seekport.com)"
167.172.182.89 - - [20/Oct/2022:07:30:36 +0200] "GET /pmwiki/pmwiki.php/Main/DRM HTTP/1.1" 200 14856 "http://swpat.zpok.hu/pmwiki/pmwiki.php" "Mozilla/5.0 (compatible; SeekportBot; +https://bot.seekport.com)"
167.172.182.89 - - [20/Oct/2022:07:30:37 +0200] "GET /pmwiki/pmwiki.php/Main/MiADRM HTTP/1.1" 200 12869 "http://swpat.zpok.hu/pmwiki/pmwiki.php" "Mozilla/5.0 (compatible; SeekportBot; +https://bot.seekport.com)"
167.172.182.89 - - [20/Oct/2022:07:30:37 +0200] "GET /pmwiki/pmwiki.php/Main/CikkekDRM HTTP/1.1" 200 18047 "http://swpat.zpok.hu/pmwiki/pmwiki.php" "Mozilla/5.0 (compatible; SeekportBot; +https://bot.seekport.com)"
167.172.182.89 - - [20/Oct/2022:07:30:37 +0200] "GET /pmwiki/pmwiki.php/Main/ADRMH%EF%BF%BDtr%EF%BF%BDnyai HTTP/1.1" 302 183 "http://swpat.zpok.hu/pmwiki/pmwiki.php" "Mozilla/5.0 (compatible; SeekportBot; +https://bot.seekport.com)"
167.172.182.89 - - [20/Oct/2022:07:30:37 +0200] "GET /pmwiki/pmwiki.php/Main/ADRMH HTTP/1.1" 404 11878 "http://swpat.zpok.hu/pmwiki/pmwiki.php" "Mozilla/5.0 (compatible; SeekportBot; +https://bot.seekport.com)"
167.172.182.89 - - [20/Oct/2022:07:30:38 +0200] "GET /pmwiki/pmwiki.php/Main/EUCD HTTP/1.1" 200 12963 "http://swpat.zpok.hu/pmwiki/pmwiki.php" "Mozilla/5.0 (compatible; SeekportBot; +https://bot.seekport.com)"
167.172.182.89 - - [20/Oct/2022:07:30:38 +0200] "GET /pmwiki/pmwiki.php/Main/AJelenlegiSzerzoiJogiTorveny HTTP/1.1" 200 18664 "http://swpat.zpok.hu/pmwiki/pmwiki.php" "Mozilla/5.0 (compatible; SeekportBot; +https://bot.seekport.com)"
167.172.182.89 - - [20/Oct/2022:07:30:38 +0200] "GET /pmwiki/pmwiki.php/Main/LehetsegesJavitasokEuropaban HTTP/1.1" 200 14070 "http://swpat.zpok.hu/pmwiki/pmwiki.php" "Mozilla/5.0 (compatible; SeekportBot; +https://bot.seekport.com)"
167.172.182.89 - - [20/Oct/2022:07:30:39 +0200] "GET /pmwiki/pmwiki.php/Main/Linkek HTTP/1.1" 200 28889 "http://swpat.zpok.hu/pmwiki/pmwiki.php" "Mozilla/5.0 (compatible; SeekportBot; +https://bot.seekport.com)"
167.172.182.89 - - [20/Oct/2022:07:30:39 +0200] "GET /pmwiki/pmwiki.php/Main/H%EF%BF%BDrek HTTP/1.1" 302 179 "http://swpat.zpok.hu/pmwiki/pmwiki.php" "Mozilla/5.0 (compatible; SeekportBot; +https://bot.seekport.com)"
167.172.182.89 - - [20/Oct/2022:07:30:39 +0200] "GET /pmwiki/pmwiki.php/Main/H HTTP/1.1" 404 11814 "http://swpat.zpok.hu/pmwiki/pmwiki.php" "Mozilla/5.0 (compatible; SeekportBot; +https://bot.seekport.com)"
167.172.182.89 - - [20/Oct/2022:07:30:39 +0200] "GET /pmwiki/pmwiki.php/Main/DRMMunkacsoport HTTP/1.1" 200 12700 "http://swpat.zpok.hu/pmwiki/pmwiki.php" "Mozilla/5.0 (compatible; SeekportBot; +https://bot.seekport.com)"
167.172.182.89 - - [20/Oct/2022:07:30:40 +0200] "GET /pmwiki/pmwiki.php/Main/C%EF%BF%BDlok HTTP/1.1" 302 179 "http://swpat.zpok.hu/pmwiki/pmwiki.php" "Mozilla/5.0 (compatible; SeekportBot; +https://bot.seekport.com)"
167.172.182.89 - - [20/Oct/2022:07:30:40 +0200] "GET /pmwiki/pmwiki.php/Main/C HTTP/1.1" 404 11814 "http://swpat.zpok.hu/pmwiki/pmwiki.php" "Mozilla/5.0 (compatible; SeekportBot; +https://bot.seekport.com)"
167.172.182.89 - - [20/Oct/2022:07:30:40 +0200] "GET /pmwiki/pmwiki.php/Main/Tud%EF%BF%BDsmonop%EF%BF%BDlium HTTP/1.1" 302 181 "http://swpat.zpok.hu/pmwiki/pmwiki.php" "Mozilla/5.0 (compatible; SeekportBot; +https://bot.seekport.com)"
167.172.182.89 - - [20/Oct/2022:07:30:40 +0200] "GET /pmwiki/pmwiki.php/Main/Tud HTTP/1.1" 404 11846 "http://swpat.zpok.hu/pmwiki/pmwiki.php" "Mozilla/5.0 (compatible; SeekportBot; +https://bot.seekport.com)"
167.172.182.89 - - [20/Oct/2022:07:30:41 +0200] "GET /pmwiki/pmwiki.php/Main/Ipr HTTP/1.1" 200 13258 "http://swpat.zpok.hu/pmwiki/pmwiki.php" "Mozilla/5.0 (compatible; SeekportBot; +https://bot.seekport.com)"
167.172.182.89 - - [20/Oct/2022:07:30:41 +0200] "GET /pmwiki/pmwiki.php/Main/V%EF%BF%BDdelmiP%EF%BF%BDnz HTTP/1.1" 302 179 "http://swpat.zpok.hu/pmwiki/pmwiki.php" "Mozilla/5.0 (compatible; SeekportBot; +https://bot.seekport.com)"
167.172.182.89 - - [20/Oct/2022:07:30:41 +0200] "GET /pmwiki/pmwiki.php/Main/V HTTP/1.1" 404 11814 "http://swpat.zpok.hu/pmwiki/pmwiki.php" "Mozilla/5.0 (compatible; SeekportBot; +https://bot.seekport.com)"
167.172.182.89 - - [20/Oct/2022:07:30:41 +0200] "GET /pmwiki/pmwiki.php/Main/Privacy?action=edit HTTP/1.1" 200 12385 "http://swpat.zpok.hu/pmwiki/pmwiki.php" "Mozilla/5.0 (compatible; SeekportBot; +https://bot.seekport.com)"
167.172.182.89 - - [20/Oct/2022:07:30:42 +0200] "GET /pmwiki/pmwiki.php/Main/Google HTTP/1.1" 200 25006 "http://swpat.zpok.hu/pmwiki/pmwiki.php" "Mozilla/5.0 (compatible; SeekportBot; +https://bot.seekport.com)"
167.172.182.89 - - [20/Oct/2022:07:30:42 +0200] "GET /pmwiki/pmwiki.php/Main/Direkt%EF%BF%BDva HTTP/1.1" 302 184 "http://swpat.zpok.hu/pmwiki/pmwiki.php" "Mozilla/5.0 (compatible; SeekportBot; +https://bot.seekport.com)"
167.172.182.89 - - [20/Oct/2022:07:30:42 +0200] "GET /pmwiki/pmwiki.php/Main/Direkt HTTP/1.1" 404 11894 "http://swpat.zpok.hu/pmwiki/pmwiki.php" "Mozilla/5.0 (compatible; SeekportBot; +https://bot.seekport.com)"
167.172.182.89 - - [20/Oct/2022:07:30:43 +0200] "GET /pmwiki/pmwiki.php/Main/CikkekPrivacy HTTP/1.1" 200 12503 "http://swpat.zpok.hu/pmwiki/pmwiki.php" "Mozilla/5.0 (compatible; SeekportBot; +https://bot.seekport.com)"
167.172.182.89 - - [20/Oct/2022:07:30:44 +0200] "GET /pmwiki/pmwiki.php/PmWiki/PmWiki HTTP/1.1" 200 116458 "http://swpat.zpok.hu/pmwiki/pmwiki.php" "Mozilla/5.0 (compatible; SeekportBot; +https://bot.seekport.com)"
167.172.182.89 - - [20/Oct/2022:07:30:44 +0200] "GET /pmwiki/pmwiki.php/PmWiki/Installation HTTP/1.1" 200 17595 "http://swpat.zpok.hu/pmwiki/pmwiki.php" "Mozilla/5.0 (compatible; SeekportBot; +https://bot.seekport.com)"
167.172.182.89 - - [20/Oct/2022:07:30:45 +0200] "GET /pmwiki/pmwiki.php/PmWiki/TipsForEditing HTTP/1.1" 200 15017 "http://swpat.zpok.hu/pmwiki/pmwiki.php" "Mozilla/5.0 (compatible; SeekportBot; +https://bot.seekport.com)"
167.172.182.89 - - [20/Oct/2022:07:30:46 +0200] "GET /pmwiki/pmwiki.php/PmWiki/DocumentationIndex HTTP/1.1" 200 18850 "http://swpat.zpok.hu/pmwiki/pmwiki.php" "Mozilla/5.0 (compatible; SeekportBot; +https://bot.seekport.com)"
167.172.182.89 - - [20/Oct/2022:07:30:47 +0200] "GET /pmwiki/pmwiki.php/PmWiki/FAQ HTTP/1.1" 200 23861 "http://swpat.zpok.hu/pmwiki/pmwiki.php" "Mozilla/5.0 (compatible; SeekportBot; +https://bot.seekport.com)"
167.172.182.89 - - [20/Oct/2022:07:30:47 +0200] "GET /pmwiki/pmwiki.php/PmWiki/PmWikiPhilosophy HTTP/1.1" 200 16736 "http://swpat.zpok.hu/pmwiki/pmwiki.php" "Mozilla/5.0 (compatible; SeekportBot; +https://bot.seekport.com)"
167.172.182.89 - - [20/Oct/2022:07:30:48 +0200] "GET /pmwiki/pmwiki.php/PmWiki/ReleaseNotes HTTP/1.1" 200 29978 "http://swpat.zpok.hu/pmwiki/pmwiki.php" "Mozilla/5.0 (compatible; SeekportBot; +https://bot.seekport.com)"
167.172.182.89 - - [20/Oct/2022:07:30:48 +0200] "GET /pmwiki/pmwiki.php/PmWiki/ChangeLog HTTP/1.1" 200 44191 "http://swpat.zpok.hu/pmwiki/pmwiki.php" "Mozilla/5.0 (compatible; SeekportBot; +https://bot.seekport.com)"
167.172.182.89 - - [20/Oct/2022:07:30:49 +0200] "GET /pmwiki/pmwiki.php/PmWiki/ChangesFromPmWiki1 HTTP/1.1" 200 19777 "http://swpat.zpok.hu/pmwiki/pmwiki.php" "Mozilla/5.0 (compatible; SeekportBot; +https://bot.seekport.com)"
167.172.182.89 - - [20/Oct/2022:07:30:49 +0200] "GET /pmwiki/pmwiki.php/Main/HomePage?action=edit HTTP/1.1" 200 12401 "http://swpat.zpok.hu/pmwiki/pmwiki.php" "Mozilla/5.0 (compatible; SeekportBot; +https://bot.seekport.com)"
167.172.182.89 - - [20/Oct/2022:07:30:49 +0200] "GET /pmwiki/pmwiki.php/Main/HomePage?action=upload HTTP/1.1" 200 12281 "http://swpat.zpok.hu/pmwiki/pmwiki.php" "Mozilla/5.0 (compatible; SeekportBot; +https://bot.seekport.com)"
167.172.182.89 - - [20/Oct/2022:07:30:50 +0200] "GET /pmwiki/pmwiki.php/Main/HomePage?action=print HTTP/1.1" 200 27869 "http://swpat.zpok.hu/pmwiki/pmwiki.php" "Mozilla/5.0 (compatible; SeekportBot; +https://bot.seekport.com)"
167.172.182.89 - - [20/Oct/2022:07:30:51 +0200] "GET /pmwiki/pmwiki.php/Main/HomePage?action=diff HTTP/1.1" 200 115393 "http://swpat.zpok.hu/pmwiki/pmwiki.php" "Mozilla/5.0 (compatible; SeekportBot; +https://bot.seekport.com)"
167.172.182.89 - - [20/Oct/2022:07:30:51 +0200] "GET /pmwiki/pmwiki.php/Main HTTP/1.1" 302 186 "http://swpat.zpok.hu/pmwiki/pmwiki.php" "Mozilla/5.0 (compatible; SeekportBot; +https://bot.seekport.com)"
167.172.182.89 - - [20/Oct/2022:07:30:51 +0200] "GET /pmwiki/pmwiki.php/Main/Virsligy%EF%BF%BDr HTTP/1.1" 302 186 "http://swpat.zpok.hu/pmwiki/pmwiki.php" "Mozilla/5.0 (compatible; SeekportBot; +https://bot.seekport.com)"
167.172.182.89 - - [20/Oct/2022:07:30:52 +0200] "GET /pmwiki/pmwiki.php/Main/Virsligy HTTP/1.1" 404 11926 "http://swpat.zpok.hu/pmwiki/pmwiki.php" "Mozilla/5.0 (compatible; SeekportBot; +https://bot.seekport.com)"
167.172.182.89 - - [20/Oct/2022:07:30:52 +0200] "GET /pmwiki/pmwiki.php/Main/Patentpools HTTP/1.1" 200 20710 "http://swpat.zpok.hu/pmwiki/pmwiki.php" "Mozilla/5.0 (compatible; SeekportBot; +https://bot.seekport.com)"
167.172.182.89 - - [20/Oct/2022:07:30:52 +0200] "GET /pmwiki/pmwiki.php/Main/AdelphiAlapokm%EF%BF%BDny HTTP/1.1" 302 192 "http://swpat.zpok.hu/pmwiki/pmwiki.php" "Mozilla/5.0 (compatible; SeekportBot; +https://bot.seekport.com)"
167.172.182.89 - - [20/Oct/2022:07:30:52 +0200] "GET /pmwiki/pmwiki.php/Main/AdelphiAlapokm HTTP/1.1" 404 12022 "http://swpat.zpok.hu/pmwiki/pmwiki.php" "Mozilla/5.0 (compatible; SeekportBot; +https://bot.seekport.com)"
167.172.182.89 - - [20/Oct/2022:07:30:53 +0200] "GET /pmwiki/pmwiki.php/Main/AzIPRJavaslat HTTP/1.1" 200 14797 "http://swpat.zpok.hu/pmwiki/pmwiki.php" "Mozilla/5.0 (compatible; SeekportBot; +https://bot.seekport.com)"
167.172.182.89 - - [20/Oct/2022:07:30:53 +0200] "GET /pmwiki/pmwiki.php/Main/RocardEp2 HTTP/1.1" 200 28076 "http://swpat.zpok.hu/pmwiki/pmwiki.php" "Mozilla/5.0 (compatible; SeekportBot; +https://bot.seekport.com)"
167.172.182.89 - - [20/Oct/2022:07:30:53 +0200] "GET /pmwiki/pmwiki.php/Main/Minimum HTTP/1.1" 200 15284 "http://swpat.zpok.hu/pmwiki/pmwiki.php" "Mozilla/5.0 (compatible; SeekportBot; +https://bot.seekport.com)"
167.172.182.89 - - [20/Oct/2022:07:30:54 +0200] "GET /pmwiki/pmwiki.php/Main/Telefonon HTTP/1.1" 200 16251 "http://swpat.zpok.hu/pmwiki/pmwiki.php" "Mozilla/5.0 (compatible; SeekportBot; +https://bot.seekport.com)"
167.172.182.89 - - [20/Oct/2022:07:30:54 +0200] "GET /pmwiki/pmwiki.php/Main/K%EF%BF%BDzlem%EF%BF%BDnye HTTP/1.1" 302 179 "http://swpat.zpok.hu/pmwiki/pmwiki.php" "Mozilla/5.0 (compatible; SeekportBot; +https://bot.seekport.com)"
167.172.182.89 - - [20/Oct/2022:07:30:54 +0200] "GET /pmwiki/pmwiki.php/Main/K HTTP/1.1" 404 11814 "http://swpat.zpok.hu/pmwiki/pmwiki.php" "Mozilla/5.0 (compatible; SeekportBot; +https://bot.seekport.com)"
167.172.182.89 - - [20/Oct/2022:07:30:54 +0200] "GET /pmwiki/pmwiki.php?n=Main.Mintalevel0509 HTTP/1.1" 200 16475 "http://swpat.zpok.hu/pmwiki/pmwiki.php" "Mozilla/5.0 (compatible; SeekportBot; +https://bot.seekport.com)"
167.172.182.89 - - [20/Oct/2022:07:30:55 +0200] "GET /pmwiki/pmwiki.php/Main/Marc08essay HTTP/1.1" 200 18792 "http://swpat.zpok.hu/pmwiki/pmwiki.php" "Mozilla/5.0 (compatible; SeekportBot; +https://bot.seekport.com)"
167.172.182.89 - - [20/Oct/2022:07:30:55 +0200] "GET /pmwiki/pmwiki.php/Main/BMEKonferencia HTTP/1.1" 200 14864 "http://swpat.zpok.hu/pmwiki/pmwiki.php" "Mozilla/5.0 (compatible; SeekportBot; +https://bot.seekport.com)"
167.172.182.89 - - [20/Oct/2022:07:30:56 +0200] "GET /pmwiki/pmwiki.php/Main/ABundestagT%EF%BF%BDmogatjaAzEur%EF%BF%BDpaiParlamentet HTTP/1.1" 302 189 "http://swpat.zpok.hu/pmwiki/pmwiki.php" "Mozilla/5.0 (compatible; SeekportBot; +https://bot.seekport.com)"
167.172.182.89 - - [20/Oct/2022:07:30:56 +0200] "GET /pmwiki/pmwiki.php/Main/ABundestagT HTTP/1.1" 404 11974 "http://swpat.zpok.hu/pmwiki/pmwiki.php" "Mozilla/5.0 (compatible; SeekportBot; +https://bot.seekport.com)"
167.172.182.89 - - [20/Oct/2022:07:30:56 +0200] "GET /pmwiki/pmwiki.php/Main/ThankYouPoland HTTP/1.1" 200 13952 "http://swpat.zpok.hu/pmwiki/pmwiki.php" "Mozilla/5.0 (compatible; SeekportBot; +https://bot.seekport.com)"
167.172.182.89 - - [20/Oct/2022:07:30:57 +0200] "GET /pmwiki/pmwiki.php/Main/SideBar?action=upload&upname=wiki.png HTTP/1.1" 200 12280 "http://swpat.zpok.hu/pmwiki/pmwiki.php/Main/SideBar?action=edit" "Mozilla/5.0 (compatible; SeekportBot; +https://bot.seekport.com)"
167.172.182.89 - - [20/Oct/2022:07:30:57 +0200] "GET /pmwiki/pmwiki.php/Main/SideBar HTTP/1.1" 200 18306 "http://swpat.zpok.hu/pmwiki/pmwiki.php/Main/SideBar?action=edit" "Mozilla/5.0 (compatible; SeekportBot; +https://bot.seekport.com)"
167.172.182.89 - - [20/Oct/2022:07:30:57 +0200] "GET /pmwiki/pmwiki.php/Main/SideBar?action=upload HTTP/1.1" 200 12264 "http://swpat.zpok.hu/pmwiki/pmwiki.php/Main/SideBar?action=edit" "Mozilla/5.0 (compatible; SeekportBot; +https://bot.seekport.com)"
167.172.182.89 - - [20/Oct/2022:07:30:58 +0200] "GET /pmwiki/pmwiki.php/Main/SideBar?action=print HTTP/1.1" 200 9268 "http://swpat.zpok.hu/pmwiki/pmwiki.php/Main/SideBar?action=edit" "Mozilla/5.0 (compatible; SeekportBot; +https://bot.seekport.com)"
167.172.182.89 - - [20/Oct/2022:07:31:00 +0200] "GET /pmwiki/pmwiki.php/Main/SideBar?action=diff HTTP/1.1" 200 278004 "http://swpat.zpok.hu/pmwiki/pmwiki.php/Main/SideBar?action=edit" "Mozilla/5.0 (compatible; SeekportBot; +https://bot.seekport.com)"
167.172.182.89 - - [20/Oct/2022:07:31:00 +0200] "GET /pmwiki/pmwiki.php/Main/MitTehetek?action=upload&upname=wiki.png HTTP/1.1" 200 12326 "http://swpat.zpok.hu/pmwiki/pmwiki.php/Main/MitTehetek" "Mozilla/5.0 (compatible; SeekportBot; +https://bot.seekport.com)"
167.172.182.89 - - [20/Oct/2022:07:31:01 +0200] "GET /pmwiki/pmwiki.php/Main/MitTehetek?action=edit HTTP/1.1" 200 12430 "http://swpat.zpok.hu/pmwiki/pmwiki.php/Main/MitTehetek" "Mozilla/5.0 (compatible; SeekportBot; +https://bot.seekport.com)"
167.172.182.89 - - [20/Oct/2022:07:31:01 +0200] "GET /pmwiki/pmwiki.php/Main/MitTehetek?action=upload HTTP/1.1" 200 12310 "http://swpat.zpok.hu/pmwiki/pmwiki.php/Main/MitTehetek" "Mozilla/5.0 (compatible; SeekportBot; +https://bot.seekport.com)"
167.172.182.89 - - [20/Oct/2022:07:31:01 +0200] "GET /pmwiki/pmwiki.php/Main/MitTehetek?action=print HTTP/1.1" 200 4202 "http://swpat.zpok.hu/pmwiki/pmwiki.php/Main/MitTehetek" "Mozilla/5.0 (compatible; SeekportBot; +https://bot.seekport.com)"
167.172.182.89 - - [20/Oct/2022:07:31:02 +0200] "GET /pmwiki/pmwiki.php/Main/MitTehetek?action=diff HTTP/1.1" 200 26258 "http://swpat.zpok.hu/pmwiki/pmwiki.php/Main/MitTehetek" "Mozilla/5.0 (compatible; SeekportBot; +https://bot.seekport.com)"
167.172.182.89 - - [20/Oct/2022:07:31:02 +0200] "GET /pmwiki/pmwiki.php/Main/Cikkek?action=upload&upname=wiki.png HTTP/1.1" 200 12267 "http://swpat.zpok.hu/pmwiki/pmwiki.php/Main/Cikkek" "Mozilla/5.0 (compatible; SeekportBot; +https://bot.seekport.com)"
167.172.182.89 - - [20/Oct/2022:07:31:02 +0200] "GET /pmwiki/pmwiki.php/Main/Cikkek?action=edit HTTP/1.1" 200 12371 "http://swpat.zpok.hu/pmwiki/pmwiki.php/Main/Cikkek" "Mozilla/5.0 (compatible; SeekportBot; +https://bot.seekport.com)"
167.172.182.89 - - [20/Oct/2022:07:31:02 +0200] "GET /pmwiki/pmwiki.php/Main/Cikkek?action=upload HTTP/1.1" 200 12251 "http://swpat.zpok.hu/pmwiki/pmwiki.php/Main/Cikkek" "Mozilla/5.0 (compatible; SeekportBot; +https://bot.seekport.com)"
167.172.182.89 - - [20/Oct/2022:07:31:03 +0200] "GET /pmwiki/pmwiki.php/Main/Cikkek?action=print HTTP/1.1" 200 57345 "http://swpat.zpok.hu/pmwiki/pmwiki.php/Main/Cikkek" "Mozilla/5.0 (compatible; SeekportBot; +https://bot.seekport.com)"
167.172.182.89 - - [20/Oct/2022:07:31:04 +0200] "GET /pmwiki/pmwiki.php/Main/Cikkek?action=diff HTTP/1.1" 200 107776 "http://swpat.zpok.hu/pmwiki/pmwiki.php/Main/Cikkek" "Mozilla/5.0 (compatible; SeekportBot; +https://bot.seekport.com)"
167.172.182.89 - - [20/Oct/2022:07:31:04 +0200] "GET /pmwiki/pmwiki.php/Main/SzoftverSzabadalmak?action=upload&upname=wiki.png HTTP/1.1" 200 12474 "http://swpat.zpok.hu/pmwiki/pmwiki.php/Main/SzoftverSzabadalmak" "Mozilla/5.0 (compatible; SeekportBot; +https://bot.seekport.com)"
167.172.182.89 - - [20/Oct/2022:07:31:04 +0200] "GET /pmwiki/pmwiki.php/Main/AzEur%EF%BF%BDpaiParlament%EF%BF%BDjraind%EF%BF%BDt%EF%BF%BDstK%EF%BF%BDvetelAzEln%EF%BF%BDkiKonferenciaElfogadtaAzInd%EF%BF%BDtv%EF%BF%BDnyt HTTP/1.1" 302 183 "http://swpat.zpok.hu/pmwiki/pmwiki.php/Main/Cikkek" "Mozilla/5.0 (compatible; SeekportBot; +https://bot.seekport.com)"
167.172.182.89 - - [20/Oct/2022:07:31:05 +0200] "GET /pmwiki/pmwiki.php/Main/AzEur HTTP/1.1" 404 11878 "http://swpat.zpok.hu/pmwiki/pmwiki.php/Main/Cikkek" "Mozilla/5.0 (compatible; SeekportBot; +https://bot.seekport.com)"
167.172.182.89 - - [20/Oct/2022:07:31:05 +0200] "GET /pmwiki/pmwiki.php/Main/BillGates%EF%BF%BDsM%EF%BF%BDsKommunist%EF%BF%BDk HTTP/1.1" 302 187 "http://swpat.zpok.hu/pmwiki/pmwiki.php/Main/Cikkek" "Mozilla/5.0 (compatible; SeekportBot; +https://bot.seekport.com)"
167.172.182.89 - - [20/Oct/2022:07:31:05 +0200] "GET /pmwiki/pmwiki.php/Main/BillGates HTTP/1.1" 404 11942 "http://swpat.zpok.hu/pmwiki/pmwiki.php/Main/Cikkek" "Mozilla/5.0 (compatible; SeekportBot; +https://bot.seekport.com)"
167.172.182.89 - - [20/Oct/2022:07:31:05 +0200] "GET /pmwiki/pmwiki.php/Main/GatesMegzsaroltaD%EF%BF%BDni%EF%BF%BDt HTTP/1.1" 302 195 "http://swpat.zpok.hu/pmwiki/pmwiki.php/Main/Cikkek" "Mozilla/5.0 (compatible; SeekportBot; +https://bot.seekport.com)"
