167.172.182.89 - - [20/Oct/2022:07:42:04 +0200] "GET /pmwiki/pmwiki.php/Main/NoSoftwarePatents?action=diff&source=y&minor=n HTTP/1.1" 200 13474 "http://swpat.zpok.hu/pmwiki/pmwiki.php/Main/NoSoftwarePatents?action=diff&source=n&minor=n" "Mozilla/5.0 (compatible; SeekportBot; +https://bot.seekport.com)"
167.172.182.89 - - [20/Oct/2022:07:42:04 +0200] "GET /pmwiki/pmwiki.php/Main/McCreevy?action=diff&source=n&minor=y HTTP/1.1" 200 16195 "http://swpat.zpok.hu/pmwiki/pmwiki.php/Main/McCreevy?action=diff&source=n&minor=n" "Mozilla/5.0 (compatible; SeekportBot; +https://bot.seekport.com)"
167.172.182.89 - - [20/Oct/2022:07:42:05 +0200] "GET /pmwiki/pmwiki.php/Main/McCreevy?action=diff&source=y&minor=n HTTP/1.1" 200 16154 "http://swpat.zpok.hu/pmwiki/pmwiki.php/Main/McCreevy?action=diff&source=n&minor=n" "Mozilla/5.0 (compatible; SeekportBot; +https://bot.seekport.com)"
167.172.182.89 - - [20/Oct/2022:07:42:05 +0200] "GET /pmwiki/pmwiki.php/Main/Feb08PR?action=diff&source=n&minor=y HTTP/1.1" 200 20619 "http://swpat.zpok.hu/pmwiki/pmwiki.php/Main/Feb08PR?action=diff&source=n&minor=n" "Mozilla/5.0 (compatible; SeekportBot; +https://bot.seekport.com)"
167.172.182.89 - - [20/Oct/2022:07:42:05 +0200] "GET /pmwiki/pmwiki.php/Main/Feb08PR?action=diff&source=y&minor=n HTTP/1.1" 200 20919 "http://swpat.zpok.hu/pmwiki/pmwiki.php/Main/Feb08PR?action=diff&source=n&minor=n" "Mozilla/5.0 (compatible; SeekportBot; +https://bot.seekport.com)"
167.172.182.89 - - [20/Oct/2022:07:42:05 +0200] "GET /pmwiki/pmwiki.php/Main/Feb09PR?action=diff&source=n&minor=y HTTP/1.1" 200 17891 "http://swpat.zpok.hu/pmwiki/pmwiki.php/Main/Feb09PR?action=diff&source=n&minor=n" "Mozilla/5.0 (compatible; SeekportBot; +https://bot.seekport.com)"
167.172.182.89 - - [20/Oct/2022:07:42:06 +0200] "GET /pmwiki/pmwiki.php/Main/Feb09PR?action=diff&source=y&minor=n HTTP/1.1" 200 18090 "http://swpat.zpok.hu/pmwiki/pmwiki.php/Main/Feb09PR?action=diff&source=n&minor=n" "Mozilla/5.0 (compatible; SeekportBot; +https://bot.seekport.com)"
167.172.182.89 - - [20/Oct/2022:07:42:06 +0200] "GET /pmwiki/pmwiki.php/Main/Feb03PR?action=diff&source=n&minor=y HTTP/1.1" 200 18340 "http://swpat.zpok.hu/pmwiki/pmwiki.php/Main/Feb03PR?action=diff&source=n&minor=n" "Mozilla/5.0 (compatible; SeekportBot; +https://bot.seekport.com)"
167.172.182.89 - - [20/Oct/2022:07:42:06 +0200] "GET /pmwiki/pmwiki.php/Main/Feb03PR?action=diff&source=y&minor=n HTTP/1.1" 200 18565 "http://swpat.zpok.hu/pmwiki/pmwiki.php/Main/Feb03PR?action=diff&source=n&minor=n" "Mozilla/5.0 (compatible; SeekportBot; +https://bot.seekport.com)"
167.172.182.89 - - [20/Oct/2022:07:42:06 +0200] "GET /pmwiki/pmwiki.php/PmWiki/WikiGroups?action=diff&source=n&minor=y HTTP/1.1" 200 12875 "http://swpat.zpok.hu/pmwiki/pmwiki.php/PmWiki/WikiGroups?action=diff&source=n&minor=n" "Mozilla/5.0 (compatible; SeekportBot; +https://bot.seekport.com)"
167.172.182.89 - - [20/Oct/2022:07:42:07 +0200] "GET /pmwiki/pmwiki.php/PmWiki/WikiGroups?action=diff&source=y&minor=n HTTP/1.1" 200 12875 "http://swpat.zpok.hu/pmwiki/pmwiki.php/PmWiki/WikiGroups?action=diff&source=n&minor=n" "Mozilla/5.0 (compatible; SeekportBot; +https://bot.seekport.com)"
212.237.53.115 - - [20/Oct/2022:08:29:13 +0200] "HEAD /pmwiki/pmwiki.php HTTP/1.1" 200 0 "-" "Alert_Alligator_webmonitoring_service_1.6.4_(alertalligator.com)"
212.237.53.115 - - [20/Oct/2022:09:27:37 +0200] "HEAD /pmwiki/pmwiki.php HTTP/1.1" 200 0 "-" "Alert_Alligator_webmonitoring_service_1.6.4_(alertalligator.com)"
199.188.201.202 - - [20/Oct/2022:09:44:47 +0200] "GET /style.php?sig=rename HTTP/1.1" 404 1181 "-" "Mozilla/5.0 (Linux; Android 10; SM-A125F) AppleWebKit/537.36 (KHTML, like Gecko) Chrome/89.0.4389.105 Mobile Safari/537.36 OPR/63.3.3216.58675"
212.237.23.143 - - [20/Oct/2022:10:28:20 +0200] "HEAD /pmwiki/pmwiki.php HTTP/1.1" 200 0 "-" "Alert_Alligator_webmonitoring_service_1.6.4_(alertalligator.com)"
216.244.66.203 - - [20/Oct/2022:10:39:33 +0200] "GET /robots.txt HTTP/1.1" 404 1181 "-" "Mozilla/5.0 (compatible; DotBot/1.2; +https://opensiteexplorer.org/dotbot; help@moz.com)"
178.175.129.176 - - [20/Oct/2022:10:58:30 +0200] "GET /pmwiki/pmwiki.php/Main/Linkek HTTP/1.1" 200 28889 "http://swpat.zpok.hu" "Mozilla/5.0 (Windows NT 10.0; Win64; x64) AppleWebKit/537.36 (KHTML, like Gecko) Chrome/62.0.3202.94 Safari/537.36"
216.244.66.203 - - [20/Oct/2022:11:10:23 +0200] "GET /pmwiki/pmwiki.php/Main/SideBar?action=edit&restore=diff:1114211713:1114166135:minor&preview=y HTTP/1.1" 200 12435 "-" "Mozilla/5.0 (compatible; DotBot/1.2; +https://opensiteexplorer.org/dotbot; help@moz.com)"
49.12.13.109 - - [20/Oct/2022:11:27:24 +0200] "HEAD /pmwiki/pmwiki.php HTTP/1.1" 200 0 "-" "Alert_Alligator_webmonitoring_service_1.6.3_(alertalligator.com)"
159.223.61.190 - - [20/Oct/2022:12:16:24 +0200] "GET /xltavrat.php HTTP/1.1" 404 1181 "-" "Mozilla/5.0 (Windows NT 10.0; Win64; x64) AppleWebKit/537.36 (KHTML, like Gecko) Chrome/90.0.4430.212 Safari/537.36"
159.223.61.190 - - [20/Oct/2022:12:16:24 +0200] "GET /xleet.php HTTP/1.1" 404 1181 "-" "Mozilla/5.0 (Windows NT 10.0; Win64; x64; rv:84.0) Gecko/20100101 Firefox/84.0"
159.223.61.190 - - [20/Oct/2022:12:16:24 +0200] "GET /admin.php HTTP/1.1" 404 1181 "-" "Mozilla/5.0 (Windows NT 10.0; Win64; x64) AppleWebKit/537.36 (KHTML, like Gecko) Chrome/86.0.4240.75 Safari/537.36"
159.223.61.190 - - [20/Oct/2022:12:16:24 +0200] "GET /takeout.php HTTP/1.1" 404 1181 "-" "Mozilla/5.0 (X11; Linux x86_64) AppleWebKit/537.36 (KHTML, like Gecko) HeadlessChrome/88.0.4298.0 Safari/537.36"
159.223.61.190 - - [20/Oct/2022:12:16:24 +0200] "GET /sh3llx.php HTTP/1.1" 404 1181 "-" "Mozilla/5.0 (Linux; Android 10; HRY-LX1) AppleWebKit/537.36 (KHTML, like Gecko) Chrome/84.0.4147.125 Mobile Safari/537.36"
159.223.61.190 - - [20/Oct/2022:12:16:24 +0200] "GET /xleet-shell.php HTTP/1.1" 404 1181 "-" "Mozilla/5.0 (Linux; Android 10; Mi Note 10 Pro) AppleWebKit/537.36 (KHTML, like Gecko) Chrome/83.0.4103.106 Mobile Safari/537.36"
159.223.61.190 - - [20/Oct/2022:12:16:24 +0200] "GET /jindex.php HTTP/1.1" 404 1181 "-" "Mozilla/5.0 (iPhone; CPU iPhone OS 14_6 like Mac OS X) AppleWebKit/605.1.15 (KHTML, like Gecko) Version/14.1.1 Mobile/15E148 Safari/604.1"
159.223.61.190 - - [20/Oct/2022:12:16:24 +0200] "GET /xlet.php HTTP/1.1" 404 1181 "-" "Mozilla/5.0 (Windows NT 5.1) AppleWebKit/537.36 (KHTML, like Gecko) Chrome/69.0.3497.81 Safari/537.36 Maxthon/5.3.8.2000"
114.119.129.107 - - [20/Oct/2022:12:23:00 +0200] "GET /pmwiki/pmwiki.php/Main/CenZored?action=upload HTTP/1.1" 200 12282 "http://swpat.zpok.hu/pmwiki/pmwiki.php/Main/CenZored" "Mozilla/5.0 (Linux; Android 7.0;) AppleWebKit/537.36 (KHTML, like Gecko) Mobile Safari/537.36 (compatible; PetalBot;+https://webmaster.petalsearch.com/site/petalbot)"
212.237.23.143 - - [20/Oct/2022:12:23:13 +0200] "HEAD /pmwiki/pmwiki.php HTTP/1.1" 200 0 "-" "Alert_Alligator_webmonitoring_service_1.6.4_(alertalligator.com)"
114.119.128.58 - - [20/Oct/2022:12:45:23 +0200] "GET /pmwiki/pmwiki.php/Main/BMEKonferencia?action=edit HTTP/1.1" 200 12494 "http://swpat.zpok.hu/pmwiki/pmwiki.php/Main/BMEKonferencia" "Mozilla/5.0 (Linux; Android 7.0;) AppleWebKit/537.36 (KHTML, like Gecko) Mobile Safari/537.36 (compatible; PetalBot;+https://webmaster.petalsearch.com/site/petalbot)"
212.237.23.143 - - [20/Oct/2022:13:24:03 +0200] "HEAD /pmwiki/pmwiki.php HTTP/1.1" 200 0 "-" "Alert_Alligator_webmonitoring_service_1.6.4_(alertalligator.com)"
114.119.129.107 - - [20/Oct/2022:13:29:53 +0200] "GET /pmwiki/pmwiki.php/Main/Ipr?action=upload HTTP/1.1" 200 12202 "http://swpat.zpok.hu/pmwiki/pmwiki.php/Main/Ipr" "Mozilla/5.0 (Linux; Android 7.0;) AppleWebKit/537.36 (KHTML, like Gecko) Mobile Safari/537.36 (compatible; PetalBot;+https://webmaster.petalsearch.com/site/petalbot)"
114.119.128.6 - - [20/Oct/2022:13:33:10 +0200] "GET /pmwiki/pmwiki.php/Main/Tud%E1smonop%F3lium?action=diff HTTP/1.1" 200 29474 "http://swpat.zpok.hu/pmwiki/pmwiki.php/Main/Tud%e1smonop%f3lium" "Mozilla/5.0 (Linux; Android 7.0;) AppleWebKit/537.36 (KHTML, like Gecko) Mobile Safari/537.36 (compatible; PetalBot;+https://webmaster.petalsearch.com/site/petalbot)"
114.119.129.110 - - [20/Oct/2022:14:09:08 +0200] "GET /pmwiki/pmwiki.php/Main/2005Szeptember2?action=edit HTTP/1.1" 200 12510 "http://swpat.zpok.hu/pmwiki/pmwiki.php/Main/2005Szeptember2" "Mozilla/5.0 (Linux; Android 7.0;) AppleWebKit/537.36 (KHTML, like Gecko) Mobile Safari/537.36 (compatible; PetalBot;+https://webmaster.petalsearch.com/site/petalbot)"
49.12.13.109 - - [20/Oct/2022:14:23:10 +0200] "HEAD /pmwiki/pmwiki.php HTTP/1.1" 200 0 "-" "Alert_Alligator_webmonitoring_service_1.6.3_(alertalligator.com)"
157.90.209.78 - - [20/Oct/2022:14:24:49 +0200] "GET /robots.txt HTTP/1.1" 404 1181 "-" "Mozilla/5.0 (compatible; BLEXBot/1.0; +http://webmeup-crawler.com/)"
157.90.209.78 - - [20/Oct/2022:14:24:49 +0200] "GET /sitemap HTTP/1.1" 404 1181 "-" "Mozilla/5.0 (compatible; BLEXBot/1.0; +http://webmeup-crawler.com/)"
157.90.209.78 - - [20/Oct/2022:14:24:54 +0200] "GET /sitemap.txt HTTP/1.1" 404 1181 "-" "Mozilla/5.0 (compatible; BLEXBot/1.0; +http://webmeup-crawler.com/)"
157.90.209.78 - - [20/Oct/2022:14:24:59 +0200] "GET /pmwiki/pmwiki.php HTTP/1.1" 200 37269 "-" "Mozilla/5.0 (compatible; BLEXBot/1.0; +http://webmeup-crawler.com/)"
157.90.209.78 - - [20/Oct/2022:14:25:03 +0200] "GET /pmwiki/pmwiki.php/Main HTTP/1.1" 302 186 "-" "Mozilla/5.0 (compatible; BLEXBot/1.0; +http://webmeup-crawler.com/)"
157.90.209.78 - - [20/Oct/2022:14:25:04 +0200] "GET /pmwiki/pmwiki.php/Main/HomePage HTTP/1.1" 200 37269 "-" "Mozilla/5.0 (compatible; BLEXBot/1.0; +http://webmeup-crawler.com/)"
157.90.209.78 - - [20/Oct/2022:14:25:07 +0200] "GET /pmwiki/pmwiki.php/Main/ABundestagT%EF%BF%BDmogatjaAzEur%EF%BF%BDpaiParlamentet HTTP/1.1" 302 189 "-" "Mozilla/5.0 (compatible; BLEXBot/1.0; +http://webmeup-crawler.com/)"
157.90.209.78 - - [20/Oct/2022:14:25:07 +0200] "GET /pmwiki/pmwiki.php/Main/ABundestagT HTTP/1.1" 404 11974 "-" "Mozilla/5.0 (compatible; BLEXBot/1.0; +http://webmeup-crawler.com/)"
157.90.209.78 - - [20/Oct/2022:14:25:10 +0200] "GET /pmwiki/pmwiki.php/Main/ADRMH%EF%BF%BDtr%EF%BF%BDnyai HTTP/1.1" 302 183 "-" "Mozilla/5.0 (compatible; BLEXBot/1.0; +http://webmeup-crawler.com/)"
157.90.209.78 - - [20/Oct/2022:14:25:11 +0200] "GET /pmwiki/pmwiki.php/Main/ADRMH HTTP/1.1" 404 11878 "-" "Mozilla/5.0 (compatible; BLEXBot/1.0; +http://webmeup-crawler.com/)"
157.90.209.78 - - [20/Oct/2022:14:25:16 +0200] "GET /pmwiki/pmwiki.php/Main/AJelenlegiSzerzoiJogiTorveny HTTP/1.1" 200 18664 "-" "Mozilla/5.0 (compatible; BLEXBot/1.0; +http://webmeup-crawler.com/)"
157.90.209.78 - - [20/Oct/2022:14:25:21 +0200] "GET /pmwiki/pmwiki.php/Main/AdelphiAlapokm%EF%BF%BDny HTTP/1.1" 302 192 "-" "Mozilla/5.0 (compatible; BLEXBot/1.0; +http://webmeup-crawler.com/)"
157.90.209.78 - - [20/Oct/2022:14:25:21 +0200] "GET /pmwiki/pmwiki.php/Main/AdelphiAlapokm HTTP/1.1" 404 12022 "-" "Mozilla/5.0 (compatible; BLEXBot/1.0; +http://webmeup-crawler.com/)"
157.90.209.78 - - [20/Oct/2022:14:25:25 +0200] "GET /pmwiki/pmwiki.php/Main/AzIPRJavaslat HTTP/1.1" 200 14797 "-" "Mozilla/5.0 (compatible; BLEXBot/1.0; +http://webmeup-crawler.com/)"
157.90.209.78 - - [20/Oct/2022:14:25:31 +0200] "GET /pmwiki/pmwiki.php/Main/BMEKonferencia HTTP/1.1" 200 14864 "-" "Mozilla/5.0 (compatible; BLEXBot/1.0; +http://webmeup-crawler.com/)"
157.90.209.78 - - [20/Oct/2022:14:25:34 +0200] "GET /pmwiki/pmwiki.php/Main/Befektet%EF%BF%BDsv%EF%BF%BDdelem HTTP/1.1" 302 186 "-" "Mozilla/5.0 (compatible; BLEXBot/1.0; +http://webmeup-crawler.com/)"
157.90.209.78 - - [20/Oct/2022:14:25:35 +0200] "GET /pmwiki/pmwiki.php/Main/Befektet HTTP/1.1" 404 11926 "-" "Mozilla/5.0 (compatible; BLEXBot/1.0; +http://webmeup-crawler.com/)"
157.90.209.78 - - [20/Oct/2022:14:25:39 +0200] "GET /pmwiki/pmwiki.php/Main/C%EF%BF%BDlok HTTP/1.1" 302 179 "-" "Mozilla/5.0 (compatible; BLEXBot/1.0; +http://webmeup-crawler.com/)"
157.90.209.78 - - [20/Oct/2022:14:25:39 +0200] "GET /pmwiki/pmwiki.php/Main/C HTTP/1.1" 404 11814 "-" "Mozilla/5.0 (compatible; BLEXBot/1.0; +http://webmeup-crawler.com/)"
157.90.209.78 - - [20/Oct/2022:14:25:43 +0200] "GET /pmwiki/pmwiki.php/Main/Cikkek HTTP/1.1" 200 66799 "-" "Mozilla/5.0 (compatible; BLEXBot/1.0; +http://webmeup-crawler.com/)"
157.90.209.78 - - [20/Oct/2022:14:25:47 +0200] "GET /pmwiki/pmwiki.php/Main/CikkekDRM HTTP/1.1" 200 18047 "-" "Mozilla/5.0 (compatible; BLEXBot/1.0; +http://webmeup-crawler.com/)"
157.90.209.78 - - [20/Oct/2022:14:25:51 +0200] "GET /pmwiki/pmwiki.php/Main/CikkekPrivacy HTTP/1.1" 200 12503 "-" "Mozilla/5.0 (compatible; BLEXBot/1.0; +http://webmeup-crawler.com/)"
157.90.209.78 - - [20/Oct/2022:14:25:55 +0200] "GET /pmwiki/pmwiki.php/Main/DRM HTTP/1.1" 200 14856 "-" "Mozilla/5.0 (compatible; BLEXBot/1.0; +http://webmeup-crawler.com/)"
157.90.209.78 - - [20/Oct/2022:14:25:59 +0200] "GET /pmwiki/pmwiki.php/Main/DRMMunkacsoport HTTP/1.1" 200 12700 "-" "Mozilla/5.0 (compatible; BLEXBot/1.0; +http://webmeup-crawler.com/)"
157.90.209.78 - - [20/Oct/2022:14:26:02 +0200] "GET /pmwiki/pmwiki.php/Main/Direkt%EF%BF%BDva HTTP/1.1" 302 184 "-" "Mozilla/5.0 (compatible; BLEXBot/1.0; +http://webmeup-crawler.com/)"
157.90.209.78 - - [20/Oct/2022:14:26:02 +0200] "GET /pmwiki/pmwiki.php/Main/Direkt HTTP/1.1" 404 11894 "-" "Mozilla/5.0 (compatible; BLEXBot/1.0; +http://webmeup-crawler.com/)"
157.90.209.78 - - [20/Oct/2022:14:26:06 +0200] "GET /pmwiki/pmwiki.php/Main/Doksik HTTP/1.1" 200 14123 "-" "Mozilla/5.0 (compatible; BLEXBot/1.0; +http://webmeup-crawler.com/)"
157.90.209.78 - - [20/Oct/2022:14:26:09 +0200] "GET /pmwiki/pmwiki.php/Main/EUCD HTTP/1.1" 200 12963 "-" "Mozilla/5.0 (compatible; BLEXBot/1.0; +http://webmeup-crawler.com/)"
157.90.209.78 - - [20/Oct/2022:14:26:13 +0200] "GET /pmwiki/pmwiki.php/Main/FAQ HTTP/1.1" 200 17652 "-" "Mozilla/5.0 (compatible; BLEXBot/1.0; +http://webmeup-crawler.com/)"
157.90.209.78 - - [20/Oct/2022:14:26:16 +0200] "GET /pmwiki/pmwiki.php/Main/Gazdas%EF%BF%BDgiOldal HTTP/1.1" 302 184 "-" "Mozilla/5.0 (compatible; BLEXBot/1.0; +http://webmeup-crawler.com/)"
157.90.209.78 - - [20/Oct/2022:14:26:16 +0200] "GET /pmwiki/pmwiki.php/Main/Gazdas HTTP/1.1" 404 11894 "-" "Mozilla/5.0 (compatible; BLEXBot/1.0; +http://webmeup-crawler.com/)"
157.90.209.78 - - [20/Oct/2022:14:26:23 +0200] "GET /pmwiki/pmwiki.php/Main/Google HTTP/1.1" 200 25006 "-" "Mozilla/5.0 (compatible; BLEXBot/1.0; +http://webmeup-crawler.com/)"
157.90.209.78 - - [20/Oct/2022:14:26:28 +0200] "GET /pmwiki/pmwiki.php/Main/H%EF%BF%BDrek HTTP/1.1" 302 179 "-" "Mozilla/5.0 (compatible; BLEXBot/1.0; +http://webmeup-crawler.com/)"
157.90.209.78 - - [20/Oct/2022:14:26:28 +0200] "GET /pmwiki/pmwiki.php/Main/H HTTP/1.1" 404 11814 "-" "Mozilla/5.0 (compatible; BLEXBot/1.0; +http://webmeup-crawler.com/)"
157.90.209.78 - - [20/Oct/2022:14:26:32 +0200] "GET /pmwiki/pmwiki.php/Main/HeringgelMegval%EF%BF%BDs%EF%BF%BDtottTal%EF%BF%BDlm%EF%BF%BDnyok HTTP/1.1" 302 193 "-" "Mozilla/5.0 (compatible; BLEXBot/1.0; +http://webmeup-crawler.com/)"
157.90.209.78 - - [20/Oct/2022:14:26:32 +0200] "GET /pmwiki/pmwiki.php/Main/HeringgelMegval HTTP/1.1" 404 12038 "-" "Mozilla/5.0 (compatible; BLEXBot/1.0; +http://webmeup-crawler.com/)"
157.90.209.78 - - [20/Oct/2022:14:26:37 +0200] "GET /pmwiki/pmwiki.php/Main/HomePage HTTP/1.1" 200 37269 "-" "Mozilla/5.0 (compatible; BLEXBot/1.0; +http://webmeup-crawler.com/)"
157.90.209.78 - - [20/Oct/2022:14:26:47 +0200] "GET /pmwiki/pmwiki.php/Main/HomePage?action=diff HTTP/1.1" 200 115393 "-" "Mozilla/5.0 (compatible; BLEXBot/1.0; +http://webmeup-crawler.com/)"
157.90.209.78 - - [20/Oct/2022:14:26:51 +0200] "GET /pmwiki/pmwiki.php/Main/HomePage?action=edit HTTP/1.1" 200 12401 "-" "Mozilla/5.0 (compatible; BLEXBot/1.0; +http://webmeup-crawler.com/)"
157.90.209.78 - - [20/Oct/2022:14:27:03 +0200] "GET /pmwiki/pmwiki.php/Main/HomePage?action=print HTTP/1.1" 200 27869 "-" "Mozilla/5.0 (compatible; BLEXBot/1.0; +http://webmeup-crawler.com/)"
157.90.209.78 - - [20/Oct/2022:14:27:09 +0200] "GET /pmwiki/pmwiki.php/Main/HomePage?action=upload HTTP/1.1" 200 12281 "-" "Mozilla/5.0 (compatible; BLEXBot/1.0; +http://webmeup-crawler.com/)"
157.90.209.78 - - [20/Oct/2022:14:27:13 +0200] "GET /pmwiki/pmwiki.php/Main/Ipr HTTP/1.1" 200 13258 "-" "Mozilla/5.0 (compatible; BLEXBot/1.0; +http://webmeup-crawler.com/)"
157.90.209.78 - - [20/Oct/2022:14:27:18 +0200] "GET /pmwiki/pmwiki.php/Main/JogiOldal HTTP/1.1" 200 26044 "-" "Mozilla/5.0 (compatible; BLEXBot/1.0; +http://webmeup-crawler.com/)"
157.90.209.78 - - [20/Oct/2022:14:27:23 +0200] "GET /pmwiki/pmwiki.php/Main/LehetsegesJavitasokEuropaban HTTP/1.1" 200 14070 "-" "Mozilla/5.0 (compatible; BLEXBot/1.0; +http://webmeup-crawler.com/)"
157.90.209.78 - - [20/Oct/2022:14:27:28 +0200] "GET /pmwiki/pmwiki.php/Main/Linkek HTTP/1.1" 200 28889 "-" "Mozilla/5.0 (compatible; BLEXBot/1.0; +http://webmeup-crawler.com/)"
157.90.209.78 - - [20/Oct/2022:14:27:32 +0200] "GET /pmwiki/pmwiki.php/Main/Marc08essay HTTP/1.1" 200 18792 "-" "Mozilla/5.0 (compatible; BLEXBot/1.0; +http://webmeup-crawler.com/)"
157.90.209.78 - - [20/Oct/2022:14:27:37 +0200] "GET /pmwiki/pmwiki.php/Main/MiADRM? HTTP/1.1" 200 12869 "-" "Mozilla/5.0 (compatible; BLEXBot/1.0; +http://webmeup-crawler.com/)"
157.90.209.78 - - [20/Oct/2022:14:27:41 +0200] "GET /pmwiki/pmwiki.php/Main/Minimum HTTP/1.1" 200 15284 "-" "Mozilla/5.0 (compatible; BLEXBot/1.0; +http://webmeup-crawler.com/)"
157.90.209.78 - - [20/Oct/2022:14:27:50 +0200] "GET /pmwiki/pmwiki.php/Main/MitTehetek? HTTP/1.1" 200 13755 "-" "Mozilla/5.0 (compatible; BLEXBot/1.0; +http://webmeup-crawler.com/)"
157.90.209.78 - - [20/Oct/2022:14:27:54 +0200] "GET /pmwiki/pmwiki.php/Main/Nyilatkozatok HTTP/1.1" 200 16071 "-" "Mozilla/5.0 (compatible; BLEXBot/1.0; +http://webmeup-crawler.com/)"
157.90.209.78 - - [20/Oct/2022:14:27:58 +0200] "GET /pmwiki/pmwiki.php/Main/RocardEp2 HTTP/1.1" 200 28076 "-" "Mozilla/5.0 (compatible; BLEXBot/1.0; +http://webmeup-crawler.com/)"
157.90.209.78 - - [20/Oct/2022:14:28:01 +0200] "GET /pmwiki/pmwiki.php/Main/Sajt%EF%BF%BDanyag HTTP/1.1" 302 182 "-" "Mozilla/5.0 (compatible; BLEXBot/1.0; +http://webmeup-crawler.com/)"
157.90.209.78 - - [20/Oct/2022:14:28:01 +0200] "GET /pmwiki/pmwiki.php/Main/Sajt HTTP/1.1" 404 11862 "-" "Mozilla/5.0 (compatible; BLEXBot/1.0; +http://webmeup-crawler.com/)"
157.90.209.78 - - [20/Oct/2022:14:28:06 +0200] "GET /pmwiki/pmwiki.php/Main/SideBar?action=edit HTTP/1.1" 200 12384 "-" "Mozilla/5.0 (compatible; BLEXBot/1.0; +http://webmeup-crawler.com/)"
157.90.209.78 - - [20/Oct/2022:14:28:09 +0200] "GET /pmwiki/pmwiki.php/Main/SzoftverSzabadalmak HTTP/1.1" 200 15057 "-" "Mozilla/5.0 (compatible; BLEXBot/1.0; +http://webmeup-crawler.com/)"
157.90.209.78 - - [20/Oct/2022:14:28:13 +0200] "GET /pmwiki/pmwiki.php/Main/Telefonon HTTP/1.1" 200 16251 "-" "Mozilla/5.0 (compatible; BLEXBot/1.0; +http://webmeup-crawler.com/)"
157.90.209.78 - - [20/Oct/2022:14:28:18 +0200] "GET /pmwiki/pmwiki.php/Main/ThankYouPoland HTTP/1.1" 200 13952 "-" "Mozilla/5.0 (compatible; BLEXBot/1.0; +http://webmeup-crawler.com/)"
157.90.209.78 - - [20/Oct/2022:14:28:21 +0200] "GET /pmwiki/pmwiki.php/Main/Tud%EF%BF%BDsmonop%EF%BF%BDlium HTTP/1.1" 302 181 "-" "Mozilla/5.0 (compatible; BLEXBot/1.0; +http://webmeup-crawler.com/)"
157.90.209.78 - - [20/Oct/2022:14:28:21 +0200] "GET /pmwiki/pmwiki.php/Main/Tud HTTP/1.1" 404 11846 "-" "Mozilla/5.0 (compatible; BLEXBot/1.0; +http://webmeup-crawler.com/)"
157.90.209.78 - - [20/Oct/2022:14:28:25 +0200] "GET /pmwiki/pmwiki.php/Main/V%EF%BF%BDdelmiP%EF%BF%BDnz HTTP/1.1" 302 179 "-" "Mozilla/5.0 (compatible; BLEXBot/1.0; +http://webmeup-crawler.com/)"
157.90.209.78 - - [20/Oct/2022:14:28:25 +0200] "GET /pmwiki/pmwiki.php/Main/V HTTP/1.1" 404 11814 "-" "Mozilla/5.0 (compatible; BLEXBot/1.0; +http://webmeup-crawler.com/)"
157.90.209.78 - - [20/Oct/2022:14:28:35 +0200] "GET /pmwiki/pmwiki.php/Main/Virsligy%EF%BF%BDr HTTP/1.1" 302 186 "-" "Mozilla/5.0 (compatible; BLEXBot/1.0; +http://webmeup-crawler.com/)"
157.90.209.78 - - [20/Oct/2022:14:28:35 +0200] "GET /pmwiki/pmwiki.php/Main/Virsligy HTTP/1.1" 404 11926 "-" "Mozilla/5.0 (compatible; BLEXBot/1.0; +http://webmeup-crawler.com/)"
157.90.209.78 - - [20/Oct/2022:14:28:39 +0200] "GET /pmwiki/pmwiki.php/Main/WikiSandbox HTTP/1.1" 200 12116 "-" "Mozilla/5.0 (compatible; BLEXBot/1.0; +http://webmeup-crawler.com/)"
157.90.209.78 - - [20/Oct/2022:14:28:42 +0200] "GET /pmwiki/pmwiki.php/PmWiki/ChangeLog HTTP/1.1" 200 44191 "-" "Mozilla/5.0 (compatible; BLEXBot/1.0; +http://webmeup-crawler.com/)"
157.90.209.78 - - [20/Oct/2022:14:28:47 +0200] "GET /pmwiki/pmwiki.php/PmWiki/ChangesFromPmWiki1 HTTP/1.1" 200 19777 "-" "Mozilla/5.0 (compatible; BLEXBot/1.0; +http://webmeup-crawler.com/)"
157.90.209.78 - - [20/Oct/2022:14:28:51 +0200] "GET /pmwiki/pmwiki.php/PmWiki/DocumentationIndex HTTP/1.1" 200 18850 "-" "Mozilla/5.0 (compatible; BLEXBot/1.0; +http://webmeup-crawler.com/)"
157.90.209.78 - - [20/Oct/2022:14:28:57 +0200] "GET /pmwiki/pmwiki.php/PmWiki/FAQ HTTP/1.1" 200 23861 "-" "Mozilla/5.0 (compatible; BLEXBot/1.0; +http://webmeup-crawler.com/)"
157.90.209.78 - - [20/Oct/2022:14:29:02 +0200] "GET /pmwiki/pmwiki.php/PmWiki/Installation HTTP/1.1" 200 17595 "-" "Mozilla/5.0 (compatible; BLEXBot/1.0; +http://webmeup-crawler.com/)"
157.90.209.78 - - [20/Oct/2022:14:29:08 +0200] "GET /pmwiki/pmwiki.php/PmWiki/PmWiki HTTP/1.1" 200 116458 "-" "Mozilla/5.0 (compatible; BLEXBot/1.0; +http://webmeup-crawler.com/)"
157.90.209.78 - - [20/Oct/2022:14:29:16 +0200] "GET /pmwiki/pmwiki.php/PmWiki/PmWikiPhilosophy HTTP/1.1" 200 16736 "-" "Mozilla/5.0 (compatible; BLEXBot/1.0; +http://webmeup-crawler.com/)"
157.90.209.78 - - [20/Oct/2022:14:29:21 +0200] "GET /pmwiki/pmwiki.php/PmWiki/ReleaseNotes HTTP/1.1" 200 29978 "-" "Mozilla/5.0 (compatible; BLEXBot/1.0; +http://webmeup-crawler.com/)"
157.90.209.78 - - [20/Oct/2022:14:29:25 +0200] "GET /pmwiki/pmwiki.php/PmWiki/TipsForEditing HTTP/1.1" 200 15017 "-" "Mozilla/5.0 (compatible; BLEXBot/1.0; +http://webmeup-crawler.com/)"
114.119.128.58 - - [20/Oct/2022:14:43:33 +0200] "GET /pmwiki/pmwiki.php/Main/2004Augusztus18?action=diff HTTP/1.1" 200 14665 "http://swpat.zpok.hu/pmwiki/pmwiki.php/Main/2004Augusztus18" "Mozilla/5.0 (Linux; Android 7.0;) AppleWebKit/537.36 (KHTML, like Gecko) Mobile Safari/537.36 (compatible; PetalBot;+https://webmaster.petalsearch.com/site/petalbot)"
216.244.66.203 - - [20/Oct/2022:15:07:40 +0200] "GET /robots.txt HTTP/1.1" 404 1181 "-" "Mozilla/5.0 (compatible; DotBot/1.2; +https://opensiteexplorer.org/dotbot; help@moz.com)"
114.119.129.110 - - [20/Oct/2022:15:15:29 +0200] "GET /pmwiki/pmwiki.php/Main/2005M%E1rciusiK%F6z%F6sNyilatkozat?action=upload HTTP/1.1" 200 12682 "http://swpat.zpok.hu/pmwiki/pmwiki.php/Main/2005M%e1rciusiK%f6z%f6sNyilatkozat" "Mozilla/5.0 (Linux; Android 7.0;) AppleWebKit/537.36 (KHTML, like Gecko) Mobile Safari/537.36 (compatible; PetalBot;+https://webmaster.petalsearch.com/site/petalbot)"
216.244.66.203 - - [20/Oct/2022:15:18:05 +0200] "GET /pmwiki/pmwiki.php/Main/Direkt%EDva?action=edit&restore=diff:1122898677:1122891683:minor&preview=y HTTP/1.1" 200 12497 "-" "Mozilla/5.0 (compatible; DotBot/1.2; +https://opensiteexplorer.org/dotbot; help@moz.com)"
216.244.66.203 - - [20/Oct/2022:15:18:10 +0200] "GET /pmwiki/pmwiki.php/Main/K%F6zlem%E9nye?action=edit&restore=diff:1119252666:1119252666:minor&preview=y HTTP/1.1" 200 12537 "-" "Mozilla/5.0 (compatible; DotBot/1.2; +https://opensiteexplorer.org/dotbot; help@moz.com)"
212.237.23.143 - - [20/Oct/2022:15:18:41 +0200] "HEAD /pmwiki/pmwiki.php HTTP/1.1" 200 0 "-" "Alert_Alligator_webmonitoring_service_1.6.4_(alertalligator.com)"
216.244.66.203 - - [20/Oct/2022:15:59:42 +0200] "GET /robots.txt HTTP/1.1" 404 1181 "-" "Mozilla/5.0 (compatible; DotBot/1.2; +https://opensiteexplorer.org/dotbot; help@moz.com)"
212.237.23.143 - - [20/Oct/2022:16:14:03 +0200] "HEAD /pmwiki/pmwiki.php HTTP/1.1" 200 0 "-" "Alert_Alligator_webmonitoring_service_1.6.4_(alertalligator.com)"
114.119.128.58 - - [20/Oct/2022:16:18:09 +0200] "GET /pmwiki/pmwiki.php/Main/LehetsegesJavitasokEuropaban?action=edit HTTP/1.1" 200 12718 "http://swpat.zpok.hu/pmwiki/pmwiki.php/Main/LehetsegesJavitasokEuropaban" "Mozilla/5.0 (Linux; Android 7.0;) AppleWebKit/537.36 (KHTML, like Gecko) Mobile Safari/537.36 (compatible; PetalBot;+https://webmaster.petalsearch.com/site/petalbot)"
216.244.66.203 - - [20/Oct/2022:16:20:06 +0200] "GET /pmwiki/pmwiki.php/Main/Cikkek?action=edit&restore=diff:1121084781:1121081034:minor&preview=y HTTP/1.1" 200 12422 "-" "Mozilla/5.0 (compatible; DotBot/1.2; +https://opensiteexplorer.org/dotbot; help@moz.com)"
216.244.66.203 - - [20/Oct/2022:16:20:11 +0200] "GET /pmwiki/pmwiki.php/Main/SideBar?action=edit&restore=diff:1123155542:1123155444:minor&preview=y HTTP/1.1" 200 12435 "-" "Mozilla/5.0 (compatible; DotBot/1.2; +https://opensiteexplorer.org/dotbot; help@moz.com)"
181.41.206.88 - - [20/Oct/2022:16:43:43 +0200] "GET /pmwiki/pmwiki.php/Main/Linkek HTTP/1.1" 200 28889 "http://swpat.zpok.hu" "Mozilla/5.0 (Windows NT 10.0; Win64; x64) AppleWebKit/537.36 (KHTML, like Gecko) Chrome/62.0.3202.94 Safari/537.36"
49.12.13.109 - - [20/Oct/2022:17:13:10 +0200] "HEAD /pmwiki/pmwiki.php HTTP/1.1" 200 0 "-" "Alert_Alligator_webmonitoring_service_1.6.3_(alertalligator.com)"
185.220.101.29 - - [20/Oct/2022:17:18:50 +0200] "GET / HTTP/1.1" 302 5 "http://swpat.zpok.hu" "Mozilla/5.0 (Windows NT 10.0; Win64; x64) AppleWebKit/537.36 (KHTML, like Gecko) Chrome/86.0.4240.183 Safari/537.36"
185.220.101.29 - - [20/Oct/2022:17:18:51 +0200] "GET /pmwiki/pmwiki.php HTTP/1.1" 200 37269 "http://swpat.zpok.hu" "Mozilla/5.0 (Windows NT 10.0; Win64; x64) AppleWebKit/537.36 (KHTML, like Gecko) Chrome/86.0.4240.183 Safari/537.36"
185.191.171.23 - - [20/Oct/2022:17:21:10 +0200] "GET /robots.txt HTTP/1.1" 404 1181 "-" "Mozilla/5.0 (compatible; SemrushBot/7~bl; +http://www.semrush.com/bot.html)"
185.191.171.2 - - [20/Oct/2022:17:21:11 +0200] "GET /pmwiki/pmwiki.php/PmWiki/WikiSandbox HTTP/1.1" 302 213 "-" "Mozilla/5.0 (compatible; SemrushBot/7~bl; +http://www.semrush.com/bot.html)"
185.191.171.16 - - [20/Oct/2022:17:21:12 +0200] "GET /sitemap.xml HTTP/1.1" 404 1181 "-" "Mozilla/5.0 (compatible; SemrushBot/7~bl; +http://www.semrush.com/bot.html)"
185.191.171.15 - - [20/Oct/2022:17:21:12 +0200] "GET /pmwiki/pmwiki.php/Main/WikiSandbox?from=PmWiki.WikiSandbox HTTP/1.1" 200 12279 "-" "Mozilla/5.0 (compatible; SemrushBot/7~bl; +http://www.semrush.com/bot.html)"
216.244.66.203 - - [20/Oct/2022:17:41:57 +0200] "GET /robots.txt HTTP/1.1" 404 1181 "-" "Mozilla/5.0 (compatible; DotBot/1.2; +https://opensiteexplorer.org/dotbot; help@moz.com)"
185.191.171.24 - - [20/Oct/2022:17:49:45 +0200] "GET /pmwiki/pmwiki.php/PmWiki HTTP/1.1" 302 186 "-" "Mozilla/5.0 (compatible; SemrushBot/7~bl; +http://www.semrush.com/bot.html)"
185.191.171.3 - - [20/Oct/2022:17:49:48 +0200] "GET /pmwiki/pmwiki.php/PmWiki/PmWiki HTTP/1.1" 200 116458 "-" "Mozilla/5.0 (compatible; SemrushBot/7~bl; +http://www.semrush.com/bot.html)"
216.244.66.203 - - [20/Oct/2022:17:58:48 +0200] "GET /pmwiki/pmwiki.php/Main/Tud%E1smonop%F3lium?action=edit&restore=diff:1122544015:1122371731:minor&preview=y HTTP/1.1" 200 12617 "-" "Mozilla/5.0 (compatible; DotBot/1.2; +https://opensiteexplorer.org/dotbot; help@moz.com)"
212.237.51.151 - - [20/Oct/2022:17:59:22 +0200] "HEAD /pmwiki/pmwiki.php HTTP/1.1" 200 0 "-" "Alert_Alligator_webmonitoring_service_1.6.4_(alertalligator.com)"
114.119.128.58 - - [20/Oct/2022:18:24:13 +0200] "GET /pmwiki/pmwiki.php/Main/SMELie HTTP/1.1" 200 13592 "http://swpat.zpok.hu/pmwiki/pmwiki.php/Main/BMEKonferencia" "Mozilla/5.0 (Linux; Android 7.0;) AppleWebKit/537.36 (KHTML, like Gecko) Mobile Safari/537.36 (compatible; PetalBot;+https://webmaster.petalsearch.com/site/petalbot)"
212.237.51.151 - - [20/Oct/2022:18:47:42 +0200] "HEAD /pmwiki/pmwiki.php HTTP/1.1" 200 0 "-" "Alert_Alligator_webmonitoring_service_1.6.4_(alertalligator.com)"
114.119.129.110 - - [20/Oct/2022:19:37:50 +0200] "GET /pmwiki/pmwiki.php/Main/Telefonon?action=diff HTTP/1.1" 200 26833 "http://swpat.zpok.hu/pmwiki/pmwiki.php/Main/Telefonon" "Mozilla/5.0 (Linux; Android 7.0;) AppleWebKit/537.36 (KHTML, like Gecko) Mobile Safari/537.36 (compatible; PetalBot;+https://webmaster.petalsearch.com/site/petalbot)"
212.237.53.115 - - [20/Oct/2022:19:43:32 +0200] "HEAD /pmwiki/pmwiki.php HTTP/1.1" 200 0 "-" "Alert_Alligator_webmonitoring_service_1.6.4_(alertalligator.com)"
185.191.171.6 - - [20/Oct/2022:20:15:58 +0200] "GET /robots.txt HTTP/1.1" 404 1181 "-" "Mozilla/5.0 (compatible; SemrushBot/7~bl; +http://www.semrush.com/bot.html)"
185.191.171.25 - - [20/Oct/2022:20:16:00 +0200] "GET / HTTP/1.1" 302 5 "-" "Mozilla/5.0 (compatible; SemrushBot/7~bl; +http://www.semrush.com/bot.html)"
185.191.171.16 - - [20/Oct/2022:20:16:02 +0200] "GET /pmwiki/pmwiki.php HTTP/1.1" 200 37269 "-" "Mozilla/5.0 (compatible; SemrushBot/7~bl; +http://www.semrush.com/bot.html)"
114.119.128.6 - - [20/Oct/2022:20:26:18 +0200] "GET /pmwiki/pmwiki.php/Main/Nyilatkozat?action=upload HTTP/1.1" 200 12330 "http://swpat.zpok.hu/pmwiki/pmwiki.php/Main/Nyilatkozat" "Mozilla/5.0 (Linux; Android 7.0;) AppleWebKit/537.36 (KHTML, like Gecko) Mobile Safari/537.36 (compatible; PetalBot;+https://webmaster.petalsearch.com/site/petalbot)"
114.119.128.6 - - [20/Oct/2022:20:32:25 +0200] "GET /pmwiki/pmwiki.php/Main/BillGates%C9sM%E1sKommunist%E1k?action=edit HTTP/1.1" 200 12758 "http://swpat.zpok.hu/pmwiki/pmwiki.php/Main/BillGates%c9sM%e1sKommunist%e1k" "Mozilla/5.0 (Linux; Android 7.0;) AppleWebKit/537.36 (KHTML, like Gecko) Mobile Safari/537.36 (compatible; PetalBot;+https://webmaster.petalsearch.com/site/petalbot)"
49.12.13.109 - - [20/Oct/2022:20:42:35 +0200] "HEAD /pmwiki/pmwiki.php HTTP/1.1" 200 0 "-" "Alert_Alligator_webmonitoring_service_1.6.3_(alertalligator.com)"
114.119.128.58 - - [20/Oct/2022:20:50:54 +0200] "GET /pmwiki/pmwiki.php/Main/HarcT%EDzITSzabadalomEllen?action=diff HTTP/1.1" 200 16498 "http://swpat.zpok.hu/pmwiki/pmwiki.php/Main/HarcT%edzITSzabadalomEllen" "Mozilla/5.0 (Linux; Android 7.0;) AppleWebKit/537.36 (KHTML, like Gecko) Mobile Safari/537.36 (compatible; PetalBot;+https://webmaster.petalsearch.com/site/petalbot)"
114.119.128.58 - - [20/Oct/2022:21:13:54 +0200] "GET /pmwiki/pmwiki.php/Main/Lev%E9lAParlamentInformaitikaiBizotts%E1gaEln%F6k%E9nek?action=diff HTTP/1.1" 200 15560 "http://swpat.zpok.hu/pmwiki/pmwiki.php/Main/Lev%e9lAParlamentInformaitikaiBizotts%e1gaEln%f6k%e9nek" "Mozilla/5.0 (Linux; Android 7.0;) AppleWebKit/537.36 (KHTML, like Gecko) Mobile Safari/537.36 (compatible; PetalBot;+https://webmaster.petalsearch.com/site/petalbot)"
113.125.140.19 - - [20/Oct/2022:21:31:51 +0200] "GET / HTTP/1.1" 302 5 "-" "Mozilla/5.0 (iPhone; CPU iPhone OS 13_2_3 like Mac OS X) AppleWebKit/605.1.15 (KHTML, like Gecko) Version/13.0.3 Mobile/15E148 Safari/604.1"
212.237.23.143 - - [20/Oct/2022:21:39:24 +0200] "HEAD /pmwiki/pmwiki.php HTTP/1.1" 200 0 "-" "Alert_Alligator_webmonitoring_service_1.6.4_(alertalligator.com)"
54.36.149.22 - - [20/Oct/2022:21:42:34 +0200] "GET /robots.txt HTTP/1.1" 404 1181 "-" "Mozilla/5.0 (compatible; AhrefsBot/7.0; +http://ahrefs.com/robot/)"
54.36.148.67 - - [20/Oct/2022:21:42:40 +0200] "GET /pmwiki/pmwiki.php/Main/2005M%E1rcius8 HTTP/1.1" 200 30044 "-" "Mozilla/5.0 (compatible; AhrefsBot/7.0; +http://ahrefs.com/robot/)"
77.75.79.31 - - [20/Oct/2022:22:08:43 +0200] "GET /pmwiki/pmwiki.php/PmWiki/ChangesFromPmWiki1 HTTP/1.1" 200 19777 "-" "Mozilla/5.0 (compatible; SeznamBot/4.0-RC1; +http://napoveda.seznam.cz/seznambot-intro/)"
114.119.128.67 - - [20/Oct/2022:22:14:32 +0200] "GET /pmwiki/pmwiki.php/Main/2004Szeptember1?action=upload HTTP/1.1" 200 12390 "http://swpat.zpok.hu/pmwiki/pmwiki.php/Main/2004Szeptember1" "Mozilla/5.0 (Linux; Android 7.0;) AppleWebKit/537.36 (KHTML, like Gecko) Mobile Safari/537.36 (compatible; PetalBot;+https://webmaster.petalsearch.com/site/petalbot)"
114.119.128.58 - - [20/Oct/2022:22:34:41 +0200] "GET /pmwiki/pmwiki.php/Main/Marc08essay?action=diff HTTP/1.1" 200 76748 "http://swpat.zpok.hu/pmwiki/pmwiki.php/Main/Marc08essay" "Mozilla/5.0 (Linux; Android 7.0;) AppleWebKit/537.36 (KHTML, like Gecko) Mobile Safari/537.36 (compatible; PetalBot;+https://webmaster.petalsearch.com/site/petalbot)"
49.12.13.109 - - [20/Oct/2022:22:38:28 +0200] "HEAD /pmwiki/pmwiki.php HTTP/1.1" 200 0 "-" "Alert_Alligator_webmonitoring_service_1.6.3_(alertalligator.com)"
54.36.149.96 - - [20/Oct/2022:22:44:56 +0200] "GET /pmwiki/pmwiki.php/Main/MiADRM HTTP/1.1" 200 12869 "-" "Mozilla/5.0 (compatible; AhrefsBot/7.0; +http://ahrefs.com/robot/)"
212.237.51.151 - - [20/Oct/2022:23:22:07 +0200] "HEAD /pmwiki/pmwiki.php HTTP/1.1" 200 0 "-" "Alert_Alligator_webmonitoring_service_1.6.4_(alertalligator.com)"
209.107.204.48 - - [20/Oct/2022:23:37:42 +0200] "GET /pmwiki/pmwiki.php/Main/Linkek HTTP/1.1" 200 28889 "http://swpat.zpok.hu" "Mozilla/5.0 (Windows NT 10.0; Win64; x64) AppleWebKit/537.36 (KHTML, like Gecko) Chrome/62.0.3202.94 Safari/537.36"
114.119.128.67 - - [21/Oct/2022:00:08:29 +0200] "GET /pmwiki/pmwiki.php/Main/Tud%E1smonop%F3lium HTTP/1.1" 200 16773 "https://linuxdevices.org/chinese-150-linux-mini-pc-races-olpc-to-market/" "Mozilla/5.0 (Linux; Android 7.0;) AppleWebKit/537.36 (KHTML, like Gecko) Mobile Safari/537.36 (compatible; PetalBot;+https://webmaster.petalsearch.com/site/petalbot)"
185.191.171.41 - - [21/Oct/2022:00:10:40 +0200] "GET /robots.txt HTTP/1.1" 404 1181 "-" "Mozilla/5.0 (compatible; SemrushBot/7~bl; +http://www.semrush.com/bot.html)"
185.191.171.39 - - [21/Oct/2022:00:10:41 +0200] "GET /pmwiki/pmwiki.php/Main/Todo HTTP/1.1" 200 12537 "-" "Mozilla/5.0 (compatible; SemrushBot/7~bl; +http://www.semrush.com/bot.html)"
64.124.8.57 - - [21/Oct/2022:00:13:58 +0200] "GET /robots.txt HTTP/1.1" 404 1181 "-" "Mozilla/5.0 (X11; Linux x86_64) AppleWebKit/537.36 (KHTML, like Gecko) Chrome/61.0.3163.79 Safari/537.36"
64.124.8.57 - - [21/Oct/2022:00:14:00 +0200] "GET /pmwiki/pmwiki.php/PmWiki/ChangeLog HTTP/1.1" 200 44191 "-" "Mozilla/5.0 (X11; Linux x86_64) AppleWebKit/537.36 (KHTML, like Gecko) Chrome/61.0.3163.79 Safari/537.36"
93.158.161.60 - - [21/Oct/2022:00:15:06 +0200] "GET /robots.txt HTTP/1.1" 404 1181 "-" "Mozilla/5.0 (compatible; YandexBot/3.0; +http://yandex.com/bots)"
93.158.161.60 - - [21/Oct/2022:00:15:10 +0200] "GET /pmwiki/pmwiki.php/Main/Gazdas%E1giOldal?action=print HTTP/1.1" 200 9885 "-" "Mozilla/5.0 (compatible; YandexBot/3.0; +http://yandex.com/bots)"
49.12.13.109 - - [21/Oct/2022:00:21:11 +0200] "HEAD /pmwiki/pmwiki.php HTTP/1.1" 200 0 "-" "Alert_Alligator_webmonitoring_service_1.6.3_(alertalligator.com)"
114.119.128.6 - - [21/Oct/2022:00:23:07 +0200] "GET /pmwiki/pmwiki.php/Main/Nyilatkozat?action=print HTTP/1.1" 200 8881 "http://swpat.zpok.hu/pmwiki/pmwiki.php/Main/Nyilatkozat" "Mozilla/5.0 (Linux; Android 7.0;) AppleWebKit/537.36 (KHTML, like Gecko) Mobile Safari/537.36 (compatible; PetalBot;+https://webmaster.petalsearch.com/site/petalbot)"
185.191.171.24 - - [21/Oct/2022:00:58:09 +0200] "GET /robots.txt HTTP/1.1" 404 1181 "-" "Mozilla/5.0 (compatible; SemrushBot/7~bl; +http://www.semrush.com/bot.html)"
185.191.171.40 - - [21/Oct/2022:00:58:10 +0200] "GET / HTTP/1.1" 302 5 "-" "Mozilla/5.0 (compatible; SemrushBot/7~bl; +http://www.semrush.com/bot.html)"
49.12.13.109 - - [21/Oct/2022:01:20:47 +0200] "HEAD /pmwiki/pmwiki.php HTTP/1.1" 200 0 "-" "Alert_Alligator_webmonitoring_service_1.6.3_(alertalligator.com)"
114.119.142.100 - - [21/Oct/2022:01:26:46 +0200] "GET /robots.txt HTTP/1.1" 404 1181 "-" "Mozilla/5.0 (compatible;PetalBot;+https://webmaster.petalsearch.com/site/petalbot)"
54.36.149.68 - - [21/Oct/2022:02:16:37 +0200] "GET /pmwiki/pmwiki.php/Main/Virsligy%E1r HTTP/1.1" 200 24986 "-" "Mozilla/5.0 (compatible; AhrefsBot/7.0; +http://ahrefs.com/robot/)"
212.237.53.115 - - [21/Oct/2022:02:17:41 +0200] "HEAD /pmwiki/pmwiki.php HTTP/1.1" 200 0 "-" "Alert_Alligator_webmonitoring_service_1.6.4_(alertalligator.com)"
17.121.114.137 - - [21/Oct/2022:02:38:55 +0200] "GET /favicon.ico HTTP/1.1" 404 1181 "-" "Mozilla/5.0 (Macintosh; Intel Mac OS X 10_15_5) AppleWebKit/605.1.15 (KHTML, like Gecko) Version/13.1.1 Safari/605.1.15 (Applebot/0.1; +http://www.apple.com/go/applebot)"
185.191.171.13 - - [21/Oct/2022:02:39:15 +0200] "GET /robots.txt HTTP/1.1" 404 1181 "-" "Mozilla/5.0 (compatible; SemrushBot/7~bl; +http://www.semrush.com/bot.html)"
185.191.171.36 - - [21/Oct/2022:02:39:16 +0200] "GET /pmwiki/pmwiki.php/Main/EztMondjukNekik HTTP/1.1" 200 14106 "-" "Mozilla/5.0 (compatible; SemrushBot/7~bl; +http://www.semrush.com/bot.html)"
49.12.13.109 - - [21/Oct/2022:03:17:27 +0200] "HEAD /pmwiki/pmwiki.php HTTP/1.1" 200 0 "-" "Alert_Alligator_webmonitoring_service_1.6.3_(alertalligator.com)"
212.237.51.151 - - [21/Oct/2022:04:08:15 +0200] "HEAD /pmwiki/pmwiki.php HTTP/1.1" 200 0 "-" "Alert_Alligator_webmonitoring_service_1.6.4_(alertalligator.com)"
77.88.5.222 - - [21/Oct/2022:04:18:40 +0200] "GET /robots.txt HTTP/1.1" 404 1181 "-" "Mozilla/5.0 (compatible; YandexBot/3.0; +http://yandex.com/bots)"
77.88.5.44 - - [21/Oct/2022:04:18:44 +0200] "GET / HTTP/1.1" 302 5 "-" "Mozilla/5.0 (compatible; YandexBot/3.0; +http://yandex.com/bots)"
93.158.161.58 - - [21/Oct/2022:04:18:48 +0200] "GET /pmwiki/pmwiki.php HTTP/1.1" 200 37269 "-" "Mozilla/5.0 (compatible; YandexBot/3.0; +http://yandex.com/bots)"
77.88.5.161 - - [21/Oct/2022:04:19:25 +0200] "GET /robots.txt HTTP/1.1" 404 1181 "-" "Mozilla/5.0 (compatible; YandexBot/3.0; +http://yandex.com/bots)"
77.88.5.161 - - [21/Oct/2022:04:19:29 +0200] "GET / HTTP/1.1" 302 5 "-" "Mozilla/5.0 (compatible; YandexBot/3.0; +http://yandex.com/bots)"
77.88.5.86 - - [21/Oct/2022:04:19:30 +0200] "GET /pmwiki/pmwiki.php HTTP/1.1" 200 37269 "-" "Mozilla/5.0 (compatible; YandexBot/3.0; +http://yandex.com/bots)"
212.237.51.151 - - [21/Oct/2022:04:57:09 +0200] "HEAD /pmwiki/pmwiki.php HTTP/1.1" 200 0 "-" "Alert_Alligator_webmonitoring_service_1.6.4_(alertalligator.com)"
173.212.246.91 - - [21/Oct/2022:05:06:45 +0200] "GET /robots.txt HTTP/1.1" 404 1181 "-" "Mozilla/5.0 (compatible; MJ12bot/v1.4.8; http://mj12bot.com/)"
173.212.246.91 - - [21/Oct/2022:05:07:09 +0200] "GET /pmwiki/pmwiki.php?action=edit HTTP/1.1" 403 30 "-" "Mozilla/5.0 (compatible; MJ12bot/v1.4.8; http://mj12bot.com/)"
49.12.13.109 - - [21/Oct/2022:05:56:14 +0200] "HEAD /pmwiki/pmwiki.php HTTP/1.1" 200 0 "-" "Alert_Alligator_webmonitoring_service_1.6.3_(alertalligator.com)"
205.210.31.176 - - [21/Oct/2022:06:06:09 +0200] "GET / HTTP/1.1" 302 5 "-" "Expanse, a Palo Alto Networks company, searches across the global IPv4 space multiple times per day to identify customers' presences on the Internet. If you would like to be excluded from our scans, please send IP addresses/domains to: scaninfo@paloaltonetworks.com"
114.119.129.107 - - [21/Oct/2022:06:49:32 +0200] "GET /pmwiki/pmwiki.php/Main/Cache?action=diff HTTP/1.1" 200 17732 "http://swpat.zpok.hu/pmwiki/pmwiki.php/Main/Cache" "Mozilla/5.0 (Linux; Android 7.0;) AppleWebKit/537.36 (KHTML, like Gecko) Mobile Safari/537.36 (compatible; PetalBot;+https://webmaster.petalsearch.com/site/petalbot)"
114.119.128.58 - - [21/Oct/2022:06:54:30 +0200] "GET /pmwiki/pmwiki.php/Main/Nyilatkozatok?action=upload HTTP/1.1" 200 12358 "http://swpat.zpok.hu/pmwiki/pmwiki.php/Main/Nyilatkozatok" "Mozilla/5.0 (Linux; Android 7.0;) AppleWebKit/537.36 (KHTML, like Gecko) Mobile Safari/537.36 (compatible; PetalBot;+https://webmaster.petalsearch.com/site/petalbot)"
49.12.13.109 - - [21/Oct/2022:06:55:41 +0200] "HEAD /pmwiki/pmwiki.php HTTP/1.1" 200 0 "-" "Alert_Alligator_webmonitoring_service_1.6.3_(alertalligator.com)"
114.119.128.67 - - [21/Oct/2022:07:02:35 +0200] "GET /pmwiki/pmwiki.php/Main/BMEKonferencia HTTP/1.1" 200 14864 "http://swpat.zpok.hu/pmwiki/pmwiki.php" "Mozilla/5.0 (Linux; Android 7.0;) AppleWebKit/537.36 (KHTML, like Gecko) Mobile Safari/537.36 (compatible; PetalBot;+https://webmaster.petalsearch.com/site/petalbot)"
212.237.51.151 - - [21/Oct/2022:07:43:01 +0200] "HEAD /pmwiki/pmwiki.php HTTP/1.1" 200 0 "-" "Alert_Alligator_webmonitoring_service_1.6.4_(alertalligator.com)"
212.237.51.151 - - [21/Oct/2022:08:35:52 +0200] "HEAD /pmwiki/pmwiki.php HTTP/1.1" 200 0 "-" "Alert_Alligator_webmonitoring_service_1.6.4_(alertalligator.com)"
54.36.149.66 - - [21/Oct/2022:09:12:41 +0200] "GET /pmwiki/pmwiki.php/Main/CikkekDRM HTTP/1.1" 200 18047 "-" "Mozilla/5.0 (compatible; AhrefsBot/7.0; +http://ahrefs.com/robot/)"
49.12.13.109 - - [21/Oct/2022:09:35:46 +0200] "HEAD /pmwiki/pmwiki.php HTTP/1.1" 200 0 "-" "Alert_Alligator_webmonitoring_service_1.6.3_(alertalligator.com)"
191.96.185.173 - - [21/Oct/2022:10:21:08 +0200] "GET /pmwiki/pmwiki.php/Main/Linkek HTTP/1.1" 200 28889 "http://swpat.zpok.hu" "Mozilla/5.0 (Windows NT 10.0; Win64; x64) AppleWebKit/537.36 (KHTML, like Gecko) Chrome/62.0.3202.94 Safari/537.36"
212.237.51.151 - - [21/Oct/2022:10:23:00 +0200] "HEAD /pmwiki/pmwiki.php HTTP/1.1" 200 0 "-" "Alert_Alligator_webmonitoring_service_1.6.4_(alertalligator.com)"
185.191.171.8 - - [21/Oct/2022:10:30:11 +0200] "GET /robots.txt HTTP/1.1" 404 1181 "-" "Mozilla/5.0 (compatible; SemrushBot/7~bl; +http://www.semrush.com/bot.html)"
185.191.171.39 - - [21/Oct/2022:10:30:12 +0200] "GET /pmwiki/pmwiki.php/Main/WikiSandbox HTTP/1.1" 200 12116 "-" "Mozilla/5.0 (compatible; SemrushBot/7~bl; +http://www.semrush.com/bot.html)"
49.12.13.109 - - [21/Oct/2022:11:22:05 +0200] "HEAD /pmwiki/pmwiki.php HTTP/1.1" 200 0 "-" "Alert_Alligator_webmonitoring_service_1.6.3_(alertalligator.com)"
185.191.171.21 - - [21/Oct/2022:11:22:18 +0200] "GET /pmwiki/pmwiki.php/Main/C%E9lok HTTP/1.1" 200 12698 "-" "Mozilla/5.0 (compatible; SemrushBot/7~bl; +http://www.semrush.com/bot.html)"
93.158.161.60 - - [21/Oct/2022:12:19:41 +0200] "GET /robots.txt HTTP/1.1" 404 1181 "-" "Mozilla/5.0 (compatible; YandexBot/3.0; +http://yandex.com/bots)"
93.158.161.60 - - [21/Oct/2022:12:19:45 +0200] "GET /pmwiki/pmwiki.php/Main/Mintalevel0509 HTTP/1.1" 200 16475 "-" "Mozilla/5.0 (compatible; YandexBot/3.0; +http://yandex.com/bots)"
212.237.53.115 - - [21/Oct/2022:12:23:15 +0200] "HEAD /pmwiki/pmwiki.php HTTP/1.1" 200 0 "-" "Alert_Alligator_webmonitoring_service_1.6.4_(alertalligator.com)"
212.237.51.151 - - [21/Oct/2022:13:19:44 +0200] "HEAD /pmwiki/pmwiki.php HTTP/1.1" 200 0 "-" "Alert_Alligator_webmonitoring_service_1.6.4_(alertalligator.com)"
114.119.129.110 - - [21/Oct/2022:13:34:20 +0200] "GET /pmwiki/pmwiki.php/Main/EUCD?action=upload HTTP/1.1" 200 12214 "http://swpat.zpok.hu/pmwiki/pmwiki.php/Main/EUCD" "Mozilla/5.0 (Linux; Android 7.0;) AppleWebKit/537.36 (KHTML, like Gecko) Mobile Safari/537.36 (compatible; PetalBot;+https://webmaster.petalsearch.com/site/petalbot)"
114.119.128.6 - - [21/Oct/2022:14:15:30 +0200] "GET /pmwiki/pmwiki.php/Main/Comission-negatesDemocracy?action=upload HTTP/1.1" 200 12567 "http://swpat.zpok.hu/pmwiki/pmwiki.php/Main/Comission-negatesDemocracy" "Mozilla/5.0 (Linux; Android 7.0;) AppleWebKit/537.36 (KHTML, like Gecko) Mobile Safari/537.36 (compatible; PetalBot;+https://webmaster.petalsearch.com/site/petalbot)"
212.237.23.143 - - [21/Oct/2022:14:19:48 +0200] "HEAD /pmwiki/pmwiki.php HTTP/1.1" 200 0 "-" "Alert_Alligator_webmonitoring_service_1.6.4_(alertalligator.com)"
114.119.128.67 - - [21/Oct/2022:14:31:13 +0200] "GET /pmwiki/pmwiki.php/Main/C%E9lok?action=print HTTP/1.1" 200 3154 "http://swpat.zpok.hu/pmwiki/pmwiki.php/Main/C%e9lok" "Mozilla/5.0 (Linux; Android 7.0;) AppleWebKit/537.36 (KHTML, like Gecko) Mobile Safari/537.36 (compatible; PetalBot;+https://webmaster.petalsearch.com/site/petalbot)"
114.119.128.58 - - [21/Oct/2022:15:07:54 +0200] "GET /pmwiki/pmwiki.php/Main/TRIPSLie HTTP/1.1" 200 12874 "http://swpat.zpok.hu/pmwiki/pmwiki.php/Main/BMEKonferencia" "Mozilla/5.0 (Linux; Android 7.0;) AppleWebKit/537.36 (KHTML, like Gecko) Mobile Safari/537.36 (compatible; PetalBot;+https://webmaster.petalsearch.com/site/petalbot)"
114.119.129.110 - - [21/Oct/2022:15:14:37 +0200] "GET /pmwiki/pmwiki.php/Main/AdelphiAlapokm%E1ny HTTP/1.1" 200 16161 "http://swpat.zpok.hu/pmwiki/pmwiki.php" "Mozilla/5.0 (Linux; Android 7.0;) AppleWebKit/537.36 (KHTML, like Gecko) Mobile Safari/537.36 (compatible; PetalBot;+https://webmaster.petalsearch.com/site/petalbot)"
216.244.66.203 - - [21/Oct/2022:15:15:19 +0200] "GET /robots.txt HTTP/1.1" 404 1181 "-" "Mozilla/5.0 (compatible; DotBot/1.2; +https://opensiteexplorer.org/dotbot; help@moz.com)"
212.237.53.115 - - [21/Oct/2022:15:16:30 +0200] "HEAD /pmwiki/pmwiki.php HTTP/1.1" 200 0 "-" "Alert_Alligator_webmonitoring_service_1.6.4_(alertalligator.com)"
114.119.128.58 - - [21/Oct/2022:15:24:50 +0200] "GET /pmwiki/pmwiki.php HTTP/1.1" 200 37269 "http://swpat.zpok.hu/pmwiki/pmwiki.php/Main/SMELie" "Mozilla/5.0 (Linux; Android 7.0;) AppleWebKit/537.36 (KHTML, like Gecko) Mobile Safari/537.36 (compatible; PetalBot;+https://webmaster.petalsearch.com/site/petalbot)"
216.244.66.203 - - [21/Oct/2022:15:33:50 +0200] "GET /pmwiki/pmwiki.php/Main/DRM?action=edit&restore=diff:1110653469:1110653275:minor&preview=y HTTP/1.1" 200 12369 "-" "Mozilla/5.0 (compatible; DotBot/1.2; +https://opensiteexplorer.org/dotbot; help@moz.com)"
114.119.128.6 - - [21/Oct/2022:15:58:55 +0200] "GET /pmwiki/pmwiki.php/Main/2005M%E1rcius8 HTTP/1.1" 200 30044 "http://swpat.zpok.hu/pmwiki/pmwiki.php/Main/Nyilatkozatok" "Mozilla/5.0 (Linux; Android 7.0;) AppleWebKit/537.36 (KHTML, like Gecko) Mobile Safari/537.36 (compatible; PetalBot;+https://webmaster.petalsearch.com/site/petalbot)"
212.237.53.115 - - [21/Oct/2022:16:11:01 +0200] "HEAD /pmwiki/pmwiki.php HTTP/1.1" 200 0 "-" "Alert_Alligator_webmonitoring_service_1.6.4_(alertalligator.com)"
114.119.129.110 - - [21/Oct/2022:16:28:46 +0200] "GET /pmwiki/pmwiki.php/PmWiki/LayoutVariables HTTP/1.1" 200 17190 "-" "Mozilla/5.0 (Linux; Android 7.0;) AppleWebKit/537.36 (KHTML, like Gecko) Mobile Safari/537.36 (compatible; PetalBot;+https://webmaster.petalsearch.com/site/petalbot)"
49.12.13.109 - - [21/Oct/2022:17:10:04 +0200] "HEAD /pmwiki/pmwiki.php HTTP/1.1" 200 0 "-" "Alert_Alligator_webmonitoring_service_1.6.3_(alertalligator.com)"
216.151.191.117 - - [21/Oct/2022:17:54:04 +0200] "GET /pmwiki/pmwiki.php/Main/Linkek HTTP/1.1" 200 28889 "http://swpat.zpok.hu" "Mozilla/5.0 (Windows NT 10.0; Win64; x64) AppleWebKit/537.36 (KHTML, like Gecko) Chrome/62.0.3202.94 Safari/537.36"
185.191.171.21 - - [21/Oct/2022:18:04:15 +0200] "GET /robots.txt HTTP/1.1" 404 1181 "-" "Mozilla/5.0 (compatible; SemrushBot/7~bl; +http://www.semrush.com/bot.html)"
185.191.171.22 - - [21/Oct/2022:18:04:15 +0200] "GET /pmwiki/pmwiki.php/Main HTTP/1.1" 302 186 "-" "Mozilla/5.0 (compatible; SemrushBot/7~bl; +http://www.semrush.com/bot.html)"
185.191.171.9 - - [21/Oct/2022:18:04:18 +0200] "GET /pmwiki/pmwiki.php/Main/HomePage HTTP/1.1" 200 37269 "-" "Mozilla/5.0 (compatible; SemrushBot/7~bl; +http://www.semrush.com/bot.html)"
49.12.13.109 - - [21/Oct/2022:18:09:10 +0200] "HEAD /pmwiki/pmwiki.php HTTP/1.1" 200 0 "-" "Alert_Alligator_webmonitoring_service_1.6.3_(alertalligator.com)"
212.237.51.151 - - [21/Oct/2022:18:53:30 +0200] "HEAD /pmwiki/pmwiki.php HTTP/1.1" 200 0 "-" "Alert_Alligator_webmonitoring_service_1.6.4_(alertalligator.com)"
212.237.53.115 - - [21/Oct/2022:19:47:43 +0200] "HEAD /pmwiki/pmwiki.php HTTP/1.1" 200 0 "-" "Alert_Alligator_webmonitoring_service_1.6.4_(alertalligator.com)"
64.124.8.26 - - [21/Oct/2022:20:32:42 +0200] "GET /robots.txt HTTP/1.1" 404 1181 "-" "Mozilla/5.0 (X11; Linux x86_64) AppleWebKit/537.36 (KHTML, like Gecko) Chrome/61.0.3163.79 Safari/537.36"
64.124.8.26 - - [21/Oct/2022:20:32:42 +0200] "GET / HTTP/1.1" 302 5 "-" "Mozilla/5.0 (X11; Linux x86_64) AppleWebKit/537.36 (KHTML, like Gecko) Chrome/61.0.3163.79 Safari/537.36"
212.237.51.151 - - [21/Oct/2022:20:36:24 +0200] "HEAD /pmwiki/pmwiki.php HTTP/1.1" 200 0 "-" "Alert_Alligator_webmonitoring_service_1.6.4_(alertalligator.com)"
64.124.8.26 - - [21/Oct/2022:20:37:23 +0200] "GET /pmwiki/pmwiki.php HTTP/1.1" 200 37269 "-" "Mozilla/5.0 (X11; Linux x86_64) AppleWebKit/537.36 (KHTML, like Gecko) Chrome/61.0.3163.79 Safari/537.36"
64.124.8.26 - - [21/Oct/2022:20:42:10 +0200] "GET /robots.txt HTTP/1.1" 404 1181 "-" "Mozilla/5.0 (X11; Linux x86_64) AppleWebKit/537.36 (KHTML, like Gecko) Chrome/61.0.3163.79 Safari/537.36"
64.124.8.51 - - [21/Oct/2022:21:02:18 +0200] "GET /robots.txt HTTP/1.1" 404 1181 "-" "Mozilla/5.0 (X11; Linux x86_64) AppleWebKit/537.36 (KHTML, like Gecko) Chrome/61.0.3163.79 Safari/537.36"
64.124.8.51 - - [21/Oct/2022:21:02:18 +0200] "GET / HTTP/1.1" 302 5 "-" "Mozilla/5.0 (X11; Linux x86_64) AppleWebKit/537.36 (KHTML, like Gecko) Chrome/61.0.3163.79 Safari/537.36"
64.124.8.51 - - [21/Oct/2022:21:02:19 +0200] "GET /pmwiki/pmwiki.php HTTP/1.1" 200 37269 "-" "Mozilla/5.0 (X11; Linux x86_64) AppleWebKit/537.36 (KHTML, like Gecko) Chrome/61.0.3163.79 Safari/537.36"
49.12.13.109 - - [21/Oct/2022:21:35:27 +0200] "HEAD /pmwiki/pmwiki.php HTTP/1.1" 200 0 "-" "Alert_Alligator_webmonitoring_service_1.6.3_(alertalligator.com)"
212.237.51.151 - - [21/Oct/2022:22:24:38 +0200] "HEAD /pmwiki/pmwiki.php HTTP/1.1" 200 0 "-" "Alert_Alligator_webmonitoring_service_1.6.4_(alertalligator.com)"
64.124.8.24 - - [21/Oct/2022:22:38:25 +0200] "GET /robots.txt HTTP/1.1" 404 1181 "-" "Mozilla/5.0 (X11; Linux x86_64) AppleWebKit/537.36 (KHTML, like Gecko) Chrome/61.0.3163.79 Safari/537.36"
64.124.8.24 - - [21/Oct/2022:22:38:25 +0200] "GET / HTTP/1.1" 302 5 "-" "Mozilla/5.0 (X11; Linux x86_64) AppleWebKit/537.36 (KHTML, like Gecko) Chrome/61.0.3163.79 Safari/537.36"
64.124.8.24 - - [21/Oct/2022:22:38:26 +0200] "GET /pmwiki/pmwiki.php HTTP/1.1" 200 37269 "-" "Mozilla/5.0 (X11; Linux x86_64) AppleWebKit/537.36 (KHTML, like Gecko) Chrome/61.0.3163.79 Safari/537.36"
64.124.8.23 - - [21/Oct/2022:22:49:30 +0200] "GET /robots.txt HTTP/1.1" 404 1181 "-" "Mozilla/5.0 (X11; Linux x86_64) AppleWebKit/537.36 (KHTML, like Gecko) Chrome/61.0.3163.79 Safari/537.36"
