136.243.228.181 - - [16/Oct/2022:12:35:59 +0200] "GET /pmwiki/pmwiki.php/Main/Nyilatkozatok?action=upload HTTP/1.1" 200 12358 "-" "Mozilla/5.0 (compatible; DataForSeoBot/1.0; +https://dataforseo.com/dataforseo-bot)"
136.243.228.181 - - [16/Oct/2022:12:36:03 +0200] "GET /pmwiki/pmwiki.php/Main/Cikkek?action=print HTTP/1.1" 200 57345 "-" "Mozilla/5.0 (compatible; DataForSeoBot/1.0; +https://dataforseo.com/dataforseo-bot)"
136.243.228.181 - - [16/Oct/2022:12:36:07 +0200] "GET /pmwiki/pmwiki.php/Main/MitTehetek?action=diff HTTP/1.1" 200 26258 "-" "Mozilla/5.0 (compatible; DataForSeoBot/1.0; +https://dataforseo.com/dataforseo-bot)"
136.243.228.181 - - [16/Oct/2022:12:36:12 +0200] "GET /pmwiki/pmwiki.php/Main/MitTehetek HTTP/1.1" 200 13755 "-" "Mozilla/5.0 (compatible; DataForSeoBot/1.0; +https://dataforseo.com/dataforseo-bot)"
136.243.228.181 - - [16/Oct/2022:12:36:15 +0200] "GET /pmwiki/pmwiki.php/Main/2003M%25E1jusBr%25FCsszeliT%25FAra HTTP/1.1" 302 203 "-" "Mozilla/5.0 (compatible; DataForSeoBot/1.0; +https://dataforseo.com/dataforseo-bot)"
136.243.228.181 - - [16/Oct/2022:12:36:19 +0200] "GET /pmwiki/pmwiki.php/Main/2004Szeptember1 HTTP/1.1" 200 14123 "-" "Mozilla/5.0 (compatible; DataForSeoBot/1.0; +https://dataforseo.com/dataforseo-bot)"
136.243.228.181 - - [16/Oct/2022:12:36:23 +0200] "GET /pmwiki/pmwiki.php/Emeltdijas/Hu HTTP/1.1" 200 13003 "-" "Mozilla/5.0 (compatible; DataForSeoBot/1.0; +https://dataforseo.com/dataforseo-bot)"
136.243.228.181 - - [16/Oct/2022:12:36:27 +0200] "GET /pmwiki/pmwiki.php/Main/2004Augusztus18 HTTP/1.1" 200 13214 "-" "Mozilla/5.0 (compatible; DataForSeoBot/1.0; +https://dataforseo.com/dataforseo-bot)"
136.243.228.181 - - [16/Oct/2022:12:36:32 +0200] "GET /pmwiki/pmwiki.php/Main/CE9lok HTTP/1.1" 404 11894 "-" "Mozilla/5.0 (compatible; DataForSeoBot/1.0; +https://dataforseo.com/dataforseo-bot)"
136.243.228.181 - - [16/Oct/2022:12:36:35 +0200] "GET /pmwiki/pmwiki.php/Main/Nyilatkozat HTTP/1.1" 200 18473 "-" "Mozilla/5.0 (compatible; DataForSeoBot/1.0; +https://dataforseo.com/dataforseo-bot)"
136.243.228.181 - - [16/Oct/2022:12:36:39 +0200] "GET /pmwiki/pmwiki.php/Main/2005M%25E1rciusiK%25F6z%25F6sNyilatkozat HTTP/1.1" 302 209 "-" "Mozilla/5.0 (compatible; DataForSeoBot/1.0; +https://dataforseo.com/dataforseo-bot)"
136.243.228.181 - - [16/Oct/2022:12:36:43 +0200] "GET /pmwiki/pmwiki.php/Main/2004-esNyilatkozat HTTP/1.1" 200 15702 "-" "Mozilla/5.0 (compatible; DataForSeoBot/1.0; +https://dataforseo.com/dataforseo-bot)"
136.243.228.181 - - [16/Oct/2022:12:36:47 +0200] "GET /pmwiki/pmwiki.php/Main/HarcT%25EDzITSzabadalomEllen HTTP/1.1" 302 203 "-" "Mozilla/5.0 (compatible; DataForSeoBot/1.0; +https://dataforseo.com/dataforseo-bot)"
136.243.228.181 - - [16/Oct/2022:12:36:51 +0200] "GET /pmwiki/pmwiki.php/Main/2005Szeptember2 HTTP/1.1" 200 13809 "-" "Mozilla/5.0 (compatible; DataForSeoBot/1.0; +https://dataforseo.com/dataforseo-bot)"
136.243.228.181 - - [16/Oct/2022:12:36:55 +0200] "GET /pmwiki/pmwiki.php/Main/2005M%25E1jus HTTP/1.1" 302 188 "-" "Mozilla/5.0 (compatible; DataForSeoBot/1.0; +https://dataforseo.com/dataforseo-bot)"
136.243.228.181 - - [16/Oct/2022:12:36:59 +0200] "GET /pmwiki/pmwiki.php/Main/2003M%25E1jusiNyilatkozathozKapcsol%25F3d%25F3Cikk HTTP/1.1" 302 219 "-" "Mozilla/5.0 (compatible; DataForSeoBot/1.0; +https://dataforseo.com/dataforseo-bot)"
136.243.228.181 - - [16/Oct/2022:12:37:03 +0200] "GET /pmwiki/pmwiki.php/Main/Cikkek?action=upload HTTP/1.1" 200 12251 "-" "Mozilla/5.0 (compatible; DataForSeoBot/1.0; +https://dataforseo.com/dataforseo-bot)"
136.243.228.181 - - [16/Oct/2022:12:37:08 +0200] "GET /pmwiki/pmwiki.php/Main/2005J%25FAnius HTTP/1.1" 302 189 "-" "Mozilla/5.0 (compatible; DataForSeoBot/1.0; +https://dataforseo.com/dataforseo-bot)"
136.243.228.181 - - [16/Oct/2022:12:37:11 +0200] "GET /pmwiki/pmwiki.php/Main/BillGates%25C9sM%25E1sKommunist%25E1k HTTP/1.1" 302 206 "-" "Mozilla/5.0 (compatible; DataForSeoBot/1.0; +https://dataforseo.com/dataforseo-bot)"
136.243.228.181 - - [16/Oct/2022:12:37:15 +0200] "GET /pmwiki/pmwiki.php/Main/AzEUBizotts%25E1gaL%25E1bbalTiporjaADemokr%25E1ci%25E1t HTTP/1.1" 302 221 "-" "Mozilla/5.0 (compatible; DataForSeoBot/1.0; +https://dataforseo.com/dataforseo-bot)"
136.243.228.181 - - [16/Oct/2022:12:37:19 +0200] "GET /pmwiki/pmwiki.php/Main/2004Febru%25E1riK%25F6sz%25F6netLengyelorsz%25E1gnak HTTP/1.1" 302 218 "-" "Mozilla/5.0 (compatible; DataForSeoBot/1.0; +https://dataforseo.com/dataforseo-bot)"
136.243.228.181 - - [16/Oct/2022:12:37:23 +0200] "GET /pmwiki/pmwiki.php/Main/2005M%25E1rcius8 HTTP/1.1" 302 191 "-" "Mozilla/5.0 (compatible; DataForSeoBot/1.0; +https://dataforseo.com/dataforseo-bot)"
136.243.228.181 - - [16/Oct/2022:12:37:27 +0200] "GET /pmwiki/pmwiki.php/Main/2005M%25E1rciusiNy%25EDltLev%25E9l HTTP/1.1" 302 203 "-" "Mozilla/5.0 (compatible; DataForSeoBot/1.0; +https://dataforseo.com/dataforseo-bot)"
136.243.228.181 - - [16/Oct/2022:12:37:31 +0200] "GET /pmwiki/pmwiki.php/Main/JogiOldal?action=print HTTP/1.1" 200 16476 "-" "Mozilla/5.0 (compatible; DataForSeoBot/1.0; +https://dataforseo.com/dataforseo-bot)"
136.243.228.181 - - [16/Oct/2022:12:37:36 +0200] "GET /pmwiki/pmwiki.php/Main/Marc08essay?action=diff HTTP/1.1" 200 76748 "-" "Mozilla/5.0 (compatible; DataForSeoBot/1.0; +https://dataforseo.com/dataforseo-bot)"
136.243.228.181 - - [16/Oct/2022:12:37:39 +0200] "GET /pmwiki/pmwiki.php/Main/FAQ?action=upload HTTP/1.1" 200 12198 "-" "Mozilla/5.0 (compatible; DataForSeoBot/1.0; +https://dataforseo.com/dataforseo-bot)"
136.243.228.181 - - [16/Oct/2022:12:37:43 +0200] "GET /pmwiki/pmwiki.php/Main/Google?action=edit HTTP/1.1" 200 12366 "-" "Mozilla/5.0 (compatible; DataForSeoBot/1.0; +https://dataforseo.com/dataforseo-bot)"
136.243.228.181 - - [16/Oct/2022:12:37:47 +0200] "GET /pmwiki/pmwiki.php/Main/AdelphiAlapokmE1ny HTTP/1.1" 404 12086 "-" "Mozilla/5.0 (compatible; DataForSeoBot/1.0; +https://dataforseo.com/dataforseo-bot)"
136.243.228.181 - - [16/Oct/2022:12:37:51 +0200] "GET /pmwiki/pmwiki.php/Main/JogiOldal?action=edit HTTP/1.1" 200 12418 "-" "Mozilla/5.0 (compatible; DataForSeoBot/1.0; +https://dataforseo.com/dataforseo-bot)"
136.243.228.181 - - [16/Oct/2022:12:37:56 +0200] "GET /pmwiki/pmwiki.php/Main/Google?action=diff HTTP/1.1" 200 54350 "-" "Mozilla/5.0 (compatible; DataForSeoBot/1.0; +https://dataforseo.com/dataforseo-bot)"
136.243.228.181 - - [16/Oct/2022:12:37:59 +0200] "GET /pmwiki/pmwiki.php/Main/ABundestagTE1mogatjaAzEurF3paiParlamentet HTTP/1.1" 404 12454 "-" "Mozilla/5.0 (compatible; DataForSeoBot/1.0; +https://dataforseo.com/dataforseo-bot)"
136.243.228.181 - - [16/Oct/2022:12:38:03 +0200] "GET /pmwiki/pmwiki.php/Main/Minimum?action=upload HTTP/1.1" 200 12262 "-" "Mozilla/5.0 (compatible; DataForSeoBot/1.0; +https://dataforseo.com/dataforseo-bot)"
136.243.228.181 - - [16/Oct/2022:12:38:07 +0200] "GET /pmwiki/pmwiki.php/Main/Marc08essay?action=edit HTTP/1.1" 200 12446 "-" "Mozilla/5.0 (compatible; DataForSeoBot/1.0; +https://dataforseo.com/dataforseo-bot)"
136.243.228.181 - - [16/Oct/2022:12:38:11 +0200] "GET /pmwiki/pmwiki.php/Main/CikkekPrivacy?action=upload HTTP/1.1" 200 12360 "-" "Mozilla/5.0 (compatible; DataForSeoBot/1.0; +https://dataforseo.com/dataforseo-bot)"
136.243.228.181 - - [16/Oct/2022:12:38:15 +0200] "GET /pmwiki/pmwiki.php/Main/Marc08essay?action=print HTTP/1.1" 200 9200 "-" "Mozilla/5.0 (compatible; DataForSeoBot/1.0; +https://dataforseo.com/dataforseo-bot)"
136.243.228.181 - - [16/Oct/2022:12:38:19 +0200] "GET /pmwiki/pmwiki.php/Main/CikkekPrivacy?action=print HTTP/1.1" 200 2887 "-" "Mozilla/5.0 (compatible; DataForSeoBot/1.0; +https://dataforseo.com/dataforseo-bot)"
136.243.228.181 - - [16/Oct/2022:12:38:23 +0200] "GET /pmwiki/pmwiki.php/Main/FAQ?action=diff HTTP/1.1" 200 19015 "-" "Mozilla/5.0 (compatible; DataForSeoBot/1.0; +https://dataforseo.com/dataforseo-bot)"
136.243.228.181 - - [16/Oct/2022:12:38:27 +0200] "GET /pmwiki/pmwiki.php/Main/FAQ?action=print HTTP/1.1" 200 8156 "-" "Mozilla/5.0 (compatible; DataForSeoBot/1.0; +https://dataforseo.com/dataforseo-bot)"
136.243.228.181 - - [16/Oct/2022:12:38:32 +0200] "GET /pmwiki/pmwiki.php/Main/Google?action=upload HTTP/1.1" 200 12246 "-" "Mozilla/5.0 (compatible; DataForSeoBot/1.0; +https://dataforseo.com/dataforseo-bot)"
136.243.228.181 - - [16/Oct/2022:12:38:35 +0200] "GET /pmwiki/pmwiki.php/Main/FAQ?action=edit HTTP/1.1" 200 12318 "-" "Mozilla/5.0 (compatible; DataForSeoBot/1.0; +https://dataforseo.com/dataforseo-bot)"
136.243.228.181 - - [16/Oct/2022:12:38:39 +0200] "GET /pmwiki/pmwiki.php/Main/Minimum?action=print HTTP/1.1" 200 5740 "-" "Mozilla/5.0 (compatible; DataForSeoBot/1.0; +https://dataforseo.com/dataforseo-bot)"
136.243.228.181 - - [16/Oct/2022:12:38:43 +0200] "GET /pmwiki/pmwiki.php/Main/Power HTTP/1.1" 200 20204 "-" "Mozilla/5.0 (compatible; DataForSeoBot/1.0; +https://dataforseo.com/dataforseo-bot)"
136.243.228.181 - - [16/Oct/2022:12:38:47 +0200] "GET /pmwiki/pmwiki.php/Main/JogiOldal?action=upload HTTP/1.1" 200 12298 "-" "Mozilla/5.0 (compatible; DataForSeoBot/1.0; +https://dataforseo.com/dataforseo-bot)"
136.243.228.181 - - [16/Oct/2022:12:38:51 +0200] "GET /pmwiki/pmwiki.php/Main/CikkekPrivacy?action=diff HTTP/1.1" 200 14574 "-" "Mozilla/5.0 (compatible; DataForSeoBot/1.0; +https://dataforseo.com/dataforseo-bot)"
136.243.228.181 - - [16/Oct/2022:12:38:55 +0200] "GET /pmwiki/pmwiki.php/Main/Minimum?action=edit HTTP/1.1" 200 12382 "-" "Mozilla/5.0 (compatible; DataForSeoBot/1.0; +https://dataforseo.com/dataforseo-bot)"
136.243.228.181 - - [16/Oct/2022:12:38:59 +0200] "GET /pmwiki/pmwiki.php/Main/Cache HTTP/1.1" 200 16452 "-" "Mozilla/5.0 (compatible; DataForSeoBot/1.0; +https://dataforseo.com/dataforseo-bot)"
136.243.228.181 - - [16/Oct/2022:12:39:04 +0200] "GET /pmwiki/pmwiki.php/Main/JogiOldal?action=diff HTTP/1.1" 200 27426 "-" "Mozilla/5.0 (compatible; DataForSeoBot/1.0; +https://dataforseo.com/dataforseo-bot)"
136.243.228.181 - - [16/Oct/2022:12:39:07 +0200] "GET /pmwiki/pmwiki.php/Main/Marc08essay?action=upload HTTP/1.1" 200 12326 "-" "Mozilla/5.0 (compatible; DataForSeoBot/1.0; +https://dataforseo.com/dataforseo-bot)"
136.243.228.181 - - [16/Oct/2022:12:39:11 +0200] "GET /pmwiki/pmwiki.php/Main/CikkekPrivacy?action=edit HTTP/1.1" 200 12480 "-" "Mozilla/5.0 (compatible; DataForSeoBot/1.0; +https://dataforseo.com/dataforseo-bot)"
136.243.228.181 - - [16/Oct/2022:12:39:15 +0200] "GET /pmwiki/pmwiki.php/Main/Cutts HTTP/1.1" 200 31570 "-" "Mozilla/5.0 (compatible; DataForSeoBot/1.0; +https://dataforseo.com/dataforseo-bot)"
136.243.228.181 - - [16/Oct/2022:12:39:19 +0200] "GET /pmwiki/pmwiki.php/Main/Minimum?action=diff HTTP/1.1" 200 25837 "-" "Mozilla/5.0 (compatible; DataForSeoBot/1.0; +https://dataforseo.com/dataforseo-bot)"
136.243.228.181 - - [16/Oct/2022:12:39:23 +0200] "GET /pmwiki/pmwiki.php/Main/Google?action=print HTTP/1.1" 200 15513 "-" "Mozilla/5.0 (compatible; DataForSeoBot/1.0; +https://dataforseo.com/dataforseo-bot)"
136.243.228.181 - - [16/Oct/2022:12:39:28 +0200] "GET /pmwiki/pmwiki.php/Main/Ipr?action=diff HTTP/1.1" 200 15128 "-" "Mozilla/5.0 (compatible; DataForSeoBot/1.0; +https://dataforseo.com/dataforseo-bot)"
136.243.228.181 - - [16/Oct/2022:12:39:31 +0200] "GET /pmwiki/pmwiki.php/Main/SzoftverSzabadalmak?action=edit HTTP/1.1" 200 12578 "-" "Mozilla/5.0 (compatible; DataForSeoBot/1.0; +https://dataforseo.com/dataforseo-bot)"
136.243.228.181 - - [16/Oct/2022:12:39:35 +0200] "GET /pmwiki/pmwiki.php/Main/Doksik?action=print HTTP/1.1" 200 4591 "-" "Mozilla/5.0 (compatible; DataForSeoBot/1.0; +https://dataforseo.com/dataforseo-bot)"
136.243.228.181 - - [16/Oct/2022:12:39:39 +0200] "GET /pmwiki/pmwiki.php/Main/Doksik?action=diff HTTP/1.1" 200 19426 "-" "Mozilla/5.0 (compatible; DataForSeoBot/1.0; +https://dataforseo.com/dataforseo-bot)"
136.243.228.181 - - [16/Oct/2022:12:39:43 +0200] "GET /pmwiki/pmwiki.php/Main/SzoftverSzabadalmak?action=upload HTTP/1.1" 200 12458 "-" "Mozilla/5.0 (compatible; DataForSeoBot/1.0; +https://dataforseo.com/dataforseo-bot)"
136.243.228.181 - - [16/Oct/2022:12:39:47 +0200] "GET /pmwiki/pmwiki.php/Main/Ipr?action=print HTTP/1.1" 200 3775 "-" "Mozilla/5.0 (compatible; DataForSeoBot/1.0; +https://dataforseo.com/dataforseo-bot)"
136.243.228.181 - - [16/Oct/2022:12:39:51 +0200] "GET /pmwiki/pmwiki.php/Main/DRMMunkacsoport?action=upload HTTP/1.1" 200 12390 "-" "Mozilla/5.0 (compatible; DataForSeoBot/1.0; +https://dataforseo.com/dataforseo-bot)"
136.243.228.181 - - [16/Oct/2022:12:39:56 +0200] "GET /pmwiki/pmwiki.php/Main/DRMMunkacsoport?action=print HTTP/1.1" 200 3060 "-" "Mozilla/5.0 (compatible; DataForSeoBot/1.0; +https://dataforseo.com/dataforseo-bot)"
136.243.228.181 - - [16/Oct/2022:12:39:59 +0200] "GET /pmwiki/pmwiki.php/Main/DRMMunkacsoport?action=edit HTTP/1.1" 200 12510 "-" "Mozilla/5.0 (compatible; DataForSeoBot/1.0; +https://dataforseo.com/dataforseo-bot)"
136.243.228.181 - - [16/Oct/2022:12:40:04 +0200] "GET /pmwiki/pmwiki.php/Main/Ipr?action=edit HTTP/1.1" 200 12322 "-" "Mozilla/5.0 (compatible; DataForSeoBot/1.0; +https://dataforseo.com/dataforseo-bot)"
136.243.228.181 - - [16/Oct/2022:12:40:07 +0200] "GET /pmwiki/pmwiki.php/Main/DRMMunkacsoport?action=diff HTTP/1.1" 200 14573 "-" "Mozilla/5.0 (compatible; DataForSeoBot/1.0; +https://dataforseo.com/dataforseo-bot)"
136.243.228.181 - - [16/Oct/2022:12:40:11 +0200] "GET /pmwiki/pmwiki.php/Main/Ipr?action=upload HTTP/1.1" 200 12202 "-" "Mozilla/5.0 (compatible; DataForSeoBot/1.0; +https://dataforseo.com/dataforseo-bot)"
136.243.228.181 - - [16/Oct/2022:12:40:15 +0200] "GET /pmwiki/pmwiki.php/Main/Doksik?action=upload HTTP/1.1" 200 12246 "-" "Mozilla/5.0 (compatible; DataForSeoBot/1.0; +https://dataforseo.com/dataforseo-bot)"
136.243.228.181 - - [16/Oct/2022:12:40:19 +0200] "GET /pmwiki/pmwiki.php/Main/TudE1smonopF3lium HTTP/1.1" 404 12070 "-" "Mozilla/5.0 (compatible; DataForSeoBot/1.0; +https://dataforseo.com/dataforseo-bot)"
136.243.228.181 - - [16/Oct/2022:12:40:23 +0200] "GET /pmwiki/pmwiki.php/Main/SzoftverSzabadalmak?action=print HTTP/1.1" 200 5369 "-" "Mozilla/5.0 (compatible; DataForSeoBot/1.0; +https://dataforseo.com/dataforseo-bot)"
136.243.228.181 - - [16/Oct/2022:12:40:27 +0200] "GET /pmwiki/pmwiki.php/Main/SzoftverSzabadalmak?action=diff HTTP/1.1" 200 16505 "-" "Mozilla/5.0 (compatible; DataForSeoBot/1.0; +https://dataforseo.com/dataforseo-bot)"
136.243.228.181 - - [16/Oct/2022:12:40:31 +0200] "GET /pmwiki/pmwiki.php/Main/VE9delmiPE9nz HTTP/1.1" 404 12006 "-" "Mozilla/5.0 (compatible; DataForSeoBot/1.0; +https://dataforseo.com/dataforseo-bot)"
136.243.228.181 - - [16/Oct/2022:12:40:35 +0200] "GET /pmwiki/pmwiki.php/Main/Doksik?action=edit HTTP/1.1" 200 12366 "-" "Mozilla/5.0 (compatible; DataForSeoBot/1.0; +https://dataforseo.com/dataforseo-bot)"
136.243.228.181 - - [16/Oct/2022:12:40:39 +0200] "GET /pmwiki/pmwiki.php/Main/AzIPRJavaslat?action=print HTTP/1.1" 200 5182 "-" "Mozilla/5.0 (compatible; DataForSeoBot/1.0; +https://dataforseo.com/dataforseo-bot)"
136.243.228.181 - - [16/Oct/2022:12:40:43 +0200] "GET /pmwiki/pmwiki.php/Main/AzIPRJavaslat?action=edit HTTP/1.1" 200 12478 "-" "Mozilla/5.0 (compatible; DataForSeoBot/1.0; +https://dataforseo.com/dataforseo-bot)"
136.243.228.181 - - [16/Oct/2022:12:40:47 +0200] "GET /pmwiki/pmwiki.php/Main/CikkekDRM?action=diff HTTP/1.1" 200 21048 "-" "Mozilla/5.0 (compatible; DataForSeoBot/1.0; +https://dataforseo.com/dataforseo-bot)"
136.243.228.181 - - [16/Oct/2022:12:40:51 +0200] "GET /pmwiki/pmwiki.php/Main/GazdasE1giOldal HTTP/1.1" 404 12038 "-" "Mozilla/5.0 (compatible; DataForSeoBot/1.0; +https://dataforseo.com/dataforseo-bot)"
136.243.228.181 - - [16/Oct/2022:12:40:55 +0200] "GET /pmwiki/pmwiki.php/Main/CikkekDRM?action=edit HTTP/1.1" 200 12418 "-" "Mozilla/5.0 (compatible; DataForSeoBot/1.0; +https://dataforseo.com/dataforseo-bot)"
136.243.228.181 - - [16/Oct/2022:12:40:59 +0200] "GET /pmwiki/pmwiki.php/Main/CikkekDRM?action=print HTTP/1.1" 200 8479 "-" "Mozilla/5.0 (compatible; DataForSeoBot/1.0; +https://dataforseo.com/dataforseo-bot)"
136.243.228.181 - - [16/Oct/2022:12:41:03 +0200] "GET /pmwiki/pmwiki.php/Main/AzIPRJavaslat?action=upload HTTP/1.1" 200 12358 "-" "Mozilla/5.0 (compatible; DataForSeoBot/1.0; +https://dataforseo.com/dataforseo-bot)"
136.243.228.181 - - [16/Oct/2022:12:41:07 +0200] "GET /pmwiki/pmwiki.php/Main/DirektEDva HTTP/1.1" 404 11958 "-" "Mozilla/5.0 (compatible; DataForSeoBot/1.0; +https://dataforseo.com/dataforseo-bot)"
136.243.228.181 - - [16/Oct/2022:12:41:11 +0200] "GET /pmwiki/pmwiki.php/Main/CikkekDRM?action=upload HTTP/1.1" 200 12298 "-" "Mozilla/5.0 (compatible; DataForSeoBot/1.0; +https://dataforseo.com/dataforseo-bot)"
136.243.228.181 - - [16/Oct/2022:12:41:16 +0200] "GET /pmwiki/pmwiki.php/Main/AzIPRJavaslat?action=diff HTTP/1.1" 200 16096 "-" "Mozilla/5.0 (compatible; DataForSeoBot/1.0; +https://dataforseo.com/dataforseo-bot)"
136.243.228.181 - - [16/Oct/2022:12:41:19 +0200] "GET /pmwiki/pmwiki.php/Main/HEDrek HTTP/1.1" 404 11894 "-" "Mozilla/5.0 (compatible; DataForSeoBot/1.0; +https://dataforseo.com/dataforseo-bot)"
136.243.228.181 - - [16/Oct/2022:12:41:24 +0200] "GET /pmwiki/pmwiki.php/Main/BefektetE9svE9delem HTTP/1.1" 404 12102 "-" "Mozilla/5.0 (compatible; DataForSeoBot/1.0; +https://dataforseo.com/dataforseo-bot)"
136.243.228.181 - - [16/Oct/2022:12:41:27 +0200] "GET /pmwiki/pmwiki.php/Main/LevE9lAParlamentInformaitikaiBizottsE1gaElnF6kE9nek HTTP/1.1" 404 12614 "-" "Mozilla/5.0 (compatible; DataForSeoBot/1.0; +https://dataforseo.com/dataforseo-bot)"
136.243.228.181 - - [16/Oct/2022:12:41:31 +0200] "GET /pmwiki/pmwiki.php/Main/2005JFAniusEKTBBeszE1molF3 HTTP/1.1" 404 12214 "-" "Mozilla/5.0 (compatible; DataForSeoBot/1.0; +https://dataforseo.com/dataforseo-bot)"
136.243.228.181 - - [16/Oct/2022:12:41:35 +0200] "GET /pmwiki/pmwiki.php/Main/2005ME1rciusiNyilatkozat HTTP/1.1" 404 12182 "-" "Mozilla/5.0 (compatible; DataForSeoBot/1.0; +https://dataforseo.com/dataforseo-bot)"
136.243.228.181 - - [16/Oct/2022:12:41:39 +0200] "GET /pmwiki/pmwiki.php/Main/2003ME1jusiNyilatkozat HTTP/1.1" 404 12150 "-" "Mozilla/5.0 (compatible; DataForSeoBot/1.0; +https://dataforseo.com/dataforseo-bot)"
136.243.228.181 - - [16/Oct/2022:12:41:43 +0200] "GET /pmwiki/pmwiki.php/Main/DamoklE9szKardjaLebegAMagyarSzoftveriparFelett HTTP/1.1" 404 12534 "-" "Mozilla/5.0 (compatible; DataForSeoBot/1.0; +https://dataforseo.com/dataforseo-bot)"
136.243.228.181 - - [16/Oct/2022:12:41:47 +0200] "GET /pmwiki/pmwiki.php/Main/ATanE1csC9rdembenTE1rgyalhatASzoftverszabadalmiDirektEDvE1rF3l HTTP/1.1" 404 12790 "-" "Mozilla/5.0 (compatible; DataForSeoBot/1.0; +https://dataforseo.com/dataforseo-bot)"
136.243.228.181 - - [16/Oct/2022:12:41:51 +0200] "GET /pmwiki/pmwiki.php/Main/AzEurF3paiParlamentDAjraindEDtE1stKF6vetelAzElnF6kiKonferenciaElfogadtaAzIndEDtvE1nyt HTTP/1.1" 404 13158 "-" "Mozilla/5.0 (compatible; DataForSeoBot/1.0; +https://dataforseo.com/dataforseo-bot)"
136.243.228.181 - - [16/Oct/2022:12:41:55 +0200] "GET /pmwiki/pmwiki.php/Emeltdijas HTTP/1.1" 404 12049 "-" "Mozilla/5.0 (compatible; DataForSeoBot/1.0; +https://dataforseo.com/dataforseo-bot)"
136.243.228.181 - - [16/Oct/2022:12:41:59 +0200] "GET /pmwiki/pmwiki.php/Main/GatesMegzsaroltaDE1niE1t HTTP/1.1" 404 12182 "-" "Mozilla/5.0 (compatible; DataForSeoBot/1.0; +https://dataforseo.com/dataforseo-bot)"
136.243.228.181 - - [16/Oct/2022:12:42:03 +0200] "GET /pmwiki/pmwiki.php/Main/2003ME1jusBrFCsszeliTFAra HTTP/1.1" 404 12198 "-" "Mozilla/5.0 (compatible; DataForSeoBot/1.0; +https://dataforseo.com/dataforseo-bot)"
136.243.228.181 - - [16/Oct/2022:12:42:07 +0200] "GET /pmwiki/pmwiki.php/Main/HarcTEDzITSzabadalomEllen HTTP/1.1" 404 12198 "-" "Mozilla/5.0 (compatible; DataForSeoBot/1.0; +https://dataforseo.com/dataforseo-bot)"
136.243.228.181 - - [16/Oct/2022:12:42:11 +0200] "GET /pmwiki/pmwiki.php/Main/2005ME1jus HTTP/1.1" 404 11958 "-" "Mozilla/5.0 (compatible; DataForSeoBot/1.0; +https://dataforseo.com/dataforseo-bot)"
136.243.228.181 - - [16/Oct/2022:12:42:15 +0200] "GET /pmwiki/pmwiki.php/Main/2003ME1jusiNyilatkozathozKapcsolF3dF3Cikk HTTP/1.1" 404 12454 "-" "Mozilla/5.0 (compatible; DataForSeoBot/1.0; +https://dataforseo.com/dataforseo-bot)"
136.243.228.181 - - [16/Oct/2022:12:42:19 +0200] "GET /pmwiki/pmwiki.php/Main/2005ME1rciusiKF6zF6sNyilatkozat HTTP/1.1" 404 12294 "-" "Mozilla/5.0 (compatible; DataForSeoBot/1.0; +https://dataforseo.com/dataforseo-bot)"
136.243.228.181 - - [16/Oct/2022:12:42:23 +0200] "GET /pmwiki/pmwiki.php/Main/AzEUBizottsE1gaLE1bbalTiporjaADemokrE1ciE1t HTTP/1.1" 404 12486 "-" "Mozilla/5.0 (compatible; DataForSeoBot/1.0; +https://dataforseo.com/dataforseo-bot)"
136.243.228.181 - - [16/Oct/2022:12:42:27 +0200] "GET /pmwiki/pmwiki.php/Main/2005JFAnius HTTP/1.1" 404 11974 "-" "Mozilla/5.0 (compatible; DataForSeoBot/1.0; +https://dataforseo.com/dataforseo-bot)"
136.243.228.181 - - [16/Oct/2022:12:42:31 +0200] "GET /pmwiki/pmwiki.php/Main/BillGatesC9sME1sKommunistE1k HTTP/1.1" 404 12246 "-" "Mozilla/5.0 (compatible; DataForSeoBot/1.0; +https://dataforseo.com/dataforseo-bot)"
136.243.228.181 - - [16/Oct/2022:12:42:35 +0200] "GET /pmwiki/pmwiki.php/Main/2005ME1rciusiNyEDltLevE9l HTTP/1.1" 404 12198 "-" "Mozilla/5.0 (compatible; DataForSeoBot/1.0; +https://dataforseo.com/dataforseo-bot)"
136.243.228.181 - - [16/Oct/2022:12:42:39 +0200] "GET /pmwiki/pmwiki.php/Main/2005ME1rcius8 HTTP/1.1" 404 12006 "-" "Mozilla/5.0 (compatible; DataForSeoBot/1.0; +https://dataforseo.com/dataforseo-bot)"
136.243.228.181 - - [16/Oct/2022:12:42:43 +0200] "GET /pmwiki/pmwiki.php/Main/2004FebruE1riKF6szF6netLengyelorszE1gnak HTTP/1.1" 404 12438 "-" "Mozilla/5.0 (compatible; DataForSeoBot/1.0; +https://dataforseo.com/dataforseo-bot)"
77.88.5.134 - - [16/Oct/2022:13:02:04 +0200] "GET /robots.txt HTTP/1.1" 404 1181 "-" "Mozilla/5.0 (compatible; YandexBot/3.0; +http://yandex.com/bots)"
77.88.5.250 - - [16/Oct/2022:13:02:09 +0200] "GET /pmwiki/pmwiki.php/Main/HomePage?action=diff HTTP/1.1" 200 115393 "-" "Mozilla/5.0 (compatible; YandexBot/3.0; +http://yandex.com/bots)"
49.12.13.109 - - [16/Oct/2022:13:34:56 +0200] "HEAD /pmwiki/pmwiki.php HTTP/1.1" 200 0 "-" "Alert_Alligator_webmonitoring_service_1.6.3_(alertalligator.com)"
185.191.171.6 - - [16/Oct/2022:13:39:09 +0200] "GET /robots.txt HTTP/1.1" 404 1181 "-" "Mozilla/5.0 (compatible; SemrushBot/7~bl; +http://www.semrush.com/bot.html)"
185.191.171.39 - - [16/Oct/2022:13:39:10 +0200] "GET /pmwiki/pmwiki.php/Main/2003M%E1jusiNyilatkozathozKapcsol%F3d%F3Cikk HTTP/1.1" 200 14960 "-" "Mozilla/5.0 (compatible; SemrushBot/7~bl; +http://www.semrush.com/bot.html)"
114.119.128.58 - - [16/Oct/2022:13:51:19 +0200] "GET /pmwiki/pmwiki.php/Main/C%E9lok HTTP/1.1" 200 12698 "http://swpat.zpok.hu/pmwiki/pmwiki.php" "Mozilla/5.0 (Linux; Android 7.0;) AppleWebKit/537.36 (KHTML, like Gecko) Mobile Safari/537.36 (compatible; PetalBot;+https://webmaster.petalsearch.com/site/petalbot)"
49.12.13.109 - - [16/Oct/2022:14:34:00 +0200] "HEAD /pmwiki/pmwiki.php HTTP/1.1" 200 0 "-" "Alert_Alligator_webmonitoring_service_1.6.3_(alertalligator.com)"
114.119.128.6 - - [16/Oct/2022:14:55:06 +0200] "GET /pmwiki/pmwiki.php/Main/2005Szeptember2 HTTP/1.1" 200 13809 "http://swpat.zpok.hu/pmwiki/pmwiki.php/Main/Nyilatkozatok" "Mozilla/5.0 (Linux; Android 7.0;) AppleWebKit/537.36 (KHTML, like Gecko) Mobile Safari/537.36 (compatible; PetalBot;+https://webmaster.petalsearch.com/site/petalbot)"
49.12.13.109 - - [16/Oct/2022:15:34:26 +0200] "HEAD /pmwiki/pmwiki.php HTTP/1.1" 200 0 "-" "Alert_Alligator_webmonitoring_service_1.6.3_(alertalligator.com)"
49.12.13.109 - - [16/Oct/2022:16:33:30 +0200] "HEAD /pmwiki/pmwiki.php HTTP/1.1" 200 0 "-" "Alert_Alligator_webmonitoring_service_1.6.3_(alertalligator.com)"
212.237.51.151 - - [16/Oct/2022:17:18:16 +0200] "HEAD /pmwiki/pmwiki.php HTTP/1.1" 200 0 "-" "Alert_Alligator_webmonitoring_service_1.6.4_(alertalligator.com)"
212.237.23.143 - - [16/Oct/2022:18:15:40 +0200] "HEAD /pmwiki/pmwiki.php HTTP/1.1" 200 0 "-" "Alert_Alligator_webmonitoring_service_1.6.4_(alertalligator.com)"
212.237.51.151 - - [16/Oct/2022:18:56:53 +0200] "HEAD /pmwiki/pmwiki.php HTTP/1.1" 200 0 "-" "Alert_Alligator_webmonitoring_service_1.6.4_(alertalligator.com)"
77.88.5.250 - - [16/Oct/2022:19:11:20 +0200] "GET /robots.txt HTTP/1.1" 404 1181 "-" "Mozilla/5.0 (compatible; YandexBot/3.0; +http://yandex.com/bots)"
77.88.5.87 - - [16/Oct/2022:19:11:24 +0200] "GET /pmwiki/pmwiki.php/Main/Cache?action=print HTTP/1.1" 200 6932 "-" "Mozilla/5.0 (compatible; YandexBot/3.0; +http://yandex.com/bots)"
49.12.13.109 - - [16/Oct/2022:19:56:11 +0200] "HEAD /pmwiki/pmwiki.php HTTP/1.1" 200 0 "-" "Alert_Alligator_webmonitoring_service_1.6.3_(alertalligator.com)"
216.244.66.203 - - [16/Oct/2022:20:24:29 +0200] "GET /robots.txt HTTP/1.1" 404 1181 "-" "Mozilla/5.0 (compatible; DotBot/1.2; +https://opensiteexplorer.org/dotbot; help@moz.com)"
212.237.51.151 - - [16/Oct/2022:20:38:50 +0200] "HEAD /pmwiki/pmwiki.php HTTP/1.1" 200 0 "-" "Alert_Alligator_webmonitoring_service_1.6.4_(alertalligator.com)"
216.244.66.203 - - [16/Oct/2022:20:49:45 +0200] "GET /pmwiki/pmwiki.php/PmWiki/PmWiki?action=edit&restore=diff:1114313764:1114211724:minor&preview=y HTTP/1.1" 200 12451 "-" "Mozilla/5.0 (compatible; DotBot/1.2; +https://opensiteexplorer.org/dotbot; help@moz.com)"
216.244.66.203 - - [16/Oct/2022:21:17:34 +0200] "GET /robots.txt HTTP/1.1" 404 1181 "-" "Mozilla/5.0 (compatible; DotBot/1.2; +https://opensiteexplorer.org/dotbot; help@moz.com)"
212.237.23.143 - - [16/Oct/2022:21:35:43 +0200] "HEAD /pmwiki/pmwiki.php HTTP/1.1" 200 0 "-" "Alert_Alligator_webmonitoring_service_1.6.4_(alertalligator.com)"
216.244.66.203 - - [16/Oct/2022:21:46:59 +0200] "GET /pmwiki/pmwiki.php/Main/Cikkek?action=edit&restore=diff:1157455877:1137588749:minor&preview=y HTTP/1.1" 200 12422 "-" "Mozilla/5.0 (compatible; DotBot/1.2; +https://opensiteexplorer.org/dotbot; help@moz.com)"
93.158.161.60 - - [16/Oct/2022:22:20:57 +0200] "GET /robots.txt HTTP/1.1" 404 1181 "-" "Mozilla/5.0 (compatible; YandexBot/3.0; +http://yandex.com/bots)"
93.158.161.60 - - [16/Oct/2022:22:21:01 +0200] "GET /pmwiki/pmwiki.php/Main/2005J%FAnius?action=print HTTP/1.1" 200 5490 "-" "Mozilla/5.0 (compatible; YandexBot/3.0; +http://yandex.com/bots)"
212.237.23.143 - - [16/Oct/2022:22:30:19 +0200] "HEAD /pmwiki/pmwiki.php HTTP/1.1" 200 0 "-" "Alert_Alligator_webmonitoring_service_1.6.4_(alertalligator.com)"
114.119.153.72 - - [16/Oct/2022:22:34:01 +0200] "GET /robots.txt HTTP/1.1" 404 1181 "-" "Mozilla/5.0 (compatible;PetalBot;+https://webmaster.petalsearch.com/site/petalbot)"
114.119.128.67 - - [16/Oct/2022:23:20:44 +0200] "GET /pmwiki/pmwiki.php/Main/2005M%E1jus?action=edit HTTP/1.1" 200 12442 "http://swpat.zpok.hu/pmwiki/pmwiki.php/Main/2005M%e1jus" "Mozilla/5.0 (Linux; Android 7.0;) AppleWebKit/537.36 (KHTML, like Gecko) Mobile Safari/537.36 (compatible; PetalBot;+https://webmaster.petalsearch.com/site/petalbot)"
49.12.13.109 - - [16/Oct/2022:23:29:41 +0200] "HEAD /pmwiki/pmwiki.php HTTP/1.1" 200 0 "-" "Alert_Alligator_webmonitoring_service_1.6.3_(alertalligator.com)"
54.36.148.153 - - [17/Oct/2022:00:24:46 +0200] "GET /robots.txt HTTP/1.1" 404 1181 "-" "Mozilla/5.0 (compatible; AhrefsBot/7.0; +http://ahrefs.com/robot/)"
54.36.148.100 - - [17/Oct/2022:00:24:47 +0200] "GET /pmwiki/pmwiki.php/Main/2003M%E1jusBr%FCsszeliT%FAra HTTP/1.1" 200 13133 "-" "Mozilla/5.0 (compatible; AhrefsBot/7.0; +http://ahrefs.com/robot/)"
212.237.53.115 - - [17/Oct/2022:00:28:17 +0200] "HEAD /pmwiki/pmwiki.php HTTP/1.1" 200 0 "-" "Alert_Alligator_webmonitoring_service_1.6.4_(alertalligator.com)"
54.36.148.67 - - [17/Oct/2022:00:45:05 +0200] "GET /pmwiki/pmwiki.php/Main/SMELie HTTP/1.1" 200 13592 "-" "Mozilla/5.0 (compatible; AhrefsBot/7.0; +http://ahrefs.com/robot/)"
54.36.148.218 - - [17/Oct/2022:01:06:36 +0200] "GET /pmwiki/pmwiki.php/Main/Ipr HTTP/1.1" 200 13258 "-" "Mozilla/5.0 (compatible; AhrefsBot/7.0; +http://ahrefs.com/robot/)"
54.36.148.105 - - [17/Oct/2022:01:27:41 +0200] "GET /pmwiki/pmwiki.php/Main/AzIPRJavaslat?action=print HTTP/1.1" 200 5182 "-" "Mozilla/5.0 (compatible; AhrefsBot/7.0; +http://ahrefs.com/robot/)"
49.12.13.109 - - [17/Oct/2022:01:27:51 +0200] "HEAD /pmwiki/pmwiki.php HTTP/1.1" 200 0 "-" "Alert_Alligator_webmonitoring_service_1.6.3_(alertalligator.com)"
216.244.66.203 - - [17/Oct/2022:01:43:12 +0200] "GET /robots.txt HTTP/1.1" 404 1181 "-" "Mozilla/5.0 (compatible; DotBot/1.2; +https://opensiteexplorer.org/dotbot; help@moz.com)"
54.36.148.94 - - [17/Oct/2022:01:58:59 +0200] "GET /pmwiki/pmwiki.php/Main/AzIPRJavaslat?action=edit HTTP/1.1" 200 12478 "-" "Mozilla/5.0 (compatible; AhrefsBot/7.0; +http://ahrefs.com/robot/)"
216.244.66.203 - - [17/Oct/2022:02:10:19 +0200] "GET /pmwiki/pmwiki.php/PmWiki/PmWiki?action=edit&restore=diff:1114493707:1114406926:minor&preview=y HTTP/1.1" 200 12451 "-" "Mozilla/5.0 (compatible; DotBot/1.2; +https://opensiteexplorer.org/dotbot; help@moz.com)"
49.12.13.109 - - [17/Oct/2022:02:26:53 +0200] "HEAD /pmwiki/pmwiki.php HTTP/1.1" 200 0 "-" "Alert_Alligator_webmonitoring_service_1.6.3_(alertalligator.com)"
54.36.148.8 - - [17/Oct/2022:02:30:35 +0200] "GET /pmwiki/pmwiki.php/Main/MitTehetek HTTP/1.1" 200 13755 "-" "Mozilla/5.0 (compatible; AhrefsBot/7.0; +http://ahrefs.com/robot/)"
54.36.149.66 - - [17/Oct/2022:02:59:42 +0200] "GET /pmwiki/pmwiki.php/Main/AzEUBizotts%E1gaL%E1bbalTiporjaADemokr%E1ci%E1t HTTP/1.1" 200 17083 "-" "Mozilla/5.0 (compatible; AhrefsBot/7.0; +http://ahrefs.com/robot/)"
44.228.64.221 - - [17/Oct/2022:03:03:33 +0200] "GET /pmwiki/pmwiki.php/PmWiki/ChangesFromPmWiki1 HTTP/1.1" 200 19777 "-" "Python/3.8 aiohttp/3.8.3"
212.237.23.143 - - [17/Oct/2022:03:25:59 +0200] "HEAD /pmwiki/pmwiki.php HTTP/1.1" 200 0 "-" "Alert_Alligator_webmonitoring_service_1.6.4_(alertalligator.com)"
54.36.148.77 - - [17/Oct/2022:03:34:20 +0200] "GET /pmwiki/pmwiki.php/Main/Lev%E9lAParlamentInformaitikaiBizotts%E1gaEln%F6k%E9nek HTTP/1.1" 200 13984 "-" "Mozilla/5.0 (compatible; AhrefsBot/7.0; +http://ahrefs.com/robot/)"
145.236.72.132 - - [17/Oct/2022:03:38:18 +0200] "GET /robots.txt HTTP/1.1" 404 1181 "-" "Mozilla/5.0 (compatible; Googlebot/2.1; +http://www.google.com/bot.html)"
31.46.22.72 - - [17/Oct/2022:03:38:19 +0200] "GET /pmwiki/pmwiki.php/Main/HomePage?action=upload HTTP/1.1" 403 30 "-" "Mozilla/5.0 (compatible; Googlebot/2.1; +http://www.google.com/bot.html)"
66.249.79.171 - - [17/Oct/2022:03:38:20 +0200] "GET /robots.txt HTTP/1.1" 404 1181 "-" "Mozilla/5.0 (compatible; Googlebot/2.1; +http://www.google.com/bot.html)"
66.249.79.174 - - [17/Oct/2022:03:38:20 +0200] "GET /pmwiki/pmwiki.php/Main/HomePage?action=upload HTTP/1.1" 403 30 "-" "Mozilla/5.0 (compatible; Googlebot/2.1; +http://www.google.com/bot.html)"
49.12.13.109 - - [17/Oct/2022:04:03:48 +0200] "HEAD /pmwiki/pmwiki.php HTTP/1.1" 200 0 "-" "Alert_Alligator_webmonitoring_service_1.6.4_(alertalligator.com)"
54.36.149.90 - - [17/Oct/2022:04:06:41 +0200] "GET /pmwiki/pmwiki.php/Main/2004-esNyilatkozat HTTP/1.1" 200 15702 "-" "Mozilla/5.0 (compatible; AhrefsBot/7.0; +http://ahrefs.com/robot/)"
216.244.66.203 - - [17/Oct/2022:04:20:24 +0200] "GET /robots.txt HTTP/1.1" 404 1181 "-" "Mozilla/5.0 (compatible; DotBot/1.2; +https://opensiteexplorer.org/dotbot; help@moz.com)"
216.244.66.203 - - [17/Oct/2022:04:53:45 +0200] "GET /pmwiki/pmwiki.php/Main/Tud%E1smonop%F3lium?action=edit&restore=diff:1122370082:1122370066:minor&preview=y HTTP/1.1" 200 12617 "-" "Mozilla/5.0 (compatible; DotBot/1.2; +https://opensiteexplorer.org/dotbot; help@moz.com)"
49.12.13.109 - - [17/Oct/2022:05:03:20 +0200] "HEAD /pmwiki/pmwiki.php HTTP/1.1" 200 0 "-" "Alert_Alligator_webmonitoring_service_1.6.3_(alertalligator.com)"
17.121.114.253 - - [17/Oct/2022:05:17:54 +0200] "GET /favicon.ico HTTP/1.1" 404 1181 "-" "Mozilla/5.0 (Macintosh; Intel Mac OS X 10_15_5) AppleWebKit/605.1.15 (KHTML, like Gecko) Version/13.1.1 Safari/605.1.15 (Applebot/0.1; +http://www.apple.com/go/applebot)"
54.36.148.233 - - [17/Oct/2022:05:22:07 +0200] "GET /pmwiki/pmwiki.php/Main/GatesMegzsaroltaD%E1ni%E1t HTTP/1.1" 200 12993 "-" "Mozilla/5.0 (compatible; AhrefsBot/7.0; +http://ahrefs.com/robot/)"
49.12.13.109 - - [17/Oct/2022:05:44:34 +0200] "HEAD /pmwiki/pmwiki.php HTTP/1.1" 200 0 "-" "Alert_Alligator_webmonitoring_service_1.6.4_(alertalligator.com)"
54.36.148.251 - - [17/Oct/2022:05:55:26 +0200] "GET /pmwiki/pmwiki.php/Main/Rocard HTTP/1.1" 200 17404 "-" "Mozilla/5.0 (compatible; AhrefsBot/7.0; +http://ahrefs.com/robot/)"
167.71.194.21 - - [17/Oct/2022:06:20:22 +0200] "GET / HTTP/1.1" 302 5 "-" "Mozilla/5.0 (Windows NT 10.0; Win64; x64) AppleWebKit/537.36 (KHTML, like Gecko) Chrome/88.0.4240.193 Safari/537.36"
167.71.194.21 - - [17/Oct/2022:06:20:22 +0200] "GET /pmwiki/pmwiki.php HTTP/1.1" 200 37269 "-" "Mozilla/5.0 (Windows NT 10.0; Win64; x64) AppleWebKit/537.36 (KHTML, like Gecko) Chrome/88.0.4240.193 Safari/537.36"
167.71.194.21 - - [17/Oct/2022:06:20:24 +0200] "GET /pmwiki/pmwiki.php/wp-includes/wlwmanifest.xml HTTP/1.1" 404 294 "-" "Mozilla/5.0 (Windows NT 10.0; Win64; x64) AppleWebKit/537.36 (KHTML, like Gecko) Chrome/88.0.4240.193 Safari/537.36"
167.71.194.21 - - [17/Oct/2022:06:20:24 +0200] "GET /pmwiki/pmwiki.php/xmlrpc.php?rsd HTTP/1.1" 404 11880 "-" "Mozilla/5.0 (Windows NT 10.0; Win64; x64) AppleWebKit/537.36 (KHTML, like Gecko) Chrome/88.0.4240.193 Safari/537.36"
167.71.194.21 - - [17/Oct/2022:06:20:25 +0200] "GET /pmwiki/pmwiki.php HTTP/1.1" 200 37269 "-" "Mozilla/5.0 (Windows NT 10.0; Win64; x64) AppleWebKit/537.36 (KHTML, like Gecko) Chrome/88.0.4240.193 Safari/537.36"
167.71.194.21 - - [17/Oct/2022:06:20:26 +0200] "GET /pmwiki/pmwiki.php/blog/wp-includes/wlwmanifest.xml HTTP/1.1" 404 294 "-" "Mozilla/5.0 (Windows NT 10.0; Win64; x64) AppleWebKit/537.36 (KHTML, like Gecko) Chrome/88.0.4240.193 Safari/537.36"
167.71.194.21 - - [17/Oct/2022:06:20:27 +0200] "GET /pmwiki/pmwiki.php/web/wp-includes/wlwmanifest.xml HTTP/1.1" 404 294 "-" "Mozilla/5.0 (Windows NT 10.0; Win64; x64) AppleWebKit/537.36 (KHTML, like Gecko) Chrome/88.0.4240.193 Safari/537.36"
167.71.194.21 - - [17/Oct/2022:06:20:27 +0200] "GET /pmwiki/pmwiki.php/wordpress/wp-includes/wlwmanifest.xml HTTP/1.1" 404 294 "-" "Mozilla/5.0 (Windows NT 10.0; Win64; x64) AppleWebKit/537.36 (KHTML, like Gecko) Chrome/88.0.4240.193 Safari/537.36"
167.71.194.21 - - [17/Oct/2022:06:20:27 +0200] "GET /pmwiki/pmwiki.php/website/wp-includes/wlwmanifest.xml HTTP/1.1" 404 294 "-" "Mozilla/5.0 (Windows NT 10.0; Win64; x64) AppleWebKit/537.36 (KHTML, like Gecko) Chrome/88.0.4240.193 Safari/537.36"
167.71.194.21 - - [17/Oct/2022:06:20:28 +0200] "GET /pmwiki/pmwiki.php/wp/wp-includes/wlwmanifest.xml HTTP/1.1" 404 294 "-" "Mozilla/5.0 (Windows NT 10.0; Win64; x64) AppleWebKit/537.36 (KHTML, like Gecko) Chrome/88.0.4240.193 Safari/537.36"
167.71.194.21 - - [17/Oct/2022:06:20:28 +0200] "GET /pmwiki/pmwiki.php/news/wp-includes/wlwmanifest.xml HTTP/1.1" 404 294 "-" "Mozilla/5.0 (Windows NT 10.0; Win64; x64) AppleWebKit/537.36 (KHTML, like Gecko) Chrome/88.0.4240.193 Safari/537.36"
167.71.194.21 - - [17/Oct/2022:06:20:28 +0200] "GET /pmwiki/pmwiki.php/2020/wp-includes/wlwmanifest.xml HTTP/1.1" 404 294 "-" "Mozilla/5.0 (Windows NT 10.0; Win64; x64) AppleWebKit/537.36 (KHTML, like Gecko) Chrome/88.0.4240.193 Safari/537.36"
167.71.194.21 - - [17/Oct/2022:06:20:29 +0200] "GET /pmwiki/pmwiki.php/2019/wp-includes/wlwmanifest.xml HTTP/1.1" 404 294 "-" "Mozilla/5.0 (Windows NT 10.0; Win64; x64) AppleWebKit/537.36 (KHTML, like Gecko) Chrome/88.0.4240.193 Safari/537.36"
167.71.194.21 - - [17/Oct/2022:06:20:29 +0200] "GET /pmwiki/pmwiki.php/shop/wp-includes/wlwmanifest.xml HTTP/1.1" 404 294 "-" "Mozilla/5.0 (Windows NT 10.0; Win64; x64) AppleWebKit/537.36 (KHTML, like Gecko) Chrome/88.0.4240.193 Safari/537.36"
167.71.194.21 - - [17/Oct/2022:06:20:29 +0200] "GET /pmwiki/pmwiki.php/wp1/wp-includes/wlwmanifest.xml HTTP/1.1" 404 294 "-" "Mozilla/5.0 (Windows NT 10.0; Win64; x64) AppleWebKit/537.36 (KHTML, like Gecko) Chrome/88.0.4240.193 Safari/537.36"
167.71.194.21 - - [17/Oct/2022:06:20:29 +0200] "GET /pmwiki/pmwiki.php/test/wp-includes/wlwmanifest.xml HTTP/1.1" 404 294 "-" "Mozilla/5.0 (Windows NT 10.0; Win64; x64) AppleWebKit/537.36 (KHTML, like Gecko) Chrome/88.0.4240.193 Safari/537.36"
167.71.194.21 - - [17/Oct/2022:06:20:30 +0200] "GET /pmwiki/pmwiki.php/wp2/wp-includes/wlwmanifest.xml HTTP/1.1" 404 294 "-" "Mozilla/5.0 (Windows NT 10.0; Win64; x64) AppleWebKit/537.36 (KHTML, like Gecko) Chrome/88.0.4240.193 Safari/537.36"
167.71.194.21 - - [17/Oct/2022:06:20:30 +0200] "GET /pmwiki/pmwiki.php/site/wp-includes/wlwmanifest.xml HTTP/1.1" 404 294 "-" "Mozilla/5.0 (Windows NT 10.0; Win64; x64) AppleWebKit/537.36 (KHTML, like Gecko) Chrome/88.0.4240.193 Safari/537.36"
167.71.194.21 - - [17/Oct/2022:06:20:31 +0200] "GET /pmwiki/pmwiki.php/cms/wp-includes/wlwmanifest.xml HTTP/1.1" 404 294 "-" "Mozilla/5.0 (Windows NT 10.0; Win64; x64) AppleWebKit/537.36 (KHTML, like Gecko) Chrome/88.0.4240.193 Safari/537.36"
167.71.194.21 - - [17/Oct/2022:06:20:31 +0200] "GET /pmwiki/pmwiki.php/sito/wp-includes/wlwmanifest.xml HTTP/1.1" 404 294 "-" "Mozilla/5.0 (Windows NT 10.0; Win64; x64) AppleWebKit/537.36 (KHTML, like Gecko) Chrome/88.0.4240.193 Safari/537.36"
54.36.148.114 - - [17/Oct/2022:06:36:21 +0200] "GET /pmwiki/pmwiki.php/Main/HarcT%EDzITSzabadalomEllen HTTP/1.1" 200 13731 "-" "Mozilla/5.0 (compatible; AhrefsBot/7.0; +http://ahrefs.com/robot/)"
173.195.15.207 - - [17/Oct/2022:06:36:44 +0200] "GET /pmwiki/pmwiki.php/Main/Linkek HTTP/1.1" 200 28889 "http://swpat.zpok.hu" "Mozilla/5.0 (Windows NT 10.0; Win64; x64) AppleWebKit/537.36 (KHTML, like Gecko) Chrome/62.0.3202.94 Safari/537.36"
212.237.53.115 - - [17/Oct/2022:06:39:20 +0200] "HEAD /pmwiki/pmwiki.php HTTP/1.1" 200 0 "-" "Alert_Alligator_webmonitoring_service_1.6.4_(alertalligator.com)"
54.36.148.62 - - [17/Oct/2022:07:09:20 +0200] "GET /pmwiki/pmwiki.php/Main/Feb03PR HTTP/1.1" 200 15390 "-" "Mozilla/5.0 (compatible; AhrefsBot/7.0; +http://ahrefs.com/robot/)"
212.237.23.143 - - [17/Oct/2022:07:34:22 +0200] "HEAD /pmwiki/pmwiki.php HTTP/1.1" 200 0 "-" "Alert_Alligator_webmonitoring_service_1.6.4_(alertalligator.com)"
54.36.148.231 - - [17/Oct/2022:07:44:57 +0200] "GET /pmwiki/pmwiki.php/PmWiki/Installation HTTP/1.1" 200 17595 "-" "Mozilla/5.0 (compatible; AhrefsBot/7.0; +http://ahrefs.com/robot/)"
54.36.148.187 - - [17/Oct/2022:08:00:39 +0200] "GET /pmwiki/pmwiki.php/PmWiki/DocumentationIndex HTTP/1.1" 200 18850 "-" "Mozilla/5.0 (compatible; AhrefsBot/7.0; +http://ahrefs.com/robot/)"
54.36.149.93 - - [17/Oct/2022:08:16:19 +0200] "GET /pmwiki/pmwiki.php/Main/SideBar?action=edit HTTP/1.1" 200 12384 "-" "Mozilla/5.0 (compatible; AhrefsBot/7.0; +http://ahrefs.com/robot/)"
212.237.53.115 - - [17/Oct/2022:08:26:46 +0200] "HEAD /pmwiki/pmwiki.php HTTP/1.1" 200 0 "-" "Alert_Alligator_webmonitoring_service_1.6.4_(alertalligator.com)"
54.36.149.75 - - [17/Oct/2022:08:32:25 +0200] "GET /pmwiki/pmwiki.php/PmWiki/PmWikiPhilosophy HTTP/1.1" 200 16736 "-" "Mozilla/5.0 (compatible; AhrefsBot/7.0; +http://ahrefs.com/robot/)"
114.119.128.58 - - [17/Oct/2022:08:43:28 +0200] "GET /pmwiki/pmwiki.php/PmWiki/BasicEditing HTTP/1.1" 200 14335 "-" "Mozilla/5.0 (Linux; Android 7.0;) AppleWebKit/537.36 (KHTML, like Gecko) Mobile Safari/537.36 (compatible; PetalBot;+https://webmaster.petalsearch.com/site/petalbot)"
54.36.148.208 - - [17/Oct/2022:08:47:43 +0200] "GET /pmwiki/pmwiki.php/PmWiki/ChangesFromPmWiki1 HTTP/1.1" 200 19777 "-" "Mozilla/5.0 (compatible; AhrefsBot/7.0; +http://ahrefs.com/robot/)"
216.244.66.203 - - [17/Oct/2022:08:48:24 +0200] "GET /robots.txt HTTP/1.1" 404 1181 "-" "Mozilla/5.0 (compatible; DotBot/1.2; +https://opensiteexplorer.org/dotbot; help@moz.com)"
54.36.148.104 - - [17/Oct/2022:09:00:50 +0200] "GET /pmwiki/pmwiki.php/PmWiki/ReleaseNotes HTTP/1.1" 200 29978 "-" "Mozilla/5.0 (compatible; AhrefsBot/7.0; +http://ahrefs.com/robot/)"
212.237.51.151 - - [17/Oct/2022:09:08:13 +0200] "HEAD /pmwiki/pmwiki.php HTTP/1.1" 200 0 "-" "Alert_Alligator_webmonitoring_service_1.6.4_(alertalligator.com)"
216.244.66.203 - - [17/Oct/2022:09:15:44 +0200] "GET /pmwiki/pmwiki.php/Main/Google?action=edit&restore=diff:1134502574:1134209750:minor&preview=y HTTP/1.1" 200 12417 "-" "Mozilla/5.0 (compatible; DotBot/1.2; +https://opensiteexplorer.org/dotbot; help@moz.com)"
54.36.148.243 - - [17/Oct/2022:09:25:00 +0200] "GET /pmwiki/pmwiki.php/Main/Tud%E1smonop%F3lium HTTP/1.1" 200 16773 "-" "Mozilla/5.0 (compatible; AhrefsBot/7.0; +http://ahrefs.com/robot/)"
216.244.66.203 - - [17/Oct/2022:09:42:42 +0200] "GET /robots.txt HTTP/1.1" 404 1181 "-" "Mozilla/5.0 (compatible; DotBot/1.2; +https://opensiteexplorer.org/dotbot; help@moz.com)"
54.36.148.161 - - [17/Oct/2022:09:48:10 +0200] "GET /pmwiki/pmwiki.php/Main/LehetsegesJavitasokEuropaban HTTP/1.1" 200 14070 "-" "Mozilla/5.0 (compatible; AhrefsBot/7.0; +http://ahrefs.com/robot/)"
194.93.0.40 - - [17/Oct/2022:09:52:56 +0200] "GET /robots.txt HTTP/1.0" 404 1181 "-" "Mozilla/4.0 (compatible; fluid/0.0; +http://www.leak.info/bot.html)"
212.237.51.151 - - [17/Oct/2022:09:52:56 +0200] "HEAD /pmwiki/pmwiki.php HTTP/1.1" 200 0 "-" "Alert_Alligator_webmonitoring_service_1.6.4_(alertalligator.com)"
216.244.66.203 - - [17/Oct/2022:09:57:12 +0200] "GET /pmwiki/pmwiki.php/Main/Cikkek?action=edit&restore=diff:1122284290:1121153505:minor&preview=y HTTP/1.1" 200 12422 "-" "Mozilla/5.0 (compatible; DotBot/1.2; +https://opensiteexplorer.org/dotbot; help@moz.com)"
54.36.148.196 - - [17/Oct/2022:10:08:55 +0200] "GET /pmwiki/pmwiki.php/PmWiki/TipsForEditing HTTP/1.1" 200 15017 "-" "Mozilla/5.0 (compatible; AhrefsBot/7.0; +http://ahrefs.com/robot/)"
212.237.51.151 - - [17/Oct/2022:10:37:36 +0200] "HEAD /pmwiki/pmwiki.php HTTP/1.1" 200 0 "-" "Alert_Alligator_webmonitoring_service_1.6.4_(alertalligator.com)"
54.36.149.19 - - [17/Oct/2022:11:01:47 +0200] "GET /pmwiki/pmwiki.php/PmWiki/ChangeLog HTTP/1.1" 200 44191 "-" "Mozilla/5.0 (compatible; AhrefsBot/7.0; +http://ahrefs.com/robot/)"
49.12.13.109 - - [17/Oct/2022:11:16:24 +0200] "HEAD /pmwiki/pmwiki.php HTTP/1.1" 200 0 "-" "Alert_Alligator_webmonitoring_service_1.6.4_(alertalligator.com)"
49.12.13.109 - - [17/Oct/2022:12:15:42 +0200] "HEAD /pmwiki/pmwiki.php HTTP/1.1" 200 0 "-" "Alert_Alligator_webmonitoring_service_1.6.3_(alertalligator.com)"
212.237.53.115 - - [17/Oct/2022:13:07:01 +0200] "HEAD /pmwiki/pmwiki.php HTTP/1.1" 200 0 "-" "Alert_Alligator_webmonitoring_service_1.6.4_(alertalligator.com)"
212.237.53.115 - - [17/Oct/2022:14:01:15 +0200] "HEAD /pmwiki/pmwiki.php HTTP/1.1" 200 0 "-" "Alert_Alligator_webmonitoring_service_1.6.4_(alertalligator.com)"
173.245.202.228 - - [17/Oct/2022:14:33:25 +0200] "GET /pmwiki/pmwiki.php/Main/Linkek HTTP/1.1" 200 28889 "http://swpat.zpok.hu" "Mozilla/5.0 (Windows NT 10.0; Win64; x64) AppleWebKit/537.36 (KHTML, like Gecko) Chrome/62.0.3202.94 Safari/537.36"
212.237.53.115 - - [17/Oct/2022:14:58:29 +0200] "HEAD /pmwiki/pmwiki.php HTTP/1.1" 200 0 "-" "Alert_Alligator_webmonitoring_service_1.6.4_(alertalligator.com)"
212.237.51.151 - - [17/Oct/2022:15:43:17 +0200] "HEAD /pmwiki/pmwiki.php HTTP/1.1" 200 0 "-" "Alert_Alligator_webmonitoring_service_1.6.4_(alertalligator.com)"
212.237.51.151 - - [17/Oct/2022:16:24:50 +0200] "HEAD /pmwiki/pmwiki.php HTTP/1.1" 200 0 "-" "Alert_Alligator_webmonitoring_service_1.6.4_(alertalligator.com)"
114.119.135.66 - - [17/Oct/2022:16:54:18 +0200] "GET /robots.txt HTTP/1.1" 404 1181 "-" "Mozilla/5.0 (compatible;PetalBot;+https://webmaster.petalsearch.com/site/petalbot)"
49.12.13.109 - - [17/Oct/2022:17:02:34 +0200] "HEAD /pmwiki/pmwiki.php HTTP/1.1" 200 0 "-" "Alert_Alligator_webmonitoring_service_1.6.4_(alertalligator.com)"
212.237.23.143 - - [17/Oct/2022:17:55:37 +0200] "HEAD /pmwiki/pmwiki.php HTTP/1.1" 200 0 "-" "Alert_Alligator_webmonitoring_service_1.6.4_(alertalligator.com)"
51.222.253.3 - - [17/Oct/2022:18:36:28 +0200] "GET /robots.txt HTTP/1.1" 404 1181 "-" "Mozilla/5.0 (compatible; AhrefsBot/7.0; +http://ahrefs.com/robot/)"
54.36.148.100 - - [17/Oct/2022:18:36:29 +0200] "GET /pmwiki/pmwiki.php/Main/GatesMegzsaroltaD%E1ni%E1t?action=diff HTTP/1.1" 200 15072 "-" "Mozilla/5.0 (compatible; AhrefsBot/7.0; +http://ahrefs.com/robot/)"
49.12.13.109 - - [17/Oct/2022:18:54:42 +0200] "HEAD /pmwiki/pmwiki.php HTTP/1.1" 200 0 "-" "Alert_Alligator_webmonitoring_service_1.6.3_(alertalligator.com)"
54.36.149.82 - - [17/Oct/2022:18:56:39 +0200] "GET /pmwiki/pmwiki.php/Main/GatesMegzsaroltaD%E1ni%E1t?action=upload HTTP/1.1" 200 12562 "-" "Mozilla/5.0 (compatible; AhrefsBot/7.0; +http://ahrefs.com/robot/)"
54.36.148.83 - - [17/Oct/2022:19:17:29 +0200] "GET /pmwiki/pmwiki.php/Main/AzEUBizotts%E1gaL%E1bbalTiporjaADemokr%E1ci%E1t?action=upload HTTP/1.1" 200 12886 "-" "Mozilla/5.0 (compatible; AhrefsBot/7.0; +http://ahrefs.com/robot/)"
54.36.149.45 - - [17/Oct/2022:19:38:45 +0200] "GET /pmwiki/pmwiki.php/Main/Rocard?action=upload HTTP/1.1" 200 12245 "-" "Mozilla/5.0 (compatible; AhrefsBot/7.0; +http://ahrefs.com/robot/)"
212.237.51.151 - - [17/Oct/2022:19:39:04 +0200] "HEAD /pmwiki/pmwiki.php HTTP/1.1" 200 0 "-" "Alert_Alligator_webmonitoring_service_1.6.4_(alertalligator.com)"
54.36.148.0 - - [17/Oct/2022:19:57:19 +0200] "GET /pmwiki/pmwiki.php/Main/GatesMegzsaroltaD%E1ni%E1t?action=edit HTTP/1.1" 200 12682 "-" "Mozilla/5.0 (compatible; AhrefsBot/7.0; +http://ahrefs.com/robot/)"
185.191.171.10 - - [17/Oct/2022:20:10:41 +0200] "GET /robots.txt HTTP/1.1" 404 1181 "-" "Mozilla/5.0 (compatible; SemrushBot/7~bl; +http://www.semrush.com/bot.html)"
185.191.171.22 - - [17/Oct/2022:20:10:42 +0200] "GET /pmwiki/pmwiki.php HTTP/1.1" 200 37269 "-" "Mozilla/5.0 (compatible; SemrushBot/7~bl; +http://www.semrush.com/bot.html)"
212.237.23.143 - - [17/Oct/2022:20:34:39 +0200] "HEAD /pmwiki/pmwiki.php HTTP/1.1" 200 0 "-" "Alert_Alligator_webmonitoring_service_1.6.4_(alertalligator.com)"
185.191.171.5 - - [17/Oct/2022:20:35:57 +0200] "GET /pmwiki/pmwiki.php/Main/TRIPSLie HTTP/1.1" 200 12874 "-" "Mozilla/5.0 (compatible; SemrushBot/7~bl; +http://www.semrush.com/bot.html)"
185.191.171.21 - - [17/Oct/2022:20:38:12 +0200] "GET /pmwiki/pmwiki.php/Main/Mintalevel0509 HTTP/1.1" 200 16475 "-" "Mozilla/5.0 (compatible; SemrushBot/7~bl; +http://www.semrush.com/bot.html)"
185.191.171.6 - - [17/Oct/2022:20:39:03 +0200] "GET /pmwiki/pmwiki.php/Main/2004Augusztus5 HTTP/1.1" 200 15089 "-" "Mozilla/5.0 (compatible; SemrushBot/7~bl; +http://www.semrush.com/bot.html)"
54.36.148.10 - - [17/Oct/2022:20:42:59 +0200] "GET /pmwiki/pmwiki.php/Main/Rocard?action=diff HTTP/1.1" 200 18777 "-" "Mozilla/5.0 (compatible; AhrefsBot/7.0; +http://ahrefs.com/robot/)"
185.191.171.36 - - [17/Oct/2022:21:01:26 +0200] "GET /pmwiki/pmwiki.php/Main/GatesMegzsaroltaD%E1ni%E1t HTTP/1.1" 200 12993 "-" "Mozilla/5.0 (compatible; SemrushBot/7~bl; +http://www.semrush.com/bot.html)"
54.36.148.209 - - [17/Oct/2022:21:22:56 +0200] "GET /pmwiki/pmwiki.php/Main/GatesMegzsaroltaD%E1ni%E1t?action=print HTTP/1.1" 200 3221 "-" "Mozilla/5.0 (compatible; AhrefsBot/7.0; +http://ahrefs.com/robot/)"
49.12.13.109 - - [17/Oct/2022:21:33:49 +0200] "HEAD /pmwiki/pmwiki.php HTTP/1.1" 200 0 "-" "Alert_Alligator_webmonitoring_service_1.6.3_(alertalligator.com)"
185.191.171.2 - - [17/Oct/2022:21:42:38 +0200] "GET /robots.txt HTTP/1.1" 404 1181 "-" "Mozilla/5.0 (compatible; SemrushBot/7~bl; +http://www.semrush.com/bot.html)"
185.191.171.1 - - [17/Oct/2022:21:42:39 +0200] "GET /pmwiki/pmwiki.php/Main/WikiPediaban HTTP/1.1" 200 12009 "-" "Mozilla/5.0 (compatible; SemrushBot/7~bl; +http://www.semrush.com/bot.html)"
185.191.171.10 - - [17/Oct/2022:22:21:32 +0200] "GET /pmwiki/pmwiki.php/Main/EUCD HTTP/1.1" 200 12963 "-" "Mozilla/5.0 (compatible; SemrushBot/7~bl; +http://www.semrush.com/bot.html)"
185.191.171.19 - - [17/Oct/2022:22:23:04 +0200] "GET /pmwiki/pmwiki.php/Main/AJelenlegiSzerzoiJogiTorveny HTTP/1.1" 200 18664 "-" "Mozilla/5.0 (compatible; SemrushBot/7~bl; +http://www.semrush.com/bot.html)"
49.12.13.109 - - [17/Oct/2022:22:32:53 +0200] "HEAD /pmwiki/pmwiki.php HTTP/1.1" 200 0 "-" "Alert_Alligator_webmonitoring_service_1.6.3_(alertalligator.com)"
185.191.171.36 - - [17/Oct/2022:22:33:10 +0200] "GET /pmwiki/pmwiki.php/Main/Gazdas%E1giOldal HTTP/1.1" 200 19537 "-" "Mozilla/5.0 (compatible; SemrushBot/7~bl; +http://www.semrush.com/bot.html)"
185.191.171.7 - - [17/Oct/2022:22:34:41 +0200] "GET /pmwiki/pmwiki.php/Main/2003M%E1jusiNyilatkozat HTTP/1.1" 200 17004 "-" "Mozilla/5.0 (compatible; SemrushBot/7~bl; +http://www.semrush.com/bot.html)"
185.191.171.37 - - [17/Oct/2022:22:41:05 +0200] "GET /pmwiki/pmwiki.php/Main/2004-esNyilatkozat HTTP/1.1" 200 15702 "-" "Mozilla/5.0 (compatible; SemrushBot/7~bl; +http://www.semrush.com/bot.html)"
185.191.171.37 - - [17/Oct/2022:22:46:03 +0200] "GET /robots.txt HTTP/1.1" 404 1181 "-" "Mozilla/5.0 (compatible; SemrushBot/7~bl; +http://www.semrush.com/bot.html)"
185.191.171.12 - - [17/Oct/2022:22:46:04 +0200] "GET /pmwiki/pmwiki.php/Main/2003M%E1jusBr%FCsszeliT%FAra HTTP/1.1" 200 13133 "-" "Mozilla/5.0 (compatible; SemrushBot/7~bl; +http://www.semrush.com/bot.html)"
185.191.171.16 - - [17/Oct/2022:23:04:31 +0200] "GET /pmwiki/pmwiki.php/Main/Marc08essay HTTP/1.1" 200 18792 "-" "Mozilla/5.0 (compatible; SemrushBot/7~bl; +http://www.semrush.com/bot.html)"
185.191.171.6 - - [17/Oct/2022:23:05:55 +0200] "GET /pmwiki/pmwiki.php/Emeltdijas/Hu HTTP/1.1" 200 13003 "-" "Mozilla/5.0 (compatible; SemrushBot/7~bl; +http://www.semrush.com/bot.html)"
185.191.171.4 - - [17/Oct/2022:23:09:59 +0200] "GET /pmwiki/pmwiki.php/Main/2004Augusztus18 HTTP/1.1" 200 13214 "-" "Mozilla/5.0 (compatible; SemrushBot/7~bl; +http://www.semrush.com/bot.html)"
49.12.13.109 - - [17/Oct/2022:23:32:07 +0200] "HEAD /pmwiki/pmwiki.php HTTP/1.1" 200 0 "-" "Alert_Alligator_webmonitoring_service_1.6.3_(alertalligator.com)"
185.191.171.23 - - [17/Oct/2022:23:47:22 +0200] "GET /robots.txt HTTP/1.1" 404 1181 "-" "Mozilla/5.0 (compatible; SemrushBot/7~bl; +http://www.semrush.com/bot.html)"
