216.244.66.203 - - [08/May/2023:07:29:32 +0200] "GET /pmwiki/pmwiki.php/Main/2005M%E1rciusiNy%EDltLev%E9l?action=diff HTTP/1.1" 200 15621 "-" "Mozilla/5.0 (compatible; DotBot/1.2; +https://opensiteexplorer.org/dotbot; help@moz.com)"
216.244.66.203 - - [08/May/2023:07:30:03 +0200] "GET /pmwiki/pmwiki.php/PmWiki/WikiGroups?action=edit HTTP/1.1" 200 12468 "-" "Mozilla/5.0 (compatible; DotBot/1.2; +https://opensiteexplorer.org/dotbot; help@moz.com)"
216.244.66.203 - - [08/May/2023:07:30:31 +0200] "GET /pmwiki/pmwiki.php/Profiles/Ed?action=diff HTTP/1.1" 200 12764 "-" "Mozilla/5.0 (compatible; DotBot/1.2; +https://opensiteexplorer.org/dotbot; help@moz.com)"
216.244.66.203 - - [08/May/2023:07:30:34 +0200] "GET /pmwiki/pmwiki.php/Profiles/Xmouse?action=diff HTTP/1.1" 200 12836 "-" "Mozilla/5.0 (compatible; DotBot/1.2; +https://opensiteexplorer.org/dotbot; help@moz.com)"
216.244.66.203 - - [08/May/2023:07:32:32 +0200] "GET /pmwiki/pmwiki.php/PmWiki/WikiStyleExamples?action=upload&upname=wiki.png HTTP/1.1" 200 12475 "-" "Mozilla/5.0 (compatible; DotBot/1.2; +https://opensiteexplorer.org/dotbot; help@moz.com)"
54.36.148.92 - - [08/May/2023:07:33:01 +0200] "GET /pmwiki/pmwiki.php/Main/HomePage?action=edit HTTP/1.1" 200 12401 "-" "Mozilla/5.0 (compatible; AhrefsBot/7.0; +http://ahrefs.com/robot/)"
54.36.148.163 - - [08/May/2023:07:47:43 +0200] "GET /pmwiki/pmwiki.php/Main/Tud%E1smonop%F3lium?action=print HTTP/1.1" 200 7085 "-" "Mozilla/5.0 (compatible; AhrefsBot/7.0; +http://ahrefs.com/robot/)"
212.237.23.143 - - [08/May/2023:07:57:35 +0200] "HEAD /pmwiki/pmwiki.php HTTP/1.1" 200 0 "-" "Alert_Alligator_webmonitoring_service_1.6.4_(alertalligator.com)"
216.244.66.203 - - [08/May/2023:08:03:02 +0200] "GET /robots.txt HTTP/1.1" 404 1181 "-" "Mozilla/5.0 (compatible; DotBot/1.2; +https://opensiteexplorer.org/dotbot; help@moz.com)"
216.244.66.203 - - [08/May/2023:08:20:03 +0200] "GET /pmwiki/pmwiki.php/Main/Direkt%EDva?action=diff HTTP/1.1" 200 26112 "-" "Mozilla/5.0 (compatible; DotBot/1.2; +https://opensiteexplorer.org/dotbot; help@moz.com)"
216.244.66.203 - - [08/May/2023:08:21:01 +0200] "GET /pmwiki/pmwiki.php/Main/CikkekPrivacy?action=print HTTP/1.1" 200 2887 "-" "Mozilla/5.0 (compatible; DotBot/1.2; +https://opensiteexplorer.org/dotbot; help@moz.com)"
216.244.66.203 - - [08/May/2023:08:24:50 +0200] "GET /pmwiki/pmwiki.php/PmWiki/RecentChanges?action=print HTTP/1.1" 200 12002 "-" "Mozilla/5.0 (compatible; DotBot/1.2; +https://opensiteexplorer.org/dotbot; help@moz.com)"
216.244.66.203 - - [08/May/2023:08:27:50 +0200] "GET /pmwiki/pmwiki.php/PmWiki/InterMap?action=diff HTTP/1.1" 200 12839 "-" "Mozilla/5.0 (compatible; DotBot/1.2; +https://opensiteexplorer.org/dotbot; help@moz.com)"
216.244.66.203 - - [08/May/2023:08:27:55 +0200] "GET /pmwiki/pmwiki.php/PmWiki/SpecialMarkups?action=edit HTTP/1.1" 200 12545 "-" "Mozilla/5.0 (compatible; DotBot/1.2; +https://opensiteexplorer.org/dotbot; help@moz.com)"
216.244.66.203 - - [08/May/2023:08:28:00 +0200] "GET /pmwiki/pmwiki.php/PmWiki/UploadVariables?action=edit HTTP/1.1" 200 12548 "-" "Mozilla/5.0 (compatible; DotBot/1.2; +https://opensiteexplorer.org/dotbot; help@moz.com)"
216.244.66.203 - - [08/May/2023:08:28:44 +0200] "GET /pmwiki/pmwiki.php/PmWiki/AvailableActions?action=upload HTTP/1.1" 200 12444 "-" "Mozilla/5.0 (compatible; DotBot/1.2; +https://opensiteexplorer.org/dotbot; help@moz.com)"
216.244.66.203 - - [08/May/2023:08:28:47 +0200] "GET /pmwiki/pmwiki.php/PmWiki/PasswordsAdmin?action=upload HTTP/1.1" 200 12412 "-" "Mozilla/5.0 (compatible; DotBot/1.2; +https://opensiteexplorer.org/dotbot; help@moz.com)"
216.244.66.203 - - [08/May/2023:08:29:38 +0200] "GET /pmwiki/pmwiki.php/API/API?action=upload HTTP/1.1" 200 12180 "-" "Mozilla/5.0 (compatible; DotBot/1.2; +https://opensiteexplorer.org/dotbot; help@moz.com)"
216.244.66.203 - - [08/May/2023:08:30:33 +0200] "GET /pmwiki/pmwiki.php/PmWiki/FreeLinks?action=upload HTTP/1.1" 200 12327 "-" "Mozilla/5.0 (compatible; DotBot/1.2; +https://opensiteexplorer.org/dotbot; help@moz.com)"
216.244.66.203 - - [08/May/2023:08:30:37 +0200] "GET /pmwiki/pmwiki.php/Profiles/Eve?action=upload HTTP/1.1" 200 12265 "-" "Mozilla/5.0 (compatible; DotBot/1.2; +https://opensiteexplorer.org/dotbot; help@moz.com)"
54.36.148.192 - - [08/May/2023:08:33:01 +0200] "GET /robots.txt HTTP/1.1" 404 1181 "-" "Mozilla/5.0 (compatible; AhrefsBot/7.0; +http://ahrefs.com/robot/)"
54.36.148.251 - - [08/May/2023:08:33:02 +0200] "GET /pmwiki/pmwiki.php/Main/Gazdas%E1giOldal HTTP/1.1" 200 19537 "-" "Mozilla/5.0 (compatible; AhrefsBot/7.0; +http://ahrefs.com/robot/)"
216.244.66.203 - - [08/May/2023:08:35:08 +0200] "GET /pmwiki/pmwiki.php/Main/2004Augusztus15?action=upload&upname=wiki.png HTTP/1.1" 200 12405 "-" "Mozilla/5.0 (compatible; DotBot/1.2; +https://opensiteexplorer.org/dotbot; help@moz.com)"
216.244.66.203 - - [08/May/2023:08:35:11 +0200] "GET /pmwiki/pmwiki.php/Profiles/MacintelDRMOS?action=upload&upname=wiki.png HTTP/1.1" 200 12441 "-" "Mozilla/5.0 (compatible; DotBot/1.2; +https://opensiteexplorer.org/dotbot; help@moz.com)"
216.244.66.203 - - [08/May/2023:08:36:00 +0200] "GET /pmwiki/pmwiki.php/Main/HomePage?action=edit&restore=diff:1120341027:1120340302:&preview=y HTTP/1.1" 200 12447 "-" "Mozilla/5.0 (compatible; DotBot/1.2; +https://opensiteexplorer.org/dotbot; help@moz.com)"
216.244.66.203 - - [08/May/2023:08:54:17 +0200] "GET /robots.txt HTTP/1.1" 404 1181 "-" "Mozilla/5.0 (compatible; DotBot/1.2; +https://opensiteexplorer.org/dotbot; help@moz.com)"
49.12.13.109 - - [08/May/2023:08:56:39 +0200] "HEAD /pmwiki/pmwiki.php HTTP/1.1" 200 0 "-" "Alert_Alligator_webmonitoring_service_1.6.3_(alertalligator.com)"
216.244.66.203 - - [08/May/2023:09:01:13 +0200] "GET /pmwiki/pmwiki.php/PmWiki/CustomMarkup HTTP/1.1" 200 17912 "-" "Mozilla/5.0 (compatible; DotBot/1.2; +https://opensiteexplorer.org/dotbot; help@moz.com)"
216.244.66.203 - - [08/May/2023:09:01:52 +0200] "GET /pmwiki/pmwiki.php/PmWiki/WikiNature HTTP/1.1" 200 12473 "-" "Mozilla/5.0 (compatible; DotBot/1.2; +https://opensiteexplorer.org/dotbot; help@moz.com)"
216.244.66.203 - - [08/May/2023:09:05:48 +0200] "GET /pmwiki/pmwiki.php/Main/CikkekDRM?action=print HTTP/1.1" 200 8479 "-" "Mozilla/5.0 (compatible; DotBot/1.2; +https://opensiteexplorer.org/dotbot; help@moz.com)"
216.244.66.203 - - [08/May/2023:09:08:52 +0200] "GET /pmwiki/pmwiki.php/PmWiki/Upgrades?action=print HTTP/1.1" 200 5844 "-" "Mozilla/5.0 (compatible; DotBot/1.2; +https://opensiteexplorer.org/dotbot; help@moz.com)"
216.244.66.203 - - [08/May/2023:09:10:42 +0200] "GET /pmwiki/pmwiki.php/Main/ATan%E1cs%C9rdembenT%E1rgyalhatASzoftverszabadalmiDirekt%EDv%E1r%F3l?action=print HTTP/1.1" 200 8015 "-" "Mozilla/5.0 (compatible; DotBot/1.2; +https://opensiteexplorer.org/dotbot; help@moz.com)"
216.244.66.203 - - [08/May/2023:09:11:19 +0200] "GET /pmwiki/pmwiki.php/PmWiki/PredefinedWikiStyles?action=edit HTTP/1.1" 200 12623 "-" "Mozilla/5.0 (compatible; DotBot/1.2; +https://opensiteexplorer.org/dotbot; help@moz.com)"
216.244.66.203 - - [08/May/2023:09:12:02 +0200] "GET /pmwiki/pmwiki.php/Main/AzEur%F3paiParlament%DAjraind%EDt%E1stK%F6vetelAzEln%F6kiKonferenciaElfogadtaAzInd%EDtv%E1nyt?action=diff HTTP/1.1" 200 18112 "-" "Mozilla/5.0 (compatible; DotBot/1.2; +https://opensiteexplorer.org/dotbot; help@moz.com)"
216.244.66.203 - - [08/May/2023:09:12:06 +0200] "GET /pmwiki/pmwiki.php/PmWiki/Audiences?action=diff HTTP/1.1" 200 12855 "-" "Mozilla/5.0 (compatible; DotBot/1.2; +https://opensiteexplorer.org/dotbot; help@moz.com)"
216.244.66.203 - - [08/May/2023:09:12:10 +0200] "GET /pmwiki/pmwiki.php/PmWiki/AuthorTracking?action=edit HTTP/1.1" 200 12532 "-" "Mozilla/5.0 (compatible; DotBot/1.2; +https://opensiteexplorer.org/dotbot; help@moz.com)"
216.244.66.203 - - [08/May/2023:09:17:23 +0200] "GET /pmwiki/pmwiki.php/Main/HomePage?action=edit&restore=diff:1115110532:1115110455:&preview=y HTTP/1.1" 200 12447 "-" "Mozilla/5.0 (compatible; DotBot/1.2; +https://opensiteexplorer.org/dotbot; help@moz.com)"
54.36.149.18 - - [08/May/2023:09:21:29 +0200] "GET /pmwiki/pmwiki.php/Main/Befektet%E9sv%E9delem?action=print HTTP/1.1" 200 6102 "-" "Mozilla/5.0 (compatible; AhrefsBot/7.0; +http://ahrefs.com/robot/)"
216.244.66.203 - - [08/May/2023:09:53:17 +0200] "GET /robots.txt HTTP/1.1" 404 1181 "-" "Mozilla/5.0 (compatible; DotBot/1.2; +https://opensiteexplorer.org/dotbot; help@moz.com)"
212.237.53.115 - - [08/May/2023:09:59:46 +0200] "HEAD /pmwiki/pmwiki.php HTTP/1.1" 200 0 "-" "Alert_Alligator_webmonitoring_service_1.6.4_(alertalligator.com)"
216.244.66.203 - - [08/May/2023:10:01:57 +0200] "GET /pmwiki/pmwiki.php/PmWiki/PmWiki?action=edit HTTP/1.1" 200 12400 "-" "Mozilla/5.0 (compatible; DotBot/1.2; +https://opensiteexplorer.org/dotbot; help@moz.com)"
216.244.66.203 - - [08/May/2023:10:06:11 +0200] "GET /pmwiki/pmwiki.php/PmWiki/Installation?action=print HTTP/1.1" 200 8005 "-" "Mozilla/5.0 (compatible; DotBot/1.2; +https://opensiteexplorer.org/dotbot; help@moz.com)"
216.244.66.203 - - [08/May/2023:10:07:29 +0200] "GET /pmwiki/pmwiki.php/Main/ABundestagT%E1mogatjaAzEur%F3paiParlamentet?action=edit HTTP/1.1" 200 12954 "-" "Mozilla/5.0 (compatible; DotBot/1.2; +https://opensiteexplorer.org/dotbot; help@moz.com)"
216.244.66.203 - - [08/May/2023:10:08:00 +0200] "GET /pmwiki/pmwiki.php/Main/ABundestagT%E1mogatjaAzEur%F3paiParlamentet?action=upload HTTP/1.1" 200 12834 "-" "Mozilla/5.0 (compatible; DotBot/1.2; +https://opensiteexplorer.org/dotbot; help@moz.com)"
216.244.66.203 - - [08/May/2023:10:08:06 +0200] "GET /pmwiki/pmwiki.php/Main/RocardEp2?action=edit HTTP/1.1" 200 12414 "-" "Mozilla/5.0 (compatible; DotBot/1.2; +https://opensiteexplorer.org/dotbot; help@moz.com)"
216.244.66.203 - - [08/May/2023:10:08:30 +0200] "GET /pmwiki/pmwiki.php/Main/ThankYouPoland?action=upload&upname=wiki.png HTTP/1.1" 200 12391 "-" "Mozilla/5.0 (compatible; DotBot/1.2; +https://opensiteexplorer.org/dotbot; help@moz.com)"
216.244.66.203 - - [08/May/2023:10:11:15 +0200] "GET /pmwiki/pmwiki.php/PmWiki/TextFormattingRules?action=print HTTP/1.1" 200 11659 "-" "Mozilla/5.0 (compatible; DotBot/1.2; +https://opensiteexplorer.org/dotbot; help@moz.com)"
216.244.66.203 - - [08/May/2023:10:12:24 +0200] "GET /pmwiki/pmwiki.php/Main/C?action=edit HTTP/1.1" 200 12285 "-" "Mozilla/5.0 (compatible; DotBot/1.2; +https://opensiteexplorer.org/dotbot; help@moz.com)"
216.244.66.203 - - [08/May/2023:10:13:47 +0200] "GET /pmwiki/pmwiki.php/PmWiki/Upgrades?action=edit HTTP/1.1" 200 12435 "-" "Mozilla/5.0 (compatible; DotBot/1.2; +https://opensiteexplorer.org/dotbot; help@moz.com)"
216.244.66.203 - - [08/May/2023:10:15:42 +0200] "GET /pmwiki/pmwiki.php/Profiles/V6?action=upload HTTP/1.1" 200 12249 "-" "Mozilla/5.0 (compatible; DotBot/1.2; +https://opensiteexplorer.org/dotbot; help@moz.com)"
216.244.66.203 - - [08/May/2023:10:16:19 +0200] "GET /pmwiki/pmwiki.php/Main/2003M%E1jusiNyilatkozat?action=upload&upname=wiki.png HTTP/1.1" 200 12530 "-" "Mozilla/5.0 (compatible; DotBot/1.2; +https://opensiteexplorer.org/dotbot; help@moz.com)"
216.244.66.203 - - [08/May/2023:10:17:21 +0200] "GET /pmwiki/pmwiki.php/PmWiki/ImagesInWikiPages?action=upload&upname=wiki.png HTTP/1.1" 200 12476 "-" "Mozilla/5.0 (compatible; DotBot/1.2; +https://opensiteexplorer.org/dotbot; help@moz.com)"
54.36.148.76 - - [08/May/2023:10:30:49 +0200] "GET /pmwiki/pmwiki.php/Main/CikkekPrivacy HTTP/1.1" 200 12503 "-" "Mozilla/5.0 (compatible; AhrefsBot/7.0; +http://ahrefs.com/robot/)"
54.36.148.12 - - [08/May/2023:10:40:20 +0200] "GET /pmwiki/pmwiki.php/Main/Tud%E1smonop%F3lium?action=upload HTTP/1.1" 200 12446 "-" "Mozilla/5.0 (compatible; AhrefsBot/7.0; +http://ahrefs.com/robot/)"
49.12.13.109 - - [08/May/2023:10:58:54 +0200] "HEAD /pmwiki/pmwiki.php HTTP/1.1" 200 0 "-" "Alert_Alligator_webmonitoring_service_1.6.3_(alertalligator.com)"
216.244.66.203 - - [08/May/2023:10:59:26 +0200] "GET /robots.txt HTTP/1.1" 404 1181 "-" "Mozilla/5.0 (compatible; DotBot/1.2; +https://opensiteexplorer.org/dotbot; help@moz.com)"
54.36.148.157 - - [08/May/2023:11:06:41 +0200] "GET /pmwiki/pmwiki.php/PmWiki/ChangesFromPmWiki1 HTTP/1.1" 200 19777 "-" "Mozilla/5.0 (compatible; AhrefsBot/7.0; +http://ahrefs.com/robot/)"
216.244.66.203 - - [08/May/2023:11:14:56 +0200] "GET /pmwiki/pmwiki.php/Main/AzIPRJavaslat?action=upload HTTP/1.1" 200 12358 "-" "Mozilla/5.0 (compatible; DotBot/1.2; +https://opensiteexplorer.org/dotbot; help@moz.com)"
216.244.66.203 - - [08/May/2023:11:15:44 +0200] "GET /pmwiki/pmwiki.php/Main/Marc06LMEPR?action=edit HTTP/1.1" 200 12447 "-" "Mozilla/5.0 (compatible; DotBot/1.2; +https://opensiteexplorer.org/dotbot; help@moz.com)"
216.244.66.203 - - [08/May/2023:11:16:52 +0200] "GET /pmwiki/pmwiki.php/Main/2004Augusztus15?action=edit HTTP/1.1" 200 12509 "-" "Mozilla/5.0 (compatible; DotBot/1.2; +https://opensiteexplorer.org/dotbot; help@moz.com)"
216.244.66.203 - - [08/May/2023:11:16:57 +0200] "GET /pmwiki/pmwiki.php/Main/Todo?action=upload HTTP/1.1" 200 12215 "-" "Mozilla/5.0 (compatible; DotBot/1.2; +https://opensiteexplorer.org/dotbot; help@moz.com)"
216.244.66.203 - - [08/May/2023:11:17:19 +0200] "GET /pmwiki/pmwiki.php/Profiles/ATraduire?action=edit HTTP/1.1" 200 12481 "-" "Mozilla/5.0 (compatible; DotBot/1.2; +https://opensiteexplorer.org/dotbot; help@moz.com)"
216.244.66.203 - - [08/May/2023:11:17:44 +0200] "GET /pmwiki/pmwiki.php/Main/SearchWiki?action=upload&upname=wiki.png HTTP/1.1" 200 12326 "-" "Mozilla/5.0 (compatible; DotBot/1.2; +https://opensiteexplorer.org/dotbot; help@moz.com)"
216.244.66.203 - - [08/May/2023:11:17:47 +0200] "GET /pmwiki/pmwiki.php/PmWiki/Contributors?action=edit HTTP/1.1" 200 12500 "-" "Mozilla/5.0 (compatible; DotBot/1.2; +https://opensiteexplorer.org/dotbot; help@moz.com)"
216.244.66.203 - - [08/May/2023:11:17:50 +0200] "GET /pmwiki/pmwiki.php/PmWiki/IncludeOtherPages?action=print HTTP/1.1" 200 8211 "-" "Mozilla/5.0 (compatible; DotBot/1.2; +https://opensiteexplorer.org/dotbot; help@moz.com)"
216.244.66.203 - - [08/May/2023:11:17:54 +0200] "GET /pmwiki/pmwiki.php/PmWiki/LinkVariables?action=edit HTTP/1.1" 200 12516 "-" "Mozilla/5.0 (compatible; DotBot/1.2; +https://opensiteexplorer.org/dotbot; help@moz.com)"
216.244.66.203 - - [08/May/2023:11:17:57 +0200] "GET /pmwiki/pmwiki.php/PmWiki/UploadVariables?action=diff HTTP/1.1" 200 12965 "-" "Mozilla/5.0 (compatible; DotBot/1.2; +https://opensiteexplorer.org/dotbot; help@moz.com)"
216.244.66.203 - - [08/May/2023:11:18:11 +0200] "GET /pmwiki/pmwiki.php/PmWiki/EditVariables?action=upload HTTP/1.1" 200 12395 "-" "Mozilla/5.0 (compatible; DotBot/1.2; +https://opensiteexplorer.org/dotbot; help@moz.com)"
216.244.66.203 - - [08/May/2023:11:18:15 +0200] "GET /pmwiki/pmwiki.php/Profiles/Robert?action=diff HTTP/1.1" 200 12836 "-" "Mozilla/5.0 (compatible; DotBot/1.2; +https://opensiteexplorer.org/dotbot; help@moz.com)"
216.244.66.203 - - [08/May/2023:11:53:06 +0200] "GET /robots.txt HTTP/1.1" 404 1181 "-" "Mozilla/5.0 (compatible; DotBot/1.2; +https://opensiteexplorer.org/dotbot; help@moz.com)"
212.237.53.115 - - [08/May/2023:11:56:42 +0200] "HEAD /pmwiki/pmwiki.php HTTP/1.1" 200 0 "-" "Alert_Alligator_webmonitoring_service_1.6.4_(alertalligator.com)"
216.244.66.203 - - [08/May/2023:12:05:54 +0200] "GET /pmwiki/pmwiki.php/Main/AJelenlegiSzerzoiJogiTorveny?action=print HTTP/1.1" 200 8868 "-" "Mozilla/5.0 (compatible; DotBot/1.2; +https://opensiteexplorer.org/dotbot; help@moz.com)"
216.244.66.203 - - [08/May/2023:12:06:25 +0200] "GET /pmwiki/pmwiki.php/PmWiki/PmWiki?action=upload&upname=wiki.png HTTP/1.1" 200 12296 "-" "Mozilla/5.0 (compatible; DotBot/1.2; +https://opensiteexplorer.org/dotbot; help@moz.com)"
54.36.148.73 - - [08/May/2023:12:08:20 +0200] "GET /pmwiki/pmwiki.php/Main/Tud%E1smonop%F3lium?action=diff HTTP/1.1" 200 29474 "-" "Mozilla/5.0 (compatible; AhrefsBot/7.0; +http://ahrefs.com/robot/)"
216.244.66.203 - - [08/May/2023:12:10:37 +0200] "GET /pmwiki/pmwiki.php/Main/JogiOldal?action=upload&upname=wiki.png HTTP/1.1" 200 12314 "-" "Mozilla/5.0 (compatible; DotBot/1.2; +https://opensiteexplorer.org/dotbot; help@moz.com)"
216.244.66.203 - - [08/May/2023:12:11:02 +0200] "GET /pmwiki/pmwiki.php/Main/AdelphiAlapokm%E1ny?action=upload&upname=wiki.png HTTP/1.1" 200 12469 "-" "Mozilla/5.0 (compatible; DotBot/1.2; +https://opensiteexplorer.org/dotbot; help@moz.com)"
216.244.66.203 - - [08/May/2023:12:13:05 +0200] "GET /pmwiki/pmwiki.php/Main/ADRMHib%E1i?action=edit HTTP/1.1" 200 12441 "-" "Mozilla/5.0 (compatible; DotBot/1.2; +https://opensiteexplorer.org/dotbot; help@moz.com)"
216.244.66.203 - - [08/May/2023:12:13:35 +0200] "GET /pmwiki/pmwiki.php/Main/2004Augusztus18?action=diff HTTP/1.1" 200 14665 "-" "Mozilla/5.0 (compatible; DotBot/1.2; +https://opensiteexplorer.org/dotbot; help@moz.com)"
216.244.66.203 - - [08/May/2023:12:13:39 +0200] "GET /pmwiki/pmwiki.php/Main/2005Szeptember2?action=edit HTTP/1.1" 200 12510 "-" "Mozilla/5.0 (compatible; DotBot/1.2; +https://opensiteexplorer.org/dotbot; help@moz.com)"
216.244.66.203 - - [08/May/2023:12:13:43 +0200] "GET /pmwiki/pmwiki.php/Main/Damokl%E9szKardjaLebegAMagyarSzoftveriparFelett?action=diff HTTP/1.1" 200 17434 "-" "Mozilla/5.0 (compatible; DotBot/1.2; +https://opensiteexplorer.org/dotbot; help@moz.com)"
216.244.66.203 - - [08/May/2023:12:13:48 +0200] "GET /pmwiki/pmwiki.php/Profiles/Artisjus?action=edit HTTP/1.1" 200 12465 "-" "Mozilla/5.0 (compatible; DotBot/1.2; +https://opensiteexplorer.org/dotbot; help@moz.com)"
216.244.66.203 - - [08/May/2023:12:14:11 +0200] "GET /pmwiki/pmwiki.php/PmWiki/Categories?action=diff HTTP/1.1" 200 12875 "-" "Mozilla/5.0 (compatible; DotBot/1.2; +https://opensiteexplorer.org/dotbot; help@moz.com)"
216.244.66.203 - - [08/May/2023:12:14:14 +0200] "GET /pmwiki/pmwiki.php/PmWiki/WikiStyles?action=edit HTTP/1.1" 200 12467 "-" "Mozilla/5.0 (compatible; DotBot/1.2; +https://opensiteexplorer.org/dotbot; help@moz.com)"
216.244.66.203 - - [08/May/2023:12:14:42 +0200] "GET /pmwiki/pmwiki.php/PmWiki/CreatingNewPages?action=upload HTTP/1.1" 200 12445 "-" "Mozilla/5.0 (compatible; DotBot/1.2; +https://opensiteexplorer.org/dotbot; help@moz.com)"
216.244.66.203 - - [08/May/2023:12:15:15 +0200] "GET /pmwiki/pmwiki.php/Main/Portf%F3li%F3Effektus?action=diff HTTP/1.1" 200 13018 "-" "Mozilla/5.0 (compatible; DotBot/1.2; +https://opensiteexplorer.org/dotbot; help@moz.com)"
216.244.66.203 - - [08/May/2023:12:16:25 +0200] "GET /pmwiki/pmwiki.php/Main/2005M%E1rciusiNy%EDltLev%E9l?action=upload&upname=wiki.png HTTP/1.1" 200 12602 "-" "Mozilla/5.0 (compatible; DotBot/1.2; +https://opensiteexplorer.org/dotbot; help@moz.com)"
216.244.66.203 - - [08/May/2023:12:16:59 +0200] "GET /pmwiki/pmwiki.php/PmWiki/LocalCustomizations?action=upload&upname=wiki.png HTTP/1.1" 200 12506 "-" "Mozilla/5.0 (compatible; DotBot/1.2; +https://opensiteexplorer.org/dotbot; help@moz.com)"
114.119.137.98 - - [08/May/2023:12:21:34 +0200] "GET /pmwiki/pmwiki.php/Main/2005M%E1rcius8?action=diff HTTP/1.1" 200 33027 "http://swpat.zpok.hu/pmwiki/pmwiki.php/Main/2005M%e1rcius8" "Mozilla/5.0 (Linux; Android 7.0;) AppleWebKit/537.36 (KHTML, like Gecko) Mobile Safari/537.36 (compatible; PetalBot;+https://webmaster.petalsearch.com/site/petalbot)"
216.244.66.203 - - [08/May/2023:12:44:23 +0200] "GET /robots.txt HTTP/1.1" 404 1181 "-" "Mozilla/5.0 (compatible; DotBot/1.2; +https://opensiteexplorer.org/dotbot; help@moz.com)"
110.249.201.29 - - [08/May/2023:12:47:36 +0200] "GET /robots.txt HTTP/1.1" 404 1181 "-" "Mozilla/5.0 (Linux; Android 5.0) AppleWebKit/537.36 (KHTML, like Gecko) Mobile Safari/537.36 (compatible; Bytespider; https://zhanzhang.toutiao.com/)"
216.244.66.203 - - [08/May/2023:12:53:59 +0200] "GET /pmwiki/pmwiki.php/PmWiki/GoodStyle HTTP/1.1" 200 12858 "-" "Mozilla/5.0 (compatible; DotBot/1.2; +https://opensiteexplorer.org/dotbot; help@moz.com)"
49.12.13.109 - - [08/May/2023:12:55:46 +0200] "HEAD /pmwiki/pmwiki.php HTTP/1.1" 200 0 "-" "Alert_Alligator_webmonitoring_service_1.6.3_(alertalligator.com)"
216.244.66.203 - - [08/May/2023:12:59:45 +0200] "GET /pmwiki/pmwiki.php/Main/EUCD?action=upload HTTP/1.1" 200 12214 "-" "Mozilla/5.0 (compatible; DotBot/1.2; +https://opensiteexplorer.org/dotbot; help@moz.com)"
216.244.66.203 - - [08/May/2023:13:01:44 +0200] "GET /pmwiki/pmwiki.php/API/PZZ?action=edit HTTP/1.1" 200 12300 "-" "Mozilla/5.0 (compatible; DotBot/1.2; +https://opensiteexplorer.org/dotbot; help@moz.com)"
216.244.66.203 - - [08/May/2023:13:02:05 +0200] "GET /pmwiki/pmwiki.php/Main/FAQ?action=diff HTTP/1.1" 200 19015 "-" "Mozilla/5.0 (compatible; DotBot/1.2; +https://opensiteexplorer.org/dotbot; help@moz.com)"
216.244.66.203 - - [08/May/2023:13:04:19 +0200] "GET /pmwiki/pmwiki.php/Main/Privacy?action=upload&upname=wiki.png HTTP/1.1" 200 12277 "-" "Mozilla/5.0 (compatible; DotBot/1.2; +https://opensiteexplorer.org/dotbot; help@moz.com)"
216.244.66.203 - - [08/May/2023:13:06:34 +0200] "GET /pmwiki/pmwiki.php/Main/SMELie?action=upload HTTP/1.1" 200 12247 "-" "Mozilla/5.0 (compatible; DotBot/1.2; +https://opensiteexplorer.org/dotbot; help@moz.com)"
216.244.66.203 - - [08/May/2023:13:06:54 +0200] "GET /pmwiki/pmwiki.php/PmWiki/TextFormattingRules?action=diff HTTP/1.1" 200 13036 "-" "Mozilla/5.0 (compatible; DotBot/1.2; +https://opensiteexplorer.org/dotbot; help@moz.com)"
216.244.66.203 - - [08/May/2023:13:08:19 +0200] "GET /pmwiki/pmwiki.php/Main/Marc07PR?action=upload&upname=wiki.png HTTP/1.1" 200 12295 "-" "Mozilla/5.0 (compatible; DotBot/1.2; +https://opensiteexplorer.org/dotbot; help@moz.com)"
216.244.66.203 - - [08/May/2023:13:09:29 +0200] "GET /pmwiki/pmwiki.php/Main/AzEur%F3paiParlament%DAjraind%EDt%E1stK%F6vetelAzEln%F6kiKonferenciaElfogadtaAzInd%EDtv%E1nyt?action=upload&upname=wiki.png HTTP/1.1" 200 13626 "-" "Mozilla/5.0 (compatible; DotBot/1.2; +https://opensiteexplorer.org/dotbot; help@moz.com)"
216.244.66.203 - - [08/May/2023:13:09:42 +0200] "GET /pmwiki/pmwiki.php/PmWiki/WikiStructure?action=upload&upname=wiki.png HTTP/1.1" 200 12412 "-" "Mozilla/5.0 (compatible; DotBot/1.2; +https://opensiteexplorer.org/dotbot; help@moz.com)"
216.244.66.203 - - [08/May/2023:13:10:43 +0200] "GET /pmwiki/pmwiki.php/Main/HomePage?action=edit&restore=diff:1118660358:1118537025:&preview=y HTTP/1.1" 200 12447 "-" "Mozilla/5.0 (compatible; DotBot/1.2; +https://opensiteexplorer.org/dotbot; help@moz.com)"
216.244.66.203 - - [08/May/2023:13:35:46 +0200] "GET /robots.txt HTTP/1.1" 404 1181 "-" "Mozilla/5.0 (compatible; DotBot/1.2; +https://opensiteexplorer.org/dotbot; help@moz.com)"
216.244.66.203 - - [08/May/2023:13:45:22 +0200] "GET /pmwiki/pmwiki.php/PmWiki/Audiences HTTP/1.1" 200 16668 "-" "Mozilla/5.0 (compatible; DotBot/1.2; +https://opensiteexplorer.org/dotbot; help@moz.com)"
216.244.66.203 - - [08/May/2023:13:45:31 +0200] "GET /pmwiki/pmwiki.php/PmWiki/CreatingNewPages HTTP/1.1" 200 14492 "-" "Mozilla/5.0 (compatible; DotBot/1.2; +https://opensiteexplorer.org/dotbot; help@moz.com)"
49.12.13.109 - - [08/May/2023:13:54:50 +0200] "HEAD /pmwiki/pmwiki.php HTTP/1.1" 200 0 "-" "Alert_Alligator_webmonitoring_service_1.6.3_(alertalligator.com)"
216.244.66.203 - - [08/May/2023:13:57:35 +0200] "GET /pmwiki/pmwiki.php/Main/ToughLetter?action=print HTTP/1.1" 200 6624 "-" "Mozilla/5.0 (compatible; DotBot/1.2; +https://opensiteexplorer.org/dotbot; help@moz.com)"
216.244.66.203 - - [08/May/2023:13:58:07 +0200] "GET /pmwiki/pmwiki.php/PmWiki/PerGroupCustomizations?action=edit HTTP/1.1" 200 12660 "-" "Mozilla/5.0 (compatible; DotBot/1.2; +https://opensiteexplorer.org/dotbot; help@moz.com)"
216.244.66.203 - - [08/May/2023:13:59:16 +0200] "GET /pmwiki/pmwiki.php/PmWiki/PerGroupCustomizations?action=upload HTTP/1.1" 200 12540 "-" "Mozilla/5.0 (compatible; DotBot/1.2; +https://opensiteexplorer.org/dotbot; help@moz.com)"
216.244.66.203 - - [08/May/2023:13:59:49 +0200] "GET /pmwiki/pmwiki.php/Profiles/Mag?action=upload HTTP/1.1" 200 12265 "-" "Mozilla/5.0 (compatible; DotBot/1.2; +https://opensiteexplorer.org/dotbot; help@moz.com)"
216.244.66.203 - - [08/May/2023:14:01:05 +0200] "GET /pmwiki/pmwiki.php/PmWiki/BasicVariables?action=upload&upname=wiki.png HTTP/1.1" 200 12428 "-" "Mozilla/5.0 (compatible; DotBot/1.2; +https://opensiteexplorer.org/dotbot; help@moz.com)"
216.244.66.203 - - [08/May/2023:14:01:47 +0200] "GET /pmwiki/pmwiki.php/PmWiki/FreeLinks?action=upload&upname=wiki.png HTTP/1.1" 200 12343 "-" "Mozilla/5.0 (compatible; DotBot/1.2; +https://opensiteexplorer.org/dotbot; help@moz.com)"
216.244.66.203 - - [08/May/2023:14:01:49 +0200] "GET /pmwiki/pmwiki.php/Profiles/%C9n%CDrtamH%E1tPublik%E1lom?action=upload&upname=wiki.png HTTP/1.1" 200 12665 "-" "Mozilla/5.0 (compatible; DotBot/1.2; +https://opensiteexplorer.org/dotbot; help@moz.com)"
216.244.66.203 - - [08/May/2023:14:02:34 +0200] "GET /pmwiki/pmwiki.php/Main/HomePage?action=edit&restore=diff:1110543897:1110531317:&preview=y HTTP/1.1" 200 12447 "-" "Mozilla/5.0 (compatible; DotBot/1.2; +https://opensiteexplorer.org/dotbot; help@moz.com)"
142.202.48.16 - - [08/May/2023:14:45:35 +0200] "GET /wp-includes/wlwmanifest.xml HTTP/1.1" 404 1181 "-" "Apache/2.4.34 (Ubuntu) OpenSSL/1.1.1 (internal dummy connection)"
49.12.13.109 - - [08/May/2023:14:53:59 +0200] "HEAD /pmwiki/pmwiki.php HTTP/1.1" 200 0 "-" "Alert_Alligator_webmonitoring_service_1.6.3_(alertalligator.com)"
77.75.79.62 - - [08/May/2023:15:20:53 +0200] "GET /robots.txt HTTP/1.1" 404 1181 "-" "Mozilla/5.0 (compatible; SeznamBot/4.0-RC1; +http://napoveda.seznam.cz/seznambot-intro/)"
77.75.78.161 - - [08/May/2023:15:20:54 +0200] "GET /pmwiki/pmwiki.php/PmWiki/FAQ HTTP/1.1" 200 23861 "-" "Mozilla/5.0 (compatible; SeznamBot/4.0-RC1; +http://napoveda.seznam.cz/seznambot-intro/)"
54.36.148.197 - - [08/May/2023:15:36:17 +0200] "GET /pmwiki/pmwiki.php/Main/Doksik HTTP/1.1" 200 14123 "-" "Mozilla/5.0 (compatible; AhrefsBot/7.0; +http://ahrefs.com/robot/)"
49.12.13.109 - - [08/May/2023:15:53:08 +0200] "HEAD /pmwiki/pmwiki.php HTTP/1.1" 200 0 "-" "Alert_Alligator_webmonitoring_service_1.6.3_(alertalligator.com)"
54.36.148.116 - - [08/May/2023:16:09:20 +0200] "GET /pmwiki/pmwiki.php/Main/MiADRM HTTP/1.1" 200 12869 "-" "Mozilla/5.0 (compatible; AhrefsBot/7.0; +http://ahrefs.com/robot/)"
183.136.225.44 - - [08/May/2023:16:25:34 +0200] "GET / HTTP/1.1" 302 5 "-" "Mozilla/5.0 (Macintosh; Intel Mac OS X 10.11; rv:47.0) Gecko/20100101 Firefox/47.0"
183.136.225.44 - - [08/May/2023:16:25:37 +0200] "GET /pmwiki/pmwiki.php HTTP/1.1" 200 37269 "-" "Mozilla/5.0 (Macintosh; Intel Mac OS X 10.11; rv:47.0) Gecko/20100101 Firefox/47.0"
183.136.225.44 - - [08/May/2023:16:25:40 +0200] "GET / HTTP/1.1" 302 5 "-" "Mozilla/5.0 (Windows NT 6.1; WOW64) AppleWebKit/537.36 (KHTML, like Gecko) Chrome/63.0.3239.132 Safari/537.36 QIHU 360SE"
183.136.225.44 - - [08/May/2023:16:25:43 +0200] "GET /pmwiki/pmwiki.php HTTP/1.1" 200 37269 "http://195.56.55.225:80" "Mozilla/5.0 (Windows NT 6.1; WOW64) AppleWebKit/537.36 (KHTML, like Gecko) Chrome/63.0.3239.132 Safari/537.36 QIHU 360SE"
183.136.225.44 - - [08/May/2023:16:25:47 +0200] "GET /favicon.ico HTTP/1.1" 404 1181 "-" "Mozilla/5.0 (Windows NT 6.1; WOW64) AppleWebKit/537.36 (KHTML, like Gecko) Chrome/63.0.3239.132 Safari/537.36 QIHU 360SE"
183.136.225.44 - - [08/May/2023:16:25:51 +0200] "GET /robots.txt HTTP/1.1" 404 1181 "-" "Mozilla/5.0 (Windows NT 6.1; WOW64) AppleWebKit/537.36 (KHTML, like Gecko) Chrome/63.0.3239.132 Safari/537.36 QIHU 360SE"
114.119.149.109 - - [08/May/2023:16:35:28 +0200] "GET /pmwiki/pmwiki.php/Main/McCreevy HTTP/1.1" 200 13220 "http://swpat.zpok.hu/pmwiki/pmwiki.php/Main/ABundestagT%e1mogatjaAzEur%f3paiParlamentet" "Mozilla/5.0 (Linux; Android 7.0;) AppleWebKit/537.36 (KHTML, like Gecko) Mobile Safari/537.36 (compatible; PetalBot;+https://webmaster.petalsearch.com/site/petalbot)"
110.249.201.179 - - [08/May/2023:16:47:22 +0200] "GET /robots.txt HTTP/1.1" 404 1181 "-" "Mozilla/5.0 (Linux; Android 5.0) AppleWebKit/537.36 (KHTML, like Gecko) Mobile Safari/537.36 (compatible; Bytespider; https://zhanzhang.toutiao.com/)"
49.12.13.109 - - [08/May/2023:16:52:32 +0200] "HEAD /pmwiki/pmwiki.php HTTP/1.1" 200 0 "-" "Alert_Alligator_webmonitoring_service_1.6.3_(alertalligator.com)"
54.36.148.227 - - [08/May/2023:16:53:10 +0200] "GET /pmwiki/pmwiki.php/Main/CenZored?action=diff HTTP/1.1" 200 16528 "-" "Mozilla/5.0 (compatible; AhrefsBot/7.0; +http://ahrefs.com/robot/)"
114.119.131.110 - - [08/May/2023:17:33:31 +0200] "GET /robots.txt HTTP/1.1" 404 1181 "-" "Mozilla/5.0 (compatible;PetalBot;+https://webmaster.petalsearch.com/site/petalbot)"
212.237.51.151 - - [08/May/2023:17:34:13 +0200] "HEAD /pmwiki/pmwiki.php HTTP/1.1" 200 0 "-" "Alert_Alligator_webmonitoring_service_1.6.4_(alertalligator.com)"
54.36.148.29 - - [08/May/2023:17:35:02 +0200] "GET /pmwiki/pmwiki.php/Main/CenZored?action=edit HTTP/1.1" 200 12402 "-" "Mozilla/5.0 (compatible; AhrefsBot/7.0; +http://ahrefs.com/robot/)"
212.237.23.143 - - [08/May/2023:18:30:32 +0200] "HEAD /pmwiki/pmwiki.php HTTP/1.1" 200 0 "-" "Alert_Alligator_webmonitoring_service_1.6.4_(alertalligator.com)"
54.36.148.142 - - [08/May/2023:18:34:44 +0200] "GET /pmwiki/pmwiki.php/Main/MiADRM?action=print HTTP/1.1" 200 3337 "-" "Mozilla/5.0 (compatible; AhrefsBot/7.0; +http://ahrefs.com/robot/)"
54.36.148.34 - - [08/May/2023:19:07:10 +0200] "GET /pmwiki/pmwiki.php/Main/MiADRM?action=edit HTTP/1.1" 200 12366 "-" "Mozilla/5.0 (compatible; AhrefsBot/7.0; +http://ahrefs.com/robot/)"
212.237.23.143 - - [08/May/2023:19:27:25 +0200] "HEAD /pmwiki/pmwiki.php HTTP/1.1" 200 0 "-" "Alert_Alligator_webmonitoring_service_1.6.4_(alertalligator.com)"
18.157.177.46 - - [08/May/2023:19:57:58 +0200] "GET /.git/config HTTP/1.1" 404 1181 "-" "Mozilla/5.0 (X11; Linux armv7l) AppleWebKit/537.36 (KHTML, like Gecko) Raspbian Chromium/72.0.3626.121 Chrome/72.0.3626.121 Safari/537.36"
102.165.51.104 - - [08/May/2023:20:14:24 +0200] "HEAD /adminer.php HTTP/1.1" 404 0 "-" "curl/7.68.0"
102.165.51.104 - - [08/May/2023:20:14:24 +0200] "GET /adminer.php HTTP/1.1" 404 1181 "-" "curl/7.68.0"
87.121.221.50 - - [08/May/2023:20:17:55 +0200] "GET / HTTP/1.1" 302 5 "www.google.com" "Mozlila/5.0 (Linux; Android 7.0; SM-G892A Bulid/NRD90M; wv) AppleWebKit/537.36 (KHTML, like Gecko) Version/4.0 Chrome/60.0.3112.107 Moblie Safari/537.36"
87.121.221.50 - - [08/May/2023:20:17:55 +0200] "GET /pmwiki/pmwiki.php HTTP/1.1" 200 37269 "www.google.com" "Mozlila/5.0 (Linux; Android 7.0; SM-G892A Bulid/NRD90M; wv) AppleWebKit/537.36 (KHTML, like Gecko) Version/4.0 Chrome/60.0.3112.107 Moblie Safari/537.36"
49.12.13.109 - - [08/May/2023:20:26:30 +0200] "HEAD /pmwiki/pmwiki.php HTTP/1.1" 200 0 "-" "Alert_Alligator_webmonitoring_service_1.6.3_(alertalligator.com)"
51.222.253.13 - - [08/May/2023:20:55:29 +0200] "GET /robots.txt HTTP/1.1" 404 1181 "-" "Mozilla/5.0 (compatible; AhrefsBot/7.0; +http://ahrefs.com/robot/)"
54.36.148.186 - - [08/May/2023:20:55:32 +0200] "GET /pmwiki/pmwiki.php/Main/MiADRM?action=diff HTTP/1.1" 200 25129 "-" "Mozilla/5.0 (compatible; AhrefsBot/7.0; +http://ahrefs.com/robot/)"
212.237.23.143 - - [08/May/2023:21:20:08 +0200] "HEAD /pmwiki/pmwiki.php HTTP/1.1" 200 0 "-" "Alert_Alligator_webmonitoring_service_1.6.4_(alertalligator.com)"
212.237.53.115 - - [08/May/2023:22:11:16 +0200] "HEAD /pmwiki/pmwiki.php HTTP/1.1" 200 0 "-" "Alert_Alligator_webmonitoring_service_1.6.4_(alertalligator.com)"
54.36.149.11 - - [08/May/2023:22:48:14 +0200] "GET /pmwiki/pmwiki.php/Main/ADRMH%E1tr%E1nyai?action=upload HTTP/1.1" 200 12414 "-" "Mozilla/5.0 (compatible; AhrefsBot/7.0; +http://ahrefs.com/robot/)"
212.237.23.143 - - [08/May/2023:23:10:11 +0200] "HEAD /pmwiki/pmwiki.php HTTP/1.1" 200 0 "-" "Alert_Alligator_webmonitoring_service_1.6.4_(alertalligator.com)"
110.249.201.14 - - [08/May/2023:23:29:30 +0200] "GET /robots.txt HTTP/1.1" 404 1181 "-" "Mozilla/5.0 (Linux; Android 5.0) AppleWebKit/537.36 (KHTML, like Gecko) Mobile Safari/537.36 (compatible; Bytespider; https://zhanzhang.toutiao.com/)"
54.36.148.118 - - [08/May/2023:23:38:13 +0200] "GET /pmwiki/pmwiki.php/Main/ADRMH%E1tr%E1nyai?action=edit HTTP/1.1" 200 12534 "-" "Mozilla/5.0 (compatible; AhrefsBot/7.0; +http://ahrefs.com/robot/)"
114.119.141.203 - - [08/May/2023:23:43:05 +0200] "GET /pmwiki/pmwiki.php/PmWiki/PmWiki?action=diff HTTP/1.1" 200 457953 "http://swpat.zpok.hu/pmwiki/pmwiki.php/PmWiki" "Mozilla/5.0 (Linux; Android 7.0;) AppleWebKit/537.36 (KHTML, like Gecko) Mobile Safari/537.36 (compatible; PetalBot;+https://webmaster.petalsearch.com/site/petalbot)"
54.36.148.86 - - [09/May/2023:00:08:18 +0200] "GET /pmwiki/pmwiki.php/Main/ADRMH%E1tr%E1nyai?action=diff HTTP/1.1" 200 32626 "-" "Mozilla/5.0 (compatible; AhrefsBot/7.0; +http://ahrefs.com/robot/)"
49.12.13.109 - - [09/May/2023:00:09:16 +0200] "HEAD /pmwiki/pmwiki.php HTTP/1.1" 200 0 "-" "Alert_Alligator_webmonitoring_service_1.6.3_(alertalligator.com)"
54.36.148.37 - - [09/May/2023:00:29:22 +0200] "GET /pmwiki/pmwiki.php/Main/SzoftverSzabadalmak?action=print HTTP/1.1" 200 5369 "-" "Mozilla/5.0 (compatible; AhrefsBot/7.0; +http://ahrefs.com/robot/)"
94.130.237.170 - - [09/May/2023:00:41:48 +0200] "GET /robots.txt HTTP/1.1" 404 1181 "-" "Mozilla/5.0 (compatible; AwarioBot/1.0; +https://awario.com/bots.html)"
94.130.237.170 - - [09/May/2023:00:41:48 +0200] "GET /pmwiki/pmwiki.php HTTP/1.1" 200 37269 "-" "Mozilla/5.0 (compatible; AwarioBot/1.0; +https://awario.com/bots.html)"
94.130.237.170 - - [09/May/2023:00:41:50 +0200] "GET /pmwiki/pmwiki.php/Main/Tud%EF%BF%BDsmonop%EF%BF%BDlium HTTP/1.1" 302 181 "-" "Mozilla/5.0 (compatible; AwarioBot/1.0; +https://awario.com/bots.html)"
94.130.237.170 - - [09/May/2023:00:41:50 +0200] "GET /pmwiki/pmwiki.php/Main/Tud HTTP/1.1" 404 11842 "-" "Mozilla/5.0 (compatible; AwarioBot/1.0; +https://awario.com/bots.html)"
54.36.148.104 - - [09/May/2023:00:43:55 +0200] "GET /pmwiki/pmwiki.php/Main/ADRMH%E1tr%E1nyai?action=print HTTP/1.1" 200 5095 "-" "Mozilla/5.0 (compatible; AhrefsBot/7.0; +http://ahrefs.com/robot/)"
212.237.51.151 - - [09/May/2023:00:54:20 +0200] "HEAD /pmwiki/pmwiki.php HTTP/1.1" 200 0 "-" "Alert_Alligator_webmonitoring_service_1.6.4_(alertalligator.com)"
54.36.148.208 - - [09/May/2023:00:57:10 +0200] "GET /pmwiki/pmwiki.php/Main/Tud%E1smonop%F3lium?action=edit HTTP/1.1" 200 12566 "-" "Mozilla/5.0 (compatible; AhrefsBot/7.0; +http://ahrefs.com/robot/)"
114.119.135.126 - - [09/May/2023:01:02:31 +0200] "GET /pmwiki/pmwiki.php/Main/MitTehetek?action=diff&source=y&minor=y HTTP/1.1" 200 27274 "-" "Mozilla/5.0 (Linux; Android 7.0;) AppleWebKit/537.36 (KHTML, like Gecko) Mobile Safari/537.36 (compatible; PetalBot;+https://webmaster.petalsearch.com/site/petalbot)"
54.36.148.91 - - [09/May/2023:01:11:51 +0200] "GET /pmwiki/pmwiki.php/Main/SzoftverSzabadalmak?action=upload HTTP/1.1" 200 12458 "-" "Mozilla/5.0 (compatible; AhrefsBot/7.0; +http://ahrefs.com/robot/)"
216.244.66.203 - - [09/May/2023:01:18:35 +0200] "GET /robots.txt HTTP/1.1" 404 1181 "-" "Mozilla/5.0 (compatible; DotBot/1.2; +https://opensiteexplorer.org/dotbot; help@moz.com)"
54.36.148.101 - - [09/May/2023:01:25:46 +0200] "GET /pmwiki/pmwiki.php/Main/Tud%E1smonop%F3lium HTTP/1.1" 200 16773 "-" "Mozilla/5.0 (compatible; AhrefsBot/7.0; +http://ahrefs.com/robot/)"
216.244.66.203 - - [09/May/2023:01:29:32 +0200] "GET /pmwiki/pmwiki.php/Main/Doksik?action=upload&upname=MIE_allasf_swpat.doc HTTP/1.1" 200 12274 "-" "Mozilla/5.0 (compatible; DotBot/1.2; +https://opensiteexplorer.org/dotbot; help@moz.com)"
212.237.51.151 - - [09/May/2023:01:41:09 +0200] "HEAD /pmwiki/pmwiki.php HTTP/1.1" 200 0 "-" "Alert_Alligator_webmonitoring_service_1.6.4_(alertalligator.com)"
114.119.144.29 - - [09/May/2023:01:48:42 +0200] "GET /pmwiki/pmwiki.php/Main/Befektet%E9sv%E9delem?action=edit HTTP/1.1" 200 12602 "http://swpat.zpok.hu/pmwiki/pmwiki.php/Main/Befektet%e9sv%e9delem" "Mozilla/5.0 (Linux; Android 7.0;) AppleWebKit/537.36 (KHTML, like Gecko) Mobile Safari/537.36 (compatible; PetalBot;+https://webmaster.petalsearch.com/site/petalbot)"
114.119.128.5 - - [09/May/2023:01:52:57 +0200] "GET /pmwiki/pmwiki.php/Main/2004Febru%E1riK%F6sz%F6netLengyelorsz%E1gnak?action=upload HTTP/1.1" 200 12838 "http://swpat.zpok.hu/pmwiki/pmwiki.php/Main/2004Febru%e1riK%f6sz%f6netLengyelorsz%e1gnak" "Mozilla/5.0 (Linux; Android 7.0;) AppleWebKit/537.36 (KHTML, like Gecko) Mobile Safari/537.36 (compatible; PetalBot;+https://webmaster.petalsearch.com/site/petalbot)"
212.237.23.143 - - [09/May/2023:02:37:17 +0200] "HEAD /pmwiki/pmwiki.php HTTP/1.1" 200 0 "-" "Alert_Alligator_webmonitoring_service_1.6.4_(alertalligator.com)"
54.36.149.86 - - [09/May/2023:02:56:08 +0200] "GET /pmwiki/pmwiki.php/Main/DRM?action=edit HTTP/1.1" 200 12318 "-" "Mozilla/5.0 (compatible; AhrefsBot/7.0; +http://ahrefs.com/robot/)"
111.225.149.120 - - [09/May/2023:03:28:08 +0200] "GET /robots.txt HTTP/1.1" 404 1181 "-" "Mozilla/5.0 (Linux; Android 5.0) AppleWebKit/537.36 (KHTML, like Gecko) Mobile Safari/537.36 (compatible; Bytespider; https://zhanzhang.toutiao.com/)"
49.12.13.109 - - [09/May/2023:03:36:22 +0200] "HEAD /pmwiki/pmwiki.php HTTP/1.1" 200 0 "-" "Alert_Alligator_webmonitoring_service_1.6.3_(alertalligator.com)"
17.241.219.204 - - [09/May/2023:04:17:42 +0200] "GET /robots.txt HTTP/1.1" 404 1181 "-" "Mozilla/5.0 (Macintosh; Intel Mac OS X 10_15_5) AppleWebKit/605.1.15 (KHTML, like Gecko) Version/13.1.1 Safari/605.1.15 (Applebot/0.1; +http://www.apple.com/go/applebot)"
17.241.219.204 - - [09/May/2023:04:17:43 +0200] "GET /favicon.ico HTTP/1.1" 404 1181 "-" "Mozilla/5.0 (Macintosh; Intel Mac OS X 10_15_5) AppleWebKit/605.1.15 (KHTML, like Gecko) Version/13.1.1 Safari/605.1.15 (Applebot/0.1; +http://www.apple.com/go/applebot)"
212.237.53.115 - - [09/May/2023:04:33:16 +0200] "HEAD /pmwiki/pmwiki.php HTTP/1.1" 200 0 "-" "Alert_Alligator_webmonitoring_service_1.6.4_(alertalligator.com)"
49.12.13.109 - - [09/May/2023:05:32:20 +0200] "HEAD /pmwiki/pmwiki.php HTTP/1.1" 200 0 "-" "Alert_Alligator_webmonitoring_service_1.6.3_(alertalligator.com)"
54.36.149.95 - - [09/May/2023:05:41:45 +0200] "GET /pmwiki/pmwiki.php/Main/DRM?action=upload HTTP/1.1" 200 12198 "-" "Mozilla/5.0 (compatible; AhrefsBot/7.0; +http://ahrefs.com/robot/)"
54.36.148.189 - - [09/May/2023:06:16:22 +0200] "GET /pmwiki/pmwiki.php/Main/Virsligy%E1r?action=print HTTP/1.1" 200 15382 "-" "Mozilla/5.0 (compatible; AhrefsBot/7.0; +http://ahrefs.com/robot/)"
134.209.105.99 - - [09/May/2023:06:29:39 +0200] "GET /wp-includes/wlwmanifest.xml HTTP/1.1" 404 1181 "-" "Apache/2.4.34 (Ubuntu) OpenSSL/1.1.1 (internal dummy connection)"
49.12.13.109 - - [09/May/2023:06:31:22 +0200] "HEAD /pmwiki/pmwiki.php HTTP/1.1" 200 0 "-" "Alert_Alligator_webmonitoring_service_1.6.3_(alertalligator.com)"
54.36.149.18 - - [09/May/2023:06:48:40 +0200] "GET /pmwiki/pmwiki.php/Main/DRM?action=print HTTP/1.1" 200 5476 "-" "Mozilla/5.0 (compatible; AhrefsBot/7.0; +http://ahrefs.com/robot/)"
110.249.201.42 - - [09/May/2023:07:17:27 +0200] "GET /robots.txt HTTP/1.1" 404 1181 "-" "Mozilla/5.0 (Linux; Android 5.0) AppleWebKit/537.36 (KHTML, like Gecko) Mobile Safari/537.36 (compatible; Bytespider; https://zhanzhang.toutiao.com/)"
212.237.23.143 - - [09/May/2023:07:32:38 +0200] "HEAD /pmwiki/pmwiki.php HTTP/1.1" 200 0 "-" "Alert_Alligator_webmonitoring_service_1.6.4_(alertalligator.com)"
54.36.149.47 - - [09/May/2023:07:36:22 +0200] "GET /pmwiki/pmwiki.php/Main/JogiOldal HTTP/1.1" 200 26044 "-" "Mozilla/5.0 (compatible; AhrefsBot/7.0; +http://ahrefs.com/robot/)"
49.12.13.109 - - [09/May/2023:07:57:33 +0200] "HEAD /pmwiki/pmwiki.php HTTP/1.1" 200 0 "-" "Alert_Alligator_webmonitoring_service_1.6.4_(alertalligator.com)"
212.237.53.115 - - [09/May/2023:08:50:18 +0200] "HEAD /pmwiki/pmwiki.php HTTP/1.1" 200 0 "-" "Alert_Alligator_webmonitoring_service_1.6.4_(alertalligator.com)"
216.244.66.203 - - [09/May/2023:08:53:27 +0200] "GET /robots.txt HTTP/1.1" 404 1181 "-" "Mozilla/5.0 (compatible; DotBot/1.2; +https://opensiteexplorer.org/dotbot; help@moz.com)"
216.244.66.203 - - [09/May/2023:09:01:51 +0200] "GET /pmwiki/pmwiki.php/PmWiki/Upgrades HTTP/1.1" 200 15449 "-" "Mozilla/5.0 (compatible; DotBot/1.2; +https://opensiteexplorer.org/dotbot; help@moz.com)"
216.244.66.203 - - [09/May/2023:09:02:15 +0200] "GET /pmwiki/pmwiki.php/PmWiki/LayoutBasics HTTP/1.1" 200 16936 "-" "Mozilla/5.0 (compatible; DotBot/1.2; +https://opensiteexplorer.org/dotbot; help@moz.com)"
216.244.66.203 - - [09/May/2023:09:07:00 +0200] "GET /pmwiki/pmwiki.php/Main/Tud%E1smonop%F3lium?action=diff HTTP/1.1" 200 29474 "-" "Mozilla/5.0 (compatible; DotBot/1.2; +https://opensiteexplorer.org/dotbot; help@moz.com)"
216.244.66.203 - - [09/May/2023:09:09:15 +0200] "GET /pmwiki/pmwiki.php/Main/ThankYouPoland?action=edit HTTP/1.1" 200 12495 "-" "Mozilla/5.0 (compatible; DotBot/1.2; +https://opensiteexplorer.org/dotbot; help@moz.com)"
216.244.66.203 - - [09/May/2023:09:09:42 +0200] "GET /pmwiki/pmwiki.php/Main/Gazdas%E1giOldal?action=edit HTTP/1.1" 200 12526 "-" "Mozilla/5.0 (compatible; DotBot/1.2; +https://opensiteexplorer.org/dotbot; help@moz.com)"
216.244.66.203 - - [09/May/2023:09:14:04 +0200] "GET /pmwiki/pmwiki.php/Main/2005M%E1jus?action=edit HTTP/1.1" 200 12442 "-" "Mozilla/5.0 (compatible; DotBot/1.2; +https://opensiteexplorer.org/dotbot; help@moz.com)"
216.244.66.203 - - [09/May/2023:09:14:36 +0200] "GET /pmwiki/pmwiki.php/PmWiki/BasicEditing?action=diff HTTP/1.1" 200 12911 "-" "Mozilla/5.0 (compatible; DotBot/1.2; +https://opensiteexplorer.org/dotbot; help@moz.com)"
216.244.66.203 - - [09/May/2023:09:14:39 +0200] "GET /pmwiki/pmwiki.php/PmWiki/IncludeOtherPages?action=diff HTTP/1.1" 200 13002 "-" "Mozilla/5.0 (compatible; DotBot/1.2; +https://opensiteexplorer.org/dotbot; help@moz.com)"
216.244.66.203 - - [09/May/2023:09:14:42 +0200] "GET /pmwiki/pmwiki.php/PmWiki/PasswordsAdmin?action=diff HTTP/1.1" 200 12947 "-" "Mozilla/5.0 (compatible; DotBot/1.2; +https://opensiteexplorer.org/dotbot; help@moz.com)"
216.244.66.203 - - [09/May/2023:09:14:46 +0200] "GET /pmwiki/pmwiki.php/PmWiki/SimpleTables?action=diff HTTP/1.1" 200 12910 "-" "Mozilla/5.0 (compatible; DotBot/1.2; +https://opensiteexplorer.org/dotbot; help@moz.com)"
216.244.66.203 - - [09/May/2023:09:15:12 +0200] "GET /pmwiki/pmwiki.php/PmWiki/LayoutAdvanced?action=upload HTTP/1.1" 200 12411 "-" "Mozilla/5.0 (compatible; DotBot/1.2; +https://opensiteexplorer.org/dotbot; help@moz.com)"
216.244.66.203 - - [09/May/2023:09:16:54 +0200] "GET /pmwiki/pmwiki.php/PmWiki/SpecialMarkups?action=upload&upname=wiki.png HTTP/1.1" 200 12441 "-" "Mozilla/5.0 (compatible; DotBot/1.2; +https://opensiteexplorer.org/dotbot; help@moz.com)"
216.244.66.203 - - [09/May/2023:09:46:36 +0200] "GET /robots.txt HTTP/1.1" 404 1181 "-" "Mozilla/5.0 (compatible; DotBot/1.2; +https://opensiteexplorer.org/dotbot; help@moz.com)"
212.237.23.143 - - [09/May/2023:09:50:45 +0200] "HEAD /pmwiki/pmwiki.php HTTP/1.1" 200 0 "-" "Alert_Alligator_webmonitoring_service_1.6.4_(alertalligator.com)"
216.244.66.203 - - [09/May/2023:09:54:30 +0200] "GET /pmwiki/pmwiki.php/PmWiki/PageHistory HTTP/1.1" 200 13257 "-" "Mozilla/5.0 (compatible; DotBot/1.2; +https://opensiteexplorer.org/dotbot; help@moz.com)"
216.244.66.203 - - [09/May/2023:09:58:38 +0200] "GET /pmwiki/pmwiki.php/Main/AJelenlegiSzerzoiJogiTorveny?action=upload HTTP/1.1" 200 12598 "-" "Mozilla/5.0 (compatible; DotBot/1.2; +https://opensiteexplorer.org/dotbot; help@moz.com)"
216.244.66.203 - - [09/May/2023:09:59:41 +0200] "GET /pmwiki/pmwiki.php/Main/Mintalevel0509?action=edit HTTP/1.1" 200 12494 "-" "Mozilla/5.0 (compatible; DotBot/1.2; +https://opensiteexplorer.org/dotbot; help@moz.com)"
188.241.82.6 - - [09/May/2023:10:05:16 +0200] "GET /pmwiki/pmwiki.php/Main/Linkek HTTP/1.1" 200 28889 "http://swpat.zpok.hu" "Mozilla/5.0 (Windows NT 10.0; Win64; x64) AppleWebKit/537.36 (KHTML, like Gecko) Chrome/62.0.3202.94 Safari/537.36"
216.244.66.203 - - [09/May/2023:10:06:01 +0200] "GET /pmwiki/pmwiki.php/Main/HarcT%EDzITSzabadalomEllen?action=print HTTP/1.1" 200 3972 "-" "Mozilla/5.0 (compatible; DotBot/1.2; +https://opensiteexplorer.org/dotbot; help@moz.com)"
216.244.66.203 - - [09/May/2023:10:06:33 +0200] "GET /pmwiki/pmwiki.php/Main/2004Febru%E1riK%F6sz%F6netLengyelorsz%E1gnak?action=diff HTTP/1.1" 200 17729 "-" "Mozilla/5.0 (compatible; DotBot/1.2; +https://opensiteexplorer.org/dotbot; help@moz.com)"
216.244.66.203 - - [09/May/2023:10:07:03 +0200] "GET /pmwiki/pmwiki.php/Profiles/AdelphiCharter?action=edit HTTP/1.1" 200 12561 "-" "Mozilla/5.0 (compatible; DotBot/1.2; +https://opensiteexplorer.org/dotbot; help@moz.com)"
216.244.66.203 - - [09/May/2023:10:07:33 +0200] "GET /pmwiki/pmwiki.php/PmWiki/PatrickMichaud?action=edit HTTP/1.1" 200 12529 "-" "Mozilla/5.0 (compatible; DotBot/1.2; +https://opensiteexplorer.org/dotbot; help@moz.com)"
216.244.66.203 - - [09/May/2023:10:08:00 +0200] "GET /pmwiki/pmwiki.php/PmWiki/WikiAdministrator?action=edit HTTP/1.1" 200 12578 "-" "Mozilla/5.0 (compatible; DotBot/1.2; +https://opensiteexplorer.org/dotbot; help@moz.com)"
216.244.66.203 - - [09/May/2023:10:08:23 +0200] "GET /pmwiki/pmwiki.php/Main/ATan%E1cs%C9rdembenT%E1rgyalhatASzoftverszabadalmiDirekt%EDv%E1r%F3l?action=upload HTTP/1.1" 200 13214 "-" "Mozilla/5.0 (compatible; DotBot/1.2; +https://opensiteexplorer.org/dotbot; help@moz.com)"
216.244.66.203 - - [09/May/2023:10:08:44 +0200] "GET /pmwiki/pmwiki.php/Profiles/Itms?action=upload HTTP/1.1" 200 12281 "-" "Mozilla/5.0 (compatible; DotBot/1.2; +https://opensiteexplorer.org/dotbot; help@moz.com)"
13.76.132.231 - - [09/May/2023:10:32:51 +0200] "HEAD / HTTP/1.1" 302 0 "https://www.bing.com" "Mozilla/5.0 (Windows NT 5.1) AppleWebKit/537.36 (KHTML, like Gecko) Chrome/41.0.2224.3 Safari/537.36"
13.76.132.231 - - [09/May/2023:10:32:52 +0200] "HEAD /pmwiki/pmwiki.php HTTP/1.1" 200 0 "https://www.bing.com" "Mozilla/5.0 (Windows NT 5.1) AppleWebKit/537.36 (KHTML, like Gecko) Chrome/41.0.2224.3 Safari/537.36"
13.76.132.231 - - [09/May/2023:10:32:53 +0200] "GET /wp-login.php HTTP/1.1" 404 1181 "http://swpat.zpok.hu" "Mozilla/5.0 (Windows NT 5.1) AppleWebKit/537.36 (KHTML, like Gecko) Chrome/41.0.2224.3 Safari/537.36"
13.76.132.231 - - [09/May/2023:10:32:54 +0200] "GET /wordpress/wp-login.php HTTP/1.1" 404 1181 "http://swpat.zpok.hu" "Mozilla/5.0 (Windows NT 5.1) AppleWebKit/537.36 (KHTML, like Gecko) Chrome/41.0.2224.3 Safari/537.36"
13.76.132.231 - - [09/May/2023:10:32:54 +0200] "GET /blog/wp-login.php HTTP/1.1" 404 1181 "http://swpat.zpok.hu" "Mozilla/5.0 (Windows NT 5.1) AppleWebKit/537.36 (KHTML, like Gecko) Chrome/41.0.2224.3 Safari/537.36"
13.76.132.231 - - [09/May/2023:10:32:55 +0200] "GET /wp/wp-login.php HTTP/1.1" 404 1181 "http://swpat.zpok.hu" "Mozilla/5.0 (Windows NT 5.1) AppleWebKit/537.36 (KHTML, like Gecko) Chrome/41.0.2224.3 Safari/537.36"
216.244.66.203 - - [09/May/2023:10:37:26 +0200] "GET /robots.txt HTTP/1.1" 404 1181 "-" "Mozilla/5.0 (compatible; DotBot/1.2; +https://opensiteexplorer.org/dotbot; help@moz.com)"
216.244.66.203 - - [09/May/2023:10:46:31 +0200] "GET /pmwiki/pmwiki.php/PmWiki/Categories HTTP/1.1" 200 11960 "-" "Mozilla/5.0 (compatible; DotBot/1.2; +https://opensiteexplorer.org/dotbot; help@moz.com)"
216.244.66.203 - - [09/May/2023:10:46:36 +0200] "GET /pmwiki/pmwiki.php/PmWiki/Internationalizations HTTP/1.1" 200 17491 "-" "Mozilla/5.0 (compatible; DotBot/1.2; +https://opensiteexplorer.org/dotbot; help@moz.com)"
216.244.66.203 - - [09/May/2023:10:46:43 +0200] "GET /pmwiki/pmwiki.php/PmWiki/LayoutAdvanced HTTP/1.1" 200 19064 "-" "Mozilla/5.0 (compatible; DotBot/1.2; +https://opensiteexplorer.org/dotbot; help@moz.com)"
216.244.66.203 - - [09/May/2023:10:49:07 +0200] "GET /pmwiki/pmwiki.php/Main/Cikkek?action=upload&upname=wiki.png HTTP/1.1" 200 12267 "-" "Mozilla/5.0 (compatible; DotBot/1.2; +https://opensiteexplorer.org/dotbot; help@moz.com)"
216.244.66.203 - - [09/May/2023:10:56:44 +0200] "GET /pmwiki/pmwiki.php/PmWiki/Installation?action=upload&upname=wiki.png HTTP/1.1" 200 12395 "-" "Mozilla/5.0 (compatible; DotBot/1.2; +https://opensiteexplorer.org/dotbot; help@moz.com)"
216.244.66.203 - - [09/May/2023:10:59:08 +0200] "GET /pmwiki/pmwiki.php/Main/Lev%E9lAParlamentInformaitikaiBizotts%E1gaEln%F6k%E9nek?action=edit HTTP/1.1" 200 13134 "-" "Mozilla/5.0 (compatible; DotBot/1.2; +https://opensiteexplorer.org/dotbot; help@moz.com)"
216.244.66.203 - - [09/May/2023:10:59:52 +0200] "GET /pmwiki/pmwiki.php/PmWiki/Variables?action=edit HTTP/1.1" 200 12452 "-" "Mozilla/5.0 (compatible; DotBot/1.2; +https://opensiteexplorer.org/dotbot; help@moz.com)"
216.244.66.203 - - [09/May/2023:11:00:39 +0200] "GET /pmwiki/pmwiki.php/Profiles/Leforditando?action=diff HTTP/1.1" 200 12944 "-" "Mozilla/5.0 (compatible; DotBot/1.2; +https://opensiteexplorer.org/dotbot; help@moz.com)"
212.237.53.115 - - [09/May/2023:11:02:32 +0200] "HEAD /pmwiki/pmwiki.php HTTP/1.1" 200 0 "-" "Alert_Alligator_webmonitoring_service_1.6.4_(alertalligator.com)"
111.225.149.137 - - [09/May/2023:11:21:07 +0200] "GET /robots.txt HTTP/1.1" 404 1181 "-" "Mozilla/5.0 (Linux; Android 5.0) AppleWebKit/537.36 (KHTML, like Gecko) Mobile Safari/537.36 (compatible; Bytespider; https://zhanzhang.toutiao.com/)"
54.36.148.167 - - [09/May/2023:11:23:39 +0200] "GET /robots.txt HTTP/1.1" 404 1181 "-" "Mozilla/5.0 (compatible; AhrefsBot/7.0; +http://ahrefs.com/robot/)"
54.36.148.202 - - [09/May/2023:11:23:41 +0200] "GET /pmwiki/pmwiki.php/Main/JogiOldal?action=edit HTTP/1.1" 200 12418 "-" "Mozilla/5.0 (compatible; AhrefsBot/7.0; +http://ahrefs.com/robot/)"
54.36.148.123 - - [09/May/2023:11:23:44 +0200] "GET /pmwiki/pub/guiedit/guiedit.js HTTP/1.1" 200 2247 "-" "Mozilla/5.0 (compatible; AhrefsBot/7.0; +http://ahrefs.com/robot/)"
216.244.66.203 - - [09/May/2023:11:28:58 +0200] "GET /robots.txt HTTP/1.1" 404 1181 "-" "Mozilla/5.0 (compatible; DotBot/1.2; +https://opensiteexplorer.org/dotbot; help@moz.com)"
216.244.66.203 - - [09/May/2023:11:45:15 +0200] "GET /pmwiki/pmwiki.php/Main/HeringgelMegval%F3s%EDtottTal%E1lm%E1nyok?action=edit HTTP/1.1" 200 12914 "-" "Mozilla/5.0 (compatible; DotBot/1.2; +https://opensiteexplorer.org/dotbot; help@moz.com)"
