49.12.13.109 - - [05/May/2023:02:55:56 +0200] "HEAD /pmwiki/pmwiki.php HTTP/1.1" 200 0 "-" "Alert_Alligator_webmonitoring_service_1.6.3_(alertalligator.com)"
54.36.148.70 - - [05/May/2023:03:14:26 +0200] "GET /pmwiki/pmwiki.php/Main/LehetsegesJavitasokEuropaban HTTP/1.1" 200 14070 "-" "Mozilla/5.0 (compatible; AhrefsBot/7.0; +http://ahrefs.com/robot/)"
212.237.23.143 - - [05/May/2023:03:54:04 +0200] "HEAD /pmwiki/pmwiki.php HTTP/1.1" 200 0 "-" "Alert_Alligator_webmonitoring_service_1.6.4_(alertalligator.com)"
65.108.2.171 - - [05/May/2023:03:57:19 +0200] "GET /robots.txt HTTP/1.1" 404 1181 "-" "Mozilla/5.0 (compatible; MJ12bot/v1.4.8; http://mj12bot.com/)"
65.108.2.171 - - [05/May/2023:03:57:20 +0200] "GET /pmwiki/pmwiki.php/Main/EUCD?action=edit&restore=diff:1118763352:1118408176:&preview=y HTTP/1.1" 403 30 "-" "Mozilla/5.0 (compatible; MJ12bot/v1.4.8; http://mj12bot.com/)"
110.249.202.173 - - [05/May/2023:03:59:29 +0200] "GET /robots.txt HTTP/1.1" 404 1181 "-" "Mozilla/5.0 (Linux; Android 5.0) AppleWebKit/537.36 (KHTML, like Gecko) Mobile Safari/537.36 (compatible; Bytespider; https://zhanzhang.toutiao.com/)"
209.126.151.119 - - [05/May/2023:04:24:47 +0200] "GET / HTTP/1.1" 302 5 "-" "axios/0.19.2"
209.126.151.119 - - [05/May/2023:04:26:11 +0200] "GET /pmwiki/pmwiki.php HTTP/1.1" 200 37269 "-" "axios/0.19.2"
216.244.66.203 - - [05/May/2023:04:36:14 +0200] "GET /robots.txt HTTP/1.1" 404 1181 "-" "Mozilla/5.0 (compatible; DotBot/1.2; +https://opensiteexplorer.org/dotbot; help@moz.com)"
49.12.13.109 - - [05/May/2023:04:53:07 +0200] "HEAD /pmwiki/pmwiki.php HTTP/1.1" 200 0 "-" "Alert_Alligator_webmonitoring_service_1.6.3_(alertalligator.com)"
216.244.66.203 - - [05/May/2023:05:06:25 +0200] "GET /pmwiki/pmwiki.php/Main/2003M%E1jusiNyilatkozathozKapcsol%F3d%F3Cikk?action=diff&source=n&minor=y HTTP/1.1" 200 16507 "-" "Mozilla/5.0 (compatible; DotBot/1.2; +https://opensiteexplorer.org/dotbot; help@moz.com)"
54.36.149.9 - - [05/May/2023:05:46:19 +0200] "GET /pmwiki/pmwiki.php/Main/Virsligy%E1r HTTP/1.1" 200 24986 "-" "Mozilla/5.0 (compatible; AhrefsBot/7.0; +http://ahrefs.com/robot/)"
212.237.23.143 - - [05/May/2023:05:52:48 +0200] "HEAD /pmwiki/pmwiki.php HTTP/1.1" 200 0 "-" "Alert_Alligator_webmonitoring_service_1.6.4_(alertalligator.com)"
66.249.64.214 - - [05/May/2023:06:28:49 +0200] "GET /robots.txt HTTP/1.1" 404 1181 "-" "Mozilla/5.0 (compatible; Googlebot/2.1; +http://www.google.com/bot.html)"
66.249.64.212 - - [05/May/2023:06:28:50 +0200] "GET /pmwiki/pmwiki.php/Main/2005M%E1rciusiNyilatkozat?action=upload HTTP/1.1" 403 30 "-" "Mozilla/5.0 (Linux; Android 6.0.1; Nexus 5X Build/MMB29P) AppleWebKit/537.36 (KHTML, like Gecko) Chrome/112.0.5615.142 Mobile Safari/537.36 (compatible; Googlebot/2.1; +http://www.google.com/bot.html)"
49.12.13.109 - - [05/May/2023:06:51:55 +0200] "HEAD /pmwiki/pmwiki.php HTTP/1.1" 200 0 "-" "Alert_Alligator_webmonitoring_service_1.6.3_(alertalligator.com)"
54.36.148.240 - - [05/May/2023:06:58:55 +0200] "GET /pmwiki/pmwiki.php/Main/ADRMH%E1tr%E1nyai HTTP/1.1" 200 14752 "-" "Mozilla/5.0 (compatible; AhrefsBot/7.0; +http://ahrefs.com/robot/)"
212.237.51.151 - - [05/May/2023:07:36:44 +0200] "HEAD /pmwiki/pmwiki.php HTTP/1.1" 200 0 "-" "Alert_Alligator_webmonitoring_service_1.6.4_(alertalligator.com)"
54.36.149.95 - - [05/May/2023:08:01:18 +0200] "GET /pmwiki/pmwiki.php/Main/HomePage?action=diff HTTP/1.1" 200 115393 "-" "Mozilla/5.0 (compatible; AhrefsBot/7.0; +http://ahrefs.com/robot/)"
212.237.51.151 - - [05/May/2023:08:21:54 +0200] "HEAD /pmwiki/pmwiki.php HTTP/1.1" 200 0 "-" "Alert_Alligator_webmonitoring_service_1.6.4_(alertalligator.com)"
54.36.148.93 - - [05/May/2023:08:42:54 +0200] "GET /pmwiki/pmwiki.php/Main/WikiSandbox HTTP/1.1" 200 12116 "-" "Mozilla/5.0 (compatible; AhrefsBot/7.0; +http://ahrefs.com/robot/)"
110.249.202.98 - - [05/May/2023:08:59:18 +0200] "GET /robots.txt HTTP/1.1" 404 1181 "-" "Mozilla/5.0 (Linux; Android 5.0) AppleWebKit/537.36 (KHTML, like Gecko) Mobile Safari/537.36 (compatible; Bytespider; https://zhanzhang.toutiao.com/)"
212.237.23.143 - - [05/May/2023:09:24:32 +0200] "HEAD /pmwiki/pmwiki.php HTTP/1.1" 200 0 "-" "Alert_Alligator_webmonitoring_service_1.6.4_(alertalligator.com)"
49.12.13.109 - - [05/May/2023:09:51:55 +0200] "HEAD /pmwiki/pmwiki.php HTTP/1.1" 200 0 "-" "Alert_Alligator_webmonitoring_service_1.6.4_(alertalligator.com)"
216.244.66.203 - - [05/May/2023:10:25:32 +0200] "GET /robots.txt HTTP/1.1" 404 1181 "-" "Mozilla/5.0 (compatible; DotBot/1.2; +https://opensiteexplorer.org/dotbot; help@moz.com)"
216.244.66.203 - - [05/May/2023:10:34:37 +0200] "GET /pmwiki/pmwiki.php/PmWiki/BasicEditing HTTP/1.1" 200 14335 "-" "Mozilla/5.0 (compatible; DotBot/1.2; +https://opensiteexplorer.org/dotbot; help@moz.com)"
216.244.66.203 - - [05/May/2023:10:39:14 +0200] "GET /pmwiki/pmwiki.php/Main/Telefonon?action=diff HTTP/1.1" 200 26833 "-" "Mozilla/5.0 (compatible; DotBot/1.2; +https://opensiteexplorer.org/dotbot; help@moz.com)"
216.244.66.203 - - [05/May/2023:10:41:45 +0200] "GET /pmwiki/pmwiki.php/Main/H%EDrek?action=upload HTTP/1.1" 200 12260 "-" "Mozilla/5.0 (compatible; DotBot/1.2; +https://opensiteexplorer.org/dotbot; help@moz.com)"
216.244.66.203 - - [05/May/2023:10:42:12 +0200] "GET /pmwiki/pmwiki.php/Main/AJelenlegiSzerzoiJogiTorveny?action=upload&upname=wiki.png HTTP/1.1" 200 12614 "-" "Mozilla/5.0 (compatible; DotBot/1.2; +https://opensiteexplorer.org/dotbot; help@moz.com)"
212.237.23.143 - - [05/May/2023:10:46:16 +0200] "HEAD /pmwiki/pmwiki.php HTTP/1.1" 200 0 "-" "Alert_Alligator_webmonitoring_service_1.6.4_(alertalligator.com)"
216.244.66.203 - - [05/May/2023:10:48:46 +0200] "GET /pmwiki/pmwiki.php/Main/McCreevy?action=upload HTTP/1.1" 200 12282 "-" "Mozilla/5.0 (compatible; DotBot/1.2; +https://opensiteexplorer.org/dotbot; help@moz.com)"
216.244.66.203 - - [05/May/2023:10:48:49 +0200] "GET /pmwiki/pmwiki.php/Main/Rocard?action=diff HTTP/1.1" 200 18777 "-" "Mozilla/5.0 (compatible; DotBot/1.2; +https://opensiteexplorer.org/dotbot; help@moz.com)"
216.244.66.203 - - [05/May/2023:10:49:29 +0200] "GET /pmwiki/pmwiki.php/PmWiki/PageHistory?action=edit HTTP/1.1" 200 12484 "-" "Mozilla/5.0 (compatible; DotBot/1.2; +https://opensiteexplorer.org/dotbot; help@moz.com)"
216.244.66.203 - - [05/May/2023:10:49:31 +0200] "GET /pmwiki/pmwiki.php/PmWiki/WikiStyles?action=diff HTTP/1.1" 200 12874 "-" "Mozilla/5.0 (compatible; DotBot/1.2; +https://opensiteexplorer.org/dotbot; help@moz.com)"
216.244.66.203 - - [05/May/2023:10:52:32 +0200] "GET /pmwiki/pmwiki.php/Profiles/Artisjus?action=upload&upname=wiki.png HTTP/1.1" 200 12361 "-" "Mozilla/5.0 (compatible; DotBot/1.2; +https://opensiteexplorer.org/dotbot; help@moz.com)"
184.170.252.174 - - [05/May/2023:11:04:13 +0200] "GET /pmwiki/pmwiki.php/Main/Linkek HTTP/1.1" 200 28889 "http://swpat.zpok.hu" "Mozilla/5.0 (Windows NT 10.0; Win64; x64) AppleWebKit/537.36 (KHTML, like Gecko) Chrome/62.0.3202.94 Safari/537.36"
212.237.51.151 - - [05/May/2023:11:30:10 +0200] "HEAD /pmwiki/pmwiki.php HTTP/1.1" 200 0 "-" "Alert_Alligator_webmonitoring_service_1.6.4_(alertalligator.com)"
212.237.51.151 - - [05/May/2023:12:15:58 +0200] "HEAD /pmwiki/pmwiki.php HTTP/1.1" 200 0 "-" "Alert_Alligator_webmonitoring_service_1.6.4_(alertalligator.com)"
216.201.9.135 - - [05/May/2023:12:25:46 +0200] "GET /robots.txt HTTP/1.0" 404 1181 "-" "Mozilla/4.0 (compatible; fluid/0.0; +http://www.leak.info/bot.html)"
114.119.142.132 - - [05/May/2023:12:40:31 +0200] "GET /pmwiki/pmwiki.php/Main/Nyilatkozat?action=diff HTTP/1.1" 200 20409 "http://swpat.zpok.hu/pmwiki/pmwiki.php/Main/Nyilatkozat" "Mozilla/5.0 (Linux; Android 7.0;) AppleWebKit/537.36 (KHTML, like Gecko) Mobile Safari/537.36 (compatible; PetalBot;+https://webmaster.petalsearch.com/site/petalbot)"
66.249.79.184 - - [05/May/2023:12:59:34 +0200] "GET /pmwiki/pmwiki.php/Main/Tud%E1smonop%F3lium?action=upload HTTP/1.1" 403 30 "-" "Mozilla/5.0 (Linux; Android 6.0.1; Nexus 5X Build/MMB29P) AppleWebKit/537.36 (KHTML, like Gecko) Chrome/112.0.5615.142 Mobile Safari/537.36 (compatible; Googlebot/2.1; +http://www.google.com/bot.html)"
212.237.51.151 - - [05/May/2023:13:00:36 +0200] "HEAD /pmwiki/pmwiki.php HTTP/1.1" 200 0 "-" "Alert_Alligator_webmonitoring_service_1.6.4_(alertalligator.com)"
212.237.51.151 - - [05/May/2023:13:47:20 +0200] "HEAD /pmwiki/pmwiki.php HTTP/1.1" 200 0 "-" "Alert_Alligator_webmonitoring_service_1.6.4_(alertalligator.com)"
114.119.142.179 - - [05/May/2023:14:35:05 +0200] "GET /pmwiki/pmwiki.php/Main/Feb03PR?action=edit HTTP/1.1" 200 12386 "http://swpat.zpok.hu/pmwiki/pmwiki.php/Main/Feb03PR" "Mozilla/5.0 (Linux; Android 7.0;) AppleWebKit/537.36 (KHTML, like Gecko) Mobile Safari/537.36 (compatible; PetalBot;+https://webmaster.petalsearch.com/site/petalbot)"
114.119.151.246 - - [05/May/2023:14:39:17 +0200] "GET /pmwiki/pmwiki.php HTTP/1.1" 200 37269 "http://swpat.zpok.hu/pmwiki/pmwiki.php/Main/2004Febru%e1riK%f6sz%f6netLengyelorsz%e1gnak" "Mozilla/5.0 (Linux; Android 7.0;) AppleWebKit/537.36 (KHTML, like Gecko) Mobile Safari/537.36 (compatible; PetalBot;+https://webmaster.petalsearch.com/site/petalbot)"
212.237.23.143 - - [05/May/2023:14:49:01 +0200] "HEAD /pmwiki/pmwiki.php HTTP/1.1" 200 0 "-" "Alert_Alligator_webmonitoring_service_1.6.4_(alertalligator.com)"
129.226.91.6 - - [05/May/2023:15:13:09 +0200] "GET /wp-load.php HTTP/1.1" 404 1181 "www.bing.com" "Mozilla/5.0 (Windows NT 10.0; Win64; x64) AppleWebKit/537.36 (KHTML, like Gecko) Chrome/90.0.4430.85 Safari/537.36"
129.226.91.6 - - [05/May/2023:15:13:14 +0200] "GET /style.php HTTP/1.1" 404 1181 "www.bing.com" "wp_is_mobile"
129.226.91.6 - - [05/May/2023:15:13:15 +0200] "GET /wp-admin/style.php HTTP/1.1" 404 1181 "www.bing.com" "wp_is_mobile"
129.226.91.6 - - [05/May/2023:15:13:16 +0200] "GET /s_e.php HTTP/1.1" 404 1181 "www.bing.com" "wp_is_mobile"
129.226.91.6 - - [05/May/2023:15:13:17 +0200] "GET /s_ne.php HTTP/1.1" 404 1181 "www.bing.com" "wp_is_mobile"
129.226.91.6 - - [05/May/2023:15:13:19 +0200] "GET /1index.php HTTP/1.1" 404 1181 "www.bing.com" "Mozilla/5.0 (Windows NT 10.0; Win64; x64) AppleWebKit/537.36 (KHTML, like Gecko) Chrome/90.0.4430.85 Safari/537.36"
129.226.91.6 - - [05/May/2023:15:13:27 +0200] "GET /radio.php HTTP/1.1" 404 1181 "www.bing.com" "wp_is_mobile"
129.226.91.6 - - [05/May/2023:15:13:31 +0200] "GET /doc.php HTTP/1.1" 404 1181 "www.bing.com" "wp_is_mobile"
129.226.91.6 - - [05/May/2023:15:13:35 +0200] "GET /wp_wrong_datlib.php HTTP/1.1" 404 1181 "www.bing.com" "Mozilla/5.0 (Windows NT 10.0; Win64; x64) AppleWebKit/537.36 (KHTML, like Gecko) Chrome/90.0.4430.85 Safari/537.36"
129.226.91.6 - - [05/May/2023:15:13:39 +0200] "GET /beence.php HTTP/1.1" 404 1181 "www.bing.com" "Mozilla/5.0 (Windows NT 10.0; Win64; x64) AppleWebKit/537.36 (KHTML, like Gecko) Chrome/90.0.4430.85 Safari/537.36"
129.226.91.6 - - [05/May/2023:15:13:42 +0200] "GET /ups.php HTTP/1.1" 404 1181 "www.bing.com" "wp_is_mobile"
129.226.91.6 - - [05/May/2023:15:13:45 +0200] "GET /wp-signin.php?dizo&ping HTTP/1.1" 404 1181 "www.bing.com" "wp_is_mobile"
129.226.91.6 - - [05/May/2023:15:13:50 +0200] "GET /media-admin.php HTTP/1.1" 404 1181 "www.bing.com" "wp_is_mobile"
129.226.91.6 - - [05/May/2023:15:13:54 +0200] "GET /export.php HTTP/1.1" 404 1181 "www.bing.com" "Mozilla/5.0 (Windows NT 10.0; Win64; x64) AppleWebKit/537.36 (KHTML, like Gecko) Chrome/90.0.4430.85 Safari/537.36"
129.226.91.6 - - [05/May/2023:15:13:54 +0200] "GET /wp-content/export.php HTTP/1.1" 404 1181 "www.bing.com" "Mozilla/5.0 (Windows NT 10.0; Win64; x64) AppleWebKit/537.36 (KHTML, like Gecko) Chrome/90.0.4430.85 Safari/537.36"
129.226.91.6 - - [05/May/2023:15:13:57 +0200] "GET /wp-includes/wp-class.php HTTP/1.1" 404 1181 "www.bing.com" "wp_is_mobile"
129.226.91.6 - - [05/May/2023:15:14:03 +0200] "GET /wp-includes/wp-atom.php HTTP/1.1" 404 1181 "www.bing.com" "Mozilla/5.0 (Windows NT 10.0; Win64; x64) AppleWebKit/537.36 (KHTML, like Gecko) Chrome/90.0.4430.85 Safari/537.36"
129.226.91.6 - - [05/May/2023:15:14:05 +0200] "GET /wp-includes/images/css.php HTTP/1.1" 404 1181 "www.bing.com" "Mozilla/5.0 (Windows NT 10.0; Win64; x64) AppleWebKit/537.36 (KHTML, like Gecko) Chrome/90.0.4430.85 Safari/537.36"
129.226.91.6 - - [05/May/2023:15:14:06 +0200] "GET /wp-includes/css/css.php HTTP/1.1" 404 1181 "www.bing.com" "Mozilla/5.0 (Windows NT 10.0; Win64; x64) AppleWebKit/537.36 (KHTML, like Gecko) Chrome/90.0.4430.85 Safari/537.36"
129.226.91.6 - - [05/May/2023:15:14:15 +0200] "GET /defau1t.php HTTP/1.1" 404 1181 "www.bing.com" "Mozilla/5.0 (Windows NT 10.0; Win64; x64) AppleWebKit/537.36 (KHTML, like Gecko) Chrome/90.0.4430.85 Safari/537.36"
129.226.91.6 - - [05/May/2023:15:14:17 +0200] "GET /moduless.php HTTP/1.1" 404 1181 "www.bing.com" "Mozilla/5.0 (Windows NT 10.0; Win64; x64) AppleWebKit/537.36 (KHTML, like Gecko) Chrome/90.0.4430.85 Safari/537.36"
129.226.91.6 - - [05/May/2023:15:14:19 +0200] "GET /wp-booking.php HTTP/1.1" 404 1181 "www.bing.com" "wp_is_mobile"
129.226.91.6 - - [05/May/2023:15:14:21 +0200] "GET /wp-content/plugins/backup_index.php HTTP/1.1" 404 1181 "www.bing.com" "wp_is_mobile"
129.226.91.6 - - [05/May/2023:15:14:26 +0200] "GET /wp-content/mu-plugins/db-safe-mode.php HTTP/1.1" 404 1181 "www.bing.com" "wp_is_mobile"
129.226.91.6 - - [05/May/2023:15:14:28 +0200] "GET /wp-includes/css/wp-config.php HTTP/1.1" 404 1181 "www.bing.com" "wp_is_mobile"
129.226.91.6 - - [05/May/2023:15:14:43 +0200] "GET /config.bak.php HTTP/1.1" 404 1181 "www.bing.com" "wp_is_mobile"
129.226.91.6 - - [05/May/2023:15:14:44 +0200] "GET /wp-content/themes/config.bak.php HTTP/1.1" 404 1181 "www.bing.com" "wp_is_mobile"
129.226.91.6 - - [05/May/2023:15:14:51 +0200] "GET /legion.php HTTP/1.1" 404 1181 "www.bing.com" "wp_is_mobile"
129.226.91.6 - - [05/May/2023:15:14:53 +0200] "GET /wp-content/plugins/wpconfig.bak.php?act=sf HTTP/1.1" 404 1181 "www.bing.com" "Mozilla/5.0 (Windows NT 10.0; Win64; x64) AppleWebKit/537.36 (KHTML, like Gecko) Chrome/90.0.4430.85 Safari/537.36"
129.226.91.6 - - [05/May/2023:15:14:56 +0200] "GET /wp-plugins.php HTTP/1.1" 404 1181 "www.bing.com" "wp_is_mobile"
129.226.91.6 - - [05/May/2023:15:14:59 +0200] "GET /gank.php.PhP HTTP/1.1" 404 1181 "www.bing.com" "wp_is_mobile"
129.226.91.6 - - [05/May/2023:15:15:03 +0200] "GET /wp-content/db-cache.php HTTP/1.1" 404 1181 "www.bing.com" "wp_is_mobile"
129.226.91.6 - - [05/May/2023:15:15:07 +0200] "GET /archives.php HTTP/1.1" 404 1181 "www.bing.com" "Mozilla/5.0 (Windows NT 10.0; Win64; x64) AppleWebKit/537.36 (KHTML, like Gecko) Chrome/90.0.4430.85 Safari/537.36"
129.226.91.6 - - [05/May/2023:15:15:13 +0200] "GET /defau11.php HTTP/1.1" 404 1181 "www.bing.com" "Mozilla/5.0 (Windows NT 10.0; Win64; x64) AppleWebKit/537.36 (KHTML, like Gecko) Chrome/90.0.4430.85 Safari/537.36"
129.226.91.6 - - [05/May/2023:15:15:16 +0200] "GET /wp-content/outcms.php?up HTTP/1.1" 404 1181 "www.bing.com" "wp_is_mobile"
129.226.91.6 - - [05/May/2023:15:15:19 +0200] "GET /system_log.php?bala=up HTTP/1.1" 404 1181 "www.bing.com" "wp_is_mobile"
129.226.91.6 - - [05/May/2023:15:15:26 +0200] "GET /wp-backup-sql-302.php HTTP/1.1" 404 1181 "www.bing.com" "wp_is_mobile"
129.226.91.6 - - [05/May/2023:15:15:32 +0200] "GET /error.php?phpshells HTTP/1.1" 404 1181 "www.bing.com" "wp_is_mobile"
129.226.91.6 - - [05/May/2023:15:15:35 +0200] "GET /ALFA_DATA HTTP/1.1" 404 1181 "www.bing.com" "wp_is_mobile"
129.226.91.6 - - [05/May/2023:15:15:36 +0200] "GET /alfacgiapi HTTP/1.1" 404 1181 "www.bing.com" "wp_is_mobile"
129.226.91.6 - - [05/May/2023:15:15:36 +0200] "GET /cgialfa HTTP/1.1" 404 1181 "www.bing.com" "wp_is_mobile"
129.226.91.6 - - [05/May/2023:15:15:37 +0200] "GET /.well-known/ALFA_DATA HTTP/1.1" 404 1181 "www.bing.com" "wp_is_mobile"
129.226.91.6 - - [05/May/2023:15:15:38 +0200] "GET /.well-known/alfacgiapi HTTP/1.1" 404 1181 "www.bing.com" "wp_is_mobile"
129.226.91.6 - - [05/May/2023:15:15:38 +0200] "GET /.well-known/cgialfa HTTP/1.1" 404 1181 "www.bing.com" "wp_is_mobile"
129.226.91.6 - - [05/May/2023:15:15:39 +0200] "GET /wp-content/uploads/ALFA_DATA HTTP/1.1" 404 1181 "www.bing.com" "wp_is_mobile"
129.226.91.6 - - [05/May/2023:15:15:40 +0200] "GET /wp-content/uploads/alfacgiapi HTTP/1.1" 404 1181 "www.bing.com" "wp_is_mobile"
129.226.91.6 - - [05/May/2023:15:15:42 +0200] "GET /wp-content/uploads/cgialfa HTTP/1.1" 404 1181 "www.bing.com" "wp_is_mobile"
129.226.91.6 - - [05/May/2023:15:15:42 +0200] "GET /wp-includes/ALFA_DATA HTTP/1.1" 404 1181 "www.bing.com" "wp_is_mobile"
129.226.91.6 - - [05/May/2023:15:15:43 +0200] "GET /wp-includes/alfacgiapi HTTP/1.1" 404 1181 "www.bing.com" "wp_is_mobile"
129.226.91.6 - - [05/May/2023:15:15:45 +0200] "GET /wp-includes/cgialfa HTTP/1.1" 404 1181 "www.bing.com" "wp_is_mobile"
129.226.91.6 - - [05/May/2023:15:15:46 +0200] "GET /wp-admin/ALFA_DATA HTTP/1.1" 404 1181 "www.bing.com" "wp_is_mobile"
129.226.91.6 - - [05/May/2023:15:15:47 +0200] "GET /wp-admin/alfacgiapi HTTP/1.1" 404 1181 "www.bing.com" "wp_is_mobile"
129.226.91.6 - - [05/May/2023:15:15:48 +0200] "GET /wp-admin/cgialfa HTTP/1.1" 404 1181 "www.bing.com" "wp_is_mobile"
129.226.91.6 - - [05/May/2023:15:15:48 +0200] "GET /wp-content/ALFA_DATA HTTP/1.1" 404 1181 "www.bing.com" "wp_is_mobile"
129.226.91.6 - - [05/May/2023:15:15:49 +0200] "GET /wp-content/alfacgiapi HTTP/1.1" 404 1181 "www.bing.com" "wp_is_mobile"
129.226.91.6 - - [05/May/2023:15:15:50 +0200] "GET /wp-content/cgialfa HTTP/1.1" 404 1181 "www.bing.com" "wp_is_mobile"
129.226.91.6 - - [05/May/2023:15:15:50 +0200] "GET /templates/beez3/ALFA_DATA HTTP/1.1" 404 1181 "www.bing.com" "wp_is_mobile"
129.226.91.6 - - [05/May/2023:15:15:51 +0200] "GET /templates/beez3/alfacgiapi HTTP/1.1" 404 1181 "www.bing.com" "wp_is_mobile"
129.226.91.6 - - [05/May/2023:15:15:51 +0200] "GET /templates/beez3/cgialfa HTTP/1.1" 404 1181 "www.bing.com" "wp_is_mobile"
129.226.91.6 - - [05/May/2023:15:15:52 +0200] "GET /sites/default/files/ALFA_DATA HTTP/1.1" 404 1181 "www.bing.com" "wp_is_mobile"
129.226.91.6 - - [05/May/2023:15:15:53 +0200] "GET /sites/default/files/alfacgiapi HTTP/1.1" 404 1181 "www.bing.com" "wp_is_mobile"
129.226.91.6 - - [05/May/2023:15:15:53 +0200] "GET /sites/default/files/cgialfa HTTP/1.1" 404 1181 "www.bing.com" "wp_is_mobile"
129.226.91.6 - - [05/May/2023:15:15:55 +0200] "GET /admin/controller/extension/extension/ALFA_DATA HTTP/1.1" 404 1181 "www.bing.com" "wp_is_mobile"
129.226.91.6 - - [05/May/2023:15:15:56 +0200] "GET /admin/controller/extension/extension/alfacgiapi HTTP/1.1" 404 1181 "www.bing.com" "wp_is_mobile"
129.226.91.6 - - [05/May/2023:15:15:56 +0200] "GET /admin/controller/extension/extension/cgialfa HTTP/1.1" 404 1181 "www.bing.com" "wp_is_mobile"
129.226.91.6 - - [05/May/2023:15:16:01 +0200] "GET /wp-content/plugins/ubh/up.php HTTP/1.1" 404 1181 "www.bing.com" "wp_is_mobile"
129.226.91.6 - - [05/May/2023:15:16:02 +0200] "GET /index.php?3x=3x HTTP/1.1" 302 5 "www.bing.com" "wp_is_mobile"
129.226.91.6 - - [05/May/2023:15:16:02 +0200] "GET /pmwiki/pmwiki.php HTTP/1.1" 200 37269 "www.bing.com" "wp_is_mobile"
129.226.91.6 - - [05/May/2023:15:16:04 +0200] "GET /olux.php HTTP/1.1" 404 1181 "www.bing.com" "wp_is_mobile"
129.226.91.6 - - [05/May/2023:15:16:04 +0200] "GET /xleet.php HTTP/1.1" 404 1181 "www.bing.com" "wp_is_mobile"
129.226.91.6 - - [05/May/2023:15:16:04 +0200] "GET /wso.php HTTP/1.1" 404 1181 "www.bing.com" "wp_is_mobile"
129.226.91.6 - - [05/May/2023:15:16:05 +0200] "GET /shell.php HTTP/1.1" 404 1181 "www.bing.com" "wp_is_mobile"
129.226.91.6 - - [05/May/2023:15:16:05 +0200] "GET /up.php HTTP/1.1" 404 1181 "www.bing.com" "wp_is_mobile"
129.226.91.6 - - [05/May/2023:15:16:05 +0200] "GET /upload.php HTTP/1.1" 404 1181 "www.bing.com" "wp_is_mobile"
129.226.91.6 - - [05/May/2023:15:16:06 +0200] "GET /1.php HTTP/1.1" 404 1181 "www.bing.com" "wp_is_mobile"
129.226.91.6 - - [05/May/2023:15:16:06 +0200] "GET /x.php HTTP/1.1" 404 1181 "www.bing.com" "wp_is_mobile"
129.226.91.6 - - [05/May/2023:15:16:06 +0200] "GET /z.php HTTP/1.1" 404 1181 "www.bing.com" "wp_is_mobile"
129.226.91.6 - - [05/May/2023:15:16:07 +0200] "GET /a.php HTTP/1.1" 404 1181 "www.bing.com" "wp_is_mobile"
129.226.91.6 - - [05/May/2023:15:16:07 +0200] "GET /test.php HTTP/1.1" 404 1181 "www.bing.com" "wp_is_mobile"
129.226.91.6 - - [05/May/2023:15:16:07 +0200] "GET /wp.php HTTP/1.1" 404 1181 "www.bing.com" "wp_is_mobile"
129.226.91.6 - - [05/May/2023:15:16:07 +0200] "GET /alfa.php HTTP/1.1" 404 1181 "www.bing.com" "wp_is_mobile"
129.226.91.6 - - [05/May/2023:15:16:08 +0200] "GET /config.php HTTP/1.1" 404 1181 "www.bing.com" "wp_is_mobile"
129.226.91.6 - - [05/May/2023:15:16:08 +0200] "GET /templates/beez3/index.php HTTP/1.1" 404 1181 "www.bing.com" "wp_is_mobile"
129.226.91.6 - - [05/May/2023:15:16:09 +0200] "GET /about.php HTTP/1.1" 404 1181 "www.bing.com" "wp_is_mobile"
129.226.91.6 - - [05/May/2023:15:16:09 +0200] "GET /shells.php HTTP/1.1" 404 1181 "www.bing.com" "wp_is_mobile"
49.12.13.109 - - [05/May/2023:15:48:04 +0200] "HEAD /pmwiki/pmwiki.php HTTP/1.1" 200 0 "-" "Alert_Alligator_webmonitoring_service_1.6.3_(alertalligator.com)"
64.145.94.63 - - [05/May/2023:16:02:06 +0200] "GET /pmwiki/pmwiki.php/Main/Linkek HTTP/1.1" 200 28889 "http://swpat.zpok.hu" "Mozilla/5.0 (Windows NT 10.0; Win64; x64) AppleWebKit/537.36 (KHTML, like Gecko) Chrome/62.0.3202.94 Safari/537.36"
49.12.13.109 - - [05/May/2023:16:47:05 +0200] "HEAD /pmwiki/pmwiki.php HTTP/1.1" 200 0 "-" "Alert_Alligator_webmonitoring_service_1.6.3_(alertalligator.com)"
212.237.23.143 - - [05/May/2023:17:43:22 +0200] "HEAD /pmwiki/pmwiki.php HTTP/1.1" 200 0 "-" "Alert_Alligator_webmonitoring_service_1.6.4_(alertalligator.com)"
51.222.253.14 - - [05/May/2023:18:16:59 +0200] "GET /robots.txt HTTP/1.1" 404 1181 "-" "Mozilla/5.0 (compatible; AhrefsBot/7.0; +http://ahrefs.com/robot/)"
54.36.148.5 - - [05/May/2023:18:17:00 +0200] "GET /pmwiki/pmwiki.php/Main/HomePage?action=upload HTTP/1.1" 200 12281 "-" "Mozilla/5.0 (compatible; AhrefsBot/7.0; +http://ahrefs.com/robot/)"
49.12.13.109 - - [05/May/2023:18:42:27 +0200] "HEAD /pmwiki/pmwiki.php HTTP/1.1" 200 0 "-" "Alert_Alligator_webmonitoring_service_1.6.3_(alertalligator.com)"
212.237.23.143 - - [05/May/2023:19:37:41 +0200] "HEAD /pmwiki/pmwiki.php HTTP/1.1" 200 0 "-" "Alert_Alligator_webmonitoring_service_1.6.4_(alertalligator.com)"
66.249.79.184 - - [05/May/2023:20:15:01 +0200] "GET /robots.txt HTTP/1.1" 404 1181 "-" "Mozilla/5.0 (compatible; Googlebot/2.1; +http://www.google.com/bot.html)"
66.249.79.182 - - [05/May/2023:20:15:02 +0200] "GET /pmwiki/pmwiki.php/Main/Sajt%F3anyag?action=print HTTP/1.1" 403 30 "-" "Mozilla/5.0 (Linux; Android 6.0.1; Nexus 5X Build/MMB29P) AppleWebKit/537.36 (KHTML, like Gecko) Chrome/112.0.5615.142 Mobile Safari/537.36 (compatible; Googlebot/2.1; +http://www.google.com/bot.html)"
49.12.13.109 - - [05/May/2023:20:36:42 +0200] "HEAD /pmwiki/pmwiki.php HTTP/1.1" 200 0 "-" "Alert_Alligator_webmonitoring_service_1.6.3_(alertalligator.com)"
54.36.148.40 - - [05/May/2023:20:58:51 +0200] "GET /pmwiki/pmwiki.php/Main/DRM HTTP/1.1" 200 14856 "-" "Mozilla/5.0 (compatible; AhrefsBot/7.0; +http://ahrefs.com/robot/)"
114.119.135.166 - - [05/May/2023:21:25:53 +0200] "GET /robots.txt HTTP/1.1" 404 1181 "-" "Mozilla/5.0 (compatible;PetalBot;+https://webmaster.petalsearch.com/site/petalbot)"
212.237.53.115 - - [05/May/2023:21:35:23 +0200] "HEAD /pmwiki/pmwiki.php HTTP/1.1" 200 0 "-" "Alert_Alligator_webmonitoring_service_1.6.4_(alertalligator.com)"
212.237.23.143 - - [05/May/2023:22:35:11 +0200] "HEAD /pmwiki/pmwiki.php HTTP/1.1" 200 0 "-" "Alert_Alligator_webmonitoring_service_1.6.4_(alertalligator.com)"
132.226.13.15 - - [05/May/2023:22:56:24 +0200] "GET /wp-load.php HTTP/1.1" 404 1181 "www.bing.com" "wp_is_mobile"
132.226.13.15 - - [05/May/2023:22:56:25 +0200] "GET /style.php HTTP/1.1" 404 1181 "www.bing.com" "wp_is_mobile"
132.226.13.15 - - [05/May/2023:22:56:26 +0200] "GET /wp-admin/style.php HTTP/1.1" 404 1181 "www.bing.com" "wp_is_mobile"
132.226.13.15 - - [05/May/2023:22:56:27 +0200] "GET /s_e.php HTTP/1.1" 404 1181 "www.bing.com" "wp_is_mobile"
132.226.13.15 - - [05/May/2023:22:56:29 +0200] "GET /s_ne.php HTTP/1.1" 404 1181 "www.bing.com" "wp_is_mobile"
132.226.13.15 - - [05/May/2023:22:56:30 +0200] "GET /1index.php HTTP/1.1" 404 1181 "www.bing.com" "Mozilla/5.0 (Windows NT 10.0; Win64; x64) AppleWebKit/537.36 (KHTML, like Gecko) Chrome/90.0.4430.85 Safari/537.36"
132.226.13.15 - - [05/May/2023:22:56:33 +0200] "GET /radio.php HTTP/1.1" 404 1181 "www.bing.com" "wp_is_mobile"
132.226.13.15 - - [05/May/2023:22:56:34 +0200] "GET /doc.php HTTP/1.1" 404 1181 "www.bing.com" "wp_is_mobile"
132.226.13.15 - - [05/May/2023:22:56:36 +0200] "GET /wp_wrong_datlib.php HTTP/1.1" 404 1181 "www.bing.com" "Mozilla/5.0 (Windows NT 10.0; Win64; x64) AppleWebKit/537.36 (KHTML, like Gecko) Chrome/90.0.4430.85 Safari/537.36"
132.226.13.15 - - [05/May/2023:22:56:37 +0200] "GET /beence.php HTTP/1.1" 404 1181 "www.bing.com" "Mozilla/5.0 (Windows NT 10.0; Win64; x64) AppleWebKit/537.36 (KHTML, like Gecko) Chrome/90.0.4430.85 Safari/537.36"
132.226.13.15 - - [05/May/2023:22:56:38 +0200] "GET /ups.php HTTP/1.1" 404 1181 "www.bing.com" "wp_is_mobile"
132.226.13.15 - - [05/May/2023:22:56:40 +0200] "GET /wp-signin.php?dizo&ping HTTP/1.1" 404 1181 "www.bing.com" "wp_is_mobile"
132.226.13.15 - - [05/May/2023:22:56:41 +0200] "GET /media-admin.php HTTP/1.1" 404 1181 "www.bing.com" "wp_is_mobile"
132.226.13.15 - - [05/May/2023:22:56:42 +0200] "GET /export.php HTTP/1.1" 404 1181 "www.bing.com" "Mozilla/5.0 (Windows NT 10.0; Win64; x64) AppleWebKit/537.36 (KHTML, like Gecko) Chrome/90.0.4430.85 Safari/537.36"
132.226.13.15 - - [05/May/2023:22:56:43 +0200] "GET /wp-content/export.php HTTP/1.1" 404 1181 "www.bing.com" "Mozilla/5.0 (Windows NT 10.0; Win64; x64) AppleWebKit/537.36 (KHTML, like Gecko) Chrome/90.0.4430.85 Safari/537.36"
132.226.13.15 - - [05/May/2023:22:56:44 +0200] "GET /wp-includes/wp-class.php HTTP/1.1" 404 1181 "www.bing.com" "wp_is_mobile"
132.226.13.15 - - [05/May/2023:22:56:46 +0200] "GET /wp-includes/wp-atom.php HTTP/1.1" 404 1181 "www.bing.com" "Mozilla/5.0 (Windows NT 10.0; Win64; x64) AppleWebKit/537.36 (KHTML, like Gecko) Chrome/90.0.4430.85 Safari/537.36"
132.226.13.15 - - [05/May/2023:22:56:47 +0200] "GET /wp-includes/images/css.php HTTP/1.1" 404 1181 "www.bing.com" "Mozilla/5.0 (Windows NT 10.0; Win64; x64) AppleWebKit/537.36 (KHTML, like Gecko) Chrome/90.0.4430.85 Safari/537.36"
132.226.13.15 - - [05/May/2023:22:56:48 +0200] "GET /wp-includes/css/css.php HTTP/1.1" 404 1181 "www.bing.com" "Mozilla/5.0 (Windows NT 10.0; Win64; x64) AppleWebKit/537.36 (KHTML, like Gecko) Chrome/90.0.4430.85 Safari/537.36"
132.226.13.15 - - [05/May/2023:22:56:50 +0200] "GET /defau1t.php HTTP/1.1" 404 1181 "www.bing.com" "Mozilla/5.0 (Windows NT 10.0; Win64; x64) AppleWebKit/537.36 (KHTML, like Gecko) Chrome/90.0.4430.85 Safari/537.36"
132.226.13.15 - - [05/May/2023:22:56:51 +0200] "GET /moduless.php HTTP/1.1" 404 1181 "www.bing.com" "Mozilla/5.0 (Windows NT 10.0; Win64; x64) AppleWebKit/537.36 (KHTML, like Gecko) Chrome/90.0.4430.85 Safari/537.36"
132.226.13.15 - - [05/May/2023:22:56:52 +0200] "GET /wp-booking.php HTTP/1.1" 404 1181 "www.bing.com" "wp_is_mobile"
132.226.13.15 - - [05/May/2023:22:56:53 +0200] "GET /wp-content/plugins/backup_index.php HTTP/1.1" 404 1181 "www.bing.com" "wp_is_mobile"
132.226.13.15 - - [05/May/2023:22:56:54 +0200] "GET /wp-content/mu-plugins/db-safe-mode.php HTTP/1.1" 404 1181 "www.bing.com" "wp_is_mobile"
132.226.13.15 - - [05/May/2023:22:56:56 +0200] "GET /wp-includes/css/wp-config.php HTTP/1.1" 404 1181 "www.bing.com" "wp_is_mobile"
132.226.13.15 - - [05/May/2023:22:56:57 +0200] "GET /config.bak.php HTTP/1.1" 404 1181 "www.bing.com" "wp_is_mobile"
132.226.13.15 - - [05/May/2023:22:56:57 +0200] "GET /wp-content/themes/config.bak.php HTTP/1.1" 404 1181 "www.bing.com" "wp_is_mobile"
132.226.13.15 - - [05/May/2023:22:56:59 +0200] "GET /legion.php HTTP/1.1" 404 1181 "www.bing.com" "wp_is_mobile"
132.226.13.15 - - [05/May/2023:22:57:00 +0200] "GET /wp-content/plugins/wpconfig.bak.php?act=sf HTTP/1.1" 404 1181 "www.bing.com" "Mozilla/5.0 (Windows NT 10.0; Win64; x64) AppleWebKit/537.36 (KHTML, like Gecko) Chrome/90.0.4430.85 Safari/537.36"
132.226.13.15 - - [05/May/2023:22:57:01 +0200] "GET /wp-plugins.php HTTP/1.1" 404 1181 "www.bing.com" "wp_is_mobile"
132.226.13.15 - - [05/May/2023:22:57:02 +0200] "GET /gank.php.PhP HTTP/1.1" 404 1181 "www.bing.com" "wp_is_mobile"
132.226.13.15 - - [05/May/2023:22:57:04 +0200] "GET /wp-content/db-cache.php HTTP/1.1" 404 1181 "www.bing.com" "wp_is_mobile"
132.226.13.15 - - [05/May/2023:22:57:05 +0200] "GET /archives.php HTTP/1.1" 404 1181 "www.bing.com" "Mozilla/5.0 (Windows NT 10.0; Win64; x64) AppleWebKit/537.36 (KHTML, like Gecko) Chrome/90.0.4430.85 Safari/537.36"
132.226.13.15 - - [05/May/2023:22:57:07 +0200] "GET /defau11.php HTTP/1.1" 404 1181 "www.bing.com" "Mozilla/5.0 (Windows NT 10.0; Win64; x64) AppleWebKit/537.36 (KHTML, like Gecko) Chrome/90.0.4430.85 Safari/537.36"
132.226.13.15 - - [05/May/2023:22:57:08 +0200] "GET /wp-content/outcms.php?up HTTP/1.1" 404 1181 "www.bing.com" "wp_is_mobile"
132.226.13.15 - - [05/May/2023:22:57:10 +0200] "GET /system_log.php?bala=up HTTP/1.1" 404 1181 "www.bing.com" "wp_is_mobile"
132.226.13.15 - - [05/May/2023:22:57:11 +0200] "GET /wp-backup-sql-302.php HTTP/1.1" 404 1181 "www.bing.com" "wp_is_mobile"
132.226.13.15 - - [05/May/2023:22:57:12 +0200] "GET /error.php?phpshells HTTP/1.1" 404 1181 "www.bing.com" "wp_is_mobile"
132.226.13.15 - - [05/May/2023:22:57:14 +0200] "GET /ALFA_DATA HTTP/1.1" 404 1181 "www.bing.com" "wp_is_mobile"
132.226.13.15 - - [05/May/2023:22:57:15 +0200] "GET /alfacgiapi HTTP/1.1" 404 1181 "www.bing.com" "wp_is_mobile"
132.226.13.15 - - [05/May/2023:22:57:16 +0200] "GET /cgialfa HTTP/1.1" 404 1181 "www.bing.com" "wp_is_mobile"
132.226.13.15 - - [05/May/2023:22:57:17 +0200] "GET /.well-known/ALFA_DATA HTTP/1.1" 404 1181 "www.bing.com" "wp_is_mobile"
132.226.13.15 - - [05/May/2023:22:57:19 +0200] "GET /.well-known/alfacgiapi HTTP/1.1" 404 1181 "www.bing.com" "wp_is_mobile"
132.226.13.15 - - [05/May/2023:22:57:20 +0200] "GET /.well-known/cgialfa HTTP/1.1" 404 1181 "www.bing.com" "wp_is_mobile"
132.226.13.15 - - [05/May/2023:22:57:21 +0200] "GET /wp-content/uploads/ALFA_DATA HTTP/1.1" 404 1181 "www.bing.com" "wp_is_mobile"
132.226.13.15 - - [05/May/2023:22:57:23 +0200] "GET /wp-content/uploads/alfacgiapi HTTP/1.1" 404 1181 "www.bing.com" "wp_is_mobile"
132.226.13.15 - - [05/May/2023:22:57:24 +0200] "GET /wp-content/uploads/cgialfa HTTP/1.1" 404 1181 "www.bing.com" "wp_is_mobile"
132.226.13.15 - - [05/May/2023:22:57:25 +0200] "GET /wp-includes/ALFA_DATA HTTP/1.1" 404 1181 "www.bing.com" "wp_is_mobile"
132.226.13.15 - - [05/May/2023:22:57:26 +0200] "GET /wp-includes/alfacgiapi HTTP/1.1" 404 1181 "www.bing.com" "wp_is_mobile"
132.226.13.15 - - [05/May/2023:22:57:27 +0200] "GET /wp-includes/cgialfa HTTP/1.1" 404 1181 "www.bing.com" "wp_is_mobile"
132.226.13.15 - - [05/May/2023:22:57:29 +0200] "GET /wp-admin/ALFA_DATA HTTP/1.1" 404 1181 "www.bing.com" "wp_is_mobile"
132.226.13.15 - - [05/May/2023:22:57:30 +0200] "GET /wp-admin/alfacgiapi HTTP/1.1" 404 1181 "www.bing.com" "wp_is_mobile"
132.226.13.15 - - [05/May/2023:22:57:31 +0200] "GET /wp-admin/cgialfa HTTP/1.1" 404 1181 "www.bing.com" "wp_is_mobile"
132.226.13.15 - - [05/May/2023:22:57:32 +0200] "GET /wp-content/ALFA_DATA HTTP/1.1" 404 1181 "www.bing.com" "wp_is_mobile"
132.226.13.15 - - [05/May/2023:22:57:33 +0200] "GET /wp-content/alfacgiapi HTTP/1.1" 404 1181 "www.bing.com" "wp_is_mobile"
132.226.13.15 - - [05/May/2023:22:57:34 +0200] "GET /wp-content/cgialfa HTTP/1.1" 404 1181 "www.bing.com" "wp_is_mobile"
132.226.13.15 - - [05/May/2023:22:57:36 +0200] "GET /templates/beez3/ALFA_DATA HTTP/1.1" 404 1181 "www.bing.com" "wp_is_mobile"
132.226.13.15 - - [05/May/2023:22:57:37 +0200] "GET /templates/beez3/alfacgiapi HTTP/1.1" 404 1181 "www.bing.com" "wp_is_mobile"
132.226.13.15 - - [05/May/2023:22:57:38 +0200] "GET /templates/beez3/cgialfa HTTP/1.1" 404 1181 "www.bing.com" "wp_is_mobile"
132.226.13.15 - - [05/May/2023:22:57:40 +0200] "GET /sites/default/files/ALFA_DATA HTTP/1.1" 404 1181 "www.bing.com" "wp_is_mobile"
132.226.13.15 - - [05/May/2023:22:57:41 +0200] "GET /sites/default/files/alfacgiapi HTTP/1.1" 404 1181 "www.bing.com" "wp_is_mobile"
132.226.13.15 - - [05/May/2023:22:57:42 +0200] "GET /sites/default/files/cgialfa HTTP/1.1" 404 1181 "www.bing.com" "wp_is_mobile"
132.226.13.15 - - [05/May/2023:22:57:44 +0200] "GET /admin/controller/extension/extension/ALFA_DATA HTTP/1.1" 404 1181 "www.bing.com" "wp_is_mobile"
132.226.13.15 - - [05/May/2023:22:57:45 +0200] "GET /admin/controller/extension/extension/alfacgiapi HTTP/1.1" 404 1181 "www.bing.com" "wp_is_mobile"
132.226.13.15 - - [05/May/2023:22:57:46 +0200] "GET /admin/controller/extension/extension/cgialfa HTTP/1.1" 404 1181 "www.bing.com" "wp_is_mobile"
132.226.13.15 - - [05/May/2023:22:57:48 +0200] "GET /wp-content/plugins/ubh/up.php HTTP/1.1" 404 1181 "www.bing.com" "wp_is_mobile"
132.226.13.15 - - [05/May/2023:22:57:49 +0200] "GET /index.php?3x=3x HTTP/1.1" 302 5 "www.bing.com" "wp_is_mobile"
132.226.13.15 - - [05/May/2023:22:57:50 +0200] "GET /pmwiki/pmwiki.php HTTP/1.1" 200 37269 "www.bing.com" "wp_is_mobile"
132.226.13.15 - - [05/May/2023:22:57:52 +0200] "GET /olux.php HTTP/1.1" 404 1181 "www.bing.com" "wp_is_mobile"
132.226.13.15 - - [05/May/2023:22:57:53 +0200] "GET /xleet.php HTTP/1.1" 404 1181 "www.bing.com" "wp_is_mobile"
132.226.13.15 - - [05/May/2023:22:57:54 +0200] "GET /wso.php HTTP/1.1" 404 1181 "www.bing.com" "wp_is_mobile"
132.226.13.15 - - [05/May/2023:22:57:54 +0200] "GET /shell.php HTTP/1.1" 404 1181 "www.bing.com" "wp_is_mobile"
132.226.13.15 - - [05/May/2023:22:57:55 +0200] "GET /up.php HTTP/1.1" 404 1181 "www.bing.com" "wp_is_mobile"
132.226.13.15 - - [05/May/2023:22:57:56 +0200] "GET /upload.php HTTP/1.1" 404 1181 "www.bing.com" "wp_is_mobile"
132.226.13.15 - - [05/May/2023:22:57:56 +0200] "GET /1.php HTTP/1.1" 404 1181 "www.bing.com" "wp_is_mobile"
132.226.13.15 - - [05/May/2023:22:57:57 +0200] "GET /x.php HTTP/1.1" 404 1181 "www.bing.com" "wp_is_mobile"
132.226.13.15 - - [05/May/2023:22:57:58 +0200] "GET /z.php HTTP/1.1" 404 1181 "www.bing.com" "wp_is_mobile"
132.226.13.15 - - [05/May/2023:22:57:59 +0200] "GET /a.php HTTP/1.1" 404 1181 "www.bing.com" "wp_is_mobile"
132.226.13.15 - - [05/May/2023:22:57:59 +0200] "GET /test.php HTTP/1.1" 404 1181 "www.bing.com" "wp_is_mobile"
132.226.13.15 - - [05/May/2023:22:58:00 +0200] "GET /wp.php HTTP/1.1" 404 1181 "www.bing.com" "wp_is_mobile"
132.226.13.15 - - [05/May/2023:22:58:00 +0200] "GET /alfa.php HTTP/1.1" 404 1181 "www.bing.com" "wp_is_mobile"
132.226.13.15 - - [05/May/2023:22:58:01 +0200] "GET /config.php HTTP/1.1" 404 1181 "www.bing.com" "wp_is_mobile"
132.226.13.15 - - [05/May/2023:22:58:02 +0200] "GET /templates/beez3/index.php HTTP/1.1" 404 1181 "www.bing.com" "wp_is_mobile"
132.226.13.15 - - [05/May/2023:22:58:03 +0200] "GET /about.php HTTP/1.1" 404 1181 "www.bing.com" "wp_is_mobile"
132.226.13.15 - - [05/May/2023:22:58:03 +0200] "GET /shells.php HTTP/1.1" 404 1181 "www.bing.com" "wp_is_mobile"
54.36.148.124 - - [05/May/2023:23:32:19 +0200] "GET /pmwiki/pmwiki.php/Main/Google?action=edit HTTP/1.1" 200 12366 "-" "Mozilla/5.0 (compatible; AhrefsBot/7.0; +http://ahrefs.com/robot/)"
212.237.53.115 - - [05/May/2023:23:32:22 +0200] "HEAD /pmwiki/pmwiki.php HTTP/1.1" 200 0 "-" "Alert_Alligator_webmonitoring_service_1.6.4_(alertalligator.com)"
114.119.158.74 - - [05/May/2023:23:45:35 +0200] "GET /pmwiki/pmwiki.php/Main/EztMondjukNekik?action=diff HTTP/1.1" 200 15515 "http://swpat.zpok.hu/pmwiki/pmwiki.php/Main/EztMondjukNekik" "Mozilla/5.0 (Linux; Android 7.0;) AppleWebKit/537.36 (KHTML, like Gecko) Mobile Safari/537.36 (compatible; PetalBot;+https://webmaster.petalsearch.com/site/petalbot)"
213.180.203.91 - - [05/May/2023:23:55:45 +0200] "GET /robots.txt HTTP/1.1" 404 1181 "-" "Mozilla/5.0 (compatible; YandexBot/3.0; +http://yandex.com/bots)"
5.45.207.176 - - [05/May/2023:23:55:46 +0200] "GET /pmwiki/pmwiki.php/Main/Ipr?action=print HTTP/1.1" 200 3775 "-" "Mozilla/5.0 (compatible; YandexBot/3.0; +http://yandex.com/bots)"
49.12.13.109 - - [06/May/2023:00:00:45 +0200] "HEAD /pmwiki/pmwiki.php HTTP/1.1" 200 0 "-" "Alert_Alligator_webmonitoring_service_1.6.4_(alertalligator.com)"
212.237.23.143 - - [06/May/2023:01:00:48 +0200] "HEAD /pmwiki/pmwiki.php HTTP/1.1" 200 0 "-" "Alert_Alligator_webmonitoring_service_1.6.4_(alertalligator.com)"
17.241.75.242 - - [06/May/2023:01:04:45 +0200] "GET /robots.txt HTTP/1.1" 404 1181 "-" "Mozilla/5.0 (Macintosh; Intel Mac OS X 10_15_5) AppleWebKit/605.1.15 (KHTML, like Gecko) Version/13.1.1 Safari/605.1.15 (Applebot/0.1; +http://www.apple.com/go/applebot)"
17.241.75.242 - - [06/May/2023:01:04:46 +0200] "GET /favicon.ico HTTP/1.1" 404 1181 "-" "Mozilla/5.0 (Macintosh; Intel Mac OS X 10_15_5) AppleWebKit/605.1.15 (KHTML, like Gecko) Version/13.1.1 Safari/605.1.15 (Applebot/0.1; +http://www.apple.com/go/applebot)"
212.237.53.115 - - [06/May/2023:01:55:56 +0200] "HEAD /pmwiki/pmwiki.php HTTP/1.1" 200 0 "-" "Alert_Alligator_webmonitoring_service_1.6.4_(alertalligator.com)"
49.12.13.109 - - [06/May/2023:02:55:25 +0200] "HEAD /pmwiki/pmwiki.php HTTP/1.1" 200 0 "-" "Alert_Alligator_webmonitoring_service_1.6.3_(alertalligator.com)"
54.36.148.48 - - [06/May/2023:03:00:07 +0200] "GET /pmwiki/pmwiki.php/PmWiki/FAQ HTTP/1.1" 200 23861 "-" "Mozilla/5.0 (compatible; AhrefsBot/7.0; +http://ahrefs.com/robot/)"
111.225.148.84 - - [06/May/2023:03:06:36 +0200] "GET /robots.txt HTTP/1.1" 404 1181 "-" "Mozilla/5.0 (Linux; Android 5.0) AppleWebKit/537.36 (KHTML, like Gecko) Mobile Safari/537.36 (compatible; Bytespider; https://zhanzhang.toutiao.com/)"
40.77.167.184 - - [06/May/2023:03:16:57 +0200] "GET /robots.txt HTTP/1.1" 404 1181 "-" "Mozilla/5.0 AppleWebKit/537.36 (KHTML, like Gecko; compatible; bingbot/2.0; +http://www.bing.com/bingbot.htm) Chrome/103.0.5060.134 Safari/537.36"
40.77.167.188 - - [06/May/2023:03:18:45 +0200] "GET /pmwiki/pmwiki.php/Main/MitTehetek?action=upload&upname=wiki.png HTTP/1.1" 200 12326 "-" "Mozilla/5.0 AppleWebKit/537.36 (KHTML, like Gecko; compatible; bingbot/2.0; +http://www.bing.com/bingbot.htm) Chrome/103.0.5060.134 Safari/537.36"
54.36.149.30 - - [06/May/2023:03:41:48 +0200] "GET /pmwiki/pmwiki.php/Main/Telefonon?action=print HTTP/1.1" 200 6709 "-" "Mozilla/5.0 (compatible; AhrefsBot/7.0; +http://ahrefs.com/robot/)"
212.237.51.151 - - [06/May/2023:03:42:53 +0200] "HEAD /pmwiki/pmwiki.php HTTP/1.1" 200 0 "-" "Alert_Alligator_webmonitoring_service_1.6.4_(alertalligator.com)"
31.46.22.82 - - [06/May/2023:04:09:29 +0200] "GET /robots.txt HTTP/1.1" 404 1181 "-" "Mozilla/5.0 (compatible; Googlebot/2.1; +http://www.google.com/bot.html)"
213.163.23.71 - - [06/May/2023:04:09:30 +0200] "GET /pmwiki/pmwiki.php/Main/Tud%E1smonop%F3lium?action=upload HTTP/1.1" 403 30 "-" "Mozilla/5.0 (compatible; Googlebot/2.1; +http://www.google.com/bot.html)"
54.36.149.86 - - [06/May/2023:04:20:15 +0200] "GET /pmwiki/pmwiki.php/Main/Telefonon?action=upload HTTP/1.1" 200 12294 "-" "Mozilla/5.0 (compatible; AhrefsBot/7.0; +http://ahrefs.com/robot/)"
66.249.79.184 - - [06/May/2023:04:26:28 +0200] "GET /pmwiki/pmwiki.php/Main/Tud%E1smonop%F3lium?action=upload HTTP/1.1" 403 30 "-" "Mozilla/5.0 (compatible; Googlebot/2.1; +http://www.google.com/bot.html)"
49.12.13.109 - - [06/May/2023:04:41:58 +0200] "HEAD /pmwiki/pmwiki.php HTTP/1.1" 200 0 "-" "Alert_Alligator_webmonitoring_service_1.6.3_(alertalligator.com)"
114.119.133.26 - - [06/May/2023:04:44:03 +0200] "GET /pmwiki/pmwiki.php/Main/2005J%FAnius?action=diff HTTP/1.1" 200 17830 "http://swpat.zpok.hu/pmwiki/pmwiki.php/Main/2005J%fanius" "Mozilla/5.0 (Linux; Android 7.0;) AppleWebKit/537.36 (KHTML, like Gecko) Mobile Safari/537.36 (compatible; PetalBot;+https://webmaster.petalsearch.com/site/petalbot)"
66.249.79.184 - - [06/May/2023:04:54:01 +0200] "GET /pmwiki/pmwiki.php/PmWiki/TextFormattingRules HTTP/1.1" 200 21329 "-" "Mozilla/5.0 (Linux; Android 6.0.1; Nexus 5X Build/MMB29P) AppleWebKit/537.36 (KHTML, like Gecko) Chrome/112.0.5615.142 Mobile Safari/537.36 (compatible; Googlebot/2.1; +http://www.google.com/bot.html)"
212.237.23.143 - - [06/May/2023:05:52:05 +0200] "HEAD /pmwiki/pmwiki.php HTTP/1.1" 200 0 "-" "Alert_Alligator_webmonitoring_service_1.6.4_(alertalligator.com)"
54.36.149.23 - - [06/May/2023:06:05:58 +0200] "GET /pmwiki/pmwiki.php/Main/Telefonon?action=edit HTTP/1.1" 200 12414 "-" "Mozilla/5.0 (compatible; AhrefsBot/7.0; +http://ahrefs.com/robot/)"
111.225.148.196 - - [06/May/2023:06:48:33 +0200] "GET /robots.txt HTTP/1.1" 404 1181 "-" "Mozilla/5.0 (Linux; Android 5.0) AppleWebKit/537.36 (KHTML, like Gecko) Mobile Safari/537.36 (compatible; Bytespider; https://zhanzhang.toutiao.com/)"
49.12.13.109 - - [06/May/2023:06:51:23 +0200] "HEAD /pmwiki/pmwiki.php HTTP/1.1" 200 0 "-" "Alert_Alligator_webmonitoring_service_1.6.3_(alertalligator.com)"
54.36.148.190 - - [06/May/2023:07:08:23 +0200] "GET /robots.txt HTTP/1.1" 404 1181 "-" "Mozilla/5.0 (compatible; AhrefsBot/7.0; +http://ahrefs.com/robot/)"
54.36.148.214 - - [06/May/2023:07:08:25 +0200] "GET /pmwiki/pmwiki.php/Main/Feb09PR HTTP/1.1" 200 15257 "-" "Mozilla/5.0 (compatible; AhrefsBot/7.0; +http://ahrefs.com/robot/)"
49.12.13.109 - - [06/May/2023:07:50:37 +0200] "HEAD /pmwiki/pmwiki.php HTTP/1.1" 200 0 "-" "Alert_Alligator_webmonitoring_service_1.6.3_(alertalligator.com)"
216.244.66.203 - - [06/May/2023:08:00:15 +0200] "GET /robots.txt HTTP/1.1" 404 1181 "-" "Mozilla/5.0 (compatible; DotBot/1.2; +https://opensiteexplorer.org/dotbot; help@moz.com)"
54.36.149.48 - - [06/May/2023:08:03:06 +0200] "GET /pmwiki/pmwiki.php/Main/HeringgelMegval%F3s%EDtottTal%E1lm%E1nyok HTTP/1.1" 200 18448 "-" "Mozilla/5.0 (compatible; AhrefsBot/7.0; +http://ahrefs.com/robot/)"
216.244.66.203 - - [06/May/2023:08:22:12 +0200] "GET /pmwiki/pmwiki.php/Main/Cutts?action=diff&source=y&minor=y HTTP/1.1" 200 31757 "-" "Mozilla/5.0 (compatible; DotBot/1.2; +https://opensiteexplorer.org/dotbot; help@moz.com)"
216.244.66.203 - - [06/May/2023:08:25:18 +0200] "GET /pmwiki/pmwiki.php/Main/HomePage?action=edit&restore=diff:1110531268:1110525409:&preview=y HTTP/1.1" 200 12447 "-" "Mozilla/5.0 (compatible; DotBot/1.2; +https://opensiteexplorer.org/dotbot; help@moz.com)"
54.36.148.202 - - [06/May/2023:08:39:25 +0200] "GET /pmwiki/pmwiki.php/PmWiki/TipsForEditing HTTP/1.1" 200 15017 "-" "Mozilla/5.0 (compatible; AhrefsBot/7.0; +http://ahrefs.com/robot/)"
49.12.13.109 - - [06/May/2023:08:49:39 +0200] "HEAD /pmwiki/pmwiki.php HTTP/1.1" 200 0 "-" "Alert_Alligator_webmonitoring_service_1.6.3_(alertalligator.com)"
216.244.66.203 - - [06/May/2023:08:57:24 +0200] "GET /robots.txt HTTP/1.1" 404 1181 "-" "Mozilla/5.0 (compatible; DotBot/1.2; +https://opensiteexplorer.org/dotbot; help@moz.com)"
185.191.171.1 - - [06/May/2023:09:05:52 +0200] "GET /robots.txt HTTP/1.1" 404 1181 "-" "Mozilla/5.0 (compatible; SemrushBot/7~bl; +http://www.semrush.com/bot.html)"
185.191.171.9 - - [06/May/2023:09:05:53 +0200] "GET /pmwiki/pmwiki.php/Main/Sajt%F3anyag HTTP/1.1" 200 13697 "-" "Mozilla/5.0 (compatible; SemrushBot/7~bl; +http://www.semrush.com/bot.html)"
185.191.171.35 - - [06/May/2023:09:05:54 +0200] "GET /sitemap.xml HTTP/1.1" 404 1181 "-" "Mozilla/5.0 (compatible; SemrushBot/7~bl; +http://www.semrush.com/bot.html)"
54.36.149.63 - - [06/May/2023:09:14:42 +0200] "GET /pmwiki/pmwiki.php HTTP/1.1" 200 37269 "-" "Mozilla/5.0 (compatible; AhrefsBot/7.0; +http://ahrefs.com/robot/)"
216.244.66.203 - - [06/May/2023:09:19:36 +0200] "GET /pmwiki/pmwiki.php/Main/HarcT%EDzITSzabadalomEllen?action=upload&upname=wiki.png HTTP/1.1" 200 12578 "-" "Mozilla/5.0 (compatible; DotBot/1.2; +https://opensiteexplorer.org/dotbot; help@moz.com)"
216.244.66.203 - - [06/May/2023:09:20:16 +0200] "GET /pmwiki/pmwiki.php/Main/2004Szeptember1?action=upload&upname=wiki.png HTTP/1.1" 200 12406 "-" "Mozilla/5.0 (compatible; DotBot/1.2; +https://opensiteexplorer.org/dotbot; help@moz.com)"
212.237.23.143 - - [06/May/2023:09:48:40 +0200] "HEAD /pmwiki/pmwiki.php HTTP/1.1" 200 0 "-" "Alert_Alligator_webmonitoring_service_1.6.4_(alertalligator.com)"
216.244.66.203 - - [06/May/2023:09:53:27 +0200] "GET /robots.txt HTTP/1.1" 404 1181 "-" "Mozilla/5.0 (compatible; DotBot/1.2; +https://opensiteexplorer.org/dotbot; help@moz.com)"
216.244.66.203 - - [06/May/2023:09:57:12 +0200] "GET /pmwiki/pmwiki.php/Main/WikiSandbox HTTP/1.1" 200 12116 "-" "Mozilla/5.0 (compatible; DotBot/1.2; +https://opensiteexplorer.org/dotbot; help@moz.com)"
216.244.66.203 - - [06/May/2023:10:12:52 +0200] "GET /pmwiki/pmwiki.php/Main/NoSoftwarePatents?action=upload&upname=wiki.png HTTP/1.1" 200 12442 "-" "Mozilla/5.0 (compatible; DotBot/1.2; +https://opensiteexplorer.org/dotbot; help@moz.com)"
216.244.66.203 - - [06/May/2023:10:14:28 +0200] "GET /pmwiki/pmwiki.php/Main/Id%E9nNemLeszDirekt%EDva?action=upload&upname=wiki.png HTTP/1.1" 200 12541 "-" "Mozilla/5.0 (compatible; DotBot/1.2; +https://opensiteexplorer.org/dotbot; help@moz.com)"
54.36.148.181 - - [06/May/2023:10:22:11 +0200] "GET /pmwiki/pmwiki.php/Main/Befektet%E9sv%E9delem HTTP/1.1" 200 15814 "-" "Mozilla/5.0 (compatible; AhrefsBot/7.0; +http://ahrefs.com/robot/)"
49.12.13.109 - - [06/May/2023:10:47:45 +0200] "HEAD /pmwiki/pmwiki.php HTTP/1.1" 200 0 "-" "Alert_Alligator_webmonitoring_service_1.6.3_(alertalligator.com)"
216.244.66.203 - - [06/May/2023:10:49:12 +0200] "GET /robots.txt HTTP/1.1" 404 1181 "-" "Mozilla/5.0 (compatible; DotBot/1.2; +https://opensiteexplorer.org/dotbot; help@moz.com)"
54.36.148.227 - - [06/May/2023:11:00:42 +0200] "GET /pmwiki/pmwiki.php/Main/HomePage HTTP/1.1" 200 37269 "-" "Mozilla/5.0 (compatible; AhrefsBot/7.0; +http://ahrefs.com/robot/)"
216.244.66.203 - - [06/May/2023:11:11:17 +0200] "GET /pmwiki/pmwiki.php/Main/2004-esNyilatkozat?action=upload&upname=wiki.png HTTP/1.1" 200 12454 "-" "Mozilla/5.0 (compatible; DotBot/1.2; +https://opensiteexplorer.org/dotbot; help@moz.com)"
216.244.66.203 - - [06/May/2023:11:13:30 +0200] "GET /pmwiki/pmwiki.php/Main/HomePage?action=edit&restore=diff:1108754689:1108754653:&preview=y HTTP/1.1" 200 12447 "-" "Mozilla/5.0 (compatible; DotBot/1.2; +https://opensiteexplorer.org/dotbot; help@moz.com)"
216.244.66.203 - - [06/May/2023:11:13:34 +0200] "GET /pmwiki/pmwiki.php/Main/HomePage?action=edit&restore=diff:1115118797:1115118658:&preview=y HTTP/1.1" 200 12447 "-" "Mozilla/5.0 (compatible; DotBot/1.2; +https://opensiteexplorer.org/dotbot; help@moz.com)"
212.237.51.151 - - [06/May/2023:11:33:00 +0200] "HEAD /pmwiki/pmwiki.php HTTP/1.1" 200 0 "-" "Alert_Alligator_webmonitoring_service_1.6.4_(alertalligator.com)"
216.244.66.203 - - [06/May/2023:11:44:27 +0200] "GET /robots.txt HTTP/1.1" 404 1181 "-" "Mozilla/5.0 (compatible; DotBot/1.2; +https://opensiteexplorer.org/dotbot; help@moz.com)"
216.244.66.203 - - [06/May/2023:12:05:19 +0200] "GET /pmwiki/pmwiki.php/Profiles/AdelphiCharter?action=upload HTTP/1.1" 200 12441 "-" "Mozilla/5.0 (compatible; DotBot/1.2; +https://opensiteexplorer.org/dotbot; help@moz.com)"
216.244.66.203 - - [06/May/2023:12:06:52 +0200] "GET /pmwiki/pmwiki.php/PmWiki/UpgradingFromPmWiki1?action=upload&upname=wiki.png HTTP/1.1" 200 12524 "-" "Mozilla/5.0 (compatible; DotBot/1.2; +https://opensiteexplorer.org/dotbot; help@moz.com)"
212.237.51.151 - - [06/May/2023:12:21:43 +0200] "HEAD /pmwiki/pmwiki.php HTTP/1.1" 200 0 "-" "Alert_Alligator_webmonitoring_service_1.6.4_(alertalligator.com)"
175.24.165.88 - - [06/May/2023:12:29:41 +0200] "GET /xmlrpc.php HTTP/1.1" 404 1181 "-" "Mozilla/5.0 (Windows NT 6.1; WOW64; rv:45.0) Gecko/20100101 Firefox/45.0"
216.244.66.203 - - [06/May/2023:12:38:50 +0200] "GET /robots.txt HTTP/1.1" 404 1181 "-" "Mozilla/5.0 (compatible; DotBot/1.2; +https://opensiteexplorer.org/dotbot; help@moz.com)"
216.244.66.203 - - [06/May/2023:12:56:36 +0200] "GET /pmwiki/pmwiki.php/Main/2003M%E1jusBr%FCsszeliT%FAra?action=upload&upname=wiki.png HTTP/1.1" 200 12602 "-" "Mozilla/5.0 (compatible; DotBot/1.2; +https://opensiteexplorer.org/dotbot; help@moz.com)"
216.244.66.203 - - [06/May/2023:12:56:41 +0200] "GET /pmwiki/pmwiki.php/Main/JuriHPOEloterjesztes?action=upload&upname=wiki.png HTTP/1.1" 200 12486 "-" "Mozilla/5.0 (compatible; DotBot/1.2; +https://opensiteexplorer.org/dotbot; help@moz.com)"
216.244.66.203 - - [06/May/2023:12:57:46 +0200] "GET /pmwiki/pmwiki.php/Main/TelefononFaxon?action=upload&upname=wiki.png HTTP/1.1" 200 12389 "-" "Mozilla/5.0 (compatible; DotBot/1.2; +https://opensiteexplorer.org/dotbot; help@moz.com)"
212.237.51.151 - - [06/May/2023:13:09:55 +0200] "HEAD /pmwiki/pmwiki.php HTTP/1.1" 200 0 "-" "Alert_Alligator_webmonitoring_service_1.6.4_(alertalligator.com)"
175.24.165.88 - - [06/May/2023:13:19:38 +0200] "GET /xmlrpc.php HTTP/1.1" 404 1181 "-" "Mozilla/5.0 (Windows NT 6.1; WOW64; rv:45.0) Gecko/20100101 Firefox/45.0"
216.244.66.203 - - [06/May/2023:13:34:49 +0200] "GET /robots.txt HTTP/1.1" 404 1181 "-" "Mozilla/5.0 (compatible; DotBot/1.2; +https://opensiteexplorer.org/dotbot; help@moz.com)"
216.244.66.203 - - [06/May/2023:13:40:08 +0200] "GET /pmwiki/pmwiki.php/Main/SideBar?action=edit HTTP/1.1" 200 12384 "-" "Mozilla/5.0 (compatible; DotBot/1.2; +https://opensiteexplorer.org/dotbot; help@moz.com)"
216.244.66.203 - - [06/May/2023:13:44:55 +0200] "GET /pmwiki/pmwiki.php/PmWiki/UploadsAdmin HTTP/1.1" 200 21828 "-" "Mozilla/5.0 (compatible; DotBot/1.2; +https://opensiteexplorer.org/dotbot; help@moz.com)"
216.244.66.203 - - [06/May/2023:13:53:44 +0200] "GET /pmwiki/pmwiki.php/Main/Patentpools?action=print HTTP/1.1" 200 11118 "-" "Mozilla/5.0 (compatible; DotBot/1.2; +https://opensiteexplorer.org/dotbot; help@moz.com)"
216.244.66.203 - - [06/May/2023:13:54:20 +0200] "GET /pmwiki/pmwiki.php/Main/Marc08essay?action=upload&upname=wiki.png HTTP/1.1" 200 12342 "-" "Mozilla/5.0 (compatible; DotBot/1.2; +https://opensiteexplorer.org/dotbot; help@moz.com)"
