52.76.255.80 - - [25/May/2023:14:41:30 +0200] "GET /pmwiki/pmwiki.php/PmWiki/Directives?action=print HTTP/1.1" 200 11373 "-" "'Mozilla/5.0 (Linux; Android 6.0; Nexus 5 Build/MRA58N) AppleWebKit/537.36 (KHTML, like Gecko) Chrome/65.0.3325.181 Mobile Safari/537.36'Bytespider;https://zhanzhang.toutiao.com/"
110.249.202.195 - - [25/May/2023:14:43:47 +0200] "GET /robots.txt HTTP/1.1" 404 1181 "-" "Mozilla/5.0 (Linux; Android 5.0) AppleWebKit/537.36 (KHTML, like Gecko) Mobile Safari/537.36 (compatible; Bytespider; https://zhanzhang.toutiao.com/)"
18.136.30.21 - - [25/May/2023:14:49:30 +0200] "GET /pmwiki/pmwiki.php/Main/2005J%FAniusEKTBBesz%E1mol%F3?action=print HTTP/1.1" 200 8585 "-" "'Mozilla/5.0 (Linux; Android 6.0; Nexus 5 Build/MRA58N) AppleWebKit/537.36 (KHTML, like Gecko) Chrome/65.0.3325.181 Mobile Safari/537.36'Bytespider;https://zhanzhang.toutiao.com/"
216.244.66.203 - - [25/May/2023:14:54:54 +0200] "GET /robots.txt HTTP/1.1" 404 1181 "-" "Mozilla/5.0 (compatible; DotBot/1.2; +https://opensiteexplorer.org/dotbot; help@moz.com)"
49.12.13.109 - - [25/May/2023:14:55:25 +0200] "HEAD /pmwiki/pmwiki.php HTTP/1.1" 200 0 "-" "Alert_Alligator_webmonitoring_service_1.6.3_(alertalligator.com)"
18.142.87.52 - - [25/May/2023:14:57:29 +0200] "GET /pmwiki/pmwiki.php/Main/CikkekPrivacy?action=print HTTP/1.1" 200 2887 "-" "'Mozilla/5.0 (Linux; Android 6.0; Nexus 5 Build/MRA58N) AppleWebKit/537.36 (KHTML, like Gecko) Chrome/65.0.3325.181 Mobile Safari/537.36'Bytespider;https://zhanzhang.toutiao.com/"
18.142.190.65 - - [25/May/2023:15:17:29 +0200] "GET /pmwiki/pmwiki.php/PmWiki/Passwords?action=print HTTP/1.1" 200 8362 "-" "'Mozilla/5.0 (Linux; Android 6.0; Nexus 5 Build/MRA58N) AppleWebKit/537.36 (KHTML, like Gecko) Chrome/65.0.3325.181 Mobile Safari/537.36'Bytespider;https://zhanzhang.toutiao.com/"
216.244.66.203 - - [25/May/2023:15:20:45 +0200] "GET /pmwiki/pmwiki.php/Main/HomePage?action=edit&restore=diff:1120224458:1120224129:minor&preview=y HTTP/1.1" 200 12452 "-" "Mozilla/5.0 (compatible; DotBot/1.2; +https://opensiteexplorer.org/dotbot; help@moz.com)"
216.244.66.203 - - [25/May/2023:15:20:51 +0200] "GET /pmwiki/pmwiki.php/PmWiki/PmWiki?action=edit&restore=diff:1114493707:1114406926:minor&preview=y HTTP/1.1" 200 12451 "-" "Mozilla/5.0 (compatible; DotBot/1.2; +https://opensiteexplorer.org/dotbot; help@moz.com)"
54.36.148.178 - - [25/May/2023:15:28:07 +0200] "GET /pmwiki/pmwiki.php/PmWiki/Installation HTTP/1.1" 200 17595 "-" "Mozilla/5.0 (compatible; AhrefsBot/7.0; +http://ahrefs.com/robot/)"
212.237.23.143 - - [25/May/2023:15:39:27 +0200] "HEAD /pmwiki/pmwiki.php HTTP/1.1" 200 0 "-" "Alert_Alligator_webmonitoring_service_1.6.4_(alertalligator.com)"
185.191.171.35 - - [25/May/2023:16:12:26 +0200] "GET /robots.txt HTTP/1.1" 404 1181 "-" "Mozilla/5.0 (compatible; SemrushBot/7~bl; +http://www.semrush.com/bot.html)"
185.191.171.36 - - [25/May/2023:16:12:27 +0200] "GET /pmwiki/pmwiki.php/Main/Minta HTTP/1.1" 200 14526 "-" "Mozilla/5.0 (compatible; SemrushBot/7~bl; +http://www.semrush.com/bot.html)"
13.228.140.218 - - [25/May/2023:16:13:37 +0200] "GET /pmwiki/pmwiki.php/Main/Cache?action=print HTTP/1.1" 200 6932 "-" "'Mozilla/5.0 (Linux; Android 6.0; Nexus 5 Build/MRA58N) AppleWebKit/537.36 (KHTML, like Gecko) Chrome/65.0.3325.181 Mobile Safari/537.36'Bytespider;https://zhanzhang.toutiao.com/"
216.244.66.203 - - [25/May/2023:16:33:14 +0200] "GET /robots.txt HTTP/1.1" 404 1181 "-" "Mozilla/5.0 (compatible; DotBot/1.2; +https://opensiteexplorer.org/dotbot; help@moz.com)"
54.179.82.48 - - [25/May/2023:16:37:31 +0200] "GET /pmwiki/pmwiki.php/PmWiki/CreatingNewPages?action=print HTTP/1.1" 200 4884 "-" "'Mozilla/5.0 (Linux; Android 6.0; Nexus 5 Build/MRA58N) AppleWebKit/537.36 (KHTML, like Gecko) Chrome/65.0.3325.181 Mobile Safari/537.36'Bytespider;https://zhanzhang.toutiao.com/"
49.12.13.109 - - [25/May/2023:16:38:31 +0200] "HEAD /pmwiki/pmwiki.php HTTP/1.1" 200 0 "-" "Alert_Alligator_webmonitoring_service_1.6.3_(alertalligator.com)"
216.244.66.203 - - [25/May/2023:16:57:10 +0200] "GET /pmwiki/pmwiki.php/Main/HomePage?action=edit&restore=diff:1119252632:1118991307:minor&preview=y HTTP/1.1" 200 12452 "-" "Mozilla/5.0 (compatible; DotBot/1.2; +https://opensiteexplorer.org/dotbot; help@moz.com)"
54.36.149.92 - - [25/May/2023:17:04:22 +0200] "GET /pmwiki/pmwiki.php/Main/Google HTTP/1.1" 200 25006 "-" "Mozilla/5.0 (compatible; AhrefsBot/7.0; +http://ahrefs.com/robot/)"
52.220.99.26 - - [25/May/2023:17:21:30 +0200] "GET /pmwiki/pmwiki.php/PmWiki/PageHistory?action=print HTTP/1.1" 200 3657 "-" "'Mozilla/5.0 (Linux; Android 6.0; Nexus 5 Build/MRA58N) AppleWebKit/537.36 (KHTML, like Gecko) Chrome/65.0.3325.181 Mobile Safari/537.36'Bytespider;https://zhanzhang.toutiao.com/"
216.244.66.203 - - [25/May/2023:17:24:25 +0200] "GET /robots.txt HTTP/1.1" 404 1181 "-" "Mozilla/5.0 (compatible; DotBot/1.2; +https://opensiteexplorer.org/dotbot; help@moz.com)"
18.139.151.217 - - [25/May/2023:17:33:30 +0200] "GET /pmwiki/pmwiki.php/PmWiki/WikiSandbox HTTP/1.1" 302 213 "-" "'Mozilla/5.0 (Linux; Android 6.0; Nexus 5 Build/MRA58N) AppleWebKit/537.36 (KHTML, like Gecko) Chrome/65.0.3325.181 Mobile Safari/537.36'Bytespider;https://zhanzhang.toutiao.com/"
18.139.151.217 - - [25/May/2023:17:33:30 +0200] "GET /pmwiki/pmwiki.php/Main/WikiSandbox?from=PmWiki.WikiSandbox HTTP/1.1" 200 12279 "-" "'Mozilla/5.0 (Linux; Android 6.0; Nexus 5 Build/MRA58N) AppleWebKit/537.36 (KHTML, like Gecko) Chrome/65.0.3325.181 Mobile Safari/537.36'Bytespider;https://zhanzhang.toutiao.com/"
18.139.151.217 - - [25/May/2023:17:33:31 +0200] "GET /pmwiki/pub/skins/gila/gila.css HTTP/1.1" 200 8887 "http://swpat.zpok.hu/pmwiki/pmwiki.php/Main/WikiSandbox?from=PmWiki.WikiSandbox" "'Mozilla/5.0 (Linux; Android 6.0; Nexus 5 Build/MRA58N) AppleWebKit/537.36 (KHTML, like Gecko) Chrome/65.0.3325.181 Mobile Safari/537.36'Bytespider;https://zhanzhang.toutiao.com/"
49.12.13.109 - - [25/May/2023:17:37:52 +0200] "HEAD /pmwiki/pmwiki.php HTTP/1.1" 200 0 "-" "Alert_Alligator_webmonitoring_service_1.6.3_(alertalligator.com)"
175.41.182.198 - - [25/May/2023:17:45:31 +0200] "GET /pmwiki/pmwiki.php/Main/ABundestagT%E1mogatjaAzEur%F3paiParlamentet?action=print HTTP/1.1" 200 8394 "-" "'Mozilla/5.0 (Linux; Android 6.0; Nexus 5 Build/MRA58N) AppleWebKit/537.36 (KHTML, like Gecko) Chrome/65.0.3325.181 Mobile Safari/537.36'Bytespider;https://zhanzhang.toutiao.com/"
216.244.66.203 - - [25/May/2023:17:46:14 +0200] "GET /pmwiki/pmwiki.php/API/API?action=diff HTTP/1.1" 200 12687 "-" "Mozilla/5.0 (compatible; DotBot/1.2; +https://opensiteexplorer.org/dotbot; help@moz.com)"
216.244.66.203 - - [25/May/2023:17:48:37 +0200] "GET /pmwiki/pmwiki.php/Profiles/Privcikkek?action=upload HTTP/1.1" 200 12377 "-" "Mozilla/5.0 (compatible; DotBot/1.2; +https://opensiteexplorer.org/dotbot; help@moz.com)"
216.244.66.203 - - [25/May/2023:17:50:05 +0200] "GET /pmwiki/pmwiki.php/Main/Comission-negatesDemocracy?action=upload&upname=wiki.png HTTP/1.1" 200 12583 "-" "Mozilla/5.0 (compatible; DotBot/1.2; +https://opensiteexplorer.org/dotbot; help@moz.com)"
216.244.66.203 - - [25/May/2023:17:51:40 +0200] "GET /pmwiki/pmwiki.php/PmWiki/SimpleTables2?action=upload&upname=wiki.png HTTP/1.1" 200 12412 "-" "Mozilla/5.0 (compatible; DotBot/1.2; +https://opensiteexplorer.org/dotbot; help@moz.com)"
216.244.66.203 - - [25/May/2023:17:53:19 +0200] "GET /pmwiki/pmwiki.php/UTF8/UTF8?action=upload&upname=wiki.png HTTP/1.1" 200 12229 "-" "Mozilla/5.0 (compatible; DotBot/1.2; +https://opensiteexplorer.org/dotbot; help@moz.com)"
13.215.218.234 - - [25/May/2023:17:57:29 +0200] "GET /robots.txt HTTP/1.1" 404 1181 "-" "'Mozilla/5.0 (Linux; Android 6.0; Nexus 5 Build/MRA58N) AppleWebKit/537.36 (KHTML, like Gecko) Chrome/65.0.3325.181 Mobile Safari/537.36'Bytespider;https://zhanzhang.toutiao.com/"
216.244.66.203 - - [25/May/2023:18:15:14 +0200] "GET /robots.txt HTTP/1.1" 404 1181 "-" "Mozilla/5.0 (compatible; DotBot/1.2; +https://opensiteexplorer.org/dotbot; help@moz.com)"
216.244.66.203 - - [25/May/2023:18:36:12 +0200] "GET /pmwiki/pmwiki.php/Main/Bitem0304?action=edit HTTP/1.1" 200 12415 "-" "Mozilla/5.0 (compatible; DotBot/1.2; +https://opensiteexplorer.org/dotbot; help@moz.com)"
49.12.13.109 - - [25/May/2023:18:37:04 +0200] "HEAD /pmwiki/pmwiki.php HTTP/1.1" 200 0 "-" "Alert_Alligator_webmonitoring_service_1.6.3_(alertalligator.com)"
216.244.66.203 - - [25/May/2023:18:40:24 +0200] "GET /pmwiki/pmwiki.php/Main/TRIPSLie?action=upload HTTP/1.1" 200 12279 "-" "Mozilla/5.0 (compatible; DotBot/1.2; +https://opensiteexplorer.org/dotbot; help@moz.com)"
216.244.66.203 - - [25/May/2023:18:41:57 +0200] "GET /pmwiki/pmwiki.php/PmWiki/Passwords?action=upload HTTP/1.1" 200 12331 "-" "Mozilla/5.0 (compatible; DotBot/1.2; +https://opensiteexplorer.org/dotbot; help@moz.com)"
216.244.66.203 - - [25/May/2023:18:42:05 +0200] "GET /pmwiki/pmwiki.php/PmWiki/UploadsAdmin?action=print HTTP/1.1" 200 12255 "-" "Mozilla/5.0 (compatible; DotBot/1.2; +https://opensiteexplorer.org/dotbot; help@moz.com)"
216.244.66.203 - - [25/May/2023:18:42:10 +0200] "GET /pmwiki/pmwiki.php/Profiles/MitMondjunk?action=diff HTTP/1.1" 200 12926 "-" "Mozilla/5.0 (compatible; DotBot/1.2; +https://opensiteexplorer.org/dotbot; help@moz.com)"
216.244.66.203 - - [25/May/2023:18:45:11 +0200] "GET /pmwiki/pmwiki.php/Main/JuriEktbEloterjesztes?action=upload&upname=wiki.png HTTP/1.1" 200 12502 "-" "Mozilla/5.0 (compatible; DotBot/1.2; +https://opensiteexplorer.org/dotbot; help@moz.com)"
216.244.66.203 - - [25/May/2023:18:48:08 +0200] "GET /pmwiki/pmwiki.php/PmWiki/WikiGroup?from=PmWiki.WikiGroups HTTP/1.1" 200 14678 "-" "Mozilla/5.0 (compatible; DotBot/1.2; +https://opensiteexplorer.org/dotbot; help@moz.com)"
216.244.66.203 - - [25/May/2023:19:06:01 +0200] "GET /robots.txt HTTP/1.1" 404 1181 "-" "Mozilla/5.0 (compatible; DotBot/1.2; +https://opensiteexplorer.org/dotbot; help@moz.com)"
216.244.66.203 - - [25/May/2023:19:24:21 +0200] "GET /pmwiki/pmwiki.php/PmWiki/TipsForEditing?action=upload&upname=wiki.png HTTP/1.1" 200 12428 "-" "Mozilla/5.0 (compatible; DotBot/1.2; +https://opensiteexplorer.org/dotbot; help@moz.com)"
216.244.66.203 - - [25/May/2023:19:28:19 +0200] "GET /pmwiki/pmwiki.php/Main/ToughLetter?action=diff HTTP/1.1" 200 17383 "-" "Mozilla/5.0 (compatible; DotBot/1.2; +https://opensiteexplorer.org/dotbot; help@moz.com)"
216.244.66.203 - - [25/May/2023:19:31:18 +0200] "GET /pmwiki/pmwiki.php/PmWiki/CustomWikiStyles?action=edit HTTP/1.1" 200 12563 "-" "Mozilla/5.0 (compatible; DotBot/1.2; +https://opensiteexplorer.org/dotbot; help@moz.com)"
212.237.23.143 - - [25/May/2023:19:31:22 +0200] "HEAD /pmwiki/pmwiki.php HTTP/1.1" 200 0 "-" "Alert_Alligator_webmonitoring_service_1.6.4_(alertalligator.com)"
216.244.66.203 - - [25/May/2023:19:31:42 +0200] "GET /pmwiki/pmwiki.php/PmWiki/InitialSetupTasks?action=diff HTTP/1.1" 200 13001 "-" "Mozilla/5.0 (compatible; DotBot/1.2; +https://opensiteexplorer.org/dotbot; help@moz.com)"
216.244.66.203 - - [25/May/2023:19:31:59 +0200] "GET /pmwiki/pmwiki.php/PmWiki/OtherVariables?action=diff HTTP/1.1" 200 12947 "-" "Mozilla/5.0 (compatible; DotBot/1.2; +https://opensiteexplorer.org/dotbot; help@moz.com)"
216.244.66.203 - - [25/May/2023:19:32:19 +0200] "GET /pmwiki/pmwiki.php/PmWiki/Security?action=diff HTTP/1.1" 200 12840 "-" "Mozilla/5.0 (compatible; DotBot/1.2; +https://opensiteexplorer.org/dotbot; help@moz.com)"
216.244.66.203 - - [25/May/2023:19:32:39 +0200] "GET /pmwiki/pmwiki.php/PmWiki/WikiAdministrator?action=diff HTTP/1.1" 200 12999 "-" "Mozilla/5.0 (compatible; DotBot/1.2; +https://opensiteexplorer.org/dotbot; help@moz.com)"
216.244.66.203 - - [25/May/2023:19:32:57 +0200] "GET /pmwiki/pmwiki.php/PmWiki/InitialSetupTasks?action=upload HTTP/1.1" 200 12460 "-" "Mozilla/5.0 (compatible; DotBot/1.2; +https://opensiteexplorer.org/dotbot; help@moz.com)"
216.244.66.203 - - [25/May/2023:19:33:13 +0200] "GET /pmwiki/pmwiki.php/PmWiki/WikiStructure?action=upload HTTP/1.1" 200 12396 "-" "Mozilla/5.0 (compatible; DotBot/1.2; +https://opensiteexplorer.org/dotbot; help@moz.com)"
216.244.66.203 - - [25/May/2023:19:35:39 +0200] "GET /pmwiki/pmwiki.php/Profiles/Pm?action=upload HTTP/1.1" 200 12249 "-" "Mozilla/5.0 (compatible; DotBot/1.2; +https://opensiteexplorer.org/dotbot; help@moz.com)"
106.125.205.96 - - [25/May/2023:19:37:41 +0200] "GET /pmwiki/pmwiki.php/main/k%f6zlem%e9nye HTTP/1.1" 200 17975 "-" "Mozilla/5.0 (Linux; Android 6.0; Nexus 5 Build/MRA58N) AppleWebKit/537.36 (KHTML, like Gecko) Chrome/59.0.5172.1991 Mobile Safari/537.36"
106.125.205.96 - - [25/May/2023:19:37:42 +0200] "GET /pmwiki/pub/skins/gila/gila.css HTTP/1.1" 200 8887 "http://swpat.zpok.hu/pmwiki/pmwiki.php/main/k%f6zlem%e9nye" "Mozilla/5.0 (Linux; Android 6.0; Nexus 5 Build/MRA58N) AppleWebKit/537.36 (KHTML, like Gecko) Chrome/59.0.5172.1991 Mobile Safari/537.36"
216.244.66.203 - - [25/May/2023:19:43:34 +0200] "GET /pmwiki/pmwiki.php/Main/HomePage?action=edit&restore=diff:1107875006:1107866378:&preview=y HTTP/1.1" 200 12447 "-" "Mozilla/5.0 (compatible; DotBot/1.2; +https://opensiteexplorer.org/dotbot; help@moz.com)"
216.244.66.203 - - [25/May/2023:19:43:45 +0200] "GET /pmwiki/pmwiki.php/Main/HomePage?action=edit&restore=diff:1120344349:1120344097:&preview=y HTTP/1.1" 200 12447 "-" "Mozilla/5.0 (compatible; DotBot/1.2; +https://opensiteexplorer.org/dotbot; help@moz.com)"
216.244.66.203 - - [25/May/2023:19:56:50 +0200] "GET /robots.txt HTTP/1.1" 404 1181 "-" "Mozilla/5.0 (compatible; DotBot/1.2; +https://opensiteexplorer.org/dotbot; help@moz.com)"
216.244.66.203 - - [25/May/2023:20:22:58 +0200] "GET /pmwiki/pmwiki.php/Main/HomePage?action=edit&restore=diff:1120340302:1120335850:&preview=y HTTP/1.1" 200 12447 "-" "Mozilla/5.0 (compatible; DotBot/1.2; +https://opensiteexplorer.org/dotbot; help@moz.com)"
54.36.149.103 - - [25/May/2023:20:30:35 +0200] "GET /pmwiki/pmwiki.php/PmWiki/PmWikiPhilosophy HTTP/1.1" 200 16736 "-" "Mozilla/5.0 (compatible; AhrefsBot/7.0; +http://ahrefs.com/robot/)"
49.12.13.109 - - [25/May/2023:20:31:07 +0200] "HEAD /pmwiki/pmwiki.php HTTP/1.1" 200 0 "-" "Alert_Alligator_webmonitoring_service_1.6.3_(alertalligator.com)"
54.36.148.208 - - [25/May/2023:21:09:50 +0200] "GET /pmwiki/pmwiki.php/Main/Power HTTP/1.1" 200 20204 "-" "Mozilla/5.0 (compatible; AhrefsBot/7.0; +http://ahrefs.com/robot/)"
212.237.51.151 - - [25/May/2023:21:27:48 +0200] "HEAD /pmwiki/pmwiki.php HTTP/1.1" 200 0 "-" "Alert_Alligator_webmonitoring_service_1.6.4_(alertalligator.com)"
216.244.66.203 - - [25/May/2023:21:39:34 +0200] "GET /robots.txt HTTP/1.1" 404 1181 "-" "Mozilla/5.0 (compatible; DotBot/1.2; +https://opensiteexplorer.org/dotbot; help@moz.com)"
216.244.66.203 - - [25/May/2023:22:16:13 +0200] "GET /pmwiki/pmwiki.php/PmWiki/WikiPage?action=upload&upname=wiki.png HTTP/1.1" 200 12332 "-" "Mozilla/5.0 (compatible; DotBot/1.2; +https://opensiteexplorer.org/dotbot; help@moz.com)"
212.237.51.151 - - [25/May/2023:22:34:00 +0200] "HEAD /pmwiki/pmwiki.php HTTP/1.1" 200 0 "-" "Alert_Alligator_webmonitoring_service_1.6.4_(alertalligator.com)"
216.244.66.203 - - [25/May/2023:23:20:15 +0200] "GET /robots.txt HTTP/1.1" 404 1181 "-" "Mozilla/5.0 (compatible; DotBot/1.2; +https://opensiteexplorer.org/dotbot; help@moz.com)"
49.12.13.109 - - [25/May/2023:23:33:04 +0200] "HEAD /pmwiki/pmwiki.php HTTP/1.1" 200 0 "-" "Alert_Alligator_webmonitoring_service_1.6.3_(alertalligator.com)"
216.244.66.203 - - [25/May/2023:23:46:41 +0200] "GET /pmwiki/pmwiki.php/Main/HomePage?action=edit&restore=diff:1118991307:1118863126:&preview=y HTTP/1.1" 200 12447 "-" "Mozilla/5.0 (compatible; DotBot/1.2; +https://opensiteexplorer.org/dotbot; help@moz.com)"
58.211.23.185 - - [25/May/2023:23:59:53 +0200] "GET / HTTP/1.1" 302 5 "-" "Mozilla/5.0 (Linux; U; Android 8.1.0; zh-cn; Redmi Note 5 Build/OPM1.171019.011) AppleWebKit/537.36 (KHTML, like Gecko) Version/4.0 Chrome/61.0.3163.128 Mobile Safari/537.36 XiaoMi/MiuiBrowser/9.8.0"
212.237.51.151 - - [26/May/2023:00:15:06 +0200] "HEAD /pmwiki/pmwiki.php HTTP/1.1" 200 0 "-" "Alert_Alligator_webmonitoring_service_1.6.4_(alertalligator.com)"
216.244.66.203 - - [26/May/2023:00:58:44 +0200] "GET /robots.txt HTTP/1.1" 404 1181 "-" "Mozilla/5.0 (compatible; DotBot/1.2; +https://opensiteexplorer.org/dotbot; help@moz.com)"
212.237.53.115 - - [26/May/2023:01:07:30 +0200] "HEAD /pmwiki/pmwiki.php HTTP/1.1" 200 0 "-" "Alert_Alligator_webmonitoring_service_1.6.4_(alertalligator.com)"
216.244.66.203 - - [26/May/2023:01:13:29 +0200] "GET /pmwiki/pmwiki.php/Main/Telefonon?action=upload&upname=wiki.png HTTP/1.1" 200 12310 "-" "Mozilla/5.0 (compatible; DotBot/1.2; +https://opensiteexplorer.org/dotbot; help@moz.com)"
216.244.66.203 - - [26/May/2023:01:17:01 +0200] "GET /pmwiki/pmwiki.php/Main/Befektet%E9sv%E9delem?action=diff HTTP/1.1" 200 17266 "-" "Mozilla/5.0 (compatible; DotBot/1.2; +https://opensiteexplorer.org/dotbot; help@moz.com)"
216.244.66.203 - - [26/May/2023:01:22:00 +0200] "GET /pmwiki/pmwiki.php/Main/Marc06LMEPR?action=upload HTTP/1.1" 200 12327 "-" "Mozilla/5.0 (compatible; DotBot/1.2; +https://opensiteexplorer.org/dotbot; help@moz.com)"
216.244.66.203 - - [26/May/2023:01:23:37 +0200] "GET /pmwiki/pmwiki.php/Main/HarcT%EDzITSzabadalomEllen?action=diff HTTP/1.1" 200 16498 "-" "Mozilla/5.0 (compatible; DotBot/1.2; +https://opensiteexplorer.org/dotbot; help@moz.com)"
216.244.66.203 - - [26/May/2023:01:48:11 +0200] "GET /robots.txt HTTP/1.1" 404 1181 "-" "Mozilla/5.0 (compatible; DotBot/1.2; +https://opensiteexplorer.org/dotbot; help@moz.com)"
212.237.51.151 - - [26/May/2023:01:53:16 +0200] "HEAD /pmwiki/pmwiki.php HTTP/1.1" 200 0 "-" "Alert_Alligator_webmonitoring_service_1.6.4_(alertalligator.com)"
216.244.66.203 - - [26/May/2023:02:05:58 +0200] "GET /pmwiki/pmwiki.php/PmWiki/PmWikiPhilosophy?action=diff HTTP/1.1" 200 12982 "-" "Mozilla/5.0 (compatible; DotBot/1.2; +https://opensiteexplorer.org/dotbot; help@moz.com)"
216.244.66.203 - - [26/May/2023:02:09:47 +0200] "GET /pmwiki/pmwiki.php/PmWiki/InterMap?action=print HTTP/1.1" 200 4938 "-" "Mozilla/5.0 (compatible; DotBot/1.2; +https://opensiteexplorer.org/dotbot; help@moz.com)"
216.244.66.203 - - [26/May/2023:02:12:31 +0200] "GET /pmwiki/pmwiki.php/PmWiki/GroupAttributes?action=diff HTTP/1.1" 200 12965 "-" "Mozilla/5.0 (compatible; DotBot/1.2; +https://opensiteexplorer.org/dotbot; help@moz.com)"
216.244.66.203 - - [26/May/2023:02:13:25 +0200] "GET /pmwiki/pmwiki.php/PmWiki/CustomWikiStyles?action=diff HTTP/1.1" 200 12982 "-" "Mozilla/5.0 (compatible; DotBot/1.2; +https://opensiteexplorer.org/dotbot; help@moz.com)"
216.244.66.203 - - [26/May/2023:02:37:36 +0200] "GET /robots.txt HTTP/1.1" 404 1181 "-" "Mozilla/5.0 (compatible; DotBot/1.2; +https://opensiteexplorer.org/dotbot; help@moz.com)"
212.237.53.115 - - [26/May/2023:02:43:28 +0200] "HEAD /pmwiki/pmwiki.php HTTP/1.1" 200 0 "-" "Alert_Alligator_webmonitoring_service_1.6.4_(alertalligator.com)"
216.244.66.203 - - [26/May/2023:02:54:01 +0200] "GET /pmwiki/pmwiki.php/PmWiki/PmWikiPhilosophy?action=print HTTP/1.1" 200 7128 "-" "Mozilla/5.0 (compatible; DotBot/1.2; +https://opensiteexplorer.org/dotbot; help@moz.com)"
216.244.66.203 - - [26/May/2023:02:57:24 +0200] "GET /pmwiki/pmwiki.php/Main/SzoftverSzabadalmak?action=upload HTTP/1.1" 200 12458 "-" "Mozilla/5.0 (compatible; DotBot/1.2; +https://opensiteexplorer.org/dotbot; help@moz.com)"
216.244.66.203 - - [26/May/2023:02:59:27 +0200] "GET /pmwiki/pmwiki.php/PmWiki/ChangeLog?action=upload&upname=wiki.png HTTP/1.1" 200 12347 "-" "Mozilla/5.0 (compatible; DotBot/1.2; +https://opensiteexplorer.org/dotbot; help@moz.com)"
216.244.66.203 - - [26/May/2023:03:03:23 +0200] "GET /pmwiki/pmwiki.php/Main/CenZored?action=edit HTTP/1.1" 200 12402 "-" "Mozilla/5.0 (compatible; DotBot/1.2; +https://opensiteexplorer.org/dotbot; help@moz.com)"
216.244.66.203 - - [26/May/2023:03:04:23 +0200] "GET /pmwiki/pmwiki.php/Main/AllRecentChanges?action=diff HTTP/1.1" 200 12941 "-" "Mozilla/5.0 (compatible; DotBot/1.2; +https://opensiteexplorer.org/dotbot; help@moz.com)"
216.244.66.203 - - [26/May/2023:03:04:28 +0200] "GET /pmwiki/pmwiki.php/Main/JuriHPOEloterjesztes?action=upload HTTP/1.1" 200 12470 "-" "Mozilla/5.0 (compatible; DotBot/1.2; +https://opensiteexplorer.org/dotbot; help@moz.com)"
216.244.66.203 - - [26/May/2023:03:04:36 +0200] "GET /pmwiki/pmwiki.php/PmWiki/CreatingNewPages?action=edit HTTP/1.1" 200 12565 "-" "Mozilla/5.0 (compatible; DotBot/1.2; +https://opensiteexplorer.org/dotbot; help@moz.com)"
216.244.66.203 - - [26/May/2023:03:04:41 +0200] "GET /pmwiki/pmwiki.php/PmWiki/UploadsAdmin?action=diff HTTP/1.1" 200 12910 "-" "Mozilla/5.0 (compatible; DotBot/1.2; +https://opensiteexplorer.org/dotbot; help@moz.com)"
216.244.66.203 - - [26/May/2023:03:05:10 +0200] "GET /pmwiki/pmwiki.php/Main/AllRecentChanges?action=upload HTTP/1.1" 200 12406 "-" "Mozilla/5.0 (compatible; DotBot/1.2; +https://opensiteexplorer.org/dotbot; help@moz.com)"
216.244.66.203 - - [26/May/2023:03:05:15 +0200] "GET /pmwiki/pmwiki.php/PmWiki/WikiPage?action=upload HTTP/1.1" 200 12316 "-" "Mozilla/5.0 (compatible; DotBot/1.2; +https://opensiteexplorer.org/dotbot; help@moz.com)"
216.244.66.203 - - [26/May/2023:03:05:21 +0200] "GET /pmwiki/pmwiki.php/Profiles/ATraduire?action=diff HTTP/1.1" 200 12890 "-" "Mozilla/5.0 (compatible; DotBot/1.2; +https://opensiteexplorer.org/dotbot; help@moz.com)"
216.244.66.203 - - [26/May/2023:03:08:41 +0200] "GET /pmwiki/pmwiki.php/PmWiki/UrlApprovals?action=upload&upname=wiki.png HTTP/1.1" 200 12395 "-" "Mozilla/5.0 (compatible; DotBot/1.2; +https://opensiteexplorer.org/dotbot; help@moz.com)"
54.36.149.61 - - [26/May/2023:03:11:12 +0200] "GET /robots.txt HTTP/1.1" 404 1181 "-" "Mozilla/5.0 (compatible; AhrefsBot/7.0; +http://ahrefs.com/robot/)"
54.36.149.18 - - [26/May/2023:03:11:13 +0200] "GET /pmwiki/pmwiki.php/Main/CikkekDRM HTTP/1.1" 200 18047 "-" "Mozilla/5.0 (compatible; AhrefsBot/7.0; +http://ahrefs.com/robot/)"
216.244.66.203 - - [26/May/2023:03:26:55 +0200] "GET /robots.txt HTTP/1.1" 404 1181 "-" "Mozilla/5.0 (compatible; DotBot/1.2; +https://opensiteexplorer.org/dotbot; help@moz.com)"
49.12.13.109 - - [26/May/2023:03:42:31 +0200] "HEAD /pmwiki/pmwiki.php HTTP/1.1" 200 0 "-" "Alert_Alligator_webmonitoring_service_1.6.3_(alertalligator.com)"
216.244.66.203 - - [26/May/2023:03:45:20 +0200] "GET /pmwiki/pmwiki.php/Main/Privacy?action=diff HTTP/1.1" 200 12778 "-" "Mozilla/5.0 (compatible; DotBot/1.2; +https://opensiteexplorer.org/dotbot; help@moz.com)"
216.244.66.203 - - [26/May/2023:03:48:17 +0200] "GET /pmwiki/pmwiki.php/Main/Feb08PR?action=diff HTTP/1.1" 200 20619 "-" "Mozilla/5.0 (compatible; DotBot/1.2; +https://opensiteexplorer.org/dotbot; help@moz.com)"
216.244.66.203 - - [26/May/2023:03:49:22 +0200] "GET /pmwiki/pmwiki.php/Main/Bitem0304?action=diff HTTP/1.1" 200 28044 "-" "Mozilla/5.0 (compatible; DotBot/1.2; +https://opensiteexplorer.org/dotbot; help@moz.com)"
216.244.66.203 - - [26/May/2023:03:51:12 +0200] "GET /pmwiki/pmwiki.php/Main/2005M%E1rciusiNyilatkozat?action=edit HTTP/1.1" 200 12666 "-" "Mozilla/5.0 (compatible; DotBot/1.2; +https://opensiteexplorer.org/dotbot; help@moz.com)"
216.244.66.203 - - [26/May/2023:03:51:21 +0200] "GET /pmwiki/pmwiki.php/Main/BillGates%C9sM%E1sKommunist%E1k?action=upload HTTP/1.1" 200 12638 "-" "Mozilla/5.0 (compatible; DotBot/1.2; +https://opensiteexplorer.org/dotbot; help@moz.com)"
216.244.66.203 - - [26/May/2023:03:52:18 +0200] "GET /pmwiki/pmwiki.php/Main/2004Szeptember1?action=upload HTTP/1.1" 200 12390 "-" "Mozilla/5.0 (compatible; DotBot/1.2; +https://opensiteexplorer.org/dotbot; help@moz.com)"
216.244.66.203 - - [26/May/2023:03:52:23 +0200] "GET /pmwiki/pmwiki.php/PmWiki/WikiGroup?action=upload HTTP/1.1" 200 12331 "-" "Mozilla/5.0 (compatible; DotBot/1.2; +https://opensiteexplorer.org/dotbot; help@moz.com)"
216.244.66.203 - - [26/May/2023:03:56:17 +0200] "GET /pmwiki/pmwiki.php/PmWiki/AvailableActions?action=upload&upname=wiki.png HTTP/1.1" 200 12460 "-" "Mozilla/5.0 (compatible; DotBot/1.2; +https://opensiteexplorer.org/dotbot; help@moz.com)"
216.244.66.203 - - [26/May/2023:03:56:19 +0200] "GET /pmwiki/pmwiki.php/PmWiki/SimpleTables?action=upload&upname=wiki.png HTTP/1.1" 200 12395 "-" "Mozilla/5.0 (compatible; DotBot/1.2; +https://opensiteexplorer.org/dotbot; help@moz.com)"
216.244.66.203 - - [26/May/2023:03:58:54 +0200] "GET /pmwiki/pmwiki.php/Main/HomePage?action=edit&restore=diff:1109325560:1108754689:&preview=y HTTP/1.1" 200 12447 "-" "Mozilla/5.0 (compatible; DotBot/1.2; +https://opensiteexplorer.org/dotbot; help@moz.com)"
216.244.66.203 - - [26/May/2023:04:15:31 +0200] "GET /robots.txt HTTP/1.1" 404 1181 "-" "Mozilla/5.0 (compatible; DotBot/1.2; +https://opensiteexplorer.org/dotbot; help@moz.com)"
212.237.51.151 - - [26/May/2023:04:21:47 +0200] "HEAD /pmwiki/pmwiki.php HTTP/1.1" 200 0 "-" "Alert_Alligator_webmonitoring_service_1.6.4_(alertalligator.com)"
216.244.66.203 - - [26/May/2023:04:32:10 +0200] "GET /pmwiki/pmwiki.php/Main/AdelphiAlapokm%E1ny?action=print HTTP/1.1" 200 6473 "-" "Mozilla/5.0 (compatible; DotBot/1.2; +https://opensiteexplorer.org/dotbot; help@moz.com)"
216.244.66.203 - - [26/May/2023:04:32:17 +0200] "GET /pmwiki/pmwiki.php/Main/RocardEp2?action=diff HTTP/1.1" 200 29492 "-" "Mozilla/5.0 (compatible; DotBot/1.2; +https://opensiteexplorer.org/dotbot; help@moz.com)"
216.244.66.203 - - [26/May/2023:04:33:12 +0200] "GET /pmwiki/pmwiki.php/PmWiki/ChangeLog?action=diff HTTP/1.1" 200 12856 "-" "Mozilla/5.0 (compatible; DotBot/1.2; +https://opensiteexplorer.org/dotbot; help@moz.com)"
216.244.66.203 - - [26/May/2023:04:38:35 +0200] "GET /pmwiki/pmwiki.php/Main/Marc07PR?action=diff HTTP/1.1" 200 15457 "-" "Mozilla/5.0 (compatible; DotBot/1.2; +https://opensiteexplorer.org/dotbot; help@moz.com)"
216.244.66.203 - - [26/May/2023:04:43:56 +0200] "GET /pmwiki/pmwiki.php/Profiles/DirectPhone?action=upload HTTP/1.1" 200 12393 "-" "Mozilla/5.0 (compatible; DotBot/1.2; +https://opensiteexplorer.org/dotbot; help@moz.com)"
212.237.51.151 - - [26/May/2023:05:03:10 +0200] "HEAD /pmwiki/pmwiki.php HTTP/1.1" 200 0 "-" "Alert_Alligator_webmonitoring_service_1.6.4_(alertalligator.com)"
216.244.66.203 - - [26/May/2023:05:05:18 +0200] "GET /robots.txt HTTP/1.1" 404 1181 "-" "Mozilla/5.0 (compatible; DotBot/1.2; +https://opensiteexplorer.org/dotbot; help@moz.com)"
216.244.66.203 - - [26/May/2023:05:13:46 +0200] "GET /pmwiki/pmwiki.php/Main/DRM?action=print HTTP/1.1" 200 5476 "-" "Mozilla/5.0 (compatible; DotBot/1.2; +https://opensiteexplorer.org/dotbot; help@moz.com)"
216.244.66.203 - - [26/May/2023:05:15:12 +0200] "GET /pmwiki/pmwiki.php/Main/AJelenlegiSzerzoiJogiTorveny?action=edit HTTP/1.1" 200 12718 "-" "Mozilla/5.0 (compatible; DotBot/1.2; +https://opensiteexplorer.org/dotbot; help@moz.com)"
216.244.66.203 - - [26/May/2023:05:15:19 +0200] "GET /pmwiki/pmwiki.php/Main/Linkek?action=diff HTTP/1.1" 200 38966 "-" "Mozilla/5.0 (compatible; DotBot/1.2; +https://opensiteexplorer.org/dotbot; help@moz.com)"
216.244.66.203 - - [26/May/2023:05:16:57 +0200] "GET /pmwiki/pmwiki.php/Main/MitTehetek?action=diff HTTP/1.1" 200 26258 "-" "Mozilla/5.0 (compatible; DotBot/1.2; +https://opensiteexplorer.org/dotbot; help@moz.com)"
216.244.66.203 - - [26/May/2023:05:21:13 +0200] "GET /pmwiki/pmwiki.php/Main/Minimum?action=upload HTTP/1.1" 200 12262 "-" "Mozilla/5.0 (compatible; DotBot/1.2; +https://opensiteexplorer.org/dotbot; help@moz.com)"
216.244.66.203 - - [26/May/2023:05:25:57 +0200] "GET /pmwiki/pmwiki.php/Main/CikkekPrivacy?action=diff HTTP/1.1" 200 14574 "-" "Mozilla/5.0 (compatible; DotBot/1.2; +https://opensiteexplorer.org/dotbot; help@moz.com)"
216.244.66.203 - - [26/May/2023:05:34:32 +0200] "GET /pmwiki/pmwiki.php/Main/2005J%FAnius?action=edit HTTP/1.1" 200 12458 "-" "Mozilla/5.0 (compatible; DotBot/1.2; +https://opensiteexplorer.org/dotbot; help@moz.com)"
216.244.66.203 - - [26/May/2023:05:35:15 +0200] "GET /pmwiki/pmwiki.php/Profiles/MacintelDRMOS?action=edit HTTP/1.1" 200 12545 "-" "Mozilla/5.0 (compatible; DotBot/1.2; +https://opensiteexplorer.org/dotbot; help@moz.com)"
216.244.66.203 - - [26/May/2023:05:35:52 +0200] "GET /pmwiki/pmwiki.php/PmWiki/BasicEditing?action=print HTTP/1.1" 200 4763 "-" "Mozilla/5.0 (compatible; DotBot/1.2; +https://opensiteexplorer.org/dotbot; help@moz.com)"
216.244.66.203 - - [26/May/2023:05:36:00 +0200] "GET /pmwiki/pmwiki.php/PmWiki/RefCount?action=diff HTTP/1.1" 200 12839 "-" "Mozilla/5.0 (compatible; DotBot/1.2; +https://opensiteexplorer.org/dotbot; help@moz.com)"
212.237.23.143 - - [26/May/2023:05:45:55 +0200] "HEAD /pmwiki/pmwiki.php HTTP/1.1" 200 0 "-" "Alert_Alligator_webmonitoring_service_1.6.4_(alertalligator.com)"
216.244.66.203 - - [26/May/2023:05:54:20 +0200] "GET /robots.txt HTTP/1.1" 404 1181 "-" "Mozilla/5.0 (compatible; DotBot/1.2; +https://opensiteexplorer.org/dotbot; help@moz.com)"
216.244.66.203 - - [26/May/2023:06:06:25 +0200] "GET /pmwiki/pmwiki.php/Main/MitTehetek?action=edit HTTP/1.1" 200 12430 "-" "Mozilla/5.0 (compatible; DotBot/1.2; +https://opensiteexplorer.org/dotbot; help@moz.com)"
216.244.66.203 - - [26/May/2023:06:13:35 +0200] "GET /pmwiki/pmwiki.php/Main/ABundestagT%E1mogatjaAzEur%F3paiParlamentet?action=print HTTP/1.1" 200 8394 "-" "Mozilla/5.0 (compatible; DotBot/1.2; +https://opensiteexplorer.org/dotbot; help@moz.com)"
216.244.66.203 - - [26/May/2023:06:16:39 +0200] "GET /pmwiki/pmwiki.php/Main/Virsligy%E1r?action=print HTTP/1.1" 200 15382 "-" "Mozilla/5.0 (compatible; DotBot/1.2; +https://opensiteexplorer.org/dotbot; help@moz.com)"
216.244.66.203 - - [26/May/2023:06:24:34 +0200] "GET /pmwiki/pmwiki.php/Main/2004-esNyilatkozat?action=edit HTTP/1.1" 200 12558 "-" "Mozilla/5.0 (compatible; DotBot/1.2; +https://opensiteexplorer.org/dotbot; help@moz.com)"
216.244.66.203 - - [26/May/2023:06:25:18 +0200] "GET /pmwiki/pmwiki.php/PmWiki/LinkVariables?action=diff HTTP/1.1" 200 12929 "-" "Mozilla/5.0 (compatible; DotBot/1.2; +https://opensiteexplorer.org/dotbot; help@moz.com)"
216.244.66.203 - - [26/May/2023:06:25:24 +0200] "GET /pmwiki/pmwiki.php/PmWiki/UpgradingFromPmWiki1?action=print HTTP/1.1" 200 8755 "-" "Mozilla/5.0 (compatible; DotBot/1.2; +https://opensiteexplorer.org/dotbot; help@moz.com)"
216.244.66.203 - - [26/May/2023:06:26:53 +0200] "GET /pmwiki/pmwiki.php/PmWiki/UpgradingFromPmWiki1?action=upload HTTP/1.1" 200 12508 "-" "Mozilla/5.0 (compatible; DotBot/1.2; +https://opensiteexplorer.org/dotbot; help@moz.com)"
216.244.66.203 - - [26/May/2023:06:27:27 +0200] "GET /pmwiki/pmwiki.php/Profiles/J?action=upload HTTP/1.1" 200 12233 "-" "Mozilla/5.0 (compatible; DotBot/1.2; +https://opensiteexplorer.org/dotbot; help@moz.com)"
49.12.13.109 - - [26/May/2023:06:44:58 +0200] "HEAD /pmwiki/pmwiki.php HTTP/1.1" 200 0 "-" "Alert_Alligator_webmonitoring_service_1.6.3_(alertalligator.com)"
216.244.66.203 - - [26/May/2023:06:44:58 +0200] "GET /robots.txt HTTP/1.1" 404 1181 "-" "Mozilla/5.0 (compatible; DotBot/1.2; +https://opensiteexplorer.org/dotbot; help@moz.com)"
216.244.66.203 - - [26/May/2023:07:05:26 +0200] "GET /pmwiki/pmwiki.php/Main/V%E9delmiP%E9nz?action=print HTTP/1.1" 200 2920 "-" "Mozilla/5.0 (compatible; DotBot/1.2; +https://opensiteexplorer.org/dotbot; help@moz.com)"
216.244.66.203 - - [26/May/2023:07:07:28 +0200] "GET /pmwiki/pmwiki.php/Main/FAQ?action=upload&upname=wiki.png HTTP/1.1" 200 12214 "-" "Mozilla/5.0 (compatible; DotBot/1.2; +https://opensiteexplorer.org/dotbot; help@moz.com)"
216.244.66.203 - - [26/May/2023:07:12:04 +0200] "GET /pmwiki/pmwiki.php/Main/2005J%FAnius?action=diff HTTP/1.1" 200 17830 "-" "Mozilla/5.0 (compatible; DotBot/1.2; +https://opensiteexplorer.org/dotbot; help@moz.com)"
216.244.66.203 - - [26/May/2023:07:12:23 +0200] "GET /pmwiki/pmwiki.php/Profiles/J?action=edit HTTP/1.1" 200 12353 "-" "Mozilla/5.0 (compatible; DotBot/1.2; +https://opensiteexplorer.org/dotbot; help@moz.com)"
216.244.66.203 - - [26/May/2023:07:13:42 +0200] "GET /pmwiki/pmwiki.php/Main/2005Szeptember2?action=upload HTTP/1.1" 200 12390 "-" "Mozilla/5.0 (compatible; DotBot/1.2; +https://opensiteexplorer.org/dotbot; help@moz.com)"
216.244.66.203 - - [26/May/2023:07:13:56 +0200] "GET /pmwiki/pmwiki.php/PmWiki/EditVariables?action=diff HTTP/1.1" 200 12928 "-" "Mozilla/5.0 (compatible; DotBot/1.2; +https://opensiteexplorer.org/dotbot; help@moz.com)"
216.244.66.203 - - [26/May/2023:07:14:10 +0200] "GET /pmwiki/pmwiki.php/PmWiki/LayoutAdvanced?action=edit HTTP/1.1" 200 12531 "-" "Mozilla/5.0 (compatible; DotBot/1.2; +https://opensiteexplorer.org/dotbot; help@moz.com)"
216.244.66.203 - - [26/May/2023:07:14:21 +0200] "GET /pmwiki/pmwiki.php/PmWiki/LayoutVariables?action=edit HTTP/1.1" 200 12547 "-" "Mozilla/5.0 (compatible; DotBot/1.2; +https://opensiteexplorer.org/dotbot; help@moz.com)"
216.244.66.203 - - [26/May/2023:07:14:30 +0200] "GET /pmwiki/pmwiki.php/PmWiki/IncludeOtherPages?action=upload HTTP/1.1" 200 12461 "-" "Mozilla/5.0 (compatible; DotBot/1.2; +https://opensiteexplorer.org/dotbot; help@moz.com)"
216.244.66.203 - - [26/May/2023:07:15:05 +0200] "GET /pmwiki/pmwiki.php/Profiles/DirectPhone?action=diff HTTP/1.1" 200 12926 "-" "Mozilla/5.0 (compatible; DotBot/1.2; +https://opensiteexplorer.org/dotbot; help@moz.com)"
216.244.66.203 - - [26/May/2023:07:16:24 +0200] "GET /pmwiki/pmwiki.php/Main/GroupAttributes?action=upload&upname=wiki.png HTTP/1.1" 200 12410 "-" "Mozilla/5.0 (compatible; DotBot/1.2; +https://opensiteexplorer.org/dotbot; help@moz.com)"
216.244.66.203 - - [26/May/2023:07:17:00 +0200] "GET /pmwiki/pmwiki.php/PmWiki/RefCount?action=upload&upname=wiki.png HTTP/1.1" 200 12332 "-" "Mozilla/5.0 (compatible; DotBot/1.2; +https://opensiteexplorer.org/dotbot; help@moz.com)"
216.244.66.203 - - [26/May/2023:07:17:25 +0200] "GET /pmwiki/pmwiki.php/Profiles/Leforditando?action=upload&upname=wiki.png HTTP/1.1" 200 12425 "-" "Mozilla/5.0 (compatible; DotBot/1.2; +https://opensiteexplorer.org/dotbot; help@moz.com)"
212.237.23.143 - - [26/May/2023:07:24:51 +0200] "HEAD /pmwiki/pmwiki.php HTTP/1.1" 200 0 "-" "Alert_Alligator_webmonitoring_service_1.6.4_(alertalligator.com)"
216.244.66.203 - - [26/May/2023:07:35:08 +0200] "GET /robots.txt HTTP/1.1" 404 1181 "-" "Mozilla/5.0 (compatible; DotBot/1.2; +https://opensiteexplorer.org/dotbot; help@moz.com)"
216.244.66.203 - - [26/May/2023:07:53:37 +0200] "GET /pmwiki/pmwiki.php/Main/AzEUBizotts%E1gaL%E1bbalTiporjaADemokr%E1ci%E1t?action=print HTTP/1.1" 200 7059 "-" "Mozilla/5.0 (compatible; DotBot/1.2; +https://opensiteexplorer.org/dotbot; help@moz.com)"
216.244.66.203 - - [26/May/2023:07:53:44 +0200] "GET /pmwiki/pmwiki.php/Main/Minta?action=edit HTTP/1.1" 200 12350 "-" "Mozilla/5.0 (compatible; DotBot/1.2; +https://opensiteexplorer.org/dotbot; help@moz.com)"
216.244.66.203 - - [26/May/2023:07:54:32 +0200] "GET /pmwiki/pmwiki.php/Main/2005M%E1rcius8?action=upload HTTP/1.1" 200 12370 "-" "Mozilla/5.0 (compatible; DotBot/1.2; +https://opensiteexplorer.org/dotbot; help@moz.com)"
216.244.66.203 - - [26/May/2023:07:55:21 +0200] "GET /pmwiki/pmwiki.php/PmWiki/Contributors?action=diff HTTP/1.1" 200 12911 "-" "Mozilla/5.0 (compatible; DotBot/1.2; +https://opensiteexplorer.org/dotbot; help@moz.com)"
216.244.66.203 - - [26/May/2023:07:55:25 +0200] "GET /pmwiki/pmwiki.php/PmWiki/MailingLists?action=diff HTTP/1.1" 200 12910 "-" "Mozilla/5.0 (compatible; DotBot/1.2; +https://opensiteexplorer.org/dotbot; help@moz.com)"
216.244.66.203 - - [26/May/2023:07:55:32 +0200] "GET /pmwiki/pmwiki.php/PmWiki/Variables?action=diff HTTP/1.1" 200 12857 "-" "Mozilla/5.0 (compatible; DotBot/1.2; +https://opensiteexplorer.org/dotbot; help@moz.com)"
216.244.66.203 - - [26/May/2023:07:56:08 +0200] "GET /pmwiki/pmwiki.php/PmWiki/CustomInterMap?action=upload HTTP/1.1" 200 12413 "-" "Mozilla/5.0 (compatible; DotBot/1.2; +https://opensiteexplorer.org/dotbot; help@moz.com)"
216.244.66.203 - - [26/May/2023:07:56:11 +0200] "GET /pmwiki/pmwiki.php/PmWiki/CustomWikiStyles?action=upload HTTP/1.1" 200 12443 "-" "Mozilla/5.0 (compatible; DotBot/1.2; +https://opensiteexplorer.org/dotbot; help@moz.com)"
216.244.66.203 - - [26/May/2023:07:56:15 +0200] "GET /pmwiki/pmwiki.php/PmWiki/Uploads?action=upload HTTP/1.1" 200 12300 "-" "Mozilla/5.0 (compatible; DotBot/1.2; +https://opensiteexplorer.org/dotbot; help@moz.com)"
216.244.66.203 - - [26/May/2023:07:56:18 +0200] "GET /pmwiki/pmwiki.php/PmWiki/UrlApprovals?action=upload HTTP/1.1" 200 12379 "-" "Mozilla/5.0 (compatible; DotBot/1.2; +https://opensiteexplorer.org/dotbot; help@moz.com)"
216.244.66.203 - - [26/May/2023:08:00:07 +0200] "GET /pmwiki/pmwiki.php/Profiles/Ed?action=upload&upname=wiki.png HTTP/1.1" 200 12265 "-" "Mozilla/5.0 (compatible; DotBot/1.2; +https://opensiteexplorer.org/dotbot; help@moz.com)"
114.119.134.35 - - [26/May/2023:08:00:57 +0200] "GET /robots.txt HTTP/1.1" 404 1181 "-" "Mozilla/5.0 (compatible;PetalBot;+https://webmaster.petalsearch.com/site/petalbot)"
212.237.51.151 - - [26/May/2023:08:02:16 +0200] "HEAD /pmwiki/pmwiki.php HTTP/1.1" 200 0 "-" "Alert_Alligator_webmonitoring_service_1.6.4_(alertalligator.com)"
111.225.148.138 - - [26/May/2023:08:57:45 +0200] "GET /robots.txt HTTP/1.1" 404 1181 "-" "Mozilla/5.0 (Linux; Android 5.0) AppleWebKit/537.36 (KHTML, like Gecko) Mobile Safari/537.36 (compatible; Bytespider; https://zhanzhang.toutiao.com/)"
49.12.13.109 - - [26/May/2023:09:01:18 +0200] "HEAD /pmwiki/pmwiki.php HTTP/1.1" 200 0 "-" "Alert_Alligator_webmonitoring_service_1.6.3_(alertalligator.com)"
49.12.13.109 - - [26/May/2023:10:00:27 +0200] "HEAD /pmwiki/pmwiki.php HTTP/1.1" 200 0 "-" "Alert_Alligator_webmonitoring_service_1.6.3_(alertalligator.com)"
114.119.135.186 - - [26/May/2023:10:01:28 +0200] "GET /pmwiki/pmwiki.php/Main/AzEur%F3paiParlament%DAjraind%EDt%E1stK%F6vetelAzEln%F6kiKonferenciaElfogadtaAzInd%EDtv%E1nyt?action=edit HTTP/1.1" 200 13730 "http://swpat.zpok.hu/pmwiki/pmwiki.php/Main/AzEur%f3paiParlament%dajraind%edt%e1stK%f6vetelAzEln%f6kiKonferenciaElfogadtaAzInd%edtv%e1nyt" "Mozilla/5.0 (Linux; Android 7.0;) AppleWebKit/537.36 (KHTML, like Gecko) Mobile Safari/537.36 (compatible; PetalBot;+https://webmaster.petalsearch.com/site/petalbot)"
17.241.227.59 - - [26/May/2023:10:04:37 +0200] "GET /pmwiki/pmwiki.php/Main/Nyilatkozatok HTTP/1.1" 200 16071 "-" "Mozilla/5.0 (Macintosh; Intel Mac OS X 10_15_5) AppleWebKit/605.1.15 (KHTML, like Gecko) Version/13.1.1 Safari/605.1.15 (Applebot/0.1; +http://www.apple.com/go/applebot)"
49.12.13.109 - - [26/May/2023:10:59:32 +0200] "HEAD /pmwiki/pmwiki.php HTTP/1.1" 200 0 "-" "Alert_Alligator_webmonitoring_service_1.6.3_(alertalligator.com)"
198.235.24.230 - - [26/May/2023:11:09:42 +0200] "GET / HTTP/1.1" 302 5 "-" "Expanse, a Palo Alto Networks company, searches across the global IPv4 space multiple times per day to identify customers' presences on the Internet. If you would like to be excluded from our scans, please send IP addresses/domains to: scaninfo@paloaltonetworks.com"
114.119.146.185 - - [26/May/2023:11:11:52 +0200] "GET /pmwiki/pmwiki.php/Main/Lev%E9lAParlamentInformaitikaiBizotts%E1gaEln%F6k%E9nek HTTP/1.1" 200 13984 "http://swpat.zpok.hu/pmwiki/pmwiki.php/Main/Nyilatkozatok" "Mozilla/5.0 (Linux; Android 7.0;) AppleWebKit/537.36 (KHTML, like Gecko) Mobile Safari/537.36 (compatible; PetalBot;+https://webmaster.petalsearch.com/site/petalbot)"
54.36.148.8 - - [26/May/2023:11:16:31 +0200] "GET /pmwiki/pmwiki.php/Main/Cikkek?action=print HTTP/1.1" 200 57345 "-" "Mozilla/5.0 (compatible; AhrefsBot/7.0; +http://ahrefs.com/robot/)"
54.36.148.183 - - [26/May/2023:11:16:33 +0200] "GET /pmwiki/pub/skins/print/print.css HTTP/1.1" 200 1598 "-" "Mozilla/5.0 (compatible; AhrefsBot/7.0; +http://ahrefs.com/robot/)"
216.244.66.203 - - [26/May/2023:11:30:42 +0200] "GET /robots.txt HTTP/1.1" 404 1181 "-" "Mozilla/5.0 (compatible; DotBot/1.2; +https://opensiteexplorer.org/dotbot; help@moz.com)"
185.191.171.45 - - [26/May/2023:11:45:49 +0200] "GET /robots.txt HTTP/1.1" 404 1181 "-" "Mozilla/5.0 (compatible; SemrushBot/7~bl; +http://www.semrush.com/bot.html)"
185.191.171.39 - - [26/May/2023:11:45:50 +0200] "GET /pmwiki/pmwiki.php/Main/Feb09PR HTTP/1.1" 200 15257 "-" "Mozilla/5.0 (compatible; SemrushBot/7~bl; +http://www.semrush.com/bot.html)"
212.237.53.115 - - [26/May/2023:11:48:56 +0200] "HEAD /pmwiki/pmwiki.php HTTP/1.1" 200 0 "-" "Alert_Alligator_webmonitoring_service_1.6.4_(alertalligator.com)"
52.91.67.1 - - [26/May/2023:11:50:06 +0200] "GET /robots.txt HTTP/1.1" 404 1181 "-" "python-requests/2.30.0"
52.91.67.1 - - [26/May/2023:11:50:07 +0200] "GET / HTTP/1.1" 302 5 "-" "Mozilla/5.0 (compatible; BitSightBot/1.0)"
52.91.67.1 - - [26/May/2023:11:50:09 +0200] "GET /pmwiki/pmwiki.php HTTP/1.1" 200 37269 "-" "Mozilla/5.0 (compatible; BitSightBot/1.0)"
52.91.67.1 - - [26/May/2023:11:50:09 +0200] "GET /pmwiki/pub/skins/gila/gila.css HTTP/1.1" 200 8887 "-" "Mozilla/5.0 (compatible; BitSightBot/1.0)"
54.36.149.46 - - [26/May/2023:11:54:22 +0200] "GET /pmwiki/pmwiki.php/Main/Marc08essay?action=diff HTTP/1.1" 200 76748 "-" "Mozilla/5.0 (compatible; AhrefsBot/7.0; +http://ahrefs.com/robot/)"
216.244.66.203 - - [26/May/2023:11:57:49 +0200] "GET /pmwiki/pmwiki.php/Main/DRM?action=edit&restore=diff:1110653469:1110653275:minor&preview=y HTTP/1.1" 200 12369 "-" "Mozilla/5.0 (compatible; DotBot/1.2; +https://opensiteexplorer.org/dotbot; help@moz.com)"
114.119.139.172 - - [26/May/2023:12:02:53 +0200] "GET /pmwiki/pmwiki.php/Main/Marc07PR?action=upload HTTP/1.1" 200 12279 "http://swpat.zpok.hu/pmwiki/pmwiki.php/Main/Marc07PR" "Mozilla/5.0 (Linux; Android 7.0;) AppleWebKit/537.36 (KHTML, like Gecko) Mobile Safari/537.36 (compatible; PetalBot;+https://webmaster.petalsearch.com/site/petalbot)"
110.249.201.112 - - [26/May/2023:12:14:27 +0200] "GET /robots.txt HTTP/1.1" 404 1181 "-" "Mozilla/5.0 (Linux; Android 5.0) AppleWebKit/537.36 (KHTML, like Gecko) Mobile Safari/537.36 (compatible; Bytespider; https://zhanzhang.toutiao.com/)"
216.244.66.203 - - [26/May/2023:12:19:19 +0200] "GET /robots.txt HTTP/1.1" 404 1181 "-" "Mozilla/5.0 (compatible; DotBot/1.2; +https://opensiteexplorer.org/dotbot; help@moz.com)"
54.36.148.243 - - [26/May/2023:12:30:12 +0200] "GET /pmwiki/pmwiki.php/Main/Marc08essay?action=edit HTTP/1.1" 200 12446 "-" "Mozilla/5.0 (compatible; AhrefsBot/7.0; +http://ahrefs.com/robot/)"
54.36.148.54 - - [26/May/2023:12:30:14 +0200] "GET /pmwiki/pub/guiedit/guiedit.js HTTP/1.1" 200 2247 "-" "Mozilla/5.0 (compatible; AhrefsBot/7.0; +http://ahrefs.com/robot/)"
216.244.66.203 - - [26/May/2023:12:47:23 +0200] "GET /pmwiki/pmwiki.php/Main/Feb03PR?action=diff&source=y&minor=y HTTP/1.1" 200 18565 "-" "Mozilla/5.0 (compatible; DotBot/1.2; +https://opensiteexplorer.org/dotbot; help@moz.com)"
216.244.66.203 - - [26/May/2023:12:47:36 +0200] "GET /pmwiki/pmwiki.php/Main/McCreevy?action=diff&source=y&minor=y HTTP/1.1" 200 16154 "-" "Mozilla/5.0 (compatible; DotBot/1.2; +https://opensiteexplorer.org/dotbot; help@moz.com)"
49.12.13.109 - - [26/May/2023:12:47:59 +0200] "HEAD /pmwiki/pmwiki.php HTTP/1.1" 200 0 "-" "Alert_Alligator_webmonitoring_service_1.6.3_(alertalligator.com)"
114.119.142.126 - - [26/May/2023:13:10:58 +0200] "GET /pmwiki/pmwiki.php/PmWiki/Internationalizations HTTP/1.1" 200 17491 "-" "Mozilla/5.0 (Linux; Android 7.0;) AppleWebKit/537.36 (KHTML, like Gecko) Mobile Safari/537.36 (compatible; PetalBot;+https://webmaster.petalsearch.com/site/petalbot)"
49.12.13.109 - - [26/May/2023:13:47:12 +0200] "HEAD /pmwiki/pmwiki.php HTTP/1.1" 200 0 "-" "Alert_Alligator_webmonitoring_service_1.6.3_(alertalligator.com)"
114.119.133.67 - - [26/May/2023:14:22:02 +0200] "GET /pmwiki/pmwiki.php/PmWiki/MailPosts HTTP/1.1" 200 24440 "-" "Mozilla/5.0 (Linux; Android 7.0;) AppleWebKit/537.36 (KHTML, like Gecko) Mobile Safari/537.36 (compatible; PetalBot;+https://webmaster.petalsearch.com/site/petalbot)"
212.237.23.143 - - [26/May/2023:14:31:10 +0200] "HEAD /pmwiki/pmwiki.php HTTP/1.1" 200 0 "-" "Alert_Alligator_webmonitoring_service_1.6.4_(alertalligator.com)"
54.36.148.48 - - [26/May/2023:14:59:06 +0200] "GET /pmwiki/pmwiki.php/Main/Marc08essay?action=print HTTP/1.1" 200 9200 "-" "Mozilla/5.0 (compatible; AhrefsBot/7.0; +http://ahrefs.com/robot/)"
212.237.51.151 - - [26/May/2023:15:14:34 +0200] "HEAD /pmwiki/pmwiki.php HTTP/1.1" 200 0 "-" "Alert_Alligator_webmonitoring_service_1.6.4_(alertalligator.com)"
114.119.131.93 - - [26/May/2023:15:45:49 +0200] "GET /pmwiki/pmwiki.php/Main/AdelphiAlapokm%E1ny?action=diff HTTP/1.1" 200 17542 "http://swpat.zpok.hu/pmwiki/pmwiki.php/Main/AdelphiAlapokm%e1ny" "Mozilla/5.0 (Linux; Android 7.0;) AppleWebKit/537.36 (KHTML, like Gecko) Mobile Safari/537.36 (compatible; PetalBot;+https://webmaster.petalsearch.com/site/petalbot)"
212.237.23.143 - - [26/May/2023:15:56:30 +0200] "HEAD /pmwiki/pmwiki.php HTTP/1.1" 200 0 "-" "Alert_Alligator_webmonitoring_service_1.6.4_(alertalligator.com)"
212.237.23.143 - - [26/May/2023:16:39:42 +0200] "HEAD /pmwiki/pmwiki.php HTTP/1.1" 200 0 "-" "Alert_Alligator_webmonitoring_service_1.6.4_(alertalligator.com)"
66.249.64.216 - - [26/May/2023:16:43:00 +0200] "GET /robots.txt HTTP/1.1" 404 1181 "-" "Mozilla/5.0 (compatible; Googlebot/2.1; +http://www.google.com/bot.html)"
66.249.64.216 - - [26/May/2023:16:43:00 +0200] "GET /favicon.ico HTTP/1.1" 404 1181 "-" "Googlebot-Image/1.0"
51.222.253.17 - - [26/May/2023:16:52:24 +0200] "GET /robots.txt HTTP/1.1" 404 1181 "-" "Mozilla/5.0 (compatible; AhrefsBot/7.0; +http://ahrefs.com/robot/)"
54.36.148.131 - - [26/May/2023:16:52:25 +0200] "GET /pmwiki/pmwiki.php/Main/CikkekDRM?action=print HTTP/1.1" 200 8479 "-" "Mozilla/5.0 (compatible; AhrefsBot/7.0; +http://ahrefs.com/robot/)"
212.237.23.143 - - [26/May/2023:17:19:44 +0200] "HEAD /pmwiki/pmwiki.php HTTP/1.1" 200 0 "-" "Alert_Alligator_webmonitoring_service_1.6.4_(alertalligator.com)"
54.36.148.66 - - [26/May/2023:17:39:44 +0200] "GET /pmwiki/pmwiki.php/Main/CikkekDRM?action=diff HTTP/1.1" 200 21048 "-" "Mozilla/5.0 (compatible; AhrefsBot/7.0; +http://ahrefs.com/robot/)"
49.12.13.109 - - [26/May/2023:18:18:50 +0200] "HEAD /pmwiki/pmwiki.php HTTP/1.1" 200 0 "-" "Alert_Alligator_webmonitoring_service_1.6.3_(alertalligator.com)"
54.36.148.34 - - [26/May/2023:18:27:59 +0200] "GET /pmwiki/pmwiki.php/Main/BMEKonferencia?action=print HTTP/1.1" 200 5262 "-" "Mozilla/5.0 (compatible; AhrefsBot/7.0; +http://ahrefs.com/robot/)"
216.244.66.203 - - [26/May/2023:18:40:24 +0200] "GET /robots.txt HTTP/1.1" 404 1181 "-" "Mozilla/5.0 (compatible; DotBot/1.2; +https://opensiteexplorer.org/dotbot; help@moz.com)"
216.244.66.203 - - [26/May/2023:18:59:04 +0200] "GET /pmwiki/pmwiki.php/Main/HomePage?action=edit&restore=diff:1121079706:1120672976:minor&preview=y HTTP/1.1" 200 12452 "-" "Mozilla/5.0 (compatible; DotBot/1.2; +https://opensiteexplorer.org/dotbot; help@moz.com)"
212.237.23.143 - - [26/May/2023:19:00:01 +0200] "HEAD /pmwiki/pmwiki.php HTTP/1.1" 200 0 "-" "Alert_Alligator_webmonitoring_service_1.6.4_(alertalligator.com)"
111.225.149.170 - - [26/May/2023:19:10:38 +0200] "GET /robots.txt HTTP/1.1" 404 1181 "-" "Mozilla/5.0 (Linux; Android 5.0) AppleWebKit/537.36 (KHTML, like Gecko) Mobile Safari/537.36 (compatible; Bytespider; https://zhanzhang.toutiao.com/)"
54.36.148.255 - - [26/May/2023:19:41:38 +0200] "GET /pmwiki/pmwiki.php/Main/BMEKonferencia?action=diff HTTP/1.1" 200 76698 "-" "Mozilla/5.0 (compatible; AhrefsBot/7.0; +http://ahrefs.com/robot/)"
49.12.13.109 - - [26/May/2023:19:59:07 +0200] "HEAD /pmwiki/pmwiki.php HTTP/1.1" 200 0 "-" "Alert_Alligator_webmonitoring_service_1.6.3_(alertalligator.com)"
54.36.148.116 - - [26/May/2023:20:06:07 +0200] "GET /pmwiki/pmwiki.php/Main/CikkekDRM?action=edit HTTP/1.1" 200 12418 "-" "Mozilla/5.0 (compatible; AhrefsBot/7.0; +http://ahrefs.com/robot/)"
216.244.66.203 - - [26/May/2023:20:15:38 +0200] "GET /robots.txt HTTP/1.1" 404 1181 "-" "Mozilla/5.0 (compatible; DotBot/1.2; +https://opensiteexplorer.org/dotbot; help@moz.com)"
49.12.13.109 - - [26/May/2023:20:23:32 +0200] "HEAD /pmwiki/pmwiki.php HTTP/1.1" 200 0 "-" "Alert_Alligator_webmonitoring_service_1.6.4_(alertalligator.com)"
54.36.148.230 - - [26/May/2023:20:25:19 +0200] "GET /pmwiki/pmwiki.php/Main/CikkekDRM?action=upload HTTP/1.1" 200 12298 "-" "Mozilla/5.0 (compatible; AhrefsBot/7.0; +http://ahrefs.com/robot/)"
216.244.66.203 - - [26/May/2023:20:40:43 +0200] "GET /pmwiki/pmwiki.php/Main/DRM?action=edit&restore=diff:1116349498:1112895343:&preview=y HTTP/1.1" 200 12364 "-" "Mozilla/5.0 (compatible; DotBot/1.2; +https://opensiteexplorer.org/dotbot; help@moz.com)"
216.244.66.203 - - [26/May/2023:20:40:50 +0200] "GET /pmwiki/pmwiki.php/Main/PDF417?action=diff&source=n&minor=n HTTP/1.1" 200 41178 "-" "Mozilla/5.0 (compatible; DotBot/1.2; +https://opensiteexplorer.org/dotbot; help@moz.com)"
216.244.66.203 - - [26/May/2023:20:40:54 +0200] "GET /pmwiki/pmwiki.php/PmWiki/WikiUsers?action=diff&source=n&minor=n HTTP/1.1" 200 12852 "-" "Mozilla/5.0 (compatible; DotBot/1.2; +https://opensiteexplorer.org/dotbot; help@moz.com)"
216.244.66.203 - - [26/May/2023:20:40:59 +0200] "GET /pmwiki/pmwiki.php/Profiles/Privcikkek?action=diff&source=n&minor=n HTTP/1.1" 200 12908 "-" "Mozilla/5.0 (compatible; DotBot/1.2; +https://opensiteexplorer.org/dotbot; help@moz.com)"
54.36.148.48 - - [26/May/2023:20:42:43 +0200] "GET /pmwiki/pmwiki.php/Main/BMEKonferencia?action=upload HTTP/1.1" 200 12374 "-" "Mozilla/5.0 (compatible; AhrefsBot/7.0; +http://ahrefs.com/robot/)"
216.244.66.203 - - [26/May/2023:20:45:36 +0200] "GET /pmwiki/pmwiki.php/Main/2003M%E1jusBr%FCsszeliT%FAra?action=edit&restore=diff:1120087378:1120087378:&preview=y HTTP/1.1" 200 12752 "-" "Mozilla/5.0 (compatible; DotBot/1.2; +https://opensiteexplorer.org/dotbot; help@moz.com)"
216.244.66.203 - - [26/May/2023:20:45:39 +0200] "GET /pmwiki/pmwiki.php/Main/SideBar?action=edit&restore=diff:1118242540:1118242423:&preview=y HTTP/1.1" 200 12430 "-" "Mozilla/5.0 (compatible; DotBot/1.2; +https://opensiteexplorer.org/dotbot; help@moz.com)"
54.36.148.224 - - [26/May/2023:21:00:31 +0200] "GET /pmwiki/pmwiki.php/PmWiki/ChangesFromPmWiki1 HTTP/1.1" 200 19777 "-" "Mozilla/5.0 (compatible; AhrefsBot/7.0; +http://ahrefs.com/robot/)"
