54.36.148.84 - - [26/May/2023:21:20:47 +0200] "GET /pmwiki/pmwiki.php/Main/ADRMH%E1tr%E1nyai HTTP/1.1" 200 14752 "-" "Mozilla/5.0 (compatible; AhrefsBot/7.0; +http://ahrefs.com/robot/)"
49.12.13.109 - - [26/May/2023:21:22:36 +0200] "HEAD /pmwiki/pmwiki.php HTTP/1.1" 200 0 "-" "Alert_Alligator_webmonitoring_service_1.6.3_(alertalligator.com)"
216.244.66.203 - - [26/May/2023:21:55:17 +0200] "GET /robots.txt HTTP/1.1" 404 1181 "-" "Mozilla/5.0 (compatible; DotBot/1.2; +https://opensiteexplorer.org/dotbot; help@moz.com)"
212.237.23.143 - - [26/May/2023:22:09:31 +0200] "HEAD /pmwiki/pmwiki.php HTTP/1.1" 200 0 "-" "Alert_Alligator_webmonitoring_service_1.6.4_(alertalligator.com)"
216.244.66.203 - - [26/May/2023:22:17:14 +0200] "GET /pmwiki/pmwiki.php/Main/2004Szeptember1?action=diff&source=n&minor=n HTTP/1.1" 200 15558 "-" "Mozilla/5.0 (compatible; DotBot/1.2; +https://opensiteexplorer.org/dotbot; help@moz.com)"
216.244.66.203 - - [26/May/2023:22:17:20 +0200] "GET /pmwiki/pmwiki.php/Main/DRM?action=edit&restore=diff:1110470186:1110468691:&preview=y HTTP/1.1" 200 12364 "-" "Mozilla/5.0 (compatible; DotBot/1.2; +https://opensiteexplorer.org/dotbot; help@moz.com)"
216.244.66.203 - - [26/May/2023:22:17:29 +0200] "GET /pmwiki/pmwiki.php/PmWiki/GoodStyle?action=diff&source=y&minor=y HTTP/1.1" 200 12857 "-" "Mozilla/5.0 (compatible; DotBot/1.2; +https://opensiteexplorer.org/dotbot; help@moz.com)"
216.244.66.203 - - [26/May/2023:22:17:33 +0200] "GET /pmwiki/pmwiki.php/PmWiki/MarkupMasterIndex?action=diff&source=n&minor=n HTTP/1.1" 200 13022 "-" "Mozilla/5.0 (compatible; DotBot/1.2; +https://opensiteexplorer.org/dotbot; help@moz.com)"
54.36.148.145 - - [26/May/2023:22:33:18 +0200] "GET /pmwiki/pmwiki.php/Main/AzIPRJavaslat?action=diff HTTP/1.1" 200 16096 "-" "Mozilla/5.0 (compatible; AhrefsBot/7.0; +http://ahrefs.com/robot/)"
49.12.13.109 - - [26/May/2023:22:39:11 +0200] "HEAD /pmwiki/pmwiki.php HTTP/1.1" 200 0 "-" "Alert_Alligator_webmonitoring_service_1.6.4_(alertalligator.com)"
216.244.66.203 - - [26/May/2023:23:09:41 +0200] "GET /robots.txt HTTP/1.1" 404 1181 "-" "Mozilla/5.0 (compatible; DotBot/1.2; +https://opensiteexplorer.org/dotbot; help@moz.com)"
212.237.51.151 - - [26/May/2023:23:21:54 +0200] "HEAD /pmwiki/pmwiki.php HTTP/1.1" 200 0 "-" "Alert_Alligator_webmonitoring_service_1.6.4_(alertalligator.com)"
216.244.66.203 - - [26/May/2023:23:30:15 +0200] "GET /pmwiki/pmwiki.php/API/PZZ?action=diff&source=n&minor=n HTTP/1.1" 200 12687 "-" "Mozilla/5.0 (compatible; DotBot/1.2; +https://opensiteexplorer.org/dotbot; help@moz.com)"
216.244.66.203 - - [26/May/2023:23:30:23 +0200] "GET /pmwiki/pmwiki.php/PmWiki/WikiWikiWeb?action=diff&source=y&minor=y HTTP/1.1" 200 12892 "-" "Mozilla/5.0 (compatible; DotBot/1.2; +https://opensiteexplorer.org/dotbot; help@moz.com)"
5.255.231.66 - - [26/May/2023:23:31:54 +0200] "GET /robots.txt HTTP/1.1" 404 1181 "-" "Mozilla/5.0 (compatible; YandexBot/3.0; +http://yandex.com/bots)"
213.180.203.151 - - [26/May/2023:23:31:55 +0200] "GET /pmwiki/pmwiki.php/Main/2004Augusztus5?action=print HTTP/1.1" 200 5461 "-" "Mozilla/5.0 (compatible; YandexBot/3.0; +http://yandex.com/bots)"
216.244.66.203 - - [27/May/2023:00:00:44 +0200] "GET /robots.txt HTTP/1.1" 404 1181 "-" "Mozilla/5.0 (compatible; DotBot/1.2; +https://opensiteexplorer.org/dotbot; help@moz.com)"
216.244.66.203 - - [27/May/2023:00:20:27 +0200] "GET /pmwiki/pmwiki.php/PmWiki/Uploads?action=diff&source=n&minor=n HTTP/1.1" 200 12821 "-" "Mozilla/5.0 (compatible; DotBot/1.2; +https://opensiteexplorer.org/dotbot; help@moz.com)"
212.237.23.143 - - [27/May/2023:00:21:33 +0200] "HEAD /pmwiki/pmwiki.php HTTP/1.1" 200 0 "-" "Alert_Alligator_webmonitoring_service_1.6.4_(alertalligator.com)"
216.244.66.203 - - [27/May/2023:00:28:15 +0200] "GET /pmwiki/pmwiki.php/PmWiki/ConditionalMarkup?action=diff&source=n&minor=n HTTP/1.1" 200 13000 "-" "Mozilla/5.0 (compatible; DotBot/1.2; +https://opensiteexplorer.org/dotbot; help@moz.com)"
216.244.66.203 - - [27/May/2023:00:28:20 +0200] "GET /pmwiki/pmwiki.php/PmWiki/LayoutAdvanced?action=diff&source=y&minor=y HTTP/1.1" 200 12946 "-" "Mozilla/5.0 (compatible; DotBot/1.2; +https://opensiteexplorer.org/dotbot; help@moz.com)"
216.244.66.203 - - [27/May/2023:00:28:27 +0200] "GET /pmwiki/pmwiki.php/PmWiki/WikiGroup?action=diff&source=y&minor=y HTTP/1.1" 200 12856 "-" "Mozilla/5.0 (compatible; DotBot/1.2; +https://opensiteexplorer.org/dotbot; help@moz.com)"
129.226.203.198 - - [27/May/2023:00:36:22 +0200] "GET //ok.php HTTP/1.1" 404 1181 "-" "Mozilla/5.0 (Windows NT 10.0; Win64; x64) AppleWebKit/537.36 (KHTML, like Gecko) Chrome/85.0.4183.102 Safari/537.36"
129.226.203.198 - - [27/May/2023:00:37:00 +0200] "GET //wso112233.php HTTP/1.1" 404 1181 "-" "Mozilla/5.0 (Windows NT 10.0; Win64; x64) AppleWebKit/537.36 (KHTML, like Gecko) Chrome/85.0.4183.102 Safari/537.36"
129.226.203.198 - - [27/May/2023:00:37:14 +0200] "GET //ccx/index.php HTTP/1.1" 404 1181 "-" "Mozilla/5.0 (Windows NT 10.0; Win64; x64) AppleWebKit/537.36 (KHTML, like Gecko) Chrome/85.0.4183.102 Safari/537.36"
129.226.203.198 - - [27/May/2023:00:37:19 +0200] "GET //wp-content/themes/ccx/index.php HTTP/1.1" 404 1181 "-" "Mozilla/5.0 (Windows NT 10.0; Win64; x64) AppleWebKit/537.36 (KHTML, like Gecko) Chrome/85.0.4183.102 Safari/537.36"
129.226.203.198 - - [27/May/2023:00:38:21 +0200] "GET //radio.php HTTP/1.1" 404 1181 "-" "Mozilla/5.0 (Windows NT 10.0; Win64; x64) AppleWebKit/537.36 (KHTML, like Gecko) Chrome/85.0.4183.102 Safari/537.36"
129.226.203.198 - - [27/May/2023:00:38:44 +0200] "GET //.well-known/ HTTP/1.1" 404 1181 "-" "python-requests/2.27.1"
129.226.203.198 - - [27/May/2023:00:39:22 +0200] "GET //wp-old/ HTTP/1.1" 404 1181 "-" "python-requests/2.27.1"
54.36.149.48 - - [27/May/2023:00:39:46 +0200] "GET /pmwiki/pmwiki.php/Main/MiADRM HTTP/1.1" 200 12869 "-" "Mozilla/5.0 (compatible; AhrefsBot/7.0; +http://ahrefs.com/robot/)"
129.226.203.198 - - [27/May/2023:00:39:56 +0200] "GET //.wp-cli/ HTTP/1.1" 404 1181 "-" "python-requests/2.27.1"
129.226.203.198 - - [27/May/2023:00:40:47 +0200] "GET //wp-json/ HTTP/1.1" 404 1181 "-" "python-requests/2.27.1"
129.226.203.198 - - [27/May/2023:00:41:18 +0200] "GET //wp-admin/ HTTP/1.1" 404 1181 "-" "python-requests/2.27.1"
129.226.203.198 - - [27/May/2023:00:41:51 +0200] "GET //wp-admin/css/ HTTP/1.1" 404 1181 "-" "python-requests/2.27.1"
129.226.203.198 - - [27/May/2023:00:42:27 +0200] "GET //wp-admin/includes/ HTTP/1.1" 404 1181 "-" "python-requests/2.27.1"
129.226.203.198 - - [27/May/2023:00:42:45 +0200] "GET //wp-content/ HTTP/1.1" 404 1181 "-" "python-requests/2.27.1"
129.226.203.198 - - [27/May/2023:00:43:23 +0200] "GET //wp-admin/js/ HTTP/1.1" 404 1181 "-" "python-requests/2.27.1"
129.226.203.198 - - [27/May/2023:00:43:48 +0200] "GET //wp-includes/ HTTP/1.1" 404 1181 "-" "python-requests/2.27.1"
129.226.203.198 - - [27/May/2023:00:44:04 +0200] "GET //wp-admin/css/ HTTP/1.1" 404 1181 "-" "python-requests/2.27.1"
129.226.203.198 - - [27/May/2023:00:44:29 +0200] "GET //wp-admin/ HTTP/1.1" 404 1181 "-" "python-requests/2.27.1"
129.226.203.198 - - [27/May/2023:00:44:45 +0200] "GET //wp-admin/js/ HTTP/1.1" 404 1181 "-" "python-requests/2.27.1"
129.226.203.198 - - [27/May/2023:00:45:07 +0200] "GET //wp-admin/meta/ HTTP/1.1" 404 1181 "-" "python-requests/2.27.1"
129.226.203.198 - - [27/May/2023:00:45:29 +0200] "GET //wp-admin/user/ HTTP/1.1" 404 1181 "-" "python-requests/2.27.1"
129.226.203.198 - - [27/May/2023:00:47:18 +0200] "GET //wp-admin/maint/ HTTP/1.1" 404 1181 "-" "python-requests/2.27.1"
129.226.203.198 - - [27/May/2023:00:47:37 +0200] "GET //wp-includes/js/ HTTP/1.1" 404 1181 "-" "python-requests/2.27.1"
129.226.203.198 - - [27/May/2023:00:48:08 +0200] "GET //wp-admin/images/ HTTP/1.1" 404 1181 "-" "python-requests/2.27.1"
129.226.203.198 - - [27/May/2023:00:48:56 +0200] "GET //wp-includes/ID3/ HTTP/1.1" 404 1181 "-" "python-requests/2.27.1"
216.244.66.203 - - [27/May/2023:00:49:35 +0200] "GET /robots.txt HTTP/1.1" 404 1181 "-" "Mozilla/5.0 (compatible; DotBot/1.2; +https://opensiteexplorer.org/dotbot; help@moz.com)"
129.226.203.198 - - [27/May/2023:00:49:35 +0200] "GET //wp-includes/IXR/ HTTP/1.1" 404 1181 "-" "python-requests/2.27.1"
129.226.203.198 - - [27/May/2023:00:50:04 +0200] "GET //wp-includes/css/ HTTP/1.1" 404 1181 "-" "python-requests/2.27.1"
129.226.203.198 - - [27/May/2023:00:50:31 +0200] "GET //wp-admin/cgialfa/ HTTP/1.1" 404 1181 "-" "python-requests/2.27.1"
129.226.203.198 - - [27/May/2023:00:50:56 +0200] "GET //wp-admin/network/ HTTP/1.1" 404 1181 "-" "python-requests/2.27.1"
129.226.203.198 - - [27/May/2023:00:51:16 +0200] "GET //wp-includes/sitemaps/ HTTP/1.1" 404 1181 "-" "python-requests/2.27.1"
129.226.203.198 - - [27/May/2023:00:52:15 +0200] "GET //wp-includes/Text/ HTTP/1.1" 404 1181 "-" "python-requests/2.27.1"
129.226.203.198 - - [27/May/2023:00:52:51 +0200] "GET //wp-includes/pomo/ HTTP/1.1" 404 1181 "-" "python-requests/2.27.1"
129.226.203.198 - - [27/May/2023:00:53:00 +0200] "GET //wp-admin/includes/ HTTP/1.1" 404 1181 "-" "python-requests/2.27.1"
129.226.203.198 - - [27/May/2023:00:53:08 +0200] "GET //wp-content/themes/ HTTP/1.1" 404 1181 "-" "python-requests/2.27.1"
129.226.203.198 - - [27/May/2023:00:53:35 +0200] "GET //wp-includes/fonts/ HTTP/1.1" 404 1181 "-" "python-requests/2.27.1"
129.226.203.198 - - [27/May/2023:00:54:01 +0200] "GET //wp-admin/ALFA_DATA/ HTTP/1.1" 404 1181 "-" "python-requests/2.27.1"
129.226.203.198 - - [27/May/2023:00:54:30 +0200] "GET //wp-content/cgialfa/ HTTP/1.1" 404 1181 "-" "python-requests/2.27.1"
129.226.203.198 - - [27/May/2023:00:55:10 +0200] "GET //wp-content/plugins/ HTTP/1.1" 404 1181 "-" "python-requests/2.27.1"
129.226.203.198 - - [27/May/2023:00:55:27 +0200] "GET //wp-content/upgrade/ HTTP/1.1" 404 1181 "-" "python-requests/2.27.1"
129.226.203.198 - - [27/May/2023:00:55:49 +0200] "GET //wp-content/uploads/ HTTP/1.1" 404 1181 "-" "python-requests/2.27.1"
129.226.203.198 - - [27/May/2023:00:56:17 +0200] "GET //wp-includes/blocks/ HTTP/1.1" 404 1181 "-" "python-requests/2.27.1"
129.226.203.198 - - [27/May/2023:00:56:44 +0200] "GET //wp-includes/images/ HTTP/1.1" 404 1181 "-" "python-requests/2.27.1"
129.226.203.198 - - [27/May/2023:00:57:00 +0200] "GET //wp-admin/alfacgiapi/ HTTP/1.1" 404 1181 "-" "python-requests/2.27.1"
129.226.203.198 - - [27/May/2023:00:57:57 +0200] "GET //wp-admin/js/widgets/ HTTP/1.1" 404 1181 "-" "python-requests/2.27.1"
129.226.203.198 - - [27/May/2023:00:58:31 +0200] "GET //wp-includes/cgialfa/ HTTP/1.1" 404 1181 "-" "python-requests/2.27.1"
129.226.203.198 - - [27/May/2023:00:58:58 +0200] "GET //wp-includes/widgets/ HTTP/1.1" 404 1181 "-" "python-requests/2.27.1"
129.226.203.198 - - [27/May/2023:00:59:19 +0200] "GET //wp-json/wp/v2/users/ HTTP/1.1" 404 1181 "-" "python-requests/2.27.1"
129.226.203.198 - - [27/May/2023:01:00:02 +0200] "GET //wp-content/ALFA_DATA/ HTTP/1.1" 404 1181 "-" "python-requests/2.27.1"
129.226.203.198 - - [27/May/2023:01:00:36 +0200] "GET //wp-content/languages/ HTTP/1.1" 404 1181 "-" "python-requests/2.27.1"
129.226.203.198 - - [27/May/2023:01:00:52 +0200] "GET //wp-includes/Requests/ HTTP/1.1" 404 1181 "-" "python-requests/2.27.1"
129.226.203.198 - - [27/May/2023:01:01:59 +0200] "GET //wp-includes/rest-api/ HTTP/1.1" 404 1181 "-" "python-requests/2.27.1"
129.226.203.198 - - [27/May/2023:01:02:32 +0200] "GET //wp-includes/sitemaps/ HTTP/1.1" 404 1181 "-" "python-requests/2.27.1"
129.226.203.198 - - [27/May/2023:01:03:50 +0200] "GET //wp-content/alfacgiapi/ HTTP/1.1" 404 1181 "-" "python-requests/2.27.1"
129.226.203.198 - - [27/May/2023:01:04:16 +0200] "GET //wp-content/mu-plugins/ HTTP/1.1" 404 1181 "-" "python-requests/2.27.1"
129.226.203.198 - - [27/May/2023:01:04:53 +0200] "GET //wp-content/themes/pridmag/ HTTP/1.1" 404 1181 "-" "python-requests/2.27.1"
129.226.203.198 - - [27/May/2023:01:05:53 +0200] "GET //wp-includes/ALFA_DATA/ HTTP/1.1" 404 1181 "-" "python-requests/2.27.1"
129.226.203.198 - - [27/May/2023:01:06:45 +0200] "GET //wp-includes/PHPMailer/ HTTP/1.1" 404 1181 "-" "python-requests/2.27.1"
129.226.203.198 - - [27/May/2023:01:07:20 +0200] "GET //wp-includes/SimplePie/ HTTP/1.1" 404 1181 "-" "python-requests/2.27.1"
129.226.203.198 - - [27/May/2023:01:07:59 +0200] "GET //wp-includes/customize/ HTTP/1.1" 404 1181 "-" "python-requests/2.27.1"
129.226.203.198 - - [27/May/2023:01:08:39 +0200] "GET //wp-includes/alfacgiapi/ HTTP/1.1" 404 1181 "-" "python-requests/2.27.1"
129.226.203.198 - - [27/May/2023:01:09:02 +0200] "GET //wp-includes/certificates/ HTTP/1.1" 404 1181 "-" "python-requests/2.27.1"
129.226.203.198 - - [27/May/2023:01:09:33 +0200] "GET //wp-content/mu-plugins-old/ HTTP/1.1" 404 1181 "-" "python-requests/2.27.1"
216.244.66.203 - - [27/May/2023:01:10:03 +0200] "GET /pmwiki/pmwiki.php/API/SDV?action=diff&source=n&minor=n HTTP/1.1" 200 12687 "-" "Mozilla/5.0 (compatible; DotBot/1.2; +https://opensiteexplorer.org/dotbot; help@moz.com)"
216.244.66.203 - - [27/May/2023:01:10:09 +0200] "GET /pmwiki/pmwiki.php/Main/DRM?action=edit&restore=diff:1111957994:1111147394:&preview=y HTTP/1.1" 200 12364 "-" "Mozilla/5.0 (compatible; DotBot/1.2; +https://opensiteexplorer.org/dotbot; help@moz.com)"
129.226.203.198 - - [27/May/2023:01:10:19 +0200] "GET //wp-content/themes/classic/inc/ HTTP/1.1" 404 1181 "-" "python-requests/2.27.1"
216.244.66.203 - - [27/May/2023:01:10:24 +0200] "GET /pmwiki/pmwiki.php/Main/JogiOldal?action=diff&source=y&minor=y HTTP/1.1" 200 28557 "-" "Mozilla/5.0 (compatible; DotBot/1.2; +https://opensiteexplorer.org/dotbot; help@moz.com)"
216.244.66.203 - - [27/May/2023:01:10:32 +0200] "GET /pmwiki/pmwiki.php/PmWiki/WikiSandbox?action=diff&source=n&minor=n HTTP/1.1" 200 12892 "-" "Mozilla/5.0 (compatible; DotBot/1.2; +https://opensiteexplorer.org/dotbot; help@moz.com)"
216.244.66.203 - - [27/May/2023:01:10:40 +0200] "GET /pmwiki/pmwiki.php/Profiles/Eve?action=diff&source=y&minor=y HTTP/1.1" 200 12782 "-" "Mozilla/5.0 (compatible; DotBot/1.2; +https://opensiteexplorer.org/dotbot; help@moz.com)"
129.226.203.198 - - [27/May/2023:01:11:12 +0200] "GET //wp-content/plugins/ninja-forms/ HTTP/1.1" 404 1181 "-" "python-requests/2.27.1"
129.226.203.198 - - [27/May/2023:01:12:00 +0200] "GET //wp-includes/sitemaps/providers/ HTTP/1.1" 404 1181 "-" "python-requests/2.27.1"
129.226.203.198 - - [27/May/2023:01:12:36 +0200] "GET //wp-content/ALFA_DATA/alfacgiapi/ HTTP/1.1" 404 1181 "-" "python-requests/2.27.1"
129.226.203.198 - - [27/May/2023:01:13:03 +0200] "GET //wp-content/plugins/wp-automatic/changelog/ HTTP/1.1" 404 1181 "-" "python-requests/2.27.1"
129.226.203.198 - - [27/May/2023:01:13:41 +0200] "GET //wp-content/plugins/formcraft/file-upload/server/php/ HTTP/1.1" 404 1181 "-" "python-requests/2.27.1"
216.244.66.203 - - [27/May/2023:01:13:54 +0200] "GET /pmwiki/pmwiki.php/Main/Damokl%E9szKardjaLebegAMagyarSzoftveriparFelett?action=diff&source=n&minor=n HTTP/1.1" 200 17434 "-" "Mozilla/5.0 (compatible; DotBot/1.2; +https://opensiteexplorer.org/dotbot; help@moz.com)"
129.226.203.198 - - [27/May/2023:01:14:15 +0200] "GET //wp-content/plugins/wp-pinterest-automatic/changelog/ HTTP/1.1" 404 1181 "-" "python-requests/2.27.1"
129.226.203.198 - - [27/May/2023:01:15:04 +0200] "GET /wp-content/plugins/background-image-cropper/ups.php HTTP/1.1" 404 1181 "www.google.com" "Mozlila/5.0 (Linux; Android 7.0; SM-G892A Bulid/NRD90M; wv) AppleWebKit/537.36 (KHTML, like Gecko) Version/4.0 Chrome/60.0.3112.107 Moblie Safari/537.36"
129.226.203.198 - - [27/May/2023:01:16:09 +0200] "GET /wp-content/plugins/w0rdpr3ssnew/wp-login.php HTTP/1.1" 404 1181 "www.google.com" "Mozlila/5.0 (Linux; Android 7.0; SM-G892A Bulid/NRD90M; wv) AppleWebKit/537.36 (KHTML, like Gecko) Version/4.0 Chrome/60.0.3112.107 Moblie Safari/537.36"
129.226.203.198 - - [27/May/2023:01:17:37 +0200] "GET /wp-includes HTTP/1.1" 404 1181 "www.google.com" "Mozlila/5.0 (Linux; Android 7.0; SM-G892A Bulid/NRD90M; wv) AppleWebKit/537.36 (KHTML, like Gecko) Version/4.0 Chrome/60.0.3112.107 Moblie Safari/537.36"
129.226.203.198 - - [27/May/2023:01:18:02 +0200] "GET //wp-content/index.php?x=ooo HTTP/1.1" 404 1181 "www.google.com" "Mozlila/5.0 (Linux; Android 7.0; SM-G892A Bulid/NRD90M; wv) AppleWebKit/537.36 (KHTML, like Gecko) Version/4.0 Chrome/60.0.3112.107 Moblie Safari/537.36"
129.226.203.198 - - [27/May/2023:01:18:39 +0200] "GET //wp-content/plugins/seoplugins/mar.php HTTP/1.1" 404 1181 "-" "python-requests/2.27.1"
129.226.203.198 - - [27/May/2023:01:19:03 +0200] "GET //wp-content/plugins/seoplugins/db.php?u HTTP/1.1" 404 1181 "-" "python-requests/2.27.1"
129.226.203.198 - - [27/May/2023:01:19:34 +0200] "GET /index.php?3x=3x HTTP/1.1" 302 5 "-" "python-requests/2.27.1"
129.226.203.198 - - [27/May/2023:01:19:36 +0200] "GET /pmwiki/pmwiki.php HTTP/1.1" 200 37269 "-" "python-requests/2.27.1"
129.226.203.198 - - [27/May/2023:01:20:36 +0200] "POST /cgi-bin/mt/mt-xmlrpc.cgi HTTP/1.1" 404 1181 "-" "Mozlila/5.0 (Linux; Android 7.0; SM-G892A Bulid/NRD90M; wv) AppleWebKit/537.36 (KHTML, like Gecko) Version/4.0 Chrome/60.0.3112.107 Moblie Safari/537.36"
129.226.203.198 - - [27/May/2023:01:20:42 +0200] "GET /cgi-bin/mt//bdkr.php HTTP/1.1" 404 1181 "-" "Mozlila/5.0 (Linux; Android 7.0; SM-G892A Bulid/NRD90M; wv) AppleWebKit/537.36 (KHTML, like Gecko) Version/4.0 Chrome/60.0.3112.107 Moblie Safari/537.36"
129.226.203.198 - - [27/May/2023:01:21:19 +0200] "POST /mt/mt-xmlrpc.cgi HTTP/1.1" 404 1181 "-" "Mozlila/5.0 (Linux; Android 7.0; SM-G892A Bulid/NRD90M; wv) AppleWebKit/537.36 (KHTML, like Gecko) Version/4.0 Chrome/60.0.3112.107 Moblie Safari/537.36"
129.226.203.198 - - [27/May/2023:01:21:37 +0200] "GET /mt//bdkr.php HTTP/1.1" 404 1181 "-" "Mozlila/5.0 (Linux; Android 7.0; SM-G892A Bulid/NRD90M; wv) AppleWebKit/537.36 (KHTML, like Gecko) Version/4.0 Chrome/60.0.3112.107 Moblie Safari/537.36"
129.226.203.198 - - [27/May/2023:01:22:01 +0200] "POST /cgi-bin/mt-xmlrpc.cgi HTTP/1.1" 404 1181 "-" "Mozlila/5.0 (Linux; Android 7.0; SM-G892A Bulid/NRD90M; wv) AppleWebKit/537.36 (KHTML, like Gecko) Version/4.0 Chrome/60.0.3112.107 Moblie Safari/537.36"
129.226.203.198 - - [27/May/2023:01:22:02 +0200] "GET /cgi-bin//bdkr.php HTTP/1.1" 404 1181 "-" "Mozlila/5.0 (Linux; Android 7.0; SM-G892A Bulid/NRD90M; wv) AppleWebKit/537.36 (KHTML, like Gecko) Version/4.0 Chrome/60.0.3112.107 Moblie Safari/537.36"
129.226.203.198 - - [27/May/2023:01:22:38 +0200] "POST /mt-xmlrpc.cgi HTTP/1.1" 404 1181 "-" "Mozlila/5.0 (Linux; Android 7.0; SM-G892A Bulid/NRD90M; wv) AppleWebKit/537.36 (KHTML, like Gecko) Version/4.0 Chrome/60.0.3112.107 Moblie Safari/537.36"
129.226.203.198 - - [27/May/2023:01:22:54 +0200] "GET //bdkr.php HTTP/1.1" 404 1181 "-" "Mozlila/5.0 (Linux; Android 7.0; SM-G892A Bulid/NRD90M; wv) AppleWebKit/537.36 (KHTML, like Gecko) Version/4.0 Chrome/60.0.3112.107 Moblie Safari/537.36"
129.226.203.198 - - [27/May/2023:01:23:31 +0200] "POST /cgi-bin/MT/mt-xmlrpc.cgi HTTP/1.1" 404 1181 "-" "Mozlila/5.0 (Linux; Android 7.0; SM-G892A Bulid/NRD90M; wv) AppleWebKit/537.36 (KHTML, like Gecko) Version/4.0 Chrome/60.0.3112.107 Moblie Safari/537.36"
129.226.203.198 - - [27/May/2023:01:24:06 +0200] "GET /cgi-bin/MT//bdkr.php HTTP/1.1" 404 1181 "-" "Mozlila/5.0 (Linux; Android 7.0; SM-G892A Bulid/NRD90M; wv) AppleWebKit/537.36 (KHTML, like Gecko) Version/4.0 Chrome/60.0.3112.107 Moblie Safari/537.36"
129.226.203.198 - - [27/May/2023:01:24:49 +0200] "POST /MT/mt-xmlrpc.cgi HTTP/1.1" 404 1181 "-" "Mozlila/5.0 (Linux; Android 7.0; SM-G892A Bulid/NRD90M; wv) AppleWebKit/537.36 (KHTML, like Gecko) Version/4.0 Chrome/60.0.3112.107 Moblie Safari/537.36"
129.226.203.198 - - [27/May/2023:01:24:58 +0200] "GET /MT//bdkr.php HTTP/1.1" 404 1181 "-" "Mozlila/5.0 (Linux; Android 7.0; SM-G892A Bulid/NRD90M; wv) AppleWebKit/537.36 (KHTML, like Gecko) Version/4.0 Chrome/60.0.3112.107 Moblie Safari/537.36"
129.226.203.198 - - [27/May/2023:01:25:41 +0200] "POST /mtos/mt-xmlrpc.cgi HTTP/1.1" 404 1181 "-" "Mozlila/5.0 (Linux; Android 7.0; SM-G892A Bulid/NRD90M; wv) AppleWebKit/537.36 (KHTML, like Gecko) Version/4.0 Chrome/60.0.3112.107 Moblie Safari/537.36"
129.226.203.198 - - [27/May/2023:01:25:42 +0200] "GET /mtos//bdkr.php HTTP/1.1" 404 1181 "-" "Mozlila/5.0 (Linux; Android 7.0; SM-G892A Bulid/NRD90M; wv) AppleWebKit/537.36 (KHTML, like Gecko) Version/4.0 Chrome/60.0.3112.107 Moblie Safari/537.36"
129.226.203.198 - - [27/May/2023:01:26:19 +0200] "POST /cms/mt-xmlrpc.cgi HTTP/1.1" 404 1181 "-" "Mozlila/5.0 (Linux; Android 7.0; SM-G892A Bulid/NRD90M; wv) AppleWebKit/537.36 (KHTML, like Gecko) Version/4.0 Chrome/60.0.3112.107 Moblie Safari/537.36"
129.226.203.198 - - [27/May/2023:01:26:30 +0200] "GET /cms//bdkr.php HTTP/1.1" 404 1181 "-" "Mozlila/5.0 (Linux; Android 7.0; SM-G892A Bulid/NRD90M; wv) AppleWebKit/537.36 (KHTML, like Gecko) Version/4.0 Chrome/60.0.3112.107 Moblie Safari/537.36"
129.226.203.198 - - [27/May/2023:01:27:11 +0200] "POST /blog/mt-xmlrpc.cgi HTTP/1.1" 404 1181 "-" "Mozlila/5.0 (Linux; Android 7.0; SM-G892A Bulid/NRD90M; wv) AppleWebKit/537.36 (KHTML, like Gecko) Version/4.0 Chrome/60.0.3112.107 Moblie Safari/537.36"
129.226.203.198 - - [27/May/2023:01:27:25 +0200] "GET /blog//bdkr.php HTTP/1.1" 404 1181 "-" "Mozlila/5.0 (Linux; Android 7.0; SM-G892A Bulid/NRD90M; wv) AppleWebKit/537.36 (KHTML, like Gecko) Version/4.0 Chrome/60.0.3112.107 Moblie Safari/537.36"
129.226.203.198 - - [27/May/2023:01:27:59 +0200] "POST /cgi/mt-xmlrpc.cgi HTTP/1.1" 404 1181 "-" "Mozlila/5.0 (Linux; Android 7.0; SM-G892A Bulid/NRD90M; wv) AppleWebKit/537.36 (KHTML, like Gecko) Version/4.0 Chrome/60.0.3112.107 Moblie Safari/537.36"
129.226.203.198 - - [27/May/2023:01:28:10 +0200] "GET /cgi//bdkr.php HTTP/1.1" 404 1181 "-" "Mozlila/5.0 (Linux; Android 7.0; SM-G892A Bulid/NRD90M; wv) AppleWebKit/537.36 (KHTML, like Gecko) Version/4.0 Chrome/60.0.3112.107 Moblie Safari/537.36"
129.226.203.198 - - [27/May/2023:01:28:39 +0200] "GET /wp-content/plugins/ioptimization/IOptimize.php?rchk HTTP/1.1" 404 1181 "www.google.com" "Mozlila/5.0 (Linux; Android 7.0; SM-G892A Bulid/NRD90M; wv) AppleWebKit/537.36 (KHTML, like Gecko) Version/4.0 Chrome/60.0.3112.107 Moblie Safari/537.36"
212.237.23.143 - - [27/May/2023:01:28:57 +0200] "HEAD /pmwiki/pmwiki.php HTTP/1.1" 200 0 "-" "Alert_Alligator_webmonitoring_service_1.6.4_(alertalligator.com)"
129.226.203.198 - - [27/May/2023:01:29:16 +0200] "GET /wp-content/updates.php HTTP/1.1" 404 1181 "www.google.com" "Mozlila/5.0 (Linux; Android 7.0; SM-G892A Bulid/NRD90M; wv) AppleWebKit/537.36 (KHTML, like Gecko) Version/4.0 Chrome/60.0.3112.107 Moblie Safari/537.36"
129.226.203.198 - - [27/May/2023:01:30:05 +0200] "GET /wp-content/plugins/fancy-product-designer/inc/custom-image-handler.php HTTP/1.1" 404 1181 "www.google.com" "Mozlila/5.0 (Linux; Android 7.0; SM-G892A Bulid/NRD90M; wv) AppleWebKit/537.36 (KHTML, like Gecko) Version/4.0 Chrome/60.0.3112.107 Moblie Safari/537.36"
129.226.203.198 - - [27/May/2023:01:31:20 +0200] "GET /wp-content/plugins/anttt/simple.php HTTP/1.1" 404 1181 "www.google.com" "Mozlila/5.0 (Linux; Android 7.0; SM-G892A Bulid/NRD90M; wv) AppleWebKit/537.36 (KHTML, like Gecko) Version/4.0 Chrome/60.0.3112.107 Moblie Safari/537.36"
129.226.203.198 - - [27/May/2023:01:32:05 +0200] "GET /wp-content/plugins/wordpresss3cll/up.php HTTP/1.1" 404 1181 "www.google.com" "Mozlila/5.0 (Linux; Android 7.0; SM-G892A Bulid/NRD90M; wv) AppleWebKit/537.36 (KHTML, like Gecko) Version/4.0 Chrome/60.0.3112.107 Moblie Safari/537.36"
129.226.203.198 - - [27/May/2023:01:32:27 +0200] "POST //wp-admin/admin-ajax.php?action=uploadFontIcon HTTP/1.1" 404 1181 "www.google.com" "Mozlila/5.0 (Linux; Android 7.0; SM-G892A Bulid/NRD90M; wv) AppleWebKit/537.36 (KHTML, like Gecko) Version/4.0 Chrome/60.0.3112.107 Moblie Safari/537.36"
129.226.203.198 - - [27/May/2023:01:32:28 +0200] "GET //wp-content/uploads/kaswara/fonts_icon/a57bze8931/.__a57bze8931.php HTTP/1.1" 404 1181 "www.google.com" "Mozlila/5.0 (Linux; Android 7.0; SM-G892A Bulid/NRD90M; wv) AppleWebKit/537.36 (KHTML, like Gecko) Version/4.0 Chrome/60.0.3112.107 Moblie Safari/537.36"
129.226.203.198 - - [27/May/2023:01:33:58 +0200] "POST //wp-content/plugins/apikey/apikey.php HTTP/1.1" 404 1181 "www.google.com" "Mozlila/5.0 (Linux; Android 7.0; SM-G892A Bulid/NRD90M; wv) AppleWebKit/537.36 (KHTML, like Gecko) Version/4.0 Chrome/60.0.3112.107 Moblie Safari/537.36"
129.226.203.198 - - [27/May/2023:01:34:29 +0200] "GET //wp-content/plugins/apikey/a57bze8931.php HTTP/1.1" 404 1181 "www.google.com" "Mozlila/5.0 (Linux; Android 7.0; SM-G892A Bulid/NRD90M; wv) AppleWebKit/537.36 (KHTML, like Gecko) Version/4.0 Chrome/60.0.3112.107 Moblie Safari/537.36"
129.226.203.198 - - [27/May/2023:01:35:56 +0200] "POST //wp-admin/admin-ajax.php HTTP/1.1" 404 1181 "www.google.com" "Mozlila/5.0 (Linux; Android 7.0; SM-G892A Bulid/NRD90M; wv) AppleWebKit/537.36 (KHTML, like Gecko) Version/4.0 Chrome/60.0.3112.107 Moblie Safari/537.36"
129.226.203.198 - - [27/May/2023:01:36:00 +0200] "GET //wp-content/uploads/typehub/custom/a57bze8931/.__a57bze8931.php HTTP/1.1" 404 1181 "www.google.com" "Mozlila/5.0 (Linux; Android 7.0; SM-G892A Bulid/NRD90M; wv) AppleWebKit/537.36 (KHTML, like Gecko) Version/4.0 Chrome/60.0.3112.107 Moblie Safari/537.36"
129.226.203.198 - - [27/May/2023:01:36:29 +0200] "POST //wp-admin/admin-ajax.php HTTP/1.1" 404 1181 "www.google.com" "Mozlila/5.0 (Linux; Android 7.0; SM-G892A Bulid/NRD90M; wv) AppleWebKit/537.36 (KHTML, like Gecko) Version/4.0 Chrome/60.0.3112.107 Moblie Safari/537.36"
129.226.203.198 - - [27/May/2023:01:36:32 +0200] "GET //abruzi.php4 HTTP/1.1" 404 1181 "www.google.com" "Mozlila/5.0 (Linux; Android 7.0; SM-G892A Bulid/NRD90M; wv) AppleWebKit/537.36 (KHTML, like Gecko) Version/4.0 Chrome/60.0.3112.107 Moblie Safari/537.36"
129.226.203.198 - - [27/May/2023:01:37:11 +0200] "GET //wp-content/plugins/wpcargo/includes/barcode.php?text=x1x1111x1xx1xx111xx11111xx1x111x1x1x1xxx11x1111xx1x11xxxx1xx1xxxxx1x1x1xx1x1x11xx1xxxx1x11xx111xxx1xx1xx1x1x1xxx11x1111xxx1xxx1xx1x111xxx1x1xx1xxx1x1x1xx1x1x11xxx11xx1x11xx111xx1xxx1xx11x1x11x11x1111x1x11111x1x1xxxx&sizefactor=.090909090909&size=1&filepath=../../../x.php HTTP/1.1" 404 1181 "www.google.com" "Mozlila/5.0 (Linux; Android 7.0; SM-G892A Bulid/NRD90M; wv) AppleWebKit/537.36 (KHTML, like Gecko) Version/4.0 Chrome/60.0.3112.107 Moblie Safari/537.36"
129.226.203.198 - - [27/May/2023:01:37:15 +0200] "POST //wp-content/x.php?1=system HTTP/1.1" 404 1181 "www.google.com" "Mozlila/5.0 (Linux; Android 7.0; SM-G892A Bulid/NRD90M; wv) AppleWebKit/537.36 (KHTML, like Gecko) Version/4.0 Chrome/60.0.3112.107 Moblie Safari/537.36"
129.226.203.198 - - [27/May/2023:01:37:16 +0200] "GET //wp-content/king.php HTTP/1.1" 404 1181 "www.google.com" "Mozlila/5.0 (Linux; Android 7.0; SM-G892A Bulid/NRD90M; wv) AppleWebKit/537.36 (KHTML, like Gecko) Version/4.0 Chrome/60.0.3112.107 Moblie Safari/537.36"
129.226.203.198 - - [27/May/2023:01:37:50 +0200] "GET /wp-content/themes/mero-magazine/ws.php HTTP/1.1" 404 1181 "www.google.com" "Mozlila/5.0 (Linux; Android 7.0; SM-G892A Bulid/NRD90M; wv) AppleWebKit/537.36 (KHTML, like Gecko) Version/4.0 Chrome/60.0.3112.107 Moblie Safari/537.36"
216.244.66.203 - - [27/May/2023:01:38:46 +0200] "GET /robots.txt HTTP/1.1" 404 1181 "-" "Mozilla/5.0 (compatible; DotBot/1.2; +https://opensiteexplorer.org/dotbot; help@moz.com)"
216.244.66.203 - - [27/May/2023:01:58:19 +0200] "GET /pmwiki/pmwiki.php/Main/BillGates%C9sM%E1sKommunist%E1k?action=diff&source=y&minor=y HTTP/1.1" 200 21007 "-" "Mozilla/5.0 (compatible; DotBot/1.2; +https://opensiteexplorer.org/dotbot; help@moz.com)"
216.244.66.203 - - [27/May/2023:01:58:31 +0200] "GET /pmwiki/pmwiki.php/Main/GroupAttributes?action=diff&source=y&minor=y HTTP/1.1" 200 12927 "-" "Mozilla/5.0 (compatible; DotBot/1.2; +https://opensiteexplorer.org/dotbot; help@moz.com)"
216.244.66.203 - - [27/May/2023:01:58:38 +0200] "GET /pmwiki/pmwiki.php/Main/PDF417?action=diff&source=y&minor=y HTTP/1.1" 200 41617 "-" "Mozilla/5.0 (compatible; DotBot/1.2; +https://opensiteexplorer.org/dotbot; help@moz.com)"
216.244.66.203 - - [27/May/2023:01:58:47 +0200] "GET /pmwiki/pmwiki.php/Main/Privacy?action=diff&source=y&minor=y HTTP/1.1" 200 12778 "-" "Mozilla/5.0 (compatible; DotBot/1.2; +https://opensiteexplorer.org/dotbot; help@moz.com)"
216.244.66.203 - - [27/May/2023:01:59:00 +0200] "GET /pmwiki/pmwiki.php/Main/WikiSandbox?action=diff&source=y&minor=y HTTP/1.1" 200 264528 "-" "Mozilla/5.0 (compatible; DotBot/1.2; +https://opensiteexplorer.org/dotbot; help@moz.com)"
216.244.66.203 - - [27/May/2023:01:59:36 +0200] "GET /pmwiki/pmwiki.php/PmWiki/MailPosts?action=diff&source=y&minor=y HTTP/1.1" 200 12857 "-" "Mozilla/5.0 (compatible; DotBot/1.2; +https://opensiteexplorer.org/dotbot; help@moz.com)"
216.244.66.203 - - [27/May/2023:02:00:06 +0200] "GET /pmwiki/pmwiki.php/PmWiki/WikiPage?action=diff&source=n&minor=n HTTP/1.1" 200 12839 "-" "Mozilla/5.0 (compatible; DotBot/1.2; +https://opensiteexplorer.org/dotbot; help@moz.com)"
216.244.66.203 - - [27/May/2023:02:02:49 +0200] "GET /pmwiki/pmwiki.php/Main/SideBar?action=edit&restore=diff:1118404247:1118242594:&preview=y HTTP/1.1" 200 12430 "-" "Mozilla/5.0 (compatible; DotBot/1.2; +https://opensiteexplorer.org/dotbot; help@moz.com)"
54.36.149.35 - - [27/May/2023:02:23:44 +0200] "GET /pmwiki/pmwiki.php/Main/BMEKonferencia?action=edit HTTP/1.1" 200 12494 "-" "Mozilla/5.0 (compatible; AhrefsBot/7.0; +http://ahrefs.com/robot/)"
216.244.66.203 - - [27/May/2023:02:28:38 +0200] "GET /robots.txt HTTP/1.1" 404 1181 "-" "Mozilla/5.0 (compatible; DotBot/1.2; +https://opensiteexplorer.org/dotbot; help@moz.com)"
212.237.23.143 - - [27/May/2023:02:42:12 +0200] "HEAD /pmwiki/pmwiki.php HTTP/1.1" 200 0 "-" "Alert_Alligator_webmonitoring_service_1.6.4_(alertalligator.com)"
216.244.66.203 - - [27/May/2023:02:55:01 +0200] "GET /pmwiki/pmwiki.php/PmWiki/PmWiki?action=edit&restore=diff:1117395099:1117074465:minor&preview=y HTTP/1.1" 200 12451 "-" "Mozilla/5.0 (compatible; DotBot/1.2; +https://opensiteexplorer.org/dotbot; help@moz.com)"
217.113.194.49 - - [27/May/2023:03:16:21 +0200] "GET /robots.txt HTTP/1.1" 404 1181 "-" "Mozilla/5.0 (compatible; Barkrowler/0.9; +https://babbar.tech/crawler)"
217.113.194.21 - - [27/May/2023:03:16:37 +0200] "GET /pmwiki/pmwiki.php/Profiles/Robert?action=upload HTTP/1.1" 200 12313 "-" "Mozilla/5.0 (compatible; Barkrowler/0.9; +https://babbar.tech/crawler)"
217.113.194.63 - - [27/May/2023:03:16:52 +0200] "GET /pmwiki/pmwiki.php/Profiles/Robert?action=diff&source=y&minor=n HTTP/1.1" 200 12836 "-" "Mozilla/5.0 (compatible; Barkrowler/0.9; +https://babbar.tech/crawler)"
217.113.194.28 - - [27/May/2023:03:17:07 +0200] "GET /pmwiki/pmwiki.php/Profiles/FMCikk?action=diff&source=n&minor=y HTTP/1.1" 200 12836 "-" "Mozilla/5.0 (compatible; Barkrowler/0.9; +https://babbar.tech/crawler)"
217.113.194.2 - - [27/May/2023:03:17:22 +0200] "GET /pmwiki/pmwiki.php/Profiles/ATraduire?action=diff&source=y&minor=n HTTP/1.1" 200 12890 "-" "Mozilla/5.0 (compatible; Barkrowler/0.9; +https://babbar.tech/crawler)"
217.113.194.10 - - [27/May/2023:03:17:37 +0200] "GET /pmwiki/pmwiki.php/Profiles/MitMondjunk?action=diff&source=n&minor=n HTTP/1.1" 200 12926 "-" "Mozilla/5.0 (compatible; Barkrowler/0.9; +https://babbar.tech/crawler)"
217.113.194.11 - - [27/May/2023:03:17:52 +0200] "GET /pmwiki/pmwiki.php/Profiles/MitMondjunk?action=diff&source=y&minor=y HTTP/1.1" 200 12926 "-" "Mozilla/5.0 (compatible; Barkrowler/0.9; +https://babbar.tech/crawler)"
217.113.194.58 - - [27/May/2023:03:18:08 +0200] "GET /pmwiki/pmwiki.php/Main/TelefononFaxon?action=diff&source=n&minor=y HTTP/1.1" 200 12904 "-" "Mozilla/5.0 (compatible; Barkrowler/0.9; +https://babbar.tech/crawler)"
217.113.194.53 - - [27/May/2023:03:18:23 +0200] "GET /pmwiki/pmwiki.php/Profiles/IPRjavaslat?action=diff&source=n&minor=y HTTP/1.1" 200 12926 "-" "Mozilla/5.0 (compatible; Barkrowler/0.9; +https://babbar.tech/crawler)"
217.113.194.33 - - [27/May/2023:03:18:38 +0200] "GET /pmwiki/pmwiki.php/Cookbook-V1/UserAuth?action=diff&source=n&minor=y HTTP/1.1" 200 12929 "-" "Mozilla/5.0 (compatible; Barkrowler/0.9; +https://babbar.tech/crawler)"
217.113.194.10 - - [27/May/2023:03:18:54 +0200] "GET /pmwiki/pmwiki.php/Profiles/IPRjavaslat?action=diff&source=y&minor=n HTTP/1.1" 200 12926 "-" "Mozilla/5.0 (compatible; Barkrowler/0.9; +https://babbar.tech/crawler)"
217.113.194.18 - - [27/May/2023:03:19:09 +0200] "GET /pmwiki/pmwiki.php/Main/2004Augusztus15?action=diff&source=n&minor=y HTTP/1.1" 200 12922 "-" "Mozilla/5.0 (compatible; Barkrowler/0.9; +https://babbar.tech/crawler)"
217.113.194.20 - - [27/May/2023:03:19:25 +0200] "GET /pmwiki/pmwiki.php/Profiles/AdelphiCharter?action=diff&source=y&minor=n HTTP/1.1" 200 12980 "-" "Mozilla/5.0 (compatible; Barkrowler/0.9; +https://babbar.tech/crawler)"
217.113.194.25 - - [27/May/2023:03:19:40 +0200] "GET /pmwiki/pmwiki.php/Main/Id%E9nNemLeszDirekt%EDva?action=diff HTTP/1.1" 200 13072 "-" "Mozilla/5.0 (compatible; Barkrowler/0.9; +https://babbar.tech/crawler)"
217.113.194.63 - - [27/May/2023:03:19:56 +0200] "GET /pmwiki/pmwiki.php/Profiles/%C9n%CDrtamH%E1tPublik%E1lom?action=upload HTTP/1.1" 200 12649 "-" "Mozilla/5.0 (compatible; Barkrowler/0.9; +https://babbar.tech/crawler)"
217.113.194.36 - - [27/May/2023:03:20:11 +0200] "GET /pmwiki/pmwiki.php/Main/Portf%F3li%F3Effektus?action=diff&source=n&minor=y HTTP/1.1" 200 13018 "-" "Mozilla/5.0 (compatible; Barkrowler/0.9; +https://babbar.tech/crawler)"
49.12.13.109 - - [27/May/2023:03:41:19 +0200] "HEAD /pmwiki/pmwiki.php HTTP/1.1" 200 0 "-" "Alert_Alligator_webmonitoring_service_1.6.3_(alertalligator.com)"
110.249.201.155 - - [27/May/2023:03:42:30 +0200] "GET /robots.txt HTTP/1.1" 404 1181 "-" "Mozilla/5.0 (Linux; Android 5.0) AppleWebKit/537.36 (KHTML, like Gecko) Mobile Safari/537.36 (compatible; Bytespider; https://zhanzhang.toutiao.com/)"
17.241.219.121 - - [27/May/2023:04:08:10 +0200] "GET /robots.txt HTTP/1.1" 404 1181 "-" "Mozilla/5.0 (Macintosh; Intel Mac OS X 10_15_5) AppleWebKit/605.1.15 (KHTML, like Gecko) Version/13.1.1 Safari/605.1.15 (Applebot/0.1; +http://www.apple.com/go/applebot)"
17.241.219.121 - - [27/May/2023:04:08:10 +0200] "GET /favicon.ico HTTP/1.1" 404 1181 "-" "Mozilla/5.0 (Macintosh; Intel Mac OS X 10_15_5) AppleWebKit/605.1.15 (KHTML, like Gecko) Version/13.1.1 Safari/605.1.15 (Applebot/0.1; +http://www.apple.com/go/applebot)"
34.123.25.190 - - [27/May/2023:04:32:58 +0200] "GET /pmwiki/pmwiki.php/PmWiki/DocumentationIndex HTTP/1.1" 200 18850 "-" "Mozilla/5.0 (X11; Linux x86_64) AppleWebKit/537.36 (KHTML, like Gecko) HeadlessChrome/115.0.5765.0 Safari/537.36"
34.123.25.190 - - [27/May/2023:04:32:58 +0200] "GET /pmwiki/pub/skins/gila/gila.css HTTP/1.1" 200 8887 "http://swpat.zpok.hu/pmwiki/pmwiki.php/PmWiki/DocumentationIndex" "Mozilla/5.0 (X11; Linux x86_64) AppleWebKit/537.36 (KHTML, like Gecko) HeadlessChrome/115.0.5765.0 Safari/537.36"
216.244.66.203 - - [27/May/2023:04:38:21 +0200] "GET /robots.txt HTTP/1.1" 404 1181 "-" "Mozilla/5.0 (compatible; DotBot/1.2; +https://opensiteexplorer.org/dotbot; help@moz.com)"
49.12.13.109 - - [27/May/2023:04:40:39 +0200] "HEAD /pmwiki/pmwiki.php HTTP/1.1" 200 0 "-" "Alert_Alligator_webmonitoring_service_1.6.3_(alertalligator.com)"
216.244.66.203 - - [27/May/2023:05:06:27 +0200] "GET /pmwiki/pmwiki.php/PmWiki/CustomInterMap?action=diff&source=n&minor=n HTTP/1.1" 200 12948 "-" "Mozilla/5.0 (compatible; DotBot/1.2; +https://opensiteexplorer.org/dotbot; help@moz.com)"
54.36.148.40 - - [27/May/2023:05:17:29 +0200] "GET /robots.txt HTTP/1.1" 404 1181 "-" "Mozilla/5.0 (compatible; AhrefsBot/7.0; +http://ahrefs.com/robot/)"
54.36.149.14 - - [27/May/2023:05:17:31 +0200] "GET /pmwiki/pmwiki.php/Main/V%E9delmiP%E9nz HTTP/1.1" 200 12560 "-" "Mozilla/5.0 (compatible; AhrefsBot/7.0; +http://ahrefs.com/robot/)"
212.237.23.143 - - [27/May/2023:05:44:12 +0200] "HEAD /pmwiki/pmwiki.php HTTP/1.1" 200 0 "-" "Alert_Alligator_webmonitoring_service_1.6.4_(alertalligator.com)"
114.119.137.252 - - [27/May/2023:05:46:13 +0200] "GET /pmwiki/pmwiki.php/Main/Google HTTP/1.1" 200 25006 "http://swpat.zpok.hu/pmwiki/pmwiki.php/Main/Lev%e9lAParlamentInformaitikaiBizotts%e1gaEln%f6k%e9nek" "Mozilla/5.0 (Linux; Android 7.0;) AppleWebKit/537.36 (KHTML, like Gecko) Mobile Safari/537.36 (compatible; PetalBot;+https://webmaster.petalsearch.com/site/petalbot)"
54.36.148.56 - - [27/May/2023:05:59:52 +0200] "GET /pmwiki/pmwiki.php/Main/Lev%E9lAParlamentInformaitikaiBizotts%E1gaEln%F6k%E9nek HTTP/1.1" 200 13984 "-" "Mozilla/5.0 (compatible; AhrefsBot/7.0; +http://ahrefs.com/robot/)"
114.119.153.15 - - [27/May/2023:06:32:30 +0200] "GET /pmwiki/pmwiki.php/Main/2005Szeptember2 HTTP/1.1" 200 13809 "http://swpat.zpok.hu/pmwiki/pmwiki.php/Main/Nyilatkozatok" "Mozilla/5.0 (Linux; Android 7.0;) AppleWebKit/537.36 (KHTML, like Gecko) Mobile Safari/537.36 (compatible; PetalBot;+https://webmaster.petalsearch.com/site/petalbot)"
54.36.148.147 - - [27/May/2023:06:34:59 +0200] "GET /pmwiki/pmwiki.php/Main/AzEUBizotts%E1gaL%E1bbalTiporjaADemokr%E1ci%E1t HTTP/1.1" 200 17083 "-" "Mozilla/5.0 (compatible; AhrefsBot/7.0; +http://ahrefs.com/robot/)"
49.12.13.109 - - [27/May/2023:06:43:42 +0200] "HEAD /pmwiki/pmwiki.php HTTP/1.1" 200 0 "-" "Alert_Alligator_webmonitoring_service_1.6.3_(alertalligator.com)"
54.36.148.220 - - [27/May/2023:07:11:51 +0200] "GET /pmwiki/pmwiki.php/Main/ABundestagT%E1mogatjaAzEur%F3paiParlamentet?action=upload HTTP/1.1" 200 12834 "-" "Mozilla/5.0 (compatible; AhrefsBot/7.0; +http://ahrefs.com/robot/)"
114.119.157.84 - - [27/May/2023:07:27:38 +0200] "GET /pmwiki/pmwiki.php/Main/CikkekDRM?action=edit&restore=diff:1122541376:1122541376:minor&preview=y HTTP/1.1" 200 12469 "-" "Mozilla/5.0 (Linux; Android 7.0;) AppleWebKit/537.36 (KHTML, like Gecko) Mobile Safari/537.36 (compatible; PetalBot;+https://webmaster.petalsearch.com/site/petalbot)"
212.237.23.143 - - [27/May/2023:07:41:12 +0200] "HEAD /pmwiki/pmwiki.php HTTP/1.1" 200 0 "-" "Alert_Alligator_webmonitoring_service_1.6.4_(alertalligator.com)"
216.244.66.203 - - [27/May/2023:08:09:47 +0200] "GET /robots.txt HTTP/1.1" 404 1181 "-" "Mozilla/5.0 (compatible; DotBot/1.2; +https://opensiteexplorer.org/dotbot; help@moz.com)"
216.244.66.203 - - [27/May/2023:08:31:36 +0200] "GET /pmwiki/pmwiki.php/Main/HomePage?action=edit&restore=diff:1119252925:1119252632:minor&preview=y HTTP/1.1" 200 12452 "-" "Mozilla/5.0 (compatible; DotBot/1.2; +https://opensiteexplorer.org/dotbot; help@moz.com)"
54.36.148.140 - - [27/May/2023:08:33:29 +0200] "GET /pmwiki/pmwiki.php/Main/ABundestagT%E1mogatjaAzEur%F3paiParlamentet?action=print HTTP/1.1" 200 8394 "-" "Mozilla/5.0 (compatible; AhrefsBot/7.0; +http://ahrefs.com/robot/)"
212.237.23.143 - - [27/May/2023:08:36:08 +0200] "HEAD /pmwiki/pmwiki.php HTTP/1.1" 200 0 "-" "Alert_Alligator_webmonitoring_service_1.6.4_(alertalligator.com)"
54.36.148.153 - - [27/May/2023:09:18:59 +0200] "GET /pmwiki/pmwiki.php/Main/2004-esNyilatkozat HTTP/1.1" 200 15702 "-" "Mozilla/5.0 (compatible; AhrefsBot/7.0; +http://ahrefs.com/robot/)"
212.237.51.151 - - [27/May/2023:09:22:47 +0200] "HEAD /pmwiki/pmwiki.php HTTP/1.1" 200 0 "-" "Alert_Alligator_webmonitoring_service_1.6.4_(alertalligator.com)"
54.36.148.118 - - [27/May/2023:10:03:44 +0200] "GET /pmwiki/pmwiki.php/Main/RocardEp2?action=diff HTTP/1.1" 200 29492 "-" "Mozilla/5.0 (compatible; AhrefsBot/7.0; +http://ahrefs.com/robot/)"
212.237.53.115 - - [27/May/2023:10:18:50 +0200] "HEAD /pmwiki/pmwiki.php HTTP/1.1" 200 0 "-" "Alert_Alligator_webmonitoring_service_1.6.4_(alertalligator.com)"
54.36.148.87 - - [27/May/2023:11:10:45 +0200] "GET / HTTP/1.1" 302 5 "-" "Mozilla/5.0 (compatible; AhrefsBot/7.0; +http://ahrefs.com/robot/)"
212.237.53.115 - - [27/May/2023:11:16:59 +0200] "HEAD /pmwiki/pmwiki.php HTTP/1.1" 200 0 "-" "Alert_Alligator_webmonitoring_service_1.6.4_(alertalligator.com)"
49.12.13.109 - - [27/May/2023:12:16:11 +0200] "HEAD /pmwiki/pmwiki.php HTTP/1.1" 200 0 "-" "Alert_Alligator_webmonitoring_service_1.6.3_(alertalligator.com)"
110.249.202.153 - - [27/May/2023:12:19:27 +0200] "GET /robots.txt HTTP/1.1" 404 1181 "-" "Mozilla/5.0 (Linux; Android 5.0) AppleWebKit/537.36 (KHTML, like Gecko) Mobile Safari/537.36 (compatible; Bytespider; https://zhanzhang.toutiao.com/)"
216.244.66.203 - - [27/May/2023:12:30:22 +0200] "GET /robots.txt HTTP/1.1" 404 1181 "-" "Mozilla/5.0 (compatible; DotBot/1.2; +https://opensiteexplorer.org/dotbot; help@moz.com)"
216.244.66.203 - - [27/May/2023:13:02:19 +0200] "GET /pmwiki/pmwiki.php/Main/Cikkek?action=diff&source=y&minor=y HTTP/1.1" 200 103301 "-" "Mozilla/5.0 (compatible; DotBot/1.2; +https://opensiteexplorer.org/dotbot; help@moz.com)"
216.244.66.203 - - [27/May/2023:13:02:39 +0200] "GET /pmwiki/pmwiki.php/Main/TRIPSLie?action=diff&source=n&minor=n HTTP/1.1" 200 14070 "-" "Mozilla/5.0 (compatible; DotBot/1.2; +https://opensiteexplorer.org/dotbot; help@moz.com)"
216.244.66.203 - - [27/May/2023:13:02:57 +0200] "GET /pmwiki/pmwiki.php/PmWiki/Uploads?action=diff&source=y&minor=y HTTP/1.1" 200 12821 "-" "Mozilla/5.0 (compatible; DotBot/1.2; +https://opensiteexplorer.org/dotbot; help@moz.com)"
212.237.23.143 - - [27/May/2023:13:09:16 +0200] "HEAD /pmwiki/pmwiki.php HTTP/1.1" 200 0 "-" "Alert_Alligator_webmonitoring_service_1.6.4_(alertalligator.com)"
54.36.148.7 - - [27/May/2023:13:12:32 +0200] "GET /pmwiki/pmwiki.php/Main/RocardEp2?action=print HTTP/1.1" 200 18508 "-" "Mozilla/5.0 (compatible; AhrefsBot/7.0; +http://ahrefs.com/robot/)"
54.36.148.222 - - [27/May/2023:13:59:51 +0200] "GET /pmwiki/pmwiki.php/Main/ABundestagT%E1mogatjaAzEur%F3paiParlamentet?action=diff HTTP/1.1" 200 20974 "-" "Mozilla/5.0 (compatible; AhrefsBot/7.0; +http://ahrefs.com/robot/)"
212.237.53.115 - - [27/May/2023:14:03:52 +0200] "HEAD /pmwiki/pmwiki.php HTTP/1.1" 200 0 "-" "Alert_Alligator_webmonitoring_service_1.6.4_(alertalligator.com)"
54.36.148.91 - - [27/May/2023:14:50:04 +0200] "GET /pmwiki/pmwiki.php/Main/AdelphiAlapokm%E1ny?action=diff HTTP/1.1" 200 17542 "-" "Mozilla/5.0 (compatible; AhrefsBot/7.0; +http://ahrefs.com/robot/)"
212.237.53.115 - - [27/May/2023:15:01:43 +0200] "HEAD /pmwiki/pmwiki.php HTTP/1.1" 200 0 "-" "Alert_Alligator_webmonitoring_service_1.6.4_(alertalligator.com)"
111.225.148.166 - - [27/May/2023:15:39:53 +0200] "GET /robots.txt HTTP/1.1" 404 1181 "-" "Mozilla/5.0 (Linux; Android 5.0) AppleWebKit/537.36 (KHTML, like Gecko) Mobile Safari/537.36 (compatible; Bytespider; https://zhanzhang.toutiao.com/)"
212.237.23.143 - - [27/May/2023:15:52:52 +0200] "HEAD /pmwiki/pmwiki.php HTTP/1.1" 200 0 "-" "Alert_Alligator_webmonitoring_service_1.6.4_(alertalligator.com)"
216.244.66.203 - - [27/May/2023:16:13:23 +0200] "GET /robots.txt HTTP/1.1" 404 1181 "-" "Mozilla/5.0 (compatible; DotBot/1.2; +https://opensiteexplorer.org/dotbot; help@moz.com)"
216.244.66.203 - - [27/May/2023:16:39:46 +0200] "GET /pmwiki/pmwiki.php/Main/Minimum?action=edit&restore=diff:1120337534:1120337458:minor&preview=y HTTP/1.1" 200 12433 "-" "Mozilla/5.0 (compatible; DotBot/1.2; +https://opensiteexplorer.org/dotbot; help@moz.com)"
216.244.66.203 - - [27/May/2023:16:39:51 +0200] "GET /pmwiki/pmwiki.php/Main/SearchWiki?action=edit&restore=diff:1114224592:1114166141:minor&preview=y HTTP/1.1" 200 12481 "-" "Mozilla/5.0 (compatible; DotBot/1.2; +https://opensiteexplorer.org/dotbot; help@moz.com)"
212.237.23.143 - - [27/May/2023:16:50:46 +0200] "HEAD /pmwiki/pmwiki.php HTTP/1.1" 200 0 "-" "Alert_Alligator_webmonitoring_service_1.6.4_(alertalligator.com)"
192.99.14.19 - - [27/May/2023:16:58:55 +0200] "GET /robots.txt HTTP/1.1" 404 1181 "-" "Mozilla/5.0 (compatible; MJ12bot/v1.4.8; http://mj12bot.com/)"
192.99.14.19 - - [27/May/2023:16:58:57 +0200] "GET /pmwiki/pmwiki.php/PmWiki/DocumentationIndex HTTP/1.1" 200 18850 "-" "Mozilla/5.0 (compatible; MJ12bot/v1.4.8; http://mj12bot.com/)"
192.99.14.19 - - [27/May/2023:16:58:59 +0200] "GET /pmwiki/pmwiki.php/PmWiki/DocumentationIndex?action=diff HTTP/1.1" 403 30 "-" "Mozilla/5.0 (compatible; MJ12bot/v1.4.8; http://mj12bot.com/)"
192.99.14.19 - - [27/May/2023:16:59:01 +0200] "GET /pmwiki/pmwiki.php/PmWiki/DocumentationIndex?action=edit HTTP/1.1" 403 30 "-" "Mozilla/5.0 (compatible; MJ12bot/v1.4.8; http://mj12bot.com/)"
192.99.14.19 - - [27/May/2023:16:59:03 +0200] "GET /pmwiki/pmwiki.php/PmWiki/DocumentationIndex?action=print HTTP/1.1" 403 30 "-" "Mozilla/5.0 (compatible; MJ12bot/v1.4.8; http://mj12bot.com/)"
192.99.14.19 - - [27/May/2023:16:59:06 +0200] "GET /pmwiki/pmwiki.php/PmWiki/DocumentationIndex?action=upload HTTP/1.1" 403 30 "-" "Mozilla/5.0 (compatible; MJ12bot/v1.4.8; http://mj12bot.com/)"
192.99.14.19 - - [27/May/2023:16:59:07 +0200] "GET /pmwiki/pmwiki.php/PmWiki/DocumentationIndex?action=upload&upname=wiki.png HTTP/1.1" 403 30 "-" "Mozilla/5.0 (compatible; MJ12bot/v1.4.8; http://mj12bot.com/)"
192.99.14.19 - - [27/May/2023:16:59:09 +0200] "GET /pmwiki/pmwiki.php/PmWiki/PmWikiPhilosophy HTTP/1.1" 200 16736 "-" "Mozilla/5.0 (compatible; MJ12bot/v1.4.8; http://mj12bot.com/)"
192.99.14.19 - - [27/May/2023:16:59:13 +0200] "GET /pmwiki/pmwiki.php/PmWiki/PmWikiPhilosophy?action=diff HTTP/1.1" 403 30 "-" "Mozilla/5.0 (compatible; MJ12bot/v1.4.8; http://mj12bot.com/)"
192.99.14.19 - - [27/May/2023:16:59:15 +0200] "GET /pmwiki/pmwiki.php/PmWiki/PmWikiPhilosophy?action=edit HTTP/1.1" 403 30 "-" "Mozilla/5.0 (compatible; MJ12bot/v1.4.8; http://mj12bot.com/)"
192.99.14.19 - - [27/May/2023:16:59:17 +0200] "GET /pmwiki/pmwiki.php/PmWiki/PmWikiPhilosophy?action=print HTTP/1.1" 403 30 "-" "Mozilla/5.0 (compatible; MJ12bot/v1.4.8; http://mj12bot.com/)"
192.99.14.19 - - [27/May/2023:16:59:21 +0200] "GET /pmwiki/pmwiki.php/PmWiki/PmWikiPhilosophy?action=upload HTTP/1.1" 403 30 "-" "Mozilla/5.0 (compatible; MJ12bot/v1.4.8; http://mj12bot.com/)"
192.99.14.19 - - [27/May/2023:16:59:23 +0200] "GET /pmwiki/pmwiki.php/PmWiki/PmWikiPhilosophy?action=upload&upname=wiki.png HTTP/1.1" 403 30 "-" "Mozilla/5.0 (compatible; MJ12bot/v1.4.8; http://mj12bot.com/)"
192.99.14.19 - - [27/May/2023:16:59:26 +0200] "GET /pmwiki/pmwiki.php/PmWiki/ReleaseNotes HTTP/1.1" 200 29978 "-" "Mozilla/5.0 (compatible; MJ12bot/v1.4.8; http://mj12bot.com/)"
192.99.14.19 - - [27/May/2023:16:59:29 +0200] "GET /pmwiki/pmwiki.php/PmWiki/ReleaseNotes?action=diff HTTP/1.1" 403 30 "-" "Mozilla/5.0 (compatible; MJ12bot/v1.4.8; http://mj12bot.com/)"
192.99.14.19 - - [27/May/2023:16:59:30 +0200] "GET /pmwiki/pmwiki.php/PmWiki/ReleaseNotes?action=edit HTTP/1.1" 403 30 "-" "Mozilla/5.0 (compatible; MJ12bot/v1.4.8; http://mj12bot.com/)"
192.99.14.19 - - [27/May/2023:16:59:34 +0200] "GET /pmwiki/pmwiki.php/PmWiki/ReleaseNotes?action=print HTTP/1.1" 403 30 "-" "Mozilla/5.0 (compatible; MJ12bot/v1.4.8; http://mj12bot.com/)"
192.99.14.19 - - [27/May/2023:16:59:36 +0200] "GET /pmwiki/pmwiki.php/PmWiki/ReleaseNotes?action=upload HTTP/1.1" 403 30 "-" "Mozilla/5.0 (compatible; MJ12bot/v1.4.8; http://mj12bot.com/)"
192.99.14.19 - - [27/May/2023:16:59:39 +0200] "GET /pmwiki/pmwiki.php/PmWiki/ReleaseNotes?action=upload&upname=wiki.png HTTP/1.1" 403 30 "-" "Mozilla/5.0 (compatible; MJ12bot/v1.4.8; http://mj12bot.com/)"
54.36.148.171 - - [27/May/2023:17:08:00 +0200] "GET /pmwiki/pmwiki.php/Main/ABundestagT%E1mogatjaAzEur%F3paiParlamentet?action=edit HTTP/1.1" 200 12954 "-" "Mozilla/5.0 (compatible; AhrefsBot/7.0; +http://ahrefs.com/robot/)"
49.12.13.109 - - [27/May/2023:17:49:51 +0200] "HEAD /pmwiki/pmwiki.php HTTP/1.1" 200 0 "-" "Alert_Alligator_webmonitoring_service_1.6.3_(alertalligator.com)"
171.35.2.58 - - [27/May/2023:18:15:50 +0200] "GET /pmwiki/pmwiki.php/main/k%f6zlem%e9nye HTTP/1.1" 200 17975 "-" "Mozilla/5.0 (Linux; Android 6.0; Nexus 5 Build/MRA58N) AppleWebKit/537.36 (KHTML, like Gecko) Chrome/45.0.8712.1200 Mobile Safari/537.36"
171.35.2.58 - - [27/May/2023:18:15:51 +0200] "GET /pmwiki/pub/skins/gila/gila.css HTTP/1.1" 200 8887 "http://swpat.zpok.hu/pmwiki/pmwiki.php/main/k%f6zlem%e9nye" "Mozilla/5.0 (Linux; Android 6.0; Nexus 5 Build/MRA58N) AppleWebKit/537.36 (KHTML, like Gecko) Chrome/45.0.8712.1200 Mobile Safari/537.36"
216.201.9.135 - - [27/May/2023:18:32:49 +0200] "GET /robots.txt HTTP/1.0" 404 1181 "-" "Mozilla/4.0 (compatible; fluid/0.0; +http://www.leak.info/bot.html)"
216.244.66.203 - - [27/May/2023:18:39:34 +0200] "GET /robots.txt HTTP/1.1" 404 1181 "-" "Mozilla/5.0 (compatible; DotBot/1.2; +https://opensiteexplorer.org/dotbot; help@moz.com)"
212.237.23.143 - - [27/May/2023:18:46:13 +0200] "HEAD /pmwiki/pmwiki.php HTTP/1.1" 200 0 "-" "Alert_Alligator_webmonitoring_service_1.6.4_(alertalligator.com)"
216.244.66.203 - - [27/May/2023:19:00:09 +0200] "GET /pmwiki/pmwiki.php/Main/ADRMH%E1tr%E1nyai?action=print HTTP/1.1" 200 5095 "-" "Mozilla/5.0 (compatible; DotBot/1.2; +https://opensiteexplorer.org/dotbot; help@moz.com)"
51.222.253.4 - - [27/May/2023:19:08:38 +0200] "GET /robots.txt HTTP/1.1" 404 1181 "-" "Mozilla/5.0 (compatible; AhrefsBot/7.0; +http://ahrefs.com/robot/)"
54.36.148.71 - - [27/May/2023:19:08:39 +0200] "GET /pmwiki/pmwiki.php/Main/DRM HTTP/1.1" 200 14856 "-" "Mozilla/5.0 (compatible; AhrefsBot/7.0; +http://ahrefs.com/robot/)"
114.119.143.207 - - [27/May/2023:19:22:10 +0200] "GET /pmwiki/pmwiki.php/Main/Lev%E9lAParlamentInformaitikaiBizotts%E1gaEln%F6k%E9nek?action=upload HTTP/1.1" 200 13014 "http://swpat.zpok.hu/pmwiki/pmwiki.php/Main/Lev%e9lAParlamentInformaitikaiBizotts%e1gaEln%f6k%e9nek" "Mozilla/5.0 (Linux; Android 7.0;) AppleWebKit/537.36 (KHTML, like Gecko) Mobile Safari/537.36 (compatible; PetalBot;+https://webmaster.petalsearch.com/site/petalbot)"
114.119.149.2 - - [27/May/2023:19:29:44 +0200] "GET /pmwiki/pmwiki.php/Main/ABundestagT%E1mogatjaAzEur%F3paiParlamentet HTTP/1.1" 200 18357 "http://swpat.zpok.hu/pmwiki/pmwiki.php" "Mozilla/5.0 (Linux; Android 7.0;) AppleWebKit/537.36 (KHTML, like Gecko) Mobile Safari/537.36 (compatible; PetalBot;+https://webmaster.petalsearch.com/site/petalbot)"
212.237.53.115 - - [27/May/2023:19:43:55 +0200] "HEAD /pmwiki/pmwiki.php HTTP/1.1" 200 0 "-" "Alert_Alligator_webmonitoring_service_1.6.4_(alertalligator.com)"
