135.181.212.177 - - [17/May/2023:05:02:45 +0200] "GET /pmwiki/pmwiki.php/PmWiki/FAQ?action=upload&upname=wiki.png HTTP/1.1" 403 30 "-" "Mozilla/5.0 (compatible; MJ12bot/v1.4.8; http://mj12bot.com/)"
135.181.212.177 - - [17/May/2023:05:02:47 +0200] "GET /pmwiki/pmwiki.php/PmWiki/Installation HTTP/1.1" 200 17595 "-" "Mozilla/5.0 (compatible; MJ12bot/v1.4.8; http://mj12bot.com/)"
135.181.212.177 - - [17/May/2023:05:02:49 +0200] "GET /pmwiki/pmwiki.php/PmWiki/Installation?action=diff HTTP/1.1" 403 30 "-" "Mozilla/5.0 (compatible; MJ12bot/v1.4.8; http://mj12bot.com/)"
135.181.212.177 - - [17/May/2023:05:02:50 +0200] "GET /pmwiki/pmwiki.php/PmWiki/Installation?action=edit HTTP/1.1" 403 30 "-" "Mozilla/5.0 (compatible; MJ12bot/v1.4.8; http://mj12bot.com/)"
135.181.212.177 - - [17/May/2023:05:02:52 +0200] "GET /pmwiki/pmwiki.php/PmWiki/Installation?action=print HTTP/1.1" 403 30 "-" "Mozilla/5.0 (compatible; MJ12bot/v1.4.8; http://mj12bot.com/)"
135.181.212.177 - - [17/May/2023:05:02:53 +0200] "GET /pmwiki/pmwiki.php/PmWiki/Installation?action=upload HTTP/1.1" 403 30 "-" "Mozilla/5.0 (compatible; MJ12bot/v1.4.8; http://mj12bot.com/)"
135.181.212.177 - - [17/May/2023:05:02:54 +0200] "GET /pmwiki/pmwiki.php/PmWiki/Installation?action=upload&upname=wiki.png HTTP/1.1" 403 30 "-" "Mozilla/5.0 (compatible; MJ12bot/v1.4.8; http://mj12bot.com/)"
135.181.212.177 - - [17/May/2023:05:02:56 +0200] "GET /pmwiki/pmwiki.php/PmWiki/TipsForEditing HTTP/1.1" 200 15017 "-" "Mozilla/5.0 (compatible; MJ12bot/v1.4.8; http://mj12bot.com/)"
135.181.212.177 - - [17/May/2023:05:02:58 +0200] "GET /pmwiki/pmwiki.php/PmWiki/TipsForEditing?action=diff HTTP/1.1" 403 30 "-" "Mozilla/5.0 (compatible; MJ12bot/v1.4.8; http://mj12bot.com/)"
135.181.212.177 - - [17/May/2023:05:02:59 +0200] "GET /pmwiki/pmwiki.php/PmWiki/TipsForEditing?action=edit HTTP/1.1" 403 30 "-" "Mozilla/5.0 (compatible; MJ12bot/v1.4.8; http://mj12bot.com/)"
135.181.212.177 - - [17/May/2023:05:03:01 +0200] "GET /pmwiki/pmwiki.php/PmWiki/TipsForEditing?action=print HTTP/1.1" 403 30 "-" "Mozilla/5.0 (compatible; MJ12bot/v1.4.8; http://mj12bot.com/)"
135.181.212.177 - - [17/May/2023:05:03:02 +0200] "GET /pmwiki/pmwiki.php/PmWiki/TipsForEditing?action=upload HTTP/1.1" 403 30 "-" "Mozilla/5.0 (compatible; MJ12bot/v1.4.8; http://mj12bot.com/)"
135.181.212.177 - - [17/May/2023:05:03:04 +0200] "GET /pmwiki/pmwiki.php/PmWiki/TipsForEditing?action=upload&upname=wiki.png HTTP/1.1" 403 30 "-" "Mozilla/5.0 (compatible; MJ12bot/v1.4.8; http://mj12bot.com/)"
212.237.23.143 - - [17/May/2023:05:09:40 +0200] "HEAD /pmwiki/pmwiki.php HTTP/1.1" 200 0 "-" "Alert_Alligator_webmonitoring_service_1.6.4_(alertalligator.com)"
216.244.66.203 - - [17/May/2023:05:57:52 +0200] "GET /robots.txt HTTP/1.1" 404 1181 "-" "Mozilla/5.0 (compatible; DotBot/1.2; +https://opensiteexplorer.org/dotbot; help@moz.com)"
49.12.13.109 - - [17/May/2023:06:08:45 +0200] "HEAD /pmwiki/pmwiki.php HTTP/1.1" 200 0 "-" "Alert_Alligator_webmonitoring_service_1.6.3_(alertalligator.com)"
110.249.201.89 - - [17/May/2023:06:19:48 +0200] "GET /robots.txt HTTP/1.1" 404 1181 "-" "Mozilla/5.0 (Linux; Android 5.0) AppleWebKit/537.36 (KHTML, like Gecko) Mobile Safari/537.36 (compatible; Bytespider; https://zhanzhang.toutiao.com/)"
216.244.66.203 - - [17/May/2023:06:27:05 +0200] "GET /pmwiki/pmwiki.php/Main/EUCD?action=diff HTTP/1.1" 200 24892 "-" "Mozilla/5.0 (compatible; DotBot/1.2; +https://opensiteexplorer.org/dotbot; help@moz.com)"
216.244.66.203 - - [17/May/2023:06:30:00 +0200] "GET /pmwiki/pmwiki.php/Main/Minimum?action=upload&upname=wiki.png HTTP/1.1" 200 12278 "-" "Mozilla/5.0 (compatible; DotBot/1.2; +https://opensiteexplorer.org/dotbot; help@moz.com)"
216.244.66.203 - - [17/May/2023:06:30:58 +0200] "GET /pmwiki/pmwiki.php/Main/DRMMunkacsoport?action=diff HTTP/1.1" 200 14573 "-" "Mozilla/5.0 (compatible; DotBot/1.2; +https://opensiteexplorer.org/dotbot; help@moz.com)"
216.244.66.203 - - [17/May/2023:06:32:34 +0200] "GET /pmwiki/pmwiki.php/PmWiki/ChangeLog?action=edit HTTP/1.1" 200 12451 "-" "Mozilla/5.0 (compatible; DotBot/1.2; +https://opensiteexplorer.org/dotbot; help@moz.com)"
216.244.66.203 - - [17/May/2023:06:33:57 +0200] "GET /pmwiki/pmwiki.php/PmWiki/FAQ?action=upload HTTP/1.1" 200 12236 "-" "Mozilla/5.0 (compatible; DotBot/1.2; +https://opensiteexplorer.org/dotbot; help@moz.com)"
216.244.66.203 - - [17/May/2023:06:36:00 +0200] "GET /pmwiki/pmwiki.php/Main/Feb08PR?action=edit HTTP/1.1" 200 12386 "-" "Mozilla/5.0 (compatible; DotBot/1.2; +https://opensiteexplorer.org/dotbot; help@moz.com)"
49.12.13.109 - - [17/May/2023:07:07:46 +0200] "HEAD /pmwiki/pmwiki.php HTTP/1.1" 200 0 "-" "Alert_Alligator_webmonitoring_service_1.6.3_(alertalligator.com)"
216.244.66.203 - - [17/May/2023:07:13:55 +0200] "GET /robots.txt HTTP/1.1" 404 1181 "-" "Mozilla/5.0 (compatible; DotBot/1.2; +https://opensiteexplorer.org/dotbot; help@moz.com)"
216.244.66.203 - - [17/May/2023:07:19:17 +0200] "GET /pmwiki/pmwiki.php/Main/Privacy?action=edit HTTP/1.1" 200 12381 "-" "Mozilla/5.0 (compatible; DotBot/1.2; +https://opensiteexplorer.org/dotbot; help@moz.com)"
216.244.66.203 - - [17/May/2023:07:33:06 +0200] "GET /pmwiki/pmwiki.php/Main/RocardEp2?action=upload HTTP/1.1" 200 12294 "-" "Mozilla/5.0 (compatible; DotBot/1.2; +https://opensiteexplorer.org/dotbot; help@moz.com)"
216.244.66.203 - - [17/May/2023:07:34:53 +0200] "GET /pmwiki/pmwiki.php/Main/JuriVelemeny?action=edit HTTP/1.1" 200 12462 "-" "Mozilla/5.0 (compatible; DotBot/1.2; +https://opensiteexplorer.org/dotbot; help@moz.com)"
216.244.66.203 - - [17/May/2023:07:35:25 +0200] "GET /pmwiki/pmwiki.php/Main/JuriEktbEloterjesztes?action=upload HTTP/1.1" 200 12486 "-" "Mozilla/5.0 (compatible; DotBot/1.2; +https://opensiteexplorer.org/dotbot; help@moz.com)"
216.244.66.203 - - [17/May/2023:07:35:52 +0200] "GET /pmwiki/pmwiki.php/Main/BillGates%C9sM%E1sKommunist%E1k?action=print HTTP/1.1" 200 8782 "-" "Mozilla/5.0 (compatible; DotBot/1.2; +https://opensiteexplorer.org/dotbot; help@moz.com)"
216.244.66.203 - - [17/May/2023:07:36:25 +0200] "GET /pmwiki/pmwiki.php/Main/Nyilatkozat?action=upload HTTP/1.1" 200 12330 "-" "Mozilla/5.0 (compatible; DotBot/1.2; +https://opensiteexplorer.org/dotbot; help@moz.com)"
216.244.66.203 - - [17/May/2023:07:36:31 +0200] "GET /pmwiki/pmwiki.php/Main/WikiPediaban?action=edit HTTP/1.1" 200 12463 "-" "Mozilla/5.0 (compatible; DotBot/1.2; +https://opensiteexplorer.org/dotbot; help@moz.com)"
216.244.66.203 - - [17/May/2023:07:36:36 +0200] "GET /pmwiki/pmwiki.php/Main/WikiPediaban?action=print HTTP/1.1" 200 2405 "-" "Mozilla/5.0 (compatible; DotBot/1.2; +https://opensiteexplorer.org/dotbot; help@moz.com)"
77.75.79.62 - - [17/May/2023:07:40:42 +0200] "GET /robots.txt HTTP/1.1" 404 1181 "-" "Mozilla/5.0 (compatible; SeznamBot/4.0-RC1; +http://napoveda.seznam.cz/seznambot-intro/)"
77.75.78.166 - - [17/May/2023:07:40:42 +0200] "GET /pmwiki/pmwiki.php/PmWiki/Installation HTTP/1.1" 200 17595 "-" "Mozilla/5.0 (compatible; SeznamBot/4.0-RC1; +http://napoveda.seznam.cz/seznambot-intro/)"
49.12.13.109 - - [17/May/2023:08:06:52 +0200] "HEAD /pmwiki/pmwiki.php HTTP/1.1" 200 0 "-" "Alert_Alligator_webmonitoring_service_1.6.3_(alertalligator.com)"
216.244.66.203 - - [17/May/2023:08:18:17 +0200] "GET /robots.txt HTTP/1.1" 404 1181 "-" "Mozilla/5.0 (compatible; DotBot/1.2; +https://opensiteexplorer.org/dotbot; help@moz.com)"
216.244.66.203 - - [17/May/2023:08:33:31 +0200] "GET /pmwiki/pmwiki.php/Main/Telefonon?action=print HTTP/1.1" 200 6709 "-" "Mozilla/5.0 (compatible; DotBot/1.2; +https://opensiteexplorer.org/dotbot; help@moz.com)"
216.244.66.203 - - [17/May/2023:08:39:04 +0200] "GET /pmwiki/pmwiki.php/Main/H%EDrek?action=upload&upname=wiki.png HTTP/1.1" 200 12276 "-" "Mozilla/5.0 (compatible; DotBot/1.2; +https://opensiteexplorer.org/dotbot; help@moz.com)"
216.244.66.203 - - [17/May/2023:08:39:50 +0200] "GET /pmwiki/pmwiki.php/Main/ThankYouPoland?action=diff HTTP/1.1" 200 15641 "-" "Mozilla/5.0 (compatible; DotBot/1.2; +https://opensiteexplorer.org/dotbot; help@moz.com)"
216.244.66.203 - - [17/May/2023:08:41:15 +0200] "GET /pmwiki/pmwiki.php/PmWiki/ChangesFromPmWiki1?action=diff HTTP/1.1" 200 13018 "-" "Mozilla/5.0 (compatible; DotBot/1.2; +https://opensiteexplorer.org/dotbot; help@moz.com)"
216.244.66.203 - - [17/May/2023:08:41:33 +0200] "GET /pmwiki/pmwiki.php/PmWiki/DocumentationIndex?action=edit HTTP/1.1" 200 12596 "-" "Mozilla/5.0 (compatible; DotBot/1.2; +https://opensiteexplorer.org/dotbot; help@moz.com)"
216.244.66.203 - - [17/May/2023:08:41:54 +0200] "GET /pmwiki/pmwiki.php/Main/V%E9delmiP%E9nz?action=upload&upname=wiki.png HTTP/1.1" 200 12398 "-" "Mozilla/5.0 (compatible; DotBot/1.2; +https://opensiteexplorer.org/dotbot; help@moz.com)"
216.244.66.203 - - [17/May/2023:08:44:46 +0200] "GET /pmwiki/pmwiki.php/Main/Nyilatkozat?action=edit HTTP/1.1" 200 12450 "-" "Mozilla/5.0 (compatible; DotBot/1.2; +https://opensiteexplorer.org/dotbot; help@moz.com)"
216.244.66.203 - - [17/May/2023:08:45:30 +0200] "GET /pmwiki/pmwiki.php/PmWiki/ImagesInWikiPages?action=print HTTP/1.1" 200 4417 "-" "Mozilla/5.0 (compatible; DotBot/1.2; +https://opensiteexplorer.org/dotbot; help@moz.com)"
216.244.66.203 - - [17/May/2023:08:46:14 +0200] "GET /pmwiki/pmwiki.php/PmWiki/GroupAttributes?action=edit HTTP/1.1" 200 12548 "-" "Mozilla/5.0 (compatible; DotBot/1.2; +https://opensiteexplorer.org/dotbot; help@moz.com)"
216.244.66.203 - - [17/May/2023:08:46:59 +0200] "GET /pmwiki/pmwiki.php/PmWiki/OtherVariables?action=edit HTTP/1.1" 200 12532 "-" "Mozilla/5.0 (compatible; DotBot/1.2; +https://opensiteexplorer.org/dotbot; help@moz.com)"
66.249.66.10 - - [17/May/2023:08:50:50 +0200] "GET /robots.txt HTTP/1.1" 404 1181 "-" "Mozilla/5.0 (compatible; Googlebot/2.1; +http://www.google.com/bot.html)"
66.249.66.11 - - [17/May/2023:08:50:50 +0200] "GET /pmwiki/pmwiki.php/Main/2004Augusztus18?action=upload HTTP/1.1" 403 30 "-" "Mozilla/5.0 (Linux; Android 6.0.1; Nexus 5X Build/MMB29P) AppleWebKit/537.36 (KHTML, like Gecko) Chrome/113.0.5672.92 Mobile Safari/537.36 (compatible; Googlebot/2.1; +http://www.google.com/bot.html)"
49.12.13.109 - - [17/May/2023:09:05:56 +0200] "HEAD /pmwiki/pmwiki.php HTTP/1.1" 200 0 "-" "Alert_Alligator_webmonitoring_service_1.6.3_(alertalligator.com)"
66.249.66.88 - - [17/May/2023:09:31:44 +0200] "GET /pmwiki/pmwiki.php/Main/2003M%E1jusiNyilatkozat?action=print HTTP/1.1" 403 30 "-" "Mozilla/5.0 (Linux; Android 6.0.1; Nexus 5X Build/MMB29P) AppleWebKit/537.36 (KHTML, like Gecko) Chrome/113.0.5672.92 Mobile Safari/537.36 (compatible; Googlebot/2.1; +http://www.google.com/bot.html)"
158.69.123.143 - - [17/May/2023:09:38:50 +0200] "GET /robots.txt HTTP/1.1" 404 1181 "-" "Mozilla/5.0 (compatible; MJ12bot/v1.4.8; http://mj12bot.com/)"
158.69.123.143 - - [17/May/2023:09:45:41 +0200] "GET /pmwiki/pmwiki.php/API/PZZ?action=edit HTTP/1.1" 404 30 "-" "Mozilla/5.0 (compatible; MJ12bot/v1.4.8; http://mj12bot.com/)"
158.69.123.143 - - [17/May/2023:09:45:44 +0200] "GET /pmwiki/pmwiki.php/Cookbook/EditBar?action=edit HTTP/1.1" 404 30 "-" "Mozilla/5.0 (compatible; MJ12bot/v1.4.8; http://mj12bot.com/)"
158.69.123.143 - - [17/May/2023:09:45:47 +0200] "GET /pmwiki/pmwiki.php/Profiles/Mikei?action=edit HTTP/1.1" 404 30 "-" "Mozilla/5.0 (compatible; MJ12bot/v1.4.8; http://mj12bot.com/)"
216.244.66.203 - - [17/May/2023:09:59:55 +0200] "GET /robots.txt HTTP/1.1" 404 1181 "-" "Mozilla/5.0 (compatible; DotBot/1.2; +https://opensiteexplorer.org/dotbot; help@moz.com)"
54.36.148.113 - - [17/May/2023:10:04:39 +0200] "GET /pmwiki/pmwiki.php/Main/McCreevy?action=edit HTTP/1.1" 200 12402 "-" "Mozilla/5.0 (compatible; AhrefsBot/7.0; +http://ahrefs.com/robot/)"
49.12.13.109 - - [17/May/2023:10:05:00 +0200] "HEAD /pmwiki/pmwiki.php HTTP/1.1" 200 0 "-" "Alert_Alligator_webmonitoring_service_1.6.3_(alertalligator.com)"
66.249.66.11 - - [17/May/2023:10:12:39 +0200] "GET /pmwiki/pmwiki.php/Main/C%E9lok?action=edit HTTP/1.1" 403 30 "-" "Mozilla/5.0 (Linux; Android 6.0.1; Nexus 5X Build/MMB29P) AppleWebKit/537.36 (KHTML, like Gecko) Chrome/113.0.5672.92 Mobile Safari/537.36 (compatible; Googlebot/2.1; +http://www.google.com/bot.html)"
216.244.66.203 - - [17/May/2023:10:28:54 +0200] "GET /pmwiki/pmwiki.php/Main/MitTehetek?action=upload HTTP/1.1" 200 12310 "-" "Mozilla/5.0 (compatible; DotBot/1.2; +https://opensiteexplorer.org/dotbot; help@moz.com)"
216.244.66.203 - - [17/May/2023:10:29:28 +0200] "GET /pmwiki/pmwiki.php/Main/Doksik?action=edit HTTP/1.1" 200 12366 "-" "Mozilla/5.0 (compatible; DotBot/1.2; +https://opensiteexplorer.org/dotbot; help@moz.com)"
216.244.66.203 - - [17/May/2023:10:52:45 +0200] "GET /robots.txt HTTP/1.1" 404 1181 "-" "Mozilla/5.0 (compatible; DotBot/1.2; +https://opensiteexplorer.org/dotbot; help@moz.com)"
49.12.13.109 - - [17/May/2023:11:04:05 +0200] "HEAD /pmwiki/pmwiki.php HTTP/1.1" 200 0 "-" "Alert_Alligator_webmonitoring_service_1.6.3_(alertalligator.com)"
66.249.66.12 - - [17/May/2023:11:17:19 +0200] "GET /pmwiki/pmwiki.php/Main/GatesMegzsaroltaD%E1ni%E1t?action=print HTTP/1.1" 403 30 "-" "Mozilla/5.0 (Linux; Android 6.0.1; Nexus 5X Build/MMB29P) AppleWebKit/537.36 (KHTML, like Gecko) Chrome/113.0.5672.92 Mobile Safari/537.36 (compatible; Googlebot/2.1; +http://www.google.com/bot.html)"
216.244.66.203 - - [17/May/2023:11:18:36 +0200] "GET /pmwiki/pmwiki.php/Main/Linkek?action=print HTTP/1.1" 200 19357 "-" "Mozilla/5.0 (compatible; DotBot/1.2; +https://opensiteexplorer.org/dotbot; help@moz.com)"
54.36.148.50 - - [17/May/2023:11:27:28 +0200] "GET /pmwiki/pmwiki.php/PmWiki/WikiSandbox HTTP/1.1" 302 213 "-" "Mozilla/5.0 (compatible; AhrefsBot/7.0; +http://ahrefs.com/robot/)"
54.36.149.31 - - [17/May/2023:11:38:08 +0200] "GET /pmwiki/pmwiki.php/Main/HomePage?action=diff HTTP/1.1" 200 115393 "-" "Mozilla/5.0 (compatible; AhrefsBot/7.0; +http://ahrefs.com/robot/)"
212.237.53.115 - - [17/May/2023:11:51:29 +0200] "HEAD /pmwiki/pmwiki.php HTTP/1.1" 200 0 "-" "Alert_Alligator_webmonitoring_service_1.6.4_(alertalligator.com)"
66.249.66.11 - - [17/May/2023:11:55:30 +0200] "GET /pmwiki/pmwiki.php/Main/ATan%E1cs%C9rdembenT%E1rgyalhatASzoftverszabadalmiDirekt%EDv%E1r%F3l?action=upload HTTP/1.1" 403 30 "-" "Mozilla/5.0 (Linux; Android 6.0.1; Nexus 5X Build/MMB29P) AppleWebKit/537.36 (KHTML, like Gecko) Chrome/113.0.5672.92 Mobile Safari/537.36 (compatible; Googlebot/2.1; +http://www.google.com/bot.html)"
66.249.66.64 - - [17/May/2023:11:55:31 +0200] "GET /pmwiki/pmwiki.php/Main/HomePage?action=edit HTTP/1.1" 403 30 "-" "Mozilla/5.0 (Linux; Android 6.0.1; Nexus 5X Build/MMB29P) AppleWebKit/537.36 (KHTML, like Gecko) Chrome/113.0.5672.92 Mobile Safari/537.36 (compatible; Googlebot/2.1; +http://www.google.com/bot.html)"
66.249.66.11 - - [17/May/2023:11:55:32 +0200] "GET /pmwiki/pmwiki.php/Main/2004Febru%E1riK%F6sz%F6netLengyelorsz%E1gnak?action=edit HTTP/1.1" 403 30 "-" "Mozilla/5.0 (Linux; Android 6.0.1; Nexus 5X Build/MMB29P) AppleWebKit/537.36 (KHTML, like Gecko) Chrome/113.0.5672.92 Mobile Safari/537.36 (compatible; Googlebot/2.1; +http://www.google.com/bot.html)"
66.249.66.89 - - [17/May/2023:12:02:02 +0200] "GET /pmwiki/pmwiki.php/Main/2003M%E1jusiNyilatkozathozKapcsol%F3d%F3Cikk?action=edit HTTP/1.1" 403 30 "-" "Mozilla/5.0 (Linux; Android 6.0.1; Nexus 5X Build/MMB29P) AppleWebKit/537.36 (KHTML, like Gecko) Chrome/113.0.5672.92 Mobile Safari/537.36 (compatible; Googlebot/2.1; +http://www.google.com/bot.html)"
66.249.66.41 - - [17/May/2023:12:06:27 +0200] "GET /pmwiki/pmwiki.php/Main/Gazdas%E1giOldal?action=diff HTTP/1.1" 403 30 "-" "Mozilla/5.0 (Linux; Android 6.0.1; Nexus 5X Build/MMB29P) AppleWebKit/537.36 (KHTML, like Gecko) Chrome/113.0.5672.92 Mobile Safari/537.36 (compatible; Googlebot/2.1; +http://www.google.com/bot.html)"
66.249.66.10 - - [17/May/2023:12:12:45 +0200] "GET /pmwiki/pmwiki.php/Main/Cikkek?action=edit HTTP/1.1" 403 30 "-" "Mozilla/5.0 (Linux; Android 6.0.1; Nexus 5X Build/MMB29P) AppleWebKit/537.36 (KHTML, like Gecko) Chrome/113.0.5672.92 Mobile Safari/537.36 (compatible; Googlebot/2.1; +http://www.google.com/bot.html)"
212.237.51.151 - - [17/May/2023:12:30:38 +0200] "HEAD /pmwiki/pmwiki.php HTTP/1.1" 200 0 "-" "Alert_Alligator_webmonitoring_service_1.6.4_(alertalligator.com)"
66.249.79.184 - - [17/May/2023:12:40:28 +0200] "GET /pmwiki/pmwiki.php/Main/LehetsegesJavitasokEuropaban HTTP/1.1" 200 14070 "-" "Mozilla/5.0 (Linux; Android 6.0.1; Nexus 5X Build/MMB29P) AppleWebKit/537.36 (KHTML, like Gecko) Chrome/113.0.5672.92 Mobile Safari/537.36 (compatible; Googlebot/2.1; +http://www.google.com/bot.html)"
114.119.144.36 - - [17/May/2023:12:43:35 +0200] "GET /pmwiki/pmwiki.php/Main/Mintalevel0509 HTTP/1.1" 200 16475 "http://swpat.zpok.hu/pmwiki/pmwiki.php?n=Main.Mintalevel0509" "Mozilla/5.0 (Linux; Android 7.0;) AppleWebKit/537.36 (KHTML, like Gecko) Mobile Safari/537.36 (compatible; PetalBot;+https://webmaster.petalsearch.com/site/petalbot)"
66.249.79.184 - - [17/May/2023:12:55:36 +0200] "GET /pmwiki/pmwiki.php/Main/2005M%E1rciusiNyilatkozat?action=upload HTTP/1.1" 403 30 "-" "Mozilla/5.0 (Linux; Android 6.0.1; Nexus 5X Build/MMB29P) AppleWebKit/537.36 (KHTML, like Gecko) Chrome/113.0.5672.92 Mobile Safari/537.36 (compatible; Googlebot/2.1; +http://www.google.com/bot.html)"
66.249.79.182 - - [17/May/2023:13:03:05 +0200] "GET /pmwiki/pmwiki.php/Main/HeringgelMegval%F3s%EDtottTal%E1lm%E1nyok HTTP/1.1" 200 18448 "-" "Mozilla/5.0 (Linux; Android 6.0.1; Nexus 5X Build/MMB29P) AppleWebKit/537.36 (KHTML, like Gecko) Chrome/113.0.5672.92 Mobile Safari/537.36 (compatible; Googlebot/2.1; +http://www.google.com/bot.html)"
212.237.51.151 - - [17/May/2023:13:08:29 +0200] "HEAD /pmwiki/pmwiki.php HTTP/1.1" 200 0 "-" "Alert_Alligator_webmonitoring_service_1.6.4_(alertalligator.com)"
54.36.148.23 - - [17/May/2023:13:11:42 +0200] "GET /pmwiki/pmwiki.php/Main/McCreevy?action=upload HTTP/1.1" 200 12282 "-" "Mozilla/5.0 (compatible; AhrefsBot/7.0; +http://ahrefs.com/robot/)"
51.222.253.18 - - [17/May/2023:13:21:29 +0200] "GET /robots.txt HTTP/1.1" 404 1181 "-" "Mozilla/5.0 (compatible; AhrefsBot/7.0; +http://ahrefs.com/robot/)"
66.249.79.180 - - [17/May/2023:13:25:32 +0200] "GET /pmwiki/pmwiki.php/Main/FAQ HTTP/1.1" 200 17652 "-" "Mozilla/5.0 (Linux; Android 6.0.1; Nexus 5X Build/MMB29P) AppleWebKit/537.36 (KHTML, like Gecko) Chrome/113.0.5672.92 Mobile Safari/537.36 (compatible; Googlebot/2.1; +http://www.google.com/bot.html)"
66.249.79.182 - - [17/May/2023:13:25:35 +0200] "GET /pmwiki/pmwiki.php/Main/ATan%E1cs%C9rdembenT%E1rgyalhatASzoftverszabadalmiDirekt%EDv%E1r%F3l?action=diff HTTP/1.1" 403 30 "-" "Mozilla/5.0 (Linux; Android 6.0.1; Nexus 5X Build/MMB29P) AppleWebKit/537.36 (KHTML, like Gecko) Chrome/113.0.5672.92 Mobile Safari/537.36 (compatible; Googlebot/2.1; +http://www.google.com/bot.html)"
66.249.79.180 - - [17/May/2023:13:25:35 +0200] "GET /pmwiki/pmwiki.php/Main/RocardEp2?action=upload HTTP/1.1" 403 30 "-" "Mozilla/5.0 (Linux; Android 6.0.1; Nexus 5X Build/MMB29P) AppleWebKit/537.36 (KHTML, like Gecko) Chrome/113.0.5672.92 Mobile Safari/537.36 (compatible; Googlebot/2.1; +http://www.google.com/bot.html)"
66.249.79.182 - - [17/May/2023:13:25:36 +0200] "GET /pmwiki/pmwiki.php/Main/HeringgelMegval%F3s%EDtottTal%E1lm%E1nyok?action=edit HTTP/1.1" 403 30 "-" "Mozilla/5.0 (Linux; Android 6.0.1; Nexus 5X Build/MMB29P) AppleWebKit/537.36 (KHTML, like Gecko) Chrome/113.0.5672.92 Mobile Safari/537.36 (compatible; Googlebot/2.1; +http://www.google.com/bot.html)"
66.249.79.182 - - [17/May/2023:13:25:37 +0200] "GET /pmwiki/pmwiki.php/Main/ATan%E1cs%C9rdembenT%E1rgyalhatASzoftverszabadalmiDirekt%EDv%E1r%F3l?action=edit HTTP/1.1" 403 30 "-" "Mozilla/5.0 (Linux; Android 6.0.1; Nexus 5X Build/MMB29P) AppleWebKit/537.36 (KHTML, like Gecko) Chrome/113.0.5672.92 Mobile Safari/537.36 (compatible; Googlebot/2.1; +http://www.google.com/bot.html)"
54.36.148.211 - - [17/May/2023:13:30:22 +0200] "GET /pmwiki/pmwiki.php/Main/AzEur%F3paiParlament%DAjraind%EDt%E1stK%F6vetelAzEln%F6kiKonferenciaElfogadtaAzInd%EDtv%E1nyt HTTP/1.1" 200 16658 "-" "Mozilla/5.0 (compatible; AhrefsBot/7.0; +http://ahrefs.com/robot/)"
54.36.148.27 - - [17/May/2023:13:39:22 +0200] "GET /pmwiki/pmwiki.php/Main/McCreevy?action=diff HTTP/1.1" 200 16195 "-" "Mozilla/5.0 (compatible; AhrefsBot/7.0; +http://ahrefs.com/robot/)"
114.119.148.27 - - [17/May/2023:13:45:17 +0200] "GET /pmwiki/pmwiki.php/PmWiki/TextFormattingRules?action=edit HTTP/1.1" 200 12611 "-" "Mozilla/5.0 (Linux; Android 7.0;) AppleWebKit/537.36 (KHTML, like Gecko) Mobile Safari/537.36 (compatible; PetalBot;+https://webmaster.petalsearch.com/site/petalbot)"
54.36.148.5 - - [17/May/2023:13:48:31 +0200] "GET /pmwiki/pmwiki.php/Main/EztMondjukNekik?action=diff HTTP/1.1" 200 15515 "-" "Mozilla/5.0 (compatible; AhrefsBot/7.0; +http://ahrefs.com/robot/)"
66.249.79.180 - - [17/May/2023:13:55:12 +0200] "GET /pmwiki/pmwiki.php/Main/FAQ?action=upload HTTP/1.1" 403 30 "-" "Mozilla/5.0 (Linux; Android 6.0.1; Nexus 5X Build/MMB29P) AppleWebKit/537.36 (KHTML, like Gecko) Chrome/113.0.5672.92 Mobile Safari/537.36 (compatible; Googlebot/2.1; +http://www.google.com/bot.html)"
54.36.148.119 - - [17/May/2023:13:58:15 +0200] "GET /pmwiki/pmwiki.php/Main/Ipr?action=print HTTP/1.1" 200 3775 "-" "Mozilla/5.0 (compatible; AhrefsBot/7.0; +http://ahrefs.com/robot/)"
66.249.79.180 - - [17/May/2023:13:59:07 +0200] "GET /pmwiki/pmwiki.php/Main/2004Szeptember1?action=edit HTTP/1.1" 403 30 "-" "Mozilla/5.0 (Linux; Android 6.0.1; Nexus 5X Build/MMB29P) AppleWebKit/537.36 (KHTML, like Gecko) Chrome/113.0.5672.92 Mobile Safari/537.36 (compatible; Googlebot/2.1; +http://www.google.com/bot.html)"
49.12.13.109 - - [17/May/2023:14:07:32 +0200] "HEAD /pmwiki/pmwiki.php HTTP/1.1" 200 0 "-" "Alert_Alligator_webmonitoring_service_1.6.3_(alertalligator.com)"
66.249.79.182 - - [17/May/2023:14:12:58 +0200] "GET /pmwiki/pmwiki.php/Main/FAQ?action=diff HTTP/1.1" 403 30 "-" "Mozilla/5.0 (Linux; Android 6.0.1; Nexus 5X Build/MMB29P) AppleWebKit/537.36 (KHTML, like Gecko) Chrome/113.0.5672.92 Mobile Safari/537.36 (compatible; Googlebot/2.1; +http://www.google.com/bot.html)"
66.249.79.180 - - [17/May/2023:14:16:49 +0200] "GET /pmwiki/pmwiki.php/Main/Direkt%EDva?action=print HTTP/1.1" 403 30 "-" "Mozilla/5.0 (Linux; Android 6.0.1; Nexus 5X Build/MMB29P) AppleWebKit/537.36 (KHTML, like Gecko) Chrome/113.0.5672.92 Mobile Safari/537.36 (compatible; Googlebot/2.1; +http://www.google.com/bot.html)"
216.244.66.203 - - [17/May/2023:14:24:16 +0200] "GET /robots.txt HTTP/1.1" 404 1181 "-" "Mozilla/5.0 (compatible; DotBot/1.2; +https://opensiteexplorer.org/dotbot; help@moz.com)"
66.249.79.184 - - [17/May/2023:14:24:19 +0200] "GET /pmwiki/pmwiki.php/Main/C%E9lok?action=diff HTTP/1.1" 403 30 "-" "Mozilla/5.0 (Linux; Android 6.0.1; Nexus 5X Build/MMB29P) AppleWebKit/537.36 (KHTML, like Gecko) Chrome/113.0.5672.92 Mobile Safari/537.36 (compatible; Googlebot/2.1; +http://www.google.com/bot.html)"
66.249.79.180 - - [17/May/2023:14:24:26 +0200] "GET /pmwiki/pmwiki.php/Main/WikiSandbox?action=diff HTTP/1.1" 403 30 "-" "Mozilla/5.0 (Linux; Android 6.0.1; Nexus 5X Build/MMB29P) AppleWebKit/537.36 (KHTML, like Gecko) Chrome/113.0.5672.92 Mobile Safari/537.36 (compatible; Googlebot/2.1; +http://www.google.com/bot.html)"
54.36.148.75 - - [17/May/2023:14:25:48 +0200] "GET /pmwiki/pmwiki.php/Main/MiADRM HTTP/1.1" 200 12869 "-" "Mozilla/5.0 (compatible; AhrefsBot/7.0; +http://ahrefs.com/robot/)"
216.244.66.203 - - [17/May/2023:14:29:33 +0200] "GET /pmwiki/pmwiki.php/PmWiki HTTP/1.1" 302 186 "-" "Mozilla/5.0 (compatible; DotBot/1.2; +https://opensiteexplorer.org/dotbot; help@moz.com)"
66.249.79.182 - - [17/May/2023:14:39:19 +0200] "GET /pmwiki/pmwiki.php/Main/Nyilatkozatok?action=diff HTTP/1.1" 403 30 "-" "Mozilla/5.0 (Linux; Android 6.0.1; Nexus 5X Build/MMB29P) AppleWebKit/537.36 (KHTML, like Gecko) Chrome/113.0.5672.92 Mobile Safari/537.36 (compatible; Googlebot/2.1; +http://www.google.com/bot.html)"
54.36.148.108 - - [17/May/2023:14:45:29 +0200] "GET /pmwiki/pmwiki.php/Main/AzEur%F3paiParlament%DAjraind%EDt%E1stK%F6vetelAzEln%F6kiKonferenciaElfogadtaAzInd%EDtv%E1nyt?action=print HTTP/1.1" 200 6082 "-" "Mozilla/5.0 (compatible; AhrefsBot/7.0; +http://ahrefs.com/robot/)"
212.237.23.143 - - [17/May/2023:14:54:36 +0200] "HEAD /pmwiki/pmwiki.php HTTP/1.1" 200 0 "-" "Alert_Alligator_webmonitoring_service_1.6.4_(alertalligator.com)"
114.119.130.147 - - [17/May/2023:15:11:28 +0200] "GET /pmwiki/pmwiki.php/Main/2003M%E1jusBr%FCsszeliT%FAra?action=upload HTTP/1.1" 200 12586 "http://swpat.zpok.hu/pmwiki/pmwiki.php/Main/2003M%e1jusBr%fcsszeliT%fara" "Mozilla/5.0 (Linux; Android 7.0;) AppleWebKit/537.36 (KHTML, like Gecko) Mobile Safari/537.36 (compatible; PetalBot;+https://webmaster.petalsearch.com/site/petalbot)"
54.36.149.60 - - [17/May/2023:15:18:32 +0200] "GET /pmwiki/pmwiki.php/Main/MiADRM?action=upload HTTP/1.1" 200 12246 "-" "Mozilla/5.0 (compatible; AhrefsBot/7.0; +http://ahrefs.com/robot/)"
54.36.148.16 - - [17/May/2023:15:28:47 +0200] "GET /pmwiki/pmwiki.php/Main/TRIPSLie HTTP/1.1" 200 12874 "-" "Mozilla/5.0 (compatible; AhrefsBot/7.0; +http://ahrefs.com/robot/)"
216.244.66.203 - - [17/May/2023:15:31:34 +0200] "GET /robots.txt HTTP/1.1" 404 1181 "-" "Mozilla/5.0 (compatible; DotBot/1.2; +https://opensiteexplorer.org/dotbot; help@moz.com)"
176.125.230.9 - - [17/May/2023:15:31:35 +0200] "GET /pmwiki/pmwiki.php/Main/Linkek HTTP/1.1" 200 28889 "http://swpat.zpok.hu" "Mozilla/5.0 (Windows NT 10.0; Win64; x64) AppleWebKit/537.36 (KHTML, like Gecko) Chrome/62.0.3202.94 Safari/537.36"
54.36.148.177 - - [17/May/2023:15:39:23 +0200] "GET /pmwiki/pmwiki.php/Main/Ipr?action=diff HTTP/1.1" 200 15128 "-" "Mozilla/5.0 (compatible; AhrefsBot/7.0; +http://ahrefs.com/robot/)"
66.249.79.180 - - [17/May/2023:15:48:45 +0200] "GET /pmwiki/pmwiki.php/Main/2005J%FAnius HTTP/1.1" 200 15094 "-" "Mozilla/5.0 (Linux; Android 6.0.1; Nexus 5X Build/MMB29P) AppleWebKit/537.36 (KHTML, like Gecko) Chrome/113.0.5672.92 Mobile Safari/537.36 (compatible; Googlebot/2.1; +http://www.google.com/bot.html)"
66.249.79.184 - - [17/May/2023:15:48:47 +0200] "GET /pmwiki/pmwiki.php/Main/2004Febru%E1riK%F6sz%F6netLengyelorsz%E1gnak HTTP/1.1" 200 15642 "-" "Mozilla/5.0 (Linux; Android 6.0.1; Nexus 5X Build/MMB29P) AppleWebKit/537.36 (KHTML, like Gecko) Chrome/113.0.5672.92 Mobile Safari/537.36 (compatible; Googlebot/2.1; +http://www.google.com/bot.html)"
54.36.148.187 - - [17/May/2023:15:49:42 +0200] "GET /pmwiki/pmwiki.php/Main/McCreevy?action=print HTTP/1.1" 200 3664 "-" "Mozilla/5.0 (compatible; AhrefsBot/7.0; +http://ahrefs.com/robot/)"
49.12.13.109 - - [17/May/2023:15:53:38 +0200] "HEAD /pmwiki/pmwiki.php HTTP/1.1" 200 0 "-" "Alert_Alligator_webmonitoring_service_1.6.3_(alertalligator.com)"
54.36.149.35 - - [17/May/2023:15:59:52 +0200] "GET /pmwiki/pmwiki.php/Main/Ipr?action=upload HTTP/1.1" 200 12202 "-" "Mozilla/5.0 (compatible; AhrefsBot/7.0; +http://ahrefs.com/robot/)"
216.244.66.203 - - [17/May/2023:16:06:32 +0200] "GET /pmwiki/pmwiki.php/Main/HomePage?action=edit&restore=diff:1118862400:1118856464:minor&preview=y HTTP/1.1" 200 12452 "-" "Mozilla/5.0 (compatible; DotBot/1.2; +https://opensiteexplorer.org/dotbot; help@moz.com)"
66.249.79.184 - - [17/May/2023:16:09:19 +0200] "GET /pmwiki/pmwiki.php/Main/AdelphiAlapokm%E1ny?action=diff HTTP/1.1" 403 30 "-" "Mozilla/5.0 (Linux; Android 6.0.1; Nexus 5X Build/MMB29P) AppleWebKit/537.36 (KHTML, like Gecko) Chrome/113.0.5672.92 Mobile Safari/537.36 (compatible; Googlebot/2.1; +http://www.google.com/bot.html)"
54.36.148.144 - - [17/May/2023:16:11:00 +0200] "GET /pmwiki/pmwiki.php/Main/EztMondjukNekik?action=edit HTTP/1.1" 200 12510 "-" "Mozilla/5.0 (compatible; AhrefsBot/7.0; +http://ahrefs.com/robot/)"
54.36.148.203 - - [17/May/2023:16:22:27 +0200] "GET /pmwiki/pmwiki.php/Main/Marc07PR?action=print HTTP/1.1" 200 4687 "-" "Mozilla/5.0 (compatible; AhrefsBot/7.0; +http://ahrefs.com/robot/)"
54.36.148.203 - - [17/May/2023:16:34:58 +0200] "GET /pmwiki/pmwiki.php/PmWiki/ChangesFromPmWiki1 HTTP/1.1" 200 19777 "-" "Mozilla/5.0 (compatible; AhrefsBot/7.0; +http://ahrefs.com/robot/)"
54.36.149.99 - - [17/May/2023:16:45:31 +0200] "GET /pmwiki/pmwiki.php/Main/Marc07PR?action=diff HTTP/1.1" 200 15457 "-" "Mozilla/5.0 (compatible; AhrefsBot/7.0; +http://ahrefs.com/robot/)"
49.12.13.109 - - [17/May/2023:16:52:40 +0200] "HEAD /pmwiki/pmwiki.php HTTP/1.1" 200 0 "-" "Alert_Alligator_webmonitoring_service_1.6.3_(alertalligator.com)"
66.249.79.184 - - [17/May/2023:16:54:53 +0200] "GET /pmwiki/pmwiki.php/Main/Feb09PR HTTP/1.1" 200 15257 "-" "Mozilla/5.0 (Linux; Android 6.0.1; Nexus 5X Build/MMB29P) AppleWebKit/537.36 (KHTML, like Gecko) Chrome/113.0.5672.92 Mobile Safari/537.36 (compatible; Googlebot/2.1; +http://www.google.com/bot.html)"
54.36.149.13 - - [17/May/2023:16:56:27 +0200] "GET /pmwiki/pmwiki.php/Main/Marc07PR?action=upload HTTP/1.1" 200 12279 "-" "Mozilla/5.0 (compatible; AhrefsBot/7.0; +http://ahrefs.com/robot/)"
54.36.148.73 - - [17/May/2023:17:16:08 +0200] "GET /pmwiki/pmwiki.php/Main/EztMondjukNekik?action=upload HTTP/1.1" 200 12390 "-" "Mozilla/5.0 (compatible; AhrefsBot/7.0; +http://ahrefs.com/robot/)"
54.36.148.157 - - [17/May/2023:17:25:57 +0200] "GET /pmwiki/pmwiki.php/Main/EztMondjukNekik?action=print HTTP/1.1" 200 4479 "-" "Mozilla/5.0 (compatible; AhrefsBot/7.0; +http://ahrefs.com/robot/)"
66.249.79.184 - - [17/May/2023:17:39:19 +0200] "GET /pmwiki/pmwiki.php/Main/Lev%E9lAParlamentInformaitikaiBizotts%E1gaEln%F6k%E9nek?action=edit HTTP/1.1" 403 30 "-" "Mozilla/5.0 (Linux; Android 6.0.1; Nexus 5X Build/MMB29P) AppleWebKit/537.36 (KHTML, like Gecko) Chrome/113.0.5672.92 Mobile Safari/537.36 (compatible; Googlebot/2.1; +http://www.google.com/bot.html)"
66.249.79.184 - - [17/May/2023:17:51:36 +0200] "GET /pmwiki/pmwiki.php/Main/Telefonon HTTP/1.1" 200 16251 "-" "Mozilla/5.0 (Linux; Android 6.0.1; Nexus 5X Build/MMB29P) AppleWebKit/537.36 (KHTML, like Gecko) Chrome/113.0.5672.92 Mobile Safari/537.36 (compatible; Googlebot/2.1; +http://www.google.com/bot.html)"
49.12.13.109 - - [17/May/2023:17:51:49 +0200] "HEAD /pmwiki/pmwiki.php HTTP/1.1" 200 0 "-" "Alert_Alligator_webmonitoring_service_1.6.3_(alertalligator.com)"
66.249.79.182 - - [17/May/2023:18:05:07 +0200] "GET /pmwiki/pmwiki.php/Main/Direkt%EDva HTTP/1.1" 200 20621 "-" "Mozilla/5.0 (Linux; Android 6.0.1; Nexus 5X Build/MMB29P) AppleWebKit/537.36 (KHTML, like Gecko) Chrome/113.0.5672.92 Mobile Safari/537.36 (compatible; Googlebot/2.1; +http://www.google.com/bot.html)"
66.249.79.184 - - [17/May/2023:18:15:17 +0200] "GET /pmwiki/pmwiki.php/Main/Feb09PR?action=edit HTTP/1.1" 403 30 "-" "Mozilla/5.0 (Linux; Android 6.0.1; Nexus 5X Build/MMB29P) AppleWebKit/537.36 (KHTML, like Gecko) Chrome/113.0.5672.92 Mobile Safari/537.36 (compatible; Googlebot/2.1; +http://www.google.com/bot.html)"
114.119.143.103 - - [17/May/2023:18:28:10 +0200] "GET /robots.txt HTTP/1.1" 404 1181 "-" "Mozilla/5.0 (compatible;PetalBot;+https://webmaster.petalsearch.com/site/petalbot)"
66.249.79.180 - - [17/May/2023:18:30:11 +0200] "GET /pmwiki/pmwiki.php/Main/2003M%E1jusiNyilatkozat?action=edit HTTP/1.1" 403 30 "-" "Mozilla/5.0 (Linux; Android 6.0.1; Nexus 5X Build/MMB29P) AppleWebKit/537.36 (KHTML, like Gecko) Chrome/113.0.5672.92 Mobile Safari/537.36 (compatible; Googlebot/2.1; +http://www.google.com/bot.html)"
212.237.53.115 - - [17/May/2023:18:38:30 +0200] "HEAD /pmwiki/pmwiki.php HTTP/1.1" 200 0 "-" "Alert_Alligator_webmonitoring_service_1.6.4_(alertalligator.com)"
66.249.79.180 - - [17/May/2023:18:45:37 +0200] "GET /pmwiki/pmwiki.php/Main/C%E9lok HTTP/1.1" 200 12698 "-" "Mozilla/5.0 (Linux; Android 6.0.1; Nexus 5X Build/MMB29P) AppleWebKit/537.36 (KHTML, like Gecko) Chrome/113.0.5672.92 Mobile Safari/537.36 (compatible; Googlebot/2.1; +http://www.google.com/bot.html)"
66.249.79.180 - - [17/May/2023:18:48:44 +0200] "GET /pmwiki/pmwiki.php/Main/2003M%E1jusiNyilatkozat HTTP/1.1" 200 17004 "-" "Mozilla/5.0 (Linux; Android 6.0.1; Nexus 5X Build/MMB29P) AppleWebKit/537.36 (KHTML, like Gecko) Chrome/113.0.5672.92 Mobile Safari/537.36 (compatible; Googlebot/2.1; +http://www.google.com/bot.html)"
216.244.66.203 - - [17/May/2023:18:50:04 +0200] "GET /robots.txt HTTP/1.1" 404 1181 "-" "Mozilla/5.0 (compatible; DotBot/1.2; +https://opensiteexplorer.org/dotbot; help@moz.com)"
216.244.66.203 - - [17/May/2023:19:00:34 +0200] "GET /pmwiki/pmwiki.php/PmWiki/WikiStructure HTTP/1.1" 200 14527 "-" "Mozilla/5.0 (compatible; DotBot/1.2; +https://opensiteexplorer.org/dotbot; help@moz.com)"
216.244.66.203 - - [17/May/2023:19:10:03 +0200] "GET /pmwiki/pmwiki.php/Main/ADRMH%E1tr%E1nyai?action=edit HTTP/1.1" 200 12534 "-" "Mozilla/5.0 (compatible; DotBot/1.2; +https://opensiteexplorer.org/dotbot; help@moz.com)"
216.244.66.203 - - [17/May/2023:19:10:07 +0200] "GET /pmwiki/pmwiki.php/PmWiki/WikiAdministrator HTTP/1.1" 200 13154 "-" "Mozilla/5.0 (compatible; DotBot/1.2; +https://opensiteexplorer.org/dotbot; help@moz.com)"
216.244.66.203 - - [17/May/2023:19:14:13 +0200] "GET /pmwiki/pmwiki.php/Main/CikkekDRM?action=upload&upname=wiki.png HTTP/1.1" 200 12314 "-" "Mozilla/5.0 (compatible; DotBot/1.2; +https://opensiteexplorer.org/dotbot; help@moz.com)"
216.244.66.203 - - [17/May/2023:19:14:50 +0200] "GET /pmwiki/pmwiki.php/Cookbook/EditBar?action=edit HTTP/1.1" 200 12449 "-" "Mozilla/5.0 (compatible; DotBot/1.2; +https://opensiteexplorer.org/dotbot; help@moz.com)"
212.237.51.151 - - [17/May/2023:19:15:57 +0200] "HEAD /pmwiki/pmwiki.php HTTP/1.1" 200 0 "-" "Alert_Alligator_webmonitoring_service_1.6.4_(alertalligator.com)"
216.244.66.203 - - [17/May/2023:19:19:01 +0200] "GET /pmwiki/pmwiki.php/Main/PDF417?action=edit HTTP/1.1" 200 12366 "-" "Mozilla/5.0 (compatible; DotBot/1.2; +https://opensiteexplorer.org/dotbot; help@moz.com)"
216.244.66.203 - - [17/May/2023:19:20:11 +0200] "GET /pmwiki/pmwiki.php/PmWiki/BasicEditing?action=edit HTTP/1.1" 200 12500 "-" "Mozilla/5.0 (compatible; DotBot/1.2; +https://opensiteexplorer.org/dotbot; help@moz.com)"
216.244.66.203 - - [17/May/2023:19:20:47 +0200] "GET /pmwiki/pmwiki.php/PmWiki/BasicVariables?action=edit HTTP/1.1" 200 12532 "-" "Mozilla/5.0 (compatible; DotBot/1.2; +https://opensiteexplorer.org/dotbot; help@moz.com)"
216.244.66.203 - - [17/May/2023:19:21:26 +0200] "GET /pmwiki/pmwiki.php/PmWiki/Links?action=upload HTTP/1.1" 200 12267 "-" "Mozilla/5.0 (compatible; DotBot/1.2; +https://opensiteexplorer.org/dotbot; help@moz.com)"
54.36.148.112 - - [17/May/2023:19:35:45 +0200] "GET /pmwiki/pmwiki.php/Main/TRIPSLie?action=upload HTTP/1.1" 200 12279 "-" "Mozilla/5.0 (compatible; AhrefsBot/7.0; +http://ahrefs.com/robot/)"
66.249.79.182 - - [17/May/2023:19:54:30 +0200] "GET /pmwiki/pmwiki.php/Main/HeringgelMegval%F3s%EDtottTal%E1lm%E1nyok HTTP/1.1" 200 18448 "-" "Mozilla/5.0 (compatible; Googlebot/2.1; +http://www.google.com/bot.html)"
66.249.79.180 - - [17/May/2023:19:54:52 +0200] "GET /pmwiki/pmwiki.php/Main/Minimum HTTP/1.1" 200 15284 "-" "Mozilla/5.0 (Linux; Android 6.0.1; Nexus 5X Build/MMB29P) AppleWebKit/537.36 (KHTML, like Gecko) Chrome/113.0.5672.92 Mobile Safari/537.36 (compatible; Googlebot/2.1; +http://www.google.com/bot.html)"
216.244.66.203 - - [17/May/2023:19:59:56 +0200] "GET /robots.txt HTTP/1.1" 404 1181 "-" "Mozilla/5.0 (compatible; DotBot/1.2; +https://opensiteexplorer.org/dotbot; help@moz.com)"
66.249.79.180 - - [17/May/2023:20:04:14 +0200] "GET /pmwiki/pmwiki.php/Main/ATan%E1cs%C9rdembenT%E1rgyalhatASzoftverszabadalmiDirekt%EDv%E1r%F3l HTTP/1.1" 200 18291 "-" "Mozilla/5.0 (Linux; Android 6.0.1; Nexus 5X Build/MMB29P) AppleWebKit/537.36 (KHTML, like Gecko) Chrome/113.0.5672.92 Mobile Safari/537.36 (compatible; Googlebot/2.1; +http://www.google.com/bot.html)"
111.225.149.196 - - [17/May/2023:20:12:05 +0200] "GET /robots.txt HTTP/1.1" 404 1181 "-" "Mozilla/5.0 (Linux; Android 5.0) AppleWebKit/537.36 (KHTML, like Gecko) Mobile Safari/537.36 (compatible; Bytespider; https://zhanzhang.toutiao.com/)"
49.12.13.109 - - [17/May/2023:20:15:25 +0200] "HEAD /pmwiki/pmwiki.php HTTP/1.1" 200 0 "-" "Alert_Alligator_webmonitoring_service_1.6.3_(alertalligator.com)"
66.249.79.182 - - [17/May/2023:20:22:25 +0200] "GET /pmwiki/pmwiki.php/Main/H%EDrek HTTP/1.1" 200 15050 "-" "Mozilla/5.0 (Linux; Android 6.0.1; Nexus 5X Build/MMB29P) AppleWebKit/537.36 (KHTML, like Gecko) Chrome/113.0.5672.92 Mobile Safari/537.36 (compatible; Googlebot/2.1; +http://www.google.com/bot.html)"
216.244.66.203 - - [17/May/2023:20:26:03 +0200] "GET /pmwiki/pmwiki.php/Main/MitTehetek?action=upload&upname=wiki.png HTTP/1.1" 200 12326 "-" "Mozilla/5.0 (compatible; DotBot/1.2; +https://opensiteexplorer.org/dotbot; help@moz.com)"
216.244.66.203 - - [17/May/2023:20:33:12 +0200] "GET /pmwiki/pmwiki.php/Emeltdijas/Hu?action=diff HTTP/1.1" 200 14411 "-" "Mozilla/5.0 (compatible; DotBot/1.2; +https://opensiteexplorer.org/dotbot; help@moz.com)"
216.244.66.203 - - [17/May/2023:20:33:19 +0200] "GET /pmwiki/pmwiki.php/Main/WikiPediaban?action=diff HTTP/1.1" 200 13352 "-" "Mozilla/5.0 (compatible; DotBot/1.2; +https://opensiteexplorer.org/dotbot; help@moz.com)"
216.244.66.203 - - [17/May/2023:20:33:32 +0200] "GET /pmwiki/pmwiki.php/Profiles/FMCikk?action=edit HTTP/1.1" 200 12433 "-" "Mozilla/5.0 (compatible; DotBot/1.2; +https://opensiteexplorer.org/dotbot; help@moz.com)"
216.244.66.203 - - [17/May/2023:20:33:38 +0200] "GET /pmwiki/pmwiki.php/Profiles/Mod?action=edit HTTP/1.1" 200 12385 "-" "Mozilla/5.0 (compatible; DotBot/1.2; +https://opensiteexplorer.org/dotbot; help@moz.com)"
216.244.66.203 - - [17/May/2023:20:34:29 +0200] "GET /pmwiki/pmwiki.php/Main/AzEur%F3paiParlament%DAjraind%EDt%E1stK%F6vetelAzEln%F6kiKonferenciaElfogadtaAzInd%EDtv%E1nyt?action=print HTTP/1.1" 200 6082 "-" "Mozilla/5.0 (compatible; DotBot/1.2; +https://opensiteexplorer.org/dotbot; help@moz.com)"
216.244.66.203 - - [17/May/2023:20:51:53 +0200] "GET /robots.txt HTTP/1.1" 404 1181 "-" "Mozilla/5.0 (compatible; DotBot/1.2; +https://opensiteexplorer.org/dotbot; help@moz.com)"
66.249.79.182 - - [17/May/2023:20:56:43 +0200] "GET /robots.txt HTTP/1.1" 404 1181 "-" "Mozilla/5.0 (compatible; Googlebot/2.1; +http://www.google.com/bot.html)"
66.249.79.184 - - [17/May/2023:20:56:45 +0200] "GET /pmwiki/pmwiki.php/PmWiki/PmWiki HTTP/1.1" 200 116458 "-" "Mozilla/5.0 (Linux; Android 6.0.1; Nexus 5X Build/MMB29P) AppleWebKit/537.36 (KHTML, like Gecko) Chrome/113.0.5672.92 Mobile Safari/537.36 (compatible; Googlebot/2.1; +http://www.google.com/bot.html)"
212.237.23.143 - - [17/May/2023:21:03:49 +0200] "HEAD /pmwiki/pmwiki.php HTTP/1.1" 200 0 "-" "Alert_Alligator_webmonitoring_service_1.6.4_(alertalligator.com)"
216.244.66.203 - - [17/May/2023:21:04:18 +0200] "GET /pmwiki/pmwiki.php/Main/K%F6zlem%E9nye?action=diff HTTP/1.1" 200 22947 "-" "Mozilla/5.0 (compatible; DotBot/1.2; +https://opensiteexplorer.org/dotbot; help@moz.com)"
216.244.66.203 - - [17/May/2023:21:06:14 +0200] "GET /pmwiki/pmwiki.php/UTF8/UTF8?action=edit HTTP/1.1" 200 12333 "-" "Mozilla/5.0 (compatible; DotBot/1.2; +https://opensiteexplorer.org/dotbot; help@moz.com)"
216.244.66.203 - - [17/May/2023:21:07:12 +0200] "GET /pmwiki/pmwiki.php/Main/Befektet%E9sv%E9delem?action=upload HTTP/1.1" 200 12482 "-" "Mozilla/5.0 (compatible; DotBot/1.2; +https://opensiteexplorer.org/dotbot; help@moz.com)"
216.244.66.203 - - [17/May/2023:21:08:09 +0200] "GET /pmwiki/pmwiki.php/PmWiki/ReleaseNotes?action=upload&upname=wiki.png HTTP/1.1" 200 12395 "-" "Mozilla/5.0 (compatible; DotBot/1.2; +https://opensiteexplorer.org/dotbot; help@moz.com)"
216.244.66.203 - - [17/May/2023:21:10:17 +0200] "GET /pmwiki/pmwiki.php/Emeltdijas/Hu?action=edit HTTP/1.1" 200 12404 "-" "Mozilla/5.0 (compatible; DotBot/1.2; +https://opensiteexplorer.org/dotbot; help@moz.com)"
216.244.66.203 - - [17/May/2023:21:10:47 +0200] "GET /pmwiki/pmwiki.php/PmWiki/InterMap?action=edit HTTP/1.1" 200 12436 "-" "Mozilla/5.0 (compatible; DotBot/1.2; +https://opensiteexplorer.org/dotbot; help@moz.com)"
216.244.66.203 - - [17/May/2023:21:11:24 +0200] "GET /pmwiki/pmwiki.php/PmWiki/ConditionalMarkup?action=edit HTTP/1.1" 200 12579 "-" "Mozilla/5.0 (compatible; DotBot/1.2; +https://opensiteexplorer.org/dotbot; help@moz.com)"
216.244.66.203 - - [17/May/2023:21:12:00 +0200] "GET /pmwiki/pmwiki.php/PmWiki/MailPosts?action=upload HTTP/1.1" 200 12332 "-" "Mozilla/5.0 (compatible; DotBot/1.2; +https://opensiteexplorer.org/dotbot; help@moz.com)"
66.249.79.184 - - [17/May/2023:21:12:34 +0200] "GET /pmwiki/pmwiki.php/Main/Comission-negatesDemocracy HTTP/1.1" 200 16717 "-" "Mozilla/5.0 (Linux; Android 6.0.1; Nexus 5X Build/MMB29P) AppleWebKit/537.36 (KHTML, like Gecko) Chrome/113.0.5672.92 Mobile Safari/537.36 (compatible; Googlebot/2.1; +http://www.google.com/bot.html)"
216.244.66.203 - - [17/May/2023:21:12:35 +0200] "GET /pmwiki/pmwiki.php/Main/Feb09PR?action=upload&upname=wiki.png HTTP/1.1" 200 12282 "-" "Mozilla/5.0 (compatible; DotBot/1.2; +https://opensiteexplorer.org/dotbot; help@moz.com)"
216.244.66.203 - - [17/May/2023:21:12:40 +0200] "GET /pmwiki/pmwiki.php/Profiles/Robert?action=upload HTTP/1.1" 200 12313 "-" "Mozilla/5.0 (compatible; DotBot/1.2; +https://opensiteexplorer.org/dotbot; help@moz.com)"
216.244.66.203 - - [17/May/2023:21:13:48 +0200] "GET /pmwiki/pmwiki.php/Main/2005M%E1rciusiNyilatkozat?action=upload&upname=wiki.png HTTP/1.1" 200 12562 "-" "Mozilla/5.0 (compatible; DotBot/1.2; +https://opensiteexplorer.org/dotbot; help@moz.com)"
216.244.66.203 - - [17/May/2023:21:13:51 +0200] "GET /pmwiki/pmwiki.php/PmWiki/WikiWikiWeb?action=upload&upname=wiki.png HTTP/1.1" 200 12379 "-" "Mozilla/5.0 (compatible; DotBot/1.2; +https://opensiteexplorer.org/dotbot; help@moz.com)"
156.146.60.73 - - [17/May/2023:21:25:19 +0200] "GET /pmwiki/pmwiki.php/Main/Linkek HTTP/1.1" 200 28889 "http://swpat.zpok.hu" "Mozilla/5.0 (Windows NT 10.0; Win64; x64) AppleWebKit/537.36 (KHTML, like Gecko) Chrome/62.0.3202.94 Safari/537.36"
102.129.235.26 - - [17/May/2023:21:32:50 +0200] "GET /pmwiki/pmwiki.php/Main/Linkek HTTP/1.1" 200 28889 "http://swpat.zpok.hu" "Mozilla/5.0 (Windows NT 10.0; Win64; x64) AppleWebKit/537.36 (KHTML, like Gecko) Chrome/62.0.3202.94 Safari/537.36"
216.244.66.203 - - [17/May/2023:21:42:46 +0200] "GET /robots.txt HTTP/1.1" 404 1181 "-" "Mozilla/5.0 (compatible; DotBot/1.2; +https://opensiteexplorer.org/dotbot; help@moz.com)"
216.244.66.203 - - [17/May/2023:21:51:52 +0200] "GET /pmwiki/pmwiki.php/PmWiki/LinkVariables HTTP/1.1" 200 17801 "-" "Mozilla/5.0 (compatible; DotBot/1.2; +https://opensiteexplorer.org/dotbot; help@moz.com)"
216.244.66.203 - - [17/May/2023:21:56:32 +0200] "GET /pmwiki/pmwiki.php/Main/SideBar?action=upload HTTP/1.1" 200 12264 "-" "Mozilla/5.0 (compatible; DotBot/1.2; +https://opensiteexplorer.org/dotbot; help@moz.com)"
54.36.148.129 - - [17/May/2023:21:57:57 +0200] "GET /pmwiki/pmwiki.php/Main/HomePage?action=upload HTTP/1.1" 200 12281 "-" "Mozilla/5.0 (compatible; AhrefsBot/7.0; +http://ahrefs.com/robot/)"
49.12.13.109 - - [17/May/2023:22:02:52 +0200] "HEAD /pmwiki/pmwiki.php HTTP/1.1" 200 0 "-" "Alert_Alligator_webmonitoring_service_1.6.3_(alertalligator.com)"
216.244.66.203 - - [17/May/2023:22:06:48 +0200] "GET /pmwiki/pmwiki.php/Main/MiADRM?action=edit HTTP/1.1" 200 12366 "-" "Mozilla/5.0 (compatible; DotBot/1.2; +https://opensiteexplorer.org/dotbot; help@moz.com)"
114.119.153.108 - - [17/May/2023:22:11:51 +0200] "GET /pmwiki/pmwiki.php/Main/Bitem0304?action=print HTTP/1.1" 200 8100 "http://swpat.zpok.hu/pmwiki/pmwiki.php/Main/Bitem0304" "Mozilla/5.0 (Linux; Android 7.0;) AppleWebKit/537.36 (KHTML, like Gecko) Mobile Safari/537.36 (compatible; PetalBot;+https://webmaster.petalsearch.com/site/petalbot)"
216.244.66.203 - - [17/May/2023:22:11:57 +0200] "GET /pmwiki/pmwiki.php/Main/Mintalevel0509?action=upload HTTP/1.1" 200 12374 "-" "Mozilla/5.0 (compatible; DotBot/1.2; +https://opensiteexplorer.org/dotbot; help@moz.com)"
216.244.66.203 - - [17/May/2023:22:16:46 +0200] "GET /pmwiki/pmwiki.php/API/API?action=edit HTTP/1.1" 200 12300 "-" "Mozilla/5.0 (compatible; DotBot/1.2; +https://opensiteexplorer.org/dotbot; help@moz.com)"
216.244.66.203 - - [17/May/2023:22:20:18 +0200] "GET /pmwiki/pmwiki.php/PmWiki/DocumentationIndex?action=upload&upname=wiki.png HTTP/1.1" 200 12492 "-" "Mozilla/5.0 (compatible; DotBot/1.2; +https://opensiteexplorer.org/dotbot; help@moz.com)"
49.12.13.109 - - [17/May/2023:22:27:39 +0200] "HEAD /pmwiki/pmwiki.php HTTP/1.1" 200 0 "-" "Alert_Alligator_webmonitoring_service_1.6.4_(alertalligator.com)"
216.244.66.203 - - [17/May/2023:22:49:21 +0200] "GET /robots.txt HTTP/1.1" 404 1181 "-" "Mozilla/5.0 (compatible; DotBot/1.2; +https://opensiteexplorer.org/dotbot; help@moz.com)"
216.244.66.203 - - [17/May/2023:23:01:24 +0200] "GET /pmwiki/pmwiki.php/PmWiki/UrlApprovals HTTP/1.1" 200 14828 "-" "Mozilla/5.0 (compatible; DotBot/1.2; +https://opensiteexplorer.org/dotbot; help@moz.com)"
66.249.79.182 - - [17/May/2023:23:09:36 +0200] "GET /pmwiki/pmwiki.php/Main/H%EDrek HTTP/1.1" 200 15050 "-" "Mozilla/5.0 (compatible; Googlebot/2.1; +http://www.google.com/bot.html)"
66.249.79.180 - - [17/May/2023:23:10:09 +0200] "GET /pmwiki/pmwiki.php/Main/HeringgelMegval%F3s%EDtottTal%E1lm%E1nyok HTTP/1.1" 200 18448 "-" "Mozilla/5.0 (Linux; Android 6.0.1; Nexus 5X Build/MMB29P) AppleWebKit/537.36 (KHTML, like Gecko) Chrome/113.0.5672.92 Mobile Safari/537.36 (compatible; Googlebot/2.1; +http://www.google.com/bot.html)"
216.244.66.203 - - [17/May/2023:23:12:16 +0200] "GET /pmwiki/pmwiki.php/Main/Linkek?action=edit HTTP/1.1" 200 12370 "-" "Mozilla/5.0 (compatible; DotBot/1.2; +https://opensiteexplorer.org/dotbot; help@moz.com)"
212.237.23.143 - - [17/May/2023:23:16:34 +0200] "HEAD /pmwiki/pmwiki.php HTTP/1.1" 200 0 "-" "Alert_Alligator_webmonitoring_service_1.6.4_(alertalligator.com)"
216.244.66.203 - - [17/May/2023:23:19:42 +0200] "GET /pmwiki/pmwiki.php/Main/Ipr?action=diff HTTP/1.1" 200 15128 "-" "Mozilla/5.0 (compatible; DotBot/1.2; +https://opensiteexplorer.org/dotbot; help@moz.com)"
216.244.66.203 - - [17/May/2023:23:28:34 +0200] "GET /pmwiki/pmwiki.php/Main/2003M%E1jusiNyilatkozathozKapcsol%F3d%F3Cikk?action=diff HTTP/1.1" 200 16507 "-" "Mozilla/5.0 (compatible; DotBot/1.2; +https://opensiteexplorer.org/dotbot; help@moz.com)"
216.244.66.203 - - [17/May/2023:23:28:41 +0200] "GET /pmwiki/pmwiki.php/Main/Power?action=upload HTTP/1.1" 200 12234 "-" "Mozilla/5.0 (compatible; DotBot/1.2; +https://opensiteexplorer.org/dotbot; help@moz.com)"
216.244.66.203 - - [17/May/2023:23:28:46 +0200] "GET /pmwiki/pmwiki.php/PmWiki/OtherVariables?action=print HTTP/1.1" 200 7606 "-" "Mozilla/5.0 (compatible; DotBot/1.2; +https://opensiteexplorer.org/dotbot; help@moz.com)"
54.36.148.10 - - [17/May/2023:23:30:20 +0200] "GET /pmwiki/pmwiki.php/Main/SMELie?action=print HTTP/1.1" 200 4074 "-" "Mozilla/5.0 (compatible; AhrefsBot/7.0; +http://ahrefs.com/robot/)"
193.239.84.36 - - [17/May/2023:23:52:02 +0200] "GET /pmwiki/pmwiki.php/Main/Linkek HTTP/1.1" 200 28889 "http://swpat.zpok.hu" "Mozilla/5.0 (Windows NT 10.0; Win64; x64) AppleWebKit/537.36 (KHTML, like Gecko) Chrome/62.0.3202.94 Safari/537.36"
216.244.66.203 - - [17/May/2023:23:58:46 +0200] "GET /robots.txt HTTP/1.1" 404 1181 "-" "Mozilla/5.0 (compatible; DotBot/1.2; +https://opensiteexplorer.org/dotbot; help@moz.com)"
66.249.79.182 - - [18/May/2023:00:01:00 +0200] "GET /pmwiki/pmwiki.php/Main/Rocard HTTP/1.1" 200 17404 "-" "Mozilla/5.0 (Linux; Android 6.0.1; Nexus 5X Build/MMB29P) AppleWebKit/537.36 (KHTML, like Gecko) Chrome/113.0.5672.92 Mobile Safari/537.36 (compatible; Googlebot/2.1; +http://www.google.com/bot.html)"
66.249.79.182 - - [18/May/2023:00:03:34 +0200] "GET /pmwiki/pmwiki.php/Main/Direkt%EDva HTTP/1.1" 200 20621 "-" "Mozilla/5.0 (compatible; Googlebot/2.1; +http://www.google.com/bot.html)"
212.237.23.143 - - [18/May/2023:00:05:18 +0200] "HEAD /pmwiki/pmwiki.php HTTP/1.1" 200 0 "-" "Alert_Alligator_webmonitoring_service_1.6.4_(alertalligator.com)"
66.249.79.184 - - [18/May/2023:00:08:04 +0200] "GET /pmwiki/pmwiki.php/Main/Telefonon HTTP/1.1" 200 16251 "-" "Mozilla/5.0 (compatible; Googlebot/2.1; +http://www.google.com/bot.html)"
54.36.148.237 - - [18/May/2023:00:16:03 +0200] "GET /pmwiki/pmwiki.php/Main/SMELie?action=upload HTTP/1.1" 200 12247 "-" "Mozilla/5.0 (compatible; AhrefsBot/7.0; +http://ahrefs.com/robot/)"
66.249.79.184 - - [18/May/2023:00:21:34 +0200] "GET /pmwiki/pmwiki.php/Main/C%E9lok HTTP/1.1" 200 12698 "-" "Mozilla/5.0 (compatible; Googlebot/2.1; +http://www.google.com/bot.html)"
216.244.66.203 - - [18/May/2023:00:30:57 +0200] "GET /pmwiki/pmwiki.php/Main/Doksik?action=diff HTTP/1.1" 200 19426 "-" "Mozilla/5.0 (compatible; DotBot/1.2; +https://opensiteexplorer.org/dotbot; help@moz.com)"
66.249.79.180 - - [18/May/2023:00:30:59 +0200] "GET /pmwiki/pmwiki.php/Main/McCreevy HTTP/1.1" 200 13220 "-" "Mozilla/5.0 (Linux; Android 6.0.1; Nexus 5X Build/MMB29P) AppleWebKit/537.36 (KHTML, like Gecko) Chrome/113.0.5672.92 Mobile Safari/537.36 (compatible; Googlebot/2.1; +http://www.google.com/bot.html)"
216.244.66.203 - - [18/May/2023:00:34:03 +0200] "GET /pmwiki/pmwiki.php/Main/Cutts?action=edit HTTP/1.1" 200 12352 "-" "Mozilla/5.0 (compatible; DotBot/1.2; +https://opensiteexplorer.org/dotbot; help@moz.com)"
216.244.66.203 - - [18/May/2023:00:34:46 +0200] "GET /pmwiki/pmwiki.php/Main/JogiOldal?action=diff HTTP/1.1" 200 27426 "-" "Mozilla/5.0 (compatible; DotBot/1.2; +https://opensiteexplorer.org/dotbot; help@moz.com)"
216.244.66.203 - - [18/May/2023:00:35:45 +0200] "GET /pmwiki/pmwiki.php/PmWiki/TipsForEditing?action=diff HTTP/1.1" 200 12947 "-" "Mozilla/5.0 (compatible; DotBot/1.2; +https://opensiteexplorer.org/dotbot; help@moz.com)"
66.249.79.180 - - [18/May/2023:00:39:40 +0200] "GET /pmwiki/pmwiki.php/Main/Marc07PR HTTP/1.1" 200 14243 "-" "Mozilla/5.0 (compatible; Googlebot/2.1; +http://www.google.com/bot.html)"
17.241.227.48 - - [18/May/2023:00:39:48 +0200] "GET /robots.txt HTTP/1.1" 404 1181 "-" "Mozilla/5.0 (Macintosh; Intel Mac OS X 10_15_5) AppleWebKit/605.1.15 (KHTML, like Gecko) Version/13.1.1 Safari/605.1.15 (Applebot/0.1; +http://www.apple.com/go/applebot)"
