54.36.148.36 - - [27/May/2023:20:05:26 +0200] "GET /pmwiki/pmwiki.php/Main/RocardEp2 HTTP/1.1" 200 28076 "-" "Mozilla/5.0 (compatible; AhrefsBot/7.0; +http://ahrefs.com/robot/)"
212.237.23.143 - - [27/May/2023:20:37:55 +0200] "HEAD /pmwiki/pmwiki.php HTTP/1.1" 200 0 "-" "Alert_Alligator_webmonitoring_service_1.6.4_(alertalligator.com)"
40.77.167.101 - - [27/May/2023:20:38:53 +0200] "GET /robots.txt HTTP/1.1" 404 1181 "-" "Mozilla/5.0 AppleWebKit/537.36 (KHTML, like Gecko; compatible; bingbot/2.0; +http://www.bing.com/bingbot.htm) Chrome/103.0.5060.134 Safari/537.36"
52.167.144.28 - - [27/May/2023:20:39:02 +0200] "GET /pmwiki/pmwiki.php/Main/Cutts?action=edit HTTP/1.1" 200 12352 "-" "Mozilla/5.0 AppleWebKit/537.36 (KHTML, like Gecko; compatible; bingbot/2.0; +http://www.bing.com/bingbot.htm) Chrome/103.0.5060.134 Safari/537.36"
54.36.149.14 - - [27/May/2023:21:04:23 +0200] "GET /pmwiki/pmwiki.php/Main/HeringgelMegval%F3s%EDtottTal%E1lm%E1nyok HTTP/1.1" 200 18448 "-" "Mozilla/5.0 (compatible; AhrefsBot/7.0; +http://ahrefs.com/robot/)"
212.237.23.143 - - [27/May/2023:21:33:23 +0200] "HEAD /pmwiki/pmwiki.php HTTP/1.1" 200 0 "-" "Alert_Alligator_webmonitoring_service_1.6.4_(alertalligator.com)"
216.244.66.203 - - [27/May/2023:22:22:17 +0200] "GET /robots.txt HTTP/1.1" 404 1181 "-" "Mozilla/5.0 (compatible; DotBot/1.2; +https://opensiteexplorer.org/dotbot; help@moz.com)"
216.244.66.203 - - [27/May/2023:22:27:38 +0200] "GET /pmwiki/pmwiki.php/Main/DRMMunkacsoport?action=print HTTP/1.1" 200 3060 "-" "Mozilla/5.0 (compatible; DotBot/1.2; +https://opensiteexplorer.org/dotbot; help@moz.com)"
212.237.23.143 - - [27/May/2023:22:30:13 +0200] "HEAD /pmwiki/pmwiki.php HTTP/1.1" 200 0 "-" "Alert_Alligator_webmonitoring_service_1.6.4_(alertalligator.com)"
54.36.149.50 - - [27/May/2023:22:56:55 +0200] "GET /pmwiki/pmwiki.php/Main/WikiSandbox HTTP/1.1" 200 12116 "-" "Mozilla/5.0 (compatible; AhrefsBot/7.0; +http://ahrefs.com/robot/)"
216.244.66.203 - - [27/May/2023:23:11:47 +0200] "GET /robots.txt HTTP/1.1" 404 1181 "-" "Mozilla/5.0 (compatible; DotBot/1.2; +https://opensiteexplorer.org/dotbot; help@moz.com)"
212.237.53.115 - - [27/May/2023:23:23:29 +0200] "HEAD /pmwiki/pmwiki.php HTTP/1.1" 200 0 "-" "Alert_Alligator_webmonitoring_service_1.6.4_(alertalligator.com)"
216.244.66.203 - - [27/May/2023:23:36:18 +0200] "GET /pmwiki/pmwiki.php/Main/SideBar?action=edit&restore=diff:1120332137:1120083552:minor&preview=y HTTP/1.1" 200 12435 "-" "Mozilla/5.0 (compatible; DotBot/1.2; +https://opensiteexplorer.org/dotbot; help@moz.com)"
49.12.13.109 - - [27/May/2023:23:54:59 +0200] "HEAD /pmwiki/pmwiki.php HTTP/1.1" 200 0 "-" "Alert_Alligator_webmonitoring_service_1.6.4_(alertalligator.com)"
54.36.148.16 - - [28/May/2023:00:16:15 +0200] "GET /pmwiki/pmwiki.php/Main/Virsligy%E1r HTTP/1.1" 200 24986 "-" "Mozilla/5.0 (compatible; AhrefsBot/7.0; +http://ahrefs.com/robot/)"
100.26.127.17 - - [28/May/2023:00:29:36 +0200] "GET /robots.txt HTTP/1.1" 404 1181 "-" "Mozilla/5.0 (compatible; Neevabot/1.0; +https://neeva.com/neevabot)"
100.26.127.17 - - [28/May/2023:00:30:33 +0200] "GET /pmwiki/pmwiki.php/Main/Cutts HTTP/1.1" 200 31570 "-" "Mozilla/5.0 (compatible; Neevabot/1.0; +https://neeva.com/neevabot)"
216.244.66.203 - - [28/May/2023:00:47:24 +0200] "GET /robots.txt HTTP/1.1" 404 1181 "-" "Mozilla/5.0 (compatible; DotBot/1.2; +https://opensiteexplorer.org/dotbot; help@moz.com)"
49.12.13.109 - - [28/May/2023:00:54:20 +0200] "HEAD /pmwiki/pmwiki.php HTTP/1.1" 200 0 "-" "Alert_Alligator_webmonitoring_service_1.6.3_(alertalligator.com)"
216.244.66.203 - - [28/May/2023:01:17:56 +0200] "GET /pmwiki/pmwiki.php/PmWiki/PmWiki?action=edit&restore=diff:1113972562:1113919892:minor&preview=y HTTP/1.1" 200 12451 "-" "Mozilla/5.0 (compatible; DotBot/1.2; +https://opensiteexplorer.org/dotbot; help@moz.com)"
114.119.149.200 - - [28/May/2023:01:29:39 +0200] "GET /pmwiki/pmwiki.php/Main/ATan%E1cs%C9rdembenT%E1rgyalhatASzoftverszabadalmiDirekt%EDv%E1r%F3l HTTP/1.1" 200 18291 "http://swpat.zpok.hu/pmwiki/pmwiki.php/Main/Nyilatkozatok" "Mozilla/5.0 (Linux; Android 7.0;) AppleWebKit/537.36 (KHTML, like Gecko) Mobile Safari/537.36 (compatible; PetalBot;+https://webmaster.petalsearch.com/site/petalbot)"
216.244.66.203 - - [28/May/2023:01:34:55 +0200] "GET /robots.txt HTTP/1.1" 404 1181 "-" "Mozilla/5.0 (compatible; DotBot/1.2; +https://opensiteexplorer.org/dotbot; help@moz.com)"
188.166.248.215 - - [28/May/2023:01:44:47 +0200] "GET / HTTP/1.1" 302 5 "-" "Mozilla/5.0 (Linux; Android 5.1.1; SM-J111F) AppleWebKit/537.36 (KHTML, like Gecko) Chrome/73.0.3683.90 Mobile Safari/537.36"
188.166.248.215 - - [28/May/2023:01:44:48 +0200] "GET /blog/ HTTP/1.1" 404 1181 "-" "Mozilla/5.0 (Linux; Android 5.1.1; SM-J111F) AppleWebKit/537.36 (KHTML, like Gecko) Chrome/73.0.3683.90 Mobile Safari/537.36"
188.166.248.215 - - [28/May/2023:01:44:49 +0200] "GET /pmwiki/pmwiki.php HTTP/1.1" 200 37269 "http://swpat.zpok.hu/" "Mozilla/5.0 (Linux; Android 5.1.1; SM-J111F) AppleWebKit/537.36 (KHTML, like Gecko) Chrome/73.0.3683.90 Mobile Safari/537.36"
188.166.248.215 - - [28/May/2023:01:44:49 +0200] "GET /wp/ HTTP/1.1" 404 1181 "-" "Mozilla/5.0 (Linux; Android 5.1.1; SM-J111F) AppleWebKit/537.36 (KHTML, like Gecko) Chrome/73.0.3683.90 Mobile Safari/537.36"
188.166.248.215 - - [28/May/2023:01:44:51 +0200] "GET /wordpress/ HTTP/1.1" 404 1181 "-" "Mozilla/5.0 (Linux; Android 5.1.1; SM-J111F) AppleWebKit/537.36 (KHTML, like Gecko) Chrome/73.0.3683.90 Mobile Safari/537.36"
188.166.248.215 - - [28/May/2023:01:44:52 +0200] "GET /new/ HTTP/1.1" 404 1181 "-" "Mozilla/5.0 (Linux; Android 5.1.1; SM-J111F) AppleWebKit/537.36 (KHTML, like Gecko) Chrome/73.0.3683.90 Mobile Safari/537.36"
188.166.248.215 - - [28/May/2023:01:44:52 +0200] "GET /old/ HTTP/1.1" 404 1181 "-" "Mozilla/5.0 (Linux; Android 5.1.1; SM-J111F) AppleWebKit/537.36 (KHTML, like Gecko) Chrome/73.0.3683.90 Mobile Safari/537.36"
188.166.248.215 - - [28/May/2023:01:44:53 +0200] "GET /OLD/ HTTP/1.1" 404 1181 "-" "Mozilla/5.0 (Linux; Android 5.1.1; SM-J111F) AppleWebKit/537.36 (KHTML, like Gecko) Chrome/73.0.3683.90 Mobile Safari/537.36"
188.166.248.215 - - [28/May/2023:01:44:54 +0200] "GET /main/ HTTP/1.1" 404 1181 "-" "Mozilla/5.0 (Linux; Android 5.1.1; SM-J111F) AppleWebKit/537.36 (KHTML, like Gecko) Chrome/73.0.3683.90 Mobile Safari/537.36"
188.166.248.215 - - [28/May/2023:01:44:55 +0200] "GET /site/ HTTP/1.1" 404 1181 "-" "Mozilla/5.0 (Linux; Android 5.1.1; SM-J111F) AppleWebKit/537.36 (KHTML, like Gecko) Chrome/73.0.3683.90 Mobile Safari/537.36"
188.166.248.215 - - [28/May/2023:01:44:55 +0200] "GET /backup/ HTTP/1.1" 404 1181 "-" "Mozilla/5.0 (Linux; Android 5.1.1; SM-J111F) AppleWebKit/537.36 (KHTML, like Gecko) Chrome/73.0.3683.90 Mobile Safari/537.36"
188.166.248.215 - - [28/May/2023:01:44:56 +0200] "GET /demo/ HTTP/1.1" 404 1181 "-" "Mozilla/5.0 (Linux; Android 5.1.1; SM-J111F) AppleWebKit/537.36 (KHTML, like Gecko) Chrome/73.0.3683.90 Mobile Safari/537.36"
212.237.53.115 - - [28/May/2023:01:53:46 +0200] "HEAD /pmwiki/pmwiki.php HTTP/1.1" 200 0 "-" "Alert_Alligator_webmonitoring_service_1.6.4_(alertalligator.com)"
216.244.66.203 - - [28/May/2023:01:57:47 +0200] "GET /pmwiki/pmwiki.php/Main/Virsligy%E1r?action=diff&source=y&minor=y HTTP/1.1" 200 26322 "-" "Mozilla/5.0 (compatible; DotBot/1.2; +https://opensiteexplorer.org/dotbot; help@moz.com)"
54.36.148.85 - - [28/May/2023:02:34:24 +0200] "GET /pmwiki/pmwiki.php/Main/ATan%E1cs%C9rdembenT%E1rgyalhatASzoftverszabadalmiDirekt%EDv%E1r%F3l?action=upload HTTP/1.1" 200 13214 "-" "Mozilla/5.0 (compatible; AhrefsBot/7.0; +http://ahrefs.com/robot/)"
212.237.23.143 - - [28/May/2023:02:45:27 +0200] "HEAD /pmwiki/pmwiki.php HTTP/1.1" 200 0 "-" "Alert_Alligator_webmonitoring_service_1.6.4_(alertalligator.com)"
54.36.148.212 - - [28/May/2023:03:00:21 +0200] "GET /pmwiki/pmwiki.php/Main/ATan%E1cs%C9rdembenT%E1rgyalhatASzoftverszabadalmiDirekt%EDv%E1r%F3l?action=edit HTTP/1.1" 200 13334 "-" "Mozilla/5.0 (compatible; AhrefsBot/7.0; +http://ahrefs.com/robot/)"
114.119.153.105 - - [28/May/2023:03:25:08 +0200] "GET /robots.txt HTTP/1.1" 404 1181 "-" "Mozilla/5.0 (compatible;PetalBot;+https://webmaster.petalsearch.com/site/petalbot)"
110.249.202.169 - - [28/May/2023:03:34:27 +0200] "GET /robots.txt HTTP/1.1" 404 1181 "-" "Mozilla/5.0 (Linux; Android 5.0) AppleWebKit/537.36 (KHTML, like Gecko) Mobile Safari/537.36 (compatible; Bytespider; https://zhanzhang.toutiao.com/)"
212.237.23.143 - - [28/May/2023:03:38:43 +0200] "HEAD /pmwiki/pmwiki.php HTTP/1.1" 200 0 "-" "Alert_Alligator_webmonitoring_service_1.6.4_(alertalligator.com)"
173.212.245.225 - - [28/May/2023:04:00:07 +0200] "GET /robots.txt HTTP/1.1" 404 1181 "-" "Mozilla/5.0 (compatible; MJ12bot/v1.4.8; http://mj12bot.com/)"
173.212.245.225 - - [28/May/2023:04:00:19 +0200] "GET /pmwiki/pmwiki.php/Main/Fsn HTTP/1.1" 200 14170 "-" "Mozilla/5.0 (compatible; MJ12bot/v1.4.8; http://mj12bot.com/)"
173.212.245.225 - - [28/May/2023:04:00:27 +0200] "GET /pmwiki/pmwiki.php/Main/Fsn?action=diff HTTP/1.1" 403 30 "-" "Mozilla/5.0 (compatible; MJ12bot/v1.4.8; http://mj12bot.com/)"
173.212.245.225 - - [28/May/2023:04:00:36 +0200] "GET /pmwiki/pmwiki.php/Main/Fsn?action=edit HTTP/1.1" 403 30 "-" "Mozilla/5.0 (compatible; MJ12bot/v1.4.8; http://mj12bot.com/)"
173.212.245.225 - - [28/May/2023:04:00:40 +0200] "GET /pmwiki/pmwiki.php/Main/Fsn?action=print HTTP/1.1" 403 30 "-" "Mozilla/5.0 (compatible; MJ12bot/v1.4.8; http://mj12bot.com/)"
173.212.245.225 - - [28/May/2023:04:00:47 +0200] "GET /pmwiki/pmwiki.php/Main/Fsn?action=upload HTTP/1.1" 403 30 "-" "Mozilla/5.0 (compatible; MJ12bot/v1.4.8; http://mj12bot.com/)"
173.212.245.225 - - [28/May/2023:04:00:55 +0200] "GET /pmwiki/pmwiki.php/Main/Fsn?action=upload&upname=wiki.png HTTP/1.1" 403 30 "-" "Mozilla/5.0 (compatible; MJ12bot/v1.4.8; http://mj12bot.com/)"
173.212.245.225 - - [28/May/2023:04:01:04 +0200] "GET /pmwiki/pmwiki.php/Main/WikiSandbox?from=PmWiki.WikiSandbox HTTP/1.1" 200 12279 "-" "Mozilla/5.0 (compatible; MJ12bot/v1.4.8; http://mj12bot.com/)"
173.212.245.225 - - [28/May/2023:04:01:16 +0200] "GET /pmwiki/pmwiki.php/PmWiki/WikiSandbox HTTP/1.1" 302 213 "-" "Mozilla/5.0 (compatible; MJ12bot/v1.4.8; http://mj12bot.com/)"
173.212.245.225 - - [28/May/2023:04:01:24 +0200] "GET /pmwiki/pmwiki.php/Main/WikiSandbox?from=PmWiki.WikiSandbox HTTP/1.1" 200 12279 "-" "Mozilla/5.0 (compatible; MJ12bot/v1.4.8; http://mj12bot.com/)"
173.212.245.225 - - [28/May/2023:04:01:34 +0200] "GET /pmwiki/pmwiki.php/PmWiki/WikiSandbox?action=edit HTTP/1.1" 403 30 "-" "Mozilla/5.0 (compatible; MJ12bot/v1.4.8; http://mj12bot.com/)"
49.12.13.109 - - [28/May/2023:04:37:49 +0200] "HEAD /pmwiki/pmwiki.php HTTP/1.1" 200 0 "-" "Alert_Alligator_webmonitoring_service_1.6.3_(alertalligator.com)"
5.255.231.16 - - [28/May/2023:05:14:52 +0200] "GET /robots.txt HTTP/1.1" 404 1181 "-" "Mozilla/5.0 (compatible; YandexBot/3.0; +http://yandex.com/bots)"
5.255.231.176 - - [28/May/2023:05:14:56 +0200] "GET /pmwiki/pmwiki.php/Main/WikiSandbox?action=diff HTTP/1.1" 200 264091 "-" "Mozilla/5.0 (compatible; YandexBot/3.0; +http://yandex.com/bots)"
212.237.51.151 - - [28/May/2023:05:27:25 +0200] "HEAD /pmwiki/pmwiki.php HTTP/1.1" 200 0 "-" "Alert_Alligator_webmonitoring_service_1.6.4_(alertalligator.com)"
212.237.51.151 - - [28/May/2023:06:11:49 +0200] "HEAD /pmwiki/pmwiki.php HTTP/1.1" 200 0 "-" "Alert_Alligator_webmonitoring_service_1.6.4_(alertalligator.com)"
216.244.66.203 - - [28/May/2023:06:57:24 +0200] "GET /robots.txt HTTP/1.1" 404 1181 "-" "Mozilla/5.0 (compatible; DotBot/1.2; +https://opensiteexplorer.org/dotbot; help@moz.com)"
212.237.53.115 - - [28/May/2023:07:06:24 +0200] "HEAD /pmwiki/pmwiki.php HTTP/1.1" 200 0 "-" "Alert_Alligator_webmonitoring_service_1.6.4_(alertalligator.com)"
216.244.66.203 - - [28/May/2023:07:11:53 +0200] "GET /pmwiki/pmwiki.php/Main/EUCD?action=upload&upname=wiki.png HTTP/1.1" 200 12230 "-" "Mozilla/5.0 (compatible; DotBot/1.2; +https://opensiteexplorer.org/dotbot; help@moz.com)"
216.244.66.203 - - [28/May/2023:07:12:04 +0200] "GET /pmwiki/pmwiki.php/Main/Patentpools?action=diff HTTP/1.1" 200 23675 "-" "Mozilla/5.0 (compatible; DotBot/1.2; +https://opensiteexplorer.org/dotbot; help@moz.com)"
216.244.66.203 - - [28/May/2023:07:12:10 +0200] "GET /pmwiki/pmwiki.php/Main/Patentpools?action=edit HTTP/1.1" 200 12450 "-" "Mozilla/5.0 (compatible; DotBot/1.2; +https://opensiteexplorer.org/dotbot; help@moz.com)"
216.244.66.203 - - [28/May/2023:07:14:51 +0200] "GET /pmwiki/pmwiki.php/PmWiki/TipsForEditing?action=edit HTTP/1.1" 200 12532 "-" "Mozilla/5.0 (compatible; DotBot/1.2; +https://opensiteexplorer.org/dotbot; help@moz.com)"
216.244.66.203 - - [28/May/2023:07:19:14 +0200] "GET /pmwiki/pmwiki.php/Main/Let%F6lt%E9s?action=edit HTTP/1.1" 200 12453 "-" "Mozilla/5.0 (compatible; DotBot/1.2; +https://opensiteexplorer.org/dotbot; help@moz.com)"
216.244.66.203 - - [28/May/2023:07:21:34 +0200] "GET /pmwiki/pmwiki.php/Main/2005M%E1rciusiK%F6z%F6sNyilatkozat?action=upload HTTP/1.1" 200 12682 "-" "Mozilla/5.0 (compatible; DotBot/1.2; +https://opensiteexplorer.org/dotbot; help@moz.com)"
216.244.66.203 - - [28/May/2023:07:21:37 +0200] "GET /pmwiki/pmwiki.php/PmWiki/ImagesInWikiPages?action=edit HTTP/1.1" 200 12580 "-" "Mozilla/5.0 (compatible; DotBot/1.2; +https://opensiteexplorer.org/dotbot; help@moz.com)"
216.244.66.203 - - [28/May/2023:07:21:41 +0200] "GET /pmwiki/pmwiki.php/PmWiki/WikiStructure?action=edit HTTP/1.1" 200 12516 "-" "Mozilla/5.0 (compatible; DotBot/1.2; +https://opensiteexplorer.org/dotbot; help@moz.com)"
216.244.66.203 - - [28/May/2023:07:22:18 +0200] "GET /pmwiki/pmwiki.php/PmWiki/AuthorTracking?action=upload HTTP/1.1" 200 12412 "-" "Mozilla/5.0 (compatible; DotBot/1.2; +https://opensiteexplorer.org/dotbot; help@moz.com)"
49.12.13.109 - - [28/May/2023:07:40:13 +0200] "HEAD /pmwiki/pmwiki.php HTTP/1.1" 200 0 "-" "Alert_Alligator_webmonitoring_service_1.6.4_(alertalligator.com)"
110.249.202.47 - - [28/May/2023:07:42:55 +0200] "GET /robots.txt HTTP/1.1" 404 1181 "-" "Mozilla/5.0 (Linux; Android 5.0) AppleWebKit/537.36 (KHTML, like Gecko) Mobile Safari/537.36 (compatible; Bytespider; https://zhanzhang.toutiao.com/)"
216.244.66.203 - - [28/May/2023:07:45:10 +0200] "GET /robots.txt HTTP/1.1" 404 1181 "-" "Mozilla/5.0 (compatible; DotBot/1.2; +https://opensiteexplorer.org/dotbot; help@moz.com)"
216.244.66.203 - - [28/May/2023:07:58:44 +0200] "GET /pmwiki/pmwiki.php/Main/Id%E9nNemLeszDirekt%EDva?action=edit HTTP/1.1" 200 12645 "-" "Mozilla/5.0 (compatible; DotBot/1.2; +https://opensiteexplorer.org/dotbot; help@moz.com)"
40.77.167.81 - - [28/May/2023:08:03:46 +0200] "GET / HTTP/1.1" 302 5 "-" "Mozilla/5.0 AppleWebKit/537.36 (KHTML, like Gecko; compatible; bingbot/2.0; +http://www.bing.com/bingbot.htm) Chrome/103.0.5060.134 Safari/537.36"
216.244.66.203 - - [28/May/2023:08:03:47 +0200] "GET /pmwiki/pmwiki.php/PmWiki/WikiWikiWeb?action=print HTTP/1.1" 200 6457 "-" "Mozilla/5.0 (compatible; DotBot/1.2; +https://opensiteexplorer.org/dotbot; help@moz.com)"
216.244.66.203 - - [28/May/2023:08:04:41 +0200] "GET /pmwiki/pmwiki.php/PmWiki/ChangesFromPmWiki1?action=upload HTTP/1.1" 200 12475 "-" "Mozilla/5.0 (compatible; DotBot/1.2; +https://opensiteexplorer.org/dotbot; help@moz.com)"
216.244.66.203 - - [28/May/2023:08:05:29 +0200] "GET /pmwiki/pmwiki.php/Main/Fsn?action=print HTTP/1.1" 200 4713 "-" "Mozilla/5.0 (compatible; DotBot/1.2; +https://opensiteexplorer.org/dotbot; help@moz.com)"
216.244.66.203 - - [28/May/2023:08:07:06 +0200] "GET /pmwiki/pmwiki.php/Main/GatesMegzsaroltaD%E1ni%E1t?action=print HTTP/1.1" 200 3221 "-" "Mozilla/5.0 (compatible; DotBot/1.2; +https://opensiteexplorer.org/dotbot; help@moz.com)"
216.244.66.203 - - [28/May/2023:08:07:52 +0200] "GET /pmwiki/pmwiki.php/Main/2005M%E1jus?action=diff HTTP/1.1" 200 16708 "-" "Mozilla/5.0 (compatible; DotBot/1.2; +https://opensiteexplorer.org/dotbot; help@moz.com)"
216.244.66.203 - - [28/May/2023:08:09:26 +0200] "GET /pmwiki/pmwiki.php/PmWiki/UpgradingFromPmWiki1?action=edit HTTP/1.1" 200 12628 "-" "Mozilla/5.0 (compatible; DotBot/1.2; +https://opensiteexplorer.org/dotbot; help@moz.com)"
216.244.66.203 - - [28/May/2023:08:09:31 +0200] "GET /pmwiki/pmwiki.php/PmWiki/WikiSandbox?action=edit HTTP/1.1" 200 12483 "-" "Mozilla/5.0 (compatible; DotBot/1.2; +https://opensiteexplorer.org/dotbot; help@moz.com)"
216.244.66.203 - - [28/May/2023:08:10:01 +0200] "GET /pmwiki/pmwiki.php/Profiles/Df?action=diff HTTP/1.1" 200 12764 "-" "Mozilla/5.0 (compatible; DotBot/1.2; +https://opensiteexplorer.org/dotbot; help@moz.com)"
49.12.13.109 - - [28/May/2023:08:15:50 +0200] "HEAD /pmwiki/pmwiki.php HTTP/1.1" 200 0 "-" "Alert_Alligator_webmonitoring_service_1.6.4_(alertalligator.com)"
49.12.13.109 - - [28/May/2023:08:48:38 +0200] "HEAD /pmwiki/pmwiki.php HTTP/1.1" 200 0 "-" "Alert_Alligator_webmonitoring_service_1.6.4_(alertalligator.com)"
49.12.13.109 - - [28/May/2023:09:48:02 +0200] "HEAD /pmwiki/pmwiki.php HTTP/1.1" 200 0 "-" "Alert_Alligator_webmonitoring_service_1.6.3_(alertalligator.com)"
216.244.66.203 - - [28/May/2023:10:12:11 +0200] "GET /robots.txt HTTP/1.1" 404 1181 "-" "Mozilla/5.0 (compatible; DotBot/1.2; +https://opensiteexplorer.org/dotbot; help@moz.com)"
216.244.66.203 - - [28/May/2023:10:26:59 +0200] "GET /pmwiki/pmwiki.php/Main/Cikkek?action=edit&restore=diff:1120166980:1119882422:minor&preview=y HTTP/1.1" 200 12422 "-" "Mozilla/5.0 (compatible; DotBot/1.2; +https://opensiteexplorer.org/dotbot; help@moz.com)"
216.244.66.203 - - [28/May/2023:10:27:14 +0200] "GET /pmwiki/pmwiki.php/Main/Cikkek?action=edit&restore=diff:1137588706:1128687334:minor&preview=y HTTP/1.1" 200 12422 "-" "Mozilla/5.0 (compatible; DotBot/1.2; +https://opensiteexplorer.org/dotbot; help@moz.com)"
212.237.51.151 - - [28/May/2023:10:29:24 +0200] "HEAD /pmwiki/pmwiki.php HTTP/1.1" 200 0 "-" "Alert_Alligator_webmonitoring_service_1.6.4_(alertalligator.com)"
114.119.139.205 - - [28/May/2023:11:13:43 +0200] "GET /pmwiki/pmwiki.php/PmWiki/PmWiki?action=diff HTTP/1.1" 200 457953 "http://swpat.zpok.hu/pmwiki/pmwiki.php/PmWiki/PmWiki" "Mozilla/5.0 (Linux; Android 7.0;) AppleWebKit/537.36 (KHTML, like Gecko) Mobile Safari/537.36 (compatible; PetalBot;+https://webmaster.petalsearch.com/site/petalbot)"
114.119.143.145 - - [28/May/2023:11:22:29 +0200] "GET /pmwiki/pmwiki.php/Main/ThankYouPoland?action=upload HTTP/1.1" 200 12375 "http://swpat.zpok.hu/pmwiki/pmwiki.php/Main/ThankYouPoland" "Mozilla/5.0 (Linux; Android 7.0;) AppleWebKit/537.36 (KHTML, like Gecko) Mobile Safari/537.36 (compatible; PetalBot;+https://webmaster.petalsearch.com/site/petalbot)"
49.12.13.109 - - [28/May/2023:11:29:09 +0200] "HEAD /pmwiki/pmwiki.php HTTP/1.1" 200 0 "-" "Alert_Alligator_webmonitoring_service_1.6.3_(alertalligator.com)"
114.119.155.36 - - [28/May/2023:11:30:38 +0200] "GET /pmwiki/pmwiki.php/Main/2003M%E1jusiNyilatkozat?action=upload HTTP/1.1" 200 12514 "http://swpat.zpok.hu/pmwiki/pmwiki.php/Main/2003M%e1jusiNyilatkozat" "Mozilla/5.0 (Linux; Android 7.0;) AppleWebKit/537.36 (KHTML, like Gecko) Mobile Safari/537.36 (compatible; PetalBot;+https://webmaster.petalsearch.com/site/petalbot)"
216.244.66.203 - - [28/May/2023:11:49:43 +0200] "GET /robots.txt HTTP/1.1" 404 1181 "-" "Mozilla/5.0 (compatible; DotBot/1.2; +https://opensiteexplorer.org/dotbot; help@moz.com)"
216.244.66.203 - - [28/May/2023:12:06:05 +0200] "GET /pmwiki/pmwiki.php/Main/Minimum?action=edit&restore=diff:1120337421:1120336117:minor&preview=y HTTP/1.1" 200 12433 "-" "Mozilla/5.0 (compatible; DotBot/1.2; +https://opensiteexplorer.org/dotbot; help@moz.com)"
49.12.13.109 - - [28/May/2023:12:28:19 +0200] "HEAD /pmwiki/pmwiki.php HTTP/1.1" 200 0 "-" "Alert_Alligator_webmonitoring_service_1.6.3_(alertalligator.com)"
49.12.13.109 - - [28/May/2023:13:27:21 +0200] "HEAD /pmwiki/pmwiki.php HTTP/1.1" 200 0 "-" "Alert_Alligator_webmonitoring_service_1.6.3_(alertalligator.com)"
135.181.180.59 - - [28/May/2023:13:47:41 +0200] "GET /robots.txt HTTP/1.1" 404 1181 "-" "Mozilla/5.0 (compatible; MJ12bot/v1.4.8; http://mj12bot.com/)"
135.181.180.59 - - [28/May/2023:13:47:43 +0200] "GET /pmwiki/pmwiki.php?action=edit HTTP/1.1" 403 30 "-" "Mozilla/5.0 (compatible; MJ12bot/v1.4.8; http://mj12bot.com/)"
54.36.148.25 - - [28/May/2023:14:10:54 +0200] "GET /robots.txt HTTP/1.1" 404 1181 "-" "Mozilla/5.0 (compatible; AhrefsBot/7.0; +http://ahrefs.com/robot/)"
54.36.148.243 - - [28/May/2023:14:10:55 +0200] "GET /pmwiki/pmwiki.php/Main/MiADRM?action=upload HTTP/1.1" 200 12246 "-" "Mozilla/5.0 (compatible; AhrefsBot/7.0; +http://ahrefs.com/robot/)"
49.12.13.109 - - [28/May/2023:14:26:27 +0200] "HEAD /pmwiki/pmwiki.php HTTP/1.1" 200 0 "-" "Alert_Alligator_webmonitoring_service_1.6.3_(alertalligator.com)"
87.250.224.203 - - [28/May/2023:14:54:06 +0200] "GET /robots.txt HTTP/1.1" 404 1181 "-" "Mozilla/5.0 (compatible; YandexBot/3.0; +http://yandex.com/bots)"
87.250.224.244 - - [28/May/2023:14:54:07 +0200] "GET /pmwiki/pmwiki.php/PmWiki/ReleaseNotes HTTP/1.1" 200 29978 "-" "Mozilla/5.0 (compatible; YandexBot/3.0; +http://yandex.com/bots)"
212.237.51.151 - - [28/May/2023:15:08:26 +0200] "HEAD /pmwiki/pmwiki.php HTTP/1.1" 200 0 "-" "Alert_Alligator_webmonitoring_service_1.6.4_(alertalligator.com)"
111.225.148.47 - - [28/May/2023:15:19:15 +0200] "GET /robots.txt HTTP/1.1" 404 1181 "-" "Mozilla/5.0 (Linux; Android 5.0) AppleWebKit/537.36 (KHTML, like Gecko) Mobile Safari/537.36 (compatible; Bytespider; https://zhanzhang.toutiao.com/)"
49.12.13.109 - - [28/May/2023:16:07:28 +0200] "HEAD /pmwiki/pmwiki.php HTTP/1.1" 200 0 "-" "Alert_Alligator_webmonitoring_service_1.6.3_(alertalligator.com)"
17.241.227.36 - - [28/May/2023:16:21:15 +0200] "GET /robots.txt HTTP/1.1" 404 1181 "-" "Mozilla/5.0 (Macintosh; Intel Mac OS X 10_15_5) AppleWebKit/605.1.15 (KHTML, like Gecko) Version/13.1.1 Safari/605.1.15 (Applebot/0.1; +http://www.apple.com/go/applebot)"
17.241.227.36 - - [28/May/2023:16:21:16 +0200] "GET /pmwiki/pmwiki.php/PmWiki/ChangeLog HTTP/1.1" 200 44191 "-" "Mozilla/5.0 (Macintosh; Intel Mac OS X 10_15_5) AppleWebKit/605.1.15 (KHTML, like Gecko) Version/13.1.1 Safari/605.1.15 (Applebot/0.1; +http://www.apple.com/go/applebot)"
85.208.136.198 - - [28/May/2023:17:04:38 +0200] "GET / HTTP/1.1" 302 5 "www.google.com" "Mozlila/5.0 (Linux; Android 7.0; SM-G892A Bulid/NRD90M; wv) AppleWebKit/537.36 (KHTML, like Gecko) Version/4.0 Chrome/60.0.3112.107 Moblie Safari/537.36"
85.208.136.198 - - [28/May/2023:17:04:38 +0200] "GET /pmwiki/pmwiki.php HTTP/1.1" 200 37269 "www.google.com" "Mozlila/5.0 (Linux; Android 7.0; SM-G892A Bulid/NRD90M; wv) AppleWebKit/537.36 (KHTML, like Gecko) Version/4.0 Chrome/60.0.3112.107 Moblie Safari/537.36"
77.75.79.62 - - [28/May/2023:17:05:40 +0200] "GET /robots.txt HTTP/1.1" 404 1181 "-" "Mozilla/5.0 (compatible; SeznamBot/4.0; +http://napoveda.seznam.cz/seznambot-intro/)"
77.75.79.62 - - [28/May/2023:17:05:40 +0200] "GET /pmwiki/pmwiki.php/PmWiki/ChangesFromPmWiki1 HTTP/1.1" 200 19777 "-" "Mozilla/5.0 (compatible; SeznamBot/4.0; +http://napoveda.seznam.cz/seznambot-intro/)"
49.12.13.109 - - [28/May/2023:17:06:32 +0200] "HEAD /pmwiki/pmwiki.php HTTP/1.1" 200 0 "-" "Alert_Alligator_webmonitoring_service_1.6.3_(alertalligator.com)"
49.12.13.109 - - [28/May/2023:18:05:40 +0200] "HEAD /pmwiki/pmwiki.php HTTP/1.1" 200 0 "-" "Alert_Alligator_webmonitoring_service_1.6.3_(alertalligator.com)"
110.249.202.165 - - [28/May/2023:18:22:38 +0200] "GET /robots.txt HTTP/1.1" 404 1181 "-" "Mozilla/5.0 (Linux; Android 5.0) AppleWebKit/537.36 (KHTML, like Gecko) Mobile Safari/537.36 (compatible; Bytespider; https://zhanzhang.toutiao.com/)"
212.237.53.115 - - [28/May/2023:19:01:03 +0200] "HEAD /pmwiki/pmwiki.php HTTP/1.1" 200 0 "-" "Alert_Alligator_webmonitoring_service_1.6.4_(alertalligator.com)"
40.77.167.81 - - [28/May/2023:19:32:30 +0200] "GET /pmwiki/pmwiki.php/Main/H%EDrek HTTP/1.1" 200 15050 "-" "Mozilla/5.0 AppleWebKit/537.36 (KHTML, like Gecko; compatible; bingbot/2.0; +http://www.bing.com/bingbot.htm) Chrome/103.0.5060.134 Safari/537.36"
54.36.149.76 - - [28/May/2023:19:39:09 +0200] "GET /pmwiki/pmwiki.php/Main/HomePage HTTP/1.1" 200 37269 "-" "Mozilla/5.0 (compatible; AhrefsBot/7.0; +http://ahrefs.com/robot/)"
49.12.13.109 - - [28/May/2023:20:02:10 +0200] "HEAD /pmwiki/pmwiki.php HTTP/1.1" 200 0 "-" "Alert_Alligator_webmonitoring_service_1.6.3_(alertalligator.com)"
216.244.66.203 - - [28/May/2023:20:39:59 +0200] "GET /robots.txt HTTP/1.1" 404 1181 "-" "Mozilla/5.0 (compatible; DotBot/1.2; +https://opensiteexplorer.org/dotbot; help@moz.com)"
216.244.66.203 - - [28/May/2023:20:43:28 +0200] "GET /pmwiki/pmwiki.php/PmWiki/InitialSetupTasks HTTP/1.1" 200 15628 "-" "Mozilla/5.0 (compatible; DotBot/1.2; +https://opensiteexplorer.org/dotbot; help@moz.com)"
216.244.66.203 - - [28/May/2023:20:43:32 +0200] "GET /pmwiki/pmwiki.php/PmWiki/AuthorTracking HTTP/1.1" 200 13641 "-" "Mozilla/5.0 (compatible; DotBot/1.2; +https://opensiteexplorer.org/dotbot; help@moz.com)"
216.244.66.203 - - [28/May/2023:20:51:52 +0200] "GET /pmwiki/pmwiki.php/Main/Marc08essay?action=print HTTP/1.1" 200 9200 "-" "Mozilla/5.0 (compatible; DotBot/1.2; +https://opensiteexplorer.org/dotbot; help@moz.com)"
216.244.66.203 - - [28/May/2023:20:53:05 +0200] "GET /pmwiki/pmwiki.php/Main/MiADRM?action=upload&upname=wiki.png HTTP/1.1" 200 12262 "-" "Mozilla/5.0 (compatible; DotBot/1.2; +https://opensiteexplorer.org/dotbot; help@moz.com)"
216.244.66.203 - - [28/May/2023:20:56:47 +0200] "GET /pmwiki/pmwiki.php/Main/JogiOldal?action=edit HTTP/1.1" 200 12418 "-" "Mozilla/5.0 (compatible; DotBot/1.2; +https://opensiteexplorer.org/dotbot; help@moz.com)"
216.244.66.203 - - [28/May/2023:21:03:22 +0200] "GET /pmwiki/pmwiki.php/Main/Feb09PR?action=print HTTP/1.1" 200 5713 "-" "Mozilla/5.0 (compatible; DotBot/1.2; +https://opensiteexplorer.org/dotbot; help@moz.com)"
216.244.66.203 - - [28/May/2023:21:05:27 +0200] "GET /pmwiki/pmwiki.php/Main/2004Augusztus18?action=edit HTTP/1.1" 200 12510 "-" "Mozilla/5.0 (compatible; DotBot/1.2; +https://opensiteexplorer.org/dotbot; help@moz.com)"
216.244.66.203 - - [28/May/2023:21:05:30 +0200] "GET /pmwiki/pmwiki.php/Main/2004Augusztus5?action=diff HTTP/1.1" 200 16408 "-" "Mozilla/5.0 (compatible; DotBot/1.2; +https://opensiteexplorer.org/dotbot; help@moz.com)"
216.244.66.203 - - [28/May/2023:21:05:42 +0200] "GET /pmwiki/pmwiki.php/Main/Power?action=edit HTTP/1.1" 200 12354 "-" "Mozilla/5.0 (compatible; DotBot/1.2; +https://opensiteexplorer.org/dotbot; help@moz.com)"
216.244.66.203 - - [28/May/2023:21:06:29 +0200] "GET /pmwiki/pmwiki.php/PmWiki/LayoutVariables?action=diff HTTP/1.1" 200 12964 "-" "Mozilla/5.0 (compatible; DotBot/1.2; +https://opensiteexplorer.org/dotbot; help@moz.com)"
212.237.53.115 - - [28/May/2023:21:36:46 +0200] "HEAD /pmwiki/pmwiki.php HTTP/1.1" 200 0 "-" "Alert_Alligator_webmonitoring_service_1.6.4_(alertalligator.com)"
129.226.203.198 - - [28/May/2023:22:28:12 +0200] "GET /repeater.php HTTP/1.1" 404 1181 "-" "Go-http-client/1.1"
49.12.13.109 - - [28/May/2023:23:13:19 +0200] "HEAD /pmwiki/pmwiki.php HTTP/1.1" 200 0 "-" "Alert_Alligator_webmonitoring_service_1.6.3_(alertalligator.com)"
129.226.203.198 - - [28/May/2023:23:47:10 +0200] "GET /repeater.php HTTP/1.1" 404 1181 "-" "Go-http-client/1.1"
54.36.148.252 - - [29/May/2023:00:19:20 +0200] "GET /pmwiki/pmwiki.php/Main/C%E9lok HTTP/1.1" 200 12698 "-" "Mozilla/5.0 (compatible; AhrefsBot/7.0; +http://ahrefs.com/robot/)"
100.26.127.17 - - [29/May/2023:00:41:47 +0200] "GET /robots.txt HTTP/1.1" 404 1181 "-" "Mozilla/5.0 (compatible; Neevabot/1.0; +https://neeva.com/neevabot)"
212.237.23.143 - - [29/May/2023:00:42:28 +0200] "HEAD /pmwiki/pmwiki.php HTTP/1.1" 200 0 "-" "Alert_Alligator_webmonitoring_service_1.6.4_(alertalligator.com)"
54.36.148.56 - - [29/May/2023:01:09:17 +0200] "GET /pmwiki/pmwiki.php/Main/Tud%E1smonop%F3lium HTTP/1.1" 200 16773 "-" "Mozilla/5.0 (compatible; AhrefsBot/7.0; +http://ahrefs.com/robot/)"
54.36.148.187 - - [29/May/2023:01:50:38 +0200] "GET /pmwiki/pmwiki.php/Main/Bitem0304?action=print HTTP/1.1" 200 8100 "-" "Mozilla/5.0 (compatible; AhrefsBot/7.0; +http://ahrefs.com/robot/)"
49.12.13.109 - - [29/May/2023:02:00:49 +0200] "HEAD /pmwiki/pmwiki.php HTTP/1.1" 200 0 "-" "Alert_Alligator_webmonitoring_service_1.6.3_(alertalligator.com)"
129.226.203.198 - - [29/May/2023:02:04:21 +0200] "GET /repeater.php HTTP/1.1" 404 1181 "-" "Go-http-client/1.1"
216.244.66.203 - - [29/May/2023:02:20:10 +0200] "GET /robots.txt HTTP/1.1" 404 1181 "-" "Mozilla/5.0 (compatible; DotBot/1.2; +https://opensiteexplorer.org/dotbot; help@moz.com)"
216.244.66.203 - - [29/May/2023:02:53:22 +0200] "GET /pmwiki/pmwiki.php/Main/Direkt%EDva?action=edit&restore=diff:1122898677:1122891683:minor&preview=y HTTP/1.1" 200 12497 "-" "Mozilla/5.0 (compatible; DotBot/1.2; +https://opensiteexplorer.org/dotbot; help@moz.com)"
216.244.66.203 - - [29/May/2023:02:53:28 +0200] "GET /pmwiki/pmwiki.php/Main/K%F6zlem%E9nye?action=edit&restore=diff:1119252666:1119252666:minor&preview=y HTTP/1.1" 200 12537 "-" "Mozilla/5.0 (compatible; DotBot/1.2; +https://opensiteexplorer.org/dotbot; help@moz.com)"
5.255.231.64 - - [29/May/2023:03:19:48 +0200] "GET /robots.txt HTTP/1.1" 404 1181 "-" "Mozilla/5.0 (compatible; YandexBot/3.0; +http://yandex.com/bots)"
213.180.203.165 - - [29/May/2023:03:19:48 +0200] "GET /pmwiki/pmwiki.php/Main/MiADRM HTTP/1.1" 200 12869 "-" "Mozilla/5.0 (compatible; YandexBot/3.0; +http://yandex.com/bots)"
212.237.53.115 - - [29/May/2023:03:21:30 +0200] "HEAD /pmwiki/pmwiki.php HTTP/1.1" 200 0 "-" "Alert_Alligator_webmonitoring_service_1.6.4_(alertalligator.com)"
51.222.253.14 - - [29/May/2023:03:22:55 +0200] "GET /robots.txt HTTP/1.1" 404 1181 "-" "Mozilla/5.0 (compatible; AhrefsBot/7.0; +http://ahrefs.com/robot/)"
54.36.148.196 - - [29/May/2023:03:22:57 +0200] "GET /pmwiki/pmwiki.php/Main/Cikkek HTTP/1.1" 200 66799 "-" "Mozilla/5.0 (compatible; AhrefsBot/7.0; +http://ahrefs.com/robot/)"
54.36.148.151 - - [29/May/2023:04:06:49 +0200] "GET /pmwiki/pmwiki.php/Main/AdelphiAlapokm%E1ny?action=edit HTTP/1.1" 200 12573 "-" "Mozilla/5.0 (compatible; AhrefsBot/7.0; +http://ahrefs.com/robot/)"
212.237.53.115 - - [29/May/2023:04:44:29 +0200] "HEAD /pmwiki/pmwiki.php HTTP/1.1" 200 0 "-" "Alert_Alligator_webmonitoring_service_1.6.4_(alertalligator.com)"
212.237.23.143 - - [29/May/2023:06:00:13 +0200] "HEAD /pmwiki/pmwiki.php HTTP/1.1" 200 0 "-" "Alert_Alligator_webmonitoring_service_1.6.4_(alertalligator.com)"
77.75.79.62 - - [29/May/2023:06:10:13 +0200] "GET /pmwiki/pmwiki.php/Main/Ipr HTTP/1.1" 200 13258 "-" "Mozilla/5.0 (compatible; SeznamBot/4.0; +http://napoveda.seznam.cz/seznambot-intro/)"
212.237.53.115 - - [29/May/2023:07:25:05 +0200] "HEAD /pmwiki/pmwiki.php HTTP/1.1" 200 0 "-" "Alert_Alligator_webmonitoring_service_1.6.4_(alertalligator.com)"
216.244.66.203 - - [29/May/2023:08:03:25 +0200] "GET /robots.txt HTTP/1.1" 404 1181 "-" "Mozilla/5.0 (compatible; DotBot/1.2; +https://opensiteexplorer.org/dotbot; help@moz.com)"
110.249.202.201 - - [29/May/2023:08:13:32 +0200] "GET /robots.txt HTTP/1.1" 404 1181 "-" "Mozilla/5.0 (Linux; Android 5.0) AppleWebKit/537.36 (KHTML, like Gecko) Mobile Safari/537.36 (compatible; Bytespider; https://zhanzhang.toutiao.com/)"
216.244.66.203 - - [29/May/2023:08:31:22 +0200] "GET /pmwiki/pmwiki.php/Main/Tud%E1smonop%F3lium?action=edit&restore=diff:1122370082:1122370066:minor&preview=y HTTP/1.1" 200 12617 "-" "Mozilla/5.0 (compatible; DotBot/1.2; +https://opensiteexplorer.org/dotbot; help@moz.com)"
111.225.149.181 - - [29/May/2023:08:38:50 +0200] "GET /robots.txt HTTP/1.1" 404 1181 "-" "Mozilla/5.0 (Linux; Android 5.0) AppleWebKit/537.36 (KHTML, like Gecko) Mobile Safari/537.36 (compatible; Bytespider; https://zhanzhang.toutiao.com/)"
183.12.100.228 - - [29/May/2023:08:45:58 +0200] "GET / HTTP/1.1" 302 5 "http://swpat.zpok.hu/" "Mozilla/5.0 (Windows NT 6.1) AppleWebKit/537.36 (KHTML, like Gecko) Chrome/58.0.2964.84 Safari/537.36"
183.12.100.228 - - [29/May/2023:08:46:00 +0200] "GET /pmwiki/pmwiki.php HTTP/1.1" 200 37269 "http://swpat.zpok.hu/" "Mozilla/5.0 (Windows NT 6.1) AppleWebKit/537.36 (KHTML, like Gecko) Chrome/58.0.2964.84 Safari/537.36"
212.237.23.143 - - [29/May/2023:08:58:30 +0200] "HEAD /pmwiki/pmwiki.php HTTP/1.1" 200 0 "-" "Alert_Alligator_webmonitoring_service_1.6.4_(alertalligator.com)"
40.77.167.81 - - [29/May/2023:09:33:30 +0200] "GET / HTTP/1.1" 302 5 "-" "Mozilla/5.0 AppleWebKit/537.36 (KHTML, like Gecko; compatible; bingbot/2.0; +http://www.bing.com/bingbot.htm) Chrome/103.0.5060.134 Safari/537.36"
212.237.23.143 - - [29/May/2023:09:51:29 +0200] "HEAD /pmwiki/pmwiki.php HTTP/1.1" 200 0 "-" "Alert_Alligator_webmonitoring_service_1.6.4_(alertalligator.com)"
54.36.148.196 - - [29/May/2023:10:36:23 +0200] "GET /pmwiki/pmwiki.php/Main/FAQ HTTP/1.1" 200 17652 "-" "Mozilla/5.0 (compatible; AhrefsBot/7.0; +http://ahrefs.com/robot/)"
173.44.51.5 - - [29/May/2023:10:45:46 +0200] "GET / HTTP/1.1" 302 5 "-" "Mozilla/5.0 (Linux; U; Android 4.4.2; en-US; HM NOTE 1W Build/KOT49H) AppleWebKit/534.30 (KHTML, like Gecko) Version/4.0 UCBrowser/11.0.5.850 U3/0.8.0 Mobile Safari/534.30"
173.44.51.5 - - [29/May/2023:10:45:47 +0200] "GET /.env HTTP/1.1" 404 1181 "-" "Mozilla/5.0 (Linux; U; Android 4.4.2; en-US; HM NOTE 1W Build/KOT49H) AppleWebKit/534.30 (KHTML, like Gecko) Version/4.0 UCBrowser/11.0.5.850 U3/0.8.0 Mobile Safari/534.30"
173.44.51.5 - - [29/May/2023:10:45:47 +0200] "POST / HTTP/1.1" 302 5 "-" "Mozilla/5.0 (Linux; U; Android 4.4.2; en-US; HM NOTE 1W Build/KOT49H) AppleWebKit/534.30 (KHTML, like Gecko) Version/4.0 UCBrowser/11.0.5.850 U3/0.8.0 Mobile Safari/534.30"
173.44.51.5 - - [29/May/2023:10:45:48 +0200] "GET /_profiler/phpinfo HTTP/1.1" 404 1181 "-" "Mozilla/5.0 (Linux; U; Android 4.4.2; en-US; HM NOTE 1W Build/KOT49H) AppleWebKit/534.30 (KHTML, like Gecko) Version/4.0 UCBrowser/11.0.5.850 U3/0.8.0 Mobile Safari/534.30"
173.44.51.5 - - [29/May/2023:10:45:49 +0200] "GET /debug/default/view?panel=config HTTP/1.1" 404 1181 "-" "Mozilla/5.0 (Linux; U; Android 4.4.2; en-US; HM NOTE 1W Build/KOT49H) AppleWebKit/534.30 (KHTML, like Gecko) Version/4.0 UCBrowser/11.0.5.850 U3/0.8.0 Mobile Safari/534.30"
173.44.51.5 - - [29/May/2023:10:45:49 +0200] "GET /config.json HTTP/1.1" 404 1181 "-" "Mozilla/5.0 (Linux; U; Android 4.4.2; en-US; HM NOTE 1W Build/KOT49H) AppleWebKit/534.30 (KHTML, like Gecko) Version/4.0 UCBrowser/11.0.5.850 U3/0.8.0 Mobile Safari/534.30"
49.12.13.109 - - [29/May/2023:10:50:43 +0200] "HEAD /pmwiki/pmwiki.php HTTP/1.1" 200 0 "-" "Alert_Alligator_webmonitoring_service_1.6.3_(alertalligator.com)"
54.36.148.229 - - [29/May/2023:10:52:13 +0200] "GET /pmwiki/pmwiki.php/Main/AdelphiAlapokm%E1ny?action=print HTTP/1.1" 200 6473 "-" "Mozilla/5.0 (compatible; AhrefsBot/7.0; +http://ahrefs.com/robot/)"
66.249.64.216 - - [29/May/2023:11:08:35 +0200] "GET /robots.txt HTTP/1.1" 404 1181 "-" "Mozilla/5.0 (compatible; Googlebot/2.1; +http://www.google.com/bot.html)"
66.249.64.216 - - [29/May/2023:11:08:36 +0200] "GET /favicon.ico HTTP/1.1" 404 1181 "-" "Googlebot-Image/1.0"
54.36.148.8 - - [29/May/2023:11:10:47 +0200] "GET /pmwiki/pmwiki.php/Main/AdelphiAlapokm%E1ny?action=upload HTTP/1.1" 200 12453 "-" "Mozilla/5.0 (compatible; AhrefsBot/7.0; +http://ahrefs.com/robot/)"
89.248.206.224 - - [29/May/2023:11:26:56 +0200] "GET /wp-content/plugins/mstore-api/assets/js/mstore-inspireui.js HTTP/1.1" 404 1181 "-" "Mozilla/5.0 (iPhone; CPU iPhone OS 13_7 like Mac OS X) AppleWebKit/605.1.15 (KHTML, like Gecko) Version/13.1.2 Mobile/15E148 Safari/604.1"
17.241.227.72 - - [29/May/2023:11:40:43 +0200] "GET /pmwiki/pmwiki.php HTTP/1.1" 200 37269 "-" "Mozilla/5.0 (Macintosh; Intel Mac OS X 10_15_5) AppleWebKit/605.1.15 (KHTML, like Gecko) Version/13.1.1 Safari/605.1.15 (Applebot/0.1; +http://www.apple.com/go/applebot)"
49.12.13.109 - - [29/May/2023:11:49:45 +0200] "HEAD /pmwiki/pmwiki.php HTTP/1.1" 200 0 "-" "Alert_Alligator_webmonitoring_service_1.6.3_(alertalligator.com)"
54.36.148.211 - - [29/May/2023:11:54:34 +0200] "GET /pmwiki/pmwiki.php/Main HTTP/1.1" 302 186 "-" "Mozilla/5.0 (compatible; AhrefsBot/7.0; +http://ahrefs.com/robot/)"
17.22.253.174 - - [29/May/2023:12:00:55 +0200] "GET /pmwiki/pub/skins/gila/gila.css HTTP/1.1" 200 8887 "http://swpat.zpok.hu/pmwiki/pmwiki.php" "Mozilla/5.0 (Macintosh; Intel Mac OS X 10_15_5) AppleWebKit/605.1.15 (KHTML, like Gecko) Version/13.1.1 Safari/605.1.15 (Applebot/0.1; +http://www.apple.com/go/applebot)"
212.237.51.151 - - [29/May/2023:12:29:29 +0200] "HEAD /pmwiki/pmwiki.php HTTP/1.1" 200 0 "-" "Alert_Alligator_webmonitoring_service_1.6.4_(alertalligator.com)"
216.244.66.203 - - [29/May/2023:12:44:51 +0200] "GET /robots.txt HTTP/1.1" 404 1181 "-" "Mozilla/5.0 (compatible; DotBot/1.2; +https://opensiteexplorer.org/dotbot; help@moz.com)"
49.12.13.109 - - [29/May/2023:12:58:56 +0200] "HEAD /pmwiki/pmwiki.php HTTP/1.1" 200 0 "-" "Alert_Alligator_webmonitoring_service_1.6.4_(alertalligator.com)"
54.36.148.242 - - [29/May/2023:13:06:29 +0200] "GET /pmwiki/pmwiki.php HTTP/1.1" 200 37269 "-" "Mozilla/5.0 (compatible; AhrefsBot/7.0; +http://ahrefs.com/robot/)"
216.244.66.203 - - [29/May/2023:13:15:05 +0200] "GET /pmwiki/pmwiki.php/Main/HomePage?action=edit&restore=diff:1118862872:1118862694:minor&preview=y HTTP/1.1" 200 12452 "-" "Mozilla/5.0 (compatible; DotBot/1.2; +https://opensiteexplorer.org/dotbot; help@moz.com)"
216.244.66.203 - - [29/May/2023:13:15:13 +0200] "GET /pmwiki/pmwiki.php/Main/HomePage?action=edit&restore=diff:1120223814:1120222412:minor&preview=y HTTP/1.1" 200 12452 "-" "Mozilla/5.0 (compatible; DotBot/1.2; +https://opensiteexplorer.org/dotbot; help@moz.com)"
49.12.13.109 - - [29/May/2023:13:58:02 +0200] "HEAD /pmwiki/pmwiki.php HTTP/1.1" 200 0 "-" "Alert_Alligator_webmonitoring_service_1.6.3_(alertalligator.com)"
114.119.159.86 - - [29/May/2023:14:33:03 +0200] "GET /pmwiki/pmwiki.php/Main/ThankYouPoland?action=print HTTP/1.1" 200 4332 "http://swpat.zpok.hu/pmwiki/pmwiki.php/Main/ThankYouPoland" "Mozilla/5.0 (Linux; Android 7.0;) AppleWebKit/537.36 (KHTML, like Gecko) Mobile Safari/537.36 (compatible; PetalBot;+https://webmaster.petalsearch.com/site/petalbot)"
54.36.148.89 - - [29/May/2023:14:49:49 +0200] "GET /pmwiki/pmwiki.php/Main/Bitem0304?action=diff HTTP/1.1" 200 28044 "-" "Mozilla/5.0 (compatible; AhrefsBot/7.0; +http://ahrefs.com/robot/)"
49.12.13.109 - - [29/May/2023:14:57:12 +0200] "HEAD /pmwiki/pmwiki.php HTTP/1.1" 200 0 "-" "Alert_Alligator_webmonitoring_service_1.6.3_(alertalligator.com)"
212.237.51.151 - - [29/May/2023:15:39:22 +0200] "HEAD /pmwiki/pmwiki.php HTTP/1.1" 200 0 "-" "Alert_Alligator_webmonitoring_service_1.6.4_(alertalligator.com)"
54.36.148.140 - - [29/May/2023:15:39:34 +0200] "GET /robots.txt HTTP/1.1" 404 1181 "-" "Mozilla/5.0 (compatible; AhrefsBot/7.0; +http://ahrefs.com/robot/)"
54.36.148.196 - - [29/May/2023:15:39:39 +0200] "GET /pmwiki/pmwiki.php/Main/CenZored HTTP/1.1" 200 15129 "-" "Mozilla/5.0 (compatible; AhrefsBot/7.0; +http://ahrefs.com/robot/)"
216.244.66.203 - - [29/May/2023:15:56:40 +0200] "GET /robots.txt HTTP/1.1" 404 1181 "-" "Mozilla/5.0 (compatible; DotBot/1.2; +https://opensiteexplorer.org/dotbot; help@moz.com)"
54.36.148.9 - - [29/May/2023:16:11:28 +0200] "GET /pmwiki/pmwiki.php/Main/HomePage?action=diff HTTP/1.1" 200 115393 "-" "Mozilla/5.0 (compatible; AhrefsBot/7.0; +http://ahrefs.com/robot/)"
216.244.66.203 - - [29/May/2023:16:12:02 +0200] "GET /pmwiki/pmwiki.php/PmWiki/Links?action=upload&upname=wiki.png HTTP/1.1" 200 12283 "-" "Mozilla/5.0 (compatible; DotBot/1.2; +https://opensiteexplorer.org/dotbot; help@moz.com)"
216.244.66.203 - - [29/May/2023:16:15:00 +0200] "GET /pmwiki/pmwiki.php/Main/HomePage?action=edit&restore=diff:1110468970:1109325560:&preview=y HTTP/1.1" 200 12447 "-" "Mozilla/5.0 (compatible; DotBot/1.2; +https://opensiteexplorer.org/dotbot; help@moz.com)"
66.249.64.214 - - [29/May/2023:16:24:19 +0200] "GET /pmwiki/pmwiki.php/Main/Comission-negatesDemocracy?action=upload HTTP/1.1" 403 30 "-" "Mozilla/5.0 (Linux; Android 6.0.1; Nexus 5X Build/MMB29P) AppleWebKit/537.36 (KHTML, like Gecko) Chrome/113.0.5672.126 Mobile Safari/537.36 (compatible; Googlebot/2.1; +http://www.google.com/bot.html)"
212.237.23.143 - - [29/May/2023:16:35:31 +0200] "HEAD /pmwiki/pmwiki.php HTTP/1.1" 200 0 "-" "Alert_Alligator_webmonitoring_service_1.6.4_(alertalligator.com)"
216.244.66.203 - - [29/May/2023:16:43:47 +0200] "GET /robots.txt HTTP/1.1" 404 1181 "-" "Mozilla/5.0 (compatible; DotBot/1.2; +https://opensiteexplorer.org/dotbot; help@moz.com)"
184.170.252.234 - - [29/May/2023:16:52:16 +0200] "GET /pmwiki/pmwiki.php/Main/Linkek HTTP/1.1" 200 28889 "http://swpat.zpok.hu" "Mozilla/5.0 (Windows NT 10.0; Win64; x64) AppleWebKit/537.36 (KHTML, like Gecko) Chrome/62.0.3202.94 Safari/537.36"
216.244.66.203 - - [29/May/2023:17:00:09 +0200] "GET /pmwiki/pmwiki.php/Main/HomePage?action=edit&restore=diff:1107862863:1107862502:&preview=y HTTP/1.1" 200 12447 "-" "Mozilla/5.0 (compatible; DotBot/1.2; +https://opensiteexplorer.org/dotbot; help@moz.com)"
216.244.66.203 - - [29/May/2023:17:00:15 +0200] "GET /pmwiki/pmwiki.php/Main/HomePage?action=edit&restore=diff:1115108240:1110543897:&preview=y HTTP/1.1" 200 12447 "-" "Mozilla/5.0 (compatible; DotBot/1.2; +https://opensiteexplorer.org/dotbot; help@moz.com)"
212.237.51.151 - - [29/May/2023:17:16:41 +0200] "HEAD /pmwiki/pmwiki.php HTTP/1.1" 200 0 "-" "Alert_Alligator_webmonitoring_service_1.6.4_(alertalligator.com)"
212.237.53.115 - - [29/May/2023:18:08:29 +0200] "HEAD /pmwiki/pmwiki.php HTTP/1.1" 200 0 "-" "Alert_Alligator_webmonitoring_service_1.6.4_(alertalligator.com)"
144.202.115.183 - - [29/May/2023:18:28:59 +0200] "GET /pmwiki/pmwiki.php/Main/Linkek HTTP/1.1" 200 28889 "http://swpat.zpok.hu/pmwiki/pmwiki.php/Main/Linkek" "Mozilla/5.0 (Windows NT 10.0; WOW64; Rv:50.0) Gecko/20100101 Firefox/50.0"
49.12.13.109 - - [29/May/2023:19:07:30 +0200] "HEAD /pmwiki/pmwiki.php HTTP/1.1" 200 0 "-" "Alert_Alligator_webmonitoring_service_1.6.3_(alertalligator.com)"
216.244.66.203 - - [29/May/2023:19:09:32 +0200] "GET /robots.txt HTTP/1.1" 404 1181 "-" "Mozilla/5.0 (compatible; DotBot/1.2; +https://opensiteexplorer.org/dotbot; help@moz.com)"
216.244.66.203 - - [29/May/2023:19:23:47 +0200] "GET /pmwiki/pmwiki.php/Profiles/Robert?action=upload&upname=wiki.png HTTP/1.1" 200 12329 "-" "Mozilla/5.0 (compatible; DotBot/1.2; +https://opensiteexplorer.org/dotbot; help@moz.com)"
216.244.66.203 - - [29/May/2023:19:24:41 +0200] "GET /pmwiki/pmwiki.php/Main/HomePage?action=edit&restore=diff:1110525409:1110468970:&preview=y HTTP/1.1" 200 12447 "-" "Mozilla/5.0 (compatible; DotBot/1.2; +https://opensiteexplorer.org/dotbot; help@moz.com)"
216.244.66.203 - - [29/May/2023:19:25:02 +0200] "GET /pmwiki/pmwiki.php/Main/HomePage?action=edit&restore=diff:1118535418:1118535220:&preview=y HTTP/1.1" 200 12447 "-" "Mozilla/5.0 (compatible; DotBot/1.2; +https://opensiteexplorer.org/dotbot; help@moz.com)"
114.119.149.250 - - [29/May/2023:19:52:58 +0200] "GET /robots.txt HTTP/1.1" 404 1181 "-" "Mozilla/5.0 (compatible;PetalBot;+https://webmaster.petalsearch.com/site/petalbot)"
216.244.66.203 - - [29/May/2023:19:56:41 +0200] "GET /robots.txt HTTP/1.1" 404 1181 "-" "Mozilla/5.0 (compatible; DotBot/1.2; +https://opensiteexplorer.org/dotbot; help@moz.com)"
49.12.13.109 - - [29/May/2023:20:06:33 +0200] "HEAD /pmwiki/pmwiki.php HTTP/1.1" 200 0 "-" "Alert_Alligator_webmonitoring_service_1.6.3_(alertalligator.com)"
216.244.66.203 - - [29/May/2023:20:13:19 +0200] "GET /pmwiki/pmwiki.php/API/API?action=upload&upname=wiki.png HTTP/1.1" 200 12196 "-" "Mozilla/5.0 (compatible; DotBot/1.2; +https://opensiteexplorer.org/dotbot; help@moz.com)"
216.244.66.203 - - [29/May/2023:20:15:21 +0200] "GET /pmwiki/pmwiki.php/Main/HomePage?action=edit&restore=diff:1120672851:1120472756:&preview=y HTTP/1.1" 200 12447 "-" "Mozilla/5.0 (compatible; DotBot/1.2; +https://opensiteexplorer.org/dotbot; help@moz.com)"
212.237.23.143 - - [29/May/2023:20:57:32 +0200] "HEAD /pmwiki/pmwiki.php HTTP/1.1" 200 0 "-" "Alert_Alligator_webmonitoring_service_1.6.4_(alertalligator.com)"
54.36.148.75 - - [29/May/2023:21:13:55 +0200] "GET /pmwiki/pmwiki.php/Main/2005M%E1rcius8?action=upload HTTP/1.1" 200 12370 "-" "Mozilla/5.0 (compatible; AhrefsBot/7.0; +http://ahrefs.com/robot/)"
212.237.23.143 - - [29/May/2023:21:52:06 +0200] "HEAD /pmwiki/pmwiki.php HTTP/1.1" 200 0 "-" "Alert_Alligator_webmonitoring_service_1.6.4_(alertalligator.com)"
54.36.149.81 - - [29/May/2023:22:22:56 +0200] "GET /pmwiki/pmwiki.php/Main/2005M%E1rcius8?action=edit HTTP/1.1" 200 12490 "-" "Mozilla/5.0 (compatible; AhrefsBot/7.0; +http://ahrefs.com/robot/)"
77.75.79.62 - - [29/May/2023:22:33:53 +0200] "GET /pmwiki/pmwiki.php/Main/H%EDrek HTTP/1.1" 200 15050 "-" "Mozilla/5.0 (compatible; SeznamBot/4.0; +http://napoveda.seznam.cz/seznambot-intro/)"
77.75.79.62 - - [29/May/2023:22:33:53 +0200] "GET /robots.txt HTTP/1.1" 404 1181 "-" "Mozilla/5.0 (compatible; SeznamBot/4.0; +http://napoveda.seznam.cz/seznambot-intro/)"
212.237.51.151 - - [29/May/2023:22:35:04 +0200] "HEAD /pmwiki/pmwiki.php HTTP/1.1" 200 0 "-" "Alert_Alligator_webmonitoring_service_1.6.4_(alertalligator.com)"
216.244.66.203 - - [29/May/2023:22:52:09 +0200] "GET /robots.txt HTTP/1.1" 404 1181 "-" "Mozilla/5.0 (compatible; DotBot/1.2; +https://opensiteexplorer.org/dotbot; help@moz.com)"
54.36.148.241 - - [29/May/2023:23:09:16 +0200] "GET /pmwiki/pmwiki.php/Main/AdelphiAlapokm%E1ny HTTP/1.1" 200 16161 "-" "Mozilla/5.0 (compatible; AhrefsBot/7.0; +http://ahrefs.com/robot/)"
216.244.66.203 - - [29/May/2023:23:10:49 +0200] "GET /pmwiki/pmwiki.php/Main/HomePage?action=edit&restore=diff:1129022318:1121689438:minor&preview=y HTTP/1.1" 200 12452 "-" "Mozilla/5.0 (compatible; DotBot/1.2; +https://opensiteexplorer.org/dotbot; help@moz.com)"
212.237.51.151 - - [29/May/2023:23:18:11 +0200] "HEAD /pmwiki/pmwiki.php HTTP/1.1" 200 0 "-" "Alert_Alligator_webmonitoring_service_1.6.4_(alertalligator.com)"
66.249.64.214 - - [29/May/2023:23:31:28 +0200] "GET /robots.txt HTTP/1.1" 404 1181 "-" "Mozilla/5.0 (compatible; Googlebot/2.1; +http://www.google.com/bot.html)"
66.249.64.212 - - [29/May/2023:23:31:29 +0200] "GET /pmwiki/pmwiki.php/PmWiki/PmWikiPhilosophy HTTP/1.1" 200 16736 "-" "Mozilla/5.0 (Linux; Android 6.0.1; Nexus 5X Build/MMB29P) AppleWebKit/537.36 (KHTML, like Gecko) Chrome/113.0.5672.126 Mobile Safari/537.36 (compatible; Googlebot/2.1; +http://www.google.com/bot.html)"
54.36.148.201 - - [29/May/2023:23:42:08 +0200] "GET /pmwiki/pmwiki.php/Main/Cutts HTTP/1.1" 200 31570 "-" "Mozilla/5.0 (compatible; AhrefsBot/7.0; +http://ahrefs.com/robot/)"
212.237.51.151 - - [30/May/2023:00:01:59 +0200] "HEAD /pmwiki/pmwiki.php HTTP/1.1" 200 0 "-" "Alert_Alligator_webmonitoring_service_1.6.4_(alertalligator.com)"
54.36.149.58 - - [30/May/2023:00:16:28 +0200] "GET /pmwiki/pmwiki.php/Main/2004Augusztus5 HTTP/1.1" 200 15089 "-" "Mozilla/5.0 (compatible; AhrefsBot/7.0; +http://ahrefs.com/robot/)"
54.36.148.140 - - [30/May/2023:00:58:57 +0200] "GET /pmwiki/pmwiki.php/Main/ThankYouPoland?action=diff HTTP/1.1" 200 15641 "-" "Mozilla/5.0 (compatible; AhrefsBot/7.0; +http://ahrefs.com/robot/)"
49.12.13.109 - - [30/May/2023:01:01:27 +0200] "HEAD /pmwiki/pmwiki.php HTTP/1.1" 200 0 "-" "Alert_Alligator_webmonitoring_service_1.6.3_(alertalligator.com)"
77.75.79.62 - - [30/May/2023:01:24:35 +0200] "GET /pmwiki/pmwiki.php/Main/Google HTTP/1.1" 200 25006 "-" "Mozilla/5.0 (compatible; SeznamBot/4.0; +http://napoveda.seznam.cz/seznambot-intro/)"
54.36.148.219 - - [30/May/2023:01:56:49 +0200] "GET /pmwiki/pmwiki.php/Main/ThankYouPoland?action=edit HTTP/1.1" 200 12495 "-" "Mozilla/5.0 (compatible; AhrefsBot/7.0; +http://ahrefs.com/robot/)"
49.12.13.109 - - [30/May/2023:02:00:44 +0200] "HEAD /pmwiki/pmwiki.php HTTP/1.1" 200 0 "-" "Alert_Alligator_webmonitoring_service_1.6.3_(alertalligator.com)"
216.244.66.203 - - [30/May/2023:02:10:17 +0200] "GET /robots.txt HTTP/1.1" 404 1181 "-" "Mozilla/5.0 (compatible; DotBot/1.2; +https://opensiteexplorer.org/dotbot; help@moz.com)"
54.36.148.102 - - [30/May/2023:02:18:22 +0200] "GET /pmwiki/pmwiki.php/Main/ThankYouPoland?action=upload HTTP/1.1" 200 12375 "-" "Mozilla/5.0 (compatible; AhrefsBot/7.0; +http://ahrefs.com/robot/)"
54.36.148.73 - - [30/May/2023:02:37:24 +0200] "GET /pmwiki/pmwiki.php/Main/MiADRM?action=diff HTTP/1.1" 200 25129 "-" "Mozilla/5.0 (compatible; AhrefsBot/7.0; +http://ahrefs.com/robot/)"
110.249.202.4 - - [30/May/2023:02:56:04 +0200] "GET /robots.txt HTTP/1.1" 404 1181 "-" "Mozilla/5.0 (Linux; Android 5.0) AppleWebKit/537.36 (KHTML, like Gecko) Mobile Safari/537.36 (compatible; Bytespider; https://zhanzhang.toutiao.com/)"
212.237.23.143 - - [30/May/2023:02:57:32 +0200] "HEAD /pmwiki/pmwiki.php HTTP/1.1" 200 0 "-" "Alert_Alligator_webmonitoring_service_1.6.4_(alertalligator.com)"
216.244.66.203 - - [30/May/2023:03:26:01 +0200] "GET /robots.txt HTTP/1.1" 404 1181 "-" "Mozilla/5.0 (compatible; DotBot/1.2; +https://opensiteexplorer.org/dotbot; help@moz.com)"
212.237.51.151 - - [30/May/2023:03:40:33 +0200] "HEAD /pmwiki/pmwiki.php HTTP/1.1" 200 0 "-" "Alert_Alligator_webmonitoring_service_1.6.4_(alertalligator.com)"
77.234.91.5 - - [30/May/2023:03:42:29 +0200] "GET /robots.txt HTTP/1.1" 404 1181 "-" "Mozilla/5.0 (compatible; Googlebot/2.1; +http://www.google.com/bot.html)"
77.234.90.132 - - [30/May/2023:03:42:30 +0200] "GET /pmwiki/pmwiki.php/Main/Comission-negatesDemocracy?action=upload HTTP/1.1" 403 30 "-" "Mozilla/5.0 (compatible; Googlebot/2.1; +http://www.google.com/bot.html)"
66.249.64.214 - - [30/May/2023:03:42:31 +0200] "GET /pmwiki/pmwiki.php/Main/Comission-negatesDemocracy?action=upload HTTP/1.1" 403 30 "-" "Mozilla/5.0 (compatible; Googlebot/2.1; +http://www.google.com/bot.html)"
40.77.167.101 - - [30/May/2023:03:50:09 +0200] "GET /robots.txt HTTP/1.1" 404 1181 "-" "Mozilla/5.0 AppleWebKit/537.36 (KHTML, like Gecko; compatible; bingbot/2.0; +http://www.bing.com/bingbot.htm) Chrome/103.0.5060.134 Safari/537.36"
