217.113.194.97 - - [01/Jan/2024:06:55:43 +0100] "GET /pmwiki/pmwiki.php/Main/SearchWiki?action=diff&source=y&minor=n HTTP/1.1" 200 57795 "-" "Mozilla/5.0 (compatible; Barkrowler/0.9; +https://babbar.tech/crawler)"
217.113.194.108 - - [01/Jan/2024:06:57:34 +0100] "GET /pmwiki/pmwiki.php/Main/LehetsegesJavitasokEuropaban HTTP/1.1" 200 14070 "-" "Mozilla/5.0 (compatible; Barkrowler/0.9; +https://babbar.tech/crawler)"
217.113.194.67 - - [01/Jan/2024:06:59:22 +0100] "GET /pmwiki/pmwiki.php/Main/SideBar?action=upload&upname=wiki.png HTTP/1.1" 200 12280 "-" "Mozilla/5.0 (compatible; Barkrowler/0.9; +https://babbar.tech/crawler)"
217.113.194.69 - - [01/Jan/2024:07:01:10 +0100] "GET /pmwiki/pmwiki.php/Main/Rocard?action=diff&source=n&minor=y HTTP/1.1" 200 18777 "-" "Mozilla/5.0 (compatible; Barkrowler/0.9; +https://babbar.tech/crawler)"
216.244.66.203 - - [01/Jan/2024:07:01:25 +0100] "GET /robots.txt HTTP/1.1" 404 1181 "-" "Mozilla/5.0 (compatible; DotBot/1.2; +https://opensiteexplorer.org/dotbot; help@moz.com)"
217.113.194.126 - - [01/Jan/2024:07:02:59 +0100] "GET /pmwiki/pmwiki.php/Main/Rocard?action=diff&source=n&minor=n HTTP/1.1" 200 18777 "-" "Mozilla/5.0 (compatible; Barkrowler/0.9; +https://babbar.tech/crawler)"
217.113.194.96 - - [01/Jan/2024:07:04:47 +0100] "GET /pmwiki/pmwiki.php/Main/Cutts?action=upload&upname=wiki.png HTTP/1.1" 200 12248 "-" "Mozilla/5.0 (compatible; Barkrowler/0.9; +https://babbar.tech/crawler)"
217.113.194.105 - - [01/Jan/2024:07:06:32 +0100] "GET /pmwiki/pmwiki.php/Main/ADRMHib%E1i?action=diff HTTP/1.1" 200 12848 "-" "Mozilla/5.0 (compatible; Barkrowler/0.9; +https://babbar.tech/crawler)"
217.113.194.106 - - [01/Jan/2024:07:08:22 +0100] "GET /pmwiki/pmwiki.php/Main/Minimum?action=diff&source=n&minor=y HTTP/1.1" 200 25837 "-" "Mozilla/5.0 (compatible; Barkrowler/0.9; +https://babbar.tech/crawler)"
217.113.194.83 - - [01/Jan/2024:07:10:11 +0100] "GET /pmwiki/pmwiki.php/Main/Cache?action=diff&source=y&minor=n HTTP/1.1" 200 12743 "-" "Mozilla/5.0 (compatible; Barkrowler/0.9; +https://babbar.tech/crawler)"
217.113.194.118 - - [01/Jan/2024:07:12:00 +0100] "GET /pmwiki/pmwiki.php/Main/GroupAttributes?action=upload&upname=wiki.png HTTP/1.1" 200 12410 "-" "Mozilla/5.0 (compatible; Barkrowler/0.9; +https://babbar.tech/crawler)"
212.237.51.151 - - [01/Jan/2024:07:12:47 +0100] "HEAD /pmwiki/pmwiki.php HTTP/1.1" 200 0 "-" "Alert_Alligator_webmonitoring_service_1.6.4_(alertalligator.com)"
54.36.148.75 - - [01/Jan/2024:07:13:00 +0100] "GET /pmwiki/pmwiki.php/Main/LehetsegesJavitasokEuropaban?action=upload HTTP/1.1" 200 12598 "-" "Mozilla/5.0 (compatible; AhrefsBot/7.0; +http://ahrefs.com/robot/)"
217.113.194.121 - - [01/Jan/2024:07:13:49 +0100] "GET /pmwiki/pmwiki.php/Main/PDF417?action=diff&source=n&minor=n HTTP/1.1" 200 41178 "-" "Mozilla/5.0 (compatible; Barkrowler/0.9; +https://babbar.tech/crawler)"
217.113.194.105 - - [01/Jan/2024:07:15:39 +0100] "GET /pmwiki/pmwiki.php/Main/Minta?action=diff&source=n&minor=y HTTP/1.1" 200 15808 "-" "Mozilla/5.0 (compatible; Barkrowler/0.9; +https://babbar.tech/crawler)"
217.113.194.92 - - [01/Jan/2024:07:17:25 +0100] "GET /pmwiki/pmwiki.php/Main/Minta?action=diff&source=n&minor=n HTTP/1.1" 200 15808 "-" "Mozilla/5.0 (compatible; Barkrowler/0.9; +https://babbar.tech/crawler)"
217.113.194.95 - - [01/Jan/2024:07:19:15 +0100] "GET /pmwiki/pmwiki.php/Main/Minta?action=diff&source=y&minor=y HTTP/1.1" 200 15688 "-" "Mozilla/5.0 (compatible; Barkrowler/0.9; +https://babbar.tech/crawler)"
217.113.194.101 - - [01/Jan/2024:07:21:07 +0100] "GET /pmwiki/pmwiki.php/Main/Minta?action=diff&source=y&minor=n HTTP/1.1" 200 15688 "-" "Mozilla/5.0 (compatible; Barkrowler/0.9; +https://babbar.tech/crawler)"
217.113.194.88 - - [01/Jan/2024:07:23:01 +0100] "GET /pmwiki/pmwiki.php/PmWiki/RSS?action=upload&upname=wiki.png HTTP/1.1" 200 12252 "-" "Mozilla/5.0 (compatible; Barkrowler/0.9; +https://babbar.tech/crawler)"
216.244.66.203 - - [01/Jan/2024:07:24:33 +0100] "GET /pmwiki/pmwiki.php/Main/EUCD?action=diff&source=n&minor=n HTTP/1.1" 200 22165 "-" "Mozilla/5.0 (compatible; DotBot/1.2; +https://opensiteexplorer.org/dotbot; help@moz.com)"
216.244.66.203 - - [01/Jan/2024:07:24:38 +0100] "GET /pmwiki/pmwiki.php/Main/Portf%F3li%F3Effektus?action=diff&source=n&minor=n HTTP/1.1" 200 13022 "-" "Mozilla/5.0 (compatible; DotBot/1.2; +https://opensiteexplorer.org/dotbot; help@moz.com)"
217.113.194.106 - - [01/Jan/2024:07:24:53 +0100] "GET /pmwiki/pmwiki.php/PmWiki/Links?action=upload&upname=wiki.png HTTP/1.1" 200 12283 "-" "Mozilla/5.0 (compatible; Barkrowler/0.9; +https://babbar.tech/crawler)"
217.113.194.108 - - [01/Jan/2024:07:26:46 +0100] "GET /pmwiki/pmwiki.php/API/API?action=diff&source=y&minor=n HTTP/1.1" 200 12691 "-" "Mozilla/5.0 (compatible; Barkrowler/0.9; +https://babbar.tech/crawler)"
217.113.194.118 - - [01/Jan/2024:07:28:35 +0100] "GET /pmwiki/pmwiki.php/Profiles/Profiles?action=upload&upname=wiki.png HTTP/1.1" 200 12365 "-" "Mozilla/5.0 (compatible; Barkrowler/0.9; +https://babbar.tech/crawler)"
217.113.194.72 - - [01/Jan/2024:07:30:30 +0100] "GET /pmwiki/pmwiki.php/Profiles/Ed?action=upload&upname=wiki.png HTTP/1.1" 200 12269 "-" "Mozilla/5.0 (compatible; Barkrowler/0.9; +https://babbar.tech/crawler)"
217.113.194.82 - - [01/Jan/2024:07:32:38 +0100] "GET /pmwiki/pmwiki.php/Profiles/Ed?action=diff&source=n&minor=n HTTP/1.1" 200 12768 "-" "Mozilla/5.0 (compatible; Barkrowler/0.9; +https://babbar.tech/crawler)"
217.113.194.98 - - [01/Jan/2024:07:34:30 +0100] "GET /pmwiki/pmwiki.php/Profiles/Df?action=upload&upname=wiki.png HTTP/1.1" 200 12269 "-" "Mozilla/5.0 (compatible; Barkrowler/0.9; +https://babbar.tech/crawler)"
217.113.194.101 - - [01/Jan/2024:07:36:18 +0100] "GET /pmwiki/pmwiki.php/Profiles/Df?action=diff&source=n&minor=y HTTP/1.1" 200 12768 "-" "Mozilla/5.0 (compatible; Barkrowler/0.9; +https://babbar.tech/crawler)"
217.113.194.92 - - [01/Jan/2024:07:38:06 +0100] "GET /pmwiki/pmwiki.php/Profiles/Pm?action=upload&upname=wiki.png HTTP/1.1" 200 12269 "-" "Mozilla/5.0 (compatible; Barkrowler/0.9; +https://babbar.tech/crawler)"
217.113.194.76 - - [01/Jan/2024:07:39:55 +0100] "GET /pmwiki/pmwiki.php/Profiles/Eve?action=diff&source=y&minor=y HTTP/1.1" 200 12786 "-" "Mozilla/5.0 (compatible; Barkrowler/0.9; +https://babbar.tech/crawler)"
217.113.194.96 - - [01/Jan/2024:07:41:43 +0100] "GET /pmwiki/pmwiki.php/Main/EUCD?action=diff&source=y&minor=y HTTP/1.1" 200 25161 "-" "Mozilla/5.0 (compatible; Barkrowler/0.9; +https://babbar.tech/crawler)"
217.113.194.84 - - [01/Jan/2024:07:43:35 +0100] "GET /pmwiki/pmwiki.php/Main/DRM?action=diff&source=y&minor=n HTTP/1.1" 200 80879 "-" "Mozilla/5.0 (compatible; Barkrowler/0.9; +https://babbar.tech/crawler)"
217.113.194.106 - - [01/Jan/2024:07:45:26 +0100] "GET /pmwiki/pmwiki.php/Main/SzoftverSzabadalmak?action=edit HTTP/1.1" 200 12578 "-" "Mozilla/5.0 (compatible; Barkrowler/0.9; +https://babbar.tech/crawler)"
217.113.194.119 - - [01/Jan/2024:07:47:17 +0100] "GET /pmwiki/pmwiki.php/Main/SzoftverSzabadalmak?action=upload HTTP/1.1" 200 12458 "-" "Mozilla/5.0 (compatible; Barkrowler/0.9; +https://babbar.tech/crawler)"
217.113.194.118 - - [01/Jan/2024:07:49:06 +0100] "GET /pmwiki/pmwiki.php/Main/Marc08essay?action=upload&upname=wiki.png HTTP/1.1" 200 12342 "-" "Mozilla/5.0 (compatible; Barkrowler/0.9; +https://babbar.tech/crawler)"
217.113.194.93 - - [01/Jan/2024:07:50:56 +0100] "GET /pmwiki/pmwiki.php/Main/MiADRM?action=upload&upname=wiki.png HTTP/1.1" 200 12262 "-" "Mozilla/5.0 (compatible; Barkrowler/0.9; +https://babbar.tech/crawler)"
217.113.194.120 - - [01/Jan/2024:07:52:54 +0100] "GET /pmwiki/pmwiki.php/Main/SideBar?action=diff&source=n&minor=y HTTP/1.1" 200 278004 "-" "Mozilla/5.0 (compatible; Barkrowler/0.9; +https://babbar.tech/crawler)"
212.237.51.151 - - [01/Jan/2024:07:54:11 +0100] "HEAD /pmwiki/pmwiki.php HTTP/1.1" 200 0 "-" "Alert_Alligator_webmonitoring_service_1.6.4_(alertalligator.com)"
217.113.194.105 - - [01/Jan/2024:07:54:46 +0100] "GET /pmwiki/pmwiki.php/Main/SideBar?action=diff&source=n&minor=n HTTP/1.1" 200 151923 "-" "Mozilla/5.0 (compatible; Barkrowler/0.9; +https://babbar.tech/crawler)"
217.113.194.70 - - [01/Jan/2024:07:56:40 +0100] "GET /pmwiki/pmwiki.php/Main/Rocard?action=diff&source=y&minor=n HTTP/1.1" 200 18917 "-" "Mozilla/5.0 (compatible; Barkrowler/0.9; +https://babbar.tech/crawler)"
217.113.194.105 - - [01/Jan/2024:07:58:33 +0100] "GET /pmwiki/pmwiki.php/Main/HomePage?action=diff&source=n&minor=y HTTP/1.1" 200 115393 "-" "Mozilla/5.0 (compatible; Barkrowler/0.9; +https://babbar.tech/crawler)"
217.113.194.106 - - [01/Jan/2024:08:00:23 +0100] "GET /pmwiki/pmwiki.php/Main/Minimum?action=diff&source=y&minor=y HTTP/1.1" 200 26187 "-" "Mozilla/5.0 (compatible; Barkrowler/0.9; +https://babbar.tech/crawler)"
217.113.194.111 - - [01/Jan/2024:08:02:14 +0100] "GET /pmwiki/pmwiki.php/Main/GroupAttributes?action=diff&source=n&minor=y HTTP/1.1" 200 12927 "-" "Mozilla/5.0 (compatible; Barkrowler/0.9; +https://babbar.tech/crawler)"
217.113.194.83 - - [01/Jan/2024:08:04:05 +0100] "GET /pmwiki/pmwiki.php/Main/GroupAttributes?action=diff&source=n&minor=n HTTP/1.1" 200 12927 "-" "Mozilla/5.0 (compatible; Barkrowler/0.9; +https://babbar.tech/crawler)"
217.113.194.102 - - [01/Jan/2024:08:05:57 +0100] "GET /pmwiki/pmwiki.php/Main/PDF417?action=diff&source=y&minor=y HTTP/1.1" 200 41617 "-" "Mozilla/5.0 (compatible; Barkrowler/0.9; +https://babbar.tech/crawler)"
217.113.194.99 - - [01/Jan/2024:08:07:49 +0100] "GET /pmwiki/pmwiki.php/PmWiki/FAQ?action=diff&source=n&minor=n HTTP/1.1" 200 12749 "-" "Mozilla/5.0 (compatible; Barkrowler/0.9; +https://babbar.tech/crawler)"
217.113.194.89 - - [01/Jan/2024:08:09:42 +0100] "GET /pmwiki/pmwiki.php/PmWiki/InitialSetupTasks?action=edit HTTP/1.1" 200 12580 "-" "Mozilla/5.0 (compatible; Barkrowler/0.9; +https://babbar.tech/crawler)"
217.113.194.79 - - [01/Jan/2024:08:11:32 +0100] "GET /pmwiki/pmwiki.php/PmWiki/InitialSetupTasks?action=print HTTP/1.1" 200 6008 "-" "Mozilla/5.0 (compatible; Barkrowler/0.9; +https://babbar.tech/crawler)"
217.113.194.72 - - [01/Jan/2024:08:13:25 +0100] "GET /pmwiki/pmwiki.php/PmWiki/InitialSetupTasks?action=upload HTTP/1.1" 200 12460 "-" "Mozilla/5.0 (compatible; Barkrowler/0.9; +https://babbar.tech/crawler)"
217.113.194.108 - - [01/Jan/2024:08:15:21 +0100] "GET /pmwiki/pmwiki.php/PmWiki/Links?action=diff&source=n&minor=n HTTP/1.1" 200 12784 "-" "Mozilla/5.0 (compatible; Barkrowler/0.9; +https://babbar.tech/crawler)"
217.113.194.71 - - [01/Jan/2024:08:17:11 +0100] "GET /pmwiki/pmwiki.php/API/PZZ?action=upload&upname=wiki.png HTTP/1.1" 200 12200 "-" "Mozilla/5.0 (compatible; Barkrowler/0.9; +https://babbar.tech/crawler)"
217.113.194.80 - - [01/Jan/2024:08:18:58 +0100] "GET /pmwiki/pmwiki.php/API/SDV?action=upload&upname=wiki.png HTTP/1.1" 200 12200 "-" "Mozilla/5.0 (compatible; Barkrowler/0.9; +https://babbar.tech/crawler)"
217.113.194.77 - - [01/Jan/2024:08:20:51 +0100] "GET /pmwiki/pmwiki.php/Profiles/Profiles?action=diff&source=n&minor=y HTTP/1.1" 200 12876 "-" "Mozilla/5.0 (compatible; Barkrowler/0.9; +https://babbar.tech/crawler)"
217.113.194.93 - - [01/Jan/2024:08:22:43 +0100] "GET /pmwiki/pmwiki.php/Profiles/Profiles?action=diff&source=n&minor=n HTTP/1.1" 200 12876 "-" "Mozilla/5.0 (compatible; Barkrowler/0.9; +https://babbar.tech/crawler)"
217.113.194.121 - - [01/Jan/2024:08:24:32 +0100] "GET /pmwiki/pmwiki.php/Profiles/Ed?action=diff&source=y&minor=n HTTP/1.1" 200 12768 "-" "Mozilla/5.0 (compatible; Barkrowler/0.9; +https://babbar.tech/crawler)"
217.113.194.119 - - [01/Jan/2024:08:26:25 +0100] "GET /pmwiki/pmwiki.php/Profiles/Xmouse?action=diff&source=n&minor=y HTTP/1.1" 200 12840 "-" "Mozilla/5.0 (compatible; Barkrowler/0.9; +https://babbar.tech/crawler)"
217.113.194.68 - - [01/Jan/2024:08:28:19 +0100] "GET /pmwiki/pmwiki.php/Profiles/Df?action=diff&source=y&minor=y HTTP/1.1" 200 12768 "-" "Mozilla/5.0 (compatible; Barkrowler/0.9; +https://babbar.tech/crawler)"
217.113.194.103 - - [01/Jan/2024:08:30:10 +0100] "GET /pmwiki/pmwiki.php/Profiles/Itms?action=diff&source=n&minor=y HTTP/1.1" 200 12804 "-" "Mozilla/5.0 (compatible; Barkrowler/0.9; +https://babbar.tech/crawler)"
217.113.194.120 - - [01/Jan/2024:08:32:00 +0100] "GET /pmwiki/pmwiki.php/Profiles/Itms?action=diff&source=n&minor=n HTTP/1.1" 200 12804 "-" "Mozilla/5.0 (compatible; Barkrowler/0.9; +https://babbar.tech/crawler)"
217.113.194.94 - - [01/Jan/2024:08:33:50 +0100] "GET /pmwiki/pmwiki.php/Profiles/Mag?action=upload&upname=wiki.png HTTP/1.1" 200 12285 "-" "Mozilla/5.0 (compatible; Barkrowler/0.9; +https://babbar.tech/crawler)"
217.113.194.64 - - [01/Jan/2024:08:35:38 +0100] "GET /pmwiki/pmwiki.php/Main/EztMondjukNekik?action=edit HTTP/1.1" 200 12510 "-" "Mozilla/5.0 (compatible; Barkrowler/0.9; +https://babbar.tech/crawler)"
217.113.194.76 - - [01/Jan/2024:08:37:25 +0100] "GET /pmwiki/pmwiki.php/Main/SMELie?action=diff&source=y&minor=y HTTP/1.1" 200 14710 "-" "Mozilla/5.0 (compatible; Barkrowler/0.9; +https://babbar.tech/crawler)"
217.113.194.94 - - [01/Jan/2024:08:39:14 +0100] "GET /pmwiki/pmwiki.php/Main/Cikkek?action=upload&upname=wiki.png HTTP/1.1" 200 12267 "-" "Mozilla/5.0 (compatible; Barkrowler/0.9; +https://babbar.tech/crawler)"
217.113.194.122 - - [01/Jan/2024:08:41:04 +0100] "GET /pmwiki/pmwiki.php/Main/AdelphiAlapokm%E1ny?action=edit HTTP/1.1" 200 12573 "-" "Mozilla/5.0 (compatible; Barkrowler/0.9; +https://babbar.tech/crawler)"
212.237.53.115 - - [01/Jan/2024:08:41:09 +0100] "HEAD /pmwiki/pmwiki.php HTTP/1.1" 200 0 "-" "Alert_Alligator_webmonitoring_service_1.6.4_(alertalligator.com)"
217.113.194.127 - - [01/Jan/2024:08:42:56 +0100] "GET /pmwiki/pmwiki.php/Main/AdelphiAlapokm%E1ny?action=diff HTTP/1.1" 200 17542 "-" "Mozilla/5.0 (compatible; Barkrowler/0.9; +https://babbar.tech/crawler)"
217.113.194.103 - - [01/Jan/2024:08:44:48 +0100] "GET /pmwiki/pmwiki.php/Main/JuriHPOEloterjesztes?action=edit HTTP/1.1" 200 12590 "-" "Mozilla/5.0 (compatible; Barkrowler/0.9; +https://babbar.tech/crawler)"
217.113.194.73 - - [01/Jan/2024:08:46:40 +0100] "GET /pmwiki/pmwiki.php/Main/JuriHPOEloterjesztes?action=upload HTTP/1.1" 200 12470 "-" "Mozilla/5.0 (compatible; Barkrowler/0.9; +https://babbar.tech/crawler)"
217.113.194.77 - - [01/Jan/2024:08:48:31 +0100] "GET /pmwiki/pmwiki.php/Main/JuriHPOEloterjesztes?action=print HTTP/1.1" 200 35669 "-" "Mozilla/5.0 (compatible; Barkrowler/0.9; +https://babbar.tech/crawler)"
217.113.194.84 - - [01/Jan/2024:08:50:18 +0100] "GET /pmwiki/pmwiki.php/Main/Marc08essay?action=diff&source=n&minor=n HTTP/1.1" 200 76748 "-" "Mozilla/5.0 (compatible; Barkrowler/0.9; +https://babbar.tech/crawler)"
217.113.194.94 - - [01/Jan/2024:08:52:13 +0100] "GET /pmwiki/pmwiki.php/Main/MiADRM?action=diff&source=n&minor=n HTTP/1.1" 200 22576 "-" "Mozilla/5.0 (compatible; Barkrowler/0.9; +https://babbar.tech/crawler)"
217.113.194.86 - - [01/Jan/2024:08:54:02 +0100] "GET /pmwiki/pmwiki.php/Main/MiADRM?action=diff&source=y&minor=y HTTP/1.1" 200 25519 "-" "Mozilla/5.0 (compatible; Barkrowler/0.9; +https://babbar.tech/crawler)"
217.113.194.80 - - [01/Jan/2024:08:55:52 +0100] "GET /pmwiki/pmwiki.php/Main/SideBar?action=diff&source=y&minor=n HTTP/1.1" 200 130838 "-" "Mozilla/5.0 (compatible; Barkrowler/0.9; +https://babbar.tech/crawler)"
217.113.194.87 - - [01/Jan/2024:08:57:46 +0100] "GET /pmwiki/pmwiki.php/Main/ToughLetter?action=diff&source=n&minor=y HTTP/1.1" 200 17383 "-" "Mozilla/5.0 (compatible; Barkrowler/0.9; +https://babbar.tech/crawler)"
217.113.194.118 - - [01/Jan/2024:08:59:35 +0100] "GET /pmwiki/pmwiki.php/Main/ToughLetter?action=diff&source=n&minor=n HTTP/1.1" 200 12851 "-" "Mozilla/5.0 (compatible; Barkrowler/0.9; +https://babbar.tech/crawler)"
217.113.194.100 - - [01/Jan/2024:09:01:27 +0100] "GET /pmwiki/pmwiki.php/Main/Cutts?action=diff&source=n&minor=n HTTP/1.1" 200 12745 "-" "Mozilla/5.0 (compatible; Barkrowler/0.9; +https://babbar.tech/crawler)"
217.113.194.79 - - [01/Jan/2024:09:03:13 +0100] "GET /pmwiki/pmwiki.php/Main/Patentpools?action=diff&source=n&minor=y HTTP/1.1" 200 23675 "-" "Mozilla/5.0 (compatible; Barkrowler/0.9; +https://babbar.tech/crawler)"
217.113.194.115 - - [01/Jan/2024:09:05:07 +0100] "GET /pmwiki/pmwiki.php/Main/Feb03PR?action=upload&upname=wiki.png HTTP/1.1" 200 12282 "-" "Mozilla/5.0 (compatible; Barkrowler/0.9; +https://babbar.tech/crawler)"
217.113.194.79 - - [01/Jan/2024:09:07:01 +0100] "GET /pmwiki/pmwiki.php/Main/AllRecentChanges?action=upload&upname=wiki.png HTTP/1.1" 200 12422 "-" "Mozilla/5.0 (compatible; Barkrowler/0.9; +https://babbar.tech/crawler)"
217.113.194.98 - - [01/Jan/2024:09:08:50 +0100] "GET /pmwiki/pmwiki.php/Main/WikiPediaban?action=upload&upname=wiki.png HTTP/1.1" 200 12359 "-" "Mozilla/5.0 (compatible; Barkrowler/0.9; +https://babbar.tech/crawler)"
217.113.194.118 - - [01/Jan/2024:09:10:44 +0100] "GET /pmwiki/pmwiki.php/Main/WikiSandbox?action=diff&source=n&minor=y HTTP/1.1" 200 264091 "-" "Mozilla/5.0 (compatible; Barkrowler/0.9; +https://babbar.tech/crawler)"
217.113.194.125 - - [01/Jan/2024:09:12:42 +0100] "GET /pmwiki/pmwiki.php/PmWiki/Directives?action=upload&upname=wiki.png HTTP/1.1" 200 12363 "-" "Mozilla/5.0 (compatible; Barkrowler/0.9; +https://babbar.tech/crawler)"
217.113.194.81 - - [01/Jan/2024:09:14:34 +0100] "GET /pmwiki/pmwiki.php/PmWiki/RSS?action=diff&source=y&minor=n HTTP/1.1" 200 12749 "-" "Mozilla/5.0 (compatible; Barkrowler/0.9; +https://babbar.tech/crawler)"
217.113.194.84 - - [01/Jan/2024:09:16:22 +0100] "GET /pmwiki/pmwiki.php/PmWiki/FAQ?action=diff&source=y&minor=n HTTP/1.1" 200 12749 "-" "Mozilla/5.0 (compatible; Barkrowler/0.9; +https://babbar.tech/crawler)"
217.113.194.69 - - [01/Jan/2024:09:18:12 +0100] "GET /pmwiki/pmwiki.php/PmWiki/PageHistory?action=upload&upname=wiki.png HTTP/1.1" 200 12380 "-" "Mozilla/5.0 (compatible; Barkrowler/0.9; +https://babbar.tech/crawler)"
217.113.194.121 - - [01/Jan/2024:09:20:02 +0100] "GET /pmwiki/pmwiki.php/PmWiki/InterMap?action=upload&upname=wiki.png HTTP/1.1" 200 12332 "-" "Mozilla/5.0 (compatible; Barkrowler/0.9; +https://babbar.tech/crawler)"
217.113.194.110 - - [01/Jan/2024:09:21:56 +0100] "GET /pmwiki/pmwiki.php/PmWiki/ChangesFromPmWiki1?action=edit HTTP/1.1" 200 12595 "-" "Mozilla/5.0 (compatible; Barkrowler/0.9; +https://babbar.tech/crawler)"
217.113.194.111 - - [01/Jan/2024:09:23:46 +0100] "GET /pmwiki/pmwiki.php/PmWiki/ChangesFromPmWiki1?action=print HTTP/1.1" 200 10086 "-" "Mozilla/5.0 (compatible; Barkrowler/0.9; +https://babbar.tech/crawler)"
110.249.202.78 - - [01/Jan/2024:09:24:07 +0100] "GET /robots.txt HTTP/1.1" 404 1181 "-" "Mozilla/5.0 (Linux; Android 5.0) AppleWebKit/537.36 (KHTML, like Gecko) Mobile Safari/537.36 (compatible; Bytespider; https://zhanzhang.toutiao.com/)"
217.113.194.108 - - [01/Jan/2024:09:25:38 +0100] "GET /pmwiki/pmwiki.php/PmWiki/InitialSetupTasks?action=diff HTTP/1.1" 200 13001 "-" "Mozilla/5.0 (compatible; Barkrowler/0.9; +https://babbar.tech/crawler)"
217.113.194.101 - - [01/Jan/2024:09:27:28 +0100] "GET /pmwiki/pmwiki.php/PmWiki/WikiPage?action=upload&upname=wiki.png HTTP/1.1" 200 12332 "-" "Mozilla/5.0 (compatible; Barkrowler/0.9; +https://babbar.tech/crawler)"
217.113.194.81 - - [01/Jan/2024:09:29:22 +0100] "GET /pmwiki/pmwiki.php/PmWiki/WikiGroup?action=upload&upname=wiki.png HTTP/1.1" 200 12347 "-" "Mozilla/5.0 (compatible; Barkrowler/0.9; +https://babbar.tech/crawler)"
217.113.194.119 - - [01/Jan/2024:09:31:12 +0100] "GET /pmwiki/pmwiki.php/PmWiki/FreeLinks?action=upload&upname=wiki.png HTTP/1.1" 200 12347 "-" "Mozilla/5.0 (compatible; Barkrowler/0.9; +https://babbar.tech/crawler)"
217.113.194.111 - - [01/Jan/2024:09:33:05 +0100] "GET /pmwiki/pmwiki.php/PmWiki/Links?action=diff&source=y&minor=n HTTP/1.1" 200 12784 "-" "Mozilla/5.0 (compatible; Barkrowler/0.9; +https://babbar.tech/crawler)"
217.113.194.81 - - [01/Jan/2024:09:36:08 +0100] "GET /pmwiki/pmwiki.php/PmWiki/Passwords?action=upload&upname=wiki.png HTTP/1.1" 200 12347 "-" "Mozilla/5.0 (compatible; Barkrowler/0.9; +https://babbar.tech/crawler)"
217.113.194.67 - - [01/Jan/2024:09:37:59 +0100] "GET /pmwiki/pmwiki.php/API/PZZ?action=diff&source=y&minor=y HTTP/1.1" 200 12691 "-" "Mozilla/5.0 (compatible; Barkrowler/0.9; +https://babbar.tech/crawler)"
216.244.66.203 - - [01/Jan/2024:09:39:48 +0100] "GET /robots.txt HTTP/1.1" 404 1181 "-" "Mozilla/5.0 (compatible; DotBot/1.2; +https://opensiteexplorer.org/dotbot; help@moz.com)"
217.113.194.127 - - [01/Jan/2024:09:39:49 +0100] "GET /pmwiki/pmwiki.php/API/SDV?action=diff&source=n&minor=y HTTP/1.1" 200 12691 "-" "Mozilla/5.0 (compatible; Barkrowler/0.9; +https://babbar.tech/crawler)"
49.12.13.109 - - [01/Jan/2024:09:40:58 +0100] "HEAD /pmwiki/pmwiki.php HTTP/1.1" 200 0 "-" "Alert_Alligator_webmonitoring_service_1.6.3_(alertalligator.com)"
217.113.194.110 - - [01/Jan/2024:09:41:39 +0100] "GET /pmwiki/pmwiki.php/API/SDV?action=diff&source=n&minor=n HTTP/1.1" 200 12691 "-" "Mozilla/5.0 (compatible; Barkrowler/0.9; +https://babbar.tech/crawler)"
217.113.194.73 - - [01/Jan/2024:09:43:38 +0100] "GET /pmwiki/pmwiki.php/API/SDV?action=diff&source=y&minor=n HTTP/1.1" 200 12691 "-" "Mozilla/5.0 (compatible; Barkrowler/0.9; +https://babbar.tech/crawler)"
217.113.194.69 - - [01/Jan/2024:09:45:29 +0100] "GET /pmwiki/pmwiki.php/Profiles/Restored?action=upload&upname=wiki.png HTTP/1.1" 200 12365 "-" "Mozilla/5.0 (compatible; Barkrowler/0.9; +https://babbar.tech/crawler)"
217.113.194.65 - - [01/Jan/2024:09:47:27 +0100] "GET /pmwiki/pmwiki.php/Profiles/Profiles?action=diff&source=y&minor=n HTTP/1.1" 200 12876 "-" "Mozilla/5.0 (compatible; Barkrowler/0.9; +https://babbar.tech/crawler)"
54.36.148.111 - - [01/Jan/2024:09:48:26 +0100] "GET /pmwiki/pmwiki.php/Main/LehetsegesJavitasokEuropaban?action=edit HTTP/1.1" 200 12718 "-" "Mozilla/5.0 (compatible; AhrefsBot/7.0; +http://ahrefs.com/robot/)"
217.113.194.120 - - [01/Jan/2024:09:49:19 +0100] "GET /pmwiki/pmwiki.php/Profiles/Xmouse?action=diff&source=y&minor=n HTTP/1.1" 200 12840 "-" "Mozilla/5.0 (compatible; Barkrowler/0.9; +https://babbar.tech/crawler)"
217.113.194.92 - - [01/Jan/2024:09:51:07 +0100] "GET /pmwiki/pmwiki.php/Profiles/Pm?action=diff&source=y&minor=y HTTP/1.1" 200 12768 "-" "Mozilla/5.0 (compatible; Barkrowler/0.9; +https://babbar.tech/crawler)"
217.113.194.91 - - [01/Jan/2024:09:52:53 +0100] "GET /pmwiki/pmwiki.php/Profiles/DirectPhone?action=diff&source=y&minor=y HTTP/1.1" 200 12930 "-" "Mozilla/5.0 (compatible; Barkrowler/0.9; +https://babbar.tech/crawler)"
217.113.194.120 - - [01/Jan/2024:09:54:41 +0100] "GET /pmwiki/pmwiki.php/Profiles/DirectPhone?action=diff&source=y&minor=n HTTP/1.1" 200 12930 "-" "Mozilla/5.0 (compatible; Barkrowler/0.9; +https://babbar.tech/crawler)"
217.113.194.127 - - [01/Jan/2024:09:56:28 +0100] "GET /pmwiki/pmwiki.php/Main/EztMondjukNekik?action=upload HTTP/1.1" 200 12390 "-" "Mozilla/5.0 (compatible; Barkrowler/0.9; +https://babbar.tech/crawler)"
217.113.194.81 - - [01/Jan/2024:09:58:18 +0100] "GET /pmwiki/pmwiki.php/Main/C%E9lok?action=upload&upname=wiki.png HTTP/1.1" 200 12274 "-" "Mozilla/5.0 (compatible; Barkrowler/0.9; +https://babbar.tech/crawler)"
216.244.66.203 - - [01/Jan/2024:09:59:43 +0100] "GET /pmwiki/pmwiki.php/Main/Let%F6lt%E9s?action=diff&source=n&minor=n HTTP/1.1" 200 12860 "-" "Mozilla/5.0 (compatible; DotBot/1.2; +https://opensiteexplorer.org/dotbot; help@moz.com)"
216.244.66.203 - - [01/Jan/2024:09:59:49 +0100] "GET /pmwiki/pmwiki.php/Main/Sajt%F3anyag?action=diff&source=y&minor=y HTTP/1.1" 200 22268 "-" "Mozilla/5.0 (compatible; DotBot/1.2; +https://opensiteexplorer.org/dotbot; help@moz.com)"
217.113.194.104 - - [01/Jan/2024:10:00:16 +0100] "GET /pmwiki/pmwiki.php/Main/2003M%E1jusiNyilatkozat HTTP/1.1" 200 17004 "-" "Mozilla/5.0 (compatible; Barkrowler/0.9; +https://babbar.tech/crawler)"
217.113.194.66 - - [01/Jan/2024:10:02:06 +0100] "GET /pmwiki/pmwiki.php/Main/JuriEktbEloterjesztes?action=print HTTP/1.1" 200 8128 "-" "Mozilla/5.0 (compatible; Barkrowler/0.9; +https://babbar.tech/crawler)"
217.113.194.84 - - [01/Jan/2024:10:03:50 +0100] "GET /pmwiki/pmwiki.php/Main/Marc07PR?action=diff&source=y&minor=y HTTP/1.1" 200 15617 "-" "Mozilla/5.0 (compatible; Barkrowler/0.9; +https://babbar.tech/crawler)"
217.113.194.109 - - [01/Jan/2024:10:05:42 +0100] "GET /pmwiki/pmwiki.php/Main/NoSoftwarePatents?action=upload&upname=wiki.png HTTP/1.1" 200 12442 "-" "Mozilla/5.0 (compatible; Barkrowler/0.9; +https://babbar.tech/crawler)"
217.113.194.97 - - [01/Jan/2024:10:07:29 +0100] "GET /pmwiki/pmwiki.php/Main/ToughLetter?action=diff&source=y&minor=y HTTP/1.1" 200 17433 "-" "Mozilla/5.0 (compatible; Barkrowler/0.9; +https://babbar.tech/crawler)"
217.113.194.74 - - [01/Jan/2024:10:09:23 +0100] "GET /pmwiki/pmwiki.php/Main/Feb09PR?action=diff&source=y&minor=n HTTP/1.1" 200 18090 "-" "Mozilla/5.0 (compatible; Barkrowler/0.9; +https://babbar.tech/crawler)"
217.113.194.113 - - [01/Jan/2024:10:11:10 +0100] "GET /pmwiki/pmwiki.php/Main/Feb08PR?action=diff&source=n&minor=y HTTP/1.1" 200 20619 "-" "Mozilla/5.0 (compatible; Barkrowler/0.9; +https://babbar.tech/crawler)"
217.113.194.113 - - [01/Jan/2024:10:12:59 +0100] "GET /pmwiki/pmwiki.php/Main/Feb08PR?action=diff&source=n&minor=n HTTP/1.1" 200 20619 "-" "Mozilla/5.0 (compatible; Barkrowler/0.9; +https://babbar.tech/crawler)"
217.113.194.96 - - [01/Jan/2024:10:14:49 +0100] "GET /pmwiki/pmwiki.php/Main/Feb03PR?action=diff&source=y&minor=n HTTP/1.1" 200 18565 "-" "Mozilla/5.0 (compatible; Barkrowler/0.9; +https://babbar.tech/crawler)"
217.113.194.119 - - [01/Jan/2024:10:16:43 +0100] "GET /pmwiki/pmwiki.php/Main/Feb03PR?action=diff&source=n&minor=y HTTP/1.1" 200 18340 "-" "Mozilla/5.0 (compatible; Barkrowler/0.9; +https://babbar.tech/crawler)"
217.113.194.87 - - [01/Jan/2024:10:18:30 +0100] "GET /pmwiki/pmwiki.php/Main/CenZored?action=diff&source=y&minor=y HTTP/1.1" 200 16562 "-" "Mozilla/5.0 (compatible; Barkrowler/0.9; +https://babbar.tech/crawler)"
217.113.194.118 - - [01/Jan/2024:10:20:22 +0100] "GET /pmwiki/pmwiki.php/Main/CenZored?action=diff&source=y&minor=n HTTP/1.1" 200 16562 "-" "Mozilla/5.0 (compatible; Barkrowler/0.9; +https://babbar.tech/crawler)"
217.113.194.72 - - [01/Jan/2024:10:22:14 +0100] "GET /pmwiki/pmwiki.php/Main/CenZored?action=diff&source=n&minor=y HTTP/1.1" 200 16528 "-" "Mozilla/5.0 (compatible; Barkrowler/0.9; +https://babbar.tech/crawler)"
217.113.194.105 - - [01/Jan/2024:10:24:01 +0100] "GET /pmwiki/pmwiki.php/Main/JogiOldal?action=diff&source=n&minor=n HTTP/1.1" 200 27426 "-" "Mozilla/5.0 (compatible; Barkrowler/0.9; +https://babbar.tech/crawler)"
217.113.194.127 - - [01/Jan/2024:10:25:48 +0100] "GET /pmwiki/pmwiki.php/Main/Telefonon?action=upload&upname=wiki.png HTTP/1.1" 200 12310 "-" "Mozilla/5.0 (compatible; Barkrowler/0.9; +https://babbar.tech/crawler)"
217.113.194.82 - - [01/Jan/2024:10:27:38 +0100] "GET /pmwiki/pmwiki.php/Main/Todo?action=diff&source=y&minor=y HTTP/1.1" 200 15510 "-" "Mozilla/5.0 (compatible; Barkrowler/0.9; +https://babbar.tech/crawler)"
212.237.23.143 - - [01/Jan/2024:10:28:41 +0100] "HEAD /pmwiki/pmwiki.php HTTP/1.1" 200 0 "-" "Alert_Alligator_webmonitoring_service_1.6.4_(alertalligator.com)"
217.113.194.97 - - [01/Jan/2024:10:29:28 +0100] "GET /pmwiki/pmwiki.php/Main/Todo?action=diff&source=y&minor=n HTTP/1.1" 200 15510 "-" "Mozilla/5.0 (compatible; Barkrowler/0.9; +https://babbar.tech/crawler)"
217.113.194.83 - - [01/Jan/2024:10:31:17 +0100] "GET /pmwiki/pmwiki.php/Main/AllRecentChanges?action=diff&source=n&minor=n HTTP/1.1" 200 12941 "-" "Mozilla/5.0 (compatible; Barkrowler/0.9; +https://babbar.tech/crawler)"
216.244.66.203 - - [01/Jan/2024:10:32:02 +0100] "GET /robots.txt HTTP/1.1" 404 1181 "-" "Mozilla/5.0 (compatible; DotBot/1.2; +https://opensiteexplorer.org/dotbot; help@moz.com)"
217.113.194.115 - - [01/Jan/2024:10:33:07 +0100] "GET /pmwiki/pmwiki.php/Main/AllRecentChanges?action=diff&source=y&minor=y HTTP/1.1" 200 12941 "-" "Mozilla/5.0 (compatible; Barkrowler/0.9; +https://babbar.tech/crawler)"
217.113.194.108 - - [01/Jan/2024:10:34:54 +0100] "GET /pmwiki/pmwiki.php/Main/AllRecentChanges?action=diff&source=y&minor=n HTTP/1.1" 200 12941 "-" "Mozilla/5.0 (compatible; Barkrowler/0.9; +https://babbar.tech/crawler)"
217.113.194.64 - - [01/Jan/2024:10:36:42 +0100] "GET /pmwiki/pmwiki.php/Main/WikiPediaban?action=diff&source=n&minor=y HTTP/1.1" 200 13352 "-" "Mozilla/5.0 (compatible; Barkrowler/0.9; +https://babbar.tech/crawler)"
217.113.194.79 - - [01/Jan/2024:10:38:34 +0100] "GET /pmwiki/pmwiki.php/Main/WikiSandbox?from=PmWiki.WikiSandbox HTTP/1.1" 200 12279 "-" "Mozilla/5.0 (compatible; Barkrowler/0.9; +https://babbar.tech/crawler)"
217.113.194.117 - - [01/Jan/2024:10:40:30 +0100] "GET /pmwiki/pmwiki.php/PmWiki/Categories?action=diff&source=y&minor=y HTTP/1.1" 200 12875 "-" "Mozilla/5.0 (compatible; Barkrowler/0.9; +https://babbar.tech/crawler)"
54.36.148.36 - - [01/Jan/2024:10:41:31 +0100] "GET /robots.txt HTTP/1.1" 404 1181 "-" "Mozilla/5.0 (compatible; AhrefsBot/7.0; +http://ahrefs.com/robot/)"
54.36.149.6 - - [01/Jan/2024:10:41:32 +0100] "GET /pmwiki/pmwiki.php/Main/LehetsegesJavitasokEuropaban?action=print HTTP/1.1" 200 4274 "-" "Mozilla/5.0 (compatible; AhrefsBot/7.0; +http://ahrefs.com/robot/)"
217.113.194.105 - - [01/Jan/2024:10:42:21 +0100] "GET /pmwiki/pmwiki.php/PmWiki/Installation?action=diff&source=n&minor=n HTTP/1.1" 200 12910 "-" "Mozilla/5.0 (compatible; Barkrowler/0.9; +https://babbar.tech/crawler)"
217.113.194.83 - - [01/Jan/2024:10:44:11 +0100] "GET /pmwiki/pmwiki.php/PmWiki/Installation?action=diff&source=y&minor=y HTTP/1.1" 200 12910 "-" "Mozilla/5.0 (compatible; Barkrowler/0.9; +https://babbar.tech/crawler)"
217.113.194.119 - - [01/Jan/2024:10:45:59 +0100] "GET /pmwiki/pmwiki.php/PmWiki/Installation?action=diff&source=y&minor=n HTTP/1.1" 200 12910 "-" "Mozilla/5.0 (compatible; Barkrowler/0.9; +https://babbar.tech/crawler)"
217.113.194.106 - - [01/Jan/2024:10:47:52 +0100] "GET /pmwiki/pmwiki.php/PmWiki/PageHistory?action=diff&source=n&minor=n HTTP/1.1" 200 12893 "-" "Mozilla/5.0 (compatible; Barkrowler/0.9; +https://babbar.tech/crawler)"
217.113.194.124 - - [01/Jan/2024:10:49:42 +0100] "GET /pmwiki/pmwiki.php/PmWiki/InterMap?action=diff&source=n&minor=y HTTP/1.1" 200 12839 "-" "Mozilla/5.0 (compatible; Barkrowler/0.9; +https://babbar.tech/crawler)"
217.113.194.88 - - [01/Jan/2024:10:51:29 +0100] "GET /pmwiki/pmwiki.php/PmWiki/InterMap?action=diff&source=n&minor=n HTTP/1.1" 200 12839 "-" "Mozilla/5.0 (compatible; Barkrowler/0.9; +https://babbar.tech/crawler)"
216.244.66.203 - - [01/Jan/2024:10:51:36 +0100] "GET /pmwiki/pmwiki.php/Main/2005M%E1rciusiNyilatkozat?action=diff&source=n&minor=n HTTP/1.1" 200 16519 "-" "Mozilla/5.0 (compatible; DotBot/1.2; +https://opensiteexplorer.org/dotbot; help@moz.com)"
66.249.64.132 - - [01/Jan/2024:10:52:19 +0100] "GET /robots.txt HTTP/1.1" 404 1181 "-" "Mozilla/5.0 (compatible; Googlebot/2.1; +http://www.google.com/bot.html)"
66.249.64.129 - - [01/Jan/2024:10:52:19 +0100] "GET /pmwiki/pmwiki.php/Main/Lev%E9lAParlamentInformaitikaiBizotts%E1gaEln%F6k%E9nek?action=print HTTP/1.1" 403 30 "-" "Mozilla/5.0 (Linux; Android 6.0.1; Nexus 5X Build/MMB29P) AppleWebKit/537.36 (KHTML, like Gecko) Chrome/120.0.6099.71 Mobile Safari/537.36 (compatible; Googlebot/2.1; +http://www.google.com/bot.html)"
217.113.194.110 - - [01/Jan/2024:10:53:16 +0100] "GET /pmwiki/pmwiki.php/PmWiki/RefCount?action=upload&upname=wiki.png HTTP/1.1" 200 12332 "-" "Mozilla/5.0 (compatible; Barkrowler/0.9; +https://babbar.tech/crawler)"
217.113.194.71 - - [01/Jan/2024:10:55:04 +0100] "GET /pmwiki/pmwiki.php/PmWiki/ChangeLog?action=upload&upname=wiki.png HTTP/1.1" 200 12347 "-" "Mozilla/5.0 (compatible; Barkrowler/0.9; +https://babbar.tech/crawler)"
217.113.194.107 - - [01/Jan/2024:10:56:55 +0100] "GET /pmwiki/pmwiki.php/PmWiki/ChangesFromPmWiki1?action=upload HTTP/1.1" 200 12475 "-" "Mozilla/5.0 (compatible; Barkrowler/0.9; +https://babbar.tech/crawler)"
217.113.194.90 - - [01/Jan/2024:10:58:44 +0100] "GET /pmwiki/pmwiki.php/PmWiki/LayoutBasics?action=upload&upname=wiki.png HTTP/1.1" 200 12396 "-" "Mozilla/5.0 (compatible; Barkrowler/0.9; +https://babbar.tech/crawler)"
217.113.194.75 - - [01/Jan/2024:11:00:32 +0100] "GET /pmwiki/pmwiki.php/PmWiki/LayoutBasics?action=diff&source=n&minor=n HTTP/1.1" 200 12911 "-" "Mozilla/5.0 (compatible; Barkrowler/0.9; +https://babbar.tech/crawler)"
217.113.194.76 - - [01/Jan/2024:11:02:22 +0100] "GET /pmwiki/pmwiki.php/PmWiki/LayoutAdvanced?action=diff&source=n&minor=y HTTP/1.1" 200 12946 "-" "Mozilla/5.0 (compatible; Barkrowler/0.9; +https://babbar.tech/crawler)"
217.113.194.71 - - [01/Jan/2024:11:04:18 +0100] "GET /pmwiki/pmwiki.php/PmWiki/WikiUsers?action=upload&upname=wiki.png HTTP/1.1" 200 12347 "-" "Mozilla/5.0 (compatible; Barkrowler/0.9; +https://babbar.tech/crawler)"
217.113.194.92 - - [01/Jan/2024:11:06:10 +0100] "GET /pmwiki/pmwiki.php/PmWiki/WikiNature?action=diff&source=n&minor=y HTTP/1.1" 200 12875 "-" "Mozilla/5.0 (compatible; Barkrowler/0.9; +https://babbar.tech/crawler)"
217.113.194.105 - - [01/Jan/2024:11:08:02 +0100] "GET /pmwiki/pmwiki.php/PmWiki/WikiNature?action=diff&source=n&minor=n HTTP/1.1" 200 12875 "-" "Mozilla/5.0 (compatible; Barkrowler/0.9; +https://babbar.tech/crawler)"
217.113.194.90 - - [01/Jan/2024:11:09:51 +0100] "GET /pmwiki/pmwiki.php/PmWiki/WikiStyles?action=upload&upname=wiki.png HTTP/1.1" 200 12363 "-" "Mozilla/5.0 (compatible; Barkrowler/0.9; +https://babbar.tech/crawler)"
217.113.194.95 - - [01/Jan/2024:11:11:40 +0100] "GET /pmwiki/pmwiki.php/PmWiki/WikiPage?action=diff&source=y&minor=y HTTP/1.1" 200 12839 "-" "Mozilla/5.0 (compatible; Barkrowler/0.9; +https://babbar.tech/crawler)"
217.113.194.106 - - [01/Jan/2024:11:13:28 +0100] "GET /pmwiki/pmwiki.php/PmWiki/FreeLinks?action=diff&source=n&minor=y HTTP/1.1" 200 12856 "-" "Mozilla/5.0 (compatible; Barkrowler/0.9; +https://babbar.tech/crawler)"
217.113.194.120 - - [01/Jan/2024:11:15:19 +0100] "GET /pmwiki/pmwiki.php/PmWiki/FreeLinks?action=diff&source=n&minor=n HTTP/1.1" 200 12856 "-" "Mozilla/5.0 (compatible; Barkrowler/0.9; +https://babbar.tech/crawler)"
212.237.23.143 - - [01/Jan/2024:11:16:14 +0100] "HEAD /pmwiki/pmwiki.php HTTP/1.1" 200 0 "-" "Alert_Alligator_webmonitoring_service_1.6.4_(alertalligator.com)"
217.113.194.93 - - [01/Jan/2024:11:17:13 +0100] "GET /pmwiki/pmwiki.php/PmWiki/Passwords?action=diff&source=n&minor=y HTTP/1.1" 200 12856 "-" "Mozilla/5.0 (compatible; Barkrowler/0.9; +https://babbar.tech/crawler)"
217.113.194.85 - - [01/Jan/2024:11:19:00 +0100] "GET /robots.txt HTTP/1.1" 404 1181 "-" "Mozilla/5.0 (compatible; Barkrowler/0.9; +https://babbar.tech/crawler)"
217.113.194.105 - - [01/Jan/2024:11:20:52 +0100] "GET /pmwiki/pmwiki.php/Cookbook/EditBar?action=diff&source=y&minor=y HTTP/1.1" 200 12858 "-" "Mozilla/5.0 (compatible; Barkrowler/0.9; +https://babbar.tech/crawler)"
217.113.194.67 - - [01/Jan/2024:11:22:41 +0100] "GET /pmwiki/pmwiki.php/Profiles/Robert?action=diff&source=n&minor=y HTTP/1.1" 200 12840 "-" "Mozilla/5.0 (compatible; Barkrowler/0.9; +https://babbar.tech/crawler)"
217.113.194.124 - - [01/Jan/2024:11:24:31 +0100] "GET /pmwiki/pmwiki.php/Profiles/Robert?action=diff&source=n&minor=n HTTP/1.1" 200 12840 "-" "Mozilla/5.0 (compatible; Barkrowler/0.9; +https://babbar.tech/crawler)"
217.113.194.85 - - [01/Jan/2024:11:26:24 +0100] "GET /pmwiki/pmwiki.php/Profiles/Artisjus?action=diff&source=n&minor=n HTTP/1.1" 200 12876 "-" "Mozilla/5.0 (compatible; Barkrowler/0.9; +https://babbar.tech/crawler)"
217.113.194.82 - - [01/Jan/2024:11:28:14 +0100] "GET /pmwiki/pmwiki.php/Profiles/Artisjus?action=diff&source=y&minor=y HTTP/1.1" 200 12876 "-" "Mozilla/5.0 (compatible; Barkrowler/0.9; +https://babbar.tech/crawler)"
217.113.194.117 - - [01/Jan/2024:11:30:39 +0100] "GET /pmwiki/pmwiki.php/Profiles/FMCikk?action=upload&upname=wiki.png HTTP/1.1" 200 12333 "-" "Mozilla/5.0 (compatible; Barkrowler/0.9; +https://babbar.tech/crawler)"
217.113.194.114 - - [01/Jan/2024:11:32:28 +0100] "GET /pmwiki/pmwiki.php/Profiles/Mikei?action=diff&source=n&minor=y HTTP/1.1" 200 12822 "-" "Mozilla/5.0 (compatible; Barkrowler/0.9; +https://babbar.tech/crawler)"
54.36.149.35 - - [01/Jan/2024:11:33:55 +0100] "GET /pmwiki/pmwiki.php/Main/Doksik HTTP/1.1" 200 14123 "-" "Mozilla/5.0 (compatible; AhrefsBot/7.0; +http://ahrefs.com/robot/)"
217.113.194.93 - - [01/Jan/2024:11:34:18 +0100] "GET /pmwiki/pmwiki.php/Profiles/Mikei?action=diff&source=y&minor=n HTTP/1.1" 200 12822 "-" "Mozilla/5.0 (compatible; Barkrowler/0.9; +https://babbar.tech/crawler)"
217.113.194.115 - - [01/Jan/2024:11:36:22 +0100] "GET /pmwiki/pmwiki.php/Profiles/Mag?action=diff&source=y&minor=n HTTP/1.1" 200 12786 "-" "Mozilla/5.0 (compatible; Barkrowler/0.9; +https://babbar.tech/crawler)"
217.113.194.71 - - [01/Jan/2024:11:38:14 +0100] "GET /pmwiki/pmwiki.php/Profiles/Mag?action=diff&source=n&minor=n HTTP/1.1" 200 12786 "-" "Mozilla/5.0 (compatible; Barkrowler/0.9; +https://babbar.tech/crawler)"
217.113.194.86 - - [01/Jan/2024:11:40:07 +0100] "GET /pmwiki/pmwiki.php/Main/EztMondjukNekik?action=diff HTTP/1.1" 200 15515 "-" "Mozilla/5.0 (compatible; Barkrowler/0.9; +https://babbar.tech/crawler)"
217.113.194.74 - - [01/Jan/2024:11:42:00 +0100] "GET /pmwiki/pmwiki.php/Main/H%EDrek?action=upload&upname=wiki.png HTTP/1.1" 200 12276 "-" "Mozilla/5.0 (compatible; Barkrowler/0.9; +https://babbar.tech/crawler)"
217.113.194.72 - - [01/Jan/2024:11:43:56 +0100] "GET /pmwiki/pmwiki.php/Main/BMEKonferencia?action=upload&upname=wiki.png HTTP/1.1" 200 12390 "-" "Mozilla/5.0 (compatible; Barkrowler/0.9; +https://babbar.tech/crawler)"
217.113.194.65 - - [01/Jan/2024:11:45:48 +0100] "GET /pmwiki/pmwiki.php/Main/TRIPSLie?action=diff&source=y&minor=y HTTP/1.1" 200 14176 "-" "Mozilla/5.0 (compatible; Barkrowler/0.9; +https://babbar.tech/crawler)"
217.113.194.78 - - [01/Jan/2024:11:47:38 +0100] "GET /pmwiki/pmwiki.php/Main/TRIPSLie?action=diff&source=y&minor=n HTTP/1.1" 200 14176 "-" "Mozilla/5.0 (compatible; Barkrowler/0.9; +https://babbar.tech/crawler)"
217.113.194.84 - - [01/Jan/2024:11:49:26 +0100] "GET /pmwiki/pmwiki.php/Main/TRIPSLie?action=diff&source=n&minor=n HTTP/1.1" 200 14070 "-" "Mozilla/5.0 (compatible; Barkrowler/0.9; +https://babbar.tech/crawler)"
217.113.194.106 - - [01/Jan/2024:11:51:25 +0100] "GET /pmwiki/pmwiki.php/Main/LehetsegesJavitasokEuropaban?action=edit HTTP/1.1" 200 12718 "-" "Mozilla/5.0 (compatible; Barkrowler/0.9; +https://babbar.tech/crawler)"
217.113.194.68 - - [01/Jan/2024:11:53:19 +0100] "GET /pmwiki/pmwiki.php/Main/LehetsegesJavitasokEuropaban?action=diff HTTP/1.1" 200 31061 "-" "Mozilla/5.0 (compatible; Barkrowler/0.9; +https://babbar.tech/crawler)"
217.113.194.66 - - [01/Jan/2024:11:55:09 +0100] "GET /pmwiki/pmwiki.php/Main/Tud%E1smonop%F3lium?action=print HTTP/1.1" 200 7085 "-" "Mozilla/5.0 (compatible; Barkrowler/0.9; +https://babbar.tech/crawler)"
217.113.194.78 - - [01/Jan/2024:11:56:58 +0100] "GET /pmwiki/pmwiki.php/Main/Tud%E1smonop%F3lium?action=edit HTTP/1.1" 200 12566 "-" "Mozilla/5.0 (compatible; Barkrowler/0.9; +https://babbar.tech/crawler)"
217.113.194.88 - - [01/Jan/2024:11:58:50 +0100] "GET /pmwiki/pmwiki.php/Main/CikkekPrivacy?action=diff&source=n&minor=n HTTP/1.1" 200 12889 "-" "Mozilla/5.0 (compatible; Barkrowler/0.9; +https://babbar.tech/crawler)"
217.113.194.97 - - [01/Jan/2024:12:00:42 +0100] "GET /pmwiki/pmwiki.php/Main/Linkek?action=diff&source=n&minor=y HTTP/1.1" 200 38966 "-" "Mozilla/5.0 (compatible; Barkrowler/0.9; +https://babbar.tech/crawler)"
217.113.194.96 - - [01/Jan/2024:12:02:37 +0100] "GET /pmwiki/pmwiki.php/Main/Linkek?action=diff&source=n&minor=n HTTP/1.1" 200 36121 "-" "Mozilla/5.0 (compatible; Barkrowler/0.9; +https://babbar.tech/crawler)"
212.237.53.115 - - [01/Jan/2024:12:02:44 +0100] "HEAD /pmwiki/pmwiki.php HTTP/1.1" 200 0 "-" "Alert_Alligator_webmonitoring_service_1.6.4_(alertalligator.com)"
217.113.194.93 - - [01/Jan/2024:12:04:30 +0100] "GET /pmwiki/pmwiki.php/Main/Linkek?action=diff&source=y&minor=y HTTP/1.1" 200 39101 "-" "Mozilla/5.0 (compatible; Barkrowler/0.9; +https://babbar.tech/crawler)"
217.113.194.94 - - [01/Jan/2024:12:06:22 +0100] "GET /pmwiki/pmwiki.php/Main/Marc06LMEPR?action=upload&upname=wiki.png HTTP/1.1" 200 12343 "-" "Mozilla/5.0 (compatible; Barkrowler/0.9; +https://babbar.tech/crawler)"
217.113.194.104 - - [01/Jan/2024:12:08:15 +0100] "GET /pmwiki/pmwiki.php/Main/HarcT%EDzITSzabadalomEllen HTTP/1.1" 200 13731 "-" "Mozilla/5.0 (compatible; Barkrowler/0.9; +https://babbar.tech/crawler)"
217.113.194.65 - - [01/Jan/2024:12:10:04 +0100] "GET /pmwiki/pmwiki.php/Main/ADRMH%E1tr%E1nyai?action=print HTTP/1.1" 200 5095 "-" "Mozilla/5.0 (compatible; Barkrowler/0.9; +https://babbar.tech/crawler)"
17.241.75.29 - - [01/Jan/2024:12:11:53 +0100] "GET /pmwiki/pmwiki.php/Main/Cache HTTP/1.1" 200 16452 "-" "Mozilla/5.0 (Macintosh; Intel Mac OS X 10_15_5) AppleWebKit/605.1.15 (KHTML, like Gecko) Version/13.1.1 Safari/605.1.15 (Applebot/0.1; +http://www.apple.com/go/applebot)"
217.113.194.102 - - [01/Jan/2024:12:12:05 +0100] "GET /pmwiki/pmwiki.php/Main/ThankYouPoland?action=upload&upname=wiki.png HTTP/1.1" 200 12391 "-" "Mozilla/5.0 (compatible; Barkrowler/0.9; +https://babbar.tech/crawler)"
217.113.194.65 - - [01/Jan/2024:12:13:57 +0100] "GET /pmwiki/pmwiki.php/Main/2005M%E1jus?action=upload&upname=wiki.png HTTP/1.1" 200 12338 "-" "Mozilla/5.0 (compatible; Barkrowler/0.9; +https://babbar.tech/crawler)"
217.113.194.66 - - [01/Jan/2024:12:15:52 +0100] "GET /pmwiki/pmwiki.php/Main/Mintalevel0509?action=upload&upname=wiki.png HTTP/1.1" 200 12390 "-" "Mozilla/5.0 (compatible; Barkrowler/0.9; +https://babbar.tech/crawler)"
217.113.194.84 - - [01/Jan/2024:12:17:45 +0100] "GET /pmwiki/pmwiki.php/Main/Mintalevel0509?action=diff&source=n&minor=y HTTP/1.1" 200 23141 "-" "Mozilla/5.0 (compatible; Barkrowler/0.9; +https://babbar.tech/crawler)"
217.113.194.124 - - [01/Jan/2024:12:19:34 +0100] "GET /pmwiki/pmwiki.php/Main/Mintalevel0509?action=diff&source=n&minor=n HTTP/1.1" 200 20593 "-" "Mozilla/5.0 (compatible; Barkrowler/0.9; +https://babbar.tech/crawler)"
217.113.194.82 - - [01/Jan/2024:12:21:25 +0100] "GET /pmwiki/pmwiki.php/PmWiki/AuthorTracking?action=diff&source=n&minor=y HTTP/1.1" 200 12947 "-" "Mozilla/5.0 (compatible; Barkrowler/0.9; +https://babbar.tech/crawler)"
217.113.194.77 - - [01/Jan/2024:12:23:15 +0100] "GET /pmwiki/pmwiki.php/PmWiki/AuthorTracking?action=diff&source=y&minor=n HTTP/1.1" 200 12947 "-" "Mozilla/5.0 (compatible; Barkrowler/0.9; +https://babbar.tech/crawler)"
217.113.194.91 - - [01/Jan/2024:12:25:09 +0100] "GET /pmwiki/pmwiki.php/PmWiki/SpecialMarkups?action=upload&upname=wiki.png HTTP/1.1" 200 12441 "-" "Mozilla/5.0 (compatible; Barkrowler/0.9; +https://babbar.tech/crawler)"
217.113.194.120 - - [01/Jan/2024:12:27:08 +0100] "GET /pmwiki/pmwiki.php/PmWiki/SimpleTables?action=diff&source=n&minor=y HTTP/1.1" 200 12910 "-" "Mozilla/5.0 (compatible; Barkrowler/0.9; +https://babbar.tech/crawler)"
217.113.194.65 - - [01/Jan/2024:12:29:06 +0100] "GET /pmwiki/pmwiki.php/PmWiki/SimpleTables?action=diff&source=n&minor=n HTTP/1.1" 200 12910 "-" "Mozilla/5.0 (compatible; Barkrowler/0.9; +https://babbar.tech/crawler)"
217.113.194.113 - - [01/Jan/2024:12:31:04 +0100] "GET /pmwiki/pmwiki.php/PmWiki/BasicEditing?action=diff&source=n&minor=n HTTP/1.1" 200 12911 "-" "Mozilla/5.0 (compatible; Barkrowler/0.9; +https://babbar.tech/crawler)"
217.113.194.74 - - [01/Jan/2024:12:32:58 +0100] "GET /pmwiki/pmwiki.php/PmWiki/BasicEditing?action=diff&source=y&minor=y HTTP/1.1" 200 12911 "-" "Mozilla/5.0 (compatible; Barkrowler/0.9; +https://babbar.tech/crawler)"
217.113.194.77 - - [01/Jan/2024:12:34:52 +0100] "GET /pmwiki/pmwiki.php/PmWiki/Upgrades?action=diff&source=n&minor=n HTTP/1.1" 200 12838 "-" "Mozilla/5.0 (compatible; Barkrowler/0.9; +https://babbar.tech/crawler)"
217.113.194.109 - - [01/Jan/2024:12:36:45 +0100] "GET /pmwiki/pmwiki.php/PmWiki/Upgrades?action=diff&source=y&minor=y HTTP/1.1" 200 12838 "-" "Mozilla/5.0 (compatible; Barkrowler/0.9; +https://babbar.tech/crawler)"
217.113.194.79 - - [01/Jan/2024:12:38:38 +0100] "GET /pmwiki/pmwiki.php/PmWiki/Upgrades?action=diff&source=y&minor=n HTTP/1.1" 200 12838 "-" "Mozilla/5.0 (compatible; Barkrowler/0.9; +https://babbar.tech/crawler)"
217.113.194.75 - - [01/Jan/2024:12:40:32 +0100] "GET /pmwiki/pmwiki.php/PmWiki/UpgradingFromPmWiki1?action=upload HTTP/1.1" 200 12508 "-" "Mozilla/5.0 (compatible; Barkrowler/0.9; +https://babbar.tech/crawler)"
217.113.194.85 - - [01/Jan/2024:12:42:33 +0100] "GET /pmwiki/pmwiki.php/PmWiki/PmWiki?action=upload&upname=wiki.png HTTP/1.1" 200 12296 "-" "Mozilla/5.0 (compatible; Barkrowler/0.9; +https://babbar.tech/crawler)"
217.113.194.106 - - [01/Jan/2024:12:44:27 +0100] "GET /pmwiki/pmwiki.php/PmWiki/InterMap?action=diff&source=y&minor=n HTTP/1.1" 200 12839 "-" "Mozilla/5.0 (compatible; Barkrowler/0.9; +https://babbar.tech/crawler)"
217.113.194.73 - - [01/Jan/2024:12:46:30 +0100] "GET /pmwiki/pmwiki.php/PmWiki/MailPosts?action=diff&source=n&minor=n HTTP/1.1" 200 12857 "-" "Mozilla/5.0 (compatible; Barkrowler/0.9; +https://babbar.tech/crawler)"
217.113.194.80 - - [01/Jan/2024:12:48:28 +0100] "GET /pmwiki/pmwiki.php/PmWiki/Audiences?action=diff&source=n&minor=n HTTP/1.1" 200 12855 "-" "Mozilla/5.0 (compatible; Barkrowler/0.9; +https://babbar.tech/crawler)"
217.113.194.90 - - [01/Jan/2024:12:50:19 +0100] "GET /pmwiki/pmwiki.php/PmWiki/Audiences?action=diff&source=y&minor=n HTTP/1.1" 200 12855 "-" "Mozilla/5.0 (compatible; Barkrowler/0.9; +https://babbar.tech/crawler)"
217.113.194.81 - - [01/Jan/2024:12:52:15 +0100] "GET /pmwiki/pmwiki.php/PmWiki/ChangeLog?action=diff&source=n&minor=y HTTP/1.1" 200 12856 "-" "Mozilla/5.0 (compatible; Barkrowler/0.9; +https://babbar.tech/crawler)"
217.113.194.66 - - [01/Jan/2024:12:54:07 +0100] "GET /pmwiki/pmwiki.php/PmWiki/ChangeLog?action=diff&source=n&minor=n HTTP/1.1" 200 12856 "-" "Mozilla/5.0 (compatible; Barkrowler/0.9; +https://babbar.tech/crawler)"
217.113.194.113 - - [01/Jan/2024:12:56:01 +0100] "GET /pmwiki/pmwiki.php/PmWiki/ChangesFromPmWiki1?action=diff HTTP/1.1" 200 13018 "-" "Mozilla/5.0 (compatible; Barkrowler/0.9; +https://babbar.tech/crawler)"
54.36.148.225 - - [01/Jan/2024:12:56:58 +0100] "GET /pmwiki/pmwiki.php/Main/MitTehetek?action=print HTTP/1.1" 200 4202 "-" "Mozilla/5.0 (compatible; AhrefsBot/7.0; +http://ahrefs.com/robot/)"
217.113.194.101 - - [01/Jan/2024:12:57:55 +0100] "GET /pmwiki/pmwiki.php/PmWiki/LayoutBasics?action=diff&source=y&minor=n HTTP/1.1" 200 12911 "-" "Mozilla/5.0 (compatible; Barkrowler/0.9; +https://babbar.tech/crawler)"
212.237.23.143 - - [01/Jan/2024:12:59:17 +0100] "HEAD /pmwiki/pmwiki.php HTTP/1.1" 200 0 "-" "Alert_Alligator_webmonitoring_service_1.6.4_(alertalligator.com)"
217.113.194.102 - - [01/Jan/2024:12:59:43 +0100] "GET /pmwiki/pmwiki.php/PmWiki/CustomInterMap?action=upload&upname=wiki.png HTTP/1.1" 200 12429 "-" "Mozilla/5.0 (compatible; Barkrowler/0.9; +https://babbar.tech/crawler)"
217.113.194.111 - - [01/Jan/2024:13:01:37 +0100] "GET /pmwiki/pmwiki.php/PmWiki/CustomMarkup?action=upload&upname=wiki.png HTTP/1.1" 200 12396 "-" "Mozilla/5.0 (compatible; Barkrowler/0.9; +https://babbar.tech/crawler)"
217.113.194.114 - - [01/Jan/2024:13:03:33 +0100] "GET /pmwiki/pmwiki.php/PmWiki/RecentChanges?action=diff&source=n&minor=y HTTP/1.1" 200 16087 "-" "Mozilla/5.0 (compatible; Barkrowler/0.9; +https://babbar.tech/crawler)"
217.113.194.126 - - [01/Jan/2024:13:05:31 +0100] "GET /pmwiki/pmwiki.php/PmWiki/RecentChanges?action=diff&source=n&minor=n HTTP/1.1" 200 16087 "-" "Mozilla/5.0 (compatible; Barkrowler/0.9; +https://babbar.tech/crawler)"
216.244.66.203 - - [01/Jan/2024:13:06:18 +0100] "GET /robots.txt HTTP/1.1" 404 1181 "-" "Mozilla/5.0 (compatible; DotBot/1.2; +https://opensiteexplorer.org/dotbot; help@moz.com)"
217.113.194.71 - - [01/Jan/2024:13:07:25 +0100] "GET /pmwiki/pmwiki.php/PmWiki/RecentChanges?action=diff&source=y&minor=n HTTP/1.1" 200 16618 "-" "Mozilla/5.0 (compatible; Barkrowler/0.9; +https://babbar.tech/crawler)"
217.113.194.85 - - [01/Jan/2024:13:09:17 +0100] "GET /pmwiki/pmwiki.php/PmWiki/Contributors?action=diff&source=n&minor=y HTTP/1.1" 200 12911 "-" "Mozilla/5.0 (compatible; Barkrowler/0.9; +https://babbar.tech/crawler)"
217.113.194.126 - - [01/Jan/2024:13:11:14 +0100] "GET /pmwiki/pmwiki.php/PmWiki/Contributors?action=diff&source=n&minor=n HTTP/1.1" 200 12911 "-" "Mozilla/5.0 (compatible; Barkrowler/0.9; +https://babbar.tech/crawler)"
217.113.194.65 - - [01/Jan/2024:13:13:07 +0100] "GET /pmwiki/pmwiki.php/PmWiki/Contributors?action=diff&source=y&minor=y HTTP/1.1" 200 12911 "-" "Mozilla/5.0 (compatible; Barkrowler/0.9; +https://babbar.tech/crawler)"
217.113.194.96 - - [01/Jan/2024:13:15:01 +0100] "GET /pmwiki/pmwiki.php/PmWiki/Contributors?action=diff&source=y&minor=n HTTP/1.1" 200 12911 "-" "Mozilla/5.0 (compatible; Barkrowler/0.9; +https://babbar.tech/crawler)"
217.113.194.99 - - [01/Jan/2024:13:16:50 +0100] "GET /pmwiki/pmwiki.php/PmWiki/WikiStructure?action=upload&upname=wiki.png HTTP/1.1" 200 12412 "-" "Mozilla/5.0 (compatible; Barkrowler/0.9; +https://babbar.tech/crawler)"
216.244.66.203 - - [01/Jan/2024:13:17:56 +0100] "GET /pmwiki/pmwiki.php/PmWiki/PmWiki?action=edit&restore=diff:1114313764:1114211724:minor&preview=y HTTP/1.1" 200 12451 "-" "Mozilla/5.0 (compatible; DotBot/1.2; +https://opensiteexplorer.org/dotbot; help@moz.com)"
217.113.194.100 - - [01/Jan/2024:13:18:44 +0100] "GET /pmwiki/pmwiki.php/PmWiki/WikiUsers?action=diff&source=n&minor=y HTTP/1.1" 200 12856 "-" "Mozilla/5.0 (compatible; Barkrowler/0.9; +https://babbar.tech/crawler)"
217.113.194.97 - - [01/Jan/2024:13:20:36 +0100] "GET /pmwiki/pmwiki.php/PmWiki/WikiUsers?action=diff&source=y&minor=y HTTP/1.1" 200 12856 "-" "Mozilla/5.0 (compatible; Barkrowler/0.9; +https://babbar.tech/crawler)"
217.113.194.71 - - [01/Jan/2024:13:22:42 +0100] "GET /pmwiki/pmwiki.php/PmWiki/WikiUsers?action=diff&source=y&minor=n HTTP/1.1" 200 12856 "-" "Mozilla/5.0 (compatible; Barkrowler/0.9; +https://babbar.tech/crawler)"
