54.36.149.34 - - [01/Jan/2024:00:00:10 +0100] "GET /pmwiki/pmwiki.php/Main/Sajt%F3anyag?action=upload HTTP/1.1" 200 12339 "-" "Mozilla/5.0 (compatible; AhrefsBot/7.0; +http://ahrefs.com/robot/)"
217.113.194.86 - - [01/Jan/2024:00:02:24 +0100] "GET /pmwiki/pmwiki.php/Main/Mintalevel0509?action=diff HTTP/1.1" 200 23141 "-" "Mozilla/5.0 (compatible; Barkrowler/0.9; +https://babbar.tech/crawler)"
217.113.194.73 - - [01/Jan/2024:00:05:52 +0100] "GET /pmwiki/pmwiki.php/PmWiki/AuthorTracking?action=print HTTP/1.1" 200 4032 "-" "Mozilla/5.0 (compatible; Barkrowler/0.9; +https://babbar.tech/crawler)"
217.113.194.107 - - [01/Jan/2024:00:09:16 +0100] "GET /pmwiki/pmwiki.php/PmWiki/MarkupMasterIndex HTTP/1.1" 200 20542 "-" "Mozilla/5.0 (compatible; Barkrowler/0.9; +https://babbar.tech/crawler)"
49.12.13.109 - - [01/Jan/2024:00:09:59 +0100] "HEAD /pmwiki/pmwiki.php HTTP/1.1" 200 0 "-" "Alert_Alligator_webmonitoring_service_1.6.3_(alertalligator.com)"
217.113.194.112 - - [01/Jan/2024:00:12:36 +0100] "GET /pmwiki/pmwiki.php/PmWiki/SimpleTables?action=diff HTTP/1.1" 200 12910 "-" "Mozilla/5.0 (compatible; Barkrowler/0.9; +https://babbar.tech/crawler)"
217.113.194.111 - - [01/Jan/2024:00:16:01 +0100] "GET /pmwiki/pmwiki.php/PmWiki/BasicEditing?action=diff HTTP/1.1" 200 12911 "-" "Mozilla/5.0 (compatible; Barkrowler/0.9; +https://babbar.tech/crawler)"
217.113.194.109 - - [01/Jan/2024:00:19:27 +0100] "GET /pmwiki/pmwiki.php/PmWiki/Upgrades?action=diff HTTP/1.1" 200 12838 "-" "Mozilla/5.0 (compatible; Barkrowler/0.9; +https://babbar.tech/crawler)"
217.113.194.83 - - [01/Jan/2024:00:22:49 +0100] "GET /pmwiki/pmwiki.php/PmWiki/PmWiki?action=upload HTTP/1.1" 200 12280 "-" "Mozilla/5.0 (compatible; Barkrowler/0.9; +https://babbar.tech/crawler)"
217.113.194.82 - - [01/Jan/2024:00:26:01 +0100] "GET /pmwiki/pmwiki.php/PmWiki/MailPosts?action=diff HTTP/1.1" 200 12857 "-" "Mozilla/5.0 (compatible; Barkrowler/0.9; +https://babbar.tech/crawler)"
217.113.194.122 - - [01/Jan/2024:00:29:28 +0100] "GET /pmwiki/pmwiki.php/PmWiki/Audiences?action=upload HTTP/1.1" 200 12330 "-" "Mozilla/5.0 (compatible; Barkrowler/0.9; +https://babbar.tech/crawler)"
217.113.194.84 - - [01/Jan/2024:00:32:54 +0100] "GET /pmwiki/pmwiki.php/PmWiki/ImagesInWikiPages HTTP/1.1" 200 14089 "-" "Mozilla/5.0 (compatible; Barkrowler/0.9; +https://babbar.tech/crawler)"
217.113.194.66 - - [01/Jan/2024:00:36:59 +0100] "GET /pmwiki/pmwiki.php/PmWiki/RefCount?action=diff HTTP/1.1" 200 12839 "-" "Mozilla/5.0 (compatible; Barkrowler/0.9; +https://babbar.tech/crawler)"
217.113.194.121 - - [01/Jan/2024:00:40:24 +0100] "GET /pmwiki/pmwiki.php/PmWiki/RefCount?action=upload HTTP/1.1" 200 12316 "-" "Mozilla/5.0 (compatible; Barkrowler/0.9; +https://babbar.tech/crawler)"
217.113.194.79 - - [01/Jan/2024:00:43:42 +0100] "GET /pmwiki/pmwiki.php/PmWiki/GroupAttributes?action=print HTTP/1.1" 200 2304 "-" "Mozilla/5.0 (compatible; Barkrowler/0.9; +https://babbar.tech/crawler)"
217.113.194.67 - - [01/Jan/2024:00:47:10 +0100] "GET /pmwiki/pmwiki.php/PmWiki/GroupAttributes?action=upload HTTP/1.1" 200 12428 "-" "Mozilla/5.0 (compatible; Barkrowler/0.9; +https://babbar.tech/crawler)"
217.113.194.94 - - [01/Jan/2024:00:50:33 +0100] "GET /pmwiki/pmwiki.php/PmWiki/RecentChanges?action=upload HTTP/1.1" 200 12392 "-" "Mozilla/5.0 (compatible; Barkrowler/0.9; +https://babbar.tech/crawler)"
217.113.194.126 - - [01/Jan/2024:00:54:01 +0100] "GET /pmwiki/pmwiki.php/PmWiki/Security?action=print HTTP/1.1" 200 5095 "-" "Mozilla/5.0 (compatible; Barkrowler/0.9; +https://babbar.tech/crawler)"
217.113.194.107 - - [01/Jan/2024:00:57:22 +0100] "GET /pmwiki/pmwiki.php/PmWiki/Security?action=upload HTTP/1.1" 200 12317 "-" "Mozilla/5.0 (compatible; Barkrowler/0.9; +https://babbar.tech/crawler)"
212.237.51.151 - - [01/Jan/2024:00:57:41 +0100] "HEAD /pmwiki/pmwiki.php HTTP/1.1" 200 0 "-" "Alert_Alligator_webmonitoring_service_1.6.4_(alertalligator.com)"
54.36.149.32 - - [01/Jan/2024:00:59:35 +0100] "GET /pmwiki/pmwiki.php/Main/MitTehetek?action=upload HTTP/1.1" 200 12310 "-" "Mozilla/5.0 (compatible; AhrefsBot/7.0; +http://ahrefs.com/robot/)"
217.113.194.87 - - [01/Jan/2024:01:00:44 +0100] "GET /pmwiki/pmwiki.php/PmWiki/Security?action=edit HTTP/1.1" 200 12437 "-" "Mozilla/5.0 (compatible; Barkrowler/0.9; +https://babbar.tech/crawler)"
217.113.194.95 - - [01/Jan/2024:01:04:00 +0100] "GET /pmwiki/pmwiki.php/PmWiki/Contributors?action=upload HTTP/1.1" 200 12380 "-" "Mozilla/5.0 (compatible; Barkrowler/0.9; +https://babbar.tech/crawler)"
217.113.194.94 - - [01/Jan/2024:01:07:23 +0100] "GET /pmwiki/pmwiki.php/PmWiki/WikiUsers?action=diff HTTP/1.1" 200 12856 "-" "Mozilla/5.0 (compatible; Barkrowler/0.9; +https://babbar.tech/crawler)"
54.36.149.32 - - [01/Jan/2024:01:07:49 +0100] "GET /pmwiki/pmwiki.php/Main/Nyilatkozatok HTTP/1.1" 200 16071 "-" "Mozilla/5.0 (compatible; AhrefsBot/7.0; +http://ahrefs.com/robot/)"
217.113.194.96 - - [01/Jan/2024:01:10:46 +0100] "GET /pmwiki/pmwiki.php/PmWiki/WikiStyles?action=upload HTTP/1.1" 200 12347 "-" "Mozilla/5.0 (compatible; Barkrowler/0.9; +https://babbar.tech/crawler)"
217.113.194.121 - - [01/Jan/2024:01:14:15 +0100] "GET /pmwiki/pmwiki.php/PmWiki/WikiTrails?action=print HTTP/1.1" 200 5691 "-" "Mozilla/5.0 (compatible; Barkrowler/0.9; +https://babbar.tech/crawler)"
217.113.194.68 - - [01/Jan/2024:01:17:34 +0100] "GET /pmwiki/pmwiki.php/PmWiki/WikiFarms?action=edit HTTP/1.1" 200 12451 "-" "Mozilla/5.0 (compatible; Barkrowler/0.9; +https://babbar.tech/crawler)"
217.113.194.126 - - [01/Jan/2024:01:21:02 +0100] "GET /pmwiki/pmwiki.php/PmWiki/DocumentationIndex?action=edit HTTP/1.1" 200 12596 "-" "Mozilla/5.0 (compatible; Barkrowler/0.9; +https://babbar.tech/crawler)"
217.113.194.81 - - [01/Jan/2024:01:24:27 +0100] "GET /pmwiki/pmwiki.php/PmWiki/Requirements?action=edit HTTP/1.1" 200 12499 "-" "Mozilla/5.0 (compatible; Barkrowler/0.9; +https://babbar.tech/crawler)"
217.113.194.93 - - [01/Jan/2024:01:27:50 +0100] "GET /pmwiki/pmwiki.php/PmWiki/Requirements?action=upload HTTP/1.1" 200 12379 "-" "Mozilla/5.0 (compatible; Barkrowler/0.9; +https://babbar.tech/crawler)"
217.113.194.76 - - [01/Jan/2024:01:31:09 +0100] "GET /pmwiki/pmwiki.php/PmWiki/Variables?action=diff HTTP/1.1" 200 12857 "-" "Mozilla/5.0 (compatible; Barkrowler/0.9; +https://babbar.tech/crawler)"
216.244.66.203 - - [01/Jan/2024:01:33:01 +0100] "GET /robots.txt HTTP/1.1" 404 1181 "-" "Mozilla/5.0 (compatible; DotBot/1.2; +https://opensiteexplorer.org/dotbot; help@moz.com)"
217.113.194.123 - - [01/Jan/2024:01:34:28 +0100] "GET /pmwiki/pmwiki.php/PmWiki/CreatingNewPages HTTP/1.1" 200 14492 "-" "Mozilla/5.0 (compatible; Barkrowler/0.9; +https://babbar.tech/crawler)"
217.113.194.65 - - [01/Jan/2024:01:36:13 +0100] "GET /pmwiki/pmwiki.php/Profiles/FMCikk?action=print HTTP/1.1" 404 2378 "-" "Mozilla/5.0 (compatible; Barkrowler/0.9; +https://babbar.tech/crawler)"
217.113.194.78 - - [01/Jan/2024:01:38:02 +0100] "GET /pmwiki/pmwiki.php/Profiles/FMCikk?action=edit HTTP/1.1" 200 12437 "-" "Mozilla/5.0 (compatible; Barkrowler/0.9; +https://babbar.tech/crawler)"
217.113.194.108 - - [01/Jan/2024:01:39:49 +0100] "GET /pmwiki/pmwiki.php/Profiles/ATraduire?action=print HTTP/1.1" 404 2390 "-" "Mozilla/5.0 (compatible; Barkrowler/0.9; +https://babbar.tech/crawler)"
217.113.194.78 - - [01/Jan/2024:01:41:47 +0100] "GET /pmwiki/pmwiki.php/Profiles/ATraduire?action=diff HTTP/1.1" 200 12894 "-" "Mozilla/5.0 (compatible; Barkrowler/0.9; +https://babbar.tech/crawler)"
217.113.194.121 - - [01/Jan/2024:01:43:38 +0100] "GET /pmwiki/pmwiki.php/Profiles/MitMondjunk?action=edit HTTP/1.1" 200 12517 "-" "Mozilla/5.0 (compatible; Barkrowler/0.9; +https://babbar.tech/crawler)"
212.237.51.151 - - [01/Jan/2024:01:44:05 +0100] "HEAD /pmwiki/pmwiki.php HTTP/1.1" 200 0 "-" "Alert_Alligator_webmonitoring_service_1.6.4_(alertalligator.com)"
217.113.194.78 - - [01/Jan/2024:01:45:28 +0100] "GET /pmwiki/pmwiki.php/Profiles/MitMondjunk?action=upload HTTP/1.1" 200 12397 "-" "Mozilla/5.0 (compatible; Barkrowler/0.9; +https://babbar.tech/crawler)"
217.113.194.73 - - [01/Jan/2024:01:47:26 +0100] "GET /pmwiki/pmwiki.php/Profiles/MitMondjunk?action=print HTTP/1.1" 404 2398 "-" "Mozilla/5.0 (compatible; Barkrowler/0.9; +https://babbar.tech/crawler)"
217.113.194.74 - - [01/Jan/2024:01:49:14 +0100] "GET /pmwiki/pmwiki.php/Profiles/MitMondjunk?action=diff HTTP/1.1" 200 12930 "-" "Mozilla/5.0 (compatible; Barkrowler/0.9; +https://babbar.tech/crawler)"
216.244.66.203 - - [01/Jan/2024:01:50:43 +0100] "GET /pmwiki/pmwiki.php/Main/2005J%FAnius?action=diff&source=y&minor=y HTTP/1.1" 200 17869 "-" "Mozilla/5.0 (compatible; DotBot/1.2; +https://opensiteexplorer.org/dotbot; help@moz.com)"
216.244.66.203 - - [01/Jan/2024:01:50:48 +0100] "GET /pmwiki/pmwiki.php/Main/McCreevy?action=diff&source=n&minor=n HTTP/1.1" 200 16195 "-" "Mozilla/5.0 (compatible; DotBot/1.2; +https://opensiteexplorer.org/dotbot; help@moz.com)"
216.244.66.203 - - [01/Jan/2024:01:50:52 +0100] "GET /pmwiki/pmwiki.php/PmWiki/PredefinedWikiStyles?action=diff&source=y&minor=y HTTP/1.1" 200 13054 "-" "Mozilla/5.0 (compatible; DotBot/1.2; +https://opensiteexplorer.org/dotbot; help@moz.com)"
216.244.66.203 - - [01/Jan/2024:01:50:56 +0100] "GET /pmwiki/pmwiki.php/PmWiki/WikiFarms?action=diff&source=y&minor=y HTTP/1.1" 200 12856 "-" "Mozilla/5.0 (compatible; DotBot/1.2; +https://opensiteexplorer.org/dotbot; help@moz.com)"
216.244.66.203 - - [01/Jan/2024:01:50:59 +0100] "GET /pmwiki/pmwiki.php/Profiles/Leforditando?action=diff&source=n&minor=n HTTP/1.1" 200 12948 "-" "Mozilla/5.0 (compatible; DotBot/1.2; +https://opensiteexplorer.org/dotbot; help@moz.com)"
217.113.194.85 - - [01/Jan/2024:01:51:01 +0100] "GET /pmwiki/pmwiki.php/Profiles/WrapPlague?action=diff HTTP/1.1" 200 12912 "-" "Mozilla/5.0 (compatible; Barkrowler/0.9; +https://babbar.tech/crawler)"
217.113.194.112 - - [01/Jan/2024:01:52:46 +0100] "GET /pmwiki/pmwiki.php/Profiles/MacintelDRMOS HTTP/1.1" 404 12074 "-" "Mozilla/5.0 (compatible; Barkrowler/0.9; +https://babbar.tech/crawler)"
216.244.66.203 - - [01/Jan/2024:01:53:36 +0100] "GET /pmwiki/pmwiki.php/Main/DRM?action=edit&restore=diff:1110470390:1110470186:&preview=y HTTP/1.1" 200 12364 "-" "Mozilla/5.0 (compatible; DotBot/1.2; +https://opensiteexplorer.org/dotbot; help@moz.com)"
217.113.194.83 - - [01/Jan/2024:01:54:41 +0100] "GET /pmwiki/pmwiki.php/Main/H%EDrek?action=upload HTTP/1.1" 200 12260 "-" "Mozilla/5.0 (compatible; Barkrowler/0.9; +https://babbar.tech/crawler)"
217.113.194.106 - - [01/Jan/2024:01:56:28 +0100] "GET /pmwiki/pmwiki.php/Main/Nyilatkozat?action=upload HTTP/1.1" 200 12330 "-" "Mozilla/5.0 (compatible; Barkrowler/0.9; +https://babbar.tech/crawler)"
217.113.194.88 - - [01/Jan/2024:01:58:20 +0100] "GET /pmwiki/pmwiki.php/Main/BMEKonferencia?action=upload HTTP/1.1" 200 12374 "-" "Mozilla/5.0 (compatible; Barkrowler/0.9; +https://babbar.tech/crawler)"
217.113.194.125 - - [01/Jan/2024:02:00:10 +0100] "GET /pmwiki/pmwiki.php/Main/BMEKonferencia?action=diff HTTP/1.1" 200 76698 "-" "Mozilla/5.0 (compatible; Barkrowler/0.9; +https://babbar.tech/crawler)"
217.113.194.120 - - [01/Jan/2024:02:02:00 +0100] "GET /pmwiki/pmwiki.php/Main/BMEKonferencia?action=print HTTP/1.1" 200 5262 "-" "Mozilla/5.0 (compatible; Barkrowler/0.9; +https://babbar.tech/crawler)"
217.113.194.87 - - [01/Jan/2024:02:03:44 +0100] "GET /pmwiki/pmwiki.php/Main/McCreevy?action=edit HTTP/1.1" 200 12402 "-" "Mozilla/5.0 (compatible; Barkrowler/0.9; +https://babbar.tech/crawler)"
216.244.66.203 - - [01/Jan/2024:02:03:44 +0100] "GET /pmwiki/pmwiki.php/Main/2004Szeptember1?action=edit&restore=diff:1120087799:1120087799:&preview=y HTTP/1.1" 200 12556 "-" "Mozilla/5.0 (compatible; DotBot/1.2; +https://opensiteexplorer.org/dotbot; help@moz.com)"
217.113.194.71 - - [01/Jan/2024:02:05:31 +0100] "GET /pmwiki/pmwiki.php/Main/McCreevy?action=upload HTTP/1.1" 200 12282 "-" "Mozilla/5.0 (compatible; Barkrowler/0.9; +https://babbar.tech/crawler)"
217.113.194.70 - - [01/Jan/2024:02:07:27 +0100] "GET /pmwiki/pmwiki.php/Main/Marc06LMEPR?action=diff HTTP/1.1" 200 17638 "-" "Mozilla/5.0 (compatible; Barkrowler/0.9; +https://babbar.tech/crawler)"
217.113.194.119 - - [01/Jan/2024:02:09:18 +0100] "GET /pmwiki/pmwiki.php/Main/Direkt%EDva?action=upload HTTP/1.1" 200 12326 "-" "Mozilla/5.0 (compatible; Barkrowler/0.9; +https://babbar.tech/crawler)"
217.113.194.67 - - [01/Jan/2024:02:11:10 +0100] "GET /pmwiki/pmwiki.php/Main/ThankYouPoland?action=diff HTTP/1.1" 200 15641 "-" "Mozilla/5.0 (compatible; Barkrowler/0.9; +https://babbar.tech/crawler)"
217.113.194.103 - - [01/Jan/2024:02:12:55 +0100] "GET /pmwiki/pmwiki.php/Main/Doksik?action=diff HTTP/1.1" 200 19426 "-" "Mozilla/5.0 (compatible; Barkrowler/0.9; +https://babbar.tech/crawler)"
217.113.194.101 - - [01/Jan/2024:02:14:41 +0100] "GET /pmwiki/pmwiki.php/Main/Let%F6lt%E9s?action=upload HTTP/1.1" 200 12337 "-" "Mozilla/5.0 (compatible; Barkrowler/0.9; +https://babbar.tech/crawler)"
217.113.194.122 - - [01/Jan/2024:02:16:24 +0100] "GET /pmwiki/pmwiki.php/Main/TelefononFaxon?action=edit HTTP/1.1" 200 12497 "-" "Mozilla/5.0 (compatible; Barkrowler/0.9; +https://babbar.tech/crawler)"
217.113.194.103 - - [01/Jan/2024:02:18:13 +0100] "GET /pmwiki/pmwiki.php/PmWiki/LocalCustomizations?action=edit HTTP/1.1" 200 12610 "-" "Mozilla/5.0 (compatible; Barkrowler/0.9; +https://babbar.tech/crawler)"
217.113.194.96 - - [01/Jan/2024:02:20:02 +0100] "GET /pmwiki/pmwiki.php/PmWiki/LocalCustomizations?action=upload HTTP/1.1" 200 12490 "-" "Mozilla/5.0 (compatible; Barkrowler/0.9; +https://babbar.tech/crawler)"
217.113.194.106 - - [01/Jan/2024:02:21:53 +0100] "GET /pmwiki/pmwiki.php/PmWiki/BasicVariables?action=edit HTTP/1.1" 200 12532 "-" "Mozilla/5.0 (compatible; Barkrowler/0.9; +https://babbar.tech/crawler)"
217.113.194.114 - - [01/Jan/2024:02:23:43 +0100] "GET /pmwiki/pmwiki.php/PmWiki/UploadsAdmin?action=edit HTTP/1.1" 200 12499 "-" "Mozilla/5.0 (compatible; Barkrowler/0.9; +https://babbar.tech/crawler)"
216.244.66.203 - - [01/Jan/2024:02:25:27 +0100] "GET /robots.txt HTTP/1.1" 404 1181 "-" "Mozilla/5.0 (compatible; DotBot/1.2; +https://opensiteexplorer.org/dotbot; help@moz.com)"
217.113.194.108 - - [01/Jan/2024:02:25:34 +0100] "GET /pmwiki/pmwiki.php/PmWiki/PmWikiPhilosophy HTTP/1.1" 200 16736 "-" "Mozilla/5.0 (compatible; Barkrowler/0.9; +https://babbar.tech/crawler)"
217.113.194.106 - - [01/Jan/2024:02:27:37 +0100] "GET /pmwiki/pmwiki.php/PmWiki/I18nVariables HTTP/1.1" 200 12528 "-" "Mozilla/5.0 (compatible; Barkrowler/0.9; +https://babbar.tech/crawler)"
217.113.194.105 - - [01/Jan/2024:02:29:27 +0100] "GET /pmwiki/pmwiki.php/PmWiki/OtherVariables?action=upload HTTP/1.1" 200 12412 "-" "Mozilla/5.0 (compatible; Barkrowler/0.9; +https://babbar.tech/crawler)"
217.113.194.86 - - [01/Jan/2024:02:31:15 +0100] "GET /pmwiki/pmwiki.php/PmWiki/EditVariables?action=edit HTTP/1.1" 200 12515 "-" "Mozilla/5.0 (compatible; Barkrowler/0.9; +https://babbar.tech/crawler)"
217.113.194.78 - - [01/Jan/2024:02:33:07 +0100] "GET /pmwiki/pmwiki.php/PmWiki/EditVariables?action=upload HTTP/1.1" 200 12395 "-" "Mozilla/5.0 (compatible; Barkrowler/0.9; +https://babbar.tech/crawler)"
217.113.194.111 - - [01/Jan/2024:02:34:57 +0100] "GET /pmwiki/pmwiki.php/PmWiki/LayoutVariables?action=upload HTTP/1.1" 200 12427 "-" "Mozilla/5.0 (compatible; Barkrowler/0.9; +https://babbar.tech/crawler)"
217.113.194.88 - - [01/Jan/2024:02:36:59 +0100] "GET /pmwiki/pmwiki.php/PmWiki/CustomInterMap?action=edit HTTP/1.1" 200 12533 "-" "Mozilla/5.0 (compatible; Barkrowler/0.9; +https://babbar.tech/crawler)"
217.113.194.111 - - [01/Jan/2024:02:38:49 +0100] "GET /pmwiki/pmwiki.php/PmWiki/CustomInterMap?action=upload HTTP/1.1" 200 12413 "-" "Mozilla/5.0 (compatible; Barkrowler/0.9; +https://babbar.tech/crawler)"
217.113.194.115 - - [01/Jan/2024:02:40:37 +0100] "GET /pmwiki/pmwiki.php/PmWiki/CustomWikiStyles?action=print HTTP/1.1" 200 9229 "-" "Mozilla/5.0 (compatible; Barkrowler/0.9; +https://babbar.tech/crawler)"
217.113.194.82 - - [01/Jan/2024:02:42:29 +0100] "GET /pmwiki/pmwiki.php/PmWiki/CustomWikiStyles?action=edit HTTP/1.1" 200 12563 "-" "Mozilla/5.0 (compatible; Barkrowler/0.9; +https://babbar.tech/crawler)"
49.12.13.109 - - [01/Jan/2024:02:43:09 +0100] "HEAD /pmwiki/pmwiki.php HTTP/1.1" 200 0 "-" "Alert_Alligator_webmonitoring_service_1.6.3_(alertalligator.com)"
217.113.194.114 - - [01/Jan/2024:02:44:17 +0100] "GET /pmwiki/pmwiki.php/PmWiki/CustomMarkup?action=upload HTTP/1.1" 200 12380 "-" "Mozilla/5.0 (compatible; Barkrowler/0.9; +https://babbar.tech/crawler)"
217.113.194.118 - - [01/Jan/2024:02:46:06 +0100] "GET /pmwiki/pmwiki.php/PmWiki/CustomMarkup?action=diff HTTP/1.1" 200 12911 "-" "Mozilla/5.0 (compatible; Barkrowler/0.9; +https://babbar.tech/crawler)"
217.113.194.104 - - [01/Jan/2024:02:48:00 +0100] "GET /pmwiki/pmwiki.php/PmWiki/CustomMarkup?action=print HTTP/1.1" 200 8313 "-" "Mozilla/5.0 (compatible; Barkrowler/0.9; +https://babbar.tech/crawler)"
217.113.194.120 - - [01/Jan/2024:02:49:50 +0100] "GET /pmwiki/pmwiki.php/PmWiki/GroupHeaders?action=upload HTTP/1.1" 200 12379 "-" "Mozilla/5.0 (compatible; Barkrowler/0.9; +https://babbar.tech/crawler)"
217.113.194.82 - - [01/Jan/2024:02:51:52 +0100] "GET /pmwiki/pmwiki.php/PmWiki/GroupAttributes?action=diff HTTP/1.1" 200 12965 "-" "Mozilla/5.0 (compatible; Barkrowler/0.9; +https://babbar.tech/crawler)"
217.113.194.111 - - [01/Jan/2024:02:53:44 +0100] "GET /pmwiki/pmwiki.php/PmWiki/LinkVariables?action=edit HTTP/1.1" 200 12516 "-" "Mozilla/5.0 (compatible; Barkrowler/0.9; +https://babbar.tech/crawler)"
217.113.194.105 - - [01/Jan/2024:02:55:38 +0100] "GET /pmwiki/pmwiki.php/PmWiki/WikiWikiWeb?action=edit HTTP/1.1" 200 12483 "-" "Mozilla/5.0 (compatible; Barkrowler/0.9; +https://babbar.tech/crawler)"
217.113.194.105 - - [01/Jan/2024:02:57:30 +0100] "GET /pmwiki/pmwiki.php/PmWiki/WikiWikiWeb?action=print HTTP/1.1" 200 6457 "-" "Mozilla/5.0 (compatible; Barkrowler/0.9; +https://babbar.tech/crawler)"
217.113.194.120 - - [01/Jan/2024:02:59:20 +0100] "GET /pmwiki/pmwiki.php/PmWiki/WikiSandbox?action=print HTTP/1.1" 302 213 "-" "Mozilla/5.0 (compatible; Barkrowler/0.9; +https://babbar.tech/crawler)"
217.113.194.78 - - [01/Jan/2024:03:01:11 +0100] "GET /pmwiki/pmwiki.php/PmWiki/WikiAdministrator?action=edit HTTP/1.1" 200 12578 "-" "Mozilla/5.0 (compatible; Barkrowler/0.9; +https://babbar.tech/crawler)"
217.113.194.120 - - [01/Jan/2024:03:03:06 +0100] "GET /pmwiki/pmwiki.php/PmWiki/DocumentationIndex?action=diff HTTP/1.1" 200 13019 "-" "Mozilla/5.0 (compatible; Barkrowler/0.9; +https://babbar.tech/crawler)"
217.113.194.80 - - [01/Jan/2024:03:05:01 +0100] "GET /pmwiki/pmwiki.php/PmWiki/DocumentationIndex?action=upload HTTP/1.1" 200 12476 "-" "Mozilla/5.0 (compatible; Barkrowler/0.9; +https://babbar.tech/crawler)"
217.113.194.126 - - [01/Jan/2024:03:07:05 +0100] "GET /pmwiki/pmwiki.php/Emeltdijas/Hu?action=edit HTTP/1.1" 200 12404 "-" "Mozilla/5.0 (compatible; Barkrowler/0.9; +https://babbar.tech/crawler)"
110.249.201.63 - - [01/Jan/2024:03:07:15 +0100] "GET /robots.txt HTTP/1.1" 404 1181 "-" "Mozilla/5.0 (Linux; Android 5.0) AppleWebKit/537.36 (KHTML, like Gecko) Mobile Safari/537.36 (compatible; Bytespider; https://zhanzhang.toutiao.com/)"
217.113.194.125 - - [01/Jan/2024:03:09:00 +0100] "GET /pmwiki/pmwiki.php/Main/H%EDrek?action=diff HTTP/1.1" 200 21348 "-" "Mozilla/5.0 (compatible; Barkrowler/0.9; +https://babbar.tech/crawler)"
217.113.194.77 - - [01/Jan/2024:03:10:53 +0100] "GET /pmwiki/pmwiki.php/Main/Nyilatkozat?action=diff HTTP/1.1" 200 20409 "-" "Mozilla/5.0 (compatible; Barkrowler/0.9; +https://babbar.tech/crawler)"
217.113.194.122 - - [01/Jan/2024:03:12:44 +0100] "GET /pmwiki/pmwiki.php/Main/MitTehetek?action=upload HTTP/1.1" 200 12310 "-" "Mozilla/5.0 (compatible; Barkrowler/0.9; +https://babbar.tech/crawler)"
217.113.194.120 - - [01/Jan/2024:03:14:38 +0100] "GET /pmwiki/pmwiki.php/Main/MitTehetek?action=edit HTTP/1.1" 200 12430 "-" "Mozilla/5.0 (compatible; Barkrowler/0.9; +https://babbar.tech/crawler)"
217.113.194.110 - - [01/Jan/2024:03:16:29 +0100] "GET /pmwiki/pmwiki.php/Main/RocardEp2?action=print HTTP/1.1" 200 18508 "-" "Mozilla/5.0 (compatible; Barkrowler/0.9; +https://babbar.tech/crawler)"
217.113.194.82 - - [01/Jan/2024:03:18:16 +0100] "GET /pmwiki/pmwiki.php/Main/TelefononFaxon?action=upload HTTP/1.1" 200 12377 "-" "Mozilla/5.0 (compatible; Barkrowler/0.9; +https://babbar.tech/crawler)"
217.113.194.107 - - [01/Jan/2024:03:20:14 +0100] "GET /pmwiki/pmwiki.php/Main/2005J%FAnius?action=edit HTTP/1.1" 200 12458 "-" "Mozilla/5.0 (compatible; Barkrowler/0.9; +https://babbar.tech/crawler)"
217.113.194.109 - - [01/Jan/2024:03:22:11 +0100] "GET /pmwiki/pmwiki.php/Main/2005Szeptember2?action=edit HTTP/1.1" 200 12510 "-" "Mozilla/5.0 (compatible; Barkrowler/0.9; +https://babbar.tech/crawler)"
217.113.194.119 - - [01/Jan/2024:03:24:05 +0100] "GET /pmwiki/pmwiki.php/Main/Sajt%F3anyag HTTP/1.1" 200 13697 "-" "Mozilla/5.0 (compatible; Barkrowler/0.9; +https://babbar.tech/crawler)"
217.113.194.125 - - [01/Jan/2024:03:26:21 +0100] "GET /pmwiki/pmwiki.php/PmWiki/ReleaseNotes?action=upload HTTP/1.1" 200 12379 "-" "Mozilla/5.0 (compatible; Barkrowler/0.9; +https://babbar.tech/crawler)"
217.113.194.84 - - [01/Jan/2024:03:28:17 +0100] "GET /pmwiki/pmwiki.php/PmWiki/ReleaseNotes?action=print HTTP/1.1" 200 20359 "-" "Mozilla/5.0 (compatible; Barkrowler/0.9; +https://babbar.tech/crawler)"
217.113.194.97 - - [01/Jan/2024:03:30:14 +0100] "GET /pmwiki/pmwiki.php/PmWiki/SimpleTables2?action=print HTTP/1.1" 200 7025 "-" "Mozilla/5.0 (compatible; Barkrowler/0.9; +https://babbar.tech/crawler)"
217.113.194.79 - - [01/Jan/2024:03:32:10 +0100] "GET /pmwiki/pmwiki.php/PmWiki/UploadVariables?action=edit HTTP/1.1" 200 12548 "-" "Mozilla/5.0 (compatible; Barkrowler/0.9; +https://babbar.tech/crawler)"
217.113.194.106 - - [01/Jan/2024:03:34:05 +0100] "GET /pmwiki/pmwiki.php/PmWiki/UploadVariables?action=print HTTP/1.1" 200 4243 "-" "Mozilla/5.0 (compatible; Barkrowler/0.9; +https://babbar.tech/crawler)"
217.113.194.126 - - [01/Jan/2024:03:35:56 +0100] "GET /pmwiki/pmwiki.php/PmWiki/UrlApprovals?action=edit HTTP/1.1" 200 12499 "-" "Mozilla/5.0 (compatible; Barkrowler/0.9; +https://babbar.tech/crawler)"
217.113.194.78 - - [01/Jan/2024:03:37:48 +0100] "GET /pmwiki/pmwiki.php/PmWiki/MailingLists?action=upload HTTP/1.1" 200 12379 "-" "Mozilla/5.0 (compatible; Barkrowler/0.9; +https://babbar.tech/crawler)"
217.113.194.104 - - [01/Jan/2024:03:39:41 +0100] "GET /pmwiki/pmwiki.php/PmWiki/CustomWikiStyles?action=diff HTTP/1.1" 200 12982 "-" "Mozilla/5.0 (compatible; Barkrowler/0.9; +https://babbar.tech/crawler)"
217.113.194.68 - - [01/Jan/2024:03:41:32 +0100] "GET /pmwiki/pmwiki.php/PmWiki/WikiFarms?action=diff HTTP/1.1" 200 12856 "-" "Mozilla/5.0 (compatible; Barkrowler/0.9; +https://babbar.tech/crawler)"
49.12.13.109 - - [01/Jan/2024:03:42:11 +0100] "HEAD /pmwiki/pmwiki.php HTTP/1.1" 200 0 "-" "Alert_Alligator_webmonitoring_service_1.6.3_(alertalligator.com)"
217.113.194.72 - - [01/Jan/2024:03:43:24 +0100] "GET /pmwiki/pmwiki.php/PmWiki/GoodStyle?action=diff HTTP/1.1" 200 12857 "-" "Mozilla/5.0 (compatible; Barkrowler/0.9; +https://babbar.tech/crawler)"
217.113.194.77 - - [01/Jan/2024:03:45:16 +0100] "GET /pmwiki/pmwiki.php/PmWiki/PasswordsAdmin?action=diff HTTP/1.1" 200 12947 "-" "Mozilla/5.0 (compatible; Barkrowler/0.9; +https://babbar.tech/crawler)"
217.113.194.83 - - [01/Jan/2024:03:47:05 +0100] "GET /pmwiki/pmwiki.php/PmWiki/PasswordsAdmin?action=crypt HTTP/1.1" 200 2057 "-" "Mozilla/5.0 (compatible; Barkrowler/0.9; +https://babbar.tech/crawler)"
217.113.194.78 - - [01/Jan/2024:03:48:56 +0100] "GET /pmwiki/pmwiki.php/PmWiki/Internationalizations?action=edit HTTP/1.1" 200 12643 "-" "Mozilla/5.0 (compatible; Barkrowler/0.9; +https://babbar.tech/crawler)"
217.113.194.112 - - [01/Jan/2024:03:50:44 +0100] "GET /pmwiki/pmwiki.php/PmWiki/Internationalizations?action=print HTTP/1.1" 200 7741 "-" "Mozilla/5.0 (compatible; Barkrowler/0.9; +https://babbar.tech/crawler)"
217.113.194.82 - - [01/Jan/2024:03:52:29 +0100] "GET /pmwiki/pmwiki.php/PmWiki/Internationalizations?action=upload HTTP/1.1" 200 12523 "-" "Mozilla/5.0 (compatible; Barkrowler/0.9; +https://babbar.tech/crawler)"
217.113.194.100 - - [01/Jan/2024:03:54:19 +0100] "GET /pmwiki/pmwiki.php/Profiles/IPRjavaslat?action=print HTTP/1.1" 404 2398 "-" "Mozilla/5.0 (compatible; Barkrowler/0.9; +https://babbar.tech/crawler)"
173.201.186.79 - - [01/Jan/2024:03:56:02 +0100] "GET /style.php?sig=rename HTTP/1.1" 404 1181 "-" "Mozilla/5.0 (iPhone; CPU iPhone OS 13_7 like Mac OS X) AppleWebKit/605.1.15 (KHTML, like Gecko) Version/13.1.2 Mobile/15E148 Safari/604.1"
217.113.194.114 - - [01/Jan/2024:03:56:08 +0100] "GET /pmwiki/pmwiki.php/Profiles/AdelphiCharter?action=edit HTTP/1.1" 200 12565 "-" "Mozilla/5.0 (compatible; Barkrowler/0.9; +https://babbar.tech/crawler)"
217.113.194.65 - - [01/Jan/2024:03:57:59 +0100] "GET /pmwiki/pmwiki.php/Profiles/Leforditando?action=print HTTP/1.1" 404 2402 "-" "Mozilla/5.0 (compatible; Barkrowler/0.9; +https://babbar.tech/crawler)"
217.113.194.112 - - [01/Jan/2024:03:59:48 +0100] "GET /pmwiki/pmwiki.php/Profiles/Leforditando?action=edit HTTP/1.1" 200 12533 "-" "Mozilla/5.0 (compatible; Barkrowler/0.9; +https://babbar.tech/crawler)"
217.113.194.121 - - [01/Jan/2024:04:01:37 +0100] "GET /pmwiki/pmwiki.php/Profiles/Privcikkek?action=print HTTP/1.1" 404 2394 "-" "Mozilla/5.0 (compatible; Barkrowler/0.9; +https://babbar.tech/crawler)"
54.36.148.149 - - [01/Jan/2024:04:02:35 +0100] "GET /pmwiki/pmwiki.php/Main/Nyilatkozat?action=edit HTTP/1.1" 200 12450 "-" "Mozilla/5.0 (compatible; AhrefsBot/7.0; +http://ahrefs.com/robot/)"
217.113.194.112 - - [01/Jan/2024:04:03:27 +0100] "GET /pmwiki/pmwiki.php/Main/K%F6zlem%E9nye?action=edit HTTP/1.1" 200 12486 "-" "Mozilla/5.0 (compatible; Barkrowler/0.9; +https://babbar.tech/crawler)"
217.113.194.85 - - [01/Jan/2024:04:05:17 +0100] "GET /pmwiki/pmwiki.php/Main/C?action=upload&upname=wiki.png HTTP/1.1" 200 12185 "-" "Mozilla/5.0 (compatible; Barkrowler/0.9; +https://babbar.tech/crawler)"
217.113.194.100 - - [01/Jan/2024:04:07:12 +0100] "GET /pmwiki/pmwiki.php/Main/McCreevy?action=diff HTTP/1.1" 200 16195 "-" "Mozilla/5.0 (compatible; Barkrowler/0.9; +https://babbar.tech/crawler)"
217.113.194.80 - - [01/Jan/2024:04:09:05 +0100] "GET /pmwiki/pmwiki.php/Main/JuriVelemeny?action=upload HTTP/1.1" 200 12342 "-" "Mozilla/5.0 (compatible; Barkrowler/0.9; +https://babbar.tech/crawler)"
217.113.194.97 - - [01/Jan/2024:04:10:57 +0100] "GET /pmwiki/pmwiki.php/Main/JuriVelemeny?action=edit HTTP/1.1" 200 12462 "-" "Mozilla/5.0 (compatible; Barkrowler/0.9; +https://babbar.tech/crawler)"
217.113.194.84 - - [01/Jan/2024:04:12:47 +0100] "GET /pmwiki/pmwiki.php/Main/Virsligy%E1r?action=upload HTTP/1.1" 200 12342 "-" "Mozilla/5.0 (compatible; Barkrowler/0.9; +https://babbar.tech/crawler)"
217.113.194.111 - - [01/Jan/2024:04:14:36 +0100] "GET /pmwiki/pmwiki.php/Main/RocardEp2?action=diff HTTP/1.1" 200 29492 "-" "Mozilla/5.0 (compatible; Barkrowler/0.9; +https://babbar.tech/crawler)"
217.113.194.118 - - [01/Jan/2024:04:16:28 +0100] "GET /pmwiki/pmwiki.php/Main/2005M%E1rcius8?action=edit HTTP/1.1" 200 12490 "-" "Mozilla/5.0 (compatible; Barkrowler/0.9; +https://babbar.tech/crawler)"
217.113.194.69 - - [01/Jan/2024:04:18:16 +0100] "GET /pmwiki/pmwiki.php/Main/2005J%FAnius?action=upload HTTP/1.1" 200 12338 "-" "Mozilla/5.0 (compatible; Barkrowler/0.9; +https://babbar.tech/crawler)"
217.113.194.115 - - [01/Jan/2024:04:20:05 +0100] "GET /pmwiki/pmwiki.php/Main/2005Szeptember2?action=upload HTTP/1.1" 200 12390 "-" "Mozilla/5.0 (compatible; Barkrowler/0.9; +https://babbar.tech/crawler)"
217.113.194.113 - - [01/Jan/2024:04:21:56 +0100] "GET /pmwiki/pmwiki.php/Main/Google?action=upload&upname=wiki.png HTTP/1.1" 200 12262 "-" "Mozilla/5.0 (compatible; Barkrowler/0.9; +https://babbar.tech/crawler)"
217.113.194.100 - - [01/Jan/2024:04:23:48 +0100] "GET /pmwiki/pmwiki.php/PmWiki/AvailableActions?action=upload HTTP/1.1" 200 12444 "-" "Mozilla/5.0 (compatible; Barkrowler/0.9; +https://babbar.tech/crawler)"
217.113.194.84 - - [01/Jan/2024:04:25:38 +0100] "GET /pmwiki/pmwiki.php/PmWiki/AvailableActions?action=edit HTTP/1.1" 200 12564 "-" "Mozilla/5.0 (compatible; Barkrowler/0.9; +https://babbar.tech/crawler)"
217.113.194.68 - - [01/Jan/2024:04:27:36 +0100] "GET /pmwiki/pmwiki.php/PmWiki/MarkupMasterIndex?action=diff HTTP/1.1" 200 13022 "-" "Mozilla/5.0 (compatible; Barkrowler/0.9; +https://babbar.tech/crawler)"
217.113.194.93 - - [01/Jan/2024:04:29:23 +0100] "GET /pmwiki/pmwiki.php/PmWiki/SimpleTables2?action=upload HTTP/1.1" 200 12396 "-" "Mozilla/5.0 (compatible; Barkrowler/0.9; +https://babbar.tech/crawler)"
217.113.194.100 - - [01/Jan/2024:04:31:12 +0100] "GET /pmwiki/pmwiki.php/PmWiki/PatrickMichaud?action=edit HTTP/1.1" 200 12529 "-" "Mozilla/5.0 (compatible; Barkrowler/0.9; +https://babbar.tech/crawler)"
217.113.194.64 - - [01/Jan/2024:04:33:04 +0100] "GET /pmwiki/pmwiki.php/PmWiki/PatrickMichaud?action=print HTTP/1.1" 200 2490 "-" "Mozilla/5.0 (compatible; Barkrowler/0.9; +https://babbar.tech/crawler)"
217.113.194.72 - - [01/Jan/2024:04:34:56 +0100] "GET /pmwiki/pmwiki.php/PmWiki/ConditionalMarkup?action=edit HTTP/1.1" 200 12579 "-" "Mozilla/5.0 (compatible; Barkrowler/0.9; +https://babbar.tech/crawler)"
217.113.194.94 - - [01/Jan/2024:04:36:46 +0100] "GET /pmwiki/pmwiki.php/PmWiki/PerGroupCustomizations?action=edit HTTP/1.1" 200 12660 "-" "Mozilla/5.0 (compatible; Barkrowler/0.9; +https://babbar.tech/crawler)"
17.241.227.224 - - [01/Jan/2024:04:37:34 +0100] "GET /robots.txt HTTP/1.1" 404 1181 "-" "Mozilla/5.0 (Macintosh; Intel Mac OS X 10_15_5) AppleWebKit/605.1.15 (KHTML, like Gecko) Version/13.1.1 Safari/605.1.15 (Applebot/0.1; +http://www.apple.com/go/applebot)"
17.241.227.224 - - [01/Jan/2024:04:37:35 +0100] "GET /pmwiki/pmwiki.php/Main/Cutts HTTP/1.1" 200 31570 "-" "Mozilla/5.0 (Macintosh; Intel Mac OS X 10_15_5) AppleWebKit/605.1.15 (KHTML, like Gecko) Version/13.1.1 Safari/605.1.15 (Applebot/0.1; +http://www.apple.com/go/applebot)"
212.237.23.143 - - [01/Jan/2024:04:37:56 +0100] "HEAD /pmwiki/pmwiki.php HTTP/1.1" 200 0 "-" "Alert_Alligator_webmonitoring_service_1.6.4_(alertalligator.com)"
217.113.194.103 - - [01/Jan/2024:04:38:40 +0100] "GET /pmwiki/pmwiki.php/PmWiki/TextFormattingRules?action=edit HTTP/1.1" 200 12611 "-" "Mozilla/5.0 (compatible; Barkrowler/0.9; +https://babbar.tech/crawler)"
217.113.194.121 - - [01/Jan/2024:04:40:32 +0100] "GET /pmwiki/pmwiki.php/Cookbook-V1/UserAuth?action=edit HTTP/1.1" 200 12520 "-" "Mozilla/5.0 (compatible; Barkrowler/0.9; +https://babbar.tech/crawler)"
217.113.194.103 - - [01/Jan/2024:04:42:21 +0100] "GET /pmwiki/pmwiki.php/Cookbook-V1/UserAuth?action=upload HTTP/1.1" 200 12400 "-" "Mozilla/5.0 (compatible; Barkrowler/0.9; +https://babbar.tech/crawler)"
217.113.194.106 - - [01/Jan/2024:04:44:11 +0100] "GET /pmwiki/pmwiki.php/Main/Privacy?action=diff&source=n&minor=y HTTP/1.1" 200 12782 "-" "Mozilla/5.0 (compatible; Barkrowler/0.9; +https://babbar.tech/crawler)"
217.113.194.83 - - [01/Jan/2024:04:46:06 +0100] "GET /pmwiki/pmwiki.php/Main/Privacy?action=diff&source=y&minor=y HTTP/1.1" 200 12782 "-" "Mozilla/5.0 (compatible; Barkrowler/0.9; +https://babbar.tech/crawler)"
217.113.194.113 - - [01/Jan/2024:04:47:55 +0100] "GET /pmwiki/pmwiki.php/Main/DRMMunkacsoport?action=print HTTP/1.1" 200 3060 "-" "Mozilla/5.0 (compatible; Barkrowler/0.9; +https://babbar.tech/crawler)"
217.113.194.115 - - [01/Jan/2024:04:49:47 +0100] "GET /pmwiki/pmwiki.php/Main/C?action=diff&source=n&minor=y HTTP/1.1" 200 12674 "-" "Mozilla/5.0 (compatible; Barkrowler/0.9; +https://babbar.tech/crawler)"
217.113.194.100 - - [01/Jan/2024:04:51:43 +0100] "GET /pmwiki/pmwiki.php/Main/C?action=diff&source=y&minor=n HTTP/1.1" 200 12674 "-" "Mozilla/5.0 (compatible; Barkrowler/0.9; +https://babbar.tech/crawler)"
217.113.194.102 - - [01/Jan/2024:04:53:35 +0100] "GET /pmwiki/pmwiki.php/Main/2004Augusztus15?action=upload HTTP/1.1" 200 12393 "-" "Mozilla/5.0 (compatible; Barkrowler/0.9; +https://babbar.tech/crawler)"
217.113.194.90 - - [01/Jan/2024:04:55:29 +0100] "GET /pmwiki/pmwiki.php/Main/2004Augusztus15?action=diff HTTP/1.1" 200 12926 "-" "Mozilla/5.0 (compatible; Barkrowler/0.9; +https://babbar.tech/crawler)"
217.113.194.75 - - [01/Jan/2024:04:57:25 +0100] "GET /pmwiki/pmwiki.php/Main/2004Augusztus15?action=print HTTP/1.1" 404 2394 "-" "Mozilla/5.0 (compatible; Barkrowler/0.9; +https://babbar.tech/crawler)"
217.113.194.95 - - [01/Jan/2024:04:59:15 +0100] "GET /pmwiki/pmwiki.php/Main/2004Augusztus18?action=upload HTTP/1.1" 200 12390 "-" "Mozilla/5.0 (compatible; Barkrowler/0.9; +https://babbar.tech/crawler)"
217.113.194.69 - - [01/Jan/2024:05:01:04 +0100] "GET /pmwiki/pmwiki.php/Main/2004Augusztus18?action=diff HTTP/1.1" 200 14665 "-" "Mozilla/5.0 (compatible; Barkrowler/0.9; +https://babbar.tech/crawler)"
54.36.149.87 - - [01/Jan/2024:05:01:13 +0100] "GET /pmwiki/pmwiki.php/Main/MitTehetek?action=diff HTTP/1.1" 200 26258 "-" "Mozilla/5.0 (compatible; AhrefsBot/7.0; +http://ahrefs.com/robot/)"
217.113.194.119 - - [01/Jan/2024:05:02:54 +0100] "GET /pmwiki/pmwiki.php/Main/2004Augusztus18?action=print HTTP/1.1" 200 3574 "-" "Mozilla/5.0 (compatible; Barkrowler/0.9; +https://babbar.tech/crawler)"
217.113.194.64 - - [01/Jan/2024:05:04:47 +0100] "GET /pmwiki/pmwiki.php/Main/2004Augusztus5?action=diff HTTP/1.1" 200 16408 "-" "Mozilla/5.0 (compatible; Barkrowler/0.9; +https://babbar.tech/crawler)"
217.113.194.107 - - [01/Jan/2024:05:06:39 +0100] "GET /pmwiki/pmwiki.php/Main/2004Augusztus5?action=upload HTTP/1.1" 200 12374 "-" "Mozilla/5.0 (compatible; Barkrowler/0.9; +https://babbar.tech/crawler)"
217.113.194.108 - - [01/Jan/2024:05:08:30 +0100] "GET /pmwiki/pmwiki.php/Main/Power?action=diff&source=n&minor=n HTTP/1.1" 200 12747 "-" "Mozilla/5.0 (compatible; Barkrowler/0.9; +https://babbar.tech/crawler)"
217.113.194.94 - - [01/Jan/2024:05:10:17 +0100] "GET /pmwiki/pmwiki.php/Main/Power?action=diff&source=y&minor=n HTTP/1.1" 200 12747 "-" "Mozilla/5.0 (compatible; Barkrowler/0.9; +https://babbar.tech/crawler)"
217.113.194.127 - - [01/Jan/2024:05:12:07 +0100] "GET /pmwiki/pmwiki.php/Main/2004-esNyilatkozat?action=diff HTTP/1.1" 200 17019 "-" "Mozilla/5.0 (compatible; Barkrowler/0.9; +https://babbar.tech/crawler)"
216.244.66.203 - - [01/Jan/2024:05:13:34 +0100] "GET /robots.txt HTTP/1.1" 404 1181 "-" "Mozilla/5.0 (compatible; DotBot/1.2; +https://opensiteexplorer.org/dotbot; help@moz.com)"
217.113.194.111 - - [01/Jan/2024:05:13:57 +0100] "GET /pmwiki/pmwiki.php/Main/2004-esNyilatkozat?action=upload HTTP/1.1" 200 12438 "-" "Mozilla/5.0 (compatible; Barkrowler/0.9; +https://babbar.tech/crawler)"
217.113.194.117 - - [01/Jan/2024:05:15:47 +0100] "GET /pmwiki/pmwiki.php/Main/2004-esNyilatkozat?action=print HTTP/1.1" 200 6026 "-" "Mozilla/5.0 (compatible; Barkrowler/0.9; +https://babbar.tech/crawler)"
217.113.194.66 - - [01/Jan/2024:05:17:34 +0100] "GET /pmwiki/pmwiki.php/Main/JuriVelemeny?action=diff HTTP/1.1" 200 26944 "-" "Mozilla/5.0 (compatible; Barkrowler/0.9; +https://babbar.tech/crawler)"
217.113.194.77 - - [01/Jan/2024:05:19:20 +0100] "GET /pmwiki/pmwiki.php/Main/FAQ?action=diff&source=n&minor=y HTTP/1.1" 200 19015 "-" "Mozilla/5.0 (compatible; Barkrowler/0.9; +https://babbar.tech/crawler)"
217.113.194.79 - - [01/Jan/2024:05:21:17 +0100] "GET /pmwiki/pmwiki.php/Main/FAQ?action=diff&source=n&minor=n HTTP/1.1" 200 19015 "-" "Mozilla/5.0 (compatible; Barkrowler/0.9; +https://babbar.tech/crawler)"
217.113.194.68 - - [01/Jan/2024:05:23:14 +0100] "GET /pmwiki/pmwiki.php/Main/FAQ?action=diff&source=y&minor=n HTTP/1.1" 200 19113 "-" "Mozilla/5.0 (compatible; Barkrowler/0.9; +https://babbar.tech/crawler)"
217.113.194.95 - - [01/Jan/2024:05:25:47 +0100] "GET /pmwiki/pmwiki.php/Main/2005M%E1rcius8?action=upload HTTP/1.1" 200 12370 "-" "Mozilla/5.0 (compatible; Barkrowler/0.9; +https://babbar.tech/crawler)"
217.113.194.67 - - [01/Jan/2024:05:27:36 +0100] "GET /pmwiki/pmwiki.php/Main/2005M%E1rcius8?action=print HTTP/1.1" 200 20416 "-" "Mozilla/5.0 (compatible; Barkrowler/0.9; +https://babbar.tech/crawler)"
217.113.194.74 - - [01/Jan/2024:05:29:23 +0100] "GET /pmwiki/pmwiki.php/Main/2005Szeptember2?action=diff HTTP/1.1" 200 15260 "-" "Mozilla/5.0 (compatible; Barkrowler/0.9; +https://babbar.tech/crawler)"
217.113.194.96 - - [01/Jan/2024:05:31:12 +0100] "GET /pmwiki/pmwiki.php/Main/Google?action=diff&source=n&minor=n HTTP/1.1" 200 13289 "-" "Mozilla/5.0 (compatible; Barkrowler/0.9; +https://babbar.tech/crawler)"
212.237.53.115 - - [01/Jan/2024:05:32:07 +0100] "HEAD /pmwiki/pmwiki.php HTTP/1.1" 200 0 "-" "Alert_Alligator_webmonitoring_service_1.6.4_(alertalligator.com)"
217.113.194.78 - - [01/Jan/2024:05:33:02 +0100] "GET /pmwiki/pmwiki.php/PmWiki/PredefinedWikiStyles?action=upload HTTP/1.1" 200 12507 "-" "Mozilla/5.0 (compatible; Barkrowler/0.9; +https://babbar.tech/crawler)"
217.113.194.66 - - [01/Jan/2024:05:34:55 +0100] "GET /pmwiki/pmwiki.php/PmWiki/PredefinedWikiStyles?action=diff HTTP/1.1" 200 13054 "-" "Mozilla/5.0 (compatible; Barkrowler/0.9; +https://babbar.tech/crawler)"
217.113.194.76 - - [01/Jan/2024:05:36:43 +0100] "GET /pmwiki/pmwiki.php/PmWiki/AvailableActions?action=diff HTTP/1.1" 200 12983 "-" "Mozilla/5.0 (compatible; Barkrowler/0.9; +https://babbar.tech/crawler)"
217.113.194.72 - - [01/Jan/2024:05:38:35 +0100] "GET /pmwiki/pmwiki.php/PmWiki/AdvancedTables?action=diff HTTP/1.1" 200 12947 "-" "Mozilla/5.0 (compatible; Barkrowler/0.9; +https://babbar.tech/crawler)"
217.113.194.90 - - [01/Jan/2024:05:40:28 +0100] "GET /pmwiki/pmwiki.php/PmWiki/AdvancedTables?action=upload HTTP/1.1" 200 12412 "-" "Mozilla/5.0 (compatible; Barkrowler/0.9; +https://babbar.tech/crawler)"
216.244.66.203 - - [01/Jan/2024:05:40:54 +0100] "GET /pmwiki/pmwiki.php/Main/GroupAttributes?action=diff&source=n&minor=n HTTP/1.1" 200 12927 "-" "Mozilla/5.0 (compatible; DotBot/1.2; +https://opensiteexplorer.org/dotbot; help@moz.com)"
216.244.66.203 - - [01/Jan/2024:05:41:00 +0100] "GET /pmwiki/pmwiki.php/PmWiki/WikiSandbox?action=diff&source=y&minor=y HTTP/1.1" 200 12892 "-" "Mozilla/5.0 (compatible; DotBot/1.2; +https://opensiteexplorer.org/dotbot; help@moz.com)"
216.244.66.203 - - [01/Jan/2024:05:41:07 +0100] "GET /pmwiki/pmwiki.php/Profiles/Df?action=diff&source=y&minor=y HTTP/1.1" 200 12768 "-" "Mozilla/5.0 (compatible; DotBot/1.2; +https://opensiteexplorer.org/dotbot; help@moz.com)"
217.113.194.92 - - [01/Jan/2024:05:42:14 +0100] "GET /pmwiki/pmwiki.php/PmWiki/SimpleTables2?action=diff HTTP/1.1" 200 12929 "-" "Mozilla/5.0 (compatible; Barkrowler/0.9; +https://babbar.tech/crawler)"
217.113.194.78 - - [01/Jan/2024:05:44:01 +0100] "GET /pmwiki/pmwiki.php/PmWiki/PmWikiPhilosophy?action=edit HTTP/1.1" 200 12563 "-" "Mozilla/5.0 (compatible; Barkrowler/0.9; +https://babbar.tech/crawler)"
217.113.194.64 - - [01/Jan/2024:05:45:51 +0100] "GET /pmwiki/pmwiki.php/PmWiki/IncludeOtherPages?action=upload HTTP/1.1" 200 12461 "-" "Mozilla/5.0 (compatible; Barkrowler/0.9; +https://babbar.tech/crawler)"
217.113.194.72 - - [01/Jan/2024:05:47:42 +0100] "GET /pmwiki/pmwiki.php/Profiles/J?action=upload&upname=wiki.png HTTP/1.1" 200 12253 "-" "Mozilla/5.0 (compatible; Barkrowler/0.9; +https://babbar.tech/crawler)"
217.113.194.93 - - [01/Jan/2024:05:49:39 +0100] "GET /pmwiki/pmwiki.php/Profiles/MacintelDRMOS?action=upload HTTP/1.1" 200 12429 "-" "Mozilla/5.0 (compatible; Barkrowler/0.9; +https://babbar.tech/crawler)"
217.113.194.102 - - [01/Jan/2024:05:51:27 +0100] "GET /pmwiki/pmwiki.php/Profiles/MacintelDRMOS?action=print HTTP/1.1" 404 2406 "-" "Mozilla/5.0 (compatible; Barkrowler/0.9; +https://babbar.tech/crawler)"
217.113.194.84 - - [01/Jan/2024:05:53:14 +0100] "GET /pmwiki/pmwiki.php/Profiles/Eve?action=upload&upname=wiki.png HTTP/1.1" 200 12285 "-" "Mozilla/5.0 (compatible; Barkrowler/0.9; +https://babbar.tech/crawler)"
195.43.7.205 - - [01/Jan/2024:05:54:19 +0100] "GET /alfa-rex.php HTTP/1.1" 404 1181 "www.google.com" "Mozlila/5.0 (Linux; Android 7.0; SM-G892A Bulid/NRD90M; wv) AppleWebKit/537.36 (KHTML, like Gecko) Version/4.0 Chrome/60.0.3112.107 Moblie Safari/537.36"
195.43.7.205 - - [01/Jan/2024:05:54:22 +0100] "GET /wp-content/themes/applica/400.php HTTP/1.1" 404 1181 "www.google.com" "Mozlila/5.0 (Linux; Android 7.0; SM-G892A Bulid/NRD90M; wv) AppleWebKit/537.36 (KHTML, like Gecko) Version/4.0 Chrome/60.0.3112.107 Moblie Safari/537.36"
217.113.194.124 - - [01/Jan/2024:05:55:03 +0100] "GET /pmwiki/pmwiki.php/Profiles/Mod?action=upload&upname=wiki.png HTTP/1.1" 200 12285 "-" "Mozilla/5.0 (compatible; Barkrowler/0.9; +https://babbar.tech/crawler)"
217.113.194.84 - - [01/Jan/2024:05:56:51 +0100] "GET /pmwiki/pmwiki.php/Main/V%E9delmiP%E9nz?action=upload HTTP/1.1" 200 12382 "-" "Mozilla/5.0 (compatible; Barkrowler/0.9; +https://babbar.tech/crawler)"
217.113.194.80 - - [01/Jan/2024:05:58:36 +0100] "GET /pmwiki/pmwiki.php/Main/V%E9delmiP%E9nz?action=print HTTP/1.1" 200 2920 "-" "Mozilla/5.0 (compatible; Barkrowler/0.9; +https://babbar.tech/crawler)"
217.113.194.74 - - [01/Jan/2024:06:00:25 +0100] "GET /pmwiki/pmwiki.php/Main/Ipr?action=upload&upname=wiki.png HTTP/1.1" 200 12218 "-" "Mozilla/5.0 (compatible; Barkrowler/0.9; +https://babbar.tech/crawler)"
54.36.149.103 - - [01/Jan/2024:06:00:57 +0100] "GET /pmwiki/pmwiki.php/Main/MitTehetek?action=edit HTTP/1.1" 200 12430 "-" "Mozilla/5.0 (compatible; AhrefsBot/7.0; +http://ahrefs.com/robot/)"
217.113.194.120 - - [01/Jan/2024:06:02:15 +0100] "GET /pmwiki/pmwiki.php/Main/Fsn?action=upload&upname=wiki.png HTTP/1.1" 200 12214 "-" "Mozilla/5.0 (compatible; Barkrowler/0.9; +https://babbar.tech/crawler)"
217.113.194.99 - - [01/Jan/2024:06:04:03 +0100] "GET /pmwiki/pmwiki.php/Main/AzIPRJavaslat?action=diff HTTP/1.1" 200 16096 "-" "Mozilla/5.0 (compatible; Barkrowler/0.9; +https://babbar.tech/crawler)"
217.113.194.96 - - [01/Jan/2024:06:06:09 +0100] "GET /pmwiki/pmwiki.php/Main/2004Szeptember1?action=diff HTTP/1.1" 200 15558 "-" "Mozilla/5.0 (compatible; Barkrowler/0.9; +https://babbar.tech/crawler)"
216.244.66.203 - - [01/Jan/2024:06:06:32 +0100] "GET /robots.txt HTTP/1.1" 404 1181 "-" "Mozilla/5.0 (compatible; DotBot/1.2; +https://opensiteexplorer.org/dotbot; help@moz.com)"
217.113.194.105 - - [01/Jan/2024:06:07:57 +0100] "GET /pmwiki/pmwiki.php/Main/JuriEktbEloterjesztes HTTP/1.1" 200 17840 "-" "Mozilla/5.0 (compatible; Barkrowler/0.9; +https://babbar.tech/crawler)"
217.113.194.100 - - [01/Jan/2024:06:09:46 +0100] "GET /pmwiki/pmwiki.php/Main/JuriHPOEloterjesztes HTTP/1.1" 200 45369 "-" "Mozilla/5.0 (compatible; Barkrowler/0.9; +https://babbar.tech/crawler)"
217.113.194.97 - - [01/Jan/2024:06:11:36 +0100] "GET /pmwiki/pmwiki.php/Main/Rocard?action=upload&upname=wiki.png HTTP/1.1" 200 12261 "-" "Mozilla/5.0 (compatible; Barkrowler/0.9; +https://babbar.tech/crawler)"
217.113.194.80 - - [01/Jan/2024:06:13:25 +0100] "GET /pmwiki/pmwiki.php/Main/ADRMHib%E1i?action=edit HTTP/1.1" 200 12445 "-" "Mozilla/5.0 (compatible; Barkrowler/0.9; +https://babbar.tech/crawler)"
217.113.194.73 - - [01/Jan/2024:06:15:14 +0100] "GET /pmwiki/pmwiki.php/Main/ADRMHib%E1i?action=upload HTTP/1.1" 200 12325 "-" "Mozilla/5.0 (compatible; Barkrowler/0.9; +https://babbar.tech/crawler)"
217.113.194.105 - - [01/Jan/2024:06:17:02 +0100] "GET /pmwiki/pmwiki.php/Main/Comission-negatesDemocracy?action=upload HTTP/1.1" 200 12567 "-" "Mozilla/5.0 (compatible; Barkrowler/0.9; +https://babbar.tech/crawler)"
110.249.202.209 - - [01/Jan/2024:06:18:32 +0100] "GET /robots.txt HTTP/1.1" 404 1181 "-" "Mozilla/5.0 (Linux; Android 5.0) AppleWebKit/537.36 (KHTML, like Gecko) Mobile Safari/537.36 (compatible; Bytespider; https://zhanzhang.toutiao.com/)"
217.113.194.103 - - [01/Jan/2024:06:18:55 +0100] "GET /pmwiki/pmwiki.php/Main/Comission-negatesDemocracy?action=edit HTTP/1.1" 200 12687 "-" "Mozilla/5.0 (compatible; Barkrowler/0.9; +https://babbar.tech/crawler)"
217.113.194.107 - - [01/Jan/2024:06:20:43 +0100] "GET /pmwiki/pmwiki.php/Main/Comission-negatesDemocracy?action=diff HTTP/1.1" 200 17875 "-" "Mozilla/5.0 (compatible; Barkrowler/0.9; +https://babbar.tech/crawler)"
217.113.194.67 - - [01/Jan/2024:06:22:32 +0100] "GET /pmwiki/pmwiki.php/Main/Minimum?action=upload&upname=wiki.png HTTP/1.1" 200 12278 "-" "Mozilla/5.0 (compatible; Barkrowler/0.9; +https://babbar.tech/crawler)"
212.237.53.115 - - [01/Jan/2024:06:24:01 +0100] "HEAD /pmwiki/pmwiki.php HTTP/1.1" 200 0 "-" "Alert_Alligator_webmonitoring_service_1.6.4_(alertalligator.com)"
217.113.194.92 - - [01/Jan/2024:06:24:22 +0100] "GET /pmwiki/pmwiki.php/Main/Gazdas%E1giOldal?action=edit HTTP/1.1" 200 12526 "-" "Mozilla/5.0 (compatible; Barkrowler/0.9; +https://babbar.tech/crawler)"
217.113.194.111 - - [01/Jan/2024:06:26:37 +0100] "GET /pmwiki/pmwiki.php/Main/Gazdas%E1giOldal?action=upload HTTP/1.1" 200 12406 "-" "Mozilla/5.0 (compatible; Barkrowler/0.9; +https://babbar.tech/crawler)"
217.113.194.113 - - [01/Jan/2024:06:28:25 +0100] "GET /pmwiki/pmwiki.php/Main/Sajt%F3anyag?action=edit HTTP/1.1" 200 12459 "-" "Mozilla/5.0 (compatible; Barkrowler/0.9; +https://babbar.tech/crawler)"
217.113.194.109 - - [01/Jan/2024:06:30:24 +0100] "GET /pmwiki/pmwiki.php/Main/Sajt%F3anyag?action=upload HTTP/1.1" 200 12339 "-" "Mozilla/5.0 (compatible; Barkrowler/0.9; +https://babbar.tech/crawler)"
217.113.194.102 - - [01/Jan/2024:06:32:15 +0100] "GET /pmwiki/pmwiki.php/Main/Cache?action=diff&source=n&minor=n HTTP/1.1" 200 12743 "-" "Mozilla/5.0 (compatible; Barkrowler/0.9; +https://babbar.tech/crawler)"
216.244.66.203 - - [01/Jan/2024:06:32:26 +0100] "GET /pmwiki/pmwiki.php/Main/2003M%E1jusiNyilatkozat?action=diff&source=y&minor=y HTTP/1.1" 200 16872 "-" "Mozilla/5.0 (compatible; DotBot/1.2; +https://opensiteexplorer.org/dotbot; help@moz.com)"
216.244.66.203 - - [01/Jan/2024:06:32:32 +0100] "GET /pmwiki/pmwiki.php/Main/Mintalevel0509?action=diff&source=y&minor=y HTTP/1.1" 200 24142 "-" "Mozilla/5.0 (compatible; DotBot/1.2; +https://opensiteexplorer.org/dotbot; help@moz.com)"
216.244.66.203 - - [01/Jan/2024:06:32:36 +0100] "GET /pmwiki/pmwiki.php/PmWiki/GroupHeaders?action=diff&source=n&minor=n HTTP/1.1" 200 12910 "-" "Mozilla/5.0 (compatible; DotBot/1.2; +https://opensiteexplorer.org/dotbot; help@moz.com)"
216.244.66.203 - - [01/Jan/2024:06:32:42 +0100] "GET /pmwiki/pmwiki.php/PmWiki/TipsForEditing?action=diff&source=y&minor=y HTTP/1.1" 200 12947 "-" "Mozilla/5.0 (compatible; DotBot/1.2; +https://opensiteexplorer.org/dotbot; help@moz.com)"
216.244.66.203 - - [01/Jan/2024:06:32:48 +0100] "GET /pmwiki/pmwiki.php/Profiles/V6?action=diff&source=y&minor=y HTTP/1.1" 200 12768 "-" "Mozilla/5.0 (compatible; DotBot/1.2; +https://opensiteexplorer.org/dotbot; help@moz.com)"
217.113.194.66 - - [01/Jan/2024:06:34:05 +0100] "GET /pmwiki/pmwiki.php/Main/Minta?action=upload&upname=wiki.png HTTP/1.1" 200 12246 "-" "Mozilla/5.0 (compatible; Barkrowler/0.9; +https://babbar.tech/crawler)"
216.244.66.203 - - [01/Jan/2024:06:34:49 +0100] "GET /pmwiki/pmwiki.php/Main/2005M%E1rciusiK%F6z%F6sNyilatkozat?action=diff&source=y&minor=y HTTP/1.1" 200 14345 "-" "Mozilla/5.0 (compatible; DotBot/1.2; +https://opensiteexplorer.org/dotbot; help@moz.com)"
216.244.66.203 - - [01/Jan/2024:06:34:53 +0100] "GET /pmwiki/pmwiki.php/Main/DRM?action=edit&restore=diff:1110567293:1110565651:&preview=y HTTP/1.1" 200 12364 "-" "Mozilla/5.0 (compatible; DotBot/1.2; +https://opensiteexplorer.org/dotbot; help@moz.com)"
216.244.66.203 - - [01/Jan/2024:06:34:57 +0100] "GET /pmwiki/pmwiki.php/Main/Gazdas%E1giOldal?action=edit&restore=diff:1107865089:1107865089:&preview=y HTTP/1.1" 200 12572 "-" "Mozilla/5.0 (compatible; DotBot/1.2; +https://opensiteexplorer.org/dotbot; help@moz.com)"
217.113.194.97 - - [01/Jan/2024:06:35:52 +0100] "GET /pmwiki/pmwiki.php/PmWiki/PmWikiPhilosophy?action=diff HTTP/1.1" 200 12982 "-" "Mozilla/5.0 (compatible; Barkrowler/0.9; +https://babbar.tech/crawler)"
217.113.194.72 - - [01/Jan/2024:06:37:44 +0100] "GET /pmwiki/pmwiki.php/PmWiki/PmWikiPhilosophy?action=print HTTP/1.1" 200 7128 "-" "Mozilla/5.0 (compatible; Barkrowler/0.9; +https://babbar.tech/crawler)"
217.113.194.78 - - [01/Jan/2024:06:39:32 +0100] "GET /pmwiki/pmwiki.php/API/API?action=diff&source=n&minor=n HTTP/1.1" 200 12691 "-" "Mozilla/5.0 (compatible; Barkrowler/0.9; +https://babbar.tech/crawler)"
217.113.194.77 - - [01/Jan/2024:06:41:18 +0100] "GET /pmwiki/pmwiki.php/Profiles/J?action=diff&source=y&minor=n HTTP/1.1" 200 12750 "-" "Mozilla/5.0 (compatible; Barkrowler/0.9; +https://babbar.tech/crawler)"
217.113.194.89 - - [01/Jan/2024:06:43:07 +0100] "GET /pmwiki/pmwiki.php/Profiles/V6?action=upload&upname=wiki.png HTTP/1.1" 200 12269 "-" "Mozilla/5.0 (compatible; Barkrowler/0.9; +https://babbar.tech/crawler)"
217.113.194.97 - - [01/Jan/2024:06:44:48 +0100] "GET /pmwiki/pmwiki.php/Profiles/Mod?action=diff&source=n&minor=y HTTP/1.1" 200 12786 "-" "Mozilla/5.0 (compatible; Barkrowler/0.9; +https://babbar.tech/crawler)"
217.113.194.126 - - [01/Jan/2024:06:46:36 +0100] "GET /pmwiki/pmwiki.php/Profiles/Mod?action=diff&source=y&minor=y HTTP/1.1" 200 12786 "-" "Mozilla/5.0 (compatible; Barkrowler/0.9; +https://babbar.tech/crawler)"
217.113.194.113 - - [01/Jan/2024:06:48:24 +0100] "GET /pmwiki/pmwiki.php/Main/Ipr?action=diff&source=n&minor=n HTTP/1.1" 200 13590 "-" "Mozilla/5.0 (compatible; Barkrowler/0.9; +https://babbar.tech/crawler)"
217.113.194.76 - - [01/Jan/2024:06:50:13 +0100] "GET /pmwiki/pmwiki.php/Main/Ipr?action=diff&source=y&minor=y HTTP/1.1" 200 15263 "-" "Mozilla/5.0 (compatible; Barkrowler/0.9; +https://babbar.tech/crawler)"
217.113.194.72 - - [01/Jan/2024:06:52:02 +0100] "GET /pmwiki/pmwiki.php/Main/SearchWiki?action=diff&source=n&minor=y HTTP/1.1" 200 126662 "-" "Mozilla/5.0 (compatible; Barkrowler/0.9; +https://babbar.tech/crawler)"
217.113.194.125 - - [01/Jan/2024:06:53:50 +0100] "GET /pmwiki/pmwiki.php/Main/SearchWiki?action=diff&source=y&minor=y HTTP/1.1" 200 119804 "-" "Mozilla/5.0 (compatible; Barkrowler/0.9; +https://babbar.tech/crawler)"
