85.208.96.204 - - [04/Jan/2024:19:30:58 +0100] "GET /pmwiki/pmwiki.php/Main/Minimum HTTP/1.1" 200 15284 "-" "Mozilla/5.0 (compatible; SemrushBot/7~bl; +http://www.semrush.com/bot.html)"
217.113.194.82 - - [04/Jan/2024:19:31:57 +0100] "GET /pmwiki/pmwiki.php/Main/Patentpools HTTP/1.1" 200 20710 "-" "Mozilla/5.0 (compatible; Barkrowler/0.9; +https://babbar.tech/crawler)"
217.113.194.71 - - [04/Jan/2024:19:34:50 +0100] "GET /pmwiki/pmwiki.php/Main/Telefonon HTTP/1.1" 200 16251 "-" "Mozilla/5.0 (compatible; Barkrowler/0.9; +https://babbar.tech/crawler)"
216.244.66.203 - - [04/Jan/2024:19:36:26 +0100] "GET /robots.txt HTTP/1.1" 404 1181 "-" "Mozilla/5.0 (compatible; DotBot/1.2; +https://opensiteexplorer.org/dotbot; help@moz.com)"
217.113.194.87 - - [04/Jan/2024:19:37:48 +0100] "GET /pmwiki/pmwiki.php/Main/Google?action=diff HTTP/1.1" 200 54350 "-" "Mozilla/5.0 (compatible; Barkrowler/0.9; +https://babbar.tech/crawler)"
217.113.194.89 - - [04/Jan/2024:19:40:38 +0100] "GET /pmwiki/pmwiki.php/Profiles/Mikei HTTP/1.1" 404 11946 "-" "Mozilla/5.0 (compatible; Barkrowler/0.9; +https://babbar.tech/crawler)"
216.244.66.203 - - [04/Jan/2024:19:43:09 +0100] "GET /pmwiki/pmwiki.php/Main/Fsn?action=diff&source=n&minor=n HTTP/1.1" 200 13967 "-" "Mozilla/5.0 (compatible; DotBot/1.2; +https://opensiteexplorer.org/dotbot; help@moz.com)"
216.244.66.203 - - [04/Jan/2024:19:43:14 +0100] "GET /pmwiki/pmwiki.php/PmWiki/GoodStyle?action=diff&source=n&minor=n HTTP/1.1" 200 12857 "-" "Mozilla/5.0 (compatible; DotBot/1.2; +https://opensiteexplorer.org/dotbot; help@moz.com)"
216.244.66.203 - - [04/Jan/2024:19:43:18 +0100] "GET /pmwiki/pmwiki.php/PmWiki/LayoutVariables?action=diff&source=n&minor=n HTTP/1.1" 200 12964 "-" "Mozilla/5.0 (compatible; DotBot/1.2; +https://opensiteexplorer.org/dotbot; help@moz.com)"
216.244.66.203 - - [04/Jan/2024:19:43:22 +0100] "GET /pmwiki/pmwiki.php/Profiles/Df?action=diff&source=n&minor=n HTTP/1.1" 200 12768 "-" "Mozilla/5.0 (compatible; DotBot/1.2; +https://opensiteexplorer.org/dotbot; help@moz.com)"
217.113.194.67 - - [04/Jan/2024:19:43:26 +0100] "GET /pmwiki/pmwiki.php/Main/SearchWiki?action=print HTTP/1.1" 200 4103 "-" "Mozilla/5.0 (compatible; Barkrowler/0.9; +https://babbar.tech/crawler)"
217.113.194.101 - - [04/Jan/2024:19:46:16 +0100] "GET /pmwiki/pmwiki.php/Main/SearchWiki?action=edit HTTP/1.1" 200 12430 "-" "Mozilla/5.0 (compatible; Barkrowler/0.9; +https://babbar.tech/crawler)"
216.244.66.203 - - [04/Jan/2024:19:48:54 +0100] "GET /pmwiki/pmwiki.php/Main/Cikkek?action=edit&restore=diff:1121072737:1121072720:&preview=y HTTP/1.1" 200 12417 "-" "Mozilla/5.0 (compatible; DotBot/1.2; +https://opensiteexplorer.org/dotbot; help@moz.com)"
217.113.194.122 - - [04/Jan/2024:19:48:57 +0100] "GET /pmwiki/pmwiki.php/Main/Feb08PR HTTP/1.1" 200 17785 "-" "Mozilla/5.0 (compatible; Barkrowler/0.9; +https://babbar.tech/crawler)"
216.244.66.203 - - [04/Jan/2024:19:48:57 +0100] "GET /pmwiki/pmwiki.php/Main/Doksik?action=edit&restore=diff:1119866578:1119866578:&preview=y HTTP/1.1" 200 12412 "-" "Mozilla/5.0 (compatible; DotBot/1.2; +https://opensiteexplorer.org/dotbot; help@moz.com)"
216.244.66.203 - - [04/Jan/2024:19:49:01 +0100] "GET /pmwiki/pmwiki.php/Main/Marc06LMEPR?action=edit&restore=diff:1110654566:1110528787:&preview=y HTTP/1.1" 200 12493 "-" "Mozilla/5.0 (compatible; DotBot/1.2; +https://opensiteexplorer.org/dotbot; help@moz.com)"
216.244.66.203 - - [04/Jan/2024:19:49:03 +0100] "GET /pmwiki/pmwiki.php/Main/PDF417?action=edit&restore=diff:1121366222:1121366145:&preview=y HTTP/1.1" 200 12412 "-" "Mozilla/5.0 (compatible; DotBot/1.2; +https://opensiteexplorer.org/dotbot; help@moz.com)"
216.244.66.203 - - [04/Jan/2024:19:49:05 +0100] "GET /pmwiki/pmwiki.php/Main/WikiSandbox?action=edit&restore=diff:1118672460:1118672379:&preview=y HTTP/1.1" 200 12492 "-" "Mozilla/5.0 (compatible; DotBot/1.2; +https://opensiteexplorer.org/dotbot; help@moz.com)"
110.249.202.248 - - [04/Jan/2024:19:49:18 +0100] "GET /robots.txt HTTP/1.1" 404 1181 "-" "Mozilla/5.0 (Linux; Android 5.0) AppleWebKit/537.36 (KHTML, like Gecko) Mobile Safari/537.36 (compatible; Bytespider; https://zhanzhang.toutiao.com/)"
217.113.194.67 - - [04/Jan/2024:19:51:37 +0100] "GET /pmwiki/pmwiki.php/Main/HomePage?action=edit HTTP/1.1" 200 12401 "-" "Mozilla/5.0 (compatible; Barkrowler/0.9; +https://babbar.tech/crawler)"
217.113.194.73 - - [04/Jan/2024:19:54:12 +0100] "GET /pmwiki/pmwiki.php/Main/Cache?action=edit HTTP/1.1" 200 12350 "-" "Mozilla/5.0 (compatible; Barkrowler/0.9; +https://babbar.tech/crawler)"
217.113.194.64 - - [04/Jan/2024:19:56:48 +0100] "GET /pmwiki/pmwiki.php/Main/Cache?action=upload HTTP/1.1" 200 12230 "-" "Mozilla/5.0 (compatible; Barkrowler/0.9; +https://babbar.tech/crawler)"
217.113.194.92 - - [04/Jan/2024:19:59:39 +0100] "GET /pmwiki/pmwiki.php/PmWiki/FreeLinks HTTP/1.1" 404 11976 "-" "Mozilla/5.0 (compatible; Barkrowler/0.9; +https://babbar.tech/crawler)"
217.113.194.75 - - [04/Jan/2024:20:02:33 +0100] "GET /pmwiki/pmwiki.php/API/API?action=edit HTTP/1.1" 200 12304 "-" "Mozilla/5.0 (compatible; Barkrowler/0.9; +https://babbar.tech/crawler)"
217.113.194.81 - - [04/Jan/2024:20:05:26 +0100] "GET /pmwiki/pmwiki.php/API/API?action=diff HTTP/1.1" 200 12691 "-" "Mozilla/5.0 (compatible; Barkrowler/0.9; +https://babbar.tech/crawler)"
217.113.194.93 - - [04/Jan/2024:20:08:14 +0100] "GET /pmwiki/pmwiki.php/Cookbook/EditBar HTTP/1.1" 404 11978 "-" "Mozilla/5.0 (compatible; Barkrowler/0.9; +https://babbar.tech/crawler)"
85.208.96.196 - - [04/Jan/2024:20:10:37 +0100] "GET /pmwiki/pmwiki.php/Main/MitTehetek HTTP/1.1" 200 13755 "-" "Mozilla/5.0 (compatible; SemrushBot/7~bl; +http://www.semrush.com/bot.html)"
217.113.194.110 - - [04/Jan/2024:20:11:06 +0100] "GET /pmwiki/pmwiki.php/Profiles/Restored HTTP/1.1" 404 11994 "-" "Mozilla/5.0 (compatible; Barkrowler/0.9; +https://babbar.tech/crawler)"
217.113.194.103 - - [04/Jan/2024:20:13:56 +0100] "GET /pmwiki/pmwiki.php/Profiles/Artisjus HTTP/1.1" 404 11994 "-" "Mozilla/5.0 (compatible; Barkrowler/0.9; +https://babbar.tech/crawler)"
217.113.194.96 - - [04/Jan/2024:20:16:50 +0100] "GET /pmwiki/pmwiki.php/Profiles/J?action=edit HTTP/1.1" 200 12357 "-" "Mozilla/5.0 (compatible; Barkrowler/0.9; +https://babbar.tech/crawler)"
217.113.194.94 - - [04/Jan/2024:20:19:57 +0100] "GET /pmwiki/pmwiki.php/Profiles/Mod?action=print HTTP/1.1" 404 2366 "-" "Mozilla/5.0 (compatible; Barkrowler/0.9; +https://babbar.tech/crawler)"
217.113.194.106 - - [04/Jan/2024:20:22:51 +0100] "GET /pmwiki/pmwiki.php/Main/Fsn?action=upload HTTP/1.1" 200 12198 "-" "Mozilla/5.0 (compatible; Barkrowler/0.9; +https://babbar.tech/crawler)"
217.113.194.83 - - [04/Jan/2024:20:25:48 +0100] "GET /pmwiki/pmwiki.php/Main/SearchWiki?action=upload HTTP/1.1" 200 12310 "-" "Mozilla/5.0 (compatible; Barkrowler/0.9; +https://babbar.tech/crawler)"
217.113.194.104 - - [04/Jan/2024:20:28:39 +0100] "GET /pmwiki/pmwiki.php/Main/Rocard?action=upload HTTP/1.1" 200 12245 "-" "Mozilla/5.0 (compatible; Barkrowler/0.9; +https://babbar.tech/crawler)"
217.113.194.90 - - [04/Jan/2024:20:31:32 +0100] "GET /pmwiki/pmwiki.php/Main/Cutts?action=edit HTTP/1.1" 200 12352 "-" "Mozilla/5.0 (compatible; Barkrowler/0.9; +https://babbar.tech/crawler)"
216.244.66.203 - - [04/Jan/2024:20:31:58 +0100] "GET /robots.txt HTTP/1.1" 404 1181 "-" "Mozilla/5.0 (compatible; DotBot/1.2; +https://opensiteexplorer.org/dotbot; help@moz.com)"
217.113.194.64 - - [04/Jan/2024:20:34:23 +0100] "GET /pmwiki/pmwiki.php/Main/Minimum?action=diff HTTP/1.1" 200 25837 "-" "Mozilla/5.0 (compatible; Barkrowler/0.9; +https://babbar.tech/crawler)"
217.113.194.126 - - [04/Jan/2024:20:37:17 +0100] "GET /pmwiki/pmwiki.php/Main/Minimum?action=upload HTTP/1.1" 200 12262 "-" "Mozilla/5.0 (compatible; Barkrowler/0.9; +https://babbar.tech/crawler)"
216.244.66.203 - - [04/Jan/2024:20:40:03 +0100] "GET /pmwiki/pmwiki.php/Main/Google?action=diff&source=y&minor=y HTTP/1.1" 200 56595 "-" "Mozilla/5.0 (compatible; DotBot/1.2; +https://opensiteexplorer.org/dotbot; help@moz.com)"
216.244.66.203 - - [04/Jan/2024:20:40:12 +0100] "GET /pmwiki/pmwiki.php/Main/Privacy?action=diff&source=n&minor=n HTTP/1.1" 200 12782 "-" "Mozilla/5.0 (compatible; DotBot/1.2; +https://opensiteexplorer.org/dotbot; help@moz.com)"
216.244.66.203 - - [04/Jan/2024:20:40:19 +0100] "GET /pmwiki/pmwiki.php/PmWiki/WikiPage?action=diff&source=y&minor=y HTTP/1.1" 200 12839 "-" "Mozilla/5.0 (compatible; DotBot/1.2; +https://opensiteexplorer.org/dotbot; help@moz.com)"
217.113.194.102 - - [04/Jan/2024:20:40:19 +0100] "GET /pmwiki/pmwiki.php/Main/PDF417?action=edit HTTP/1.1" 200 12366 "-" "Mozilla/5.0 (compatible; Barkrowler/0.9; +https://babbar.tech/crawler)"
216.244.66.203 - - [04/Jan/2024:20:42:03 +0100] "GET /pmwiki/pmwiki.php/Main/DRM?action=edit&restore=diff:1110457847:1110276983:&preview=y HTTP/1.1" 200 12364 "-" "Mozilla/5.0 (compatible; DotBot/1.2; +https://opensiteexplorer.org/dotbot; help@moz.com)"
217.113.194.111 - - [04/Jan/2024:20:43:12 +0100] "GET /pmwiki/pmwiki.php/Main/Minta?action=print HTTP/1.1" 200 5006 "-" "Mozilla/5.0 (compatible; Barkrowler/0.9; +https://babbar.tech/crawler)"
217.113.194.103 - - [04/Jan/2024:20:44:47 +0100] "GET /pmwiki/pmwiki.php/PmWiki/ChangeLog HTTP/1.1" 200 44191 "-" "Mozilla/5.0 (compatible; Barkrowler/0.9; +https://babbar.tech/crawler)"
217.113.194.93 - - [04/Jan/2024:20:46:19 +0100] "GET /pmwiki/pmwiki.php/PmWiki/WikiUsers HTTP/1.1" 404 11976 "-" "Mozilla/5.0 (compatible; Barkrowler/0.9; +https://babbar.tech/crawler)"
217.113.194.115 - - [04/Jan/2024:20:47:51 +0100] "GET /pmwiki/pmwiki.php/PmWiki/WikiGroups HTTP/1.1" 302 212 "-" "Mozilla/5.0 (compatible; Barkrowler/0.9; +https://babbar.tech/crawler)"
217.113.194.127 - - [04/Jan/2024:20:49:21 +0100] "GET /pmwiki/pmwiki.php/PmWiki/Requirements HTTP/1.1" 200 12196 "-" "Mozilla/5.0 (compatible; Barkrowler/0.9; +https://babbar.tech/crawler)"
217.113.194.93 - - [04/Jan/2024:20:50:54 +0100] "GET /pmwiki/pmwiki.php/Profiles/V6?action=upload HTTP/1.1" 200 12253 "-" "Mozilla/5.0 (compatible; Barkrowler/0.9; +https://babbar.tech/crawler)"
217.113.194.70 - - [04/Jan/2024:20:52:28 +0100] "GET /pmwiki/pmwiki.php/Profiles/ATraduire HTTP/1.1" 404 12010 "-" "Mozilla/5.0 (compatible; Barkrowler/0.9; +https://babbar.tech/crawler)"
217.113.194.102 - - [04/Jan/2024:20:54:00 +0100] "GET /pmwiki/pmwiki.php/Main/DRM?action=upload HTTP/1.1" 200 12198 "-" "Mozilla/5.0 (compatible; Barkrowler/0.9; +https://babbar.tech/crawler)"
217.113.194.113 - - [04/Jan/2024:20:55:30 +0100] "GET /pmwiki/pmwiki.php/Main/SMELie?action=diff HTTP/1.1" 200 14999 "-" "Mozilla/5.0 (compatible; Barkrowler/0.9; +https://babbar.tech/crawler)"
217.113.194.72 - - [04/Jan/2024:20:57:09 +0100] "GET /pmwiki/pmwiki.php/Main/SideBar?action=diff HTTP/1.1" 200 278004 "-" "Mozilla/5.0 (compatible; Barkrowler/0.9; +https://babbar.tech/crawler)"
217.113.194.121 - - [04/Jan/2024:20:58:39 +0100] "GET /pmwiki/pmwiki.php/Main/SideBar?action=print HTTP/1.1" 200 9268 "-" "Mozilla/5.0 (compatible; Barkrowler/0.9; +https://babbar.tech/crawler)"
217.113.194.99 - - [04/Jan/2024:21:00:14 +0100] "GET /pmwiki/pmwiki.php/Main/RocardEp2 HTTP/1.1" 200 28076 "-" "Mozilla/5.0 (compatible; Barkrowler/0.9; +https://babbar.tech/crawler)"
217.113.194.67 - - [04/Jan/2024:21:01:46 +0100] "GET /pmwiki/pmwiki.php/Main/Cutts?action=upload HTTP/1.1" 200 12232 "-" "Mozilla/5.0 (compatible; Barkrowler/0.9; +https://babbar.tech/crawler)"
217.113.194.70 - - [04/Jan/2024:21:03:19 +0100] "GET /pmwiki/pmwiki.php/Main/Mintalevel0509 HTTP/1.1" 200 16475 "-" "Mozilla/5.0 (compatible; Barkrowler/0.9; +https://babbar.tech/crawler)"
217.113.194.86 - - [04/Jan/2024:21:04:49 +0100] "GET /pmwiki/pmwiki.php/PmWiki/FAQ?action=diff HTTP/1.1" 200 12749 "-" "Mozilla/5.0 (compatible; Barkrowler/0.9; +https://babbar.tech/crawler)"
217.113.194.100 - - [04/Jan/2024:21:06:21 +0100] "GET /pmwiki/pmwiki.php/PmWiki/WikiFarms HTTP/1.1" 200 19921 "-" "Mozilla/5.0 (compatible; Barkrowler/0.9; +https://babbar.tech/crawler)"
217.113.194.100 - - [04/Jan/2024:21:07:52 +0100] "GET /pmwiki/pmwiki.php/Profiles/Profiles?action=upload HTTP/1.1" 200 12349 "-" "Mozilla/5.0 (compatible; Barkrowler/0.9; +https://babbar.tech/crawler)"
217.113.194.123 - - [04/Jan/2024:21:09:25 +0100] "GET /pmwiki/pmwiki.php/Profiles/Xmouse?action=diff HTTP/1.1" 200 12840 "-" "Mozilla/5.0 (compatible; Barkrowler/0.9; +https://babbar.tech/crawler)"
192.99.7.188 - - [04/Jan/2024:21:10:06 +0100] "GET /robots.txt HTTP/1.1" 404 1181 "-" "Mozilla/5.0 (compatible; MJ12bot/v1.4.8; http://mj12bot.com/)"
192.99.7.188 - - [04/Jan/2024:21:10:08 +0100] "GET /pmwiki/pmwiki.php/Main/Privacy?action=edit HTTP/1.1" 404 30 "-" "Mozilla/5.0 (compatible; MJ12bot/v1.4.8; http://mj12bot.com/)"
217.113.194.116 - - [04/Jan/2024:21:11:06 +0100] "GET /pmwiki/pmwiki.php/Profiles/Xmouse?action=print HTTP/1.1" 404 2378 "-" "Mozilla/5.0 (compatible; Barkrowler/0.9; +https://babbar.tech/crawler)"
217.113.194.70 - - [04/Jan/2024:21:12:36 +0100] "GET /pmwiki/pmwiki.php/Profiles/Mikei?action=print HTTP/1.1" 404 2374 "-" "Mozilla/5.0 (compatible; Barkrowler/0.9; +https://babbar.tech/crawler)"
217.113.194.69 - - [04/Jan/2024:21:14:09 +0100] "GET /pmwiki/pmwiki.php/Profiles/Mag?action=print HTTP/1.1" 404 2366 "-" "Mozilla/5.0 (compatible; Barkrowler/0.9; +https://babbar.tech/crawler)"
217.113.194.72 - - [04/Jan/2024:21:15:42 +0100] "GET /pmwiki/pmwiki.php/Main/2004Szeptember1 HTTP/1.1" 200 14123 "-" "Mozilla/5.0 (compatible; Barkrowler/0.9; +https://babbar.tech/crawler)"
205.210.31.210 - - [04/Jan/2024:21:16:37 +0100] "GET / HTTP/1.1" 302 5 "-" "Expanse, a Palo Alto Networks company, searches across the global IPv4 space multiple times per day to identify customers' presences on the Internet. If you would like to be excluded from our scans, please send IP addresses/domains to: scaninfo@paloaltonetworks.com"
217.113.194.66 - - [04/Jan/2024:21:17:20 +0100] "GET /pmwiki/pmwiki.php/Main/JuriVelemeny HTTP/1.1" 200 23765 "-" "Mozilla/5.0 (compatible; Barkrowler/0.9; +https://babbar.tech/crawler)"
217.113.194.124 - - [04/Jan/2024:21:18:54 +0100] "GET /pmwiki/pmwiki.php/Main/Marc08essay?action=diff HTTP/1.1" 200 76748 "-" "Mozilla/5.0 (compatible; Barkrowler/0.9; +https://babbar.tech/crawler)"
217.113.194.118 - - [04/Jan/2024:21:20:28 +0100] "GET /pmwiki/pmwiki.php/Main/Marc08essay?action=print HTTP/1.1" 200 9200 "-" "Mozilla/5.0 (compatible; Barkrowler/0.9; +https://babbar.tech/crawler)"
217.113.194.102 - - [04/Jan/2024:21:22:00 +0100] "GET /pmwiki/pmwiki.php/Main/Marc08essay?action=edit HTTP/1.1" 200 12446 "-" "Mozilla/5.0 (compatible; Barkrowler/0.9; +https://babbar.tech/crawler)"
217.113.194.68 - - [04/Jan/2024:21:23:34 +0100] "GET /pmwiki/pmwiki.php/Main/Marc07PR?action=edit HTTP/1.1" 200 12399 "-" "Mozilla/5.0 (compatible; Barkrowler/0.9; +https://babbar.tech/crawler)"
217.113.194.123 - - [04/Jan/2024:21:25:06 +0100] "GET /pmwiki/pmwiki.php/Main/ToughLetter?action=upload HTTP/1.1" 200 12326 "-" "Mozilla/5.0 (compatible; Barkrowler/0.9; +https://babbar.tech/crawler)"
217.113.194.123 - - [04/Jan/2024:21:26:41 +0100] "GET /pmwiki/pmwiki.php/Main/Cutts?action=diff HTTP/1.1" 200 32499 "-" "Mozilla/5.0 (compatible; Barkrowler/0.9; +https://babbar.tech/crawler)"
216.244.66.203 - - [04/Jan/2024:21:27:51 +0100] "GET /robots.txt HTTP/1.1" 404 1181 "-" "Mozilla/5.0 (compatible; DotBot/1.2; +https://opensiteexplorer.org/dotbot; help@moz.com)"
217.113.194.108 - - [04/Jan/2024:21:28:12 +0100] "GET /pmwiki/pmwiki.php/Main/Patentpools?action=upload HTTP/1.1" 200 12330 "-" "Mozilla/5.0 (compatible; Barkrowler/0.9; +https://babbar.tech/crawler)"
217.113.194.85 - - [04/Jan/2024:21:29:45 +0100] "GET /pmwiki/pmwiki.php/Main/Patentpools?action=print HTTP/1.1" 200 11118 "-" "Mozilla/5.0 (compatible; Barkrowler/0.9; +https://babbar.tech/crawler)"
217.113.194.98 - - [04/Jan/2024:21:31:18 +0100] "GET /pmwiki/pmwiki.php/Main/Bitem0304?action=print HTTP/1.1" 200 8100 "-" "Mozilla/5.0 (compatible; Barkrowler/0.9; +https://babbar.tech/crawler)"
217.113.194.103 - - [04/Jan/2024:21:32:52 +0100] "GET /pmwiki/pmwiki.php/Main/Bitem0304?action=diff HTTP/1.1" 200 28044 "-" "Mozilla/5.0 (compatible; Barkrowler/0.9; +https://babbar.tech/crawler)"
217.113.194.114 - - [04/Jan/2024:21:34:25 +0100] "GET /pmwiki/pmwiki.php/Main/AllRecentChanges?action=upload HTTP/1.1" 200 12406 "-" "Mozilla/5.0 (compatible; Barkrowler/0.9; +https://babbar.tech/crawler)"
85.208.96.212 - - [04/Jan/2024:21:34:42 +0100] "GET /robots.txt HTTP/1.1" 404 1181 "-" "Mozilla/5.0 (compatible; SemrushBot/7~bl; +http://www.semrush.com/bot.html)"
85.208.96.194 - - [04/Jan/2024:21:34:43 +0100] "GET /pmwiki/pmwiki.php/Main/Cutts HTTP/1.1" 200 31570 "-" "Mozilla/5.0 (compatible; SemrushBot/7~bl; +http://www.semrush.com/bot.html)"
217.113.194.67 - - [04/Jan/2024:21:36:14 +0100] "GET /pmwiki/pmwiki.php/Main/WikiSandbox?action=edit HTTP/1.1" 200 12446 "-" "Mozilla/5.0 (compatible; Barkrowler/0.9; +https://babbar.tech/crawler)"
217.113.194.110 - - [04/Jan/2024:21:37:51 +0100] "GET /pmwiki/pmwiki.php/PmWiki/BasicVariables HTTP/1.1" 200 18828 "-" "Mozilla/5.0 (compatible; Barkrowler/0.9; +https://babbar.tech/crawler)"
217.113.194.71 - - [04/Jan/2024:21:39:35 +0100] "GET /pmwiki/pmwiki.php/PmWiki/Categories?action=print HTTP/1.1" 200 2352 "-" "Mozilla/5.0 (compatible; Barkrowler/0.9; +https://babbar.tech/crawler)"
216.244.66.203 - - [04/Jan/2024:21:40:27 +0100] "GET /pmwiki/pmwiki.php/Main/Ipr?action=diff&source=n&minor=n HTTP/1.1" 200 13590 "-" "Mozilla/5.0 (compatible; DotBot/1.2; +https://opensiteexplorer.org/dotbot; help@moz.com)"
217.113.194.94 - - [04/Jan/2024:21:41:10 +0100] "GET /pmwiki/pmwiki.php/Emeltdijas/Hu HTTP/1.1" 200 13003 "-" "Mozilla/5.0 (compatible; Barkrowler/0.9; +https://babbar.tech/crawler)"
217.113.194.80 - - [04/Jan/2024:21:42:44 +0100] "GET /pmwiki/pmwiki.php/Profiles/Restored?action=print HTTP/1.1" 404 2386 "-" "Mozilla/5.0 (compatible; Barkrowler/0.9; +https://babbar.tech/crawler)"
216.244.66.203 - - [04/Jan/2024:21:44:15 +0100] "GET /pmwiki/pmwiki.php/Main/2004Febru%E1riK%F6sz%F6netLengyelorsz%E1gnak?action=diff&source=n&minor=n HTTP/1.1" 200 17729 "-" "Mozilla/5.0 (compatible; DotBot/1.2; +https://opensiteexplorer.org/dotbot; help@moz.com)"
216.244.66.203 - - [04/Jan/2024:21:44:19 +0100] "GET /pmwiki/pmwiki.php/Main/Cikkek?action=edit&restore=diff:1108897313:1108897149:&preview=y HTTP/1.1" 200 12417 "-" "Mozilla/5.0 (compatible; DotBot/1.2; +https://opensiteexplorer.org/dotbot; help@moz.com)"
217.113.194.97 - - [04/Jan/2024:21:44:22 +0100] "GET /pmwiki/pmwiki.php/Profiles/Robert?action=print HTTP/1.1" 404 2378 "-" "Mozilla/5.0 (compatible; Barkrowler/0.9; +https://babbar.tech/crawler)"
216.244.66.203 - - [04/Jan/2024:21:44:23 +0100] "GET /pmwiki/pmwiki.php/Main/H%EDrek?action=diff&source=y&minor=y HTTP/1.1" 200 22167 "-" "Mozilla/5.0 (compatible; DotBot/1.2; +https://opensiteexplorer.org/dotbot; help@moz.com)"
216.244.66.203 - - [04/Jan/2024:21:44:26 +0100] "GET /pmwiki/pmwiki.php/Main/TRIPSLie?action=edit&restore=diff:1110528033:1110528033:&preview=y HTTP/1.1" 200 12445 "-" "Mozilla/5.0 (compatible; DotBot/1.2; +https://opensiteexplorer.org/dotbot; help@moz.com)"
216.244.66.203 - - [04/Jan/2024:21:44:29 +0100] "GET /pmwiki/pmwiki.php/Main/TelefononFaxon?action=diff&source=n&minor=n HTTP/1.1" 200 12908 "-" "Mozilla/5.0 (compatible; DotBot/1.2; +https://opensiteexplorer.org/dotbot; help@moz.com)"
216.244.66.203 - - [04/Jan/2024:21:44:32 +0100] "GET /pmwiki/pmwiki.php/PmWiki/WikiGroups?action=diff&source=y&minor=y HTTP/1.1" 200 12875 "-" "Mozilla/5.0 (compatible; DotBot/1.2; +https://opensiteexplorer.org/dotbot; help@moz.com)"
216.244.66.203 - - [04/Jan/2024:21:44:34 +0100] "GET /pmwiki/pmwiki.php/Profiles/Artisjus?action=diff&source=y&minor=y HTTP/1.1" 200 12876 "-" "Mozilla/5.0 (compatible; DotBot/1.2; +https://opensiteexplorer.org/dotbot; help@moz.com)"
216.244.66.203 - - [04/Jan/2024:21:44:36 +0100] "GET /pmwiki/pmwiki.php/Profiles/DirectPhone?action=diff&source=n&minor=n HTTP/1.1" 200 12930 "-" "Mozilla/5.0 (compatible; DotBot/1.2; +https://opensiteexplorer.org/dotbot; help@moz.com)"
217.113.194.116 - - [04/Jan/2024:21:45:57 +0100] "GET /pmwiki/pmwiki.php/Profiles/Artisjus?action=print HTTP/1.1" 404 2386 "-" "Mozilla/5.0 (compatible; Barkrowler/0.9; +https://babbar.tech/crawler)"
217.113.194.111 - - [04/Jan/2024:21:47:31 +0100] "GET /pmwiki/pmwiki.php/Profiles/Artisjus?action=edit HTTP/1.1" 200 12469 "-" "Mozilla/5.0 (compatible; Barkrowler/0.9; +https://babbar.tech/crawler)"
217.113.194.124 - - [04/Jan/2024:21:49:07 +0100] "GET /pmwiki/pmwiki.php/Profiles/AdelphiCharter HTTP/1.1" 404 12090 "-" "Mozilla/5.0 (compatible; Barkrowler/0.9; +https://babbar.tech/crawler)"
217.113.194.75 - - [04/Jan/2024:21:50:40 +0100] "GET /pmwiki/pmwiki.php/Profiles/Leforditando HTTP/1.1" 404 12058 "-" "Mozilla/5.0 (compatible; Barkrowler/0.9; +https://babbar.tech/crawler)"
217.113.194.90 - - [04/Jan/2024:21:52:12 +0100] "GET /pmwiki/pmwiki.php/Main/CikkekPrivacy?action=edit HTTP/1.1" 200 12480 "-" "Mozilla/5.0 (compatible; Barkrowler/0.9; +https://babbar.tech/crawler)"
217.113.194.96 - - [04/Jan/2024:21:53:48 +0100] "GET /pmwiki/pmwiki.php/Main/Cikkek?action=print HTTP/1.1" 200 57345 "-" "Mozilla/5.0 (compatible; Barkrowler/0.9; +https://babbar.tech/crawler)"
217.113.194.97 - - [04/Jan/2024:21:55:22 +0100] "GET /pmwiki/pmwiki.php/Main/Marc07PR?action=diff HTTP/1.1" 200 15457 "-" "Mozilla/5.0 (compatible; Barkrowler/0.9; +https://babbar.tech/crawler)"
217.113.194.95 - - [04/Jan/2024:21:56:56 +0100] "GET /pmwiki/pmwiki.php/Main/Virsligy%E1r HTTP/1.1" 200 24986 "-" "Mozilla/5.0 (compatible; Barkrowler/0.9; +https://babbar.tech/crawler)"
217.113.194.112 - - [04/Jan/2024:21:58:30 +0100] "GET /pmwiki/pmwiki.php/Main/Doksik?action=edit HTTP/1.1" 200 12366 "-" "Mozilla/5.0 (compatible; Barkrowler/0.9; +https://babbar.tech/crawler)"
217.113.194.118 - - [04/Jan/2024:22:00:05 +0100] "GET /pmwiki/pmwiki.php/Main/Feb09PR?action=edit HTTP/1.1" 200 12386 "-" "Mozilla/5.0 (compatible; Barkrowler/0.9; +https://babbar.tech/crawler)"
217.113.194.90 - - [04/Jan/2024:22:01:43 +0100] "GET /pmwiki/pmwiki.php/Main/Feb03PR?action=print HTTP/1.1" 200 5846 "-" "Mozilla/5.0 (compatible; Barkrowler/0.9; +https://babbar.tech/crawler)"
217.113.194.103 - - [04/Jan/2024:22:03:18 +0100] "GET /pmwiki/pmwiki.php/Main/Feb03PR?action=edit HTTP/1.1" 200 12386 "-" "Mozilla/5.0 (compatible; Barkrowler/0.9; +https://babbar.tech/crawler)"
185.191.171.14 - - [04/Jan/2024:22:03:28 +0100] "GET /pmwiki/pmwiki.php/Main/Doksik HTTP/1.1" 200 14123 "-" "Mozilla/5.0 (compatible; SemrushBot/7~bl; +http://www.semrush.com/bot.html)"
217.113.194.85 - - [04/Jan/2024:22:05:05 +0100] "GET /pmwiki/pmwiki.php/Main/CenZored?action=diff HTTP/1.1" 200 16528 "-" "Mozilla/5.0 (compatible; Barkrowler/0.9; +https://babbar.tech/crawler)"
217.113.194.102 - - [04/Jan/2024:22:06:42 +0100] "GET /pmwiki/pmwiki.php/Main/WikiPediaban?action=diff HTTP/1.1" 200 13352 "-" "Mozilla/5.0 (compatible; Barkrowler/0.9; +https://babbar.tech/crawler)"
217.113.194.71 - - [04/Jan/2024:22:08:38 +0100] "GET /pmwiki/pmwiki.php/Main/WikiPediaban?action=upload HTTP/1.1" 200 12343 "-" "Mozilla/5.0 (compatible; Barkrowler/0.9; +https://babbar.tech/crawler)"
217.113.194.86 - - [04/Jan/2024:22:10:21 +0100] "GET /pmwiki/pmwiki.php/PmWiki/AuthorTracking?action=edit HTTP/1.1" 200 12532 "-" "Mozilla/5.0 (compatible; Barkrowler/0.9; +https://babbar.tech/crawler)"
217.113.194.67 - - [04/Jan/2024:22:12:10 +0100] "GET /pmwiki/pmwiki.php/PmWiki/SimpleTables?action=edit HTTP/1.1" 200 12499 "-" "Mozilla/5.0 (compatible; Barkrowler/0.9; +https://babbar.tech/crawler)"
217.113.194.78 - - [04/Jan/2024:22:13:48 +0100] "GET /pmwiki/pmwiki.php/PmWiki/Installation?action=edit HTTP/1.1" 200 12499 "-" "Mozilla/5.0 (compatible; Barkrowler/0.9; +https://babbar.tech/crawler)"
217.113.194.84 - - [04/Jan/2024:22:15:23 +0100] "GET /pmwiki/pmwiki.php/PmWiki/PageHistory?action=upload HTTP/1.1" 200 12364 "-" "Mozilla/5.0 (compatible; Barkrowler/0.9; +https://babbar.tech/crawler)"
217.113.194.103 - - [04/Jan/2024:22:16:59 +0100] "GET /pmwiki/pmwiki.php/PmWiki/Uploads?action=print HTTP/1.1" 200 5039 "-" "Mozilla/5.0 (compatible; Barkrowler/0.9; +https://babbar.tech/crawler)"
217.113.194.67 - - [04/Jan/2024:22:18:44 +0100] "GET /pmwiki/pmwiki.php/PmWiki/ChangeLog?action=edit HTTP/1.1" 200 12451 "-" "Mozilla/5.0 (compatible; Barkrowler/0.9; +https://babbar.tech/crawler)"
217.113.194.67 - - [04/Jan/2024:22:20:23 +0100] "GET /pmwiki/pmwiki.php/PmWiki/LayoutBasics?action=upload HTTP/1.1" 200 12380 "-" "Mozilla/5.0 (compatible; Barkrowler/0.9; +https://babbar.tech/crawler)"
217.113.194.70 - - [04/Jan/2024:22:22:11 +0100] "GET /pmwiki/pmwiki.php/PmWiki/LayoutAdvanced?action=upload HTTP/1.1" 200 12411 "-" "Mozilla/5.0 (compatible; Barkrowler/0.9; +https://babbar.tech/crawler)"
216.244.66.203 - - [04/Jan/2024:22:22:35 +0100] "GET /robots.txt HTTP/1.1" 404 1181 "-" "Mozilla/5.0 (compatible; DotBot/1.2; +https://opensiteexplorer.org/dotbot; help@moz.com)"
217.113.194.65 - - [04/Jan/2024:22:23:49 +0100] "GET /pmwiki/pmwiki.php/PmWiki/LayoutAdvanced?action=print HTTP/1.1" 200 9441 "-" "Mozilla/5.0 (compatible; Barkrowler/0.9; +https://babbar.tech/crawler)"
217.113.194.91 - - [04/Jan/2024:22:25:27 +0100] "GET /pmwiki/pmwiki.php/PmWiki/Contributors?action=edit HTTP/1.1" 200 12500 "-" "Mozilla/5.0 (compatible; Barkrowler/0.9; +https://babbar.tech/crawler)"
217.113.194.65 - - [04/Jan/2024:22:27:03 +0100] "GET /pmwiki/pmwiki.php/PmWiki/ConditionalMarkup HTTP/1.1" 200 16144 "-" "Mozilla/5.0 (compatible; Barkrowler/0.9; +https://babbar.tech/crawler)"
217.113.194.74 - - [04/Jan/2024:22:28:39 +0100] "GET /pmwiki/pmwiki.php/PmWiki/WikiUsers?action=upload HTTP/1.1" 200 12331 "-" "Mozilla/5.0 (compatible; Barkrowler/0.9; +https://babbar.tech/crawler)"
216.244.66.203 - - [04/Jan/2024:22:30:03 +0100] "GET /pmwiki/pmwiki.php/Main/CenZored?action=diff&source=n&minor=n HTTP/1.1" 200 16528 "-" "Mozilla/5.0 (compatible; DotBot/1.2; +https://opensiteexplorer.org/dotbot; help@moz.com)"
216.244.66.203 - - [04/Jan/2024:22:30:08 +0100] "GET /pmwiki/pmwiki.php/Main/Marc07PR?action=diff&source=n&minor=n HTTP/1.1" 200 15457 "-" "Mozilla/5.0 (compatible; DotBot/1.2; +https://opensiteexplorer.org/dotbot; help@moz.com)"
216.244.66.203 - - [04/Jan/2024:22:30:12 +0100] "GET /pmwiki/pmwiki.php/PmWiki/Links?action=diff&source=y&minor=y HTTP/1.1" 200 12784 "-" "Mozilla/5.0 (compatible; DotBot/1.2; +https://opensiteexplorer.org/dotbot; help@moz.com)"
217.113.194.121 - - [04/Jan/2024:22:30:14 +0100] "GET /pmwiki/pmwiki.php/PmWiki/WikiWord?action=diff HTTP/1.1" 200 12840 "-" "Mozilla/5.0 (compatible; Barkrowler/0.9; +https://babbar.tech/crawler)"
217.113.194.79 - - [04/Jan/2024:22:31:48 +0100] "GET /pmwiki/pmwiki.php/PmWiki/WikiPage?action=print HTTP/1.1" 200 2705 "-" "Mozilla/5.0 (compatible; Barkrowler/0.9; +https://babbar.tech/crawler)"
216.244.66.203 - - [04/Jan/2024:22:32:20 +0100] "GET /pmwiki/pmwiki.php/Main/2003M%E1jusiNyilatkozat?action=diff&source=n&minor=n HTTP/1.1" 200 16688 "-" "Mozilla/5.0 (compatible; DotBot/1.2; +https://opensiteexplorer.org/dotbot; help@moz.com)"
217.113.194.117 - - [04/Jan/2024:22:33:27 +0100] "GET /pmwiki/pmwiki.php/PmWiki/WikiGroup?action=upload HTTP/1.1" 200 12331 "-" "Mozilla/5.0 (compatible; Barkrowler/0.9; +https://babbar.tech/crawler)"
217.113.194.75 - - [04/Jan/2024:22:35:05 +0100] "GET /pmwiki/pmwiki.php/PmWiki/WikiGroups?action=edit HTTP/1.1" 200 12468 "-" "Mozilla/5.0 (compatible; Barkrowler/0.9; +https://babbar.tech/crawler)"
217.113.194.68 - - [04/Jan/2024:22:36:41 +0100] "GET /pmwiki/pmwiki.php/PmWiki/FreeLinks?action=edit HTTP/1.1" 200 12451 "-" "Mozilla/5.0 (compatible; Barkrowler/0.9; +https://babbar.tech/crawler)"
217.113.194.68 - - [04/Jan/2024:22:38:26 +0100] "GET /pmwiki/pmwiki.php/PmWiki/FreeLinks?action=print HTTP/1.1" 404 2380 "-" "Mozilla/5.0 (compatible; Barkrowler/0.9; +https://babbar.tech/crawler)"
217.113.194.90 - - [04/Jan/2024:22:40:01 +0100] "GET /pmwiki/pmwiki.php/PmWiki/Variables?action=upload HTTP/1.1" 200 12332 "-" "Mozilla/5.0 (compatible; Barkrowler/0.9; +https://babbar.tech/crawler)"
217.113.194.97 - - [04/Jan/2024:22:41:35 +0100] "GET /pmwiki/pmwiki.php/PmWiki/Passwords?action=edit HTTP/1.1" 200 12451 "-" "Mozilla/5.0 (compatible; Barkrowler/0.9; +https://babbar.tech/crawler)"
217.113.194.90 - - [04/Jan/2024:22:43:07 +0100] "GET /pmwiki/pmwiki.php/PmWiki/Passwords?action=diff HTTP/1.1" 200 12856 "-" "Mozilla/5.0 (compatible; Barkrowler/0.9; +https://babbar.tech/crawler)"
217.113.194.97 - - [04/Jan/2024:22:44:41 +0100] "GET /pmwiki/pmwiki.php/Cookbook/EditBar?action=print HTTP/1.1" 404 2382 "-" "Mozilla/5.0 (compatible; Barkrowler/0.9; +https://babbar.tech/crawler)"
216.244.66.203 - - [04/Jan/2024:22:45:30 +0100] "GET /pmwiki/pmwiki.php/Main/GatesMegzsaroltaD%E1ni%E1t?action=diff&source=y&minor=y HTTP/1.1" 200 15124 "-" "Mozilla/5.0 (compatible; DotBot/1.2; +https://opensiteexplorer.org/dotbot; help@moz.com)"
217.113.194.92 - - [04/Jan/2024:22:46:17 +0100] "GET /pmwiki/pmwiki.php/Profiles/Robert?action=diff HTTP/1.1" 200 12840 "-" "Mozilla/5.0 (compatible; Barkrowler/0.9; +https://babbar.tech/crawler)"
217.113.194.114 - - [04/Jan/2024:22:47:54 +0100] "GET /pmwiki/pmwiki.php/Profiles/Artisjus?action=upload HTTP/1.1" 200 12349 "-" "Mozilla/5.0 (compatible; Barkrowler/0.9; +https://babbar.tech/crawler)"
217.113.194.111 - - [04/Jan/2024:22:49:29 +0100] "GET /pmwiki/pmwiki.php/Profiles/Mikei?action=diff HTTP/1.1" 200 12822 "-" "Mozilla/5.0 (compatible; Barkrowler/0.9; +https://babbar.tech/crawler)"
217.113.194.85 - - [04/Jan/2024:22:51:04 +0100] "GET /pmwiki/pmwiki.php/Profiles/Mag?action=diff HTTP/1.1" 200 12786 "-" "Mozilla/5.0 (compatible; Barkrowler/0.9; +https://babbar.tech/crawler)"
217.113.194.77 - - [04/Jan/2024:22:52:39 +0100] "GET /pmwiki/pmwiki.php/Main/C%E9lok?action=edit HTTP/1.1" 200 12378 "-" "Mozilla/5.0 (compatible; Barkrowler/0.9; +https://babbar.tech/crawler)"
85.208.96.212 - - [04/Jan/2024:22:53:06 +0100] "GET /robots.txt HTTP/1.1" 404 1181 "-" "Mozilla/5.0 (compatible; SemrushBot/7~bl; +http://www.semrush.com/bot.html)"
185.191.171.18 - - [04/Jan/2024:22:53:06 +0100] "GET /pmwiki/pmwiki.php/Main/SearchWiki HTTP/1.1" 200 13669 "-" "Mozilla/5.0 (compatible; SemrushBot/7~bl; +http://www.semrush.com/bot.html)"
217.113.194.91 - - [04/Jan/2024:22:54:14 +0100] "GET /pmwiki/pmwiki.php/Main/NoSoftwarePatents?action=upload HTTP/1.1" 200 12426 "-" "Mozilla/5.0 (compatible; Barkrowler/0.9; +https://babbar.tech/crawler)"
217.113.194.68 - - [04/Jan/2024:22:55:48 +0100] "GET /pmwiki/pmwiki.php/Main/ThankYouPoland?action=edit HTTP/1.1" 200 12495 "-" "Mozilla/5.0 (compatible; Barkrowler/0.9; +https://babbar.tech/crawler)"
217.113.194.105 - - [04/Jan/2024:22:57:22 +0100] "GET /pmwiki/pmwiki.php/Main/2005M%E1rcius8 HTTP/1.1" 200 30044 "-" "Mozilla/5.0 (compatible; Barkrowler/0.9; +https://babbar.tech/crawler)"
172.202.2.113 - - [04/Jan/2024:22:57:34 +0100] "GET /robots.txt HTTP/1.1" 404 1181 "-" "Mozilla/5.0 (Windows NT 10.0; Win64; x64) AppleWebKit/537.36 (KHTML, like Gecko) Chrome/90.0.4430.212 Safari/537.36"
217.113.194.104 - - [04/Jan/2024:22:58:57 +0100] "GET /pmwiki/pmwiki.php/Main/Mintalevel0509?action=edit HTTP/1.1" 200 12494 "-" "Mozilla/5.0 (compatible; Barkrowler/0.9; +https://babbar.tech/crawler)"
217.113.194.106 - - [04/Jan/2024:23:00:33 +0100] "GET /pmwiki/pmwiki.php/Main/Mintalevel0509?action=upload HTTP/1.1" 200 12374 "-" "Mozilla/5.0 (compatible; Barkrowler/0.9; +https://babbar.tech/crawler)"
217.113.194.91 - - [04/Jan/2024:23:02:09 +0100] "GET /pmwiki/pmwiki.php/PmWiki/AuthorTracking?action=upload HTTP/1.1" 200 12412 "-" "Mozilla/5.0 (compatible; Barkrowler/0.9; +https://babbar.tech/crawler)"
217.113.194.92 - - [04/Jan/2024:23:03:46 +0100] "GET /pmwiki/pmwiki.php/PmWiki/AdvancedTables HTTP/1.1" 200 18559 "-" "Mozilla/5.0 (compatible; Barkrowler/0.9; +https://babbar.tech/crawler)"
217.113.194.76 - - [04/Jan/2024:23:05:26 +0100] "GET /pmwiki/pmwiki.php/PmWiki/SimpleTables?action=upload HTTP/1.1" 200 12379 "-" "Mozilla/5.0 (compatible; Barkrowler/0.9; +https://babbar.tech/crawler)"
217.113.194.108 - - [04/Jan/2024:23:07:01 +0100] "GET /pmwiki/pmwiki.php/PmWiki/SimpleTables?action=print HTTP/1.1" 200 5651 "-" "Mozilla/5.0 (compatible; Barkrowler/0.9; +https://babbar.tech/crawler)"
217.113.194.121 - - [04/Jan/2024:23:08:33 +0100] "GET /pmwiki/pmwiki.php/PmWiki/BasicEditing?action=print HTTP/1.1" 200 4763 "-" "Mozilla/5.0 (compatible; Barkrowler/0.9; +https://babbar.tech/crawler)"
217.113.194.107 - - [04/Jan/2024:23:10:06 +0100] "GET /pmwiki/pmwiki.php/PmWiki/BasicEditing?action=upload HTTP/1.1" 200 12380 "-" "Mozilla/5.0 (compatible; Barkrowler/0.9; +https://babbar.tech/crawler)"
217.113.194.108 - - [04/Jan/2024:23:11:40 +0100] "GET /pmwiki/pmwiki.php/PmWiki/PmWiki?action=edit HTTP/1.1" 200 12400 "-" "Mozilla/5.0 (compatible; Barkrowler/0.9; +https://babbar.tech/crawler)"
217.113.194.122 - - [04/Jan/2024:23:13:20 +0100] "GET /pmwiki/pmwiki.php/PmWiki/PmWiki?action=print HTTP/1.1" 200 106902 "-" "Mozilla/5.0 (compatible; Barkrowler/0.9; +https://babbar.tech/crawler)"
217.113.194.65 - - [04/Jan/2024:23:15:01 +0100] "GET /pmwiki/pmwiki.php/PmWiki/PmWiki?action=diff HTTP/1.1" 200 457953 "-" "Mozilla/5.0 (compatible; Barkrowler/0.9; +https://babbar.tech/crawler)"
217.113.194.84 - - [04/Jan/2024:23:16:36 +0100] "GET /pmwiki/pmwiki.php/PmWiki/MailPosts?action=upload HTTP/1.1" 200 12332 "-" "Mozilla/5.0 (compatible; Barkrowler/0.9; +https://babbar.tech/crawler)"
217.113.194.88 - - [04/Jan/2024:23:18:10 +0100] "GET /pmwiki/pmwiki.php/PmWiki/Audiences?action=diff HTTP/1.1" 200 12855 "-" "Mozilla/5.0 (compatible; Barkrowler/0.9; +https://babbar.tech/crawler)"
217.113.194.114 - - [04/Jan/2024:23:19:42 +0100] "GET /pmwiki/pmwiki.php/PmWiki/ChangeLog?action=diff HTTP/1.1" 200 12856 "-" "Mozilla/5.0 (compatible; Barkrowler/0.9; +https://babbar.tech/crawler)"
217.113.194.96 - - [04/Jan/2024:23:21:17 +0100] "GET /pmwiki/pmwiki.php/PmWiki/GroupHeaders?action=edit HTTP/1.1" 200 12499 "-" "Mozilla/5.0 (compatible; Barkrowler/0.9; +https://babbar.tech/crawler)"
217.113.194.116 - - [04/Jan/2024:23:22:51 +0100] "GET /pmwiki/pmwiki.php/PmWiki/GroupAttributes?action=edit HTTP/1.1" 200 12548 "-" "Mozilla/5.0 (compatible; Barkrowler/0.9; +https://babbar.tech/crawler)"
217.113.194.116 - - [04/Jan/2024:23:24:24 +0100] "GET /pmwiki/pmwiki.php/PmWiki/RecentChanges?action=diff HTTP/1.1" 200 16087 "-" "Mozilla/5.0 (compatible; Barkrowler/0.9; +https://babbar.tech/crawler)"
217.113.194.120 - - [04/Jan/2024:23:25:58 +0100] "GET /pmwiki/pmwiki.php/PmWiki/WikiStructure?action=edit HTTP/1.1" 200 12516 "-" "Mozilla/5.0 (compatible; Barkrowler/0.9; +https://babbar.tech/crawler)"
217.113.194.123 - - [04/Jan/2024:23:27:31 +0100] "GET /pmwiki/pmwiki.php/PmWiki/WikiStructure?action=print HTTP/1.1" 200 4925 "-" "Mozilla/5.0 (compatible; Barkrowler/0.9; +https://babbar.tech/crawler)"
217.113.194.103 - - [04/Jan/2024:23:29:04 +0100] "GET /pmwiki/pmwiki.php/PmWiki/WikiStyles?action=diff HTTP/1.1" 200 12874 "-" "Mozilla/5.0 (compatible; Barkrowler/0.9; +https://babbar.tech/crawler)"
217.113.194.90 - - [04/Jan/2024:23:30:39 +0100] "GET /pmwiki/pmwiki.php/PmWiki/WikiTrails?action=upload HTTP/1.1" 200 12347 "-" "Mozilla/5.0 (compatible; Barkrowler/0.9; +https://babbar.tech/crawler)"
217.113.194.68 - - [04/Jan/2024:23:32:14 +0100] "GET /pmwiki/pmwiki.php/PmWiki/Requirements?action=diff HTTP/1.1" 200 12910 "-" "Mozilla/5.0 (compatible; Barkrowler/0.9; +https://babbar.tech/crawler)"
217.113.194.95 - - [04/Jan/2024:23:33:52 +0100] "GET /pmwiki/pmwiki.php/PmWiki/TextFormattingRules HTTP/1.1" 200 21329 "-" "Mozilla/5.0 (compatible; Barkrowler/0.9; +https://babbar.tech/crawler)"
217.113.194.82 - - [04/Jan/2024:23:35:30 +0100] "GET /pmwiki/pmwiki.php/PmWiki/IncludeOtherPages HTTP/1.1" 200 17874 "-" "Mozilla/5.0 (compatible; Barkrowler/0.9; +https://babbar.tech/crawler)"
217.113.194.95 - - [04/Jan/2024:23:37:07 +0100] "GET /pmwiki/pmwiki.php/Profiles/FMCikk?action=upload HTTP/1.1" 200 12317 "-" "Mozilla/5.0 (compatible; Barkrowler/0.9; +https://babbar.tech/crawler)"
217.113.194.74 - - [04/Jan/2024:23:38:46 +0100] "GET /pmwiki/pmwiki.php/Profiles/FMCikk?action=diff HTTP/1.1" 200 12840 "-" "Mozilla/5.0 (compatible; Barkrowler/0.9; +https://babbar.tech/crawler)"
217.113.194.79 - - [04/Jan/2024:23:40:24 +0100] "GET /pmwiki/pmwiki.php/Profiles/ATraduire?action=upload HTTP/1.1" 200 12365 "-" "Mozilla/5.0 (compatible; Barkrowler/0.9; +https://babbar.tech/crawler)"
217.113.194.88 - - [04/Jan/2024:23:41:58 +0100] "GET /pmwiki/pmwiki.php/Profiles/WrapPlague?action=edit HTTP/1.1" 200 12501 "-" "Mozilla/5.0 (compatible; Barkrowler/0.9; +https://babbar.tech/crawler)"
217.113.194.100 - - [04/Jan/2024:23:43:32 +0100] "GET /pmwiki/pmwiki.php/Profiles/WrapPlague?action=upload HTTP/1.1" 200 12381 "-" "Mozilla/5.0 (compatible; Barkrowler/0.9; +https://babbar.tech/crawler)"
217.113.194.111 - - [04/Jan/2024:23:45:09 +0100] "GET /pmwiki/pmwiki.php/Main/McCreevy?action=print HTTP/1.1" 200 3664 "-" "Mozilla/5.0 (compatible; Barkrowler/0.9; +https://babbar.tech/crawler)"
217.113.194.81 - - [04/Jan/2024:23:46:46 +0100] "GET /pmwiki/pmwiki.php/Main/CikkekDRM?action=print HTTP/1.1" 200 8479 "-" "Mozilla/5.0 (compatible; Barkrowler/0.9; +https://babbar.tech/crawler)"
217.113.194.94 - - [04/Jan/2024:23:48:21 +0100] "GET /pmwiki/pmwiki.php/Main/Direkt%EDva?action=diff HTTP/1.1" 200 26112 "-" "Mozilla/5.0 (compatible; Barkrowler/0.9; +https://babbar.tech/crawler)"
217.113.194.92 - - [04/Jan/2024:23:50:00 +0100] "GET /pmwiki/pmwiki.php/Main/ADRMHib%E1i HTTP/1.1" 404 11968 "-" "Mozilla/5.0 (compatible; Barkrowler/0.9; +https://babbar.tech/crawler)"
217.113.194.67 - - [04/Jan/2024:23:51:35 +0100] "GET /pmwiki/pmwiki.php/Main/ThankYouPoland?action=print HTTP/1.1" 200 4332 "-" "Mozilla/5.0 (compatible; Barkrowler/0.9; +https://babbar.tech/crawler)"
217.113.194.82 - - [04/Jan/2024:23:53:10 +0100] "GET /pmwiki/pmwiki.php/Main/Let%F6lt%E9s?action=print HTTP/1.1" 404 2370 "-" "Mozilla/5.0 (compatible; Barkrowler/0.9; +https://babbar.tech/crawler)"
217.113.194.116 - - [04/Jan/2024:23:54:44 +0100] "GET /pmwiki/pmwiki.php/Main/Comission-negatesDemocracy HTTP/1.1" 200 16717 "-" "Mozilla/5.0 (compatible; Barkrowler/0.9; +https://babbar.tech/crawler)"
217.113.194.88 - - [04/Jan/2024:23:56:21 +0100] "GET /pmwiki/pmwiki.php/Main/Telefonon?action=diff HTTP/1.1" 200 26833 "-" "Mozilla/5.0 (compatible; Barkrowler/0.9; +https://babbar.tech/crawler)"
217.113.194.114 - - [04/Jan/2024:23:57:58 +0100] "GET /pmwiki/pmwiki.php/Main/2005M%E1jus?action=upload HTTP/1.1" 200 12322 "-" "Mozilla/5.0 (compatible; Barkrowler/0.9; +https://babbar.tech/crawler)"
217.113.194.82 - - [04/Jan/2024:23:59:34 +0100] "GET /pmwiki/pmwiki.php/PmWiki/ReleaseNotes?action=edit HTTP/1.1" 200 12499 "-" "Mozilla/5.0 (compatible; Barkrowler/0.9; +https://babbar.tech/crawler)"
217.113.194.111 - - [05/Jan/2024:00:01:14 +0100] "GET /pmwiki/pmwiki.php/PmWiki/LocalCustomizations?action=print HTTP/1.1" 200 6626 "-" "Mozilla/5.0 (compatible; Barkrowler/0.9; +https://babbar.tech/crawler)"
217.113.194.100 - - [05/Jan/2024:00:03:00 +0100] "GET /pmwiki/pmwiki.php/PmWiki/LocalCustomizations?action=diff HTTP/1.1" 200 13035 "-" "Mozilla/5.0 (compatible; Barkrowler/0.9; +https://babbar.tech/crawler)"
217.113.194.122 - - [05/Jan/2024:00:04:35 +0100] "GET /pmwiki/pmwiki.php/PmWiki/SpecialMarkups?action=diff HTTP/1.1" 200 12960 "-" "Mozilla/5.0 (compatible; Barkrowler/0.9; +https://babbar.tech/crawler)"
217.113.194.73 - - [05/Jan/2024:00:06:10 +0100] "GET /pmwiki/pmwiki.php/PmWiki/SpecialMarkups?action=print HTTP/1.1" 200 6687 "-" "Mozilla/5.0 (compatible; Barkrowler/0.9; +https://babbar.tech/crawler)"
217.113.194.82 - - [05/Jan/2024:00:07:44 +0100] "GET /pmwiki/pmwiki.php/PmWiki/UploadsAdmin?action=print HTTP/1.1" 200 12255 "-" "Mozilla/5.0 (compatible; Barkrowler/0.9; +https://babbar.tech/crawler)"
216.244.66.203 - - [05/Jan/2024:00:08:50 +0100] "GET /robots.txt HTTP/1.1" 404 1181 "-" "Mozilla/5.0 (compatible; DotBot/1.2; +https://opensiteexplorer.org/dotbot; help@moz.com)"
217.113.194.125 - - [05/Jan/2024:00:09:24 +0100] "GET /pmwiki/pmwiki.php/PmWiki/OtherVariables?action=print HTTP/1.1" 200 7606 "-" "Mozilla/5.0 (compatible; Barkrowler/0.9; +https://babbar.tech/crawler)"
217.113.194.106 - - [05/Jan/2024:00:11:01 +0100] "GET /pmwiki/pmwiki.php/PmWiki/LayoutVariables?action=print HTTP/1.1" 200 7561 "-" "Mozilla/5.0 (compatible; Barkrowler/0.9; +https://babbar.tech/crawler)"
217.113.194.116 - - [05/Jan/2024:00:12:36 +0100] "GET /pmwiki/pmwiki.php/PmWiki/CustomInterMap?action=diff HTTP/1.1" 200 12948 "-" "Mozilla/5.0 (compatible; Barkrowler/0.9; +https://babbar.tech/crawler)"
217.113.194.102 - - [05/Jan/2024:00:14:13 +0100] "GET /pmwiki/pmwiki.php/PmWiki/LinkVariables?action=print HTTP/1.1" 200 8196 "-" "Mozilla/5.0 (compatible; Barkrowler/0.9; +https://babbar.tech/crawler)"
217.113.194.85 - - [05/Jan/2024:00:15:48 +0100] "GET /pmwiki/pmwiki.php/PmWiki/WikiWikiWeb?action=upload HTTP/1.1" 200 12363 "-" "Mozilla/5.0 (compatible; Barkrowler/0.9; +https://babbar.tech/crawler)"
217.113.194.93 - - [05/Jan/2024:00:17:28 +0100] "GET /pmwiki/pmwiki.php/PmWiki/WikiWikiWeb?action=diff HTTP/1.1" 200 12892 "-" "Mozilla/5.0 (compatible; Barkrowler/0.9; +https://babbar.tech/crawler)"
217.113.194.73 - - [05/Jan/2024:00:19:03 +0100] "GET /pmwiki/pmwiki.php/PmWiki/WikiSandbox?action=edit HTTP/1.1" 200 12483 "-" "Mozilla/5.0 (compatible; Barkrowler/0.9; +https://babbar.tech/crawler)"
217.113.194.124 - - [05/Jan/2024:00:20:42 +0100] "GET /pmwiki/pmwiki.php/PmWiki/WikiSandbox?action=diff HTTP/1.1" 200 12892 "-" "Mozilla/5.0 (compatible; Barkrowler/0.9; +https://babbar.tech/crawler)"
85.208.96.199 - - [05/Jan/2024:00:21:36 +0100] "GET /robots.txt HTTP/1.1" 404 1181 "-" "Mozilla/5.0 (compatible; SemrushBot/7~bl; +http://www.semrush.com/bot.html)"
85.208.96.203 - - [05/Jan/2024:00:21:36 +0100] "GET /pmwiki/pmwiki.php/Main/ThankYouPoland HTTP/1.1" 200 13952 "-" "Mozilla/5.0 (compatible; SemrushBot/7~bl; +http://www.semrush.com/bot.html)"
217.113.194.94 - - [05/Jan/2024:00:22:21 +0100] "GET /pmwiki/pmwiki.php/PmWiki/WikiSandbox?action=upload HTTP/1.1" 200 12363 "-" "Mozilla/5.0 (compatible; Barkrowler/0.9; +https://babbar.tech/crawler)"
217.113.194.114 - - [05/Jan/2024:00:23:56 +0100] "GET /pmwiki/pmwiki.php/PmWiki/WikiAdministrator?action=print HTTP/1.1" 200 3508 "-" "Mozilla/5.0 (compatible; Barkrowler/0.9; +https://babbar.tech/crawler)"
217.113.194.94 - - [05/Jan/2024:00:25:32 +0100] "GET /pmwiki/pmwiki.php/Main/V%E9delmiP%E9nz HTTP/1.1" 200 12560 "-" "Mozilla/5.0 (compatible; Barkrowler/0.9; +https://babbar.tech/crawler)"
217.113.194.83 - - [05/Jan/2024:00:27:08 +0100] "GET /pmwiki/pmwiki.php/Main/MitTehetek?action=print HTTP/1.1" 200 4202 "-" "Mozilla/5.0 (compatible; Barkrowler/0.9; +https://babbar.tech/crawler)"
217.113.194.93 - - [05/Jan/2024:00:28:45 +0100] "GET /pmwiki/pmwiki.php/Main/RocardEp2?action=upload HTTP/1.1" 200 12294 "-" "Mozilla/5.0 (compatible; Barkrowler/0.9; +https://babbar.tech/crawler)"
217.113.194.101 - - [05/Jan/2024:00:30:23 +0100] "GET /pmwiki/pmwiki.php/Main/TelefononFaxon?action=diff HTTP/1.1" 200 12908 "-" "Mozilla/5.0 (compatible; Barkrowler/0.9; +https://babbar.tech/crawler)"
217.113.194.93 - - [05/Jan/2024:00:32:03 +0100] "GET /pmwiki/pmwiki.php/Main/Gazdas%E1giOldal HTTP/1.1" 200 19537 "-" "Mozilla/5.0 (compatible; Barkrowler/0.9; +https://babbar.tech/crawler)"
216.244.66.203 - - [05/Jan/2024:00:33:18 +0100] "GET /pmwiki/pmwiki.php/Main/SearchWiki?action=edit&restore=diff:1116817436:1114586742:minor&preview=y HTTP/1.1" 200 12481 "-" "Mozilla/5.0 (compatible; DotBot/1.2; +https://opensiteexplorer.org/dotbot; help@moz.com)"
217.113.194.66 - - [05/Jan/2024:00:33:39 +0100] "GET /pmwiki/pmwiki.php/PmWiki/SimpleTables2?action=edit HTTP/1.1" 200 12516 "-" "Mozilla/5.0 (compatible; Barkrowler/0.9; +https://babbar.tech/crawler)"
217.113.194.114 - - [05/Jan/2024:00:35:15 +0100] "GET /pmwiki/pmwiki.php/PmWiki/BasicVariables?action=print HTTP/1.1" 200 9250 "-" "Mozilla/5.0 (compatible; Barkrowler/0.9; +https://babbar.tech/crawler)"
217.113.194.90 - - [05/Jan/2024:00:36:48 +0100] "GET /pmwiki/pmwiki.php/PmWiki/UploadsAdmin?action=diff HTTP/1.1" 200 12910 "-" "Mozilla/5.0 (compatible; Barkrowler/0.9; +https://babbar.tech/crawler)"
217.113.194.89 - - [05/Jan/2024:00:38:26 +0100] "GET /pmwiki/pmwiki.php/PmWiki/UploadVariables?action=upload HTTP/1.1" 200 12428 "-" "Mozilla/5.0 (compatible; Barkrowler/0.9; +https://babbar.tech/crawler)"
217.113.194.116 - - [05/Jan/2024:00:40:08 +0100] "GET /pmwiki/pmwiki.php/PmWiki/UploadVariables?action=diff HTTP/1.1" 200 12965 "-" "Mozilla/5.0 (compatible; Barkrowler/0.9; +https://babbar.tech/crawler)"
217.113.194.90 - - [05/Jan/2024:00:41:48 +0100] "GET /pmwiki/pmwiki.php/PmWiki/MailingLists?action=edit HTTP/1.1" 200 12499 "-" "Mozilla/5.0 (compatible; Barkrowler/0.9; +https://babbar.tech/crawler)"
217.113.194.100 - - [05/Jan/2024:00:43:26 +0100] "GET /pmwiki/pmwiki.php/PmWiki/MailingLists?action=print HTTP/1.1" 200 4543 "-" "Mozilla/5.0 (compatible; Barkrowler/0.9; +https://babbar.tech/crawler)"
217.113.194.114 - - [05/Jan/2024:00:45:05 +0100] "GET /pmwiki/pmwiki.php/PmWiki/EditVariables?action=diff HTTP/1.1" 200 12928 "-" "Mozilla/5.0 (compatible; Barkrowler/0.9; +https://babbar.tech/crawler)"
217.113.194.67 - - [05/Jan/2024:00:46:45 +0100] "GET /pmwiki/pmwiki.php/PmWiki/TipsForEditing?action=diff HTTP/1.1" 200 12947 "-" "Mozilla/5.0 (compatible; Barkrowler/0.9; +https://babbar.tech/crawler)"
217.113.194.127 - - [05/Jan/2024:00:48:22 +0100] "GET /pmwiki/pmwiki.php/PmWiki/TipsForEditing?action=upload HTTP/1.1" 200 12412 "-" "Mozilla/5.0 (compatible; Barkrowler/0.9; +https://babbar.tech/crawler)"
217.113.194.80 - - [05/Jan/2024:00:49:57 +0100] "GET /pmwiki/pmwiki.php/PmWiki/WikiStructure?action=diff HTTP/1.1" 200 12929 "-" "Mozilla/5.0 (compatible; Barkrowler/0.9; +https://babbar.tech/crawler)"
217.113.194.124 - - [05/Jan/2024:00:51:39 +0100] "GET /pmwiki/pmwiki.php/Emeltdijas/Hu?action=diff HTTP/1.1" 200 14411 "-" "Mozilla/5.0 (compatible; Barkrowler/0.9; +https://babbar.tech/crawler)"
217.113.194.121 - - [05/Jan/2024:00:53:20 +0100] "GET /pmwiki/pmwiki.php/Profiles/IPRjavaslat?action=edit HTTP/1.1" 200 12517 "-" "Mozilla/5.0 (compatible; Barkrowler/0.9; +https://babbar.tech/crawler)"
217.113.194.65 - - [05/Jan/2024:00:55:00 +0100] "GET /pmwiki/pmwiki.php/Profiles/Leforditando?action=upload HTTP/1.1" 200 12413 "-" "Mozilla/5.0 (compatible; Barkrowler/0.9; +https://babbar.tech/crawler)"
217.113.194.97 - - [05/Jan/2024:00:56:40 +0100] "GET /pmwiki/pmwiki.php/Profiles/Privcikkek?action=edit HTTP/1.1" 200 12501 "-" "Mozilla/5.0 (compatible; Barkrowler/0.9; +https://babbar.tech/crawler)"
217.113.194.126 - - [05/Jan/2024:00:58:20 +0100] "GET /pmwiki/pmwiki.php/Profiles/Privcikkek?action=upload HTTP/1.1" 200 12381 "-" "Mozilla/5.0 (compatible; Barkrowler/0.9; +https://babbar.tech/crawler)"
95.108.213.249 - - [05/Jan/2024:00:59:30 +0100] "GET /robots.txt HTTP/1.1" 404 1181 "-" "Mozilla/5.0 (compatible; YandexBot/3.0; +http://yandex.com/bots)"
87.250.224.229 - - [05/Jan/2024:00:59:31 +0100] "GET /pmwiki/pmwiki.php/Main/MitTehetek?action=print HTTP/1.1" 200 4202 "-" "Mozilla/5.0 (compatible; YandexBot/3.0; +http://yandex.com/bots)"
217.113.194.66 - - [05/Jan/2024:01:00:04 +0100] "GET /pmwiki/pmwiki.php/Main/Privacy?action=upload&upname=wiki.png HTTP/1.1" 200 12281 "-" "Mozilla/5.0 (compatible; Barkrowler/0.9; +https://babbar.tech/crawler)"
217.113.194.116 - - [05/Jan/2024:01:01:45 +0100] "GET /pmwiki/pmwiki.php/Main/2004Szeptember1?action=print HTTP/1.1" 200 4483 "-" "Mozilla/5.0 (compatible; Barkrowler/0.9; +https://babbar.tech/crawler)"
216.244.66.203 - - [05/Jan/2024:01:02:55 +0100] "GET /robots.txt HTTP/1.1" 404 1181 "-" "Mozilla/5.0 (compatible; DotBot/1.2; +https://opensiteexplorer.org/dotbot; help@moz.com)"
217.113.194.92 - - [05/Jan/2024:01:03:24 +0100] "GET /pmwiki/pmwiki.php/Main/JuriVelemeny?action=print HTTP/1.1" 200 14161 "-" "Mozilla/5.0 (compatible; Barkrowler/0.9; +https://babbar.tech/crawler)"
110.249.202.109 - - [05/Jan/2024:01:04:45 +0100] "GET /robots.txt HTTP/1.1" 404 1181 "-" "Mozilla/5.0 (Linux; Android 5.0) AppleWebKit/537.36 (KHTML, like Gecko) Mobile Safari/537.36 (compatible; Bytespider; https://zhanzhang.toutiao.com/)"
217.113.194.99 - - [05/Jan/2024:01:05:03 +0100] "GET /pmwiki/pmwiki.php/PmWiki/AvailableActions?action=print HTTP/1.1" 200 4857 "-" "Mozilla/5.0 (compatible; Barkrowler/0.9; +https://babbar.tech/crawler)"
217.113.194.109 - - [05/Jan/2024:01:06:49 +0100] "GET /pmwiki/pmwiki.php/PmWiki/MarkupMasterIndex?action=print HTTP/1.1" 200 10915 "-" "Mozilla/5.0 (compatible; Barkrowler/0.9; +https://babbar.tech/crawler)"
217.113.194.96 - - [05/Jan/2024:01:08:28 +0100] "GET /pmwiki/pmwiki.php/PmWiki/AdvancedTables?action=edit HTTP/1.1" 200 12532 "-" "Mozilla/5.0 (compatible; Barkrowler/0.9; +https://babbar.tech/crawler)"
217.113.194.96 - - [05/Jan/2024:01:10:10 +0100] "GET /pmwiki/pmwiki.php/PmWiki/UrlApprovals?action=upload HTTP/1.1" 200 12379 "-" "Mozilla/5.0 (compatible; Barkrowler/0.9; +https://babbar.tech/crawler)"
217.113.194.87 - - [05/Jan/2024:01:11:52 +0100] "GET /pmwiki/pmwiki.php/PmWiki/MailingLists?action=diff HTTP/1.1" 200 12910 "-" "Mozilla/5.0 (compatible; Barkrowler/0.9; +https://babbar.tech/crawler)"
217.113.194.107 - - [05/Jan/2024:01:13:31 +0100] "GET /pmwiki/pmwiki.php/PmWiki/ImagesInWikiPages?action=upload HTTP/1.1" 200 12460 "-" "Mozilla/5.0 (compatible; Barkrowler/0.9; +https://babbar.tech/crawler)"
217.113.194.85 - - [05/Jan/2024:01:15:09 +0100] "GET /pmwiki/pmwiki.php/PmWiki/ChangesFromPmWiki1 HTTP/1.1" 200 19777 "-" "Mozilla/5.0 (compatible; Barkrowler/0.9; +https://babbar.tech/crawler)"
217.113.194.66 - - [05/Jan/2024:01:16:48 +0100] "GET /pmwiki/pmwiki.php/PmWiki/PatrickMichaud?action=upload HTTP/1.1" 200 12409 "-" "Mozilla/5.0 (compatible; Barkrowler/0.9; +https://babbar.tech/crawler)"
