216.244.66.203 - - [01/Jan/2024:19:27:47 +0100] "GET /pmwiki/pmwiki.php/Main/ADRMH%E1tr%E1nyai?action=edit&restore=diff:1110614969:1110550860:&preview=y HTTP/1.1" 200 12580 "-" "Mozilla/5.0 (compatible; DotBot/1.2; +https://opensiteexplorer.org/dotbot; help@moz.com)"
54.36.148.214 - - [01/Jan/2024:19:36:08 +0100] "GET /pmwiki/pmwiki.php/Main/LehetsegesJavitasokEuropaban?action=diff HTTP/1.1" 200 31061 "-" "Mozilla/5.0 (compatible; AhrefsBot/7.0; +http://ahrefs.com/robot/)"
216.244.66.203 - - [01/Jan/2024:20:01:05 +0100] "GET /robots.txt HTTP/1.1" 404 1181 "-" "Mozilla/5.0 (compatible; DotBot/1.2; +https://opensiteexplorer.org/dotbot; help@moz.com)"
49.12.13.109 - - [01/Jan/2024:20:08:00 +0100] "HEAD /pmwiki/pmwiki.php HTTP/1.1" 200 0 "-" "Alert_Alligator_webmonitoring_service_1.6.3_(alertalligator.com)"
216.244.66.203 - - [01/Jan/2024:20:23:06 +0100] "GET /pmwiki/pmwiki.php/Main/Cikkek?action=edit&restore=diff:1110313786:1110313493:&preview=y HTTP/1.1" 200 12417 "-" "Mozilla/5.0 (compatible; DotBot/1.2; +https://opensiteexplorer.org/dotbot; help@moz.com)"
216.244.66.203 - - [01/Jan/2024:20:23:11 +0100] "GET /pmwiki/pmwiki.php/Main/Feb09PR?action=diff&source=n&minor=n HTTP/1.1" 200 17891 "-" "Mozilla/5.0 (compatible; DotBot/1.2; +https://opensiteexplorer.org/dotbot; help@moz.com)"
216.244.66.203 - - [01/Jan/2024:20:23:19 +0100] "GET /pmwiki/pmwiki.php/Main/Patentpools?action=diff&source=n&minor=n HTTP/1.1" 200 23675 "-" "Mozilla/5.0 (compatible; DotBot/1.2; +https://opensiteexplorer.org/dotbot; help@moz.com)"
216.244.66.203 - - [01/Jan/2024:20:23:24 +0100] "GET /pmwiki/pmwiki.php/Main/SideBar?action=edit&restore=diff:1117959971:1117938699:&preview=y HTTP/1.1" 200 12430 "-" "Mozilla/5.0 (compatible; DotBot/1.2; +https://opensiteexplorer.org/dotbot; help@moz.com)"
216.244.66.203 - - [01/Jan/2024:20:23:29 +0100] "GET /pmwiki/pmwiki.php/Main/Telefonon?action=edit&restore=diff:1120464707:1120376676:&preview=y HTTP/1.1" 200 12460 "-" "Mozilla/5.0 (compatible; DotBot/1.2; +https://opensiteexplorer.org/dotbot; help@moz.com)"
216.244.66.203 - - [01/Jan/2024:20:23:33 +0100] "GET /pmwiki/pmwiki.php/PmWiki/GroupAttributes?action=diff&source=n&minor=n HTTP/1.1" 200 12965 "-" "Mozilla/5.0 (compatible; DotBot/1.2; +https://opensiteexplorer.org/dotbot; help@moz.com)"
216.244.66.203 - - [01/Jan/2024:20:23:38 +0100] "GET /pmwiki/pmwiki.php/PmWiki/Internationalizations?action=diff&source=n&minor=n HTTP/1.1" 200 13072 "-" "Mozilla/5.0 (compatible; DotBot/1.2; +https://opensiteexplorer.org/dotbot; help@moz.com)"
216.244.66.203 - - [01/Jan/2024:20:23:42 +0100] "GET /pmwiki/pmwiki.php/PmWiki/PerGroupCustomizations?action=diff&source=n&minor=n HTTP/1.1" 200 13091 "-" "Mozilla/5.0 (compatible; DotBot/1.2; +https://opensiteexplorer.org/dotbot; help@moz.com)"
216.244.66.203 - - [01/Jan/2024:20:23:45 +0100] "GET /pmwiki/pmwiki.php/PmWiki/UrlApprovals?action=diff&source=n&minor=n HTTP/1.1" 200 12910 "-" "Mozilla/5.0 (compatible; DotBot/1.2; +https://opensiteexplorer.org/dotbot; help@moz.com)"
216.244.66.203 - - [01/Jan/2024:20:27:35 +0100] "GET /pmwiki/pmwiki.php/Main/Nyilatkozatok?action=edit&restore=diff:1120084467:1120084186:&preview=y HTTP/1.1" 200 12524 "-" "Mozilla/5.0 (compatible; DotBot/1.2; +https://opensiteexplorer.org/dotbot; help@moz.com)"
212.237.51.151 - - [01/Jan/2024:20:50:22 +0100] "HEAD /pmwiki/pmwiki.php HTTP/1.1" 200 0 "-" "Alert_Alligator_webmonitoring_service_1.6.4_(alertalligator.com)"
216.244.66.203 - - [01/Jan/2024:20:52:50 +0100] "GET /robots.txt HTTP/1.1" 404 1181 "-" "Mozilla/5.0 (compatible; DotBot/1.2; +https://opensiteexplorer.org/dotbot; help@moz.com)"
216.244.66.203 - - [01/Jan/2024:21:01:51 +0100] "GET /pmwiki/pmwiki.php/Main/2004Augusztus5?action=diff&source=n&minor=n HTTP/1.1" 200 16408 "-" "Mozilla/5.0 (compatible; DotBot/1.2; +https://opensiteexplorer.org/dotbot; help@moz.com)"
216.244.66.203 - - [01/Jan/2024:21:01:56 +0100] "GET /pmwiki/pmwiki.php/Main/AzIPRJavaslat?action=diff&source=n&minor=n HTTP/1.1" 200 16096 "-" "Mozilla/5.0 (compatible; DotBot/1.2; +https://opensiteexplorer.org/dotbot; help@moz.com)"
216.244.66.203 - - [01/Jan/2024:21:02:03 +0100] "GET /pmwiki/pmwiki.php/Main/SideBar?action=diff&source=n&minor=n HTTP/1.1" 200 151923 "-" "Mozilla/5.0 (compatible; DotBot/1.2; +https://opensiteexplorer.org/dotbot; help@moz.com)"
216.244.66.203 - - [01/Jan/2024:21:10:15 +0100] "GET /pmwiki/pmwiki.php/Main/BillGates%C9sM%E1sKommunist%E1k?action=diff&source=n&minor=n HTTP/1.1" 200 20908 "-" "Mozilla/5.0 (compatible; DotBot/1.2; +https://opensiteexplorer.org/dotbot; help@moz.com)"
216.244.66.203 - - [01/Jan/2024:21:10:18 +0100] "GET /pmwiki/pmwiki.php/Main/Cikkek?action=edit&restore=diff:1121072432:1120220222:&preview=y HTTP/1.1" 200 12417 "-" "Mozilla/5.0 (compatible; DotBot/1.2; +https://opensiteexplorer.org/dotbot; help@moz.com)"
216.244.66.203 - - [01/Jan/2024:21:10:21 +0100] "GET /pmwiki/pmwiki.php/Main/DRMMunkacsoport?action=diff&source=n&minor=n HTTP/1.1" 200 14573 "-" "Mozilla/5.0 (compatible; DotBot/1.2; +https://opensiteexplorer.org/dotbot; help@moz.com)"
216.244.66.203 - - [01/Jan/2024:21:10:24 +0100] "GET /pmwiki/pmwiki.php/Main/H%EDrek?action=edit&restore=diff:1114586867:1113412884:&preview=y HTTP/1.1" 200 12426 "-" "Mozilla/5.0 (compatible; DotBot/1.2; +https://opensiteexplorer.org/dotbot; help@moz.com)"
216.244.66.203 - - [01/Jan/2024:21:10:26 +0100] "GET /pmwiki/pmwiki.php/Main/Linkek?action=edit&restore=diff:1111998258:1111948584:&preview=y HTTP/1.1" 200 12416 "-" "Mozilla/5.0 (compatible; DotBot/1.2; +https://opensiteexplorer.org/dotbot; help@moz.com)"
216.244.66.203 - - [01/Jan/2024:21:10:28 +0100] "GET /pmwiki/pmwiki.php/Main/Minimum?action=edit&restore=diff:1120339092:1120337534:&preview=y HTTP/1.1" 200 12428 "-" "Mozilla/5.0 (compatible; DotBot/1.2; +https://opensiteexplorer.org/dotbot; help@moz.com)"
216.244.66.203 - - [01/Jan/2024:21:14:29 +0100] "GET /pmwiki/pmwiki.php/Main/Tud%E1smonop%F3lium?action=edit&restore=diff:1122370082:1122370066:minor&preview=y HTTP/1.1" 200 12617 "-" "Mozilla/5.0 (compatible; DotBot/1.2; +https://opensiteexplorer.org/dotbot; help@moz.com)"
52.30.222.239 - - [01/Jan/2024:21:28:21 +0100] "GET / HTTP/1.0" 302 0 "-" "Mozilla/5.0 (compatible; NetcraftSurveyAgent/1.0; +info@netcraft.com)"
52.30.222.239 - - [01/Jan/2024:21:28:23 +0100] "GET /pmwiki/pmwiki.php HTTP/1.0" 200 37227 "-" "Mozilla/5.0 (compatible; NetcraftSurveyAgent/1.0; +info@netcraft.com)"
212.237.51.151 - - [01/Jan/2024:21:35:10 +0100] "HEAD /pmwiki/pmwiki.php HTTP/1.1" 200 0 "-" "Alert_Alligator_webmonitoring_service_1.6.4_(alertalligator.com)"
54.36.148.200 - - [01/Jan/2024:22:18:27 +0100] "GET /pmwiki/pmwiki.php/PmWiki/TextFormattingRules HTTP/1.1" 200 21329 "-" "Mozilla/5.0 (compatible; AhrefsBot/7.0; +http://ahrefs.com/robot/)"
212.237.23.143 - - [01/Jan/2024:22:27:10 +0100] "HEAD /pmwiki/pmwiki.php HTTP/1.1" 200 0 "-" "Alert_Alligator_webmonitoring_service_1.6.4_(alertalligator.com)"
216.244.66.203 - - [01/Jan/2024:22:36:22 +0100] "GET /robots.txt HTTP/1.1" 404 1181 "-" "Mozilla/5.0 (compatible; DotBot/1.2; +https://opensiteexplorer.org/dotbot; help@moz.com)"
216.244.66.203 - - [01/Jan/2024:23:02:24 +0100] "GET /pmwiki/pmwiki.php/Main/Cikkek?action=edit&restore=diff:1128687234:1124706600:&preview=y HTTP/1.1" 200 12417 "-" "Mozilla/5.0 (compatible; DotBot/1.2; +https://opensiteexplorer.org/dotbot; help@moz.com)"
216.244.66.203 - - [01/Jan/2024:23:02:29 +0100] "GET /pmwiki/pmwiki.php/Main/Comission-negatesDemocracy?action=diff&source=y&minor=y HTTP/1.1" 200 17934 "-" "Mozilla/5.0 (compatible; DotBot/1.2; +https://opensiteexplorer.org/dotbot; help@moz.com)"
216.244.66.203 - - [01/Jan/2024:23:02:33 +0100] "GET /pmwiki/pmwiki.php/Main/Feb03PR?action=edit&restore=diff:1107936706:1107936706:&preview=y HTTP/1.1" 200 12432 "-" "Mozilla/5.0 (compatible; DotBot/1.2; +https://opensiteexplorer.org/dotbot; help@moz.com)"
216.244.66.203 - - [01/Jan/2024:23:02:37 +0100] "GET /pmwiki/pmwiki.php/Main/Fsn?action=edit&restore=diff:1120345094:1120344127:&preview=y HTTP/1.1" 200 12364 "-" "Mozilla/5.0 (compatible; DotBot/1.2; +https://opensiteexplorer.org/dotbot; help@moz.com)"
216.244.66.203 - - [01/Jan/2024:23:02:40 +0100] "GET /pmwiki/pmwiki.php/PmWiki/I18nVariables?action=diff&source=n&minor=n HTTP/1.1" 200 12929 "-" "Mozilla/5.0 (compatible; DotBot/1.2; +https://opensiteexplorer.org/dotbot; help@moz.com)"
111.225.149.169 - - [01/Jan/2024:23:02:52 +0100] "GET /robots.txt HTTP/1.1" 404 1181 "-" "Mozilla/5.0 (Linux; Android 5.0) AppleWebKit/537.36 (KHTML, like Gecko) Mobile Safari/537.36 (compatible; Bytespider; https://zhanzhang.toutiao.com/)"
216.244.66.203 - - [01/Jan/2024:23:05:17 +0100] "GET /pmwiki/pmwiki.php/Main/BMEKonferencia?action=edit&restore=diff:1110548442:1110548379:&preview=y HTTP/1.1" 200 12540 "-" "Mozilla/5.0 (compatible; DotBot/1.2; +https://opensiteexplorer.org/dotbot; help@moz.com)"
212.237.51.151 - - [01/Jan/2024:23:09:41 +0100] "HEAD /pmwiki/pmwiki.php HTTP/1.1" 200 0 "-" "Alert_Alligator_webmonitoring_service_1.6.4_(alertalligator.com)"
216.244.66.203 - - [01/Jan/2024:23:27:41 +0100] "GET /robots.txt HTTP/1.1" 404 1181 "-" "Mozilla/5.0 (compatible; DotBot/1.2; +https://opensiteexplorer.org/dotbot; help@moz.com)"
49.12.13.109 - - [01/Jan/2024:23:36:54 +0100] "HEAD /pmwiki/pmwiki.php HTTP/1.1" 200 0 "-" "Alert_Alligator_webmonitoring_service_1.6.4_(alertalligator.com)"
216.244.66.203 - - [01/Jan/2024:23:54:30 +0100] "GET /pmwiki/pmwiki.php/Main/Gazdas%E1giOldal?action=diff&source=y&minor=y HTTP/1.1" 200 19866 "-" "Mozilla/5.0 (compatible; DotBot/1.2; +https://opensiteexplorer.org/dotbot; help@moz.com)"
216.244.66.203 - - [01/Jan/2024:23:54:35 +0100] "GET /pmwiki/pmwiki.php/Main/NoSoftwarePatents?action=diff&source=y&minor=y HTTP/1.1" 200 13474 "-" "Mozilla/5.0 (compatible; DotBot/1.2; +https://opensiteexplorer.org/dotbot; help@moz.com)"
216.244.66.203 - - [01/Jan/2024:23:54:39 +0100] "GET /pmwiki/pmwiki.php/PmWiki/SpecialMarkups?action=diff&source=n&minor=n HTTP/1.1" 200 12960 "-" "Mozilla/5.0 (compatible; DotBot/1.2; +https://opensiteexplorer.org/dotbot; help@moz.com)"
49.12.13.109 - - [02/Jan/2024:00:36:21 +0100] "HEAD /pmwiki/pmwiki.php HTTP/1.1" 200 0 "-" "Alert_Alligator_webmonitoring_service_1.6.3_(alertalligator.com)"
51.222.253.20 - - [02/Jan/2024:00:37:35 +0100] "GET /robots.txt HTTP/1.1" 404 1181 "-" "Mozilla/5.0 (compatible; AhrefsBot/7.0; +http://ahrefs.com/robot/)"
54.36.148.162 - - [02/Jan/2024:00:37:36 +0100] "GET /pmwiki/pmwiki.php/Main/Telefonon?action=edit HTTP/1.1" 200 12414 "-" "Mozilla/5.0 (compatible; AhrefsBot/7.0; +http://ahrefs.com/robot/)"
216.244.66.203 - - [02/Jan/2024:01:10:27 +0100] "GET /robots.txt HTTP/1.1" 404 1181 "-" "Mozilla/5.0 (compatible; DotBot/1.2; +https://opensiteexplorer.org/dotbot; help@moz.com)"
212.237.51.151 - - [02/Jan/2024:01:20:22 +0100] "HEAD /pmwiki/pmwiki.php HTTP/1.1" 200 0 "-" "Alert_Alligator_webmonitoring_service_1.6.4_(alertalligator.com)"
216.244.66.203 - - [02/Jan/2024:01:40:13 +0100] "GET /pmwiki/pmwiki.php/Main/Comission-negatesDemocracy?action=diff&source=n&minor=n HTTP/1.1" 200 17875 "-" "Mozilla/5.0 (compatible; DotBot/1.2; +https://opensiteexplorer.org/dotbot; help@moz.com)"
216.244.66.203 - - [02/Jan/2024:01:40:18 +0100] "GET /pmwiki/pmwiki.php/Main/Tud%E1smonop%F3lium?action=diff&source=n&minor=n HTTP/1.1" 200 15344 "-" "Mozilla/5.0 (compatible; DotBot/1.2; +https://opensiteexplorer.org/dotbot; help@moz.com)"
54.36.149.73 - - [02/Jan/2024:01:48:41 +0100] "GET /pmwiki/pmwiki.php/Main/Telefonon?action=upload HTTP/1.1" 200 12294 "-" "Mozilla/5.0 (compatible; AhrefsBot/7.0; +http://ahrefs.com/robot/)"
216.244.66.203 - - [02/Jan/2024:02:00:52 +0100] "GET /robots.txt HTTP/1.1" 404 1181 "-" "Mozilla/5.0 (compatible; DotBot/1.2; +https://opensiteexplorer.org/dotbot; help@moz.com)"
212.237.51.151 - - [02/Jan/2024:02:07:13 +0100] "HEAD /pmwiki/pmwiki.php HTTP/1.1" 200 0 "-" "Alert_Alligator_webmonitoring_service_1.6.4_(alertalligator.com)"
110.249.201.50 - - [02/Jan/2024:02:11:10 +0100] "GET /robots.txt HTTP/1.1" 404 1181 "-" "Mozilla/5.0 (Linux; Android 5.0) AppleWebKit/537.36 (KHTML, like Gecko) Mobile Safari/537.36 (compatible; Bytespider; https://zhanzhang.toutiao.com/)"
216.244.66.203 - - [02/Jan/2024:02:24:51 +0100] "GET /pmwiki/pmwiki.php/Main/Cikkek?action=edit&restore=diff:1122284290:1121153505:minor&preview=y HTTP/1.1" 200 12422 "-" "Mozilla/5.0 (compatible; DotBot/1.2; +https://opensiteexplorer.org/dotbot; help@moz.com)"
212.237.53.115 - - [02/Jan/2024:02:53:50 +0100] "HEAD /pmwiki/pmwiki.php HTTP/1.1" 200 0 "-" "Alert_Alligator_webmonitoring_service_1.6.4_(alertalligator.com)"
212.237.53.115 - - [02/Jan/2024:03:40:24 +0100] "HEAD /pmwiki/pmwiki.php HTTP/1.1" 200 0 "-" "Alert_Alligator_webmonitoring_service_1.6.4_(alertalligator.com)"
216.244.66.203 - - [02/Jan/2024:03:46:41 +0100] "GET /robots.txt HTTP/1.1" 404 1181 "-" "Mozilla/5.0 (compatible; DotBot/1.2; +https://opensiteexplorer.org/dotbot; help@moz.com)"
216.244.66.203 - - [02/Jan/2024:04:14:05 +0100] "GET /pmwiki/pmwiki.php/Main/2005M%E1rcius8?action=diff&source=y&minor=y HTTP/1.1" 200 35358 "-" "Mozilla/5.0 (compatible; DotBot/1.2; +https://opensiteexplorer.org/dotbot; help@moz.com)"
216.244.66.203 - - [02/Jan/2024:04:14:10 +0100] "GET /pmwiki/pmwiki.php/Profiles/FMCikk?action=diff&source=n&minor=n HTTP/1.1" 200 12840 "-" "Mozilla/5.0 (compatible; DotBot/1.2; +https://opensiteexplorer.org/dotbot; help@moz.com)"
66.249.64.132 - - [02/Jan/2024:04:25:44 +0100] "GET /robots.txt HTTP/1.1" 404 1181 "-" "Mozilla/5.0 (compatible; Googlebot/2.1; +http://www.google.com/bot.html)"
66.249.64.128 - - [02/Jan/2024:04:25:45 +0100] "GET /pmwiki/pmwiki.php/Main/Marc06LMEPR?action=print HTTP/1.1" 403 30 "-" "Mozilla/5.0 (Linux; Android 6.0.1; Nexus 5X Build/MMB29P) AppleWebKit/537.36 (KHTML, like Gecko) Chrome/120.0.6099.71 Mobile Safari/537.36 (compatible; Googlebot/2.1; +http://www.google.com/bot.html)"
212.237.23.143 - - [02/Jan/2024:04:31:06 +0100] "HEAD /pmwiki/pmwiki.php HTTP/1.1" 200 0 "-" "Alert_Alligator_webmonitoring_service_1.6.4_(alertalligator.com)"
216.244.66.203 - - [02/Jan/2024:04:39:51 +0100] "GET /robots.txt HTTP/1.1" 404 1181 "-" "Mozilla/5.0 (compatible; DotBot/1.2; +https://opensiteexplorer.org/dotbot; help@moz.com)"
209.126.151.119 - - [02/Jan/2024:04:52:45 +0100] "GET / HTTP/1.1" 302 5 "-" "bitdiscovery-suggestions"
158.220.122.233 - - [02/Jan/2024:05:08:53 +0100] "GET /robots.txt HTTP/1.1" 404 1181 "-" "Mozilla/5.0 (compatible; MJ12bot/v1.4.8; http://mj12bot.com/)"
158.220.122.233 - - [02/Jan/2024:05:09:07 +0100] "GET /pmwiki/pmwiki.php/Main/Linkek?action=diff HTTP/1.1" 403 30 "-" "Mozilla/5.0 (compatible; MJ12bot/v1.4.8; http://mj12bot.com/)"
158.220.122.233 - - [02/Jan/2024:05:09:23 +0100] "GET /pmwiki/pmwiki.php/Main/Linkek?action=edit HTTP/1.1" 403 30 "-" "Mozilla/5.0 (compatible; MJ12bot/v1.4.8; http://mj12bot.com/)"
158.220.122.233 - - [02/Jan/2024:05:09:34 +0100] "GET /pmwiki/pmwiki.php/Main/Linkek?action=print HTTP/1.1" 403 30 "-" "Mozilla/5.0 (compatible; MJ12bot/v1.4.8; http://mj12bot.com/)"
216.244.66.203 - - [02/Jan/2024:05:09:44 +0100] "GET /pmwiki/pmwiki.php/API/SDV?action=diff&source=y&minor=y HTTP/1.1" 200 12691 "-" "Mozilla/5.0 (compatible; DotBot/1.2; +https://opensiteexplorer.org/dotbot; help@moz.com)"
216.244.66.203 - - [02/Jan/2024:05:09:49 +0100] "GET /pmwiki/pmwiki.php/PmWiki/GroupAttributes?action=diff&source=y&minor=y HTTP/1.1" 200 12965 "-" "Mozilla/5.0 (compatible; DotBot/1.2; +https://opensiteexplorer.org/dotbot; help@moz.com)"
216.244.66.203 - - [02/Jan/2024:05:09:53 +0100] "GET /pmwiki/pmwiki.php/PmWiki/PasswordsAdmin?action=diff&source=y&minor=y HTTP/1.1" 200 12947 "-" "Mozilla/5.0 (compatible; DotBot/1.2; +https://opensiteexplorer.org/dotbot; help@moz.com)"
158.220.122.233 - - [02/Jan/2024:05:09:55 +0100] "GET /pmwiki/pmwiki.php/Main/Linkek?action=upload HTTP/1.1" 403 30 "-" "Mozilla/5.0 (compatible; MJ12bot/v1.4.8; http://mj12bot.com/)"
158.220.122.233 - - [02/Jan/2024:05:10:03 +0100] "GET /pmwiki/pmwiki.php/Main/Linkek?action=upload&upname=wiki.png HTTP/1.1" 403 30 "-" "Mozilla/5.0 (compatible; MJ12bot/v1.4.8; http://mj12bot.com/)"
158.220.122.233 - - [02/Jan/2024:05:10:15 +0100] "GET /pmwiki/pmwiki.php/Main/MiADRM HTTP/1.1" 200 12869 "-" "Mozilla/5.0 (compatible; MJ12bot/v1.4.8; http://mj12bot.com/)"
158.220.122.233 - - [02/Jan/2024:05:10:34 +0100] "GET /pmwiki/pmwiki.php/Main/MiADRM?action=diff HTTP/1.1" 403 30 "-" "Mozilla/5.0 (compatible; MJ12bot/v1.4.8; http://mj12bot.com/)"
158.220.122.233 - - [02/Jan/2024:05:10:49 +0100] "GET /pmwiki/pmwiki.php/Main/MiADRM?action=edit HTTP/1.1" 403 30 "-" "Mozilla/5.0 (compatible; MJ12bot/v1.4.8; http://mj12bot.com/)"
158.220.122.233 - - [02/Jan/2024:05:11:05 +0100] "GET /pmwiki/pmwiki.php/Main/MiADRM?action=print HTTP/1.1" 403 30 "-" "Mozilla/5.0 (compatible; MJ12bot/v1.4.8; http://mj12bot.com/)"
158.220.122.233 - - [02/Jan/2024:05:11:16 +0100] "GET /pmwiki/pmwiki.php/Main/MiADRM?action=upload HTTP/1.1" 403 30 "-" "Mozilla/5.0 (compatible; MJ12bot/v1.4.8; http://mj12bot.com/)"
158.220.122.233 - - [02/Jan/2024:05:11:21 +0100] "GET /pmwiki/pmwiki.php/Main/MiADRM?action=upload&upname=wiki.png HTTP/1.1" 403 30 "-" "Mozilla/5.0 (compatible; MJ12bot/v1.4.8; http://mj12bot.com/)"
158.220.122.233 - - [02/Jan/2024:05:11:33 +0100] "GET /pmwiki/pmwiki.php/Main/SzoftverSzabadalmak HTTP/1.1" 200 15057 "-" "Mozilla/5.0 (compatible; MJ12bot/v1.4.8; http://mj12bot.com/)"
158.220.122.233 - - [02/Jan/2024:05:12:04 +0100] "GET /pmwiki/pmwiki.php/Main/SzoftverSzabadalmak?action=diff HTTP/1.1" 403 30 "-" "Mozilla/5.0 (compatible; MJ12bot/v1.4.8; http://mj12bot.com/)"
158.220.122.233 - - [02/Jan/2024:05:12:14 +0100] "GET /pmwiki/pmwiki.php/Main/SzoftverSzabadalmak?action=edit HTTP/1.1" 403 30 "-" "Mozilla/5.0 (compatible; MJ12bot/v1.4.8; http://mj12bot.com/)"
158.220.122.233 - - [02/Jan/2024:05:12:34 +0100] "GET /pmwiki/pmwiki.php/Main/SzoftverSzabadalmak?action=print HTTP/1.1" 403 30 "-" "Mozilla/5.0 (compatible; MJ12bot/v1.4.8; http://mj12bot.com/)"
158.220.122.233 - - [02/Jan/2024:05:12:52 +0100] "GET /pmwiki/pmwiki.php/Main/SzoftverSzabadalmak?action=upload HTTP/1.1" 403 30 "-" "Mozilla/5.0 (compatible; MJ12bot/v1.4.8; http://mj12bot.com/)"
158.220.122.233 - - [02/Jan/2024:05:13:17 +0100] "GET /pmwiki/pmwiki.php/Main/SzoftverSzabadalmak?action=upload&upname=wiki.png HTTP/1.1" 403 30 "-" "Mozilla/5.0 (compatible; MJ12bot/v1.4.8; http://mj12bot.com/)"
158.220.122.233 - - [02/Jan/2024:05:13:36 +0100] "GET /pmwiki/pmwiki.php/Main/Telefonon?action=diff HTTP/1.1" 403 30 "-" "Mozilla/5.0 (compatible; MJ12bot/v1.4.8; http://mj12bot.com/)"
158.220.122.233 - - [02/Jan/2024:05:13:54 +0100] "GET /pmwiki/pmwiki.php/Main/Telefonon?action=edit HTTP/1.1" 403 30 "-" "Mozilla/5.0 (compatible; MJ12bot/v1.4.8; http://mj12bot.com/)"
158.220.122.233 - - [02/Jan/2024:05:14:09 +0100] "GET /pmwiki/pmwiki.php/Main/Telefonon?action=print HTTP/1.1" 403 30 "-" "Mozilla/5.0 (compatible; MJ12bot/v1.4.8; http://mj12bot.com/)"
158.220.122.233 - - [02/Jan/2024:05:14:19 +0100] "GET /pmwiki/pmwiki.php/Main/Telefonon?action=upload HTTP/1.1" 403 30 "-" "Mozilla/5.0 (compatible; MJ12bot/v1.4.8; http://mj12bot.com/)"
158.220.122.233 - - [02/Jan/2024:05:14:41 +0100] "GET /pmwiki/pmwiki.php/Main/Telefonon?action=upload&upname=wiki.png HTTP/1.1" 403 30 "-" "Mozilla/5.0 (compatible; MJ12bot/v1.4.8; http://mj12bot.com/)"
212.237.51.151 - - [02/Jan/2024:05:14:44 +0100] "HEAD /pmwiki/pmwiki.php HTTP/1.1" 200 0 "-" "Alert_Alligator_webmonitoring_service_1.6.4_(alertalligator.com)"
158.220.122.233 - - [02/Jan/2024:05:14:55 +0100] "GET /pmwiki/pmwiki.php/PmWiki/DocumentationIndex HTTP/1.1" 200 18850 "-" "Mozilla/5.0 (compatible; MJ12bot/v1.4.8; http://mj12bot.com/)"
158.220.122.233 - - [02/Jan/2024:05:15:17 +0100] "GET /pmwiki/pmwiki.php/PmWiki/DocumentationIndex?action=diff HTTP/1.1" 403 30 "-" "Mozilla/5.0 (compatible; MJ12bot/v1.4.8; http://mj12bot.com/)"
158.220.122.233 - - [02/Jan/2024:05:15:33 +0100] "GET /pmwiki/pmwiki.php/PmWiki/DocumentationIndex?action=edit HTTP/1.1" 403 30 "-" "Mozilla/5.0 (compatible; MJ12bot/v1.4.8; http://mj12bot.com/)"
158.220.122.233 - - [02/Jan/2024:05:16:03 +0100] "GET /pmwiki/pmwiki.php/PmWiki/DocumentationIndex?action=print HTTP/1.1" 403 30 "-" "Mozilla/5.0 (compatible; MJ12bot/v1.4.8; http://mj12bot.com/)"
158.220.122.233 - - [02/Jan/2024:05:16:22 +0100] "GET /pmwiki/pmwiki.php/PmWiki/DocumentationIndex?action=upload HTTP/1.1" 403 30 "-" "Mozilla/5.0 (compatible; MJ12bot/v1.4.8; http://mj12bot.com/)"
158.220.122.233 - - [02/Jan/2024:05:16:54 +0100] "GET /pmwiki/pmwiki.php/PmWiki/DocumentationIndex?action=upload&upname=wiki.png HTTP/1.1" 403 30 "-" "Mozilla/5.0 (compatible; MJ12bot/v1.4.8; http://mj12bot.com/)"
158.220.122.233 - - [02/Jan/2024:05:17:20 +0100] "GET /pmwiki/pmwiki.php/PmWiki/PmWikiPhilosophy HTTP/1.1" 200 16736 "-" "Mozilla/5.0 (compatible; MJ12bot/v1.4.8; http://mj12bot.com/)"
158.220.122.233 - - [02/Jan/2024:05:17:39 +0100] "GET /pmwiki/pmwiki.php/PmWiki/PmWikiPhilosophy?action=diff HTTP/1.1" 403 30 "-" "Mozilla/5.0 (compatible; MJ12bot/v1.4.8; http://mj12bot.com/)"
158.220.122.233 - - [02/Jan/2024:05:17:59 +0100] "GET /pmwiki/pmwiki.php/PmWiki/PmWikiPhilosophy?action=edit HTTP/1.1" 403 30 "-" "Mozilla/5.0 (compatible; MJ12bot/v1.4.8; http://mj12bot.com/)"
158.220.122.233 - - [02/Jan/2024:05:18:16 +0100] "GET /pmwiki/pmwiki.php/PmWiki/PmWikiPhilosophy?action=print HTTP/1.1" 403 30 "-" "Mozilla/5.0 (compatible; MJ12bot/v1.4.8; http://mj12bot.com/)"
158.220.122.233 - - [02/Jan/2024:05:18:31 +0100] "GET /pmwiki/pmwiki.php/PmWiki/PmWikiPhilosophy?action=upload HTTP/1.1" 403 30 "-" "Mozilla/5.0 (compatible; MJ12bot/v1.4.8; http://mj12bot.com/)"
158.220.122.233 - - [02/Jan/2024:05:18:43 +0100] "GET /pmwiki/pmwiki.php/PmWiki/PmWikiPhilosophy?action=upload&upname=wiki.png HTTP/1.1" 403 30 "-" "Mozilla/5.0 (compatible; MJ12bot/v1.4.8; http://mj12bot.com/)"
158.220.122.233 - - [02/Jan/2024:05:19:01 +0100] "GET /pmwiki/pmwiki.php/PmWiki/ReleaseNotes HTTP/1.1" 200 29978 "-" "Mozilla/5.0 (compatible; MJ12bot/v1.4.8; http://mj12bot.com/)"
158.220.122.233 - - [02/Jan/2024:05:19:15 +0100] "GET /pmwiki/pmwiki.php/PmWiki/ReleaseNotes?action=diff HTTP/1.1" 403 30 "-" "Mozilla/5.0 (compatible; MJ12bot/v1.4.8; http://mj12bot.com/)"
158.220.122.233 - - [02/Jan/2024:05:19:33 +0100] "GET /pmwiki/pmwiki.php/PmWiki/ReleaseNotes?action=edit HTTP/1.1" 403 30 "-" "Mozilla/5.0 (compatible; MJ12bot/v1.4.8; http://mj12bot.com/)"
158.220.122.233 - - [02/Jan/2024:05:19:56 +0100] "GET /pmwiki/pmwiki.php/PmWiki/ReleaseNotes?action=print HTTP/1.1" 403 30 "-" "Mozilla/5.0 (compatible; MJ12bot/v1.4.8; http://mj12bot.com/)"
158.220.122.233 - - [02/Jan/2024:05:20:15 +0100] "GET /pmwiki/pmwiki.php/PmWiki/ReleaseNotes?action=upload HTTP/1.1" 403 30 "-" "Mozilla/5.0 (compatible; MJ12bot/v1.4.8; http://mj12bot.com/)"
158.220.122.233 - - [02/Jan/2024:05:20:27 +0100] "GET /pmwiki/pmwiki.php/PmWiki/ReleaseNotes?action=upload&upname=wiki.png HTTP/1.1" 403 30 "-" "Mozilla/5.0 (compatible; MJ12bot/v1.4.8; http://mj12bot.com/)"
54.36.148.252 - - [02/Jan/2024:05:22:29 +0100] "GET /pmwiki/pmwiki.php/Main/AzEur%F3paiParlament%DAjraind%EDt%E1stK%F6vetelAzEln%F6kiKonferenciaElfogadtaAzInd%EDtv%E1nyt?action=upload HTTP/1.1" 200 13610 "-" "Mozilla/5.0 (compatible; AhrefsBot/7.0; +http://ahrefs.com/robot/)"
209.126.151.124 - - [02/Jan/2024:05:31:21 +0100] "GET / HTTP/1.1" 302 5 "-" "bitdiscovery-suggestions"
209.126.151.124 - - [02/Jan/2024:05:31:23 +0100] "GET /pmwiki/pmwiki.php HTTP/1.1" 200 37269 "-" "bitdiscovery-suggestions"
216.244.66.203 - - [02/Jan/2024:05:33:58 +0100] "GET /robots.txt HTTP/1.1" 404 1181 "-" "Mozilla/5.0 (compatible; DotBot/1.2; +https://opensiteexplorer.org/dotbot; help@moz.com)"
110.249.202.19 - - [02/Jan/2024:05:42:11 +0100] "GET /robots.txt HTTP/1.1" 404 1181 "-" "Mozilla/5.0 (Linux; Android 5.0) AppleWebKit/537.36 (KHTML, like Gecko) Mobile Safari/537.36 (compatible; Bytespider; https://zhanzhang.toutiao.com/)"
54.36.148.49 - - [02/Jan/2024:05:47:48 +0100] "GET /pmwiki/pmwiki.php/Main/AzEur%F3paiParlament%DAjraind%EDt%E1stK%F6vetelAzEln%F6kiKonferenciaElfogadtaAzInd%EDtv%E1nyt?action=diff HTTP/1.1" 200 18112 "-" "Mozilla/5.0 (compatible; AhrefsBot/7.0; +http://ahrefs.com/robot/)"
216.244.66.203 - - [02/Jan/2024:05:58:35 +0100] "GET /pmwiki/pmwiki.php/Main/Marc06LMEPR?action=diff&source=n&minor=n HTTP/1.1" 200 17638 "-" "Mozilla/5.0 (compatible; DotBot/1.2; +https://opensiteexplorer.org/dotbot; help@moz.com)"
216.244.66.203 - - [02/Jan/2024:05:58:39 +0100] "GET /pmwiki/pmwiki.php/PmWiki/WikiWord?action=diff&source=n&minor=n HTTP/1.1" 200 12840 "-" "Mozilla/5.0 (compatible; DotBot/1.2; +https://opensiteexplorer.org/dotbot; help@moz.com)"
212.237.23.143 - - [02/Jan/2024:06:06:26 +0100] "HEAD /pmwiki/pmwiki.php HTTP/1.1" 200 0 "-" "Alert_Alligator_webmonitoring_service_1.6.4_(alertalligator.com)"
49.12.13.109 - - [02/Jan/2024:07:05:48 +0100] "HEAD /pmwiki/pmwiki.php HTTP/1.1" 200 0 "-" "Alert_Alligator_webmonitoring_service_1.6.3_(alertalligator.com)"
216.244.66.203 - - [02/Jan/2024:07:18:14 +0100] "GET /robots.txt HTTP/1.1" 404 1181 "-" "Mozilla/5.0 (compatible; DotBot/1.2; +https://opensiteexplorer.org/dotbot; help@moz.com)"
216.244.66.203 - - [02/Jan/2024:07:24:01 +0100] "GET /pmwiki/pmwiki.php/Main/2005M%E1rcius8?action=diff&source=n&minor=n HTTP/1.1" 200 33027 "-" "Mozilla/5.0 (compatible; DotBot/1.2; +https://opensiteexplorer.org/dotbot; help@moz.com)"
216.244.66.203 - - [02/Jan/2024:07:24:07 +0100] "GET /pmwiki/pmwiki.php/Main/DRM?action=diff&source=y&minor=y HTTP/1.1" 200 89708 "-" "Mozilla/5.0 (compatible; DotBot/1.2; +https://opensiteexplorer.org/dotbot; help@moz.com)"
216.244.66.203 - - [02/Jan/2024:07:24:11 +0100] "GET /pmwiki/pmwiki.php/PmWiki/Variables?action=diff&source=n&minor=n HTTP/1.1" 200 12857 "-" "Mozilla/5.0 (compatible; DotBot/1.2; +https://opensiteexplorer.org/dotbot; help@moz.com)"
212.237.51.151 - - [02/Jan/2024:07:49:06 +0100] "HEAD /pmwiki/pmwiki.php HTTP/1.1" 200 0 "-" "Alert_Alligator_webmonitoring_service_1.6.4_(alertalligator.com)"
49.12.13.109 - - [02/Jan/2024:08:17:59 +0100] "HEAD /pmwiki/pmwiki.php HTTP/1.1" 200 0 "-" "Alert_Alligator_webmonitoring_service_1.6.4_(alertalligator.com)"
135.181.213.219 - - [02/Jan/2024:08:57:51 +0100] "GET /robots.txt HTTP/1.1" 404 1181 "-" "Mozilla/5.0 (compatible; MJ12bot/v1.4.8; http://mj12bot.com/)"
135.181.213.219 - - [02/Jan/2024:08:57:53 +0100] "GET /pmwiki/pmwiki.php?action=edit HTTP/1.1" 403 30 "-" "Mozilla/5.0 (compatible; MJ12bot/v1.4.8; http://mj12bot.com/)"
110.249.202.138 - - [02/Jan/2024:09:09:13 +0100] "GET /robots.txt HTTP/1.1" 404 1181 "-" "Mozilla/5.0 (Linux; Android 5.0) AppleWebKit/537.36 (KHTML, like Gecko) Mobile Safari/537.36 (compatible; Bytespider; https://zhanzhang.toutiao.com/)"
49.12.13.109 - - [02/Jan/2024:09:17:06 +0100] "HEAD /pmwiki/pmwiki.php HTTP/1.1" 200 0 "-" "Alert_Alligator_webmonitoring_service_1.6.3_(alertalligator.com)"
66.249.64.128 - - [02/Jan/2024:10:04:37 +0100] "GET /pmwiki/pmwiki.php/Main/Lev%E9lAParlamentInformaitikaiBizotts%E1gaEln%F6k%E9nek?action=print HTTP/1.1" 403 30 "-" "Mozilla/5.0 (compatible; Googlebot/2.1; +http://www.google.com/bot.html)"
145.236.72.75 - - [02/Jan/2024:10:04:38 +0100] "GET /robots.txt HTTP/1.1" 404 1181 "-" "Mozilla/5.0 (compatible; Googlebot/2.1; +http://www.google.com/bot.html)"
31.46.22.75 - - [02/Jan/2024:10:04:38 +0100] "GET /pmwiki/pmwiki.php/Main/Lev%E9lAParlamentInformaitikaiBizotts%E1gaEln%F6k%E9nek?action=print HTTP/1.1" 403 30 "-" "Mozilla/5.0 (compatible; Googlebot/2.1; +http://www.google.com/bot.html)"
212.237.23.143 - - [02/Jan/2024:10:05:26 +0100] "HEAD /pmwiki/pmwiki.php HTTP/1.1" 200 0 "-" "Alert_Alligator_webmonitoring_service_1.6.4_(alertalligator.com)"
27.131.109.194 - - [02/Jan/2024:10:28:37 +0100] "GET /style.php?sig=rename HTTP/1.1" 404 1181 "-" "Mozilla/5.0 (iPhone; CPU iPhone OS 13_3_1 like Mac OS X) AppleWebKit/605.1.15 (KHTML, like Gecko) Version/13.0.5 Mobile/15E148 Safari/604.1"
49.12.13.109 - - [02/Jan/2024:10:32:42 +0100] "HEAD /pmwiki/pmwiki.php HTTP/1.1" 200 0 "-" "Alert_Alligator_webmonitoring_service_1.6.4_(alertalligator.com)"
54.36.148.177 - - [02/Jan/2024:11:06:42 +0100] "GET /pmwiki/pmwiki.php/Main/AzEur%F3paiParlament%DAjraind%EDt%E1stK%F6vetelAzEln%F6kiKonferenciaElfogadtaAzInd%EDtv%E1nyt?action=edit HTTP/1.1" 200 13730 "-" "Mozilla/5.0 (compatible; AhrefsBot/7.0; +http://ahrefs.com/robot/)"
212.237.51.151 - - [02/Jan/2024:11:15:23 +0100] "HEAD /pmwiki/pmwiki.php HTTP/1.1" 200 0 "-" "Alert_Alligator_webmonitoring_service_1.6.4_(alertalligator.com)"
114.119.131.105 - - [02/Jan/2024:11:56:13 +0100] "GET /pmwiki/pmwiki.php/PmWiki/WikiWikiWeb?action=print HTTP/1.1" 200 6457 "http://swpat.zpok.hu/pmwiki/pmwiki.php/PmWiki/InterMap?action=print" "Mozilla/5.0 (Linux; Android 7.0;) AppleWebKit/537.36 (KHTML, like Gecko) Mobile Safari/537.36 (compatible; PetalBot;+https://webmaster.petalsearch.com/site/petalbot)"
114.119.147.113 - - [02/Jan/2024:12:00:56 +0100] "GET /pmwiki/pmwiki.php/PmWiki/UpgradingFromPmWiki1?action=print HTTP/1.1" 200 8755 "http://swpat.zpok.hu/pmwiki/pmwiki.php/PmWiki/Upgrades?action=print" "Mozilla/5.0 (Linux; Android 7.0;) AppleWebKit/537.36 (KHTML, like Gecko) Mobile Safari/537.36 (compatible; PetalBot;+https://webmaster.petalsearch.com/site/petalbot)"
212.237.53.115 - - [02/Jan/2024:12:15:20 +0100] "HEAD /pmwiki/pmwiki.php HTTP/1.1" 200 0 "-" "Alert_Alligator_webmonitoring_service_1.6.4_(alertalligator.com)"
111.225.149.57 - - [02/Jan/2024:12:36:09 +0100] "GET /robots.txt HTTP/1.1" 404 1181 "-" "Mozilla/5.0 (Linux; Android 5.0) AppleWebKit/537.36 (KHTML, like Gecko) Mobile Safari/537.36 (compatible; Bytespider; https://zhanzhang.toutiao.com/)"
212.237.51.151 - - [02/Jan/2024:13:09:48 +0100] "HEAD /pmwiki/pmwiki.php HTTP/1.1" 200 0 "-" "Alert_Alligator_webmonitoring_service_1.6.4_(alertalligator.com)"
109.197.199.22 - - [02/Jan/2024:13:19:56 +0100] "GET /pmwiki/pmwiki.php HTTP/1.0" 200 37227 "http://swpat.zpok.hu/pmwiki/pmwiki.php" "Mozilla/5.0 (Windows NT 6.1; Win64; x64) AppleWebKit/537.36 (KHTML, like Gecko) Chrome/103.0.5060.114 Safari/537.36"
66.249.64.132 - - [02/Jan/2024:13:32:33 +0100] "GET /pmwiki/pmwiki.php/Main/Feb08PR?action=upload HTTP/1.1" 403 30 "-" "Mozilla/5.0 (Linux; Android 6.0.1; Nexus 5X Build/MMB29P) AppleWebKit/537.36 (KHTML, like Gecko) Chrome/120.0.6099.71 Mobile Safari/537.36 (compatible; Googlebot/2.1; +http://www.google.com/bot.html)"
212.237.53.115 - - [02/Jan/2024:14:02:15 +0100] "HEAD /pmwiki/pmwiki.php HTTP/1.1" 200 0 "-" "Alert_Alligator_webmonitoring_service_1.6.4_(alertalligator.com)"
54.36.148.123 - - [02/Jan/2024:14:18:45 +0100] "GET /robots.txt HTTP/1.1" 404 1181 "-" "Mozilla/5.0 (compatible; AhrefsBot/7.0; +http://ahrefs.com/robot/)"
54.36.149.33 - - [02/Jan/2024:14:18:47 +0100] "GET /pmwiki/pmwiki.php/Main/2005M%E1rcius8?action=diff HTTP/1.1" 200 33027 "-" "Mozilla/5.0 (compatible; AhrefsBot/7.0; +http://ahrefs.com/robot/)"
216.244.66.203 - - [02/Jan/2024:14:29:31 +0100] "GET /robots.txt HTTP/1.1" 404 1181 "-" "Mozilla/5.0 (compatible; DotBot/1.2; +https://opensiteexplorer.org/dotbot; help@moz.com)"
54.36.148.126 - - [02/Jan/2024:14:48:55 +0100] "GET /pmwiki/pmwiki.php/Main/Tud%E1smonop%F3lium?action=edit HTTP/1.1" 200 12566 "-" "Mozilla/5.0 (compatible; AhrefsBot/7.0; +http://ahrefs.com/robot/)"
212.237.53.115 - - [02/Jan/2024:14:54:12 +0100] "HEAD /pmwiki/pmwiki.php HTTP/1.1" 200 0 "-" "Alert_Alligator_webmonitoring_service_1.6.4_(alertalligator.com)"
216.244.66.203 - - [02/Jan/2024:14:55:38 +0100] "GET /pmwiki/pmwiki.php/Main/EztMondjukNekik?action=diff&source=y&minor=y HTTP/1.1" 200 15353 "-" "Mozilla/5.0 (compatible; DotBot/1.2; +https://opensiteexplorer.org/dotbot; help@moz.com)"
216.244.66.203 - - [02/Jan/2024:14:55:44 +0100] "GET /pmwiki/pmwiki.php/PmWiki/CustomWikiStyles?action=diff&source=n&minor=n HTTP/1.1" 200 12982 "-" "Mozilla/5.0 (compatible; DotBot/1.2; +https://opensiteexplorer.org/dotbot; help@moz.com)"
54.36.148.165 - - [02/Jan/2024:15:29:44 +0100] "GET /pmwiki/pmwiki.php/Main/Tud%E1smonop%F3lium?action=print HTTP/1.1" 200 7085 "-" "Mozilla/5.0 (compatible; AhrefsBot/7.0; +http://ahrefs.com/robot/)"
110.249.201.176 - - [02/Jan/2024:15:41:29 +0100] "GET /robots.txt HTTP/1.1" 404 1181 "-" "Mozilla/5.0 (Linux; Android 5.0) AppleWebKit/537.36 (KHTML, like Gecko) Mobile Safari/537.36 (compatible; Bytespider; https://zhanzhang.toutiao.com/)"
49.12.13.109 - - [02/Jan/2024:15:53:32 +0100] "HEAD /pmwiki/pmwiki.php HTTP/1.1" 200 0 "-" "Alert_Alligator_webmonitoring_service_1.6.3_(alertalligator.com)"
54.36.149.2 - - [02/Jan/2024:16:03:43 +0100] "GET /pmwiki/pmwiki.php/Main/Tud%E1smonop%F3lium?action=diff HTTP/1.1" 200 29474 "-" "Mozilla/5.0 (compatible; AhrefsBot/7.0; +http://ahrefs.com/robot/)"
216.244.66.203 - - [02/Jan/2024:16:16:27 +0100] "GET /robots.txt HTTP/1.1" 404 1181 "-" "Mozilla/5.0 (compatible; DotBot/1.2; +https://opensiteexplorer.org/dotbot; help@moz.com)"
216.244.66.203 - - [02/Jan/2024:16:23:13 +0100] "GET /pmwiki/pmwiki.php/PmWiki/BasicEditing?action=diff&source=y&minor=y HTTP/1.1" 200 12911 "-" "Mozilla/5.0 (compatible; DotBot/1.2; +https://opensiteexplorer.org/dotbot; help@moz.com)"
216.244.66.203 - - [02/Jan/2024:16:23:18 +0100] "GET /pmwiki/pmwiki.php/PmWiki/WikiStyleExamples?action=diff&source=n&minor=n HTTP/1.1" 200 13000 "-" "Mozilla/5.0 (compatible; DotBot/1.2; +https://opensiteexplorer.org/dotbot; help@moz.com)"
216.244.66.203 - - [02/Jan/2024:16:24:13 +0100] "GET /pmwiki/pmwiki.php/PmWiki/TextFormattingRules?action=diff&source=n&minor=n HTTP/1.1" 200 13036 "-" "Mozilla/5.0 (compatible; DotBot/1.2; +https://opensiteexplorer.org/dotbot; help@moz.com)"
54.36.149.31 - - [02/Jan/2024:16:35:07 +0100] "GET /pmwiki/pmwiki.php/Main/AzIPRJavaslat?action=print HTTP/1.1" 200 5182 "-" "Mozilla/5.0 (compatible; AhrefsBot/7.0; +http://ahrefs.com/robot/)"
212.237.51.151 - - [02/Jan/2024:16:36:26 +0100] "HEAD /pmwiki/pmwiki.php HTTP/1.1" 200 0 "-" "Alert_Alligator_webmonitoring_service_1.6.4_(alertalligator.com)"
49.12.13.109 - - [02/Jan/2024:17:35:51 +0100] "HEAD /pmwiki/pmwiki.php HTTP/1.1" 200 0 "-" "Alert_Alligator_webmonitoring_service_1.6.3_(alertalligator.com)"
212.237.23.143 - - [02/Jan/2024:18:25:19 +0100] "HEAD /pmwiki/pmwiki.php HTTP/1.1" 200 0 "-" "Alert_Alligator_webmonitoring_service_1.6.4_(alertalligator.com)"
54.36.148.241 - - [02/Jan/2024:18:52:00 +0100] "GET /pmwiki/pmwiki.php/Main/Tud%E1smonop%F3lium?action=upload HTTP/1.1" 200 12446 "-" "Mozilla/5.0 (compatible; AhrefsBot/7.0; +http://ahrefs.com/robot/)"
216.244.66.203 - - [02/Jan/2024:18:57:40 +0100] "GET /robots.txt HTTP/1.1" 404 1181 "-" "Mozilla/5.0 (compatible; DotBot/1.2; +https://opensiteexplorer.org/dotbot; help@moz.com)"
66.249.64.132 - - [02/Jan/2024:19:06:47 +0100] "GET /robots.txt HTTP/1.1" 404 1181 "-" "Mozilla/5.0 (compatible; Googlebot/2.1; +http://www.google.com/bot.html)"
66.249.64.132 - - [02/Jan/2024:19:06:49 +0100] "GET /pmwiki/pmwiki.php/Main/HomePage?action=upload HTTP/1.1" 403 30 "-" "Mozilla/5.0 (Linux; Android 6.0.1; Nexus 5X Build/MMB29P) AppleWebKit/537.36 (KHTML, like Gecko) Chrome/120.0.6099.71 Mobile Safari/537.36 (compatible; Googlebot/2.1; +http://www.google.com/bot.html)"
212.237.53.115 - - [02/Jan/2024:19:10:57 +0100] "HEAD /pmwiki/pmwiki.php HTTP/1.1" 200 0 "-" "Alert_Alligator_webmonitoring_service_1.6.4_(alertalligator.com)"
54.36.148.24 - - [02/Jan/2024:19:22:06 +0100] "GET /pmwiki/pmwiki.php/Main/MiADRM HTTP/1.1" 200 12869 "-" "Mozilla/5.0 (compatible; AhrefsBot/7.0; +http://ahrefs.com/robot/)"
216.244.66.203 - - [02/Jan/2024:19:22:11 +0100] "GET /pmwiki/pmwiki.php/Main/2004Augusztus18?action=diff&source=n&minor=n HTTP/1.1" 200 14665 "-" "Mozilla/5.0 (compatible; DotBot/1.2; +https://opensiteexplorer.org/dotbot; help@moz.com)"
66.249.64.132 - - [02/Jan/2024:19:36:47 +0100] "GET /pmwiki/pmwiki.php/Main/Marc08essay HTTP/1.1" 200 18792 "-" "Mozilla/5.0 (Linux; Android 6.0.1; Nexus 5X Build/MMB29P) AppleWebKit/537.36 (KHTML, like Gecko) Chrome/120.0.6099.71 Mobile Safari/537.36 (compatible; Googlebot/2.1; +http://www.google.com/bot.html)"
66.249.64.128 - - [02/Jan/2024:19:50:54 +0100] "GET /pmwiki/pmwiki.php/Main/Nyilatkozatok?action=diff HTTP/1.1" 403 30 "-" "Mozilla/5.0 (Linux; Android 6.0.1; Nexus 5X Build/MMB29P) AppleWebKit/537.36 (KHTML, like Gecko) Chrome/120.0.6099.71 Mobile Safari/537.36 (compatible; Googlebot/2.1; +http://www.google.com/bot.html)"
212.237.51.151 - - [02/Jan/2024:19:54:24 +0100] "HEAD /pmwiki/pmwiki.php HTTP/1.1" 200 0 "-" "Alert_Alligator_webmonitoring_service_1.6.4_(alertalligator.com)"
66.249.64.128 - - [02/Jan/2024:20:04:20 +0100] "GET /pmwiki/pmwiki.php/Main/Comission-negatesDemocracy?action=upload HTTP/1.1" 403 30 "-" "Mozilla/5.0 (Linux; Android 6.0.1; Nexus 5X Build/MMB29P) AppleWebKit/537.36 (KHTML, like Gecko) Chrome/120.0.6099.71 Mobile Safari/537.36 (compatible; Googlebot/2.1; +http://www.google.com/bot.html)"
114.119.139.19 - - [02/Jan/2024:20:16:27 +0100] "GET /robots.txt HTTP/1.1" 404 1181 "-" "Mozilla/5.0 (compatible;PetalBot;+https://webmaster.petalsearch.com/site/petalbot)"
212.237.51.151 - - [02/Jan/2024:20:42:12 +0100] "HEAD /pmwiki/pmwiki.php HTTP/1.1" 200 0 "-" "Alert_Alligator_webmonitoring_service_1.6.4_(alertalligator.com)"
110.249.201.67 - - [02/Jan/2024:20:51:39 +0100] "GET /robots.txt HTTP/1.1" 404 1181 "-" "Mozilla/5.0 (Linux; Android 5.0) AppleWebKit/537.36 (KHTML, like Gecko) Mobile Safari/537.36 (compatible; Bytespider; https://zhanzhang.toutiao.com/)"
66.249.64.129 - - [02/Jan/2024:21:19:08 +0100] "GET /pmwiki/pmwiki.php/Main/Bitem0304?action=diff HTTP/1.1" 403 30 "-" "Mozilla/5.0 (Linux; Android 6.0.1; Nexus 5X Build/MMB29P) AppleWebKit/537.36 (KHTML, like Gecko) Chrome/120.0.6099.71 Mobile Safari/537.36 (compatible; Googlebot/2.1; +http://www.google.com/bot.html)"
49.12.13.109 - - [02/Jan/2024:21:41:16 +0100] "HEAD /pmwiki/pmwiki.php HTTP/1.1" 200 0 "-" "Alert_Alligator_webmonitoring_service_1.6.3_(alertalligator.com)"
212.237.51.151 - - [02/Jan/2024:22:22:53 +0100] "HEAD /pmwiki/pmwiki.php HTTP/1.1" 200 0 "-" "Alert_Alligator_webmonitoring_service_1.6.4_(alertalligator.com)"
66.249.64.129 - - [02/Jan/2024:22:58:37 +0100] "GET /pmwiki/pmwiki.php/Main/Marc08essay?action=print HTTP/1.1" 403 30 "-" "Mozilla/5.0 (Linux; Android 6.0.1; Nexus 5X Build/MMB29P) AppleWebKit/537.36 (KHTML, like Gecko) Chrome/120.0.6099.71 Mobile Safari/537.36 (compatible; Googlebot/2.1; +http://www.google.com/bot.html)"
212.237.51.151 - - [02/Jan/2024:23:05:22 +0100] "HEAD /pmwiki/pmwiki.php HTTP/1.1" 200 0 "-" "Alert_Alligator_webmonitoring_service_1.6.4_(alertalligator.com)"
66.249.64.129 - - [02/Jan/2024:23:46:47 +0100] "GET /pmwiki/pmwiki.php/Main/Marc08essay?action=edit HTTP/1.1" 403 30 "-" "Mozilla/5.0 (Linux; Android 6.0.1; Nexus 5X Build/MMB29P) AppleWebKit/537.36 (KHTML, like Gecko) Chrome/120.0.6099.71 Mobile Safari/537.36 (compatible; Googlebot/2.1; +http://www.google.com/bot.html)"
110.249.202.202 - - [02/Jan/2024:23:54:08 +0100] "GET /robots.txt HTTP/1.1" 404 1181 "-" "Mozilla/5.0 (Linux; Android 5.0) AppleWebKit/537.36 (KHTML, like Gecko) Mobile Safari/537.36 (compatible; Bytespider; https://zhanzhang.toutiao.com/)"
49.12.13.109 - - [03/Jan/2024:00:04:33 +0100] "HEAD /pmwiki/pmwiki.php HTTP/1.1" 200 0 "-" "Alert_Alligator_webmonitoring_service_1.6.3_(alertalligator.com)"
66.249.64.129 - - [03/Jan/2024:00:14:03 +0100] "GET /pmwiki/pmwiki.php/Main/Marc08essay?action=diff HTTP/1.1" 403 30 "-" "Mozilla/5.0 (Linux; Android 6.0.1; Nexus 5X Build/MMB29P) AppleWebKit/537.36 (KHTML, like Gecko) Chrome/120.0.6099.71 Mobile Safari/537.36 (compatible; Googlebot/2.1; +http://www.google.com/bot.html)"
54.36.148.244 - - [03/Jan/2024:00:36:24 +0100] "GET /pmwiki/pmwiki.php/Main/CikkekDRM HTTP/1.1" 200 18047 "-" "Mozilla/5.0 (compatible; AhrefsBot/7.0; +http://ahrefs.com/robot/)"
212.237.53.115 - - [03/Jan/2024:00:56:10 +0100] "HEAD /pmwiki/pmwiki.php HTTP/1.1" 200 0 "-" "Alert_Alligator_webmonitoring_service_1.6.4_(alertalligator.com)"
212.237.53.115 - - [03/Jan/2024:01:44:28 +0100] "HEAD /pmwiki/pmwiki.php HTTP/1.1" 200 0 "-" "Alert_Alligator_webmonitoring_service_1.6.4_(alertalligator.com)"
212.237.23.143 - - [03/Jan/2024:02:39:50 +0100] "HEAD /pmwiki/pmwiki.php HTTP/1.1" 200 0 "-" "Alert_Alligator_webmonitoring_service_1.6.4_(alertalligator.com)"
51.222.253.2 - - [03/Jan/2024:02:58:31 +0100] "GET /robots.txt HTTP/1.1" 404 1181 "-" "Mozilla/5.0 (compatible; AhrefsBot/7.0; +http://ahrefs.com/robot/)"
54.36.149.70 - - [03/Jan/2024:02:58:33 +0100] "GET /pmwiki/pmwiki.php/Main/DRMMunkacsoport HTTP/1.1" 200 12700 "-" "Mozilla/5.0 (compatible; AhrefsBot/7.0; +http://ahrefs.com/robot/)"
212.237.53.115 - - [03/Jan/2024:03:25:40 +0100] "HEAD /pmwiki/pmwiki.php HTTP/1.1" 200 0 "-" "Alert_Alligator_webmonitoring_service_1.6.4_(alertalligator.com)"
54.36.148.25 - - [03/Jan/2024:03:40:44 +0100] "GET /pmwiki/pmwiki.php/Main/Linkek HTTP/1.1" 200 28889 "-" "Mozilla/5.0 (compatible; AhrefsBot/7.0; +http://ahrefs.com/robot/)"
212.237.53.115 - - [03/Jan/2024:04:12:47 +0100] "HEAD /pmwiki/pmwiki.php HTTP/1.1" 200 0 "-" "Alert_Alligator_webmonitoring_service_1.6.4_(alertalligator.com)"
54.36.149.25 - - [03/Jan/2024:04:28:53 +0100] "GET /pmwiki/pmwiki.php/Main/ADRMH%E1tr%E1nyai HTTP/1.1" 200 14752 "-" "Mozilla/5.0 (compatible; AhrefsBot/7.0; +http://ahrefs.com/robot/)"
49.12.13.109 - - [03/Jan/2024:04:41:19 +0100] "HEAD /pmwiki/pmwiki.php HTTP/1.1" 200 0 "-" "Alert_Alligator_webmonitoring_service_1.6.4_(alertalligator.com)"
84.46.252.236 - - [03/Jan/2024:05:33:28 +0100] "HEAD /wp-content/plugins/backup-backup/includes/restore-batching.php HTTP/1.1" 404 0 "-" "Mozilla/5.0 (Windows NT 10.0; Win64; x64) AppleWebKit/537.36 (KHTML, like Gecko) Chrome/114.0.0.0 Safari/537.36"
212.237.23.143 - - [03/Jan/2024:05:35:27 +0100] "HEAD /pmwiki/pmwiki.php HTTP/1.1" 200 0 "-" "Alert_Alligator_webmonitoring_service_1.6.4_(alertalligator.com)"
81.209.177.145 - - [03/Jan/2024:06:01:25 +0100] "GET /robots.txt HTTP/1.1" 404 1181 "-" "netEstate NE Crawler (+http://www.website-datenbank.de/)"
81.209.177.145 - - [03/Jan/2024:06:01:33 +0100] "GET / HTTP/1.1" 302 5 "-" "netEstate NE Crawler (+http://www.website-datenbank.de/)"
81.209.177.145 - - [03/Jan/2024:06:01:33 +0100] "GET /pmwiki/pmwiki.php HTTP/1.1" 200 37269 "-" "netEstate NE Crawler (+http://www.website-datenbank.de/)"
49.12.13.109 - - [03/Jan/2024:06:08:47 +0100] "HEAD /pmwiki/pmwiki.php HTTP/1.1" 200 0 "-" "Alert_Alligator_webmonitoring_service_1.6.4_(alertalligator.com)"
216.244.66.203 - - [03/Jan/2024:06:49:18 +0100] "GET /robots.txt HTTP/1.1" 404 1181 "-" "Mozilla/5.0 (compatible; DotBot/1.2; +https://opensiteexplorer.org/dotbot; help@moz.com)"
212.237.23.143 - - [03/Jan/2024:07:01:58 +0100] "HEAD /pmwiki/pmwiki.php HTTP/1.1" 200 0 "-" "Alert_Alligator_webmonitoring_service_1.6.4_(alertalligator.com)"
216.244.66.203 - - [03/Jan/2024:07:11:24 +0100] "GET /pmwiki/pmwiki.php/PmWiki/PmWiki?action=edit&restore=diff:1117395099:1117074465:minor&preview=y HTTP/1.1" 200 12451 "-" "Mozilla/5.0 (compatible; DotBot/1.2; +https://opensiteexplorer.org/dotbot; help@moz.com)"
54.36.148.201 - - [03/Jan/2024:07:27:11 +0100] "GET /pmwiki/pmwiki.php/Main/DRM HTTP/1.1" 200 14856 "-" "Mozilla/5.0 (compatible; AhrefsBot/7.0; +http://ahrefs.com/robot/)"
212.237.53.115 - - [03/Jan/2024:07:46:14 +0100] "HEAD /pmwiki/pmwiki.php HTTP/1.1" 200 0 "-" "Alert_Alligator_webmonitoring_service_1.6.4_(alertalligator.com)"
54.36.148.79 - - [03/Jan/2024:07:50:21 +0100] "GET /pmwiki/pmwiki.php/Main/Rocard?action=upload HTTP/1.1" 200 12245 "-" "Mozilla/5.0 (compatible; AhrefsBot/7.0; +http://ahrefs.com/robot/)"
54.36.148.43 - - [03/Jan/2024:08:06:38 +0100] "GET /pmwiki/pmwiki.php/Main/Comission-negatesDemocracy?action=diff HTTP/1.1" 200 17875 "-" "Mozilla/5.0 (compatible; AhrefsBot/7.0; +http://ahrefs.com/robot/)"
111.225.148.180 - - [03/Jan/2024:08:08:43 +0100] "GET /robots.txt HTTP/1.1" 404 1181 "-" "Mozilla/5.0 (Linux; Android 5.0) AppleWebKit/537.36 (KHTML, like Gecko) Mobile Safari/537.36 (compatible; Bytespider; https://zhanzhang.toutiao.com/)"
54.36.148.52 - - [03/Jan/2024:08:20:36 +0100] "GET /pmwiki/pmwiki.php/Main/Comission-negatesDemocracy?action=upload HTTP/1.1" 200 12567 "-" "Mozilla/5.0 (compatible; AhrefsBot/7.0; +http://ahrefs.com/robot/)"
54.36.148.26 - - [03/Jan/2024:08:31:06 +0100] "GET /pmwiki/pmwiki.php/Main/Google HTTP/1.1" 200 25006 "-" "Mozilla/5.0 (compatible; AhrefsBot/7.0; +http://ahrefs.com/robot/)"
212.237.23.143 - - [03/Jan/2024:08:38:49 +0100] "HEAD /pmwiki/pmwiki.php HTTP/1.1" 200 0 "-" "Alert_Alligator_webmonitoring_service_1.6.4_(alertalligator.com)"
54.36.149.2 - - [03/Jan/2024:09:01:50 +0100] "GET /pmwiki/pmwiki.php/Main/HeringgelMegval%F3s%EDtottTal%E1lm%E1nyok HTTP/1.1" 200 18448 "-" "Mozilla/5.0 (compatible; AhrefsBot/7.0; +http://ahrefs.com/robot/)"
49.12.13.109 - - [03/Jan/2024:09:11:41 +0100] "HEAD /pmwiki/pmwiki.php HTTP/1.1" 200 0 "-" "Alert_Alligator_webmonitoring_service_1.6.4_(alertalligator.com)"
54.36.148.249 - - [03/Jan/2024:09:32:05 +0100] "GET /pmwiki/pmwiki.php/Main/HomePage HTTP/1.1" 200 37269 "-" "Mozilla/5.0 (compatible; AhrefsBot/7.0; +http://ahrefs.com/robot/)"
54.36.149.98 - - [03/Jan/2024:09:42:55 +0100] "GET /pmwiki/pmwiki.php/Main/CikkekPrivacy HTTP/1.1" 200 12503 "-" "Mozilla/5.0 (compatible; AhrefsBot/7.0; +http://ahrefs.com/robot/)"
49.12.13.109 - - [03/Jan/2024:09:44:27 +0100] "HEAD /pmwiki/pmwiki.php HTTP/1.1" 200 0 "-" "Alert_Alligator_webmonitoring_service_1.6.4_(alertalligator.com)"
54.36.148.97 - - [03/Jan/2024:09:53:27 +0100] "GET /pmwiki/pmwiki.php/Main/AJelenlegiSzerzoiJogiTorveny HTTP/1.1" 200 18664 "-" "Mozilla/5.0 (compatible; AhrefsBot/7.0; +http://ahrefs.com/robot/)"
212.237.23.143 - - [03/Jan/2024:11:00:56 +0100] "HEAD /pmwiki/pmwiki.php HTTP/1.1" 200 0 "-" "Alert_Alligator_webmonitoring_service_1.6.4_(alertalligator.com)"
54.36.148.190 - - [03/Jan/2024:11:24:54 +0100] "GET /pmwiki/pmwiki.php/Main/TRIPSLie?action=diff HTTP/1.1" 200 14070 "-" "Mozilla/5.0 (compatible; AhrefsBot/7.0; +http://ahrefs.com/robot/)"
49.12.13.109 - - [03/Jan/2024:11:38:20 +0100] "HEAD /pmwiki/pmwiki.php HTTP/1.1" 200 0 "-" "Alert_Alligator_webmonitoring_service_1.6.4_(alertalligator.com)"
195.191.219.132 - - [03/Jan/2024:11:45:06 +0100] "GET /robots.txt HTTP/1.1" 404 1181 "-" "Mozilla/5.0 (compatible; MJ12bot/v1.4.8; http://mj12bot.com/)"
195.191.219.132 - - [03/Jan/2024:11:45:08 +0100] "GET /pmwiki/pmwiki.php/Main/Linkek HTTP/1.1" 200 28889 "-" "Mozilla/5.0 (compatible; MJ12bot/v1.4.8; http://mj12bot.com/)"
195.191.219.132 - - [03/Jan/2024:11:45:09 +0100] "GET /pmwiki/pmwiki.php/Main/Telefonon HTTP/1.1" 200 16251 "-" "Mozilla/5.0 (compatible; MJ12bot/v1.4.8; http://mj12bot.com/)"
40.77.167.93 - - [03/Jan/2024:11:53:36 +0100] "GET /robots.txt HTTP/1.1" 404 1181 "-" "Mozilla/5.0 AppleWebKit/537.36 (KHTML, like Gecko; compatible; bingbot/2.0; +http://www.bing.com/bingbot.htm) Chrome/116.0.1938.76 Safari/537.36"
40.77.167.25 - - [03/Jan/2024:11:53:39 +0100] "GET /pmwiki/pmwiki.php/Main/AJelenlegiSzerzoiJogiTorveny HTTP/1.1" 200 18664 "-" "Mozilla/5.0 AppleWebKit/537.36 (KHTML, like Gecko; compatible; bingbot/2.0; +http://www.bing.com/bingbot.htm) Chrome/116.0.1938.76 Safari/537.36"
52.167.144.161 - - [03/Jan/2024:11:54:52 +0100] "GET /pmwiki/pub/skins/gila/gila.css HTTP/1.1" 200 8887 "-" "Mozilla/5.0 AppleWebKit/537.36 (KHTML, like Gecko; compatible; bingbot/2.0; +http://www.bing.com/bingbot.htm) Chrome/116.0.1938.76 Safari/537.36"
94.23.203.86 - - [03/Jan/2024:12:01:31 +0100] "GET /robots.txt HTTP/1.1" 404 1181 "-" "Mozilla/5.0 (compatible; MJ12bot/v1.4.8; http://mj12bot.com/)"
94.23.203.86 - - [03/Jan/2024:12:01:38 +0100] "GET /pmwiki/pmwiki.php/Main/Fsn HTTP/1.1" 200 14170 "-" "Mozilla/5.0 (compatible; MJ12bot/v1.4.8; http://mj12bot.com/)"
94.23.203.86 - - [03/Jan/2024:12:01:42 +0100] "GET /pmwiki/pmwiki.php/Main/Fsn?action=diff HTTP/1.1" 403 30 "-" "Mozilla/5.0 (compatible; MJ12bot/v1.4.8; http://mj12bot.com/)"
94.23.203.86 - - [03/Jan/2024:12:01:47 +0100] "GET /pmwiki/pmwiki.php/Main/Fsn?action=edit HTTP/1.1" 403 30 "-" "Mozilla/5.0 (compatible; MJ12bot/v1.4.8; http://mj12bot.com/)"
94.23.203.86 - - [03/Jan/2024:12:01:55 +0100] "GET /pmwiki/pmwiki.php/Main/Fsn?action=print HTTP/1.1" 403 30 "-" "Mozilla/5.0 (compatible; MJ12bot/v1.4.8; http://mj12bot.com/)"
94.23.203.86 - - [03/Jan/2024:12:01:59 +0100] "GET /pmwiki/pmwiki.php/Main/Fsn?action=upload HTTP/1.1" 403 30 "-" "Mozilla/5.0 (compatible; MJ12bot/v1.4.8; http://mj12bot.com/)"
94.23.203.86 - - [03/Jan/2024:12:02:07 +0100] "GET /pmwiki/pmwiki.php/Main/Fsn?action=upload&upname=wiki.png HTTP/1.1" 403 30 "-" "Mozilla/5.0 (compatible; MJ12bot/v1.4.8; http://mj12bot.com/)"
94.23.203.86 - - [03/Jan/2024:12:02:10 +0100] "GET /pmwiki/pmwiki.php/Main/WikiSandbox?from=PmWiki.WikiSandbox HTTP/1.1" 200 12279 "-" "Mozilla/5.0 (compatible; MJ12bot/v1.4.8; http://mj12bot.com/)"
94.23.203.86 - - [03/Jan/2024:12:02:23 +0100] "GET /pmwiki/pmwiki.php/PmWiki/WikiSandbox HTTP/1.1" 302 213 "-" "Mozilla/5.0 (compatible; MJ12bot/v1.4.8; http://mj12bot.com/)"
94.23.203.86 - - [03/Jan/2024:12:02:32 +0100] "GET /pmwiki/pmwiki.php/Main/WikiSandbox?from=PmWiki.WikiSandbox HTTP/1.1" 200 12279 "-" "Mozilla/5.0 (compatible; MJ12bot/v1.4.8; http://mj12bot.com/)"
94.23.203.86 - - [03/Jan/2024:12:02:36 +0100] "GET /pmwiki/pmwiki.php/PmWiki/WikiSandbox?action=edit HTTP/1.1" 403 30 "-" "Mozilla/5.0 (compatible; MJ12bot/v1.4.8; http://mj12bot.com/)"
110.249.202.158 - - [03/Jan/2024:12:07:30 +0100] "GET /robots.txt HTTP/1.1" 404 1181 "-" "Mozilla/5.0 (Linux; Android 5.0) AppleWebKit/537.36 (KHTML, like Gecko) Mobile Safari/537.36 (compatible; Bytespider; https://zhanzhang.toutiao.com/)"
54.36.148.116 - - [03/Jan/2024:12:19:36 +0100] "GET /pmwiki/pmwiki.php/Main/TRIPSLie?action=print HTTP/1.1" 200 3318 "-" "Mozilla/5.0 (compatible; AhrefsBot/7.0; +http://ahrefs.com/robot/)"
