217.113.194.117 - - [01/Jan/2024:13:24:33 +0100] "GET /pmwiki/pmwiki.php/PmWiki/WikiNature?action=diff&source=y&minor=y HTTP/1.1" 200 12875 "-" "Mozilla/5.0 (compatible; Barkrowler/0.9; +https://babbar.tech/crawler)"
217.113.194.105 - - [01/Jan/2024:13:26:25 +0100] "GET /pmwiki/pmwiki.php/PmWiki/WikiNature?action=diff&source=y&minor=n HTTP/1.1" 200 12875 "-" "Mozilla/5.0 (compatible; Barkrowler/0.9; +https://babbar.tech/crawler)"
217.113.194.124 - - [01/Jan/2024:13:28:20 +0100] "GET /pmwiki/pmwiki.php/PmWiki/WikiWikiWeb?action=upload&upname=wiki.png HTTP/1.1" 200 12379 "-" "Mozilla/5.0 (compatible; Barkrowler/0.9; +https://babbar.tech/crawler)"
217.113.194.93 - - [01/Jan/2024:13:30:12 +0100] "GET /pmwiki/pmwiki.php/PmWiki/WikiStyles?action=diff&source=n&minor=n HTTP/1.1" 200 12874 "-" "Mozilla/5.0 (compatible; Barkrowler/0.9; +https://babbar.tech/crawler)"
66.249.64.128 - - [01/Jan/2024:13:30:39 +0100] "GET /pmwiki/pmwiki.php/Main/Doksik?action=diff HTTP/1.1" 403 30 "-" "Mozilla/5.0 (Linux; Android 6.0.1; Nexus 5X Build/MMB29P) AppleWebKit/537.36 (KHTML, like Gecko) Chrome/120.0.6099.71 Mobile Safari/537.36 (compatible; Googlebot/2.1; +http://www.google.com/bot.html)"
217.113.194.91 - - [01/Jan/2024:13:32:09 +0100] "GET /pmwiki/pmwiki.php/PmWiki/WikiStyles?action=diff&source=y&minor=y HTTP/1.1" 200 12874 "-" "Mozilla/5.0 (compatible; Barkrowler/0.9; +https://babbar.tech/crawler)"
217.113.194.111 - - [01/Jan/2024:13:33:59 +0100] "GET /pmwiki/pmwiki.php/PmWiki/WikiWord?action=diff&source=y&minor=y HTTP/1.1" 200 12840 "-" "Mozilla/5.0 (compatible; Barkrowler/0.9; +https://babbar.tech/crawler)"
217.113.194.97 - - [01/Jan/2024:13:35:50 +0100] "GET /pmwiki/pmwiki.php/PmWiki/WikiWord?action=diff&source=y&minor=n HTTP/1.1" 200 12840 "-" "Mozilla/5.0 (compatible; Barkrowler/0.9; +https://babbar.tech/crawler)"
217.113.194.93 - - [01/Jan/2024:13:37:47 +0100] "GET /pmwiki/pmwiki.php/PmWiki/WikiGroup?action=diff&source=y&minor=y HTTP/1.1" 200 12856 "-" "Mozilla/5.0 (compatible; Barkrowler/0.9; +https://babbar.tech/crawler)"
217.113.194.118 - - [01/Jan/2024:13:39:40 +0100] "GET /pmwiki/pmwiki.php/PmWiki/WikiGroup?action=diff&source=y&minor=n HTTP/1.1" 200 12856 "-" "Mozilla/5.0 (compatible; Barkrowler/0.9; +https://babbar.tech/crawler)"
217.113.194.101 - - [01/Jan/2024:13:41:33 +0100] "GET /pmwiki/pmwiki.php/PmWiki/WikiTrails?action=diff&source=n&minor=y HTTP/1.1" 200 12874 "-" "Mozilla/5.0 (compatible; Barkrowler/0.9; +https://babbar.tech/crawler)"
217.113.194.100 - - [01/Jan/2024:13:43:28 +0100] "GET /pmwiki/pmwiki.php/PmWiki/WikiTrails?action=diff&source=n&minor=n HTTP/1.1" 200 12874 "-" "Mozilla/5.0 (compatible; Barkrowler/0.9; +https://babbar.tech/crawler)"
217.113.194.95 - - [01/Jan/2024:13:45:17 +0100] "GET /pmwiki/pmwiki.php/PmWiki/WikiTrails?action=diff&source=y&minor=y HTTP/1.1" 200 12874 "-" "Mozilla/5.0 (compatible; Barkrowler/0.9; +https://babbar.tech/crawler)"
54.36.148.151 - - [01/Jan/2024:13:46:30 +0100] "GET /pmwiki/pmwiki.php/Main/Gazdas%E1giOldal?action=upload HTTP/1.1" 200 12406 "-" "Mozilla/5.0 (compatible; AhrefsBot/7.0; +http://ahrefs.com/robot/)"
217.113.194.76 - - [01/Jan/2024:13:47:08 +0100] "GET /pmwiki/pmwiki.php/PmWiki/WikiGroups?action=diff&source=n&minor=y HTTP/1.1" 200 12875 "-" "Mozilla/5.0 (compatible; Barkrowler/0.9; +https://babbar.tech/crawler)"
217.113.194.72 - - [01/Jan/2024:13:48:57 +0100] "GET /pmwiki/pmwiki.php/PmWiki/WikiGroups?action=diff&source=y&minor=y HTTP/1.1" 200 12875 "-" "Mozilla/5.0 (compatible; Barkrowler/0.9; +https://babbar.tech/crawler)"
217.113.194.123 - - [01/Jan/2024:13:50:50 +0100] "GET /pmwiki/pmwiki.php/PmWiki/WikiGroups?action=diff&source=y&minor=n HTTP/1.1" 200 12875 "-" "Mozilla/5.0 (compatible; Barkrowler/0.9; +https://babbar.tech/crawler)"
217.113.194.95 - - [01/Jan/2024:13:52:46 +0100] "GET /pmwiki/pmwiki.php/PmWiki/DocumentationIndex?action=upload&upname=wiki.png HTTP/1.1" 200 12492 "-" "Mozilla/5.0 (compatible; Barkrowler/0.9; +https://babbar.tech/crawler)"
217.113.194.101 - - [01/Jan/2024:13:54:42 +0100] "GET /pmwiki/pmwiki.php/PmWiki/FreeLinks?action=diff&source=y&minor=n HTTP/1.1" 200 12856 "-" "Mozilla/5.0 (compatible; Barkrowler/0.9; +https://babbar.tech/crawler)"
217.113.194.127 - - [01/Jan/2024:13:56:35 +0100] "GET /pmwiki/pmwiki.php/PmWiki/Requirements?action=diff&source=n&minor=y HTTP/1.1" 200 12910 "-" "Mozilla/5.0 (compatible; Barkrowler/0.9; +https://babbar.tech/crawler)"
216.244.66.203 - - [01/Jan/2024:13:57:30 +0100] "GET /robots.txt HTTP/1.1" 404 1181 "-" "Mozilla/5.0 (compatible; DotBot/1.2; +https://opensiteexplorer.org/dotbot; help@moz.com)"
49.12.13.109 - - [01/Jan/2024:13:58:17 +0100] "HEAD /pmwiki/pmwiki.php HTTP/1.1" 200 0 "-" "Alert_Alligator_webmonitoring_service_1.6.3_(alertalligator.com)"
217.113.194.96 - - [01/Jan/2024:13:58:28 +0100] "GET /pmwiki/pmwiki.php/PmWiki/Requirements?action=diff&source=n&minor=n HTTP/1.1" 200 12910 "-" "Mozilla/5.0 (compatible; Barkrowler/0.9; +https://babbar.tech/crawler)"
217.113.194.98 - - [01/Jan/2024:14:00:31 +0100] "GET /pmwiki/pmwiki.php/PmWiki/Requirements?action=diff&source=y&minor=n HTTP/1.1" 200 12910 "-" "Mozilla/5.0 (compatible; Barkrowler/0.9; +https://babbar.tech/crawler)"
217.113.194.65 - - [01/Jan/2024:14:02:29 +0100] "GET /pmwiki/pmwiki.php/PmWiki/Variables?action=diff&source=n&minor=n HTTP/1.1" 200 12857 "-" "Mozilla/5.0 (compatible; Barkrowler/0.9; +https://babbar.tech/crawler)"
216.244.66.203 - - [01/Jan/2024:14:03:57 +0100] "GET /pmwiki/pmwiki.php/Main/Cikkek?action=edit&restore=diff:1157455877:1137588749:minor&preview=y HTTP/1.1" 200 12422 "-" "Mozilla/5.0 (compatible; DotBot/1.2; +https://opensiteexplorer.org/dotbot; help@moz.com)"
217.113.194.118 - - [01/Jan/2024:14:04:18 +0100] "GET /pmwiki/pmwiki.php/PmWiki/Passwords?action=diff&source=y&minor=n HTTP/1.1" 200 12856 "-" "Mozilla/5.0 (compatible; Barkrowler/0.9; +https://babbar.tech/crawler)"
216.244.66.203 - - [01/Jan/2024:14:05:09 +0100] "GET /pmwiki/pmwiki.php/Main/HarcT%EDzITSzabadalomEllen?action=edit&restore=diff:1120087188:1120087188:&preview=y HTTP/1.1" 200 12728 "-" "Mozilla/5.0 (compatible; DotBot/1.2; +https://opensiteexplorer.org/dotbot; help@moz.com)"
216.244.66.203 - - [01/Jan/2024:14:05:14 +0100] "GET /pmwiki/pmwiki.php/Main/LehetsegesJavitasokEuropaban?action=edit&restore=diff:1118762251:1110653802:&preview=y HTTP/1.1" 200 12764 "-" "Mozilla/5.0 (compatible; DotBot/1.2; +https://opensiteexplorer.org/dotbot; help@moz.com)"
217.113.194.120 - - [01/Jan/2024:14:06:12 +0100] "GET /pmwiki/pmwiki.php/Profiles/FMCikk?action=diff&source=n&minor=n HTTP/1.1" 200 12840 "-" "Mozilla/5.0 (compatible; Barkrowler/0.9; +https://babbar.tech/crawler)"
216.244.66.203 - - [01/Jan/2024:14:07:57 +0100] "GET /pmwiki/pmwiki.php/Main/Patentpools?action=edit&restore=diff:1132225079:1132153047:&preview=y HTTP/1.1" 200 12496 "-" "Mozilla/5.0 (compatible; DotBot/1.2; +https://opensiteexplorer.org/dotbot; help@moz.com)"
216.244.66.203 - - [01/Jan/2024:14:08:01 +0100] "GET /pmwiki/pmwiki.php/PmWiki/PatrickMichaud?action=diff&source=y&minor=y HTTP/1.1" 200 12944 "-" "Mozilla/5.0 (compatible; DotBot/1.2; +https://opensiteexplorer.org/dotbot; help@moz.com)"
54.36.148.121 - - [01/Jan/2024:14:08:05 +0100] "GET /pmwiki/pmwiki.php/Main/Gazdas%E1giOldal?action=print HTTP/1.1" 200 9885 "-" "Mozilla/5.0 (compatible; AhrefsBot/7.0; +http://ahrefs.com/robot/)"
217.113.194.75 - - [01/Jan/2024:14:08:07 +0100] "GET /pmwiki/pmwiki.php/Profiles/ATraduire?action=diff&source=y&minor=y HTTP/1.1" 200 12894 "-" "Mozilla/5.0 (compatible; Barkrowler/0.9; +https://babbar.tech/crawler)"
217.113.194.120 - - [01/Jan/2024:14:10:00 +0100] "GET /pmwiki/pmwiki.php/Profiles/MitMondjunk?action=diff&source=n&minor=n HTTP/1.1" 200 12930 "-" "Mozilla/5.0 (compatible; Barkrowler/0.9; +https://babbar.tech/crawler)"
217.113.194.67 - - [01/Jan/2024:14:11:53 +0100] "GET /pmwiki/pmwiki.php/Profiles/WrapPlague?action=upload&upname=wiki.png HTTP/1.1" 200 12397 "-" "Mozilla/5.0 (compatible; Barkrowler/0.9; +https://babbar.tech/crawler)"
217.113.194.103 - - [01/Jan/2024:14:13:47 +0100] "GET /pmwiki/pmwiki.php/Main/Nyilatkozat?action=upload&upname=wiki.png HTTP/1.1" 200 12346 "-" "Mozilla/5.0 (compatible; Barkrowler/0.9; +https://babbar.tech/crawler)"
217.113.194.111 - - [01/Jan/2024:14:15:37 +0100] "GET /pmwiki/pmwiki.php/Main/C%E9lok?action=diff&source=n&minor=y HTTP/1.1" 200 23024 "-" "Mozilla/5.0 (compatible; Barkrowler/0.9; +https://babbar.tech/crawler)"
217.113.194.114 - - [01/Jan/2024:14:17:31 +0100] "GET /pmwiki/pmwiki.php/Main/C%E9lok?action=diff&source=n&minor=n HTTP/1.1" 200 23024 "-" "Mozilla/5.0 (compatible; Barkrowler/0.9; +https://babbar.tech/crawler)"
217.113.194.66 - - [01/Jan/2024:14:19:24 +0100] "GET /pmwiki/pmwiki.php/Main/CikkekDRM?action=upload&upname=wiki.png HTTP/1.1" 200 12314 "-" "Mozilla/5.0 (compatible; Barkrowler/0.9; +https://babbar.tech/crawler)"
217.113.194.125 - - [01/Jan/2024:14:21:16 +0100] "GET /pmwiki/pmwiki.php/Main/Marc06LMEPR?action=diff&source=n&minor=y HTTP/1.1" 200 17638 "-" "Mozilla/5.0 (compatible; Barkrowler/0.9; +https://babbar.tech/crawler)"
217.113.194.94 - - [01/Jan/2024:14:23:07 +0100] "GET /pmwiki/pmwiki.php/Main/MitTehetek?action=upload&upname=wiki.png HTTP/1.1" 200 12326 "-" "Mozilla/5.0 (compatible; Barkrowler/0.9; +https://babbar.tech/crawler)"
217.113.194.96 - - [01/Jan/2024:14:24:59 +0100] "GET /pmwiki/pmwiki.php/Main/NoSoftwarePatents?action=diff&source=y&minor=y HTTP/1.1" 200 13474 "-" "Mozilla/5.0 (compatible; Barkrowler/0.9; +https://babbar.tech/crawler)"
217.113.194.106 - - [01/Jan/2024:14:26:52 +0100] "GET /pmwiki/pmwiki.php/Main/NoSoftwarePatents?action=diff&source=n&minor=n HTTP/1.1" 200 13447 "-" "Mozilla/5.0 (compatible; Barkrowler/0.9; +https://babbar.tech/crawler)"
54.36.148.44 - - [01/Jan/2024:14:27:31 +0100] "GET /pmwiki/pmwiki.php/Main/Nyilatkozat?action=upload HTTP/1.1" 200 12330 "-" "Mozilla/5.0 (compatible; AhrefsBot/7.0; +http://ahrefs.com/robot/)"
217.113.194.115 - - [01/Jan/2024:14:28:41 +0100] "GET /pmwiki/pmwiki.php/Main/RocardEp2?action=upload&upname=wiki.png HTTP/1.1" 200 12310 "-" "Mozilla/5.0 (compatible; Barkrowler/0.9; +https://babbar.tech/crawler)"
217.113.194.77 - - [01/Jan/2024:14:30:50 +0100] "GET /pmwiki/pmwiki.php/Main/Direkt%EDva?action=upload&upname=wiki.png HTTP/1.1" 200 12342 "-" "Mozilla/5.0 (compatible; Barkrowler/0.9; +https://babbar.tech/crawler)"
217.113.194.114 - - [01/Jan/2024:14:32:38 +0100] "GET /pmwiki/pmwiki.php/Main/Direkt%EDva?action=diff&source=n&minor=y HTTP/1.1" 200 26112 "-" "Mozilla/5.0 (compatible; Barkrowler/0.9; +https://babbar.tech/crawler)"
217.113.194.127 - - [01/Jan/2024:14:34:31 +0100] "GET /pmwiki/pmwiki.php/Main/Direkt%EDva?action=diff&source=n&minor=n HTTP/1.1" 200 12849 "-" "Mozilla/5.0 (compatible; Barkrowler/0.9; +https://babbar.tech/crawler)"
217.113.194.90 - - [01/Jan/2024:14:36:21 +0100] "GET /pmwiki/pmwiki.php/Main/ThankYouPoland?action=diff&source=n&minor=n HTTP/1.1" 200 15641 "-" "Mozilla/5.0 (compatible; Barkrowler/0.9; +https://babbar.tech/crawler)"
217.113.194.86 - - [01/Jan/2024:14:38:42 +0100] "GET /pmwiki/pmwiki.php/Main/ThankYouPoland?action=diff&source=y&minor=y HTTP/1.1" 200 15714 "-" "Mozilla/5.0 (compatible; Barkrowler/0.9; +https://babbar.tech/crawler)"
217.113.194.101 - - [01/Jan/2024:14:40:34 +0100] "GET /pmwiki/pmwiki.php/Main/ThankYouPoland?action=diff&source=y&minor=n HTTP/1.1" 200 15714 "-" "Mozilla/5.0 (compatible; Barkrowler/0.9; +https://babbar.tech/crawler)"
217.113.194.65 - - [01/Jan/2024:14:42:26 +0100] "GET /pmwiki/pmwiki.php/Main/Doksik?action=diff&source=y&minor=y HTTP/1.1" 200 19322 "-" "Mozilla/5.0 (compatible; Barkrowler/0.9; +https://babbar.tech/crawler)"
54.36.149.50 - - [01/Jan/2024:14:43:30 +0100] "GET /pmwiki/pmwiki.php/Main/Gazdas%E1giOldal?action=edit HTTP/1.1" 200 12526 "-" "Mozilla/5.0 (compatible; AhrefsBot/7.0; +http://ahrefs.com/robot/)"
217.113.194.96 - - [01/Jan/2024:14:44:18 +0100] "GET /pmwiki/pmwiki.php/Main/Doksik?action=diff&source=y&minor=n HTTP/1.1" 200 17986 "-" "Mozilla/5.0 (compatible; Barkrowler/0.9; +https://babbar.tech/crawler)"
217.113.194.96 - - [01/Jan/2024:14:46:13 +0100] "GET /pmwiki/pmwiki.php/Main/Doksik?action=upload&upname=MIEallas.doc HTTP/1.1" 200 12266 "-" "Mozilla/5.0 (compatible; Barkrowler/0.9; +https://babbar.tech/crawler)"
212.237.53.115 - - [01/Jan/2024:14:46:28 +0100] "HEAD /pmwiki/pmwiki.php HTTP/1.1" 200 0 "-" "Alert_Alligator_webmonitoring_service_1.6.4_(alertalligator.com)"
217.113.194.106 - - [01/Jan/2024:14:48:24 +0100] "GET /pmwiki/pmwiki.php/Main/Let%F6lt%E9s?action=diff&source=n&minor=n HTTP/1.1" 200 12860 "-" "Mozilla/5.0 (compatible; Barkrowler/0.9; +https://babbar.tech/crawler)"
216.244.66.203 - - [01/Jan/2024:14:49:50 +0100] "GET /robots.txt HTTP/1.1" 404 1181 "-" "Mozilla/5.0 (compatible; DotBot/1.2; +https://opensiteexplorer.org/dotbot; help@moz.com)"
217.113.194.118 - - [01/Jan/2024:14:50:15 +0100] "GET /pmwiki/pmwiki.php/Main/Let%F6lt%E9s?action=diff&source=y&minor=y HTTP/1.1" 200 12860 "-" "Mozilla/5.0 (compatible; Barkrowler/0.9; +https://babbar.tech/crawler)"
217.113.194.65 - - [01/Jan/2024:14:52:03 +0100] "GET /pmwiki/pmwiki.php/Main/TelefononFaxon?action=upload&upname=wiki.png HTTP/1.1" 200 12393 "-" "Mozilla/5.0 (compatible; Barkrowler/0.9; +https://babbar.tech/crawler)"
217.113.194.122 - - [01/Jan/2024:14:53:57 +0100] "GET /pmwiki/pmwiki.php/Main/Telefonon?action=diff&source=y&minor=y HTTP/1.1" 200 26794 "-" "Mozilla/5.0 (compatible; Barkrowler/0.9; +https://babbar.tech/crawler)"
217.113.194.110 - - [01/Jan/2024:14:55:44 +0100] "GET /pmwiki/pmwiki.php/Main/Telefonon?action=diff&source=y&minor=n HTTP/1.1" 200 17746 "-" "Mozilla/5.0 (compatible; Barkrowler/0.9; +https://babbar.tech/crawler)"
217.113.194.108 - - [01/Jan/2024:14:57:35 +0100] "GET /pmwiki/pmwiki.php/Main/2005M%E1jus?action=diff&source=n&minor=y HTTP/1.1" 200 16708 "-" "Mozilla/5.0 (compatible; Barkrowler/0.9; +https://babbar.tech/crawler)"
216.244.66.203 - - [01/Jan/2024:14:58:42 +0100] "GET /pmwiki/pmwiki.php/Main/Direkt%EDva?action=edit&restore=diff:1122898677:1122891683:minor&preview=y HTTP/1.1" 200 12497 "-" "Mozilla/5.0 (compatible; DotBot/1.2; +https://opensiteexplorer.org/dotbot; help@moz.com)"
216.244.66.203 - - [01/Jan/2024:14:58:52 +0100] "GET /pmwiki/pmwiki.php/Main/K%F6zlem%E9nye?action=edit&restore=diff:1119252666:1119252666:minor&preview=y HTTP/1.1" 200 12537 "-" "Mozilla/5.0 (compatible; DotBot/1.2; +https://opensiteexplorer.org/dotbot; help@moz.com)"
216.244.66.203 - - [01/Jan/2024:14:58:57 +0100] "GET /pmwiki/pmwiki.php/PmWiki/WikiFarms?action=diff&source=n&minor=n HTTP/1.1" 200 12856 "-" "Mozilla/5.0 (compatible; DotBot/1.2; +https://opensiteexplorer.org/dotbot; help@moz.com)"
217.113.194.114 - - [01/Jan/2024:14:59:36 +0100] "GET /pmwiki/pmwiki.php/Main/2005M%E1jus?action=diff&source=y&minor=y HTTP/1.1" 200 16670 "-" "Mozilla/5.0 (compatible; Barkrowler/0.9; +https://babbar.tech/crawler)"
217.113.194.69 - - [01/Jan/2024:15:01:30 +0100] "GET /pmwiki/pmwiki.php/Main/Mintalevel0509?action=diff&source=y&minor=n HTTP/1.1" 200 21378 "-" "Mozilla/5.0 (compatible; Barkrowler/0.9; +https://babbar.tech/crawler)"
54.36.148.215 - - [01/Jan/2024:15:01:44 +0100] "GET /pmwiki/pmwiki.php/Main/Nyilatkozat?action=print HTTP/1.1" 200 8881 "-" "Mozilla/5.0 (compatible; AhrefsBot/7.0; +http://ahrefs.com/robot/)"
217.113.194.96 - - [01/Jan/2024:15:03:32 +0100] "GET /pmwiki/pmwiki.php/PmWiki/LocalCustomizations?action=diff&source=n&minor=y HTTP/1.1" 200 13035 "-" "Mozilla/5.0 (compatible; Barkrowler/0.9; +https://babbar.tech/crawler)"
217.113.194.76 - - [01/Jan/2024:15:05:24 +0100] "GET /pmwiki/pmwiki.php/PmWiki/LocalCustomizations?action=diff&source=n&minor=n HTTP/1.1" 200 13035 "-" "Mozilla/5.0 (compatible; Barkrowler/0.9; +https://babbar.tech/crawler)"
217.113.194.102 - - [01/Jan/2024:15:07:17 +0100] "GET /pmwiki/pmwiki.php/PmWiki/SpecialMarkups?action=diff&source=n&minor=y HTTP/1.1" 200 12960 "-" "Mozilla/5.0 (compatible; Barkrowler/0.9; +https://babbar.tech/crawler)"
217.113.194.70 - - [01/Jan/2024:15:09:08 +0100] "GET /pmwiki/pmwiki.php/PmWiki/Uploads?action=diff&source=y&minor=y HTTP/1.1" 200 12821 "-" "Mozilla/5.0 (compatible; Barkrowler/0.9; +https://babbar.tech/crawler)"
217.113.194.107 - - [01/Jan/2024:15:11:02 +0100] "GET /pmwiki/pmwiki.php/PmWiki/Uploads?action=diff&source=y&minor=n HTTP/1.1" 200 12821 "-" "Mozilla/5.0 (compatible; Barkrowler/0.9; +https://babbar.tech/crawler)"
110.249.202.190 - - [01/Jan/2024:15:12:26 +0100] "GET /robots.txt HTTP/1.1" 404 1181 "-" "Mozilla/5.0 (Linux; Android 5.0) AppleWebKit/537.36 (KHTML, like Gecko) Mobile Safari/537.36 (compatible; Bytespider; https://zhanzhang.toutiao.com/)"
217.113.194.87 - - [01/Jan/2024:15:12:54 +0100] "GET /pmwiki/pmwiki.php/PmWiki/UploadsAdmin?action=upload&upname=wiki.png HTTP/1.1" 200 12395 "-" "Mozilla/5.0 (compatible; Barkrowler/0.9; +https://babbar.tech/crawler)"
217.113.194.120 - - [01/Jan/2024:15:14:49 +0100] "GET /pmwiki/pmwiki.php/PmWiki/PmWiki?action=diff&source=y&minor=y HTTP/1.1" 200 451540 "-" "Mozilla/5.0 (compatible; Barkrowler/0.9; +https://babbar.tech/crawler)"
217.113.194.110 - - [01/Jan/2024:15:16:41 +0100] "GET /pmwiki/pmwiki.php/PmWiki/OtherVariables?action=upload&upname=wiki.png HTTP/1.1" 200 12428 "-" "Mozilla/5.0 (compatible; Barkrowler/0.9; +https://babbar.tech/crawler)"
217.113.194.91 - - [01/Jan/2024:15:18:30 +0100] "GET /pmwiki/pmwiki.php/PmWiki/MailingLists?action=upload&upname=wiki.png HTTP/1.1" 200 12395 "-" "Mozilla/5.0 (compatible; Barkrowler/0.9; +https://babbar.tech/crawler)"
217.113.194.105 - - [01/Jan/2024:15:20:30 +0100] "GET /pmwiki/pmwiki.php/PmWiki/EditVariables?action=upload&upname=wiki.png HTTP/1.1" 200 12411 "-" "Mozilla/5.0 (compatible; Barkrowler/0.9; +https://babbar.tech/crawler)"
217.113.194.98 - - [01/Jan/2024:15:22:27 +0100] "GET /pmwiki/pmwiki.php/PmWiki/LayoutVariables?action=upload&upname=wiki.png HTTP/1.1" 200 12443 "-" "Mozilla/5.0 (compatible; Barkrowler/0.9; +https://babbar.tech/crawler)"
217.113.194.109 - - [01/Jan/2024:15:24:18 +0100] "GET /pmwiki/pmwiki.php/PmWiki/LayoutVariables?action=diff&source=n&minor=y HTTP/1.1" 200 12964 "-" "Mozilla/5.0 (compatible; Barkrowler/0.9; +https://babbar.tech/crawler)"
217.113.194.76 - - [01/Jan/2024:15:26:09 +0100] "GET /pmwiki/pmwiki.php/PmWiki/LayoutVariables?action=diff&source=n&minor=n HTTP/1.1" 200 12964 "-" "Mozilla/5.0 (compatible; Barkrowler/0.9; +https://babbar.tech/crawler)"
212.237.51.151 - - [01/Jan/2024:15:27:58 +0100] "HEAD /pmwiki/pmwiki.php HTTP/1.1" 200 0 "-" "Alert_Alligator_webmonitoring_service_1.6.4_(alertalligator.com)"
217.113.194.111 - - [01/Jan/2024:15:28:03 +0100] "GET /pmwiki/pmwiki.php/PmWiki/CustomInterMap?action=diff&source=n&minor=y HTTP/1.1" 200 12948 "-" "Mozilla/5.0 (compatible; Barkrowler/0.9; +https://babbar.tech/crawler)"
217.113.194.118 - - [01/Jan/2024:15:29:57 +0100] "GET /pmwiki/pmwiki.php/PmWiki/CustomWikiStyles?action=upload&upname=wiki.png HTTP/1.1" 200 12459 "-" "Mozilla/5.0 (compatible; Barkrowler/0.9; +https://babbar.tech/crawler)"
217.113.194.71 - - [01/Jan/2024:15:31:45 +0100] "GET /pmwiki/pmwiki.php/PmWiki/CustomMarkup?action=diff&source=n&minor=n HTTP/1.1" 200 12911 "-" "Mozilla/5.0 (compatible; Barkrowler/0.9; +https://babbar.tech/crawler)"
217.113.194.81 - - [01/Jan/2024:15:33:31 +0100] "GET /pmwiki/pmwiki.php/PmWiki/GroupAttributes?action=diff&source=n&minor=n HTTP/1.1" 200 12965 "-" "Mozilla/5.0 (compatible; Barkrowler/0.9; +https://babbar.tech/crawler)"
217.113.194.124 - - [01/Jan/2024:15:35:23 +0100] "GET /pmwiki/pmwiki.php/PmWiki/Security?action=diff&source=n&minor=y HTTP/1.1" 200 12840 "-" "Mozilla/5.0 (compatible; Barkrowler/0.9; +https://babbar.tech/crawler)"
217.113.194.113 - - [01/Jan/2024:15:37:11 +0100] "GET /pmwiki/pmwiki.php/PmWiki/Security?action=diff&source=n&minor=n HTTP/1.1" 200 12840 "-" "Mozilla/5.0 (compatible; Barkrowler/0.9; +https://babbar.tech/crawler)"
217.113.194.106 - - [01/Jan/2024:15:39:03 +0100] "GET /pmwiki/pmwiki.php/PmWiki/TipsForEditing?action=upload&upname=wiki.png HTTP/1.1" 200 12428 "-" "Mozilla/5.0 (compatible; Barkrowler/0.9; +https://babbar.tech/crawler)"
217.113.194.94 - - [01/Jan/2024:15:40:52 +0100] "GET /pmwiki/pmwiki.php/PmWiki/WikiWikiWeb?action=diff&source=n&minor=n HTTP/1.1" 200 12892 "-" "Mozilla/5.0 (compatible; Barkrowler/0.9; +https://babbar.tech/crawler)"
217.113.194.127 - - [01/Jan/2024:15:42:45 +0100] "GET /pmwiki/pmwiki.php/PmWiki/WikiSandbox?action=diff&source=n&minor=n HTTP/1.1" 200 12892 "-" "Mozilla/5.0 (compatible; Barkrowler/0.9; +https://babbar.tech/crawler)"
216.244.66.203 - - [01/Jan/2024:15:43:15 +0100] "GET /robots.txt HTTP/1.1" 404 1181 "-" "Mozilla/5.0 (compatible; DotBot/1.2; +https://opensiteexplorer.org/dotbot; help@moz.com)"
217.113.194.70 - - [01/Jan/2024:15:44:43 +0100] "GET /pmwiki/pmwiki.php/PmWiki/WikiAdministrator?action=upload&upname=wiki.png HTTP/1.1" 200 12474 "-" "Mozilla/5.0 (compatible; Barkrowler/0.9; +https://babbar.tech/crawler)"
217.113.194.124 - - [01/Jan/2024:15:46:33 +0100] "GET /pmwiki/pmwiki.php/PmWiki/DocumentationIndex?action=diff&source=n&minor=y HTTP/1.1" 200 13019 "-" "Mozilla/5.0 (compatible; Barkrowler/0.9; +https://babbar.tech/crawler)"
217.113.194.102 - - [01/Jan/2024:15:48:30 +0100] "GET /pmwiki/pmwiki.php/PmWiki/DocumentationIndex?action=diff&source=y&minor=n HTTP/1.1" 200 13019 "-" "Mozilla/5.0 (compatible; Barkrowler/0.9; +https://babbar.tech/crawler)"
217.113.194.70 - - [01/Jan/2024:15:50:21 +0100] "GET /pmwiki/pmwiki.php/PmWiki/PasswordsAdmin?action=upload&upname=wiki.png HTTP/1.1" 200 12428 "-" "Mozilla/5.0 (compatible; Barkrowler/0.9; +https://babbar.tech/crawler)"
216.244.66.203 - - [01/Jan/2024:15:51:16 +0100] "GET /pmwiki/pmwiki.php/Main/Cikkek?action=edit&restore=diff:1121084781:1121081034:minor&preview=y HTTP/1.1" 200 12422 "-" "Mozilla/5.0 (compatible; DotBot/1.2; +https://opensiteexplorer.org/dotbot; help@moz.com)"
216.244.66.203 - - [01/Jan/2024:15:51:21 +0100] "GET /pmwiki/pmwiki.php/Main/SideBar?action=edit&restore=diff:1123155542:1123155444:minor&preview=y HTTP/1.1" 200 12435 "-" "Mozilla/5.0 (compatible; DotBot/1.2; +https://opensiteexplorer.org/dotbot; help@moz.com)"
217.113.194.88 - - [01/Jan/2024:15:52:11 +0100] "GET /pmwiki/pmwiki.php/PmWiki/Internationalizations?action=upload&upname=wiki.png HTTP/1.1" 200 12539 "-" "Mozilla/5.0 (compatible; Barkrowler/0.9; +https://babbar.tech/crawler)"
217.113.194.82 - - [01/Jan/2024:15:54:04 +0100] "GET /pmwiki/pmwiki.php/Emeltdijas/Hu?action=upload&upname=wiki.png HTTP/1.1" 200 12300 "-" "Mozilla/5.0 (compatible; Barkrowler/0.9; +https://babbar.tech/crawler)"
217.113.194.84 - - [01/Jan/2024:15:55:57 +0100] "GET /pmwiki/pmwiki.php/Profiles/MitMondjunk?action=diff&source=y&minor=y HTTP/1.1" 200 12930 "-" "Mozilla/5.0 (compatible; Barkrowler/0.9; +https://babbar.tech/crawler)"
54.36.149.94 - - [01/Jan/2024:15:56:52 +0100] "GET /pmwiki/pmwiki.php/Main/SzoftverSzabadalmak HTTP/1.1" 200 15057 "-" "Mozilla/5.0 (compatible; AhrefsBot/7.0; +http://ahrefs.com/robot/)"
217.113.194.103 - - [01/Jan/2024:15:57:45 +0100] "GET /pmwiki/pmwiki.php/Profiles/MitMondjunk?action=diff&source=y&minor=n HTTP/1.1" 200 12930 "-" "Mozilla/5.0 (compatible; Barkrowler/0.9; +https://babbar.tech/crawler)"
217.113.194.88 - - [01/Jan/2024:15:59:34 +0100] "GET /pmwiki/pmwiki.php/Main/H%EDrek?action=diff&source=n&minor=y HTTP/1.1" 200 21348 "-" "Mozilla/5.0 (compatible; Barkrowler/0.9; +https://babbar.tech/crawler)"
217.113.194.68 - - [01/Jan/2024:16:01:19 +0100] "GET /pmwiki/pmwiki.php/Main/H%EDrek?action=diff&source=n&minor=n HTTP/1.1" 200 20169 "-" "Mozilla/5.0 (compatible; Barkrowler/0.9; +https://babbar.tech/crawler)"
217.113.194.121 - - [01/Jan/2024:16:03:07 +0100] "GET /pmwiki/pmwiki.php/Main/Nyilatkozat?action=diff&source=n&minor=n HTTP/1.1" 200 20409 "-" "Mozilla/5.0 (compatible; Barkrowler/0.9; +https://babbar.tech/crawler)"
217.113.194.92 - - [01/Jan/2024:16:04:56 +0100] "GET /pmwiki/pmwiki.php/Main/Nyilatkozat?action=diff&source=y&minor=y HTTP/1.1" 200 20888 "-" "Mozilla/5.0 (compatible; Barkrowler/0.9; +https://babbar.tech/crawler)"
217.113.194.75 - - [01/Jan/2024:16:06:45 +0100] "GET /pmwiki/pmwiki.php/Main/Nyilatkozat?action=diff&source=y&minor=n HTTP/1.1" 200 20888 "-" "Mozilla/5.0 (compatible; Barkrowler/0.9; +https://babbar.tech/crawler)"
217.113.194.70 - - [01/Jan/2024:16:08:43 +0100] "GET /pmwiki/pmwiki.php/Main/BMEKonferencia?action=diff&source=y&minor=y HTTP/1.1" 200 79537 "-" "Mozilla/5.0 (compatible; Barkrowler/0.9; +https://babbar.tech/crawler)"
217.113.194.126 - - [01/Jan/2024:16:10:33 +0100] "GET /pmwiki/pmwiki.php/Main/C%E9lok?action=diff&source=y&minor=y HTTP/1.1" 200 23169 "-" "Mozilla/5.0 (compatible; Barkrowler/0.9; +https://babbar.tech/crawler)"
212.237.53.115 - - [01/Jan/2024:16:11:42 +0100] "HEAD /pmwiki/pmwiki.php HTTP/1.1" 200 0 "-" "Alert_Alligator_webmonitoring_service_1.6.4_(alertalligator.com)"
217.113.194.88 - - [01/Jan/2024:16:12:17 +0100] "GET /pmwiki/pmwiki.php/Main/2003M%E1jusiNyilatkozat?action=edit HTTP/1.1" 200 12634 "-" "Mozilla/5.0 (compatible; Barkrowler/0.9; +https://babbar.tech/crawler)"
217.113.194.101 - - [01/Jan/2024:16:14:07 +0100] "GET /pmwiki/pmwiki.php/Main/2003M%E1jusiNyilatkozat?action=upload HTTP/1.1" 200 12514 "-" "Mozilla/5.0 (compatible; Barkrowler/0.9; +https://babbar.tech/crawler)"
217.113.194.110 - - [01/Jan/2024:16:16:00 +0100] "GET /pmwiki/pmwiki.php/Main/2003M%E1jusiNyilatkozat?action=print HTTP/1.1" 200 7268 "-" "Mozilla/5.0 (compatible; Barkrowler/0.9; +https://babbar.tech/crawler)"
217.113.194.93 - - [01/Jan/2024:16:17:55 +0100] "GET /pmwiki/pmwiki.php/Main/2003M%E1jusiNyilatkozat?action=diff HTTP/1.1" 200 16688 "-" "Mozilla/5.0 (compatible; Barkrowler/0.9; +https://babbar.tech/crawler)"
217.113.194.82 - - [01/Jan/2024:16:19:53 +0100] "GET /pmwiki/pmwiki.php/Main/CikkekDRM?action=diff&source=y&minor=y HTTP/1.1" 200 22050 "-" "Mozilla/5.0 (compatible; Barkrowler/0.9; +https://babbar.tech/crawler)"
217.113.194.76 - - [01/Jan/2024:16:21:41 +0100] "GET /pmwiki/pmwiki.php/Main/CikkekDRM?action=diff&source=y&minor=n HTTP/1.1" 200 12819 "-" "Mozilla/5.0 (compatible; Barkrowler/0.9; +https://babbar.tech/crawler)"
217.113.194.122 - - [01/Jan/2024:16:23:30 +0100] "GET /pmwiki/pmwiki.php/Main/Portf%F3li%F3Effektus?action=upload HTTP/1.1" 200 12481 "-" "Mozilla/5.0 (compatible; Barkrowler/0.9; +https://babbar.tech/crawler)"
217.113.194.102 - - [01/Jan/2024:16:25:17 +0100] "GET /pmwiki/pmwiki.php/Main/TelefononFaxon?action=diff&source=n&minor=y HTTP/1.1" 200 12908 "-" "Mozilla/5.0 (compatible; Barkrowler/0.9; +https://babbar.tech/crawler)"
217.113.194.78 - - [01/Jan/2024:16:27:07 +0100] "GET /pmwiki/pmwiki.php/Main/TelefononFaxon?action=diff&source=n&minor=n HTTP/1.1" 200 12908 "-" "Mozilla/5.0 (compatible; Barkrowler/0.9; +https://babbar.tech/crawler)"
217.113.194.108 - - [01/Jan/2024:16:28:52 +0100] "GET /pmwiki/pmwiki.php/Main/Portf%F3li%F3Effektus?action=diff HTTP/1.1" 200 13022 "-" "Mozilla/5.0 (compatible; Barkrowler/0.9; +https://babbar.tech/crawler)"
217.113.194.106 - - [01/Jan/2024:16:30:40 +0100] "GET /pmwiki/pmwiki.php/PmWiki/PredefinedWikiStyles?action=upload&upname=wiki.png HTTP/1.1" 200 12523 "-" "Mozilla/5.0 (compatible; Barkrowler/0.9; +https://babbar.tech/crawler)"
217.113.194.116 - - [01/Jan/2024:16:32:30 +0100] "GET /pmwiki/pmwiki.php/Cookbook-V1/UserAuth?action=diff&source=n&minor=y HTTP/1.1" 200 12933 "-" "Mozilla/5.0 (compatible; Barkrowler/0.9; +https://babbar.tech/crawler)"
217.113.194.102 - - [01/Jan/2024:16:34:25 +0100] "GET /pmwiki/pmwiki.php/Profiles/Leforditando?action=diff&source=n&minor=y HTTP/1.1" 200 12948 "-" "Mozilla/5.0 (compatible; Barkrowler/0.9; +https://babbar.tech/crawler)"
217.113.194.114 - - [01/Jan/2024:16:36:21 +0100] "GET /pmwiki/pmwiki.php/Main/ADRMHib%E1i?action=upload&upname=wiki.png HTTP/1.1" 200 12341 "-" "Mozilla/5.0 (compatible; Barkrowler/0.9; +https://babbar.tech/crawler)"
216.244.66.203 - - [01/Jan/2024:16:37:09 +0100] "GET /robots.txt HTTP/1.1" 404 1181 "-" "Mozilla/5.0 (compatible; DotBot/1.2; +https://opensiteexplorer.org/dotbot; help@moz.com)"
217.113.194.86 - - [01/Jan/2024:16:38:13 +0100] "GET /pmwiki/pmwiki.php/Profiles/MacintelDRMOS?action=diff&source=y&minor=n HTTP/1.1" 200 12966 "-" "Mozilla/5.0 (compatible; Barkrowler/0.9; +https://babbar.tech/crawler)"
217.113.194.104 - - [01/Jan/2024:16:40:13 +0100] "GET /pmwiki/pmwiki.php/Profiles/Privcikkek?action=diff&source=y&minor=n HTTP/1.1" 200 12912 "-" "Mozilla/5.0 (compatible; Barkrowler/0.9; +https://babbar.tech/crawler)"
217.113.194.85 - - [01/Jan/2024:16:42:18 +0100] "GET /pmwiki/pmwiki.php/PmWiki/PredefinedWikiStyles?action=diff&source=y&minor=y HTTP/1.1" 200 13054 "-" "Mozilla/5.0 (compatible; Barkrowler/0.9; +https://babbar.tech/crawler)"
217.113.194.118 - - [01/Jan/2024:16:44:10 +0100] "GET /pmwiki/pmwiki.php/Main/ADRMHib%E1i?action=diff&source=n&minor=n HTTP/1.1" 200 12848 "-" "Mozilla/5.0 (compatible; Barkrowler/0.9; +https://babbar.tech/crawler)"
217.113.194.113 - - [01/Jan/2024:16:46:04 +0100] "GET /pmwiki/pmwiki.php/Main/ADRMHib%E1i?action=diff&source=y&minor=n HTTP/1.1" 200 12848 "-" "Mozilla/5.0 (compatible; Barkrowler/0.9; +https://babbar.tech/crawler)"
217.113.194.68 - - [01/Jan/2024:16:47:53 +0100] "GET /pmwiki/pmwiki.php/Profiles/%C9n%CDrtamH%E1tPublik%E1lom?action=edit HTTP/1.1" 200 12773 "-" "Mozilla/5.0 (compatible; Barkrowler/0.9; +https://babbar.tech/crawler)"
217.113.194.120 - - [01/Jan/2024:16:49:41 +0100] "GET /pmwiki/pmwiki.php/Main/Portf%F3li%F3Effektus?action=diff&source=n&minor=n HTTP/1.1" 200 13022 "-" "Mozilla/5.0 (compatible; Barkrowler/0.9; +https://babbar.tech/crawler)"
216.244.66.203 - - [01/Jan/2024:16:50:03 +0100] "GET /pmwiki/pmwiki.php/Main/Cikkek?action=edit&restore=diff:1108896286:1108896110:&preview=y HTTP/1.1" 200 12417 "-" "Mozilla/5.0 (compatible; DotBot/1.2; +https://opensiteexplorer.org/dotbot; help@moz.com)"
216.244.66.203 - - [01/Jan/2024:16:50:08 +0100] "GET /pmwiki/pmwiki.php/Main/Cikkek?action=edit&restore=diff:1115799319:1113392073:&preview=y HTTP/1.1" 200 12417 "-" "Mozilla/5.0 (compatible; DotBot/1.2; +https://opensiteexplorer.org/dotbot; help@moz.com)"
216.244.66.203 - - [01/Jan/2024:16:50:14 +0100] "GET /pmwiki/pmwiki.php/Main/Portf%F3li%F3Effektus?action=diff&source=y&minor=y HTTP/1.1" 200 13022 "-" "Mozilla/5.0 (compatible; DotBot/1.2; +https://opensiteexplorer.org/dotbot; help@moz.com)"
216.244.66.203 - - [01/Jan/2024:16:50:17 +0100] "GET /pmwiki/pmwiki.php/Main/SideBar?action=edit&restore=diff:1114166135:1113919879:&preview=y HTTP/1.1" 200 12430 "-" "Mozilla/5.0 (compatible; DotBot/1.2; +https://opensiteexplorer.org/dotbot; help@moz.com)"
216.244.66.203 - - [01/Jan/2024:16:50:21 +0100] "GET /pmwiki/pmwiki.php/Main/Telefonon?action=edit&restore=diff:1120224313:1120224298:&preview=y HTTP/1.1" 200 12460 "-" "Mozilla/5.0 (compatible; DotBot/1.2; +https://opensiteexplorer.org/dotbot; help@moz.com)"
216.244.66.203 - - [01/Jan/2024:16:50:24 +0100] "GET /pmwiki/pmwiki.php/Profiles/ATraduire?action=diff&source=n&minor=n HTTP/1.1" 200 12894 "-" "Mozilla/5.0 (compatible; DotBot/1.2; +https://opensiteexplorer.org/dotbot; help@moz.com)"
217.113.194.82 - - [01/Jan/2024:16:51:33 +0100] "GET /pmwiki/pmwiki.php/Main/Google?action=edit&restore=diff:1134209750:1132310206:minor&preview=y HTTP/1.1" 200 12417 "-" "Mozilla/5.0 (compatible; Barkrowler/0.9; +https://babbar.tech/crawler)"
217.113.194.84 - - [01/Jan/2024:16:53:26 +0100] "GET /pmwiki/pmwiki.php/Profiles/%C9n%CDrtamH%E1tPublik%E1lom?action=diff HTTP/1.1" 200 13212 "-" "Mozilla/5.0 (compatible; Barkrowler/0.9; +https://babbar.tech/crawler)"
217.113.194.71 - - [01/Jan/2024:16:55:18 +0100] "GET /pmwiki/pmwiki.php/Main/Id%E9nNemLeszDirekt%EDva?action=diff&source=n&minor=y HTTP/1.1" 200 13076 "-" "Mozilla/5.0 (compatible; Barkrowler/0.9; +https://babbar.tech/crawler)"
216.244.66.203 - - [01/Jan/2024:16:56:22 +0100] "GET /pmwiki/pmwiki.php/Main/AJelenlegiSzerzoiJogiTorveny?action=edit&restore=diff:1110551123:1110550548:&preview=y HTTP/1.1" 200 12764 "-" "Mozilla/5.0 (compatible; DotBot/1.2; +https://opensiteexplorer.org/dotbot; help@moz.com)"
217.113.194.77 - - [01/Jan/2024:16:57:09 +0100] "GET /pmwiki/pmwiki.php/Main/H%EDrek?action=edit&restore=diff:1114586867:1113412884:&preview=y HTTP/1.1" 200 12426 "-" "Mozilla/5.0 (compatible; Barkrowler/0.9; +https://babbar.tech/crawler)"
217.113.194.106 - - [01/Jan/2024:16:59:05 +0100] "GET /pmwiki/pmwiki.php/Main/C%E9lok?action=edit&restore=diff:1112895491:1112895306:&preview=y HTTP/1.1" 200 12424 "-" "Mozilla/5.0 (compatible; Barkrowler/0.9; +https://babbar.tech/crawler)"
217.113.194.74 - - [01/Jan/2024:17:01:08 +0100] "GET /pmwiki/pmwiki.php/Main/C%E9lok?action=edit&restore=diff:1116012609:1116012227:&preview=y HTTP/1.1" 200 12424 "-" "Mozilla/5.0 (compatible; Barkrowler/0.9; +https://babbar.tech/crawler)"
217.113.194.112 - - [01/Jan/2024:17:03:07 +0100] "GET /pmwiki/pmwiki.php/Main/C%E9lok?action=edit&restore=diff:1116012764:1116012609:&preview=y HTTP/1.1" 200 12424 "-" "Mozilla/5.0 (compatible; Barkrowler/0.9; +https://babbar.tech/crawler)"
217.113.194.71 - - [01/Jan/2024:17:05:02 +0100] "GET /pmwiki/pmwiki.php/Main/2003M%E1jusBr%FCsszeliT%FAra?action=diff&source=n&minor=n HTTP/1.1" 200 14621 "-" "Mozilla/5.0 (compatible; Barkrowler/0.9; +https://babbar.tech/crawler)"
217.113.194.116 - - [01/Jan/2024:17:06:57 +0100] "GET /pmwiki/pmwiki.php/Main/Marc06LMEPR?action=edit&restore=diff:1110528765:1110528765:&preview=y HTTP/1.1" 200 12493 "-" "Mozilla/5.0 (compatible; Barkrowler/0.9; +https://babbar.tech/crawler)"
217.113.194.111 - - [01/Jan/2024:17:08:48 +0100] "GET /pmwiki/pmwiki.php/Main/Cikkek?action=edit&restore=diff:1137588749:1137588706:minor&preview=y HTTP/1.1" 200 12422 "-" "Mozilla/5.0 (compatible; Barkrowler/0.9; +https://babbar.tech/crawler)"
217.113.194.88 - - [01/Jan/2024:17:10:42 +0100] "GET /pmwiki/pmwiki.php/Main/2005J%FAnius?action=edit&restore=diff:1120084728:1120084728:&preview=y HTTP/1.1" 200 12504 "-" "Mozilla/5.0 (compatible; Barkrowler/0.9; +https://babbar.tech/crawler)"
49.12.13.109 - - [01/Jan/2024:17:10:49 +0100] "HEAD /pmwiki/pmwiki.php HTTP/1.1" 200 0 "-" "Alert_Alligator_webmonitoring_service_1.6.3_(alertalligator.com)"
217.113.194.70 - - [01/Jan/2024:17:12:32 +0100] "GET /pmwiki/pmwiki.php/Main/2005J%FAnius?action=edit&restore=diff:1120084776:1120084728:&preview=y HTTP/1.1" 200 12504 "-" "Mozilla/5.0 (compatible; Barkrowler/0.9; +https://babbar.tech/crawler)"
217.113.194.75 - - [01/Jan/2024:17:14:27 +0100] "GET /pmwiki/pmwiki.php/Main/K%F6zlem%E9nye?action=edit&restore=diff:1119253216:1119252666:&preview=y HTTP/1.1" 200 12532 "-" "Mozilla/5.0 (compatible; Barkrowler/0.9; +https://babbar.tech/crawler)"
217.113.194.105 - - [01/Jan/2024:17:16:21 +0100] "GET /pmwiki/pmwiki.php/Main/K%F6zlem%E9nye?action=edit&restore=diff:1119253255:1119253216:&preview=y HTTP/1.1" 200 12532 "-" "Mozilla/5.0 (compatible; Barkrowler/0.9; +https://babbar.tech/crawler)"
217.113.194.122 - - [01/Jan/2024:17:18:11 +0100] "GET /pmwiki/pmwiki.php/Main/K%F6zlem%E9nye?action=edit&restore=diff:1119264981:1119253289:&preview=y HTTP/1.1" 200 12532 "-" "Mozilla/5.0 (compatible; Barkrowler/0.9; +https://babbar.tech/crawler)"
217.113.194.77 - - [01/Jan/2024:17:20:02 +0100] "GET /pmwiki/pmwiki.php/Main/2004Febru%E1riK%F6sz%F6netLengyelorsz%E1gnak?action=edit HTTP/1.1" 200 12958 "-" "Mozilla/5.0 (compatible; Barkrowler/0.9; +https://babbar.tech/crawler)"
217.113.194.110 - - [01/Jan/2024:17:21:53 +0100] "GET /pmwiki/pmwiki.php/Main/2004-esNyilatkozat?action=edit&restore=diff:1120083031:1120083031:&preview=y HTTP/1.1" 200 12604 "-" "Mozilla/5.0 (compatible; Barkrowler/0.9; +https://babbar.tech/crawler)"
217.113.194.71 - - [01/Jan/2024:17:23:48 +0100] "GET /pmwiki/pmwiki.php/Main/BillGates%C9sM%E1sKommunist%E1k?action=diff&source=y&minor=y HTTP/1.1" 200 21007 "-" "Mozilla/5.0 (compatible; Barkrowler/0.9; +https://babbar.tech/crawler)"
217.113.194.84 - - [01/Jan/2024:17:25:35 +0100] "GET /pmwiki/pmwiki.php/Main/Direkt%EDva?action=edit&restore=diff:1122891683:1122891683:minor&preview=y HTTP/1.1" 200 12497 "-" "Mozilla/5.0 (compatible; Barkrowler/0.9; +https://babbar.tech/crawler)"
217.113.194.81 - - [01/Jan/2024:17:27:26 +0100] "GET /pmwiki/pmwiki.php/Main/2005M%E1rciusiK%F6z%F6sNyilatkozat?action=upload&upname=wiki.png HTTP/1.1" 200 12698 "-" "Mozilla/5.0 (compatible; Barkrowler/0.9; +https://babbar.tech/crawler)"
217.113.194.127 - - [01/Jan/2024:17:29:13 +0100] "GET /pmwiki/pmwiki.php/Main/2005M%E1rcius8?action=edit&restore=diff:1120084200:1120084200:&preview=y HTTP/1.1" 200 12536 "-" "Mozilla/5.0 (compatible; Barkrowler/0.9; +https://babbar.tech/crawler)"
216.244.66.203 - - [01/Jan/2024:17:29:49 +0100] "GET /robots.txt HTTP/1.1" 404 1181 "-" "Mozilla/5.0 (compatible; DotBot/1.2; +https://opensiteexplorer.org/dotbot; help@moz.com)"
217.113.194.125 - - [01/Jan/2024:17:31:03 +0100] "GET /pmwiki/pmwiki.php/PmWiki/PmWiki?action=edit&restore=diff:1116817444:1116427766:minor&preview=y HTTP/1.1" 200 12451 "-" "Mozilla/5.0 (compatible; Barkrowler/0.9; +https://babbar.tech/crawler)"
217.113.194.86 - - [01/Jan/2024:17:32:51 +0100] "GET /pmwiki/pmwiki.php/PmWiki/PmWiki?action=edit&restore=diff:1116379974:1114493707:minor&preview=y HTTP/1.1" 200 12451 "-" "Mozilla/5.0 (compatible; Barkrowler/0.9; +https://babbar.tech/crawler)"
217.113.194.95 - - [01/Jan/2024:17:34:46 +0100] "GET /pmwiki/pmwiki.php/Main/Nyilatkozatok?action=edit&restore=diff:1120082868:1120082868:&preview=y HTTP/1.1" 200 12524 "-" "Mozilla/5.0 (compatible; Barkrowler/0.9; +https://babbar.tech/crawler)"
217.113.194.115 - - [01/Jan/2024:17:36:39 +0100] "GET /pmwiki/pmwiki.php/Main/Nyilatkozatok?action=edit&restore=diff:1120084186:1120084143:&preview=y HTTP/1.1" 200 12524 "-" "Mozilla/5.0 (compatible; Barkrowler/0.9; +https://babbar.tech/crawler)"
217.113.194.123 - - [01/Jan/2024:17:38:29 +0100] "GET /pmwiki/pmwiki.php/Main/2004Febru%E1riK%F6sz%F6netLengyelorsz%E1gnak?action=upload HTTP/1.1" 200 12838 "-" "Mozilla/5.0 (compatible; Barkrowler/0.9; +https://babbar.tech/crawler)"
217.113.194.70 - - [01/Jan/2024:17:40:27 +0100] "GET /pmwiki/pmwiki.php/Main/CikkekDRM?action=edit&restore=diff:1122541376:1122541376:minor&preview=y HTTP/1.1" 200 12469 "-" "Mozilla/5.0 (compatible; Barkrowler/0.9; +https://babbar.tech/crawler)"
217.113.194.124 - - [01/Jan/2024:17:42:24 +0100] "GET /pmwiki/pmwiki.php/Main/CikkekDRM?action=edit&restore=diff:1130866761:1129894902:minor&preview=y HTTP/1.1" 200 12469 "-" "Mozilla/5.0 (compatible; Barkrowler/0.9; +https://babbar.tech/crawler)"
217.113.194.116 - - [01/Jan/2024:17:44:15 +0100] "GET /pmwiki/pmwiki.php/Main/HeringgelMegval%F3s%EDtottTal%E1lm%E1nyok?action=upload HTTP/1.1" 200 12794 "-" "Mozilla/5.0 (compatible; Barkrowler/0.9; +https://babbar.tech/crawler)"
217.113.194.97 - - [01/Jan/2024:17:46:09 +0100] "GET /pmwiki/pmwiki.php/Main/2005M%E1rciusiK%F6z%F6sNyilatkozat?action=diff&source=n&minor=n HTTP/1.1" 200 14318 "-" "Mozilla/5.0 (compatible; Barkrowler/0.9; +https://babbar.tech/crawler)"
217.113.194.75 - - [01/Jan/2024:17:47:59 +0100] "GET /pmwiki/pmwiki.php/Profiles/%C9n%CDrtamH%E1tPublik%E1lom?action=upload&upname=wiki.png HTTP/1.1" 200 12669 "-" "Mozilla/5.0 (compatible; Barkrowler/0.9; +https://babbar.tech/crawler)"
216.244.66.203 - - [01/Jan/2024:17:48:37 +0100] "GET /pmwiki/pmwiki.php/PmWiki/RSS?action=diff&source=y&minor=y HTTP/1.1" 200 12749 "-" "Mozilla/5.0 (compatible; DotBot/1.2; +https://opensiteexplorer.org/dotbot; help@moz.com)"
217.113.194.89 - - [01/Jan/2024:17:50:04 +0100] "GET /pmwiki/pmwiki.php/Main/2003M%E1jusiNyilatkozathozKapcsol%F3d%F3Cikk HTTP/1.1" 200 14960 "-" "Mozilla/5.0 (compatible; Barkrowler/0.9; +https://babbar.tech/crawler)"
217.113.194.125 - - [01/Jan/2024:17:51:56 +0100] "GET /pmwiki/pmwiki.php/Main/Comission-negatesDemocracy?action=edit&restore=diff:1110529275:1110529275:&preview=y HTTP/1.1" 200 12733 "-" "Mozilla/5.0 (compatible; Barkrowler/0.9; +https://babbar.tech/crawler)"
217.113.194.94 - - [01/Jan/2024:17:53:54 +0100] "GET /pmwiki/pmwiki.php/Main/Sajt%F3anyag?action=edit&restore=diff:1110529380:1110528325:&preview=y HTTP/1.1" 200 12505 "-" "Mozilla/5.0 (compatible; Barkrowler/0.9; +https://babbar.tech/crawler)"
216.244.66.203 - - [01/Jan/2024:17:55:06 +0100] "GET /pmwiki/pmwiki.php/Main/AJelenlegiSzerzoiJogiTorveny?action=edit&restore=diff:1110471011:1110471011:&preview=y HTTP/1.1" 200 12764 "-" "Mozilla/5.0 (compatible; DotBot/1.2; +https://opensiteexplorer.org/dotbot; help@moz.com)"
216.244.66.203 - - [01/Jan/2024:17:55:10 +0100] "GET /pmwiki/pmwiki.php/Main/Tud%E1smonop%F3lium?action=edit&restore=diff:1122544015:1122371731:minor&preview=y HTTP/1.1" 200 12617 "-" "Mozilla/5.0 (compatible; DotBot/1.2; +https://opensiteexplorer.org/dotbot; help@moz.com)"
217.113.194.105 - - [01/Jan/2024:17:55:48 +0100] "GET /pmwiki/pmwiki.php/Main/Sajt%F3anyag?action=edit&restore=diff:1107936527:1107895949:&preview=y HTTP/1.1" 200 12505 "-" "Mozilla/5.0 (compatible; Barkrowler/0.9; +https://babbar.tech/crawler)"
217.113.194.120 - - [01/Jan/2024:17:57:37 +0100] "GET /pmwiki/pmwiki.php/Main/K%F6zlem%E9nye?action=edit&restore=diff:1119252666:1119252666:minor&preview=y HTTP/1.1" 200 12537 "-" "Mozilla/5.0 (compatible; Barkrowler/0.9; +https://babbar.tech/crawler)"
217.113.194.117 - - [01/Jan/2024:17:59:29 +0100] "GET /pmwiki/pmwiki.php/Main/2005J%FAniusEKTBBesz%E1mol%F3?action=upload&upname=wiki.png HTTP/1.1" 200 12618 "-" "Mozilla/5.0 (compatible; Barkrowler/0.9; +https://babbar.tech/crawler)"
217.113.194.113 - - [01/Jan/2024:18:01:23 +0100] "GET /pmwiki/pmwiki.php/Main/Sajt%F3anyag?action=edit&restore=diff:1107937716:1107936820:&preview=y HTTP/1.1" 200 12505 "-" "Mozilla/5.0 (compatible; Barkrowler/0.9; +https://babbar.tech/crawler)"
217.113.194.126 - - [01/Jan/2024:18:03:30 +0100] "GET /pmwiki/pmwiki.php/Main/Sajt%F3anyag?action=edit&restore=diff:1107936820:1107936678:&preview=y HTTP/1.1" 200 12505 "-" "Mozilla/5.0 (compatible; Barkrowler/0.9; +https://babbar.tech/crawler)"
217.113.194.127 - - [01/Jan/2024:18:05:18 +0100] "GET /pmwiki/pmwiki.php/Profiles/%C9n%CDrtamH%E1tPublik%E1lom?action=diff&source=n&minor=n HTTP/1.1" 200 13212 "-" "Mozilla/5.0 (compatible; Barkrowler/0.9; +https://babbar.tech/crawler)"
217.113.194.80 - - [01/Jan/2024:18:07:10 +0100] "GET /pmwiki/pmwiki.php/Main/2003M%E1jusiNyilatkozathozKapcsol%F3d%F3Cikk?action=diff HTTP/1.1" 200 16507 "-" "Mozilla/5.0 (compatible; Barkrowler/0.9; +https://babbar.tech/crawler)"
217.113.194.125 - - [01/Jan/2024:18:08:58 +0100] "GET /pmwiki/pmwiki.php/Main/JuriHPOEloterjesztes?action=edit&restore=diff:1118537269:1118537269:&preview=y HTTP/1.1" 200 12636 "-" "Mozilla/5.0 (compatible; Barkrowler/0.9; +https://babbar.tech/crawler)"
49.12.13.109 - - [01/Jan/2024:18:09:53 +0100] "HEAD /pmwiki/pmwiki.php HTTP/1.1" 200 0 "-" "Alert_Alligator_webmonitoring_service_1.6.3_(alertalligator.com)"
217.113.194.98 - - [01/Jan/2024:18:10:54 +0100] "GET /pmwiki/pmwiki.php/Main/Lev%E9lAParlamentInformaitikaiBizotts%E1gaEln%F6k%E9nek?action=upload HTTP/1.1" 200 13014 "-" "Mozilla/5.0 (compatible; Barkrowler/0.9; +https://babbar.tech/crawler)"
217.113.194.68 - - [01/Jan/2024:18:12:44 +0100] "GET /pmwiki/pmwiki.php/Main/JuriEktbEloterjesztes?action=edit&restore=diff:1118535570:1118535447:&preview=y HTTP/1.1" 200 12652 "-" "Mozilla/5.0 (compatible; Barkrowler/0.9; +https://babbar.tech/crawler)"
217.113.194.69 - - [01/Jan/2024:18:14:34 +0100] "GET /pmwiki/pmwiki.php/Main/ADRMH%E1tr%E1nyai?action=edit&restore=diff:1110657640:1110614969:&preview=y HTTP/1.1" 200 12580 "-" "Mozilla/5.0 (compatible; Barkrowler/0.9; +https://babbar.tech/crawler)"
217.113.194.121 - - [01/Jan/2024:18:16:24 +0100] "GET /pmwiki/pmwiki.php/Main/ADRMH%E1tr%E1nyai?action=edit&restore=diff:1118415104:1116270561:&preview=y HTTP/1.1" 200 12580 "-" "Mozilla/5.0 (compatible; Barkrowler/0.9; +https://babbar.tech/crawler)"
217.113.194.120 - - [01/Jan/2024:18:18:17 +0100] "GET /pmwiki/pmwiki.php/Main/ADRMH%E1tr%E1nyai?action=edit&restore=diff:1110715690:1110657640:&preview=y HTTP/1.1" 200 12580 "-" "Mozilla/5.0 (compatible; Barkrowler/0.9; +https://babbar.tech/crawler)"
216.244.66.203 - - [01/Jan/2024:18:19:40 +0100] "GET /robots.txt HTTP/1.1" 404 1181 "-" "Mozilla/5.0 (compatible; DotBot/1.2; +https://opensiteexplorer.org/dotbot; help@moz.com)"
217.113.194.86 - - [01/Jan/2024:18:20:12 +0100] "GET /pmwiki/pmwiki.php/Main/ADRMH%E1tr%E1nyai?action=edit&restore=diff:1110614969:1110550860:&preview=y HTTP/1.1" 200 12580 "-" "Mozilla/5.0 (compatible; Barkrowler/0.9; +https://babbar.tech/crawler)"
217.113.194.98 - - [01/Jan/2024:18:22:00 +0100] "GET /pmwiki/pmwiki.php/Main/2005J%FAniusEKTBBesz%E1mol%F3?action=diff&source=y&minor=y HTTP/1.1" 200 19930 "-" "Mozilla/5.0 (compatible; Barkrowler/0.9; +https://babbar.tech/crawler)"
217.113.194.67 - - [01/Jan/2024:18:23:54 +0100] "GET /pmwiki/pmwiki.php/Main/ABundestagT%E1mogatjaAzEur%F3paiParlamentet?action=diff&source=y&minor=n HTTP/1.1" 200 21303 "-" "Mozilla/5.0 (compatible; Barkrowler/0.9; +https://babbar.tech/crawler)"
217.113.194.105 - - [01/Jan/2024:18:25:51 +0100] "GET /pmwiki/pmwiki.php/Main/LehetsegesJavitasokEuropaban?action=edit&restore=diff:1110471752:1110471752:&preview=y HTTP/1.1" 200 12764 "-" "Mozilla/5.0 (compatible; Barkrowler/0.9; +https://babbar.tech/crawler)"
216.244.66.203 - - [01/Jan/2024:18:27:17 +0100] "GET /pmwiki/pmwiki.php/PmWiki/WikiUsers?action=diff&source=y&minor=y HTTP/1.1" 200 12856 "-" "Mozilla/5.0 (compatible; DotBot/1.2; +https://opensiteexplorer.org/dotbot; help@moz.com)"
217.113.194.78 - - [01/Jan/2024:18:27:41 +0100] "GET /pmwiki/pmwiki.php/Main/LehetsegesJavitasokEuropaban?action=edit&restore=diff:1110568935:1110551207:&preview=y HTTP/1.1" 200 12764 "-" "Mozilla/5.0 (compatible; Barkrowler/0.9; +https://babbar.tech/crawler)"
217.113.194.92 - - [01/Jan/2024:18:29:28 +0100] "GET /pmwiki/pmwiki.php/Main/LehetsegesJavitasokEuropaban?action=edit&restore=diff:1110653802:1110568935:minor&preview=y HTTP/1.1" 200 12769 "-" "Mozilla/5.0 (compatible; Barkrowler/0.9; +https://babbar.tech/crawler)"
217.113.194.115 - - [01/Jan/2024:18:31:25 +0100] "GET /pmwiki/pmwiki.php/Main/Tud%E1smonop%F3lium?action=edit&restore=diff:1122370082:1122370066:minor&preview=y HTTP/1.1" 200 12617 "-" "Mozilla/5.0 (compatible; Barkrowler/0.9; +https://babbar.tech/crawler)"
217.113.194.79 - - [01/Jan/2024:18:33:18 +0100] "GET /pmwiki/pmwiki.php/Main/GatesMegzsaroltaD%E1ni%E1t?action=edit&restore=diff:1108662048:1108662048:&preview=y HTTP/1.1" 200 12728 "-" "Mozilla/5.0 (compatible; Barkrowler/0.9; +https://babbar.tech/crawler)"
217.113.194.75 - - [01/Jan/2024:18:35:12 +0100] "GET /pmwiki/pmwiki.php/Main/AzEUBizotts%E1gaL%E1bbalTiporjaADemokr%E1ci%E1t?action=upload&upname=wiki.png HTTP/1.1" 200 12902 "-" "Mozilla/5.0 (compatible; Barkrowler/0.9; +https://babbar.tech/crawler)"
216.244.66.203 - - [01/Jan/2024:18:36:38 +0100] "GET /pmwiki/pmwiki.php/Main/MitTehetek?action=edit&restore=diff:1118745810:1118742508:&preview=y HTTP/1.1" 200 12476 "-" "Mozilla/5.0 (compatible; DotBot/1.2; +https://opensiteexplorer.org/dotbot; help@moz.com)"
217.113.194.98 - - [01/Jan/2024:18:37:02 +0100] "GET /pmwiki/pmwiki.php/Main/2003M%E1jusiNyilatkozathozKapcsol%F3d%F3Cikk?action=diff&source=y&minor=n HTTP/1.1" 200 16628 "-" "Mozilla/5.0 (compatible; Barkrowler/0.9; +https://babbar.tech/crawler)"
217.113.194.101 - - [01/Jan/2024:18:38:57 +0100] "GET /pmwiki/pmwiki.php/Main/AzEUBizotts%E1gaL%E1bbalTiporjaADemokr%E1ci%E1t?action=diff&source=n&minor=y HTTP/1.1" 200 20118 "-" "Mozilla/5.0 (compatible; Barkrowler/0.9; +https://babbar.tech/crawler)"
217.113.194.118 - - [01/Jan/2024:18:40:48 +0100] "GET /pmwiki/pmwiki.php/Main/2005J%FAniusEKTBBesz%E1mol%F3?action=edit&restore=diff:1120085405:1120085405:&preview=y HTTP/1.1" 200 12768 "-" "Mozilla/5.0 (compatible; Barkrowler/0.9; +https://babbar.tech/crawler)"
217.113.194.110 - - [01/Jan/2024:18:42:42 +0100] "GET /pmwiki/pmwiki.php/Main/2004Febru%E1riK%F6sz%F6netLengyelorsz%E1gnak?action=edit&restore=diff:1120085115:1120084507:&preview=y HTTP/1.1" 200 13004 "-" "Mozilla/5.0 (compatible; Barkrowler/0.9; +https://babbar.tech/crawler)"
217.113.194.67 - - [01/Jan/2024:18:44:17 +0100] "GET /pmwiki/pmwiki.php/Main/2004Febru%E1riK%F6sz%F6netLengyelorsz%E1gnak?action=edit&restore=diff:1120084507:1120084507:&preview=y HTTP/1.1" 200 13004 "-" "Mozilla/5.0 (compatible; Barkrowler/0.9; +https://babbar.tech/crawler)"
217.113.194.114 - - [01/Jan/2024:18:45:46 +0100] "GET /pmwiki/pmwiki.php/Main/AzEUBizotts%E1gaL%E1bbalTiporjaADemokr%E1ci%E1t?action=edit&restore=diff:1120087088:1120087088:&preview=y HTTP/1.1" 200 13052 "-" "Mozilla/5.0 (compatible; Barkrowler/0.9; +https://babbar.tech/crawler)"
49.12.13.109 - - [01/Jan/2024:19:08:56 +0100] "HEAD /pmwiki/pmwiki.php HTTP/1.1" 200 0 "-" "Alert_Alligator_webmonitoring_service_1.6.3_(alertalligator.com)"
216.244.66.203 - - [01/Jan/2024:19:11:19 +0100] "GET /robots.txt HTTP/1.1" 404 1181 "-" "Mozilla/5.0 (compatible; DotBot/1.2; +https://opensiteexplorer.org/dotbot; help@moz.com)"
111.225.148.248 - - [01/Jan/2024:19:17:51 +0100] "GET /robots.txt HTTP/1.1" 404 1181 "-" "Mozilla/5.0 (Linux; Android 5.0) AppleWebKit/537.36 (KHTML, like Gecko) Mobile Safari/537.36 (compatible; Bytespider; https://zhanzhang.toutiao.com/)"
216.244.66.203 - - [01/Jan/2024:19:23:22 +0100] "GET /pmwiki/pmwiki.php/Main/MiADRM?action=edit&restore=diff:1110568760:1110550405:&preview=y HTTP/1.1" 200 12412 "-" "Mozilla/5.0 (compatible; DotBot/1.2; +https://opensiteexplorer.org/dotbot; help@moz.com)"
216.244.66.203 - - [01/Jan/2024:19:23:28 +0100] "GET /pmwiki/pmwiki.php/Main/SearchWiki?action=diff&source=y&minor=y HTTP/1.1" 200 119804 "-" "Mozilla/5.0 (compatible; DotBot/1.2; +https://opensiteexplorer.org/dotbot; help@moz.com)"
216.244.66.203 - - [01/Jan/2024:19:23:33 +0100] "GET /pmwiki/pmwiki.php/PmWiki/BasicVariables?action=diff&source=n&minor=n HTTP/1.1" 200 12947 "-" "Mozilla/5.0 (compatible; DotBot/1.2; +https://opensiteexplorer.org/dotbot; help@moz.com)"
