195.201.174.92 - - [13/Jan/2024:02:41:06 +0100] "GET /pmwiki/pmwiki.php/Main/2004Febru%E1riK%F6sz%F6netLengyelorsz%E1gnak?action=edit HTTP/1.1" 200 12958 "-" "serpstatbot/2.1 (advanced backlink tracking bot; https://serpstatbot.com/; abuse@serpstatbot.com)"
195.201.174.92 - - [13/Jan/2024:02:41:18 +0100] "GET /pmwiki/pmwiki.php/Main/2004Febru%E1riK%F6sz%F6netLengyelorsz%E1gnak?action=diff HTTP/1.1" 200 17729 "-" "serpstatbot/2.1 (advanced backlink tracking bot; https://serpstatbot.com/; abuse@serpstatbot.com)"
195.201.174.92 - - [13/Jan/2024:02:41:28 +0100] "GET /pmwiki/pmwiki.php/Main/2004Augusztus5?action=upload HTTP/1.1" 200 12374 "-" "serpstatbot/2.1 (advanced backlink tracking bot; https://serpstatbot.com/; abuse@serpstatbot.com)"
195.201.174.92 - - [13/Jan/2024:02:41:41 +0100] "GET /pmwiki/pmwiki.php/Main/2004Augusztus5?action=print HTTP/1.1" 200 5461 "-" "serpstatbot/2.1 (advanced backlink tracking bot; https://serpstatbot.com/; abuse@serpstatbot.com)"
195.201.174.92 - - [13/Jan/2024:02:41:52 +0100] "GET /pmwiki/pmwiki.php/Main/2004Augusztus5?action=edit HTTP/1.1" 200 12494 "-" "serpstatbot/2.1 (advanced backlink tracking bot; https://serpstatbot.com/; abuse@serpstatbot.com)"
195.201.174.92 - - [13/Jan/2024:02:42:04 +0100] "GET /pmwiki/pmwiki.php/Main/2004Augusztus5?action=diff HTTP/1.1" 200 16408 "-" "serpstatbot/2.1 (advanced backlink tracking bot; https://serpstatbot.com/; abuse@serpstatbot.com)"
195.201.174.92 - - [13/Jan/2024:02:42:15 +0100] "GET /pmwiki/pmwiki.php/Main/2004Augusztus18?action=upload HTTP/1.1" 200 12390 "-" "serpstatbot/2.1 (advanced backlink tracking bot; https://serpstatbot.com/; abuse@serpstatbot.com)"
195.201.174.92 - - [13/Jan/2024:02:42:31 +0100] "GET /pmwiki/pmwiki.php/Main/2004Augusztus18?action=print HTTP/1.1" 200 3574 "-" "serpstatbot/2.1 (advanced backlink tracking bot; https://serpstatbot.com/; abuse@serpstatbot.com)"
195.201.174.92 - - [13/Jan/2024:02:42:42 +0100] "GET /pmwiki/pmwiki.php/Main/2004Augusztus18?action=edit HTTP/1.1" 200 12510 "-" "serpstatbot/2.1 (advanced backlink tracking bot; https://serpstatbot.com/; abuse@serpstatbot.com)"
195.201.174.92 - - [13/Jan/2024:02:42:52 +0100] "GET /pmwiki/pmwiki.php/Main/2004Augusztus18?action=diff HTTP/1.1" 200 14665 "-" "serpstatbot/2.1 (advanced backlink tracking bot; https://serpstatbot.com/; abuse@serpstatbot.com)"
195.201.174.92 - - [13/Jan/2024:02:43:02 +0100] "GET /pmwiki/pmwiki.php/Main/2004-esNyilatkozat?action=upload HTTP/1.1" 200 12438 "-" "serpstatbot/2.1 (advanced backlink tracking bot; https://serpstatbot.com/; abuse@serpstatbot.com)"
195.201.174.92 - - [13/Jan/2024:02:43:11 +0100] "GET /pmwiki/pmwiki.php/Main/2004-esNyilatkozat?action=print HTTP/1.1" 200 6026 "-" "serpstatbot/2.1 (advanced backlink tracking bot; https://serpstatbot.com/; abuse@serpstatbot.com)"
195.201.174.92 - - [13/Jan/2024:02:43:20 +0100] "GET /pmwiki/pmwiki.php/Main/2004-esNyilatkozat?action=edit HTTP/1.1" 200 12558 "-" "serpstatbot/2.1 (advanced backlink tracking bot; https://serpstatbot.com/; abuse@serpstatbot.com)"
195.201.174.92 - - [13/Jan/2024:02:43:30 +0100] "GET /pmwiki/pmwiki.php/Main/2004-esNyilatkozat?action=diff HTTP/1.1" 200 17019 "-" "serpstatbot/2.1 (advanced backlink tracking bot; https://serpstatbot.com/; abuse@serpstatbot.com)"
195.201.174.92 - - [13/Jan/2024:02:43:39 +0100] "GET /pmwiki/pmwiki.php/Main/2003M%E1jusiNyilatkozathozKapcsol%F3d%F3Cikk?action=upload HTTP/1.1" 200 12842 "-" "serpstatbot/2.1 (advanced backlink tracking bot; https://serpstatbot.com/; abuse@serpstatbot.com)"
195.201.174.92 - - [13/Jan/2024:02:43:49 +0100] "GET /pmwiki/pmwiki.php/Main/2003M%E1jusiNyilatkozathozKapcsol%F3d%F3Cikk?action=print HTTP/1.1" 200 4972 "-" "serpstatbot/2.1 (advanced backlink tracking bot; https://serpstatbot.com/; abuse@serpstatbot.com)"
195.201.174.92 - - [13/Jan/2024:02:44:00 +0100] "GET /pmwiki/pmwiki.php/Main/2003M%E1jusiNyilatkozathozKapcsol%F3d%F3Cikk?action=edit HTTP/1.1" 200 12962 "-" "serpstatbot/2.1 (advanced backlink tracking bot; https://serpstatbot.com/; abuse@serpstatbot.com)"
195.201.174.92 - - [13/Jan/2024:02:44:10 +0100] "GET /pmwiki/pmwiki.php/Main/2003M%E1jusiNyilatkozathozKapcsol%F3d%F3Cikk?action=diff HTTP/1.1" 200 16507 "-" "serpstatbot/2.1 (advanced backlink tracking bot; https://serpstatbot.com/; abuse@serpstatbot.com)"
195.201.174.92 - - [13/Jan/2024:02:44:22 +0100] "GET /pmwiki/pmwiki.php/Main/2003M%E1jusiNyilatkozat?action=upload HTTP/1.1" 200 12514 "-" "serpstatbot/2.1 (advanced backlink tracking bot; https://serpstatbot.com/; abuse@serpstatbot.com)"
195.201.174.92 - - [13/Jan/2024:02:44:33 +0100] "GET /pmwiki/pmwiki.php/Main/2003M%E1jusiNyilatkozat?action=print HTTP/1.1" 200 7268 "-" "serpstatbot/2.1 (advanced backlink tracking bot; https://serpstatbot.com/; abuse@serpstatbot.com)"
195.201.174.92 - - [13/Jan/2024:02:44:44 +0100] "GET /pmwiki/pmwiki.php/Main/2003M%E1jusiNyilatkozat?action=edit HTTP/1.1" 200 12634 "-" "serpstatbot/2.1 (advanced backlink tracking bot; https://serpstatbot.com/; abuse@serpstatbot.com)"
195.201.174.92 - - [13/Jan/2024:02:44:57 +0100] "GET /pmwiki/pmwiki.php/Main/2003M%E1jusiNyilatkozat?action=diff HTTP/1.1" 200 16688 "-" "serpstatbot/2.1 (advanced backlink tracking bot; https://serpstatbot.com/; abuse@serpstatbot.com)"
195.201.174.92 - - [13/Jan/2024:02:45:12 +0100] "GET /pmwiki/pmwiki.php/Main/2003M%E1jusBr%FCsszeliT%FAra?action=upload HTTP/1.1" 200 12586 "-" "serpstatbot/2.1 (advanced backlink tracking bot; https://serpstatbot.com/; abuse@serpstatbot.com)"
195.201.174.92 - - [13/Jan/2024:02:45:26 +0100] "GET /pmwiki/pmwiki.php/Main/2003M%E1jusBr%FCsszeliT%FAra?action=print HTTP/1.1" 200 3337 "-" "serpstatbot/2.1 (advanced backlink tracking bot; https://serpstatbot.com/; abuse@serpstatbot.com)"
195.201.174.92 - - [13/Jan/2024:02:45:41 +0100] "GET /pmwiki/pmwiki.php/Main/2003M%E1jusBr%FCsszeliT%FAra?action=edit HTTP/1.1" 200 12706 "-" "serpstatbot/2.1 (advanced backlink tracking bot; https://serpstatbot.com/; abuse@serpstatbot.com)"
195.201.174.92 - - [13/Jan/2024:02:45:55 +0100] "GET /pmwiki/pmwiki.php/Main/2003M%E1jusBr%FCsszeliT%FAra?action=diff HTTP/1.1" 200 14621 "-" "serpstatbot/2.1 (advanced backlink tracking bot; https://serpstatbot.com/; abuse@serpstatbot.com)"
195.201.174.92 - - [13/Jan/2024:02:46:09 +0100] "GET /pmwiki/pmwiki.php/Emeltdijas/Hu?action=upload HTTP/1.1" 200 12284 "-" "serpstatbot/2.1 (advanced backlink tracking bot; https://serpstatbot.com/; abuse@serpstatbot.com)"
195.201.174.92 - - [13/Jan/2024:02:46:24 +0100] "GET /pmwiki/pmwiki.php/Emeltdijas/Hu?action=print HTTP/1.1" 200 3447 "-" "serpstatbot/2.1 (advanced backlink tracking bot; https://serpstatbot.com/; abuse@serpstatbot.com)"
195.201.174.92 - - [13/Jan/2024:02:46:37 +0100] "GET /pmwiki/pmwiki.php/Emeltdijas/Hu?action=edit HTTP/1.1" 200 12404 "-" "serpstatbot/2.1 (advanced backlink tracking bot; https://serpstatbot.com/; abuse@serpstatbot.com)"
195.201.174.92 - - [13/Jan/2024:02:46:49 +0100] "GET /pmwiki/pmwiki.php/Emeltdijas/Hu?action=diff HTTP/1.1" 200 14411 "-" "serpstatbot/2.1 (advanced backlink tracking bot; https://serpstatbot.com/; abuse@serpstatbot.com)"
195.201.174.92 - - [13/Jan/2024:02:47:01 +0100] "GET /pmwiki/pmwiki.php/Emeltdijas HTTP/1.1" 404 12049 "-" "serpstatbot/2.1 (advanced backlink tracking bot; https://serpstatbot.com/; abuse@serpstatbot.com)"
216.244.66.203 - - [13/Jan/2024:02:50:56 +0100] "GET /pmwiki/pmwiki.php/Main/Damokl%E9szKardjaLebegAMagyarSzoftveriparFelett?action=edit&restore=diff:1120085211:1120085211:&preview=y HTTP/1.1" 200 13064 "-" "Mozilla/5.0 (compatible; DotBot/1.2; +https://opensiteexplorer.org/dotbot; help@moz.com)"
216.244.66.203 - - [13/Jan/2024:03:27:53 +0100] "GET /robots.txt HTTP/1.1" 404 1181 "-" "Mozilla/5.0 (compatible; DotBot/1.2; +https://opensiteexplorer.org/dotbot; help@moz.com)"
195.201.174.92 - - [13/Jan/2024:03:33:55 +0100] "GET /pmwiki/pmwiki.php/Emeltdijas HTTP/1.1" 404 12049 "-" "serpstatbot/2.1 (advanced backlink tracking bot; https://serpstatbot.com/; abuse@serpstatbot.com)"
216.244.66.203 - - [13/Jan/2024:03:42:23 +0100] "GET /pmwiki/pmwiki.php/Main/AzEur%F3paiParlament%DAjraind%EDt%E1stK%F6vetelAzEln%F6kiKonferenciaElfogadtaAzInd%EDtv%E1nyt?action=diff&source=y&minor=y HTTP/1.1" 200 18145 "-" "Mozilla/5.0 (compatible; DotBot/1.2; +https://opensiteexplorer.org/dotbot; help@moz.com)"
110.249.201.208 - - [13/Jan/2024:04:17:16 +0100] "GET /robots.txt HTTP/1.1" 404 1181 "-" "Mozilla/5.0 (Linux; Android 5.0) AppleWebKit/537.36 (KHTML, like Gecko) Mobile Safari/537.36 (compatible; Bytespider; https://zhanzhang.toutiao.com/)"
52.167.144.54 - - [13/Jan/2024:05:38:19 +0100] "GET /robots.txt HTTP/1.1" 404 1181 "-" "Mozilla/5.0 AppleWebKit/537.36 (KHTML, like Gecko; compatible; bingbot/2.0; +http://www.bing.com/bingbot.htm) Chrome/116.0.1938.76 Safari/537.36"
207.46.13.64 - - [13/Jan/2024:05:38:23 +0100] "GET /pmwiki/pmwiki.php/Main/AJelenlegiSzerzoiJogiTorveny?action=diff HTTP/1.1" 200 35610 "-" "Mozilla/5.0 AppleWebKit/537.36 (KHTML, like Gecko; compatible; bingbot/2.0; +http://www.bing.com/bingbot.htm) Chrome/116.0.1938.76 Safari/537.36"
216.244.66.203 - - [13/Jan/2024:06:09:46 +0100] "GET /robots.txt HTTP/1.1" 404 1181 "-" "Mozilla/5.0 (compatible; DotBot/1.2; +https://opensiteexplorer.org/dotbot; help@moz.com)"
216.244.66.203 - - [13/Jan/2024:06:19:52 +0100] "GET /pmwiki/pmwiki.php/Main/Nyilatkozatok?action=diff&source=y&minor=y HTTP/1.1" 200 29019 "-" "Mozilla/5.0 (compatible; DotBot/1.2; +https://opensiteexplorer.org/dotbot; help@moz.com)"
216.244.66.203 - - [13/Jan/2024:06:25:03 +0100] "GET /pmwiki/pmwiki.php/Main/2005M%E1rcius8?action=edit&restore=diff:1120084277:1120084200:&preview=y HTTP/1.1" 200 12536 "-" "Mozilla/5.0 (compatible; DotBot/1.2; +https://opensiteexplorer.org/dotbot; help@moz.com)"
216.244.66.203 - - [13/Jan/2024:06:25:07 +0100] "GET /pmwiki/pmwiki.php/Main/Ipr?action=edit&restore=diff:1123053004:1123053004:&preview=y HTTP/1.1" 200 12368 "-" "Mozilla/5.0 (compatible; DotBot/1.2; +https://opensiteexplorer.org/dotbot; help@moz.com)"
216.244.66.203 - - [13/Jan/2024:06:25:11 +0100] "GET /pmwiki/pmwiki.php/Main/MiADRM?action=edit&restore=diff:1116266318:1110568760:&preview=y HTTP/1.1" 200 12412 "-" "Mozilla/5.0 (compatible; DotBot/1.2; +https://opensiteexplorer.org/dotbot; help@moz.com)"
216.244.66.203 - - [13/Jan/2024:06:25:15 +0100] "GET /pmwiki/pmwiki.php/Main/SideBar?action=edit&restore=diff:1107864956:1107864595:&preview=y HTTP/1.1" 200 12430 "-" "Mozilla/5.0 (compatible; DotBot/1.2; +https://opensiteexplorer.org/dotbot; help@moz.com)"
216.244.66.203 - - [13/Jan/2024:06:25:18 +0100] "GET /pmwiki/pmwiki.php/Main/SideBar?action=edit&restore=diff:1118730004:1118404247:&preview=y HTTP/1.1" 200 12430 "-" "Mozilla/5.0 (compatible; DotBot/1.2; +https://opensiteexplorer.org/dotbot; help@moz.com)"
5.255.231.54 - - [13/Jan/2024:06:29:39 +0100] "GET /robots.txt HTTP/1.1" 404 1181 "-" "Mozilla/5.0 (compatible; YandexBot/3.0; +http://yandex.com/bots)"
95.108.213.205 - - [13/Jan/2024:06:29:40 +0100] "GET /pmwiki/pmwiki.php/Main/Tud%E1smonop%F3lium?action=print HTTP/1.1" 200 7085 "-" "Mozilla/5.0 (compatible; YandexBot/3.0; +http://yandex.com/bots)"
205.210.31.38 - - [13/Jan/2024:06:46:54 +0100] "GET / HTTP/1.1" 302 5 "-" "-"
205.210.31.38 - - [13/Jan/2024:06:46:56 +0100] "GET /pmwiki/pmwiki.php HTTP/1.1" 200 37269 "http://195.56.55.225:80/" "-"
110.249.201.73 - - [13/Jan/2024:07:19:42 +0100] "GET /robots.txt HTTP/1.1" 404 1181 "-" "Mozilla/5.0 (Linux; Android 5.0) AppleWebKit/537.36 (KHTML, like Gecko) Mobile Safari/537.36 (compatible; Bytespider; https://zhanzhang.toutiao.com/)"
54.36.149.5 - - [13/Jan/2024:07:46:31 +0100] "GET /robots.txt HTTP/1.1" 404 1181 "-" "Mozilla/5.0 (compatible; AhrefsBot/7.0; +http://ahrefs.com/robot/)"
54.36.148.182 - - [13/Jan/2024:07:46:32 +0100] "GET /pmwiki/pmwiki.php/Main/Gazdas%E1giOldal?action=diff HTTP/1.1" 200 19856 "-" "Mozilla/5.0 (compatible; AhrefsBot/7.0; +http://ahrefs.com/robot/)"
114.119.131.234 - - [13/Jan/2024:07:55:22 +0100] "GET /robots.txt HTTP/1.1" 404 1181 "-" "Mozilla/5.0 (compatible;PetalBot;+https://webmaster.petalsearch.com/site/petalbot)"
216.244.66.203 - - [13/Jan/2024:07:58:52 +0100] "GET /robots.txt HTTP/1.1" 404 1181 "-" "Mozilla/5.0 (compatible; DotBot/1.2; +https://opensiteexplorer.org/dotbot; help@moz.com)"
216.244.66.203 - - [13/Jan/2024:08:22:34 +0100] "GET /pmwiki/pmwiki.php/Main/Befektet%E9sv%E9delem?action=diff&source=n&minor=n HTTP/1.1" 200 17266 "-" "Mozilla/5.0 (compatible; DotBot/1.2; +https://opensiteexplorer.org/dotbot; help@moz.com)"
216.244.66.203 - - [13/Jan/2024:08:27:49 +0100] "GET /pmwiki/pmwiki.php/Main/AzEUBizotts%E1gaL%E1bbalTiporjaADemokr%E1ci%E1t?action=diff&source=y&minor=y HTTP/1.1" 200 20165 "-" "Mozilla/5.0 (compatible; DotBot/1.2; +https://opensiteexplorer.org/dotbot; help@moz.com)"
216.244.66.203 - - [13/Jan/2024:08:27:54 +0100] "GET /pmwiki/pmwiki.php/Main/BMEKonferencia?action=edit&restore=diff:1110525304:1110525304:&preview=y HTTP/1.1" 200 12540 "-" "Mozilla/5.0 (compatible; DotBot/1.2; +https://opensiteexplorer.org/dotbot; help@moz.com)"
216.244.66.203 - - [13/Jan/2024:08:27:57 +0100] "GET /pmwiki/pmwiki.php/Main/DRM?action=edit&restore=diff:1112120711:1111958234:&preview=y HTTP/1.1" 200 12364 "-" "Mozilla/5.0 (compatible; DotBot/1.2; +https://opensiteexplorer.org/dotbot; help@moz.com)"
216.244.66.203 - - [13/Jan/2024:08:28:00 +0100] "GET /pmwiki/pmwiki.php/Main/Google?action=edit&restore=diff:1134502574:1134209750:minor&preview=y HTTP/1.1" 200 12417 "-" "Mozilla/5.0 (compatible; DotBot/1.2; +https://opensiteexplorer.org/dotbot; help@moz.com)"
216.244.66.203 - - [13/Jan/2024:08:28:03 +0100] "GET /pmwiki/pmwiki.php/Main/LehetsegesJavitasokEuropaban?action=edit&restore=diff:1118763527:1118762466:&preview=y HTTP/1.1" 200 12764 "-" "Mozilla/5.0 (compatible; DotBot/1.2; +https://opensiteexplorer.org/dotbot; help@moz.com)"
216.244.66.203 - - [13/Jan/2024:08:28:06 +0100] "GET /pmwiki/pmwiki.php/Main/MiADRM?action=edit&restore=diff:1116266358:1116266318:&preview=y HTTP/1.1" 200 12412 "-" "Mozilla/5.0 (compatible; DotBot/1.2; +https://opensiteexplorer.org/dotbot; help@moz.com)"
216.244.66.203 - - [13/Jan/2024:08:28:09 +0100] "GET /pmwiki/pmwiki.php/Main/Sajt%F3anyag?action=edit&restore=diff:1108754905:1107937732:&preview=y HTTP/1.1" 200 12505 "-" "Mozilla/5.0 (compatible; DotBot/1.2; +https://opensiteexplorer.org/dotbot; help@moz.com)"
216.244.66.203 - - [13/Jan/2024:08:28:11 +0100] "GET /pmwiki/pmwiki.php/Main/SideBar?action=edit&restore=diff:1110312953:1110221126:&preview=y HTTP/1.1" 200 12430 "-" "Mozilla/5.0 (compatible; DotBot/1.2; +https://opensiteexplorer.org/dotbot; help@moz.com)"
54.36.149.17 - - [13/Jan/2024:08:30:18 +0100] "GET /pmwiki/pmwiki.php/Main/RocardEp2?action=edit HTTP/1.1" 200 12414 "-" "Mozilla/5.0 (compatible; AhrefsBot/7.0; +http://ahrefs.com/robot/)"
216.244.66.203 - - [13/Jan/2024:08:53:56 +0100] "GET /robots.txt HTTP/1.1" 404 1181 "-" "Mozilla/5.0 (compatible; DotBot/1.2; +https://opensiteexplorer.org/dotbot; help@moz.com)"
66.249.64.129 - - [13/Jan/2024:09:01:30 +0100] "GET /robots.txt HTTP/1.1" 404 1181 "-" "Mozilla/5.0 (compatible; Googlebot/2.1; +http://www.google.com/bot.html)"
66.249.64.130 - - [13/Jan/2024:09:01:31 +0100] "GET /pmwiki/pmwiki.php/Main/CikkekDRM?action=upload HTTP/1.1" 403 30 "-" "Mozilla/5.0 (Linux; Android 6.0.1; Nexus 5X Build/MMB29P) AppleWebKit/537.36 (KHTML, like Gecko) Chrome/120.0.6099.216 Mobile Safari/537.36 (compatible; Googlebot/2.1; +http://www.google.com/bot.html)"
216.244.66.203 - - [13/Jan/2024:09:15:44 +0100] "GET /pmwiki/pmwiki.php/Main/DRM?action=diff&source=n&minor=n HTTP/1.1" 200 82812 "-" "Mozilla/5.0 (compatible; DotBot/1.2; +https://opensiteexplorer.org/dotbot; help@moz.com)"
216.244.66.203 - - [13/Jan/2024:09:15:49 +0100] "GET /pmwiki/pmwiki.php/Main/MiADRM?action=diff&source=y&minor=y HTTP/1.1" 200 25519 "-" "Mozilla/5.0 (compatible; DotBot/1.2; +https://opensiteexplorer.org/dotbot; help@moz.com)"
216.244.66.203 - - [13/Jan/2024:09:15:54 +0100] "GET /pmwiki/pmwiki.php/PmWiki/RefCount?action=diff&source=n&minor=n HTTP/1.1" 200 12839 "-" "Mozilla/5.0 (compatible; DotBot/1.2; +https://opensiteexplorer.org/dotbot; help@moz.com)"
216.244.66.203 - - [13/Jan/2024:09:15:57 +0100] "GET /pmwiki/pmwiki.php/PmWiki/UpgradingFromPmWiki1?action=diff&source=y&minor=y HTTP/1.1" 200 13055 "-" "Mozilla/5.0 (compatible; DotBot/1.2; +https://opensiteexplorer.org/dotbot; help@moz.com)"
216.244.66.203 - - [13/Jan/2024:09:18:47 +0100] "GET /pmwiki/pmwiki.php/Main/ADRMH%E1tr%E1nyai?action=edit&restore=diff:1116270561:1110715690:&preview=y HTTP/1.1" 200 12580 "-" "Mozilla/5.0 (compatible; DotBot/1.2; +https://opensiteexplorer.org/dotbot; help@moz.com)"
216.244.66.203 - - [13/Jan/2024:09:18:50 +0100] "GET /pmwiki/pmwiki.php/Main/BMEKonferencia?action=edit&restore=diff:1110526433:1110526311:&preview=y HTTP/1.1" 200 12540 "-" "Mozilla/5.0 (compatible; DotBot/1.2; +https://opensiteexplorer.org/dotbot; help@moz.com)"
216.244.66.203 - - [13/Jan/2024:09:18:53 +0100] "GET /pmwiki/pmwiki.php/Main/Cikkek?action=edit&restore=diff:1118422400:1118348276:&preview=y HTTP/1.1" 200 12417 "-" "Mozilla/5.0 (compatible; DotBot/1.2; +https://opensiteexplorer.org/dotbot; help@moz.com)"
216.244.66.203 - - [13/Jan/2024:09:49:23 +0100] "GET /robots.txt HTTP/1.1" 404 1181 "-" "Mozilla/5.0 (compatible; DotBot/1.2; +https://opensiteexplorer.org/dotbot; help@moz.com)"
216.244.66.203 - - [13/Jan/2024:10:10:16 +0100] "GET /pmwiki/pmwiki.php/Main/ADRMHib%E1i?action=diff&source=n&minor=n HTTP/1.1" 200 12848 "-" "Mozilla/5.0 (compatible; DotBot/1.2; +https://opensiteexplorer.org/dotbot; help@moz.com)"
216.244.66.203 - - [13/Jan/2024:10:10:21 +0100] "GET /pmwiki/pmwiki.php/Main/ADRMHib%E1i?action=diff&source=y&minor=y HTTP/1.1" 200 12848 "-" "Mozilla/5.0 (compatible; DotBot/1.2; +https://opensiteexplorer.org/dotbot; help@moz.com)"
216.244.66.203 - - [13/Jan/2024:10:10:26 +0100] "GET /pmwiki/pmwiki.php/PmWiki/CreatingNewPages?action=diff&source=n&minor=n HTTP/1.1" 200 12984 "-" "Mozilla/5.0 (compatible; DotBot/1.2; +https://opensiteexplorer.org/dotbot; help@moz.com)"
216.244.66.203 - - [13/Jan/2024:10:10:29 +0100] "GET /pmwiki/pmwiki.php/PmWiki/DocumentationIndex?action=diff&source=n&minor=n HTTP/1.1" 200 13019 "-" "Mozilla/5.0 (compatible; DotBot/1.2; +https://opensiteexplorer.org/dotbot; help@moz.com)"
216.244.66.203 - - [13/Jan/2024:10:10:32 +0100] "GET /pmwiki/pmwiki.php/Profiles/MitMondjunk?action=diff&source=n&minor=n HTTP/1.1" 200 12930 "-" "Mozilla/5.0 (compatible; DotBot/1.2; +https://opensiteexplorer.org/dotbot; help@moz.com)"
216.244.66.203 - - [13/Jan/2024:10:13:49 +0100] "GET /pmwiki/pmwiki.php/Main/2005M%E1rciusiK%F6z%F6sNyilatkozat?action=diff&source=n&minor=n HTTP/1.1" 200 14318 "-" "Mozilla/5.0 (compatible; DotBot/1.2; +https://opensiteexplorer.org/dotbot; help@moz.com)"
216.244.66.203 - - [13/Jan/2024:10:13:52 +0100] "GET /pmwiki/pmwiki.php/Main/Cikkek?action=edit&restore=diff:1118750956:1118750699:&preview=y HTTP/1.1" 200 12417 "-" "Mozilla/5.0 (compatible; DotBot/1.2; +https://opensiteexplorer.org/dotbot; help@moz.com)"
216.244.66.203 - - [13/Jan/2024:10:13:55 +0100] "GET /pmwiki/pmwiki.php/Main/DRM?action=edit&restore=diff:1110224645:1110221282:&preview=y HTTP/1.1" 200 12364 "-" "Mozilla/5.0 (compatible; DotBot/1.2; +https://opensiteexplorer.org/dotbot; help@moz.com)"
216.244.66.203 - - [13/Jan/2024:10:13:57 +0100] "GET /pmwiki/pmwiki.php/Main/Feb08PR?action=edit&restore=diff:1107895977:1107895977:&preview=y HTTP/1.1" 200 12432 "-" "Mozilla/5.0 (compatible; DotBot/1.2; +https://opensiteexplorer.org/dotbot; help@moz.com)"
216.244.66.203 - - [13/Jan/2024:10:13:59 +0100] "GET /pmwiki/pmwiki.php/Main/Mintalevel0509?action=edit&restore=diff:1115109064:1115109064:&preview=y HTTP/1.1" 200 12540 "-" "Mozilla/5.0 (compatible; DotBot/1.2; +https://opensiteexplorer.org/dotbot; help@moz.com)"
216.244.66.203 - - [13/Jan/2024:10:14:00 +0100] "GET /pmwiki/pmwiki.php/Main/Nyilatkozatok?action=edit&restore=diff:1120084045:1120084025:&preview=y HTTP/1.1" 200 12524 "-" "Mozilla/5.0 (compatible; DotBot/1.2; +https://opensiteexplorer.org/dotbot; help@moz.com)"
66.249.64.129 - - [13/Jan/2024:10:24:37 +0100] "GET /pmwiki/pmwiki.php/Main/CikkekDRM?action=diff HTTP/1.1" 403 30 "-" "Mozilla/5.0 (Linux; Android 6.0.1; Nexus 5X Build/MMB29P) AppleWebKit/537.36 (KHTML, like Gecko) Chrome/120.0.6099.216 Mobile Safari/537.36 (compatible; Googlebot/2.1; +http://www.google.com/bot.html)"
216.244.66.203 - - [13/Jan/2024:10:44:59 +0100] "GET /robots.txt HTTP/1.1" 404 1181 "-" "Mozilla/5.0 (compatible; DotBot/1.2; +https://opensiteexplorer.org/dotbot; help@moz.com)"
54.36.148.144 - - [13/Jan/2024:10:48:45 +0100] "GET /pmwiki/pmwiki.php/Main/C%E9lok?action=edit HTTP/1.1" 200 12378 "-" "Mozilla/5.0 (compatible; AhrefsBot/7.0; +http://ahrefs.com/robot/)"
110.249.202.70 - - [13/Jan/2024:10:52:49 +0100] "GET /robots.txt HTTP/1.1" 404 1181 "-" "Mozilla/5.0 (Linux; Android 5.0) AppleWebKit/537.36 (KHTML, like Gecko) Mobile Safari/537.36 (compatible; Bytespider; https://zhanzhang.toutiao.com/)"
40.77.167.28 - - [13/Jan/2024:11:11:11 +0100] "GET /pmwiki/pmwiki.php/PmWiki/TipsForEditing HTTP/1.1" 200 15017 "-" "Mozilla/5.0 AppleWebKit/537.36 (KHTML, like Gecko; compatible; bingbot/2.0; +http://www.bing.com/bingbot.htm) Chrome/116.0.1938.76 Safari/537.36"
216.244.66.203 - - [13/Jan/2024:11:14:04 +0100] "GET /pmwiki/pmwiki.php/Main/JuriVelemeny?action=edit&restore=diff:1118535665:1118535555:&preview=y HTTP/1.1" 200 12508 "-" "Mozilla/5.0 (compatible; DotBot/1.2; +https://opensiteexplorer.org/dotbot; help@moz.com)"
216.244.66.203 - - [13/Jan/2024:11:14:09 +0100] "GET /pmwiki/pmwiki.php/Main/Tud%E1smonop%F3lium?action=edit&restore=diff:1122561803:1122544015:&preview=y HTTP/1.1" 200 12612 "-" "Mozilla/5.0 (compatible; DotBot/1.2; +https://opensiteexplorer.org/dotbot; help@moz.com)"
216.244.66.203 - - [13/Jan/2024:11:40:39 +0100] "GET /robots.txt HTTP/1.1" 404 1181 "-" "Mozilla/5.0 (compatible; DotBot/1.2; +https://opensiteexplorer.org/dotbot; help@moz.com)"
52.167.144.192 - - [13/Jan/2024:11:46:54 +0100] "GET /pmwiki/pmwiki.php/Main/Ipr HTTP/1.1" 200 13258 "-" "Mozilla/5.0 AppleWebKit/537.36 (KHTML, like Gecko; compatible; bingbot/2.0; +http://www.bing.com/bingbot.htm) Chrome/116.0.1938.76 Safari/537.36"
66.249.64.128 - - [13/Jan/2024:11:47:16 +0100] "GET /favicon.ico HTTP/1.1" 404 1181 "-" "Googlebot-Image/1.0"
216.244.66.203 - - [13/Jan/2024:12:10:12 +0100] "GET /pmwiki/pmwiki.php/Main/ADRMH%E1tr%E1nyai?action=edit&restore=diff:1110715690:1110657640:&preview=y HTTP/1.1" 200 12580 "-" "Mozilla/5.0 (compatible; DotBot/1.2; +https://opensiteexplorer.org/dotbot; help@moz.com)"
216.244.66.203 - - [13/Jan/2024:12:10:17 +0100] "GET /pmwiki/pmwiki.php/Main/Cikkek?action=edit&restore=diff:1107864259:1107864259:&preview=y HTTP/1.1" 200 12417 "-" "Mozilla/5.0 (compatible; DotBot/1.2; +https://opensiteexplorer.org/dotbot; help@moz.com)"
216.244.66.203 - - [13/Jan/2024:12:10:21 +0100] "GET /pmwiki/pmwiki.php/Main/Cikkek?action=edit&restore=diff:1111167909:1110374893:&preview=y HTTP/1.1" 200 12417 "-" "Mozilla/5.0 (compatible; DotBot/1.2; +https://opensiteexplorer.org/dotbot; help@moz.com)"
216.244.66.203 - - [13/Jan/2024:12:10:25 +0100] "GET /pmwiki/pmwiki.php/Main/K%F6zlem%E9nye?action=edit&restore=diff:1119264981:1119253289:&preview=y HTTP/1.1" 200 12532 "-" "Mozilla/5.0 (compatible; DotBot/1.2; +https://opensiteexplorer.org/dotbot; help@moz.com)"
216.244.66.203 - - [13/Jan/2024:12:10:28 +0100] "GET /pmwiki/pmwiki.php/Main/Linkek?action=edit&restore=diff:1110568702:1110563315:&preview=y HTTP/1.1" 200 12416 "-" "Mozilla/5.0 (compatible; DotBot/1.2; +https://opensiteexplorer.org/dotbot; help@moz.com)"
216.244.66.203 - - [13/Jan/2024:12:10:31 +0100] "GET /pmwiki/pmwiki.php/Main/SearchWiki?action=edit&restore=diff:1114166141:1113972551:&preview=y HTTP/1.1" 200 12476 "-" "Mozilla/5.0 (compatible; DotBot/1.2; +https://opensiteexplorer.org/dotbot; help@moz.com)"
216.244.66.203 - - [13/Jan/2024:12:34:21 +0100] "GET /robots.txt HTTP/1.1" 404 1181 "-" "Mozilla/5.0 (compatible; DotBot/1.2; +https://opensiteexplorer.org/dotbot; help@moz.com)"
216.244.66.203 - - [13/Jan/2024:12:44:09 +0100] "GET /pmwiki/pmwiki.php/Main/Cikkek?action=edit&restore=diff:1108899393:1108898887:&preview=y HTTP/1.1" 200 12417 "-" "Mozilla/5.0 (compatible; DotBot/1.2; +https://opensiteexplorer.org/dotbot; help@moz.com)"
216.244.66.203 - - [13/Jan/2024:12:44:14 +0100] "GET /pmwiki/pmwiki.php/Main/H%EDrek?action=edit&restore=diff:1112121765:1112121643:&preview=y HTTP/1.1" 200 12426 "-" "Mozilla/5.0 (compatible; DotBot/1.2; +https://opensiteexplorer.org/dotbot; help@moz.com)"
216.244.66.203 - - [13/Jan/2024:12:55:05 +0100] "GET /pmwiki/pmwiki.php/Main/SideBar?action=edit&restore=diff:1107864362:1107864093:&preview=y HTTP/1.1" 200 12430 "-" "Mozilla/5.0 (compatible; DotBot/1.2; +https://opensiteexplorer.org/dotbot; help@moz.com)"
216.244.66.203 - - [13/Jan/2024:13:30:58 +0100] "GET /robots.txt HTTP/1.1" 404 1181 "-" "Mozilla/5.0 (compatible; DotBot/1.2; +https://opensiteexplorer.org/dotbot; help@moz.com)"
216.244.66.203 - - [13/Jan/2024:13:45:06 +0100] "GET /pmwiki/pmwiki.php/Main/BMEKonferencia?action=diff&source=n&minor=n HTTP/1.1" 200 76698 "-" "Mozilla/5.0 (compatible; DotBot/1.2; +https://opensiteexplorer.org/dotbot; help@moz.com)"
216.244.66.203 - - [13/Jan/2024:13:49:54 +0100] "GET /pmwiki/pmwiki.php/Main/ATan%E1cs%C9rdembenT%E1rgyalhatASzoftverszabadalmiDirekt%EDv%E1r%F3l?action=diff&source=n&minor=n HTTP/1.1" 200 18697 "-" "Mozilla/5.0 (compatible; DotBot/1.2; +https://opensiteexplorer.org/dotbot; help@moz.com)"
216.244.66.203 - - [13/Jan/2024:13:49:58 +0100] "GET /pmwiki/pmwiki.php/Main/GatesMegzsaroltaD%E1ni%E1t?action=edit&restore=diff:1108662072:1108662048:&preview=y HTTP/1.1" 200 12728 "-" "Mozilla/5.0 (compatible; DotBot/1.2; +https://opensiteexplorer.org/dotbot; help@moz.com)"
216.244.66.203 - - [13/Jan/2024:13:50:03 +0100] "GET /pmwiki/pmwiki.php/Main/Nyilatkozatok?action=edit&restore=diff:1120082868:1120082868:&preview=y HTTP/1.1" 200 12524 "-" "Mozilla/5.0 (compatible; DotBot/1.2; +https://opensiteexplorer.org/dotbot; help@moz.com)"
111.225.149.99 - - [13/Jan/2024:14:23:43 +0100] "GET /robots.txt HTTP/1.1" 404 1181 "-" "Mozilla/5.0 (Linux; Android 5.0) AppleWebKit/537.36 (KHTML, like Gecko) Mobile Safari/537.36 (compatible; Bytespider; https://zhanzhang.toutiao.com/)"
216.244.66.203 - - [13/Jan/2024:14:27:13 +0100] "GET /robots.txt HTTP/1.1" 404 1181 "-" "Mozilla/5.0 (compatible; DotBot/1.2; +https://opensiteexplorer.org/dotbot; help@moz.com)"
216.244.66.203 - - [13/Jan/2024:14:45:34 +0100] "GET /pmwiki/pmwiki.php/Main/Cikkek?action=edit&restore=diff:1119265417:1119256219:&preview=y HTTP/1.1" 200 12417 "-" "Mozilla/5.0 (compatible; DotBot/1.2; +https://opensiteexplorer.org/dotbot; help@moz.com)"
17.241.227.86 - - [13/Jan/2024:14:59:29 +0100] "GET /robots.txt HTTP/1.1" 404 1181 "-" "Mozilla/5.0 (Macintosh; Intel Mac OS X 10_15_5) AppleWebKit/605.1.15 (KHTML, like Gecko) Version/13.1.1 Safari/605.1.15 (Applebot/0.1; +http://www.apple.com/go/applebot)"
17.241.227.86 - - [13/Jan/2024:14:59:29 +0100] "GET /pmwiki/pmwiki.php/Main/Befektet%e9sv%e9delem HTTP/1.1" 200 15814 "-" "Mozilla/5.0 (Macintosh; Intel Mac OS X 10_15_5) AppleWebKit/605.1.15 (KHTML, like Gecko) Version/13.1.1 Safari/605.1.15 (Applebot/0.1; +http://www.apple.com/go/applebot)"
216.244.66.203 - - [13/Jan/2024:15:20:45 +0100] "GET /robots.txt HTTP/1.1" 404 1181 "-" "Mozilla/5.0 (compatible; DotBot/1.2; +https://opensiteexplorer.org/dotbot; help@moz.com)"
216.244.66.203 - - [13/Jan/2024:15:31:19 +0100] "GET /pmwiki/pmwiki.php/PmWiki/IncludeOtherPages?action=diff&source=y&minor=y HTTP/1.1" 200 13002 "-" "Mozilla/5.0 (compatible; DotBot/1.2; +https://opensiteexplorer.org/dotbot; help@moz.com)"
216.244.66.203 - - [13/Jan/2024:15:42:25 +0100] "GET /pmwiki/pmwiki.php/Profiles/Pm?action=diff&source=n&minor=n HTTP/1.1" 200 12768 "-" "Mozilla/5.0 (compatible; DotBot/1.2; +https://opensiteexplorer.org/dotbot; help@moz.com)"
54.36.148.29 - - [13/Jan/2024:15:44:12 +0100] "GET /pmwiki/pmwiki.php/Main/RocardEp2?action=upload HTTP/1.1" 200 12294 "-" "Mozilla/5.0 (compatible; AhrefsBot/7.0; +http://ahrefs.com/robot/)"
216.244.66.203 - - [13/Jan/2024:15:47:52 +0100] "GET /pmwiki/pmwiki.php/Main/Cikkek?action=edit&restore=diff:1108899667:1108899590:&preview=y HTTP/1.1" 200 12417 "-" "Mozilla/5.0 (compatible; DotBot/1.2; +https://opensiteexplorer.org/dotbot; help@moz.com)"
216.244.66.203 - - [13/Jan/2024:15:47:56 +0100] "GET /pmwiki/pmwiki.php/Main/DRM?action=edit&restore=diff:1110471898:1110471681:&preview=y HTTP/1.1" 200 12364 "-" "Mozilla/5.0 (compatible; DotBot/1.2; +https://opensiteexplorer.org/dotbot; help@moz.com)"
216.244.66.203 - - [13/Jan/2024:16:13:50 +0100] "GET /robots.txt HTTP/1.1" 404 1181 "-" "Mozilla/5.0 (compatible; DotBot/1.2; +https://opensiteexplorer.org/dotbot; help@moz.com)"
54.36.148.180 - - [13/Jan/2024:16:15:01 +0100] "GET /pmwiki/pmwiki.php/Main/ATan%E1cs%C9rdembenT%E1rgyalhatASzoftverszabadalmiDirekt%EDv%E1r%F3l HTTP/1.1" 200 18291 "-" "Mozilla/5.0 (compatible; AhrefsBot/7.0; +http://ahrefs.com/robot/)"
216.244.66.203 - - [13/Jan/2024:16:29:25 +0100] "GET /pmwiki/pmwiki.php/PmWiki/OtherVariables?action=diff&source=y&minor=y HTTP/1.1" 200 12947 "-" "Mozilla/5.0 (compatible; DotBot/1.2; +https://opensiteexplorer.org/dotbot; help@moz.com)"
216.244.66.203 - - [13/Jan/2024:16:33:17 +0100] "GET /pmwiki/pmwiki.php/Profiles/Mikei?action=diff&source=n&minor=n HTTP/1.1" 200 12822 "-" "Mozilla/5.0 (compatible; DotBot/1.2; +https://opensiteexplorer.org/dotbot; help@moz.com)"
216.244.66.203 - - [13/Jan/2024:16:37:03 +0100] "GET /pmwiki/pmwiki.php/Main/Cikkek?action=edit&restore=diff:1109621019:1109271503:&preview=y HTTP/1.1" 200 12417 "-" "Mozilla/5.0 (compatible; DotBot/1.2; +https://opensiteexplorer.org/dotbot; help@moz.com)"
216.244.66.203 - - [13/Jan/2024:17:07:49 +0100] "GET /robots.txt HTTP/1.1" 404 1181 "-" "Mozilla/5.0 (compatible; DotBot/1.2; +https://opensiteexplorer.org/dotbot; help@moz.com)"
216.244.66.203 - - [13/Jan/2024:17:25:33 +0100] "GET /pmwiki/pmwiki.php/PmWiki/PmWiki?action=diff&source=n&minor=n HTTP/1.1" 200 96107 "-" "Mozilla/5.0 (compatible; DotBot/1.2; +https://opensiteexplorer.org/dotbot; help@moz.com)"
216.244.66.203 - - [13/Jan/2024:17:37:01 +0100] "GET /pmwiki/pmwiki.php/Main/DRM?action=edit&restore=diff:1110567362:1110567293:&preview=y HTTP/1.1" 200 12364 "-" "Mozilla/5.0 (compatible; DotBot/1.2; +https://opensiteexplorer.org/dotbot; help@moz.com)"
111.225.148.60 - - [13/Jan/2024:17:40:16 +0100] "GET /robots.txt HTTP/1.1" 404 1181 "-" "Mozilla/5.0 (Linux; Android 5.0) AppleWebKit/537.36 (KHTML, like Gecko) Mobile Safari/537.36 (compatible; Bytespider; https://zhanzhang.toutiao.com/)"
54.36.149.5 - - [13/Jan/2024:17:44:27 +0100] "GET /pmwiki/pmwiki.php/Main/2004Augusztus5 HTTP/1.1" 200 15089 "-" "Mozilla/5.0 (compatible; AhrefsBot/7.0; +http://ahrefs.com/robot/)"
216.244.66.203 - - [13/Jan/2024:18:02:08 +0100] "GET /robots.txt HTTP/1.1" 404 1181 "-" "Mozilla/5.0 (compatible; DotBot/1.2; +https://opensiteexplorer.org/dotbot; help@moz.com)"
198.235.24.150 - - [13/Jan/2024:18:07:30 +0100] "GET / HTTP/1.1" 302 5 "-" "Expanse, a Palo Alto Networks company, searches across the global IPv4 space multiple times per day to identify customers' presences on the Internet. If you would like to be excluded from our scans, please send IP addresses/domains to: scaninfo@paloaltonetworks.com"
54.36.148.43 - - [13/Jan/2024:18:13:22 +0100] "GET /pmwiki/pmwiki.php/Main/C%E9lok?action=diff HTTP/1.1" 200 23024 "-" "Mozilla/5.0 (compatible; AhrefsBot/7.0; +http://ahrefs.com/robot/)"
216.244.66.203 - - [13/Jan/2024:18:17:26 +0100] "GET /pmwiki/pmwiki.php/PmWiki/Passwords?action=diff&source=y&minor=y HTTP/1.1" 200 12856 "-" "Mozilla/5.0 (compatible; DotBot/1.2; +https://opensiteexplorer.org/dotbot; help@moz.com)"
216.244.66.203 - - [13/Jan/2024:18:17:36 +0100] "GET /pmwiki/pmwiki.php/PmWiki/SimpleTables2?action=diff&source=y&minor=y HTTP/1.1" 200 12929 "-" "Mozilla/5.0 (compatible; DotBot/1.2; +https://opensiteexplorer.org/dotbot; help@moz.com)"
216.244.66.203 - - [13/Jan/2024:18:17:44 +0100] "GET /pmwiki/pmwiki.php/PmWiki/WikiStructure?action=diff&source=n&minor=n HTTP/1.1" 200 12929 "-" "Mozilla/5.0 (compatible; DotBot/1.2; +https://opensiteexplorer.org/dotbot; help@moz.com)"
54.36.148.129 - - [13/Jan/2024:18:43:34 +0100] "GET /pmwiki/pmwiki.php/Main/EztMondjukNekik HTTP/1.1" 200 14106 "-" "Mozilla/5.0 (compatible; AhrefsBot/7.0; +http://ahrefs.com/robot/)"
216.244.66.203 - - [13/Jan/2024:18:56:48 +0100] "GET /robots.txt HTTP/1.1" 404 1181 "-" "Mozilla/5.0 (compatible; DotBot/1.2; +https://opensiteexplorer.org/dotbot; help@moz.com)"
66.249.64.129 - - [13/Jan/2024:19:04:22 +0100] "GET /pmwiki/pmwiki.php/Main/2005J%FAniusEKTBBesz%E1mol%F3?action=edit HTTP/1.1" 403 30 "-" "Mozilla/5.0 (Linux; Android 6.0.1; Nexus 5X Build/MMB29P) AppleWebKit/537.36 (KHTML, like Gecko) Chrome/120.0.6099.216 Mobile Safari/537.36 (compatible; Googlebot/2.1; +http://www.google.com/bot.html)"
216.244.66.203 - - [13/Jan/2024:19:10:23 +0100] "GET /pmwiki/pmwiki.php/Main/Nyilatkozat?action=diff&source=y&minor=y HTTP/1.1" 200 20888 "-" "Mozilla/5.0 (compatible; DotBot/1.2; +https://opensiteexplorer.org/dotbot; help@moz.com)"
216.244.66.203 - - [13/Jan/2024:19:10:29 +0100] "GET /pmwiki/pmwiki.php/Main/SearchWiki?action=diff&source=n&minor=n HTTP/1.1" 200 60945 "-" "Mozilla/5.0 (compatible; DotBot/1.2; +https://opensiteexplorer.org/dotbot; help@moz.com)"
216.244.66.203 - - [13/Jan/2024:19:10:33 +0100] "GET /pmwiki/pmwiki.php/Main/TRIPSLie?action=diff&source=y&minor=y HTTP/1.1" 200 14176 "-" "Mozilla/5.0 (compatible; DotBot/1.2; +https://opensiteexplorer.org/dotbot; help@moz.com)"
54.36.149.82 - - [13/Jan/2024:19:12:36 +0100] "GET /pmwiki/pmwiki.php/Main/Feb03PR HTTP/1.1" 200 15390 "-" "Mozilla/5.0 (compatible; AhrefsBot/7.0; +http://ahrefs.com/robot/)"
54.36.148.32 - - [13/Jan/2024:19:41:50 +0100] "GET /pmwiki/pmwiki.php/Main/Cutts HTTP/1.1" 200 31570 "-" "Mozilla/5.0 (compatible; AhrefsBot/7.0; +http://ahrefs.com/robot/)"
216.244.66.203 - - [13/Jan/2024:19:50:42 +0100] "GET /robots.txt HTTP/1.1" 404 1181 "-" "Mozilla/5.0 (compatible; DotBot/1.2; +https://opensiteexplorer.org/dotbot; help@moz.com)"
216.244.66.203 - - [13/Jan/2024:20:01:09 +0100] "GET /pmwiki/pmwiki.php/PmWiki/ImagesInWikiPages?action=diff&source=y&minor=y HTTP/1.1" 200 13001 "-" "Mozilla/5.0 (compatible; DotBot/1.2; +https://opensiteexplorer.org/dotbot; help@moz.com)"
51.222.253.2 - - [13/Jan/2024:20:09:26 +0100] "GET /robots.txt HTTP/1.1" 404 1181 "-" "Mozilla/5.0 (compatible; AhrefsBot/7.0; +http://ahrefs.com/robot/)"
54.36.148.91 - - [13/Jan/2024:20:09:27 +0100] "GET /pmwiki/pmwiki.php/Main/SzoftverSzabadalmak HTTP/1.1" 200 15057 "-" "Mozilla/5.0 (compatible; AhrefsBot/7.0; +http://ahrefs.com/robot/)"
47.128.23.163 - - [13/Jan/2024:20:12:33 +0100] "GET /pmwiki/pmwiki.php/Main/HomePage HTTP/1.1" 200 37269 "-" "Mozilla/5.0 (compatible; Bytespider; spider-feedback@bytedance.com) AppleWebKit/537.36 (KHTML, like Gecko) Chrome/70.0.0.0 Safari/537.36"
47.128.23.163 - - [13/Jan/2024:20:12:33 +0100] "GET /pmwiki/pub/skins/gila/gila.css HTTP/1.1" 200 8887 "http://swpat.zpok.hu/pmwiki/pmwiki.php/Main/HomePage" "Mozilla/5.0 (compatible; Bytespider; spider-feedback@bytedance.com) AppleWebKit/537.36 (KHTML, like Gecko) Chrome/70.0.0.0 Safari/537.36"
47.128.120.117 - - [13/Jan/2024:20:16:35 +0100] "GET /robots.txt HTTP/1.1" 404 1181 "-" "Mozilla/5.0 (Linux; Android 5.0) AppleWebKit/537.36 (KHTML, like Gecko) Mobile Safari/537.36 (compatible; Bytespider; spider-feedback@bytedance.com)"
216.244.66.203 - - [13/Jan/2024:20:43:35 +0100] "GET /robots.txt HTTP/1.1" 404 1181 "-" "Mozilla/5.0 (compatible; DotBot/1.2; +https://opensiteexplorer.org/dotbot; help@moz.com)"
47.128.118.60 - - [13/Jan/2024:20:47:37 +0100] "GET /pmwiki/pmwiki.php/Main/DRM HTTP/1.1" 200 14856 "-" "Mozilla/5.0 (compatible; Bytespider; spider-feedback@bytedance.com) AppleWebKit/537.36 (KHTML, like Gecko) Chrome/70.0.0.0 Safari/537.36"
216.244.66.203 - - [13/Jan/2024:20:53:32 +0100] "GET /pmwiki/pmwiki.php/Main/Cikkek?action=edit&restore=diff:1110374893:1110313786:&preview=y HTTP/1.1" 200 12417 "-" "Mozilla/5.0 (compatible; DotBot/1.2; +https://opensiteexplorer.org/dotbot; help@moz.com)"
216.244.66.203 - - [13/Jan/2024:20:53:38 +0100] "GET /pmwiki/pmwiki.php/Main/SideBar?action=edit&restore=diff:1107903313:1107895810:&preview=y HTTP/1.1" 200 12430 "-" "Mozilla/5.0 (compatible; DotBot/1.2; +https://opensiteexplorer.org/dotbot; help@moz.com)"
216.244.66.203 - - [13/Jan/2024:20:56:39 +0100] "GET /pmwiki/pmwiki.php/Main/Marc08essay?action=edit&restore=diff:1117718643:1110541111:&preview=y HTTP/1.1" 200 12492 "-" "Mozilla/5.0 (compatible; DotBot/1.2; +https://opensiteexplorer.org/dotbot; help@moz.com)"
216.244.66.203 - - [13/Jan/2024:20:56:43 +0100] "GET /pmwiki/pmwiki.php/Main/WikiSandbox?action=edit&restore=diff:1118065030:1117605699:&preview=y HTTP/1.1" 200 12492 "-" "Mozilla/5.0 (compatible; DotBot/1.2; +https://opensiteexplorer.org/dotbot; help@moz.com)"
54.36.148.208 - - [13/Jan/2024:21:20:01 +0100] "GET /pmwiki/pmwiki.php/Main/ADRMH%E1tr%E1nyai?action=edit HTTP/1.1" 200 12534 "-" "Mozilla/5.0 (compatible; AhrefsBot/7.0; +http://ahrefs.com/robot/)"
216.244.66.203 - - [13/Jan/2024:21:37:36 +0100] "GET /robots.txt HTTP/1.1" 404 1181 "-" "Mozilla/5.0 (compatible; DotBot/1.2; +https://opensiteexplorer.org/dotbot; help@moz.com)"
213.180.203.232 - - [13/Jan/2024:21:39:14 +0100] "GET /robots.txt HTTP/1.1" 404 1181 "-" "Mozilla/5.0 (compatible; YandexBot/3.0; +http://yandex.com/bots)"
87.250.224.214 - - [13/Jan/2024:21:39:14 +0100] "GET / HTTP/1.1" 302 5 "-" "Mozilla/5.0 (compatible; YandexBot/3.0; +http://yandex.com/bots)"
5.255.231.113 - - [13/Jan/2024:21:39:26 +0100] "GET /robots.txt HTTP/1.1" 404 1181 "-" "Mozilla/5.0 (compatible; YandexBot/3.0; +http://yandex.com/bots)"
213.180.203.67 - - [13/Jan/2024:21:39:26 +0100] "GET / HTTP/1.1" 302 5 "-" "Mozilla/5.0 (compatible; YandexBot/3.0; +http://yandex.com/bots)"
5.255.231.12 - - [13/Jan/2024:21:40:29 +0100] "GET /robots.txt HTTP/1.1" 404 1181 "-" "Mozilla/5.0 (compatible; YandexBot/3.0; +http://yandex.com/bots)"
95.108.213.253 - - [13/Jan/2024:21:40:30 +0100] "GET /pmwiki/pmwiki.php HTTP/1.1" 200 37269 "-" "Mozilla/5.0 (compatible; YandexBot/3.0; +http://yandex.com/bots)"
87.250.224.16 - - [13/Jan/2024:21:40:50 +0100] "GET /pmwiki/pmwiki.php HTTP/1.1" 200 37269 "-" "Mozilla/5.0 (compatible; YandexBot/3.0; +http://yandex.com/bots)"
216.244.66.203 - - [13/Jan/2024:21:48:56 +0100] "GET /pmwiki/pmwiki.php/Main/Cikkek?action=edit&restore=diff:1108897149:1108896872:&preview=y HTTP/1.1" 200 12417 "-" "Mozilla/5.0 (compatible; DotBot/1.2; +https://opensiteexplorer.org/dotbot; help@moz.com)"
216.244.66.203 - - [13/Jan/2024:21:54:28 +0100] "GET /pmwiki/pmwiki.php/Main/Befektet%E9sv%E9delem?action=edit&restore=diff:1107865195:1107865195:&preview=y HTTP/1.1" 200 12648 "-" "Mozilla/5.0 (compatible; DotBot/1.2; +https://opensiteexplorer.org/dotbot; help@moz.com)"
216.244.66.203 - - [13/Jan/2024:21:54:32 +0100] "GET /pmwiki/pmwiki.php/Main/JuriEktbEloterjesztes?action=edit&restore=diff:1118535747:1118535711:&preview=y HTTP/1.1" 200 12652 "-" "Mozilla/5.0 (compatible; DotBot/1.2; +https://opensiteexplorer.org/dotbot; help@moz.com)"
216.244.66.203 - - [13/Jan/2024:21:54:36 +0100] "GET /pmwiki/pmwiki.php/Main/WikiPediaban?action=edit&restore=diff:1110454460:1110454460:&preview=y HTTP/1.1" 200 12509 "-" "Mozilla/5.0 (compatible; DotBot/1.2; +https://opensiteexplorer.org/dotbot; help@moz.com)"
54.36.148.105 - - [13/Jan/2024:22:00:35 +0100] "GET /pmwiki/pmwiki.php/Main/ADRMH%E1tr%E1nyai?action=upload HTTP/1.1" 200 12414 "-" "Mozilla/5.0 (compatible; AhrefsBot/7.0; +http://ahrefs.com/robot/)"
54.36.148.74 - - [13/Jan/2024:22:21:07 +0100] "GET /pmwiki/pmwiki.php/Main/ADRMH%E1tr%E1nyai?action=diff HTTP/1.1" 200 32626 "-" "Mozilla/5.0 (compatible; AhrefsBot/7.0; +http://ahrefs.com/robot/)"
216.244.66.203 - - [13/Jan/2024:22:31:53 +0100] "GET /robots.txt HTTP/1.1" 404 1181 "-" "Mozilla/5.0 (compatible; DotBot/1.2; +https://opensiteexplorer.org/dotbot; help@moz.com)"
54.36.148.67 - - [13/Jan/2024:22:41:28 +0100] "GET /pmwiki/pmwiki.php/Main/JogiOldal?action=diff HTTP/1.1" 200 27426 "-" "Mozilla/5.0 (compatible; AhrefsBot/7.0; +http://ahrefs.com/robot/)"
216.244.66.203 - - [13/Jan/2024:22:57:58 +0100] "GET /pmwiki/pmwiki.php/Main/SideBar?action=edit&restore=diff:1119865069:1118762671:minor&preview=y HTTP/1.1" 200 12435 "-" "Mozilla/5.0 (compatible; DotBot/1.2; +https://opensiteexplorer.org/dotbot; help@moz.com)"
54.36.149.21 - - [13/Jan/2024:23:01:49 +0100] "GET /pmwiki/pmwiki.php/Main/ADRMH%E1tr%E1nyai?action=print HTTP/1.1" 200 5095 "-" "Mozilla/5.0 (compatible; AhrefsBot/7.0; +http://ahrefs.com/robot/)"
54.36.148.24 - - [13/Jan/2024:23:22:20 +0100] "GET /pmwiki/pmwiki.php/Main/JogiOldal?action=upload HTTP/1.1" 200 12298 "-" "Mozilla/5.0 (compatible; AhrefsBot/7.0; +http://ahrefs.com/robot/)"
216.244.66.203 - - [13/Jan/2024:23:25:19 +0100] "GET /robots.txt HTTP/1.1" 404 1181 "-" "Mozilla/5.0 (compatible; DotBot/1.2; +https://opensiteexplorer.org/dotbot; help@moz.com)"
111.225.149.2 - - [13/Jan/2024:23:44:06 +0100] "GET /robots.txt HTTP/1.1" 404 1181 "-" "Mozilla/5.0 (Linux; Android 5.0) AppleWebKit/537.36 (KHTML, like Gecko) Mobile Safari/537.36 (compatible; Bytespider; https://zhanzhang.toutiao.com/)"
216.244.66.203 - - [13/Jan/2024:23:49:25 +0100] "GET /pmwiki/pmwiki.php/Main/Doksik?action=edit&restore=diff:1119876665:1119866578:minor&preview=y HTTP/1.1" 200 12417 "-" "Mozilla/5.0 (compatible; DotBot/1.2; +https://opensiteexplorer.org/dotbot; help@moz.com)"
216.244.66.203 - - [13/Jan/2024:23:49:30 +0100] "GET /pmwiki/pmwiki.php/Main/Telefonon?action=edit&restore=diff:1120224079:1120223722:minor&preview=y HTTP/1.1" 200 12465 "-" "Mozilla/5.0 (compatible; DotBot/1.2; +https://opensiteexplorer.org/dotbot; help@moz.com)"
216.244.66.203 - - [13/Jan/2024:23:50:35 +0100] "GET /pmwiki/pmwiki.php/Main/HeringgelMegval%F3s%EDtottTal%E1lm%E1nyok?action=edit&restore=diff:1107864903:1107864640:&preview=y HTTP/1.1" 200 12960 "-" "Mozilla/5.0 (compatible; DotBot/1.2; +https://opensiteexplorer.org/dotbot; help@moz.com)"
54.36.149.34 - - [14/Jan/2024:00:03:11 +0100] "GET /pmwiki/pmwiki.php/Main/JogiOldal?action=print HTTP/1.1" 200 16476 "-" "Mozilla/5.0 (compatible; AhrefsBot/7.0; +http://ahrefs.com/robot/)"
216.244.66.203 - - [14/Jan/2024:00:18:14 +0100] "GET /robots.txt HTTP/1.1" 404 1181 "-" "Mozilla/5.0 (compatible; DotBot/1.2; +https://opensiteexplorer.org/dotbot; help@moz.com)"
54.36.149.80 - - [14/Jan/2024:00:23:58 +0100] "GET /pmwiki/pmwiki.php/Main/JogiOldal?action=edit HTTP/1.1" 200 12418 "-" "Mozilla/5.0 (compatible; AhrefsBot/7.0; +http://ahrefs.com/robot/)"
216.244.66.203 - - [14/Jan/2024:00:39:14 +0100] "GET /pmwiki/pmwiki.php/Main/2005J%FAniusEKTBBesz%E1mol%F3?action=edit&restore=diff:1120085405:1120085405:&preview=y HTTP/1.1" 200 12768 "-" "Mozilla/5.0 (compatible; DotBot/1.2; +https://opensiteexplorer.org/dotbot; help@moz.com)"
216.244.66.203 - - [14/Jan/2024:00:39:19 +0100] "GET /pmwiki/pmwiki.php/Main/AJelenlegiSzerzoiJogiTorveny?action=edit&restore=diff:1110740212:1110660106:&preview=y HTTP/1.1" 200 12764 "-" "Mozilla/5.0 (compatible; DotBot/1.2; +https://opensiteexplorer.org/dotbot; help@moz.com)"
54.36.148.209 - - [14/Jan/2024:00:44:50 +0100] "GET /pmwiki/pmwiki.php/Main/Befektet%E9sv%E9delem?action=upload HTTP/1.1" 200 12482 "-" "Mozilla/5.0 (compatible; AhrefsBot/7.0; +http://ahrefs.com/robot/)"
54.36.148.33 - - [14/Jan/2024:01:05:15 +0100] "GET /pmwiki/pmwiki.php/Main/Befektet%E9sv%E9delem?action=print HTTP/1.1" 200 6102 "-" "Mozilla/5.0 (compatible; AhrefsBot/7.0; +http://ahrefs.com/robot/)"
54.36.149.40 - - [14/Jan/2024:01:25:30 +0100] "GET /pmwiki/pmwiki.php/Main/DRMMunkacsoport?action=print HTTP/1.1" 200 3060 "-" "Mozilla/5.0 (compatible; AhrefsBot/7.0; +http://ahrefs.com/robot/)"
54.36.148.224 - - [14/Jan/2024:01:45:53 +0100] "GET /pmwiki/pmwiki.php/Main/DRMMunkacsoport?action=edit HTTP/1.1" 200 12510 "-" "Mozilla/5.0 (compatible; AhrefsBot/7.0; +http://ahrefs.com/robot/)"
216.244.66.203 - - [14/Jan/2024:02:04:05 +0100] "GET /robots.txt HTTP/1.1" 404 1181 "-" "Mozilla/5.0 (compatible; DotBot/1.2; +https://opensiteexplorer.org/dotbot; help@moz.com)"
54.36.148.83 - - [14/Jan/2024:02:08:25 +0100] "GET /pmwiki/pmwiki.php/Main/DRMMunkacsoport?action=upload HTTP/1.1" 200 12390 "-" "Mozilla/5.0 (compatible; AhrefsBot/7.0; +http://ahrefs.com/robot/)"
216.244.66.203 - - [14/Jan/2024:02:22:39 +0100] "GET /pmwiki/pmwiki.php/Main/SideBar?action=edit&restore=diff:1107864595:1107864362:&preview=y HTTP/1.1" 200 12430 "-" "Mozilla/5.0 (compatible; DotBot/1.2; +https://opensiteexplorer.org/dotbot; help@moz.com)"
88.216.2.82 - - [14/Jan/2024:02:45:08 +0100] "GET /robots.txt HTTP/1.0" 404 1181 "-" "Mozilla/4.0 (compatible; fluid/0.0; +http://www.leak.info/bot.html)"
216.244.66.203 - - [14/Jan/2024:02:56:52 +0100] "GET /robots.txt HTTP/1.1" 404 1181 "-" "Mozilla/5.0 (compatible; DotBot/1.2; +https://opensiteexplorer.org/dotbot; help@moz.com)"
216.244.66.203 - - [14/Jan/2024:03:12:25 +0100] "GET /pmwiki/pmwiki.php/Main/SideBar?action=edit&restore=diff:1107865178:1107865059:&preview=y HTTP/1.1" 200 12430 "-" "Mozilla/5.0 (compatible; DotBot/1.2; +https://opensiteexplorer.org/dotbot; help@moz.com)"
216.244.66.203 - - [14/Jan/2024:03:12:30 +0100] "GET /pmwiki/pmwiki.php/Main/SideBar?action=edit&restore=diff:1110470928:1110470258:&preview=y HTTP/1.1" 200 12430 "-" "Mozilla/5.0 (compatible; DotBot/1.2; +https://opensiteexplorer.org/dotbot; help@moz.com)"
110.249.201.196 - - [14/Jan/2024:03:12:54 +0100] "GET /robots.txt HTTP/1.1" 404 1181 "-" "Mozilla/5.0 (Linux; Android 5.0) AppleWebKit/537.36 (KHTML, like Gecko) Mobile Safari/537.36 (compatible; Bytespider; https://zhanzhang.toutiao.com/)"
216.244.66.203 - - [14/Jan/2024:03:20:17 +0100] "GET /pmwiki/pmwiki.php/PmWiki/AdvancedTables?action=diff&source=y&minor=y HTTP/1.1" 200 12947 "-" "Mozilla/5.0 (compatible; DotBot/1.2; +https://opensiteexplorer.org/dotbot; help@moz.com)"
216.244.66.203 - - [14/Jan/2024:03:20:21 +0100] "GET /pmwiki/pmwiki.php/PmWiki/AuthorTracking?action=diff&source=n&minor=n HTTP/1.1" 200 12947 "-" "Mozilla/5.0 (compatible; DotBot/1.2; +https://opensiteexplorer.org/dotbot; help@moz.com)"
54.36.148.28 - - [14/Jan/2024:03:40:19 +0100] "GET /pmwiki/pmwiki.php/Main/Ipr?action=edit HTTP/1.1" 200 12322 "-" "Mozilla/5.0 (compatible; AhrefsBot/7.0; +http://ahrefs.com/robot/)"
216.244.66.203 - - [14/Jan/2024:03:50:20 +0100] "GET /robots.txt HTTP/1.1" 404 1181 "-" "Mozilla/5.0 (compatible; DotBot/1.2; +https://opensiteexplorer.org/dotbot; help@moz.com)"
216.244.66.203 - - [14/Jan/2024:04:05:37 +0100] "GET /pmwiki/pmwiki.php/Main/AllRecentChanges?action=diff&source=y&minor=y HTTP/1.1" 200 12941 "-" "Mozilla/5.0 (compatible; DotBot/1.2; +https://opensiteexplorer.org/dotbot; help@moz.com)"
216.244.66.203 - - [14/Jan/2024:04:05:44 +0100] "GET /pmwiki/pmwiki.php/Main/Cikkek?action=diff&source=n&minor=n HTTP/1.1" 200 90206 "-" "Mozilla/5.0 (compatible; DotBot/1.2; +https://opensiteexplorer.org/dotbot; help@moz.com)"
216.244.66.203 - - [14/Jan/2024:04:05:51 +0100] "GET /pmwiki/pmwiki.php/Main/Feb03PR?action=diff&source=n&minor=n HTTP/1.1" 200 18340 "-" "Mozilla/5.0 (compatible; DotBot/1.2; +https://opensiteexplorer.org/dotbot; help@moz.com)"
54.36.148.122 - - [14/Jan/2024:04:05:54 +0100] "GET /pmwiki/pmwiki.php/Main/Marc08essay?action=upload HTTP/1.1" 200 12326 "-" "Mozilla/5.0 (compatible; AhrefsBot/7.0; +http://ahrefs.com/robot/)"
216.244.66.203 - - [14/Jan/2024:04:05:57 +0100] "GET /pmwiki/pmwiki.php/Main/Mintalevel0509?action=diff&source=n&minor=n HTTP/1.1" 200 20593 "-" "Mozilla/5.0 (compatible; DotBot/1.2; +https://opensiteexplorer.org/dotbot; help@moz.com)"
216.244.66.203 - - [14/Jan/2024:04:06:01 +0100] "GET /pmwiki/pmwiki.php/Profiles/V6?action=diff&source=n&minor=n HTTP/1.1" 200 12768 "-" "Mozilla/5.0 (compatible; DotBot/1.2; +https://opensiteexplorer.org/dotbot; help@moz.com)"
216.244.66.203 - - [14/Jan/2024:04:06:05 +0100] "GET /pmwiki/pmwiki.php/Profiles/Xmouse?action=diff&source=y&minor=y HTTP/1.1" 200 12840 "-" "Mozilla/5.0 (compatible; DotBot/1.2; +https://opensiteexplorer.org/dotbot; help@moz.com)"
216.244.66.203 - - [14/Jan/2024:04:09:43 +0100] "GET /pmwiki/pmwiki.php/Main/2004-esNyilatkozat?action=edit&restore=diff:1120083031:1120083031:&preview=y HTTP/1.1" 200 12604 "-" "Mozilla/5.0 (compatible; DotBot/1.2; +https://opensiteexplorer.org/dotbot; help@moz.com)"
54.36.149.34 - - [14/Jan/2024:04:33:35 +0100] "GET /pmwiki/pmwiki.php/Main/Ipr?action=upload HTTP/1.1" 200 12202 "-" "Mozilla/5.0 (compatible; AhrefsBot/7.0; +http://ahrefs.com/robot/)"
216.244.66.203 - - [14/Jan/2024:04:43:46 +0100] "GET /robots.txt HTTP/1.1" 404 1181 "-" "Mozilla/5.0 (compatible; DotBot/1.2; +https://opensiteexplorer.org/dotbot; help@moz.com)"
85.208.98.17 - - [14/Jan/2024:04:44:14 +0100] "GET / HTTP/1.1" 302 5 "-" "SEMrushBot"
85.208.98.17 - - [14/Jan/2024:04:44:15 +0100] "GET /pmwiki/pmwiki.php HTTP/1.1" 200 37269 "http://swpat.zpok.hu/" "SEMrushBot"
54.36.148.221 - - [14/Jan/2024:05:00:12 +0100] "GET /pmwiki/pmwiki.php/Main/Ipr?action=print HTTP/1.1" 200 3775 "-" "Mozilla/5.0 (compatible; AhrefsBot/7.0; +http://ahrefs.com/robot/)"
216.244.66.203 - - [14/Jan/2024:05:03:33 +0100] "GET /pmwiki/pmwiki.php/Main/DRM?action=edit&restore=diff:1111146887:1110657833:&preview=y HTTP/1.1" 200 12364 "-" "Mozilla/5.0 (compatible; DotBot/1.2; +https://opensiteexplorer.org/dotbot; help@moz.com)"
216.244.66.203 - - [14/Jan/2024:05:03:39 +0100] "GET /pmwiki/pmwiki.php/Main/LehetsegesJavitasokEuropaban?action=diff&source=y&minor=y HTTP/1.1" 200 31724 "-" "Mozilla/5.0 (compatible; DotBot/1.2; +https://opensiteexplorer.org/dotbot; help@moz.com)"
