217.113.194.93 - - [05/Jan/2024:14:06:21 +0100] "GET /pmwiki/pmwiki.php/Profiles/Privcikkek?action=diff&source=n&minor=n HTTP/1.1" 200 12912 "-" "Mozilla/5.0 (compatible; Barkrowler/0.9; +https://babbar.tech/crawler)"
217.113.194.125 - - [05/Jan/2024:14:08:15 +0100] "GET /pmwiki/pmwiki.php/Main/V%E9delmiP%E9nz?action=upload&upname=wiki.png HTTP/1.1" 200 12398 "-" "Mozilla/5.0 (compatible; Barkrowler/0.9; +https://babbar.tech/crawler)"
217.113.194.74 - - [05/Jan/2024:14:10:08 +0100] "GET /pmwiki/pmwiki.php/Main/V%E9delmiP%E9nz?action=diff&source=n&minor=y HTTP/1.1" 200 13896 "-" "Mozilla/5.0 (compatible; Barkrowler/0.9; +https://babbar.tech/crawler)"
217.113.194.125 - - [05/Jan/2024:14:12:05 +0100] "GET /pmwiki/pmwiki.php/Main/V%E9delmiP%E9nz?action=diff&source=n&minor=n HTTP/1.1" 200 12911 "-" "Mozilla/5.0 (compatible; Barkrowler/0.9; +https://babbar.tech/crawler)"
217.113.194.67 - - [05/Jan/2024:14:14:01 +0100] "GET /pmwiki/pmwiki.php/Main/AzIPRJavaslat?action=diff&source=n&minor=y HTTP/1.1" 200 16096 "-" "Mozilla/5.0 (compatible; Barkrowler/0.9; +https://babbar.tech/crawler)"
217.113.194.65 - - [05/Jan/2024:14:16:24 +0100] "GET /pmwiki/pmwiki.php/Main/AzIPRJavaslat?action=diff&source=n&minor=n HTTP/1.1" 200 16096 "-" "Mozilla/5.0 (compatible; Barkrowler/0.9; +https://babbar.tech/crawler)"
217.113.194.110 - - [05/Jan/2024:14:18:17 +0100] "GET /pmwiki/pmwiki.php/Main/AzIPRJavaslat?action=diff&source=y&minor=y HTTP/1.1" 200 16280 "-" "Mozilla/5.0 (compatible; Barkrowler/0.9; +https://babbar.tech/crawler)"
217.113.194.122 - - [05/Jan/2024:14:20:14 +0100] "GET /pmwiki/pmwiki.php/Main/AzIPRJavaslat?action=diff&source=y&minor=n HTTP/1.1" 200 16280 "-" "Mozilla/5.0 (compatible; Barkrowler/0.9; +https://babbar.tech/crawler)"
217.113.194.67 - - [05/Jan/2024:14:22:13 +0100] "GET /pmwiki/pmwiki.php/Main/Id%E9nNemLeszDirekt%EDva?action=edit HTTP/1.1" 200 12649 "-" "Mozilla/5.0 (compatible; Barkrowler/0.9; +https://babbar.tech/crawler)"
217.113.194.79 - - [05/Jan/2024:14:24:06 +0100] "GET /pmwiki/pmwiki.php/Main/Id%E9nNemLeszDirekt%EDva?action=upload HTTP/1.1" 200 12529 "-" "Mozilla/5.0 (compatible; Barkrowler/0.9; +https://babbar.tech/crawler)"
217.113.194.110 - - [05/Jan/2024:14:26:00 +0100] "GET /pmwiki/pmwiki.php/Main/Id%E9nNemLeszDirekt%EDva?action=diff HTTP/1.1" 200 13076 "-" "Mozilla/5.0 (compatible; Barkrowler/0.9; +https://babbar.tech/crawler)"
217.113.194.80 - - [05/Jan/2024:14:27:54 +0100] "GET /pmwiki/pmwiki.php/Main/Id%E9nNemLeszDirekt%EDva?action=print HTTP/1.1" 404 2418 "-" "Mozilla/5.0 (compatible; Barkrowler/0.9; +https://babbar.tech/crawler)"
217.113.194.78 - - [05/Jan/2024:14:29:46 +0100] "GET /pmwiki/pmwiki.php/Main/2003M%E1jusBr%FCsszeliT%FAra HTTP/1.1" 200 13133 "-" "Mozilla/5.0 (compatible; Barkrowler/0.9; +https://babbar.tech/crawler)"
217.113.194.94 - - [05/Jan/2024:14:31:39 +0100] "GET /pmwiki/pmwiki.php/Main/2004Szeptember1?action=diff&source=n&minor=y HTTP/1.1" 200 15558 "-" "Mozilla/5.0 (compatible; Barkrowler/0.9; +https://babbar.tech/crawler)"
217.113.194.124 - - [05/Jan/2024:14:33:34 +0100] "GET /pmwiki/pmwiki.php/Main/2004Szeptember1?action=diff&source=n&minor=n HTTP/1.1" 200 15558 "-" "Mozilla/5.0 (compatible; Barkrowler/0.9; +https://babbar.tech/crawler)"
217.113.194.118 - - [05/Jan/2024:14:35:29 +0100] "GET /pmwiki/pmwiki.php/Main/2004Augusztus15?action=diff&source=y&minor=n HTTP/1.1" 200 12926 "-" "Mozilla/5.0 (compatible; Barkrowler/0.9; +https://babbar.tech/crawler)"
217.113.194.123 - - [05/Jan/2024:14:37:23 +0100] "GET /pmwiki/pmwiki.php/Main/2004Augusztus18?action=diff&source=y&minor=y HTTP/1.1" 200 14631 "-" "Mozilla/5.0 (compatible; Barkrowler/0.9; +https://babbar.tech/crawler)"
217.113.194.126 - - [05/Jan/2024:14:39:18 +0100] "GET /pmwiki/pmwiki.php/Main/2004Augusztus18?action=diff&source=y&minor=n HTTP/1.1" 200 14631 "-" "Mozilla/5.0 (compatible; Barkrowler/0.9; +https://babbar.tech/crawler)"
217.113.194.90 - - [05/Jan/2024:14:41:12 +0100] "GET /pmwiki/pmwiki.php/Main/2004-esNyilatkozat?action=diff&source=y&minor=y HTTP/1.1" 200 16936 "-" "Mozilla/5.0 (compatible; Barkrowler/0.9; +https://babbar.tech/crawler)"
217.113.194.85 - - [05/Jan/2024:14:43:07 +0100] "GET /pmwiki/pmwiki.php/Main/2004-esNyilatkozat?action=diff&source=y&minor=n HTTP/1.1" 200 16936 "-" "Mozilla/5.0 (compatible; Barkrowler/0.9; +https://babbar.tech/crawler)"
217.113.194.89 - - [05/Jan/2024:14:45:01 +0100] "GET /pmwiki/pmwiki.php/Main/JuriVelemeny?action=diff&source=y&minor=y HTTP/1.1" 200 27056 "-" "Mozilla/5.0 (compatible; Barkrowler/0.9; +https://babbar.tech/crawler)"
217.113.194.119 - - [05/Jan/2024:14:46:56 +0100] "GET /pmwiki/pmwiki.php/Main/JuriVelemeny?action=diff&source=y&minor=n HTTP/1.1" 200 27056 "-" "Mozilla/5.0 (compatible; Barkrowler/0.9; +https://babbar.tech/crawler)"
217.113.194.76 - - [05/Jan/2024:14:48:53 +0100] "GET /pmwiki/pmwiki.php/Main/HarcT%EDzITSzabadalomEllen?action=edit HTTP/1.1" 200 12682 "-" "Mozilla/5.0 (compatible; Barkrowler/0.9; +https://babbar.tech/crawler)"
217.113.194.125 - - [05/Jan/2024:14:50:48 +0100] "GET /pmwiki/pmwiki.php/Main/HarcT%EDzITSzabadalomEllen?action=print HTTP/1.1" 200 3972 "-" "Mozilla/5.0 (compatible; Barkrowler/0.9; +https://babbar.tech/crawler)"
217.113.194.76 - - [05/Jan/2024:14:52:46 +0100] "GET /pmwiki/pmwiki.php/Main/Comission-negatesDemocracy?action=diff&source=y&minor=y HTTP/1.1" 200 17934 "-" "Mozilla/5.0 (compatible; Barkrowler/0.9; +https://babbar.tech/crawler)"
217.113.194.124 - - [05/Jan/2024:14:54:40 +0100] "GET /pmwiki/pmwiki.php/Main/Comission-negatesDemocracy?action=diff&source=y&minor=n HTTP/1.1" 200 17934 "-" "Mozilla/5.0 (compatible; Barkrowler/0.9; +https://babbar.tech/crawler)"
217.113.194.104 - - [05/Jan/2024:14:56:36 +0100] "GET /pmwiki/pmwiki.php/Main/Comission-negatesDemocracy?action=diff&source=n&minor=y HTTP/1.1" 200 17875 "-" "Mozilla/5.0 (compatible; Barkrowler/0.9; +https://babbar.tech/crawler)"
217.113.194.112 - - [05/Jan/2024:14:58:28 +0100] "GET /pmwiki/pmwiki.php/Main/Comission-negatesDemocracy?action=diff&source=n&minor=n HTTP/1.1" 200 17875 "-" "Mozilla/5.0 (compatible; Barkrowler/0.9; +https://babbar.tech/crawler)"
217.113.194.87 - - [05/Jan/2024:15:00:22 +0100] "GET /pmwiki/pmwiki.php/Main/Gazdas%E1giOldal?action=upload&upname=wiki.png HTTP/1.1" 200 12422 "-" "Mozilla/5.0 (compatible; Barkrowler/0.9; +https://babbar.tech/crawler)"
217.113.194.73 - - [05/Jan/2024:15:02:11 +0100] "GET /pmwiki/pmwiki.php/Main/Gazdas%E1giOldal?action=diff&source=n&minor=y HTTP/1.1" 200 19856 "-" "Mozilla/5.0 (compatible; Barkrowler/0.9; +https://babbar.tech/crawler)"
217.113.194.85 - - [05/Jan/2024:15:04:10 +0100] "GET /pmwiki/pmwiki.php/Main/Sajt%F3anyag?action=upload&upname=wiki.png HTTP/1.1" 200 12355 "-" "Mozilla/5.0 (compatible; Barkrowler/0.9; +https://babbar.tech/crawler)"
217.113.194.72 - - [05/Jan/2024:15:06:06 +0100] "GET /pmwiki/pmwiki.php/Main/Sajt%F3anyag?action=diff&source=n&minor=y HTTP/1.1" 200 24576 "-" "Mozilla/5.0 (compatible; Barkrowler/0.9; +https://babbar.tech/crawler)"
217.113.194.111 - - [05/Jan/2024:15:08:00 +0100] "GET /pmwiki/pmwiki.php/Main/Sajt%F3anyag?action=diff&source=n&minor=n HTTP/1.1" 200 24576 "-" "Mozilla/5.0 (compatible; Barkrowler/0.9; +https://babbar.tech/crawler)"
217.113.194.102 - - [05/Jan/2024:15:09:59 +0100] "GET /pmwiki/pmwiki.php/PmWiki/PredefinedWikiStyles?action=diff&source=y&minor=n HTTP/1.1" 200 13054 "-" "Mozilla/5.0 (compatible; Barkrowler/0.9; +https://babbar.tech/crawler)"
217.113.194.112 - - [05/Jan/2024:15:11:52 +0100] "GET /pmwiki/pmwiki.php/PmWiki/AvailableActions?action=diff&source=y&minor=n HTTP/1.1" 200 12983 "-" "Mozilla/5.0 (compatible; Barkrowler/0.9; +https://babbar.tech/crawler)"
217.113.194.121 - - [05/Jan/2024:15:13:47 +0100] "GET /pmwiki/pmwiki.php/PmWiki/SimpleTables2?action=diff&source=y&minor=y HTTP/1.1" 200 12929 "-" "Mozilla/5.0 (compatible; Barkrowler/0.9; +https://babbar.tech/crawler)"
217.113.194.124 - - [05/Jan/2024:15:15:40 +0100] "GET /pmwiki/pmwiki.php/PmWiki/PmWikiPhilosophy?action=diff&source=y&minor=y HTTP/1.1" 200 12982 "-" "Mozilla/5.0 (compatible; Barkrowler/0.9; +https://babbar.tech/crawler)"
216.244.66.203 - - [05/Jan/2024:15:16:07 +0100] "GET /robots.txt HTTP/1.1" 404 1181 "-" "Mozilla/5.0 (compatible; DotBot/1.2; +https://opensiteexplorer.org/dotbot; help@moz.com)"
217.113.194.91 - - [05/Jan/2024:15:17:32 +0100] "GET /pmwiki/pmwiki.php/PmWiki/PmWikiPhilosophy?action=diff&source=y&minor=n HTTP/1.1" 200 12982 "-" "Mozilla/5.0 (compatible; Barkrowler/0.9; +https://babbar.tech/crawler)"
217.113.194.121 - - [05/Jan/2024:15:19:27 +0100] "GET /pmwiki/pmwiki.php/PmWiki/I18nVariables?action=diff&source=n&minor=y HTTP/1.1" 200 12929 "-" "Mozilla/5.0 (compatible; Barkrowler/0.9; +https://babbar.tech/crawler)"
217.113.194.91 - - [05/Jan/2024:15:21:21 +0100] "GET /pmwiki/pmwiki.php/PmWiki/I18nVariables?action=diff&source=n&minor=n HTTP/1.1" 200 12929 "-" "Mozilla/5.0 (compatible; Barkrowler/0.9; +https://babbar.tech/crawler)"
217.113.194.124 - - [05/Jan/2024:15:23:16 +0100] "GET /pmwiki/pmwiki.php/PmWiki/I18nVariables?action=diff&source=y&minor=y HTTP/1.1" 200 12929 "-" "Mozilla/5.0 (compatible; Barkrowler/0.9; +https://babbar.tech/crawler)"
217.113.194.124 - - [05/Jan/2024:15:25:13 +0100] "GET /pmwiki/pmwiki.php/PmWiki/I18nVariables?action=diff&source=y&minor=n HTTP/1.1" 200 12929 "-" "Mozilla/5.0 (compatible; Barkrowler/0.9; +https://babbar.tech/crawler)"
217.113.194.89 - - [05/Jan/2024:15:27:04 +0100] "GET /pmwiki/pmwiki.php/PmWiki/WikiStyleExamples?action=diff&source=y&minor=y HTTP/1.1" 200 13000 "-" "Mozilla/5.0 (compatible; Barkrowler/0.9; +https://babbar.tech/crawler)"
217.113.194.113 - - [05/Jan/2024:15:28:57 +0100] "GET /pmwiki/pmwiki.php/PmWiki/WikiStyleExamples?action=diff&source=y&minor=n HTTP/1.1" 200 13000 "-" "Mozilla/5.0 (compatible; Barkrowler/0.9; +https://babbar.tech/crawler)"
217.113.194.105 - - [05/Jan/2024:15:30:51 +0100] "GET /pmwiki/pmwiki.php/Main/V%E9delmiP%E9nz?action=diff&source=y&minor=n HTTP/1.1" 200 12911 "-" "Mozilla/5.0 (compatible; Barkrowler/0.9; +https://babbar.tech/crawler)"
217.113.194.91 - - [05/Jan/2024:15:32:47 +0100] "GET /pmwiki/pmwiki.php/Main/Nyilatkozatok?action=diff&source=y&minor=y HTTP/1.1" 200 29019 "-" "Mozilla/5.0 (compatible; Barkrowler/0.9; +https://babbar.tech/crawler)"
217.113.194.118 - - [05/Jan/2024:15:34:43 +0100] "GET /pmwiki/pmwiki.php/Main/Nyilatkozatok?action=diff&source=y&minor=n HTTP/1.1" 200 29019 "-" "Mozilla/5.0 (compatible; Barkrowler/0.9; +https://babbar.tech/crawler)"
217.113.194.90 - - [05/Jan/2024:15:36:32 +0100] "GET /pmwiki/pmwiki.php/Main/Nyilatkozatok?action=diff&source=n&minor=y HTTP/1.1" 200 33585 "-" "Mozilla/5.0 (compatible; Barkrowler/0.9; +https://babbar.tech/crawler)"
217.113.194.115 - - [05/Jan/2024:15:38:25 +0100] "GET /pmwiki/pmwiki.php/Main/Nyilatkozatok?action=diff&source=n&minor=n HTTP/1.1" 200 33585 "-" "Mozilla/5.0 (compatible; Barkrowler/0.9; +https://babbar.tech/crawler)"
217.113.194.68 - - [05/Jan/2024:15:40:19 +0100] "GET /pmwiki/pmwiki.php/Main/AJelenlegiSzerzoiJogiTorveny?action=print HTTP/1.1" 200 8868 "-" "Mozilla/5.0 (compatible; Barkrowler/0.9; +https://babbar.tech/crawler)"
217.113.194.72 - - [05/Jan/2024:15:42:09 +0100] "GET /pmwiki/pmwiki.php/Main/AJelenlegiSzerzoiJogiTorveny?action=upload HTTP/1.1" 200 12598 "-" "Mozilla/5.0 (compatible; Barkrowler/0.9; +https://babbar.tech/crawler)"
217.113.194.116 - - [05/Jan/2024:15:44:02 +0100] "GET /pmwiki/pmwiki.php/Main/2004Szeptember1?action=diff&source=y&minor=y HTTP/1.1" 200 15599 "-" "Mozilla/5.0 (compatible; Barkrowler/0.9; +https://babbar.tech/crawler)"
217.113.194.111 - - [05/Jan/2024:15:45:56 +0100] "GET /pmwiki/pmwiki.php/Main/2004Szeptember1?action=diff&source=y&minor=n HTTP/1.1" 200 15599 "-" "Mozilla/5.0 (compatible; Barkrowler/0.9; +https://babbar.tech/crawler)"
217.113.194.70 - - [05/Jan/2024:15:47:49 +0100] "GET /pmwiki/pmwiki.php/Main/HarcT%EDzITSzabadalomEllen?action=upload HTTP/1.1" 200 12562 "-" "Mozilla/5.0 (compatible; Barkrowler/0.9; +https://babbar.tech/crawler)"
216.244.66.203 - - [05/Jan/2024:15:48:05 +0100] "GET /pmwiki/pmwiki.php/PmWiki/LocalCustomizations?action=diff&source=n&minor=n HTTP/1.1" 200 13035 "-" "Mozilla/5.0 (compatible; DotBot/1.2; +https://opensiteexplorer.org/dotbot; help@moz.com)"
216.244.66.203 - - [05/Jan/2024:15:49:30 +0100] "GET /pmwiki/pmwiki.php/Main/DRM?action=edit&restore=diff:1118762920:1118762871:&preview=y HTTP/1.1" 200 12364 "-" "Mozilla/5.0 (compatible; DotBot/1.2; +https://opensiteexplorer.org/dotbot; help@moz.com)"
216.244.66.203 - - [05/Jan/2024:15:49:35 +0100] "GET /pmwiki/pmwiki.php/Main/Google?action=edit&restore=diff:1131357512:1129709096:&preview=y HTTP/1.1" 200 12412 "-" "Mozilla/5.0 (compatible; DotBot/1.2; +https://opensiteexplorer.org/dotbot; help@moz.com)"
217.113.194.111 - - [05/Jan/2024:15:49:49 +0100] "GET /pmwiki/pmwiki.php/Main/ADRMHib%E1i?action=diff&source=n&minor=y HTTP/1.1" 200 12848 "-" "Mozilla/5.0 (compatible; Barkrowler/0.9; +https://babbar.tech/crawler)"
217.113.194.83 - - [05/Jan/2024:15:51:48 +0100] "GET /pmwiki/pmwiki.php/Main/Gazdas%E1giOldal?action=diff&source=y&minor=y HTTP/1.1" 200 19866 "-" "Mozilla/5.0 (compatible; Barkrowler/0.9; +https://babbar.tech/crawler)"
217.113.194.125 - - [05/Jan/2024:15:53:43 +0100] "GET /pmwiki/pmwiki.php/Main/Gazdas%E1giOldal?action=diff&source=y&minor=n HTTP/1.1" 200 19866 "-" "Mozilla/5.0 (compatible; Barkrowler/0.9; +https://babbar.tech/crawler)"
217.113.194.73 - - [05/Jan/2024:15:55:37 +0100] "GET /robots.txt HTTP/1.1" 404 1181 "-" "Mozilla/5.0 (compatible; Barkrowler/0.9; +https://babbar.tech/crawler)"
217.113.194.122 - - [05/Jan/2024:15:57:32 +0100] "GET /pmwiki/pmwiki.php/Main/2005M%E1rciusiNy%EDltLev%E9l?action=edit HTTP/1.1" 200 12706 "-" "Mozilla/5.0 (compatible; Barkrowler/0.9; +https://babbar.tech/crawler)"
217.113.194.77 - - [05/Jan/2024:15:59:22 +0100] "GET /pmwiki/pmwiki.php/Main/2005M%E1rciusiNy%EDltLev%E9l?action=upload HTTP/1.1" 200 12586 "-" "Mozilla/5.0 (compatible; Barkrowler/0.9; +https://babbar.tech/crawler)"
66.249.72.203 - - [05/Jan/2024:15:59:49 +0100] "GET /robots.txt HTTP/1.1" 404 1181 "-" "Mozilla/5.0 (compatible; Googlebot/2.1; +http://www.google.com/bot.html)"
66.249.72.201 - - [05/Jan/2024:15:59:49 +0100] "GET /pmwiki/pmwiki.php/Main/BillGates%C9sM%E1sKommunist%E1k?action=edit HTTP/1.1" 403 30 "-" "Mozilla/5.0 (Linux; Android 6.0.1; Nexus 5X Build/MMB29P) AppleWebKit/537.36 (KHTML, like Gecko) Chrome/120.0.6099.129 Mobile Safari/537.36 (compatible; Googlebot/2.1; +http://www.google.com/bot.html)"
217.113.194.101 - - [05/Jan/2024:16:01:16 +0100] "GET /pmwiki/pmwiki.php/Main/2005M%E1rciusiNy%EDltLev%E9l?action=print HTTP/1.1" 200 4344 "-" "Mozilla/5.0 (compatible; Barkrowler/0.9; +https://babbar.tech/crawler)"
217.113.194.81 - - [05/Jan/2024:16:03:08 +0100] "GET /pmwiki/pmwiki.php/Main/Sajt%F3anyag?action=diff&source=y&minor=y HTTP/1.1" 200 22268 "-" "Mozilla/5.0 (compatible; Barkrowler/0.9; +https://babbar.tech/crawler)"
217.113.194.70 - - [05/Jan/2024:16:05:02 +0100] "GET /pmwiki/pmwiki.php/Main/Sajt%F3anyag?action=diff&source=y&minor=n HTTP/1.1" 200 22268 "-" "Mozilla/5.0 (compatible; Barkrowler/0.9; +https://babbar.tech/crawler)"
217.113.194.121 - - [05/Jan/2024:16:06:51 +0100] "GET /pmwiki/pmwiki.php/2005M%E1rcius8/2005M%E1rcius8?action=edit HTTP/1.1" 404 294 "-" "Mozilla/5.0 (compatible; Barkrowler/0.9; +https://babbar.tech/crawler)"
217.113.194.76 - - [05/Jan/2024:16:08:48 +0100] "GET /pmwiki/pmwiki.php/PmWiki/InitialSetupTasks?action=upload&upname=wiki.png HTTP/1.1" 200 12476 "-" "Mozilla/5.0 (compatible; Barkrowler/0.9; +https://babbar.tech/crawler)"
216.244.66.203 - - [05/Jan/2024:16:10:06 +0100] "GET /robots.txt HTTP/1.1" 404 1181 "-" "Mozilla/5.0 (compatible; DotBot/1.2; +https://opensiteexplorer.org/dotbot; help@moz.com)"
217.113.194.71 - - [05/Jan/2024:16:10:40 +0100] "GET /pmwiki/pmwiki.php/Main/SzoftverSzabadalmak?action=diff&source=n&minor=y HTTP/1.1" 200 16505 "-" "Mozilla/5.0 (compatible; Barkrowler/0.9; +https://babbar.tech/crawler)"
217.113.194.116 - - [05/Jan/2024:16:12:29 +0100] "GET /pmwiki/pmwiki.php/Main/SzoftverSzabadalmak?action=diff&source=n&minor=n HTTP/1.1" 200 16505 "-" "Mozilla/5.0 (compatible; Barkrowler/0.9; +https://babbar.tech/crawler)"
216.244.66.203 - - [05/Jan/2024:16:13:42 +0100] "GET /pmwiki/pmwiki.php/Main/Feb09PR HTTP/1.1" 200 15257 "-" "Mozilla/5.0 (compatible; DotBot/1.2; +https://opensiteexplorer.org/dotbot; help@moz.com)"
217.113.194.94 - - [05/Jan/2024:16:14:25 +0100] "GET /pmwiki/pmwiki.php/Main/AJelenlegiSzerzoiJogiTorveny?action=diff HTTP/1.1" 200 35610 "-" "Mozilla/5.0 (compatible; Barkrowler/0.9; +https://babbar.tech/crawler)"
217.113.194.98 - - [05/Jan/2024:16:16:21 +0100] "GET /pmwiki/pmwiki.php/Main/AdelphiAlapokm%E1ny?action=upload&upname=wiki.png HTTP/1.1" 200 12469 "-" "Mozilla/5.0 (compatible; Barkrowler/0.9; +https://babbar.tech/crawler)"
217.113.194.125 - - [05/Jan/2024:16:18:15 +0100] "GET /pmwiki/pmwiki.php/Main/BillGates%C9sM%E1sKommunist%E1k?action=print HTTP/1.1" 200 8782 "-" "Mozilla/5.0 (compatible; Barkrowler/0.9; +https://babbar.tech/crawler)"
217.113.194.72 - - [05/Jan/2024:16:20:07 +0100] "GET /pmwiki/pmwiki.php/Main/2005M%E1rciusiK%F6z%F6sNyilatkozat HTTP/1.1" 200 12811 "-" "Mozilla/5.0 (compatible; Barkrowler/0.9; +https://babbar.tech/crawler)"
217.113.194.114 - - [05/Jan/2024:16:22:01 +0100] "GET /pmwiki/pmwiki.php/Main/EztMondjukNekik?action=upload&upname=wiki.png HTTP/1.1" 200 12406 "-" "Mozilla/5.0 (compatible; Barkrowler/0.9; +https://babbar.tech/crawler)"
217.113.194.89 - - [05/Jan/2024:16:23:52 +0100] "GET /pmwiki/pmwiki.php/Main/SzoftverSzabadalmak?action=diff&source=y&minor=y HTTP/1.1" 200 16602 "-" "Mozilla/5.0 (compatible; Barkrowler/0.9; +https://babbar.tech/crawler)"
217.113.194.94 - - [05/Jan/2024:16:25:43 +0100] "GET /pmwiki/pmwiki.php/Main/SzoftverSzabadalmak?action=diff&source=y&minor=n HTTP/1.1" 200 16602 "-" "Mozilla/5.0 (compatible; Barkrowler/0.9; +https://babbar.tech/crawler)"
111.225.148.106 - - [05/Jan/2024:16:27:09 +0100] "GET /robots.txt HTTP/1.1" 404 1181 "-" "Mozilla/5.0 (Linux; Android 5.0) AppleWebKit/537.36 (KHTML, like Gecko) Mobile Safari/537.36 (compatible; Bytespider; https://zhanzhang.toutiao.com/)"
217.113.194.103 - - [05/Jan/2024:16:27:38 +0100] "GET /pmwiki/pmwiki.php/Main/2003M%E1jusBr%FCsszeliT%FAra?action=edit HTTP/1.1" 200 12706 "-" "Mozilla/5.0 (compatible; Barkrowler/0.9; +https://babbar.tech/crawler)"
217.113.194.124 - - [05/Jan/2024:16:29:33 +0100] "GET /pmwiki/pmwiki.php/Main/2003M%E1jusBr%FCsszeliT%FAra?action=upload HTTP/1.1" 200 12586 "-" "Mozilla/5.0 (compatible; Barkrowler/0.9; +https://babbar.tech/crawler)"
217.113.194.117 - - [05/Jan/2024:16:31:29 +0100] "GET /pmwiki/pmwiki.php/Main/2003M%E1jusBr%FCsszeliT%FAra?action=print HTTP/1.1" 200 3337 "-" "Mozilla/5.0 (compatible; Barkrowler/0.9; +https://babbar.tech/crawler)"
217.113.194.79 - - [05/Jan/2024:16:33:23 +0100] "GET /pmwiki/pmwiki.php/Main/2003M%E1jusBr%FCsszeliT%FAra?action=diff HTTP/1.1" 200 14621 "-" "Mozilla/5.0 (compatible; Barkrowler/0.9; +https://babbar.tech/crawler)"
217.113.194.89 - - [05/Jan/2024:16:35:19 +0100] "GET /pmwiki/pmwiki.php/Main/AdelphiAlapokm%E1ny?action=diff&source=n&minor=y HTTP/1.1" 200 17542 "-" "Mozilla/5.0 (compatible; Barkrowler/0.9; +https://babbar.tech/crawler)"
217.113.194.93 - - [05/Jan/2024:16:37:12 +0100] "GET /pmwiki/pmwiki.php/Main/AdelphiAlapokm%E1ny?action=diff&source=n&minor=n HTTP/1.1" 200 17542 "-" "Mozilla/5.0 (compatible; Barkrowler/0.9; +https://babbar.tech/crawler)"
217.113.194.101 - - [05/Jan/2024:16:39:07 +0100] "GET /pmwiki/pmwiki.php/Main/JuriHPOEloterjesztes?action=upload&upname=wiki.png HTTP/1.1" 200 12486 "-" "Mozilla/5.0 (compatible; Barkrowler/0.9; +https://babbar.tech/crawler)"
217.113.194.106 - - [05/Jan/2024:16:41:06 +0100] "GET /pmwiki/pmwiki.php/Main/JuriHPOEloterjesztes?action=diff&source=n&minor=y HTTP/1.1" 200 46830 "-" "Mozilla/5.0 (compatible; Barkrowler/0.9; +https://babbar.tech/crawler)"
217.113.194.65 - - [05/Jan/2024:16:43:01 +0100] "GET /pmwiki/pmwiki.php/Main/JuriHPOEloterjesztes?action=diff&source=n&minor=n HTTP/1.1" 200 46830 "-" "Mozilla/5.0 (compatible; Barkrowler/0.9; +https://babbar.tech/crawler)"
217.113.194.83 - - [05/Jan/2024:16:44:56 +0100] "GET /pmwiki/pmwiki.php/Main/BillGates%C9sM%E1sKommunist%E1k?action=upload HTTP/1.1" 200 12638 "-" "Mozilla/5.0 (compatible; Barkrowler/0.9; +https://babbar.tech/crawler)"
66.249.72.201 - - [05/Jan/2024:16:45:08 +0100] "GET /pmwiki/pmwiki.php/Main/BillGates%C9sM%E1sKommunist%E1k?action=print HTTP/1.1" 403 30 "-" "Mozilla/5.0 (Linux; Android 6.0.1; Nexus 5X Build/MMB29P) AppleWebKit/537.36 (KHTML, like Gecko) Chrome/120.0.6099.129 Mobile Safari/537.36 (compatible; Googlebot/2.1; +http://www.google.com/bot.html)"
217.113.194.111 - - [05/Jan/2024:16:46:48 +0100] "GET /pmwiki/pmwiki.php/Main/Befektet%E9sv%E9delem?action=upload&upname=wiki.png HTTP/1.1" 200 12498 "-" "Mozilla/5.0 (compatible; Barkrowler/0.9; +https://babbar.tech/crawler)"
217.113.194.97 - - [05/Jan/2024:16:48:43 +0100] "GET /pmwiki/pmwiki.php/Main/2005M%E1rciusiNy%EDltLev%E9l?action=diff HTTP/1.1" 200 15621 "-" "Mozilla/5.0 (compatible; Barkrowler/0.9; +https://babbar.tech/crawler)"
217.113.194.126 - - [05/Jan/2024:16:50:36 +0100] "GET /pmwiki/pmwiki.php/Main/2005J%FAniusEKTBBesz%E1mol%F3 HTTP/1.1" 200 18393 "-" "Mozilla/5.0 (compatible; Barkrowler/0.9; +https://babbar.tech/crawler)"
217.113.194.117 - - [05/Jan/2024:16:52:32 +0100] "GET /pmwiki/pmwiki.php/PmWiki/ChangesFromPmWiki1?action=upload&upname=wiki.png HTTP/1.1" 200 12491 "-" "Mozilla/5.0 (compatible; Barkrowler/0.9; +https://babbar.tech/crawler)"
217.113.194.82 - - [05/Jan/2024:16:54:34 +0100] "GET /pmwiki/pmwiki.php/PmWiki/InitialSetupTasks?action=diff&source=n&minor=y HTTP/1.1" 200 13001 "-" "Mozilla/5.0 (compatible; Barkrowler/0.9; +https://babbar.tech/crawler)"
217.113.194.95 - - [05/Jan/2024:16:56:28 +0100] "GET /pmwiki/pmwiki.php/PmWiki/InitialSetupTasks?action=diff&source=n&minor=n HTTP/1.1" 200 13001 "-" "Mozilla/5.0 (compatible; Barkrowler/0.9; +https://babbar.tech/crawler)"
217.113.194.108 - - [05/Jan/2024:16:58:23 +0100] "GET /pmwiki/pmwiki.php/Profiles/%C9n%CDrtamH%E1tPublik%E1lom HTTP/1.1" 404 12290 "-" "Mozilla/5.0 (compatible; Barkrowler/0.9; +https://babbar.tech/crawler)"
217.113.194.78 - - [05/Jan/2024:17:00:20 +0100] "GET /pmwiki/pmwiki.php/Main/LehetsegesJavitasokEuropaban?action=upload&upname=wiki.png HTTP/1.1" 200 12614 "-" "Mozilla/5.0 (compatible; Barkrowler/0.9; +https://babbar.tech/crawler)"
217.113.194.71 - - [05/Jan/2024:17:02:35 +0100] "GET /pmwiki/pmwiki.php/Main/Tud%E1smonop%F3lium?action=upload&upname=wiki.png HTTP/1.1" 200 12462 "-" "Mozilla/5.0 (compatible; Barkrowler/0.9; +https://babbar.tech/crawler)"
217.113.194.106 - - [05/Jan/2024:17:04:18 +0100] "GET /pmwiki/pmwiki.php/Main/AdelphiAlapokm%E1ny?action=diff&source=y&minor=y HTTP/1.1" 200 17338 "-" "Mozilla/5.0 (compatible; Barkrowler/0.9; +https://babbar.tech/crawler)"
217.113.194.127 - - [05/Jan/2024:17:05:59 +0100] "GET /pmwiki/pmwiki.php/Main/AdelphiAlapokm%E1ny?action=diff&source=y&minor=n HTTP/1.1" 200 17338 "-" "Mozilla/5.0 (compatible; Barkrowler/0.9; +https://babbar.tech/crawler)"
217.113.194.121 - - [05/Jan/2024:17:07:55 +0100] "GET /pmwiki/pmwiki.php/Main/JuriEktbEloterjesztes?action=diff&source=y&minor=y HTTP/1.1" 200 20997 "-" "Mozilla/5.0 (compatible; Barkrowler/0.9; +https://babbar.tech/crawler)"
217.113.194.113 - - [05/Jan/2024:17:09:48 +0100] "GET /pmwiki/pmwiki.php/Main/JuriEktbEloterjesztes?action=diff&source=y&minor=n HTTP/1.1" 200 20997 "-" "Mozilla/5.0 (compatible; Barkrowler/0.9; +https://babbar.tech/crawler)"
217.113.194.68 - - [05/Jan/2024:17:12:13 +0100] "GET /pmwiki/pmwiki.php/Main/JuriEktbEloterjesztes?action=diff&source=n&minor=y HTTP/1.1" 200 21877 "-" "Mozilla/5.0 (compatible; Barkrowler/0.9; +https://babbar.tech/crawler)"
217.113.194.107 - - [05/Jan/2024:17:14:06 +0100] "GET /pmwiki/pmwiki.php/Main/JuriEktbEloterjesztes?action=diff&source=n&minor=n HTTP/1.1" 200 21877 "-" "Mozilla/5.0 (compatible; Barkrowler/0.9; +https://babbar.tech/crawler)"
217.113.194.96 - - [05/Jan/2024:17:16:00 +0100] "GET /pmwiki/pmwiki.php/Main/JuriHPOEloterjesztes?action=diff&source=y&minor=y HTTP/1.1" 200 47102 "-" "Mozilla/5.0 (compatible; Barkrowler/0.9; +https://babbar.tech/crawler)"
217.113.194.108 - - [05/Jan/2024:17:17:50 +0100] "GET /pmwiki/pmwiki.php/Main/JuriHPOEloterjesztes?action=diff&source=y&minor=n HTTP/1.1" 200 47102 "-" "Mozilla/5.0 (compatible; Barkrowler/0.9; +https://babbar.tech/crawler)"
217.113.194.105 - - [05/Jan/2024:17:19:41 +0100] "GET /pmwiki/pmwiki.php/Main/ADRMH%E1tr%E1nyai?action=upload&upname=wiki.png HTTP/1.1" 200 12430 "-" "Mozilla/5.0 (compatible; Barkrowler/0.9; +https://babbar.tech/crawler)"
217.113.194.77 - - [05/Jan/2024:17:21:35 +0100] "GET /pmwiki/pmwiki.php/PmWiki/UpgradingFromPmWiki1?action=upload&upname=wiki.png HTTP/1.1" 200 12524 "-" "Mozilla/5.0 (compatible; Barkrowler/0.9; +https://babbar.tech/crawler)"
217.113.194.101 - - [05/Jan/2024:17:23:28 +0100] "GET /pmwiki/pmwiki.php/PmWiki/InitialSetupTasks?action=diff&source=y&minor=n HTTP/1.1" 200 13001 "-" "Mozilla/5.0 (compatible; Barkrowler/0.9; +https://babbar.tech/crawler)"
217.113.194.114 - - [05/Jan/2024:17:25:19 +0100] "GET /pmwiki/pmwiki.php/Main/EztMondjukNekik?action=diff&source=n&minor=y HTTP/1.1" 200 15515 "-" "Mozilla/5.0 (compatible; Barkrowler/0.9; +https://babbar.tech/crawler)"
217.113.194.117 - - [05/Jan/2024:17:27:12 +0100] "GET /pmwiki/pmwiki.php/Main/EztMondjukNekik?action=diff&source=n&minor=n HTTP/1.1" 200 15515 "-" "Mozilla/5.0 (compatible; Barkrowler/0.9; +https://babbar.tech/crawler)"
217.113.194.99 - - [05/Jan/2024:17:29:05 +0100] "GET /pmwiki/pmwiki.php/Main/EztMondjukNekik?action=diff&source=y&minor=y HTTP/1.1" 200 15353 "-" "Mozilla/5.0 (compatible; Barkrowler/0.9; +https://babbar.tech/crawler)"
217.113.194.82 - - [05/Jan/2024:17:31:06 +0100] "GET /pmwiki/pmwiki.php/Main/EztMondjukNekik?action=diff&source=y&minor=n HTTP/1.1" 200 15353 "-" "Mozilla/5.0 (compatible; Barkrowler/0.9; +https://babbar.tech/crawler)"
217.113.194.65 - - [05/Jan/2024:17:33:02 +0100] "GET /pmwiki/pmwiki.php/Main/LehetsegesJavitasokEuropaban?action=diff&source=n&minor=y HTTP/1.1" 200 31061 "-" "Mozilla/5.0 (compatible; Barkrowler/0.9; +https://babbar.tech/crawler)"
217.113.194.78 - - [05/Jan/2024:17:34:54 +0100] "GET /pmwiki/pmwiki.php/Main/LehetsegesJavitasokEuropaban?action=diff&source=n&minor=n HTTP/1.1" 200 27903 "-" "Mozilla/5.0 (compatible; Barkrowler/0.9; +https://babbar.tech/crawler)"
217.113.194.79 - - [05/Jan/2024:17:36:47 +0100] "GET /pmwiki/pmwiki.php/Main/Tud%E1smonop%F3lium?action=diff&source=n&minor=y HTTP/1.1" 200 29474 "-" "Mozilla/5.0 (compatible; Barkrowler/0.9; +https://babbar.tech/crawler)"
217.113.194.110 - - [05/Jan/2024:17:38:40 +0100] "GET /pmwiki/pmwiki.php/Main/Tud%E1smonop%F3lium?action=diff&source=n&minor=n HTTP/1.1" 200 15344 "-" "Mozilla/5.0 (compatible; Barkrowler/0.9; +https://babbar.tech/crawler)"
217.113.194.99 - - [05/Jan/2024:17:40:35 +0100] "GET /pmwiki/pmwiki.php/Main/Tud%E1smonop%F3lium?action=diff&source=y&minor=y HTTP/1.1" 200 29776 "-" "Mozilla/5.0 (compatible; Barkrowler/0.9; +https://babbar.tech/crawler)"
217.113.194.82 - - [05/Jan/2024:17:42:28 +0100] "GET /pmwiki/pmwiki.php/Main/Tud%E1smonop%F3lium?action=diff&source=y&minor=n HTTP/1.1" 200 15347 "-" "Mozilla/5.0 (compatible; Barkrowler/0.9; +https://babbar.tech/crawler)"
217.113.194.104 - - [05/Jan/2024:17:44:20 +0100] "GET /pmwiki/pmwiki.php/Main/Befektet%E9sv%E9delem?action=diff&source=n&minor=y HTTP/1.1" 200 17266 "-" "Mozilla/5.0 (compatible; Barkrowler/0.9; +https://babbar.tech/crawler)"
217.113.194.72 - - [05/Jan/2024:17:46:15 +0100] "GET /pmwiki/pmwiki.php/Main/Befektet%E9sv%E9delem?action=diff&source=n&minor=n HTTP/1.1" 200 17266 "-" "Mozilla/5.0 (compatible; Barkrowler/0.9; +https://babbar.tech/crawler)"
217.113.194.87 - - [05/Jan/2024:17:48:16 +0100] "GET /pmwiki/pmwiki.php/Main/Befektet%E9sv%E9delem?action=diff&source=y&minor=y HTTP/1.1" 200 17546 "-" "Mozilla/5.0 (compatible; Barkrowler/0.9; +https://babbar.tech/crawler)"
217.113.194.98 - - [05/Jan/2024:17:50:09 +0100] "GET /pmwiki/pmwiki.php/Main/Befektet%E9sv%E9delem?action=diff&source=y&minor=n HTTP/1.1" 200 17546 "-" "Mozilla/5.0 (compatible; Barkrowler/0.9; +https://babbar.tech/crawler)"
217.113.194.77 - - [05/Jan/2024:17:52:06 +0100] "GET /pmwiki/pmwiki.php/Main/FAQ?action=edit&restore=diff:1120083594:1120083594:&preview=y HTTP/1.1" 200 12364 "-" "Mozilla/5.0 (compatible; Barkrowler/0.9; +https://babbar.tech/crawler)"
217.113.194.74 - - [05/Jan/2024:17:54:03 +0100] "GET /pmwiki/pmwiki.php/PmWiki/ChangesFromPmWiki1?action=diff&source=y&minor=y HTTP/1.1" 200 13018 "-" "Mozilla/5.0 (compatible; Barkrowler/0.9; +https://babbar.tech/crawler)"
217.113.194.69 - - [05/Jan/2024:17:56:00 +0100] "GET /pmwiki/pmwiki.php/PmWiki/ChangesFromPmWiki1?action=diff&source=y&minor=n HTTP/1.1" 200 13018 "-" "Mozilla/5.0 (compatible; Barkrowler/0.9; +https://babbar.tech/crawler)"
217.113.194.123 - - [05/Jan/2024:17:57:58 +0100] "GET /pmwiki/pmwiki.php/PmWiki/ChangesFromPmWiki1?action=diff&source=n&minor=y HTTP/1.1" 200 13018 "-" "Mozilla/5.0 (compatible; Barkrowler/0.9; +https://babbar.tech/crawler)"
216.244.66.203 - - [05/Jan/2024:17:58:40 +0100] "GET /robots.txt HTTP/1.1" 404 1181 "-" "Mozilla/5.0 (compatible; DotBot/1.2; +https://opensiteexplorer.org/dotbot; help@moz.com)"
217.113.194.118 - - [05/Jan/2024:17:59:49 +0100] "GET /pmwiki/pmwiki.php/PmWiki/ChangesFromPmWiki1?action=diff&source=n&minor=n HTTP/1.1" 200 13018 "-" "Mozilla/5.0 (compatible; Barkrowler/0.9; +https://babbar.tech/crawler)"
217.113.194.92 - - [05/Jan/2024:18:01:54 +0100] "GET /pmwiki/pmwiki.php/Main/LehetsegesJavitasokEuropaban?action=diff&source=y&minor=y HTTP/1.1" 200 31724 "-" "Mozilla/5.0 (compatible; Barkrowler/0.9; +https://babbar.tech/crawler)"
217.113.194.69 - - [05/Jan/2024:18:03:57 +0100] "GET /pmwiki/pmwiki.php/Main/LehetsegesJavitasokEuropaban?action=diff&source=y&minor=n HTTP/1.1" 200 28489 "-" "Mozilla/5.0 (compatible; Barkrowler/0.9; +https://babbar.tech/crawler)"
216.244.66.203 - - [05/Jan/2024:18:04:33 +0100] "GET /pmwiki/pmwiki.php/Main/EztMondjukNekik?action=diff&source=n&minor=n HTTP/1.1" 200 15515 "-" "Mozilla/5.0 (compatible; DotBot/1.2; +https://opensiteexplorer.org/dotbot; help@moz.com)"
216.244.66.203 - - [05/Jan/2024:18:04:38 +0100] "GET /pmwiki/pmwiki.php/Main/Power?action=diff&source=n&minor=n HTTP/1.1" 200 12747 "-" "Mozilla/5.0 (compatible; DotBot/1.2; +https://opensiteexplorer.org/dotbot; help@moz.com)"
216.244.66.203 - - [05/Jan/2024:18:04:43 +0100] "GET /pmwiki/pmwiki.php/PmWiki/Contributors?action=diff&source=n&minor=n HTTP/1.1" 200 12911 "-" "Mozilla/5.0 (compatible; DotBot/1.2; +https://opensiteexplorer.org/dotbot; help@moz.com)"
216.244.66.203 - - [05/Jan/2024:18:04:47 +0100] "GET /pmwiki/pmwiki.php/Profiles/DirectPhone?action=diff&source=y&minor=y HTTP/1.1" 200 12930 "-" "Mozilla/5.0 (compatible; DotBot/1.2; +https://opensiteexplorer.org/dotbot; help@moz.com)"
216.244.66.203 - - [05/Jan/2024:18:04:51 +0100] "GET /pmwiki/pmwiki.php/Profiles/Mikei?action=diff&source=y&minor=y HTTP/1.1" 200 12822 "-" "Mozilla/5.0 (compatible; DotBot/1.2; +https://opensiteexplorer.org/dotbot; help@moz.com)"
216.244.66.203 - - [05/Jan/2024:18:04:54 +0100] "GET /pmwiki/pmwiki.php/Profiles/WrapPlague?action=diff&source=y&minor=y HTTP/1.1" 200 12912 "-" "Mozilla/5.0 (compatible; DotBot/1.2; +https://opensiteexplorer.org/dotbot; help@moz.com)"
217.113.194.119 - - [05/Jan/2024:18:05:56 +0100] "GET /pmwiki/pmwiki.php/Main/Portf%F3li%F3Effektus?action=upload&upname=wiki.png HTTP/1.1" 200 12497 "-" "Mozilla/5.0 (compatible; Barkrowler/0.9; +https://babbar.tech/crawler)"
216.244.66.203 - - [05/Jan/2024:18:07:18 +0100] "GET /pmwiki/pmwiki.php/Main/Cikkek?action=edit&restore=diff:1121072709:1121072432:&preview=y HTTP/1.1" 200 12417 "-" "Mozilla/5.0 (compatible; DotBot/1.2; +https://opensiteexplorer.org/dotbot; help@moz.com)"
216.244.66.203 - - [05/Jan/2024:18:07:20 +0100] "GET /pmwiki/pmwiki.php/Main/Linkek?action=edit&restore=diff:1110470147:1110470147:&preview=y HTTP/1.1" 200 12416 "-" "Mozilla/5.0 (compatible; DotBot/1.2; +https://opensiteexplorer.org/dotbot; help@moz.com)"
217.113.194.102 - - [05/Jan/2024:18:07:47 +0100] "GET /pmwiki/pmwiki.php/Main/HomePage?action=edit&restore=diff:1119264932:1119252925:&preview=y HTTP/1.1" 200 12447 "-" "Mozilla/5.0 (compatible; Barkrowler/0.9; +https://babbar.tech/crawler)"
217.113.194.68 - - [05/Jan/2024:18:09:43 +0100] "GET /pmwiki/pmwiki.php/Main/HomePage?action=edit&restore=diff:1110543897:1110531317:&preview=y HTTP/1.1" 200 12447 "-" "Mozilla/5.0 (compatible; Barkrowler/0.9; +https://babbar.tech/crawler)"
217.113.194.80 - - [05/Jan/2024:18:11:41 +0100] "GET /pmwiki/pmwiki.php/Main/HomePage?action=edit&restore=diff:1115108240:1110543897:&preview=y HTTP/1.1" 200 12447 "-" "Mozilla/5.0 (compatible; Barkrowler/0.9; +https://babbar.tech/crawler)"
217.113.194.108 - - [05/Jan/2024:18:13:34 +0100] "GET /pmwiki/pmwiki.php/Main/HomePage?action=edit&restore=diff:1120335850:1120224578:&preview=y HTTP/1.1" 200 12447 "-" "Mozilla/5.0 (compatible; Barkrowler/0.9; +https://babbar.tech/crawler)"
217.113.194.117 - - [05/Jan/2024:18:15:37 +0100] "GET /pmwiki/pmwiki.php/Main/HomePage?action=edit&restore=diff:1115118658:1115110532:&preview=y HTTP/1.1" 200 12447 "-" "Mozilla/5.0 (compatible; Barkrowler/0.9; +https://babbar.tech/crawler)"
217.113.194.89 - - [05/Jan/2024:18:17:30 +0100] "GET /pmwiki/pmwiki.php/Main/HomePage?action=edit&restore=diff:1118669436:1118669126:&preview=y HTTP/1.1" 200 12447 "-" "Mozilla/5.0 (compatible; Barkrowler/0.9; +https://babbar.tech/crawler)"
217.113.194.119 - - [05/Jan/2024:18:19:26 +0100] "GET /pmwiki/pmwiki.php/Main/HomePage?action=edit&restore=diff:1118660358:1118537025:&preview=y HTTP/1.1" 200 12447 "-" "Mozilla/5.0 (compatible; Barkrowler/0.9; +https://babbar.tech/crawler)"
217.113.194.96 - - [05/Jan/2024:18:21:20 +0100] "GET /pmwiki/pmwiki.php/Main/HomePage?action=edit&restore=diff:1118991307:1118863126:&preview=y HTTP/1.1" 200 12447 "-" "Mozilla/5.0 (compatible; Barkrowler/0.9; +https://babbar.tech/crawler)"
217.113.194.76 - - [05/Jan/2024:18:23:18 +0100] "GET /pmwiki/pmwiki.php/Main/HomePage?action=edit&restore=diff:1121361899:1121079706:&preview=y HTTP/1.1" 200 12447 "-" "Mozilla/5.0 (compatible; Barkrowler/0.9; +https://babbar.tech/crawler)"
217.113.194.92 - - [05/Jan/2024:18:25:17 +0100] "GET /pmwiki/pmwiki.php/Main/HomePage?action=edit&restore=diff:1110531317:1110531300:&preview=y HTTP/1.1" 200 12447 "-" "Mozilla/5.0 (compatible; Barkrowler/0.9; +https://babbar.tech/crawler)"
217.113.194.101 - - [05/Jan/2024:18:27:15 +0100] "GET /pmwiki/pmwiki.php/Main/HomePage?action=edit&restore=diff:1110531268:1110525409:&preview=y HTTP/1.1" 200 12447 "-" "Mozilla/5.0 (compatible; Barkrowler/0.9; +https://babbar.tech/crawler)"
217.113.194.85 - - [05/Jan/2024:18:29:11 +0100] "GET /pmwiki/pmwiki.php/Main/HomePage?action=edit&restore=diff:1110531300:1110531268:&preview=y HTTP/1.1" 200 12447 "-" "Mozilla/5.0 (compatible; Barkrowler/0.9; +https://babbar.tech/crawler)"
217.113.194.94 - - [05/Jan/2024:18:31:09 +0100] "GET /pmwiki/pmwiki.php/Main/HomePage?action=edit&restore=diff:1118405459:1115118797:&preview=y HTTP/1.1" 200 12447 "-" "Mozilla/5.0 (compatible; Barkrowler/0.9; +https://babbar.tech/crawler)"
217.113.194.106 - - [05/Jan/2024:18:33:10 +0100] "GET /pmwiki/pmwiki.php/Main/HomePage?action=edit&restore=diff:1121632651:1121415639:&preview=y HTTP/1.1" 200 12447 "-" "Mozilla/5.0 (compatible; Barkrowler/0.9; +https://babbar.tech/crawler)"
217.113.194.123 - - [05/Jan/2024:18:35:13 +0100] "GET /pmwiki/pmwiki.php/Main/HomePage?action=edit&restore=diff:1118856415:1118771423:&preview=y HTTP/1.1" 200 12447 "-" "Mozilla/5.0 (compatible; Barkrowler/0.9; +https://babbar.tech/crawler)"
217.113.194.81 - - [05/Jan/2024:18:37:11 +0100] "GET /pmwiki/pmwiki.php/Main/HomePage?action=edit&restore=diff:1118856464:1118856443:&preview=y HTTP/1.1" 200 12447 "-" "Mozilla/5.0 (compatible; Barkrowler/0.9; +https://babbar.tech/crawler)"
217.113.194.112 - - [05/Jan/2024:18:39:10 +0100] "GET /pmwiki/pmwiki.php/Main/HomePage?action=edit&restore=diff:1118537025:1118535418:&preview=y HTTP/1.1" 200 12447 "-" "Mozilla/5.0 (compatible; Barkrowler/0.9; +https://babbar.tech/crawler)"
217.113.194.89 - - [05/Jan/2024:18:41:12 +0100] "GET /pmwiki/pmwiki.php/Main/HomePage?action=edit&restore=diff:1118535418:1118535220:&preview=y HTTP/1.1" 200 12447 "-" "Mozilla/5.0 (compatible; Barkrowler/0.9; +https://babbar.tech/crawler)"
217.113.194.81 - - [05/Jan/2024:18:43:12 +0100] "GET /pmwiki/pmwiki.php/Main/HomePage?action=edit&restore=diff:1118535220:1118405459:&preview=y HTTP/1.1" 200 12447 "-" "Mozilla/5.0 (compatible; Barkrowler/0.9; +https://babbar.tech/crawler)"
217.113.194.75 - - [05/Jan/2024:18:45:12 +0100] "GET /pmwiki/pmwiki.php/Main/HomePage?action=edit&restore=diff:1120345172:1120345145:&preview=y HTTP/1.1" 200 12447 "-" "Mozilla/5.0 (compatible; Barkrowler/0.9; +https://babbar.tech/crawler)"
217.113.194.95 - - [05/Jan/2024:18:47:14 +0100] "GET /pmwiki/pmwiki.php/Main/HomePage?action=edit&restore=diff:1120341027:1120340302:&preview=y HTTP/1.1" 200 12447 "-" "Mozilla/5.0 (compatible; Barkrowler/0.9; +https://babbar.tech/crawler)"
217.113.194.113 - - [05/Jan/2024:18:49:17 +0100] "GET /pmwiki/pmwiki.php/Main/HomePage?action=edit&restore=diff:1120345145:1120344349:&preview=y HTTP/1.1" 200 12447 "-" "Mozilla/5.0 (compatible; Barkrowler/0.9; +https://babbar.tech/crawler)"
217.113.194.110 - - [05/Jan/2024:18:51:14 +0100] "GET /pmwiki/pmwiki.php/Main/HomePage?action=edit&restore=diff:1120344349:1120344097:&preview=y HTTP/1.1" 200 12447 "-" "Mozilla/5.0 (compatible; Barkrowler/0.9; +https://babbar.tech/crawler)"
217.113.194.105 - - [05/Jan/2024:18:53:14 +0100] "GET /pmwiki/pmwiki.php/Main/HomePage?action=edit&restore=diff:1110525409:1110468970:&preview=y HTTP/1.1" 200 12447 "-" "Mozilla/5.0 (compatible; Barkrowler/0.9; +https://babbar.tech/crawler)"
216.244.66.203 - - [05/Jan/2024:18:53:49 +0100] "GET /robots.txt HTTP/1.1" 404 1181 "-" "Mozilla/5.0 (compatible; DotBot/1.2; +https://opensiteexplorer.org/dotbot; help@moz.com)"
217.113.194.109 - - [05/Jan/2024:18:55:13 +0100] "GET /pmwiki/pmwiki.php/Main/HomePage?action=edit&restore=diff:1132153292:1129800653:&preview=y HTTP/1.1" 200 12447 "-" "Mozilla/5.0 (compatible; Barkrowler/0.9; +https://babbar.tech/crawler)"
217.113.194.82 - - [05/Jan/2024:18:57:14 +0100] "GET /pmwiki/pmwiki.php/Main/HomePage?action=edit&restore=diff:1115110455:1115108240:&preview=y HTTP/1.1" 200 12447 "-" "Mozilla/5.0 (compatible; Barkrowler/0.9; +https://babbar.tech/crawler)"
217.113.194.90 - - [05/Jan/2024:18:59:11 +0100] "GET /pmwiki/pmwiki.php/Main/HomePage?action=edit&restore=diff:1120472756:1120373792:&preview=y HTTP/1.1" 200 12447 "-" "Mozilla/5.0 (compatible; Barkrowler/0.9; +https://babbar.tech/crawler)"
217.113.194.122 - - [05/Jan/2024:19:01:14 +0100] "GET /pmwiki/pmwiki.php/Main/HomePage?action=edit&restore=diff:1108754653:1108152658:&preview=y HTTP/1.1" 200 12447 "-" "Mozilla/5.0 (compatible; Barkrowler/0.9; +https://babbar.tech/crawler)"
217.113.194.76 - - [05/Jan/2024:19:03:11 +0100] "GET /pmwiki/pmwiki.php/Main/HomePage?action=edit&restore=diff:1107875006:1107866378:&preview=y HTTP/1.1" 200 12447 "-" "Mozilla/5.0 (compatible; Barkrowler/0.9; +https://babbar.tech/crawler)"
217.113.194.111 - - [05/Jan/2024:19:05:10 +0100] "GET /pmwiki/pmwiki.php/Main/HomePage?action=edit&restore=diff:1107876303:1107875006:&preview=y HTTP/1.1" 200 12447 "-" "Mozilla/5.0 (compatible; Barkrowler/0.9; +https://babbar.tech/crawler)"
217.113.194.98 - - [05/Jan/2024:19:07:09 +0100] "GET /pmwiki/pmwiki.php/Main/HomePage?action=edit&restore=diff:1107862863:1107862502:&preview=y HTTP/1.1" 200 12447 "-" "Mozilla/5.0 (compatible; Barkrowler/0.9; +https://babbar.tech/crawler)"
217.113.194.96 - - [05/Jan/2024:19:09:11 +0100] "GET /pmwiki/pmwiki.php/Main/HomePage?action=edit&restore=diff:1107862502:1102061492:&preview=y HTTP/1.1" 200 12447 "-" "Mozilla/5.0 (compatible; Barkrowler/0.9; +https://babbar.tech/crawler)"
217.113.194.94 - - [05/Jan/2024:19:11:10 +0100] "GET /pmwiki/pmwiki.php/Main/HomePage?action=edit&restore=diff:1129544646:1129033765:&preview=y HTTP/1.1" 200 12447 "-" "Mozilla/5.0 (compatible; Barkrowler/0.9; +https://babbar.tech/crawler)"
217.113.194.78 - - [05/Jan/2024:19:13:15 +0100] "GET /pmwiki/pmwiki.php/Main/HomePage?action=edit&restore=diff:1120672886:1120672851:&preview=y HTTP/1.1" 200 12447 "-" "Mozilla/5.0 (compatible; Barkrowler/0.9; +https://babbar.tech/crawler)"
217.113.194.102 - - [05/Jan/2024:19:15:15 +0100] "GET /pmwiki/pmwiki.php/Main/HomePage?action=edit&restore=diff:1120672976:1120672886:&preview=y HTTP/1.1" 200 12447 "-" "Mozilla/5.0 (compatible; Barkrowler/0.9; +https://babbar.tech/crawler)"
217.113.194.105 - - [05/Jan/2024:19:17:10 +0100] "GET /pmwiki/pmwiki.php/Main/HomePage?action=edit&restore=diff:1120672851:1120472756:&preview=y HTTP/1.1" 200 12447 "-" "Mozilla/5.0 (compatible; Barkrowler/0.9; +https://babbar.tech/crawler)"
217.113.194.68 - - [05/Jan/2024:19:19:14 +0100] "GET /pmwiki/pmwiki.php/Main/HomePage?action=edit&restore=diff:1159876857:1133872270:&preview=y HTTP/1.1" 200 12447 "-" "Mozilla/5.0 (compatible; Barkrowler/0.9; +https://babbar.tech/crawler)"
216.244.66.203 - - [05/Jan/2024:19:19:39 +0100] "GET /pmwiki/pmwiki.php/Main/Tud%E1smonop%F3lium?action=diff&source=n&minor=n HTTP/1.1" 200 15344 "-" "Mozilla/5.0 (compatible; DotBot/1.2; +https://opensiteexplorer.org/dotbot; help@moz.com)"
217.113.194.68 - - [05/Jan/2024:19:21:13 +0100] "GET /pmwiki/pmwiki.php/Main/HomePage?action=edit&restore=diff:1120373792:1120345331:&preview=y HTTP/1.1" 200 12447 "-" "Mozilla/5.0 (compatible; Barkrowler/0.9; +https://babbar.tech/crawler)"
216.244.66.203 - - [05/Jan/2024:19:21:34 +0100] "GET /pmwiki/pmwiki.php/Main/Comission-negatesDemocracy?action=diff&source=n&minor=n HTTP/1.1" 200 17875 "-" "Mozilla/5.0 (compatible; DotBot/1.2; +https://opensiteexplorer.org/dotbot; help@moz.com)"
217.113.194.86 - - [05/Jan/2024:19:23:22 +0100] "GET /pmwiki/pmwiki.php/Main/HomePage?action=edit&restore=diff:1108152658:1107876303:&preview=y HTTP/1.1" 200 12447 "-" "Mozilla/5.0 (compatible; Barkrowler/0.9; +https://babbar.tech/crawler)"
217.113.194.87 - - [05/Jan/2024:19:25:21 +0100] "GET /pmwiki/pmwiki.php/Main/2005M%E1rciusiNyilatkozat?action=upload&upname=wiki.png HTTP/1.1" 200 12562 "-" "Mozilla/5.0 (compatible; Barkrowler/0.9; +https://babbar.tech/crawler)"
217.113.194.88 - - [05/Jan/2024:19:27:17 +0100] "GET /pmwiki/pmwiki.php/Main/2005M%E1rciusiK%F6z%F6sNyilatkozat?action=edit HTTP/1.1" 200 12802 "-" "Mozilla/5.0 (compatible; Barkrowler/0.9; +https://babbar.tech/crawler)"
217.113.194.70 - - [05/Jan/2024:19:29:14 +0100] "GET /pmwiki/pmwiki.php/Main/2005M%E1rciusiK%F6z%F6sNyilatkozat?action=diff HTTP/1.1" 200 14318 "-" "Mozilla/5.0 (compatible; Barkrowler/0.9; +https://babbar.tech/crawler)"
217.113.194.115 - - [05/Jan/2024:19:31:12 +0100] "GET /pmwiki/pmwiki.php/Main/2005M%E1rciusiK%F6z%F6sNyilatkozat?action=print HTTP/1.1" 200 2943 "-" "Mozilla/5.0 (compatible; Barkrowler/0.9; +https://babbar.tech/crawler)"
217.113.194.67 - - [05/Jan/2024:19:33:10 +0100] "GET /pmwiki/pmwiki.php/Main/Google?action=edit&restore=diff:1131357512:1129709096:&preview=y HTTP/1.1" 200 12412 "-" "Mozilla/5.0 (compatible; Barkrowler/0.9; +https://babbar.tech/crawler)"
217.113.194.103 - - [05/Jan/2024:19:35:09 +0100] "GET /pmwiki/pmwiki.php/PmWiki/UpgradingFromPmWiki1?action=diff&source=n&minor=y HTTP/1.1" 200 13055 "-" "Mozilla/5.0 (compatible; Barkrowler/0.9; +https://babbar.tech/crawler)"
217.113.194.87 - - [05/Jan/2024:19:37:11 +0100] "GET /pmwiki/pmwiki.php/Profiles/%C9n%CDrtamH%E1tPublik%E1lom?action=print HTTP/1.1" 404 2442 "-" "Mozilla/5.0 (compatible; Barkrowler/0.9; +https://babbar.tech/crawler)"
217.113.194.87 - - [05/Jan/2024:19:39:08 +0100] "GET /pmwiki/pmwiki.php/Main/Ipr?action=edit&restore=diff:1123053004:1123053004:&preview=y HTTP/1.1" 200 12368 "-" "Mozilla/5.0 (compatible; Barkrowler/0.9; +https://babbar.tech/crawler)"
110.249.201.114 - - [05/Jan/2024:19:40:55 +0100] "GET /robots.txt HTTP/1.1" 404 1181 "-" "Mozilla/5.0 (Linux; Android 5.0) AppleWebKit/537.36 (KHTML, like Gecko) Mobile Safari/537.36 (compatible; Bytespider; https://zhanzhang.toutiao.com/)"
217.113.194.69 - - [05/Jan/2024:19:41:05 +0100] "GET /pmwiki/pmwiki.php/Main/ABundestagT%E1mogatjaAzEur%F3paiParlamentet HTTP/1.1" 200 18357 "-" "Mozilla/5.0 (compatible; Barkrowler/0.9; +https://babbar.tech/crawler)"
217.113.194.96 - - [05/Jan/2024:19:43:06 +0100] "GET /pmwiki/pmwiki.php/Main/SearchWiki?action=edit&restore=diff:1113819958:1113690402:&preview=y HTTP/1.1" 200 12476 "-" "Mozilla/5.0 (compatible; Barkrowler/0.9; +https://babbar.tech/crawler)"
217.113.194.69 - - [05/Jan/2024:19:45:02 +0100] "GET /pmwiki/pmwiki.php/Main/SearchWiki?action=edit&restore=diff:1114166141:1113972551:&preview=y HTTP/1.1" 200 12476 "-" "Mozilla/5.0 (compatible; Barkrowler/0.9; +https://babbar.tech/crawler)"
217.113.194.112 - - [05/Jan/2024:19:47:02 +0100] "GET /pmwiki/pmwiki.php/Main/SearchWiki?action=edit&restore=diff:1114271497:1114224592:&preview=y HTTP/1.1" 200 12476 "-" "Mozilla/5.0 (compatible; Barkrowler/0.9; +https://babbar.tech/crawler)"
216.244.66.203 - - [05/Jan/2024:19:47:30 +0100] "GET /robots.txt HTTP/1.1" 404 1181 "-" "Mozilla/5.0 (compatible; DotBot/1.2; +https://opensiteexplorer.org/dotbot; help@moz.com)"
217.113.194.69 - - [05/Jan/2024:19:49:00 +0100] "GET /pmwiki/pmwiki.php/Main/SearchWiki?action=edit&restore=diff:1114586742:1114406846:&preview=y HTTP/1.1" 200 12476 "-" "Mozilla/5.0 (compatible; Barkrowler/0.9; +https://babbar.tech/crawler)"
217.113.194.90 - - [05/Jan/2024:19:50:59 +0100] "GET /pmwiki/pmwiki.php/Main/2003M%E1jusiNyilatkozat?action=upload&upname=wiki.png HTTP/1.1" 200 12530 "-" "Mozilla/5.0 (compatible; Barkrowler/0.9; +https://babbar.tech/crawler)"
217.113.194.109 - - [05/Jan/2024:19:52:57 +0100] "GET /pmwiki/pmwiki.php/Main/2003M%E1jusiNyilatkozat?action=diff&source=n&minor=y HTTP/1.1" 200 16688 "-" "Mozilla/5.0 (compatible; Barkrowler/0.9; +https://babbar.tech/crawler)"
217.113.194.65 - - [05/Jan/2024:19:54:57 +0100] "GET /pmwiki/pmwiki.php/Main/2003M%E1jusiNyilatkozat?action=diff&source=n&minor=n HTTP/1.1" 200 16688 "-" "Mozilla/5.0 (compatible; Barkrowler/0.9; +https://babbar.tech/crawler)"
217.113.194.106 - - [05/Jan/2024:19:56:55 +0100] "GET /pmwiki/pmwiki.php/Main/ADRMH%E1tr%E1nyai?action=diff&source=n&minor=y HTTP/1.1" 200 32626 "-" "Mozilla/5.0 (compatible; Barkrowler/0.9; +https://babbar.tech/crawler)"
217.113.194.127 - - [05/Jan/2024:19:58:54 +0100] "GET /pmwiki/pmwiki.php/Main/ADRMH%E1tr%E1nyai?action=diff&source=n&minor=n HTTP/1.1" 200 32626 "-" "Mozilla/5.0 (compatible; Barkrowler/0.9; +https://babbar.tech/crawler)"
217.113.194.70 - - [05/Jan/2024:20:00:55 +0100] "GET /pmwiki/pmwiki.php/Main/ADRMH%E1tr%E1nyai?action=diff&source=y&minor=y HTTP/1.1" 200 33195 "-" "Mozilla/5.0 (compatible; Barkrowler/0.9; +https://babbar.tech/crawler)"
217.113.194.117 - - [05/Jan/2024:20:02:55 +0100] "GET /pmwiki/pmwiki.php/Main/ADRMH%E1tr%E1nyai?action=diff&source=y&minor=n HTTP/1.1" 200 33195 "-" "Mozilla/5.0 (compatible; Barkrowler/0.9; +https://babbar.tech/crawler)"
217.113.194.83 - - [05/Jan/2024:20:04:56 +0100] "GET /pmwiki/pmwiki.php/Main/HomePage?action=edit&restore=diff:1115110532:1115110455:&preview=y HTTP/1.1" 200 12447 "-" "Mozilla/5.0 (compatible; Barkrowler/0.9; +https://babbar.tech/crawler)"
217.113.194.75 - - [05/Jan/2024:20:06:53 +0100] "GET /pmwiki/pmwiki.php/Main/HomePage?action=edit&restore=diff:1108754689:1108754653:&preview=y HTTP/1.1" 200 12447 "-" "Mozilla/5.0 (compatible; Barkrowler/0.9; +https://babbar.tech/crawler)"
217.113.194.98 - - [05/Jan/2024:20:08:51 +0100] "GET /pmwiki/pmwiki.php/Main/HomePage?action=edit&restore=diff:1107863698:1107862863:&preview=y HTTP/1.1" 200 12447 "-" "Mozilla/5.0 (compatible; Barkrowler/0.9; +https://babbar.tech/crawler)"
217.113.194.118 - - [05/Jan/2024:20:10:48 +0100] "GET /pmwiki/pmwiki.php/Main/HomePage?action=edit&restore=diff:1107866378:1107865557:&preview=y HTTP/1.1" 200 12447 "-" "Mozilla/5.0 (compatible; Barkrowler/0.9; +https://babbar.tech/crawler)"
217.113.194.83 - - [05/Jan/2024:20:12:45 +0100] "GET /pmwiki/pmwiki.php/Main/HomePage?action=edit&restore=diff:1109325560:1108754689:&preview=y HTTP/1.1" 200 12447 "-" "Mozilla/5.0 (compatible; Barkrowler/0.9; +https://babbar.tech/crawler)"
217.113.194.124 - - [05/Jan/2024:20:14:46 +0100] "GET /pmwiki/pmwiki.php/Main/2005M%E1rciusiNyilatkozat?action=diff&source=y&minor=y HTTP/1.1" 200 16433 "-" "Mozilla/5.0 (compatible; Barkrowler/0.9; +https://babbar.tech/crawler)"
216.244.66.203 - - [05/Jan/2024:20:15:12 +0100] "GET /pmwiki/pmwiki.php/Main/Cikkek?action=edit&restore=diff:1122284290:1121153505:minor&preview=y HTTP/1.1" 200 12422 "-" "Mozilla/5.0 (compatible; DotBot/1.2; +https://opensiteexplorer.org/dotbot; help@moz.com)"
217.113.194.101 - - [05/Jan/2024:20:16:42 +0100] "GET /pmwiki/pmwiki.php/Main/2005M%E1rciusiNyilatkozat?action=diff&source=y&minor=n HTTP/1.1" 200 16433 "-" "Mozilla/5.0 (compatible; Barkrowler/0.9; +https://babbar.tech/crawler)"
217.113.194.87 - - [05/Jan/2024:20:18:40 +0100] "GET /pmwiki/pmwiki.php/Main/2005M%E1rciusiNyilatkozat?action=diff&source=n&minor=y HTTP/1.1" 200 16519 "-" "Mozilla/5.0 (compatible; Barkrowler/0.9; +https://babbar.tech/crawler)"
217.113.194.80 - - [05/Jan/2024:20:20:41 +0100] "GET /pmwiki/pmwiki.php/Main/2005M%E1rciusiNyilatkozat?action=diff&source=n&minor=n HTTP/1.1" 200 16519 "-" "Mozilla/5.0 (compatible; Barkrowler/0.9; +https://babbar.tech/crawler)"
217.113.194.85 - - [05/Jan/2024:20:22:39 +0100] "GET /pmwiki/pmwiki.php/Main/Minta?action=edit&restore=diff:1120323347:1120323347:&preview=y HTTP/1.1" 200 12396 "-" "Mozilla/5.0 (compatible; Barkrowler/0.9; +https://babbar.tech/crawler)"
