217.113.194.91 - - [05/Jan/2024:01:18:31 +0100] "GET /pmwiki/pmwiki.php/PmWiki/ConditionalMarkup?action=diff HTTP/1.1" 200 13000 "-" "Mozilla/5.0 (compatible; Barkrowler/0.9; +https://babbar.tech/crawler)"
217.113.194.99 - - [05/Jan/2024:01:20:11 +0100] "GET /pmwiki/pmwiki.php/PmWiki/WikiStyleExamples?action=edit HTTP/1.1" 200 12579 "-" "Mozilla/5.0 (compatible; Barkrowler/0.9; +https://babbar.tech/crawler)"
217.113.194.116 - - [05/Jan/2024:01:21:50 +0100] "GET /pmwiki/pmwiki.php/PmWiki/TextFormattingRules?action=print HTTP/1.1" 200 11659 "-" "Mozilla/5.0 (compatible; Barkrowler/0.9; +https://babbar.tech/crawler)"
217.113.194.93 - - [05/Jan/2024:01:23:30 +0100] "GET /pmwiki/pmwiki.php/PmWiki/CreatingNewPages?action=edit HTTP/1.1" 200 12565 "-" "Mozilla/5.0 (compatible; Barkrowler/0.9; +https://babbar.tech/crawler)"
217.113.194.92 - - [05/Jan/2024:01:25:10 +0100] "GET /pmwiki/pmwiki.php/PmWiki/CreatingNewPages?action=upload HTTP/1.1" 200 12445 "-" "Mozilla/5.0 (compatible; Barkrowler/0.9; +https://babbar.tech/crawler)"
216.244.66.203 - - [05/Jan/2024:01:25:49 +0100] "GET /pmwiki/pmwiki.php/Main/Cache?action=diff&source=y&minor=y HTTP/1.1" 200 17703 "-" "Mozilla/5.0 (compatible; DotBot/1.2; +https://opensiteexplorer.org/dotbot; help@moz.com)"
217.113.194.108 - - [05/Jan/2024:01:26:50 +0100] "GET /pmwiki/pmwiki.php/PmWiki/Internationalizations?action=diff HTTP/1.1" 200 13072 "-" "Mozilla/5.0 (compatible; Barkrowler/0.9; +https://babbar.tech/crawler)"
216.244.66.203 - - [05/Jan/2024:01:28:01 +0100] "GET /pmwiki/pmwiki.php/Main/Cikkek?action=edit&restore=diff:1108115101:1107936865:&preview=y HTTP/1.1" 200 12417 "-" "Mozilla/5.0 (compatible; DotBot/1.2; +https://opensiteexplorer.org/dotbot; help@moz.com)"
216.244.66.203 - - [05/Jan/2024:01:28:07 +0100] "GET /pmwiki/pmwiki.php/Main/Todo?action=edit&restore=diff:1110471780:1110471780:&preview=y HTTP/1.1" 200 12381 "-" "Mozilla/5.0 (compatible; DotBot/1.2; +https://opensiteexplorer.org/dotbot; help@moz.com)"
217.113.194.96 - - [05/Jan/2024:01:28:32 +0100] "GET /pmwiki/pmwiki.php/Profiles/Leforditando?action=diff HTTP/1.1" 200 12948 "-" "Mozilla/5.0 (compatible; Barkrowler/0.9; +https://babbar.tech/crawler)"
217.113.194.126 - - [05/Jan/2024:01:30:10 +0100] "GET /pmwiki/pmwiki.php/Main/Privacy?action=diff&source=n&minor=n HTTP/1.1" 200 12782 "-" "Mozilla/5.0 (compatible; Barkrowler/0.9; +https://babbar.tech/crawler)"
217.113.194.87 - - [05/Jan/2024:01:31:49 +0100] "GET /pmwiki/pmwiki.php/Main/Privacy?action=diff&source=y&minor=n HTTP/1.1" 200 12782 "-" "Mozilla/5.0 (compatible; Barkrowler/0.9; +https://babbar.tech/crawler)"
217.113.194.117 - - [05/Jan/2024:01:33:28 +0100] "GET /pmwiki/pmwiki.php/Main/DRMMunkacsoport?action=diff HTTP/1.1" 200 14573 "-" "Mozilla/5.0 (compatible; Barkrowler/0.9; +https://babbar.tech/crawler)"
217.113.194.79 - - [05/Jan/2024:01:35:07 +0100] "GET /pmwiki/pmwiki.php/Main/DRMMunkacsoport?action=upload HTTP/1.1" 200 12390 "-" "Mozilla/5.0 (compatible; Barkrowler/0.9; +https://babbar.tech/crawler)"
217.113.194.89 - - [05/Jan/2024:01:36:48 +0100] "GET /pmwiki/pmwiki.php/Main/SzoftverSzabadalmak HTTP/1.1" 200 15057 "-" "Mozilla/5.0 (compatible; Barkrowler/0.9; +https://babbar.tech/crawler)"
217.113.194.81 - - [05/Jan/2024:01:38:28 +0100] "GET /pmwiki/pmwiki.php/Main/K%F6zlem%E9nye?action=diff HTTP/1.1" 200 22947 "-" "Mozilla/5.0 (compatible; Barkrowler/0.9; +https://babbar.tech/crawler)"
217.113.194.66 - - [05/Jan/2024:01:40:09 +0100] "GET /pmwiki/pmwiki.php/Main/K%F6zlem%E9nye?action=upload HTTP/1.1" 200 12366 "-" "Mozilla/5.0 (compatible; Barkrowler/0.9; +https://babbar.tech/crawler)"
217.113.194.112 - - [05/Jan/2024:01:41:50 +0100] "GET /pmwiki/pmwiki.php/Main/K%F6zlem%E9nye?action=print HTTP/1.1" 200 8347 "-" "Mozilla/5.0 (compatible; Barkrowler/0.9; +https://babbar.tech/crawler)"
217.113.194.111 - - [05/Jan/2024:01:43:31 +0100] "GET /pmwiki/pmwiki.php/Main/C?action=diff&source=n&minor=n HTTP/1.1" 200 12674 "-" "Mozilla/5.0 (compatible; Barkrowler/0.9; +https://babbar.tech/crawler)"
217.113.194.93 - - [05/Jan/2024:01:45:13 +0100] "GET /pmwiki/pmwiki.php/Main/Nyilatkozatok?action=edit HTTP/1.1" 200 12478 "-" "Mozilla/5.0 (compatible; Barkrowler/0.9; +https://babbar.tech/crawler)"
217.113.194.116 - - [05/Jan/2024:01:46:53 +0100] "GET /pmwiki/pmwiki.php/Main/Nyilatkozatok?action=print HTTP/1.1" 200 6767 "-" "Mozilla/5.0 (compatible; Barkrowler/0.9; +https://babbar.tech/crawler)"
217.113.194.125 - - [05/Jan/2024:01:48:33 +0100] "GET /pmwiki/pmwiki.php/Main/AzIPRJavaslat?action=print HTTP/1.1" 200 5182 "-" "Mozilla/5.0 (compatible; Barkrowler/0.9; +https://babbar.tech/crawler)"
217.113.194.67 - - [05/Jan/2024:01:50:12 +0100] "GET /pmwiki/pmwiki.php/Main/AzIPRJavaslat?action=edit HTTP/1.1" 200 12478 "-" "Mozilla/5.0 (compatible; Barkrowler/0.9; +https://babbar.tech/crawler)"
217.113.194.91 - - [05/Jan/2024:01:52:02 +0100] "GET /pmwiki/pmwiki.php/Main/2004Augusztus15?action=edit HTTP/1.1" 200 12513 "-" "Mozilla/5.0 (compatible; Barkrowler/0.9; +https://babbar.tech/crawler)"
217.113.194.71 - - [05/Jan/2024:01:53:42 +0100] "GET /pmwiki/pmwiki.php/Main/2004Augusztus18?action=edit HTTP/1.1" 200 12510 "-" "Mozilla/5.0 (compatible; Barkrowler/0.9; +https://babbar.tech/crawler)"
217.113.194.99 - - [05/Jan/2024:01:55:27 +0100] "GET /pmwiki/pmwiki.php/Main/Power?action=diff&source=y&minor=y HTTP/1.1" 200 21368 "-" "Mozilla/5.0 (compatible; Barkrowler/0.9; +https://babbar.tech/crawler)"
110.44.123.145 - - [05/Jan/2024:01:56:46 +0100] "GET / HTTP/1.1" 302 5 "-" "Mozilla/5.0 (Windows NT 10.0; Win64; x64) AppleWebKit/537.36 (KHTML, like Gecko) Chrome/118.0.0.0 Safari/537.36"
110.44.123.145 - - [05/Jan/2024:01:56:48 +0100] "GET /pmwiki/pmwiki.php HTTP/1.1" 200 37269 "-" "Mozilla/5.0 (Windows NT 10.0; Win64; x64) AppleWebKit/537.36 (KHTML, like Gecko) Chrome/118.0.0.0 Safari/537.36"
216.244.66.203 - - [05/Jan/2024:01:56:59 +0100] "GET /robots.txt HTTP/1.1" 404 1181 "-" "Mozilla/5.0 (compatible; DotBot/1.2; +https://opensiteexplorer.org/dotbot; help@moz.com)"
217.113.194.65 - - [05/Jan/2024:01:57:12 +0100] "GET /pmwiki/pmwiki.php/Main/2004-esNyilatkozat?action=edit HTTP/1.1" 200 12558 "-" "Mozilla/5.0 (compatible; Barkrowler/0.9; +https://babbar.tech/crawler)"
217.113.194.90 - - [05/Jan/2024:01:58:50 +0100] "GET /pmwiki/pmwiki.php/Main/Virsligy%E1r?action=diff HTTP/1.1" 200 26293 "-" "Mozilla/5.0 (compatible; Barkrowler/0.9; +https://babbar.tech/crawler)"
217.113.194.126 - - [05/Jan/2024:02:00:30 +0100] "GET /pmwiki/pmwiki.php/Main/ADRMHib%E1i?action=print HTTP/1.1" 404 2372 "-" "Mozilla/5.0 (compatible; Barkrowler/0.9; +https://babbar.tech/crawler)"
217.113.194.105 - - [05/Jan/2024:02:02:16 +0100] "GET /pmwiki/pmwiki.php/PmWiki/PredefinedWikiStyles?action=edit HTTP/1.1" 200 12627 "-" "Mozilla/5.0 (compatible; Barkrowler/0.9; +https://babbar.tech/crawler)"
217.113.194.114 - - [05/Jan/2024:02:03:56 +0100] "GET /pmwiki/pmwiki.php/PmWiki/AdvancedTables?action=print HTTP/1.1" 200 8923 "-" "Mozilla/5.0 (compatible; Barkrowler/0.9; +https://babbar.tech/crawler)"
217.113.194.118 - - [05/Jan/2024:02:05:38 +0100] "GET /pmwiki/pmwiki.php/PmWiki/ImagesInWikiPages?action=diff HTTP/1.1" 200 13001 "-" "Mozilla/5.0 (compatible; Barkrowler/0.9; +https://babbar.tech/crawler)"
217.113.194.77 - - [05/Jan/2024:02:07:21 +0100] "GET /pmwiki/pmwiki.php/PmWiki/WikiStyleExamples?action=diff HTTP/1.1" 200 13000 "-" "Mozilla/5.0 (compatible; Barkrowler/0.9; +https://babbar.tech/crawler)"
217.113.194.78 - - [05/Jan/2024:02:09:06 +0100] "GET /pmwiki/pmwiki.php/PmWiki/IncludeOtherPages?action=print HTTP/1.1" 200 8211 "-" "Mozilla/5.0 (compatible; Barkrowler/0.9; +https://babbar.tech/crawler)"
217.113.194.105 - - [05/Jan/2024:02:10:47 +0100] "GET /pmwiki/pmwiki.php/Profiles/MacintelDRMOS?action=edit HTTP/1.1" 200 12549 "-" "Mozilla/5.0 (compatible; Barkrowler/0.9; +https://babbar.tech/crawler)"
217.113.194.85 - - [05/Jan/2024:02:12:32 +0100] "GET /pmwiki/pmwiki.php/Profiles/MacintelDRMOS?action=diff HTTP/1.1" 200 12966 "-" "Mozilla/5.0 (compatible; Barkrowler/0.9; +https://babbar.tech/crawler)"
185.191.171.11 - - [05/Jan/2024:02:13:36 +0100] "GET /robots.txt HTTP/1.1" 404 1181 "-" "Mozilla/5.0 (compatible; SemrushBot/7~bl; +http://www.semrush.com/bot.html)"
185.191.171.15 - - [05/Jan/2024:02:13:37 +0100] "GET /pmwiki/pmwiki.php/Main/Cikkek HTTP/1.1" 200 66799 "-" "Mozilla/5.0 (compatible; SemrushBot/7~bl; +http://www.semrush.com/bot.html)"
217.113.194.86 - - [05/Jan/2024:02:14:14 +0100] "GET /pmwiki/pmwiki.php/Main/V%E9delmiP%E9nz?action=diff HTTP/1.1" 200 13896 "-" "Mozilla/5.0 (compatible; Barkrowler/0.9; +https://babbar.tech/crawler)"
217.113.194.100 - - [05/Jan/2024:02:15:57 +0100] "GET /pmwiki/pmwiki.php/Main/Gazdas%E1giOldal?action=diff HTTP/1.1" 200 19856 "-" "Mozilla/5.0 (compatible; Barkrowler/0.9; +https://babbar.tech/crawler)"
216.244.66.203 - - [05/Jan/2024:02:16:27 +0100] "GET /pmwiki/pmwiki.php/Profiles/Profiles?action=diff&source=n&minor=n HTTP/1.1" 200 12876 "-" "Mozilla/5.0 (compatible; DotBot/1.2; +https://opensiteexplorer.org/dotbot; help@moz.com)"
217.113.194.127 - - [05/Jan/2024:02:17:39 +0100] "GET /pmwiki/pmwiki.php/Main/Cache?action=upload&upname=wiki.png HTTP/1.1" 200 12246 "-" "Mozilla/5.0 (compatible; Barkrowler/0.9; +https://babbar.tech/crawler)"
217.113.194.83 - - [05/Jan/2024:02:19:20 +0100] "GET /pmwiki/pmwiki.php/Main/Cache?action=diff&source=n&minor=y HTTP/1.1" 200 17732 "-" "Mozilla/5.0 (compatible; Barkrowler/0.9; +https://babbar.tech/crawler)"
217.113.194.67 - - [05/Jan/2024:02:21:01 +0100] "GET /pmwiki/pmwiki.php/PmWiki/PmWikiPhilosophy?action=upload HTTP/1.1" 200 12443 "-" "Mozilla/5.0 (compatible; Barkrowler/0.9; +https://babbar.tech/crawler)"
217.113.194.70 - - [05/Jan/2024:02:22:45 +0100] "GET /pmwiki/pmwiki.php/Profiles/J?action=diff&source=n&minor=y HTTP/1.1" 200 12750 "-" "Mozilla/5.0 (compatible; Barkrowler/0.9; +https://babbar.tech/crawler)"
217.113.194.65 - - [05/Jan/2024:02:24:32 +0100] "GET /pmwiki/pmwiki.php/Profiles/Eve?action=diff&source=n&minor=n HTTP/1.1" 200 12786 "-" "Mozilla/5.0 (compatible; Barkrowler/0.9; +https://babbar.tech/crawler)"
217.113.194.105 - - [05/Jan/2024:02:26:13 +0100] "GET /pmwiki/pmwiki.php/Main/DRM?action=upload&upname=wiki.png HTTP/1.1" 200 12214 "-" "Mozilla/5.0 (compatible; Barkrowler/0.9; +https://babbar.tech/crawler)"
217.113.194.114 - - [05/Jan/2024:02:27:52 +0100] "GET /pmwiki/pmwiki.php/Main/Ipr?action=diff&source=y&minor=n HTTP/1.1" 200 13639 "-" "Mozilla/5.0 (compatible; Barkrowler/0.9; +https://babbar.tech/crawler)"
217.113.194.66 - - [05/Jan/2024:02:29:34 +0100] "GET /pmwiki/pmwiki.php/Main/Fsn?action=diff&source=n&minor=y HTTP/1.1" 200 18467 "-" "Mozilla/5.0 (compatible; Barkrowler/0.9; +https://babbar.tech/crawler)"
217.113.194.109 - - [05/Jan/2024:02:31:16 +0100] "GET /pmwiki/pmwiki.php/Main/Fsn?action=diff&source=n&minor=n HTTP/1.1" 200 13967 "-" "Mozilla/5.0 (compatible; Barkrowler/0.9; +https://babbar.tech/crawler)"
217.113.194.108 - - [05/Jan/2024:02:32:54 +0100] "GET /pmwiki/pmwiki.php/Main/Fsn?action=diff&source=y&minor=n HTTP/1.1" 200 13867 "-" "Mozilla/5.0 (compatible; Barkrowler/0.9; +https://babbar.tech/crawler)"
217.113.194.67 - - [05/Jan/2024:02:34:36 +0100] "GET /pmwiki/pmwiki.php/Main/SearchWiki?action=diff&source=n&minor=n HTTP/1.1" 200 60945 "-" "Mozilla/5.0 (compatible; Barkrowler/0.9; +https://babbar.tech/crawler)"
217.113.194.80 - - [05/Jan/2024:02:36:23 +0100] "GET /pmwiki/pmwiki.php/Main/Tud%E1smonop%F3lium HTTP/1.1" 200 16773 "-" "Mozilla/5.0 (compatible; Barkrowler/0.9; +https://babbar.tech/crawler)"
217.113.194.72 - - [05/Jan/2024:02:38:06 +0100] "GET /pmwiki/pmwiki.php/Main/ADRMH%E1tr%E1nyai HTTP/1.1" 200 14752 "-" "Mozilla/5.0 (compatible; Barkrowler/0.9; +https://babbar.tech/crawler)"
217.113.194.118 - - [05/Jan/2024:02:39:47 +0100] "GET /pmwiki/pmwiki.php/PmWiki/FAQ?action=upload&upname=wiki.png HTTP/1.1" 200 12252 "-" "Mozilla/5.0 (compatible; Barkrowler/0.9; +https://babbar.tech/crawler)"
66.249.64.128 - - [05/Jan/2024:02:40:24 +0100] "GET /robots.txt HTTP/1.1" 404 1181 "-" "Mozilla/5.0 (compatible; Googlebot/2.1; +http://www.google.com/bot.html)"
217.113.194.95 - - [05/Jan/2024:02:41:29 +0100] "GET /pmwiki/pmwiki.php/API/API?action=diff&source=y&minor=y HTTP/1.1" 200 12691 "-" "Mozilla/5.0 (compatible; Barkrowler/0.9; +https://babbar.tech/crawler)"
217.113.194.73 - - [05/Jan/2024:02:43:13 +0100] "GET /pmwiki/pmwiki.php/Profiles/Ed?action=diff&source=n&minor=y HTTP/1.1" 200 12768 "-" "Mozilla/5.0 (compatible; Barkrowler/0.9; +https://babbar.tech/crawler)"
217.113.194.93 - - [05/Jan/2024:02:44:57 +0100] "GET /pmwiki/pmwiki.php/Profiles/Xmouse?action=upload&upname=wiki.png HTTP/1.1" 200 12333 "-" "Mozilla/5.0 (compatible; Barkrowler/0.9; +https://babbar.tech/crawler)"
217.113.194.120 - - [05/Jan/2024:02:46:37 +0100] "GET /pmwiki/pmwiki.php/Profiles/V6?action=diff&source=n&minor=y HTTP/1.1" 200 12768 "-" "Mozilla/5.0 (compatible; Barkrowler/0.9; +https://babbar.tech/crawler)"
217.113.194.112 - - [05/Jan/2024:02:48:16 +0100] "GET /pmwiki/pmwiki.php/Profiles/Itms?action=upload&upname=wiki.png HTTP/1.1" 200 12301 "-" "Mozilla/5.0 (compatible; Barkrowler/0.9; +https://babbar.tech/crawler)"
217.113.194.127 - - [05/Jan/2024:02:49:57 +0100] "GET /pmwiki/pmwiki.php/UTF8/UTF8?action=upload&upname=wiki.png HTTP/1.1" 200 12233 "-" "Mozilla/5.0 (compatible; Barkrowler/0.9; +https://babbar.tech/crawler)"
216.244.66.203 - - [05/Jan/2024:02:50:34 +0100] "GET /robots.txt HTTP/1.1" 404 1181 "-" "Mozilla/5.0 (compatible; DotBot/1.2; +https://opensiteexplorer.org/dotbot; help@moz.com)"
217.113.194.94 - - [05/Jan/2024:02:51:42 +0100] "GET /pmwiki/pmwiki.php/Main/EUCD?action=diff&source=y&minor=n HTTP/1.1" 200 22369 "-" "Mozilla/5.0 (compatible; Barkrowler/0.9; +https://babbar.tech/crawler)"
217.113.194.75 - - [05/Jan/2024:02:53:23 +0100] "GET /pmwiki/pmwiki.php/Main/DRM?action=diff&source=n&minor=y HTTP/1.1" 200 91419 "-" "Mozilla/5.0 (compatible; Barkrowler/0.9; +https://babbar.tech/crawler)"
217.113.194.81 - - [05/Jan/2024:02:55:08 +0100] "GET /pmwiki/pmwiki.php/Main/HomePage?action=diff&source=n&minor=n HTTP/1.1" 200 79193 "-" "Mozilla/5.0 (compatible; Barkrowler/0.9; +https://babbar.tech/crawler)"
217.113.194.116 - - [05/Jan/2024:02:56:56 +0100] "GET /pmwiki/pmwiki.php/Main/Minimum?action=diff&source=y&minor=n HTTP/1.1" 200 22046 "-" "Mozilla/5.0 (compatible; Barkrowler/0.9; +https://babbar.tech/crawler)"
217.113.194.124 - - [05/Jan/2024:02:58:37 +0100] "GET /pmwiki/pmwiki.php/Main/PDF417?action=diff&source=y&minor=n HTTP/1.1" 200 41617 "-" "Mozilla/5.0 (compatible; Barkrowler/0.9; +https://babbar.tech/crawler)"
217.113.194.115 - - [05/Jan/2024:03:00:19 +0100] "GET /pmwiki/pmwiki.php/Main/WikiSandbox?action=upload&upname=wiki.png HTTP/1.1" 200 12342 "-" "Mozilla/5.0 (compatible; Barkrowler/0.9; +https://babbar.tech/crawler)"
217.113.194.108 - - [05/Jan/2024:03:02:02 +0100] "GET /pmwiki/pmwiki.php/PmWiki/FAQ?action=diff&source=n&minor=y HTTP/1.1" 200 12749 "-" "Mozilla/5.0 (compatible; Barkrowler/0.9; +https://babbar.tech/crawler)"
217.113.194.96 - - [05/Jan/2024:03:03:43 +0100] "GET /pmwiki/pmwiki.php/PmWiki/Links?action=diff&source=n&minor=y HTTP/1.1" 200 12784 "-" "Mozilla/5.0 (compatible; Barkrowler/0.9; +https://babbar.tech/crawler)"
217.113.194.93 - - [05/Jan/2024:03:05:27 +0100] "GET /pmwiki/pmwiki.php/Profiles/Xmouse?action=diff&source=n&minor=n HTTP/1.1" 200 12840 "-" "Mozilla/5.0 (compatible; Barkrowler/0.9; +https://babbar.tech/crawler)"
217.113.194.75 - - [05/Jan/2024:03:07:08 +0100] "GET /pmwiki/pmwiki.php/Profiles/Df?action=diff&source=y&minor=n HTTP/1.1" 200 12768 "-" "Mozilla/5.0 (compatible; Barkrowler/0.9; +https://babbar.tech/crawler)"
217.113.194.99 - - [05/Jan/2024:03:08:54 +0100] "GET /pmwiki/pmwiki.php/Profiles/V6?action=diff&source=y&minor=n HTTP/1.1" 200 12768 "-" "Mozilla/5.0 (compatible; Barkrowler/0.9; +https://babbar.tech/crawler)"
217.113.194.72 - - [05/Jan/2024:03:10:41 +0100] "GET /pmwiki/pmwiki.php/Profiles/DirectPhone?action=diff&source=n&minor=y HTTP/1.1" 200 12930 "-" "Mozilla/5.0 (compatible; Barkrowler/0.9; +https://babbar.tech/crawler)"
217.113.194.122 - - [05/Jan/2024:03:12:24 +0100] "GET /pmwiki/pmwiki.php/Profiles/DirectPhone?action=diff&source=n&minor=n HTTP/1.1" 200 12930 "-" "Mozilla/5.0 (compatible; Barkrowler/0.9; +https://babbar.tech/crawler)"
216.244.66.203 - - [05/Jan/2024:03:13:27 +0100] "GET /pmwiki/pmwiki.php/Main/V%E9delmiP%E9nz?action=diff&source=n&minor=n HTTP/1.1" 200 12911 "-" "Mozilla/5.0 (compatible; DotBot/1.2; +https://opensiteexplorer.org/dotbot; help@moz.com)"
217.113.194.72 - - [05/Jan/2024:03:14:08 +0100] "GET /pmwiki/pmwiki.php/UTF8/UTF8?action=diff&source=n&minor=y HTTP/1.1" 200 12728 "-" "Mozilla/5.0 (compatible; Barkrowler/0.9; +https://babbar.tech/crawler)"
216.244.66.203 - - [05/Jan/2024:03:15:29 +0100] "GET /pmwiki/pmwiki.php/Main/AJelenlegiSzerzoiJogiTorveny?action=edit&restore=diff:1110659807:1110658985:&preview=y HTTP/1.1" 200 12764 "-" "Mozilla/5.0 (compatible; DotBot/1.2; +https://opensiteexplorer.org/dotbot; help@moz.com)"
217.113.194.90 - - [05/Jan/2024:03:15:55 +0100] "GET /pmwiki/pmwiki.php/Main/EztMondjukNekik?action=print HTTP/1.1" 200 4479 "-" "Mozilla/5.0 (compatible; Barkrowler/0.9; +https://babbar.tech/crawler)"
217.113.194.118 - - [05/Jan/2024:03:17:37 +0100] "GET /pmwiki/pmwiki.php/Main/SMELie?action=diff&source=y&minor=n HTTP/1.1" 200 14710 "-" "Mozilla/5.0 (compatible; Barkrowler/0.9; +https://babbar.tech/crawler)"
217.113.194.108 - - [05/Jan/2024:03:19:19 +0100] "GET /pmwiki/pmwiki.php/Main/AdelphiAlapokm%E1ny?action=print HTTP/1.1" 200 6473 "-" "Mozilla/5.0 (compatible; Barkrowler/0.9; +https://babbar.tech/crawler)"
217.113.194.85 - - [05/Jan/2024:03:21:00 +0100] "GET /pmwiki/pmwiki.php/Main/JuriHPOEloterjesztes?action=diff HTTP/1.1" 200 46830 "-" "Mozilla/5.0 (compatible; Barkrowler/0.9; +https://babbar.tech/crawler)"
217.113.194.81 - - [05/Jan/2024:03:22:43 +0100] "GET /pmwiki/pmwiki.php/Main/Marc08essay?action=diff&source=n&minor=y HTTP/1.1" 200 76748 "-" "Mozilla/5.0 (compatible; Barkrowler/0.9; +https://babbar.tech/crawler)"
217.113.194.117 - - [05/Jan/2024:03:24:28 +0100] "GET /pmwiki/pmwiki.php/Main/Marc08essay?action=diff&source=y&minor=n HTTP/1.1" 200 80195 "-" "Mozilla/5.0 (compatible; Barkrowler/0.9; +https://babbar.tech/crawler)"
217.113.194.100 - - [05/Jan/2024:03:26:08 +0100] "GET /pmwiki/pmwiki.php/Main/Marc07PR?action=upload&upname=wiki.png HTTP/1.1" 200 12295 "-" "Mozilla/5.0 (compatible; Barkrowler/0.9; +https://babbar.tech/crawler)"
217.113.194.120 - - [05/Jan/2024:03:27:49 +0100] "GET /pmwiki/pmwiki.php/Main/MiADRM?action=diff&source=n&minor=y HTTP/1.1" 200 25129 "-" "Mozilla/5.0 (compatible; Barkrowler/0.9; +https://babbar.tech/crawler)"
217.113.194.75 - - [05/Jan/2024:03:29:29 +0100] "GET /pmwiki/pmwiki.php/Main/Befektet%E9sv%E9delem?action=edit HTTP/1.1" 200 12602 "-" "Mozilla/5.0 (compatible; Barkrowler/0.9; +https://babbar.tech/crawler)"
217.113.194.125 - - [05/Jan/2024:03:31:13 +0100] "GET /pmwiki/pmwiki.php/Main/SideBar?action=diff&source=y&minor=y HTTP/1.1" 200 229348 "-" "Mozilla/5.0 (compatible; Barkrowler/0.9; +https://babbar.tech/crawler)"
217.113.194.106 - - [05/Jan/2024:03:32:55 +0100] "GET /pmwiki/pmwiki.php/Main/ToughLetter?action=upload&upname=wiki.png HTTP/1.1" 200 12342 "-" "Mozilla/5.0 (compatible; Barkrowler/0.9; +https://babbar.tech/crawler)"
217.113.194.84 - - [05/Jan/2024:03:34:36 +0100] "GET /pmwiki/pmwiki.php/Main/Cutts?action=diff&source=y&minor=n HTTP/1.1" 200 12745 "-" "Mozilla/5.0 (compatible; Barkrowler/0.9; +https://babbar.tech/crawler)"
217.113.194.118 - - [05/Jan/2024:03:36:18 +0100] "GET /pmwiki/pmwiki.php/Main/Cutts?action=diff&source=n&minor=y HTTP/1.1" 200 32499 "-" "Mozilla/5.0 (compatible; Barkrowler/0.9; +https://babbar.tech/crawler)"
217.113.194.65 - - [05/Jan/2024:03:38:09 +0100] "GET /pmwiki/pmwiki.php/Main/Doksik?action=upload&upname=wiki.png HTTP/1.1" 200 12262 "-" "Mozilla/5.0 (compatible; Barkrowler/0.9; +https://babbar.tech/crawler)"
217.113.194.88 - - [05/Jan/2024:03:39:55 +0100] "GET /pmwiki/pmwiki.php/Main/Feb09PR?action=upload&upname=wiki.png HTTP/1.1" 200 12282 "-" "Mozilla/5.0 (compatible; Barkrowler/0.9; +https://babbar.tech/crawler)"
217.113.194.118 - - [05/Jan/2024:03:41:42 +0100] "GET /pmwiki/pmwiki.php/Main/CenZored?action=upload&upname=wiki.png HTTP/1.1" 200 12298 "-" "Mozilla/5.0 (compatible; Barkrowler/0.9; +https://babbar.tech/crawler)"
217.113.194.114 - - [05/Jan/2024:03:43:29 +0100] "GET /pmwiki/pmwiki.php/Main/Bitem0304?action=diff&source=n&minor=y HTTP/1.1" 200 28044 "-" "Mozilla/5.0 (compatible; Barkrowler/0.9; +https://babbar.tech/crawler)"
216.244.66.203 - - [05/Jan/2024:03:43:38 +0100] "GET /robots.txt HTTP/1.1" 404 1181 "-" "Mozilla/5.0 (compatible; DotBot/1.2; +https://opensiteexplorer.org/dotbot; help@moz.com)"
217.113.194.115 - - [05/Jan/2024:03:45:14 +0100] "GET /pmwiki/pmwiki.php/Main/Bitem0304?action=diff&source=n&minor=n HTTP/1.1" 200 28044 "-" "Mozilla/5.0 (compatible; Barkrowler/0.9; +https://babbar.tech/crawler)"
217.113.194.76 - - [05/Jan/2024:03:46:57 +0100] "GET /pmwiki/pmwiki.php/Main/2005M%E1rciusiNyilatkozat HTTP/1.1" 200 15044 "-" "Mozilla/5.0 (compatible; Barkrowler/0.9; +https://babbar.tech/crawler)"
217.113.194.108 - - [05/Jan/2024:03:48:38 +0100] "GET /pmwiki/pmwiki.php/Main/GroupAttributes?action=diff&source=y&minor=n HTTP/1.1" 200 12927 "-" "Mozilla/5.0 (compatible; Barkrowler/0.9; +https://babbar.tech/crawler)"
217.113.194.80 - - [05/Jan/2024:03:50:24 +0100] "GET /pmwiki/pmwiki.php/Main/WikiSandbox?action=diff&source=y&minor=y HTTP/1.1" 200 264528 "-" "Mozilla/5.0 (compatible; Barkrowler/0.9; +https://babbar.tech/crawler)"
217.113.194.88 - - [05/Jan/2024:03:52:22 +0100] "GET /pmwiki/pmwiki.php/Main/WikiSandbox?action=diff&source=y&minor=n HTTP/1.1" 200 130945 "-" "Mozilla/5.0 (compatible; Barkrowler/0.9; +https://babbar.tech/crawler)"
217.113.194.109 - - [05/Jan/2024:03:54:06 +0100] "GET /pmwiki/pmwiki.php/PmWiki/Categories?action=diff&source=n&minor=y HTTP/1.1" 200 12875 "-" "Mozilla/5.0 (compatible; Barkrowler/0.9; +https://babbar.tech/crawler)"
217.113.194.119 - - [05/Jan/2024:03:55:47 +0100] "GET /pmwiki/pmwiki.php/PmWiki/Categories?action=diff&source=n&minor=n HTTP/1.1" 200 12875 "-" "Mozilla/5.0 (compatible; Barkrowler/0.9; +https://babbar.tech/crawler)"
217.113.194.89 - - [05/Jan/2024:03:57:30 +0100] "GET /pmwiki/pmwiki.php/PmWiki/Installation?action=upload&upname=wiki.png HTTP/1.1" 200 12395 "-" "Mozilla/5.0 (compatible; Barkrowler/0.9; +https://babbar.tech/crawler)"
217.113.194.76 - - [05/Jan/2024:03:59:12 +0100] "GET /pmwiki/pmwiki.php/PmWiki/FAQ?action=diff&source=y&minor=y HTTP/1.1" 200 12749 "-" "Mozilla/5.0 (compatible; Barkrowler/0.9; +https://babbar.tech/crawler)"
217.113.194.117 - - [05/Jan/2024:04:00:53 +0100] "GET /pmwiki/pmwiki.php/PmWiki/Uploads?action=upload&upname=wiki.png HTTP/1.1" 200 12316 "-" "Mozilla/5.0 (compatible; Barkrowler/0.9; +https://babbar.tech/crawler)"
213.180.203.186 - - [05/Jan/2024:04:01:27 +0100] "GET /robots.txt HTTP/1.1" 404 1181 "-" "Mozilla/5.0 (compatible; YandexBot/3.0; +http://yandex.com/bots)"
5.255.231.194 - - [05/Jan/2024:04:01:28 +0100] "GET /pmwiki/pmwiki.php/PmWiki/ReleaseNotes HTTP/1.1" 200 29978 "-" "Mozilla/5.0 (compatible; YandexBot/3.0; +http://yandex.com/bots)"
217.113.194.96 - - [05/Jan/2024:04:02:39 +0100] "GET /pmwiki/pmwiki.php/API/PZZ?action=diff&source=n&minor=n HTTP/1.1" 200 12691 "-" "Mozilla/5.0 (compatible; Barkrowler/0.9; +https://babbar.tech/crawler)"
217.113.194.118 - - [05/Jan/2024:04:04:21 +0100] "GET /pmwiki/pmwiki.php/Profiles/Restored?action=diff&source=n&minor=n HTTP/1.1" 200 12876 "-" "Mozilla/5.0 (compatible; Barkrowler/0.9; +https://babbar.tech/crawler)"
217.113.194.123 - - [05/Jan/2024:04:06:06 +0100] "GET /pmwiki/pmwiki.php/Profiles/Xmouse?action=diff&source=y&minor=y HTTP/1.1" 200 12840 "-" "Mozilla/5.0 (compatible; Barkrowler/0.9; +https://babbar.tech/crawler)"
217.113.194.124 - - [05/Jan/2024:04:07:50 +0100] "GET /pmwiki/pmwiki.php/Profiles/Pm?action=diff&source=n&minor=y HTTP/1.1" 200 12768 "-" "Mozilla/5.0 (compatible; Barkrowler/0.9; +https://babbar.tech/crawler)"
216.244.66.203 - - [05/Jan/2024:04:09:09 +0100] "GET /pmwiki/pmwiki.php/Main/BMEKonferencia?action=diff&source=y&minor=y HTTP/1.1" 200 79537 "-" "Mozilla/5.0 (compatible; DotBot/1.2; +https://opensiteexplorer.org/dotbot; help@moz.com)"
216.244.66.203 - - [05/Jan/2024:04:09:14 +0100] "GET /pmwiki/pmwiki.php/Main/DRMMunkacsoport?action=diff&source=y&minor=y HTTP/1.1" 200 14623 "-" "Mozilla/5.0 (compatible; DotBot/1.2; +https://opensiteexplorer.org/dotbot; help@moz.com)"
217.113.194.112 - - [05/Jan/2024:04:09:36 +0100] "GET /pmwiki/pmwiki.php/Profiles/Pm?action=diff&source=n&minor=n HTTP/1.1" 200 12768 "-" "Mozilla/5.0 (compatible; Barkrowler/0.9; +https://babbar.tech/crawler)"
217.113.194.93 - - [05/Jan/2024:04:11:25 +0100] "GET /pmwiki/pmwiki.php/Profiles/Pm?action=diff&source=y&minor=n HTTP/1.1" 200 12768 "-" "Mozilla/5.0 (compatible; Barkrowler/0.9; +https://babbar.tech/crawler)"
217.113.194.94 - - [05/Jan/2024:04:13:20 +0100] "GET /pmwiki/pmwiki.php/Profiles/Itms?action=diff&source=y&minor=n HTTP/1.1" 200 12804 "-" "Mozilla/5.0 (compatible; Barkrowler/0.9; +https://babbar.tech/crawler)"
217.113.194.104 - - [05/Jan/2024:04:15:06 +0100] "GET /pmwiki/pmwiki.php/UTF8/UTF8?action=diff&source=y&minor=y HTTP/1.1" 200 12728 "-" "Mozilla/5.0 (compatible; Barkrowler/0.9; +https://babbar.tech/crawler)"
217.113.194.73 - - [05/Jan/2024:04:16:48 +0100] "GET /pmwiki/pmwiki.php/Main/CikkekPrivacy?action=upload&upname=wiki.png HTTP/1.1" 200 12376 "-" "Mozilla/5.0 (compatible; Barkrowler/0.9; +https://babbar.tech/crawler)"
217.113.194.111 - - [05/Jan/2024:04:18:28 +0100] "GET /pmwiki/pmwiki.php/Main/JuriEktbEloterjesztes?action=upload HTTP/1.1" 200 12486 "-" "Mozilla/5.0 (compatible; Barkrowler/0.9; +https://babbar.tech/crawler)"
217.113.194.111 - - [05/Jan/2024:04:20:09 +0100] "GET /pmwiki/pmwiki.php/Main/JuriEktbEloterjesztes?action=diff HTTP/1.1" 200 21877 "-" "Mozilla/5.0 (compatible; Barkrowler/0.9; +https://babbar.tech/crawler)"
217.113.194.95 - - [05/Jan/2024:04:21:49 +0100] "GET /pmwiki/pmwiki.php/Main/Marc07PR?action=diff&source=n&minor=y HTTP/1.1" 200 15457 "-" "Mozilla/5.0 (compatible; Barkrowler/0.9; +https://babbar.tech/crawler)"
217.113.194.66 - - [05/Jan/2024:04:23:31 +0100] "GET /pmwiki/pmwiki.php/Main/Marc07PR?action=diff&source=y&minor=n HTTP/1.1" 200 15617 "-" "Mozilla/5.0 (compatible; Barkrowler/0.9; +https://babbar.tech/crawler)"
217.113.194.75 - - [05/Jan/2024:04:25:26 +0100] "GET /pmwiki/pmwiki.php/Main/Befektet%E9sv%E9delem?action=upload HTTP/1.1" 200 12482 "-" "Mozilla/5.0 (compatible; Barkrowler/0.9; +https://babbar.tech/crawler)"
217.113.194.112 - - [05/Jan/2024:04:27:28 +0100] "GET /pmwiki/pmwiki.php/Main/ToughLetter?action=diff&source=y&minor=n HTTP/1.1" 200 12851 "-" "Mozilla/5.0 (compatible; Barkrowler/0.9; +https://babbar.tech/crawler)"
217.113.194.95 - - [05/Jan/2024:04:29:12 +0100] "GET /pmwiki/pmwiki.php/Main/Patentpools?action=diff&source=y&minor=y HTTP/1.1" 200 23818 "-" "Mozilla/5.0 (compatible; Barkrowler/0.9; +https://babbar.tech/crawler)"
217.113.194.93 - - [05/Jan/2024:04:30:58 +0100] "GET /pmwiki/pmwiki.php/Main/Patentpools?action=diff&source=y&minor=n HTTP/1.1" 200 23818 "-" "Mozilla/5.0 (compatible; Barkrowler/0.9; +https://babbar.tech/crawler)"
217.113.194.88 - - [05/Jan/2024:04:32:40 +0100] "GET /pmwiki/pmwiki.php/Main/Feb09PR?action=diff&source=n&minor=y HTTP/1.1" 200 17891 "-" "Mozilla/5.0 (compatible; Barkrowler/0.9; +https://babbar.tech/crawler)"
217.113.194.75 - - [05/Jan/2024:04:34:26 +0100] "GET /pmwiki/pmwiki.php/Main/Feb09PR?action=diff&source=n&minor=n HTTP/1.1" 200 17891 "-" "Mozilla/5.0 (compatible; Barkrowler/0.9; +https://babbar.tech/crawler)"
216.244.66.203 - - [05/Jan/2024:04:36:06 +0100] "GET /robots.txt HTTP/1.1" 404 1181 "-" "Mozilla/5.0 (compatible; DotBot/1.2; +https://opensiteexplorer.org/dotbot; help@moz.com)"
217.113.194.100 - - [05/Jan/2024:04:36:07 +0100] "GET /pmwiki/pmwiki.php/Main/Feb08PR?action=diff&source=y&minor=n HTTP/1.1" 200 20919 "-" "Mozilla/5.0 (compatible; Barkrowler/0.9; +https://babbar.tech/crawler)"
217.113.194.88 - - [05/Jan/2024:04:37:50 +0100] "GET /pmwiki/pmwiki.php/Main/Feb03PR?action=diff&source=y&minor=y HTTP/1.1" 200 18565 "-" "Mozilla/5.0 (compatible; Barkrowler/0.9; +https://babbar.tech/crawler)"
217.113.194.80 - - [05/Jan/2024:04:39:37 +0100] "GET /pmwiki/pmwiki.php/Main/CenZored?action=diff&source=n&minor=n HTTP/1.1" 200 16528 "-" "Mozilla/5.0 (compatible; Barkrowler/0.9; +https://babbar.tech/crawler)"
217.113.194.70 - - [05/Jan/2024:04:41:20 +0100] "GET /pmwiki/pmwiki.php/Main/JogiOldal?action=upload&upname=wiki.png HTTP/1.1" 200 12314 "-" "Mozilla/5.0 (compatible; Barkrowler/0.9; +https://babbar.tech/crawler)"
217.113.194.100 - - [05/Jan/2024:04:43:06 +0100] "GET /pmwiki/pmwiki.php/Main/AllRecentChanges?action=diff&source=n&minor=y HTTP/1.1" 200 12941 "-" "Mozilla/5.0 (compatible; Barkrowler/0.9; +https://babbar.tech/crawler)"
217.113.194.110 - - [05/Jan/2024:04:44:52 +0100] "GET /pmwiki/pmwiki.php/PmWiki/SimpleTables?action=upload&upname=wiki.png HTTP/1.1" 200 12395 "-" "Mozilla/5.0 (compatible; Barkrowler/0.9; +https://babbar.tech/crawler)"
217.113.194.103 - - [05/Jan/2024:04:46:35 +0100] "GET /pmwiki/pmwiki.php/PmWiki/Categories?action=diff&source=y&minor=n HTTP/1.1" 200 12875 "-" "Mozilla/5.0 (compatible; Barkrowler/0.9; +https://babbar.tech/crawler)"
217.113.194.81 - - [05/Jan/2024:04:48:20 +0100] "GET /pmwiki/pmwiki.php/PmWiki/PageHistory?action=diff&source=n&minor=y HTTP/1.1" 200 12893 "-" "Mozilla/5.0 (compatible; Barkrowler/0.9; +https://babbar.tech/crawler)"
217.113.194.116 - - [05/Jan/2024:04:50:25 +0100] "GET /pmwiki/pmwiki.php/PmWiki/PageHistory?action=diff&source=y&minor=y HTTP/1.1" 200 12893 "-" "Mozilla/5.0 (compatible; Barkrowler/0.9; +https://babbar.tech/crawler)"
217.113.194.84 - - [05/Jan/2024:04:52:10 +0100] "GET /pmwiki/pmwiki.php/PmWiki/PageHistory?action=diff&source=y&minor=n HTTP/1.1" 200 12893 "-" "Mozilla/5.0 (compatible; Barkrowler/0.9; +https://babbar.tech/crawler)"
142.93.139.165 - - [05/Jan/2024:04:52:54 +0100] "GET / HTTP/1.1" 302 5 "-" "Mozilla/5.0 (X11; Linux x86_64) AppleWebKit/537.36 (KHTML, like Gecko) Chrome/108.0.0.0 Safari/537.36"
217.113.194.110 - - [05/Jan/2024:04:53:54 +0100] "GET /pmwiki/pmwiki.php/PmWiki/UpgradingFromPmWiki1?action=edit HTTP/1.1" 200 12628 "-" "Mozilla/5.0 (compatible; Barkrowler/0.9; +https://babbar.tech/crawler)"
217.113.194.115 - - [05/Jan/2024:04:55:39 +0100] "GET /pmwiki/pmwiki.php/PmWiki/MailPosts?action=upload&upname=wiki.png HTTP/1.1" 200 12348 "-" "Mozilla/5.0 (compatible; Barkrowler/0.9; +https://babbar.tech/crawler)"
217.113.194.100 - - [05/Jan/2024:04:57:22 +0100] "GET /pmwiki/pmwiki.php/PmWiki/Audiences?action=upload&upname=wiki.png HTTP/1.1" 200 12346 "-" "Mozilla/5.0 (compatible; Barkrowler/0.9; +https://babbar.tech/crawler)"
217.113.194.75 - - [05/Jan/2024:04:59:06 +0100] "GET /pmwiki/pmwiki.php/PmWiki/LayoutBasics?action=diff&source=n&minor=y HTTP/1.1" 200 12911 "-" "Mozilla/5.0 (compatible; Barkrowler/0.9; +https://babbar.tech/crawler)"
217.113.194.99 - - [05/Jan/2024:05:00:52 +0100] "GET /pmwiki/pmwiki.php/PmWiki/RecentChanges?action=upload&upname=wiki.png HTTP/1.1" 200 12408 "-" "Mozilla/5.0 (compatible; Barkrowler/0.9; +https://babbar.tech/crawler)"
216.244.66.203 - - [05/Jan/2024:05:01:35 +0100] "GET /pmwiki/pmwiki.php/Main/RocardEp2?action=diff&source=n&minor=n HTTP/1.1" 200 12815 "-" "Mozilla/5.0 (compatible; DotBot/1.2; +https://opensiteexplorer.org/dotbot; help@moz.com)"
216.244.66.203 - - [05/Jan/2024:05:01:42 +0100] "GET /pmwiki/pmwiki.php/PmWiki/ImagesInWikiPages?action=diff&source=n&minor=n HTTP/1.1" 200 13001 "-" "Mozilla/5.0 (compatible; DotBot/1.2; +https://opensiteexplorer.org/dotbot; help@moz.com)"
216.244.66.203 - - [05/Jan/2024:05:01:47 +0100] "GET /pmwiki/pmwiki.php/PmWiki/UrlApprovals?action=diff&source=y&minor=y HTTP/1.1" 200 12910 "-" "Mozilla/5.0 (compatible; DotBot/1.2; +https://opensiteexplorer.org/dotbot; help@moz.com)"
217.113.194.65 - - [05/Jan/2024:05:02:37 +0100] "GET /pmwiki/pmwiki.php/PmWiki/Security?action=upload&upname=wiki.png HTTP/1.1" 200 12333 "-" "Mozilla/5.0 (compatible; Barkrowler/0.9; +https://babbar.tech/crawler)"
217.113.194.100 - - [05/Jan/2024:05:04:22 +0100] "GET /pmwiki/pmwiki.php/PmWiki/Contributors?action=upload&upname=wiki.png HTTP/1.1" 200 12396 "-" "Mozilla/5.0 (compatible; Barkrowler/0.9; +https://babbar.tech/crawler)"
217.113.194.100 - - [05/Jan/2024:05:06:05 +0100] "GET /pmwiki/pmwiki.php/PmWiki/WikiWord?action=upload&upname=wiki.png HTTP/1.1" 200 12333 "-" "Mozilla/5.0 (compatible; Barkrowler/0.9; +https://babbar.tech/crawler)"
217.113.194.104 - - [05/Jan/2024:05:08:00 +0100] "GET /pmwiki/pmwiki.php/PmWiki/WikiWord?action=diff&source=n&minor=n HTTP/1.1" 200 12840 "-" "Mozilla/5.0 (compatible; Barkrowler/0.9; +https://babbar.tech/crawler)"
217.113.194.100 - - [05/Jan/2024:05:09:52 +0100] "GET /robots.txt HTTP/1.1" 404 1181 "-" "Mozilla/5.0 (compatible; Barkrowler/0.9; +https://babbar.tech/crawler)"
217.113.194.119 - - [05/Jan/2024:05:11:45 +0100] "GET /pmwiki/pmwiki.php/PmWiki/WikiPage?action=diff&source=y&minor=n HTTP/1.1" 200 12839 "-" "Mozilla/5.0 (compatible; Barkrowler/0.9; +https://babbar.tech/crawler)"
217.113.194.81 - - [05/Jan/2024:05:13:31 +0100] "GET /pmwiki/pmwiki.php/PmWiki/WikiPage?action=diff&source=n&minor=n HTTP/1.1" 200 12839 "-" "Mozilla/5.0 (compatible; Barkrowler/0.9; +https://babbar.tech/crawler)"
217.113.194.70 - - [05/Jan/2024:05:15:20 +0100] "GET /pmwiki/pmwiki.php/PmWiki/WikiGroup?action=diff&source=n&minor=y HTTP/1.1" 200 12856 "-" "Mozilla/5.0 (compatible; Barkrowler/0.9; +https://babbar.tech/crawler)"
217.113.194.68 - - [05/Jan/2024:05:17:04 +0100] "GET /pmwiki/pmwiki.php/PmWiki/WikiGroup?action=diff&source=n&minor=n HTTP/1.1" 200 12856 "-" "Mozilla/5.0 (compatible; Barkrowler/0.9; +https://babbar.tech/crawler)"
217.113.194.96 - - [05/Jan/2024:05:18:48 +0100] "GET /pmwiki/pmwiki.php/PmWiki/WikiTrails?action=upload&upname=wiki.png HTTP/1.1" 200 12363 "-" "Mozilla/5.0 (compatible; Barkrowler/0.9; +https://babbar.tech/crawler)"
217.113.194.123 - - [05/Jan/2024:05:20:32 +0100] "GET /pmwiki/pmwiki.php/PmWiki/Requirements?action=upload&upname=wiki.png HTTP/1.1" 200 12395 "-" "Mozilla/5.0 (compatible; Barkrowler/0.9; +https://babbar.tech/crawler)"
217.113.194.96 - - [05/Jan/2024:05:22:17 +0100] "GET /pmwiki/pmwiki.php/PmWiki/Passwords?action=diff&source=n&minor=n HTTP/1.1" 200 12856 "-" "Mozilla/5.0 (compatible; Barkrowler/0.9; +https://babbar.tech/crawler)"
217.113.194.108 - - [05/Jan/2024:05:24:03 +0100] "GET /pmwiki/pmwiki.php/Cookbook/EditBar?action=diff&source=n&minor=y HTTP/1.1" 200 12858 "-" "Mozilla/5.0 (compatible; Barkrowler/0.9; +https://babbar.tech/crawler)"
217.113.194.67 - - [05/Jan/2024:05:25:50 +0100] "GET /pmwiki/pmwiki.php/Cookbook/EditBar?action=diff&source=n&minor=n HTTP/1.1" 200 12858 "-" "Mozilla/5.0 (compatible; Barkrowler/0.9; +https://babbar.tech/crawler)"
217.113.194.80 - - [05/Jan/2024:05:27:44 +0100] "GET /pmwiki/pmwiki.php/Profiles/Artisjus?action=diff&source=n&minor=y HTTP/1.1" 200 12876 "-" "Mozilla/5.0 (compatible; Barkrowler/0.9; +https://babbar.tech/crawler)"
216.244.66.203 - - [05/Jan/2024:05:29:03 +0100] "GET /robots.txt HTTP/1.1" 404 1181 "-" "Mozilla/5.0 (compatible; DotBot/1.2; +https://opensiteexplorer.org/dotbot; help@moz.com)"
217.113.194.97 - - [05/Jan/2024:05:29:29 +0100] "GET /pmwiki/pmwiki.php/Profiles/Mikei?action=diff&source=n&minor=n HTTP/1.1" 200 12822 "-" "Mozilla/5.0 (compatible; Barkrowler/0.9; +https://babbar.tech/crawler)"
217.113.194.75 - - [05/Jan/2024:05:31:17 +0100] "GET /pmwiki/pmwiki.php/Main/TRIPSLie?action=diff&source=n&minor=y HTTP/1.1" 200 14070 "-" "Mozilla/5.0 (compatible; Barkrowler/0.9; +https://babbar.tech/crawler)"
217.113.194.103 - - [05/Jan/2024:05:33:08 +0100] "GET /pmwiki/pmwiki.php/Main/LehetsegesJavitasokEuropaban?action=upload HTTP/1.1" 200 12598 "-" "Mozilla/5.0 (compatible; Barkrowler/0.9; +https://babbar.tech/crawler)"
54.36.149.103 - - [05/Jan/2024:05:33:32 +0100] "GET /robots.txt HTTP/1.1" 404 1181 "-" "Mozilla/5.0 (compatible; AhrefsBot/7.0; +http://ahrefs.com/robot/)"
54.36.148.10 - - [05/Jan/2024:05:33:33 +0100] "GET /pmwiki/pmwiki.php/Main/GatesMegzsaroltaD%E1ni%E1t?action=upload HTTP/1.1" 200 12562 "-" "Mozilla/5.0 (compatible; AhrefsBot/7.0; +http://ahrefs.com/robot/)"
217.113.194.106 - - [05/Jan/2024:05:35:10 +0100] "GET /pmwiki/pmwiki.php/Main/LehetsegesJavitasokEuropaban?action=print HTTP/1.1" 200 4274 "-" "Mozilla/5.0 (compatible; Barkrowler/0.9; +https://babbar.tech/crawler)"
217.113.194.69 - - [05/Jan/2024:05:37:15 +0100] "GET /pmwiki/pmwiki.php/Main/Tud%E1smonop%F3lium?action=diff HTTP/1.1" 200 29474 "-" "Mozilla/5.0 (compatible; Barkrowler/0.9; +https://babbar.tech/crawler)"
217.113.194.87 - - [05/Jan/2024:05:39:00 +0100] "GET /pmwiki/pmwiki.php/Main/Tud%E1smonop%F3lium?action=upload HTTP/1.1" 200 12446 "-" "Mozilla/5.0 (compatible; Barkrowler/0.9; +https://babbar.tech/crawler)"
217.113.194.82 - - [05/Jan/2024:05:40:48 +0100] "GET /pmwiki/pmwiki.php/Main/Cikkek?action=diff&source=n&minor=y HTTP/1.1" 200 107776 "-" "Mozilla/5.0 (compatible; Barkrowler/0.9; +https://babbar.tech/crawler)"
217.113.194.102 - - [05/Jan/2024:05:42:37 +0100] "GET /pmwiki/pmwiki.php/Main/Cikkek?action=diff&source=n&minor=n HTTP/1.1" 200 90206 "-" "Mozilla/5.0 (compatible; Barkrowler/0.9; +https://babbar.tech/crawler)"
217.113.194.119 - - [05/Jan/2024:05:44:27 +0100] "GET /pmwiki/pmwiki.php/Main/Linkek?action=diff&source=y&minor=n HTTP/1.1" 200 36112 "-" "Mozilla/5.0 (compatible; Barkrowler/0.9; +https://babbar.tech/crawler)"
217.113.194.85 - - [05/Jan/2024:05:46:14 +0100] "GET /pmwiki/pmwiki.php/Main/JogiOldal?action=diff&source=y&minor=y HTTP/1.1" 200 28557 "-" "Mozilla/5.0 (compatible; Barkrowler/0.9; +https://babbar.tech/crawler)"
217.113.194.90 - - [05/Jan/2024:05:48:02 +0100] "GET /pmwiki/pmwiki.php/PmWiki/AuthorTracking?action=diff&source=y&minor=y HTTP/1.1" 200 12947 "-" "Mozilla/5.0 (compatible; Barkrowler/0.9; +https://babbar.tech/crawler)"
217.113.194.65 - - [05/Jan/2024:05:49:48 +0100] "GET /pmwiki/pmwiki.php/PmWiki/SimpleTables?action=diff&source=y&minor=y HTTP/1.1" 200 12910 "-" "Mozilla/5.0 (compatible; Barkrowler/0.9; +https://babbar.tech/crawler)"
217.113.194.108 - - [05/Jan/2024:05:51:52 +0100] "GET /pmwiki/pmwiki.php/PmWiki/SimpleTables?action=diff&source=y&minor=n HTTP/1.1" 200 12910 "-" "Mozilla/5.0 (compatible; Barkrowler/0.9; +https://babbar.tech/crawler)"
217.113.194.104 - - [05/Jan/2024:05:53:39 +0100] "GET /pmwiki/pmwiki.php/PmWiki/BasicEditing?action=diff&source=n&minor=y HTTP/1.1" 200 12911 "-" "Mozilla/5.0 (compatible; Barkrowler/0.9; +https://babbar.tech/crawler)"
216.244.66.203 - - [05/Jan/2024:05:54:43 +0100] "GET /pmwiki/pmwiki.php/Main/Linkek?action=diff&source=y&minor=y HTTP/1.1" 200 39101 "-" "Mozilla/5.0 (compatible; DotBot/1.2; +https://opensiteexplorer.org/dotbot; help@moz.com)"
217.113.194.121 - - [05/Jan/2024:05:55:32 +0100] "GET /pmwiki/pmwiki.php/PmWiki/BasicEditing?action=diff&source=y&minor=n HTTP/1.1" 200 12911 "-" "Mozilla/5.0 (compatible; Barkrowler/0.9; +https://babbar.tech/crawler)"
217.113.194.73 - - [05/Jan/2024:05:57:24 +0100] "GET /pmwiki/pmwiki.php/PmWiki/PmWiki?action=diff&source=n&minor=y HTTP/1.1" 200 457953 "-" "Mozilla/5.0 (compatible; Barkrowler/0.9; +https://babbar.tech/crawler)"
217.113.194.121 - - [05/Jan/2024:05:59:12 +0100] "GET /pmwiki/pmwiki.php/PmWiki/PmWiki?action=diff&source=n&minor=n HTTP/1.1" 200 96107 "-" "Mozilla/5.0 (compatible; Barkrowler/0.9; +https://babbar.tech/crawler)"
217.113.194.108 - - [05/Jan/2024:06:00:56 +0100] "GET /pmwiki/pmwiki.php/PmWiki/InterMap?action=diff&source=y&minor=y HTTP/1.1" 200 12839 "-" "Mozilla/5.0 (compatible; Barkrowler/0.9; +https://babbar.tech/crawler)"
217.113.194.78 - - [05/Jan/2024:06:02:46 +0100] "GET /pmwiki/pmwiki.php/PmWiki/MailPosts?action=diff&source=n&minor=y HTTP/1.1" 200 12857 "-" "Mozilla/5.0 (compatible; Barkrowler/0.9; +https://babbar.tech/crawler)"
217.113.194.113 - - [05/Jan/2024:06:04:38 +0100] "GET /pmwiki/pmwiki.php/PmWiki/MailPosts?action=diff&source=y&minor=y HTTP/1.1" 200 12857 "-" "Mozilla/5.0 (compatible; Barkrowler/0.9; +https://babbar.tech/crawler)"
217.113.194.113 - - [05/Jan/2024:06:06:21 +0100] "GET /pmwiki/pmwiki.php/PmWiki/Audiences?action=diff&source=y&minor=y HTTP/1.1" 200 12855 "-" "Mozilla/5.0 (compatible; Barkrowler/0.9; +https://babbar.tech/crawler)"
111.225.149.200 - - [05/Jan/2024:06:07:11 +0100] "GET /robots.txt HTTP/1.1" 404 1181 "-" "Mozilla/5.0 (Linux; Android 5.0) AppleWebKit/537.36 (KHTML, like Gecko) Mobile Safari/537.36 (compatible; Bytespider; https://zhanzhang.toutiao.com/)"
217.113.194.89 - - [05/Jan/2024:06:08:11 +0100] "GET /pmwiki/pmwiki.php/PmWiki/RefCount?action=diff&source=n&minor=y HTTP/1.1" 200 12839 "-" "Mozilla/5.0 (compatible; Barkrowler/0.9; +https://babbar.tech/crawler)"
217.113.194.88 - - [05/Jan/2024:06:09:58 +0100] "GET /pmwiki/pmwiki.php/PmWiki/RefCount?action=diff&source=n&minor=n HTTP/1.1" 200 12839 "-" "Mozilla/5.0 (compatible; Barkrowler/0.9; +https://babbar.tech/crawler)"
217.113.194.103 - - [05/Jan/2024:06:11:49 +0100] "GET /pmwiki/pmwiki.php/PmWiki/RefCount?action=diff&source=y&minor=n HTTP/1.1" 200 12839 "-" "Mozilla/5.0 (compatible; Barkrowler/0.9; +https://babbar.tech/crawler)"
217.113.194.100 - - [05/Jan/2024:06:13:35 +0100] "GET /pmwiki/pmwiki.php/PmWiki/ChangeLog?action=diff&source=y&minor=y HTTP/1.1" 200 12856 "-" "Mozilla/5.0 (compatible; Barkrowler/0.9; +https://babbar.tech/crawler)"
217.113.194.109 - - [05/Jan/2024:06:15:22 +0100] "GET /pmwiki/pmwiki.php/PmWiki/ChangeLog?action=diff&source=y&minor=n HTTP/1.1" 200 12856 "-" "Mozilla/5.0 (compatible; Barkrowler/0.9; +https://babbar.tech/crawler)"
217.113.194.126 - - [05/Jan/2024:06:17:11 +0100] "GET /pmwiki/pmwiki.php/PmWiki/GroupAttributes?action=upload&upname=wiki.png HTTP/1.1" 200 12444 "-" "Mozilla/5.0 (compatible; Barkrowler/0.9; +https://babbar.tech/crawler)"
217.113.194.75 - - [05/Jan/2024:06:19:03 +0100] "GET /pmwiki/pmwiki.php/PmWiki/RecentChanges?action=diff&source=y&minor=y HTTP/1.1" 200 16618 "-" "Mozilla/5.0 (compatible; Barkrowler/0.9; +https://babbar.tech/crawler)"
217.113.194.92 - - [05/Jan/2024:06:20:48 +0100] "GET /pmwiki/pmwiki.php/PmWiki/WikiStyles?action=diff&source=y&minor=n HTTP/1.1" 200 12874 "-" "Mozilla/5.0 (compatible; Barkrowler/0.9; +https://babbar.tech/crawler)"
216.244.66.203 - - [05/Jan/2024:06:20:59 +0100] "GET /robots.txt HTTP/1.1" 404 1181 "-" "Mozilla/5.0 (compatible; DotBot/1.2; +https://opensiteexplorer.org/dotbot; help@moz.com)"
217.113.194.91 - - [05/Jan/2024:06:22:37 +0100] "GET /pmwiki/pmwiki.php/PmWiki/WikiSandbox?action=upload&upname=wiki.png HTTP/1.1" 200 12379 "-" "Mozilla/5.0 (compatible; Barkrowler/0.9; +https://babbar.tech/crawler)"
217.113.194.94 - - [05/Jan/2024:06:24:25 +0100] "GET /pmwiki/pmwiki.php/PmWiki/WikiTrails?action=diff&source=y&minor=n HTTP/1.1" 200 12874 "-" "Mozilla/5.0 (compatible; Barkrowler/0.9; +https://babbar.tech/crawler)"
217.113.194.69 - - [05/Jan/2024:06:26:13 +0100] "GET /pmwiki/pmwiki.php/PmWiki/WikiFarms?action=upload&upname=wiki.png HTTP/1.1" 200 12347 "-" "Mozilla/5.0 (compatible; Barkrowler/0.9; +https://babbar.tech/crawler)"
217.113.194.73 - - [05/Jan/2024:06:28:16 +0100] "GET /pmwiki/pmwiki.php/PmWiki/Requirements?action=diff&source=y&minor=y HTTP/1.1" 200 12910 "-" "Mozilla/5.0 (compatible; Barkrowler/0.9; +https://babbar.tech/crawler)"
217.113.194.101 - - [05/Jan/2024:06:30:24 +0100] "GET /pmwiki/pmwiki.php/PmWiki/Variables?action=diff&source=n&minor=y HTTP/1.1" 200 12857 "-" "Mozilla/5.0 (compatible; Barkrowler/0.9; +https://babbar.tech/crawler)"
217.113.194.106 - - [05/Jan/2024:06:32:13 +0100] "GET /pmwiki/pmwiki.php/PmWiki/Variables?action=diff&source=y&minor=y HTTP/1.1" 200 12857 "-" "Mozilla/5.0 (compatible; Barkrowler/0.9; +https://babbar.tech/crawler)"
217.113.194.80 - - [05/Jan/2024:06:34:03 +0100] "GET /pmwiki/pmwiki.php/PmWiki/Passwords?action=diff&source=y&minor=y HTTP/1.1" 200 12856 "-" "Mozilla/5.0 (compatible; Barkrowler/0.9; +https://babbar.tech/crawler)"
217.113.194.81 - - [05/Jan/2024:06:35:47 +0100] "GET /pmwiki/pmwiki.php/Profiles/Robert?action=diff&source=y&minor=n HTTP/1.1" 200 12840 "-" "Mozilla/5.0 (compatible; Barkrowler/0.9; +https://babbar.tech/crawler)"
217.113.194.118 - - [05/Jan/2024:06:37:34 +0100] "GET /pmwiki/pmwiki.php/Profiles/FMCikk?action=diff&source=y&minor=y HTTP/1.1" 200 12840 "-" "Mozilla/5.0 (compatible; Barkrowler/0.9; +https://babbar.tech/crawler)"
217.113.194.101 - - [05/Jan/2024:06:39:20 +0100] "GET /pmwiki/pmwiki.php/Profiles/ATraduire?action=diff&source=y&minor=n HTTP/1.1" 200 12894 "-" "Mozilla/5.0 (compatible; Barkrowler/0.9; +https://babbar.tech/crawler)"
217.113.194.110 - - [05/Jan/2024:06:41:08 +0100] "GET /pmwiki/pmwiki.php/Profiles/ATraduire?action=diff&source=n&minor=y HTTP/1.1" 200 12894 "-" "Mozilla/5.0 (compatible; Barkrowler/0.9; +https://babbar.tech/crawler)"
217.113.194.117 - - [05/Jan/2024:06:42:59 +0100] "GET /pmwiki/pmwiki.php/Profiles/ATraduire?action=diff&source=n&minor=n HTTP/1.1" 200 12894 "-" "Mozilla/5.0 (compatible; Barkrowler/0.9; +https://babbar.tech/crawler)"
217.113.194.115 - - [05/Jan/2024:06:44:49 +0100] "GET /pmwiki/pmwiki.php/Profiles/MitMondjunk?action=upload&upname=wiki.png HTTP/1.1" 200 12413 "-" "Mozilla/5.0 (compatible; Barkrowler/0.9; +https://babbar.tech/crawler)"
217.113.194.99 - - [05/Jan/2024:06:46:37 +0100] "GET /pmwiki/pmwiki.php/Profiles/MitMondjunk?action=diff&source=n&minor=y HTTP/1.1" 200 12930 "-" "Mozilla/5.0 (compatible; Barkrowler/0.9; +https://babbar.tech/crawler)"
216.244.66.203 - - [05/Jan/2024:06:47:03 +0100] "GET /pmwiki/pmwiki.php/Profiles/Robert?action=diff&source=n&minor=n HTTP/1.1" 200 12840 "-" "Mozilla/5.0 (compatible; DotBot/1.2; +https://opensiteexplorer.org/dotbot; help@moz.com)"
217.113.194.123 - - [05/Jan/2024:06:48:30 +0100] "GET /pmwiki/pmwiki.php/Profiles/WrapPlague?action=diff&source=n&minor=y HTTP/1.1" 200 12912 "-" "Mozilla/5.0 (compatible; Barkrowler/0.9; +https://babbar.tech/crawler)"
217.113.194.84 - - [05/Jan/2024:06:50:21 +0100] "GET /pmwiki/pmwiki.php/Profiles/WrapPlague?action=diff&source=n&minor=n HTTP/1.1" 200 12912 "-" "Mozilla/5.0 (compatible; Barkrowler/0.9; +https://babbar.tech/crawler)"
217.113.194.105 - - [05/Jan/2024:06:52:08 +0100] "GET /pmwiki/pmwiki.php/Main/DRM?action=upload&upname=ipod_drm.jpg HTTP/1.1" 200 12218 "-" "Mozilla/5.0 (compatible; Barkrowler/0.9; +https://babbar.tech/crawler)"
217.113.194.112 - - [05/Jan/2024:06:53:56 +0100] "GET /pmwiki/pmwiki.php/Main/BMEKonferencia?action=diff&source=n&minor=y HTTP/1.1" 200 76698 "-" "Mozilla/5.0 (compatible; Barkrowler/0.9; +https://babbar.tech/crawler)"
217.113.194.125 - - [05/Jan/2024:06:55:48 +0100] "GET /pmwiki/pmwiki.php/Main/BMEKonferencia?action=diff&source=n&minor=n HTTP/1.1" 200 76698 "-" "Mozilla/5.0 (compatible; Barkrowler/0.9; +https://babbar.tech/crawler)"
217.113.194.68 - - [05/Jan/2024:06:57:36 +0100] "GET /pmwiki/pmwiki.php/Main/Marc06LMEPR?action=diff&source=n&minor=n HTTP/1.1" 200 17638 "-" "Mozilla/5.0 (compatible; Barkrowler/0.9; +https://babbar.tech/crawler)"
217.113.194.100 - - [05/Jan/2024:06:59:23 +0100] "GET /pmwiki/pmwiki.php/Main/NoSoftwarePatents?action=diff&source=y&minor=n HTTP/1.1" 200 13474 "-" "Mozilla/5.0 (compatible; Barkrowler/0.9; +https://babbar.tech/crawler)"
51.174.65.41 - - [05/Jan/2024:07:01:01 +0100] "GET /robots.txt HTTP/1.1" 404 1181 "-" "Mozilla/5.0 (compatible; MJ12bot/v1.4.8; http://mj12bot.com/)"
51.174.65.41 - - [05/Jan/2024:07:01:03 +0100] "GET /pmwiki/pmwiki.php?action=edit HTTP/1.1" 403 30 "-" "Mozilla/5.0 (compatible; MJ12bot/v1.4.8; http://mj12bot.com/)"
217.113.194.126 - - [05/Jan/2024:07:01:12 +0100] "GET /pmwiki/pmwiki.php/Main/NoSoftwarePatents?action=diff&source=n&minor=y HTTP/1.1" 200 13447 "-" "Mozilla/5.0 (compatible; Barkrowler/0.9; +https://babbar.tech/crawler)"
217.113.194.95 - - [05/Jan/2024:07:03:05 +0100] "GET /pmwiki/pmwiki.php/Main/ThankYouPoland?action=diff&source=n&minor=y HTTP/1.1" 200 15641 "-" "Mozilla/5.0 (compatible; Barkrowler/0.9; +https://babbar.tech/crawler)"
217.113.194.125 - - [05/Jan/2024:07:04:56 +0100] "GET /pmwiki/pmwiki.php/Main/Doksik?action=diff&source=n&minor=y HTTP/1.1" 200 19426 "-" "Mozilla/5.0 (compatible; Barkrowler/0.9; +https://babbar.tech/crawler)"
217.113.194.78 - - [05/Jan/2024:07:06:56 +0100] "GET /pmwiki/pmwiki.php/Main/Doksik?action=diff&source=n&minor=n HTTP/1.1" 200 18222 "-" "Mozilla/5.0 (compatible; Barkrowler/0.9; +https://babbar.tech/crawler)"
217.113.194.77 - - [05/Jan/2024:07:08:47 +0100] "GET /pmwiki/pmwiki.php/Main/Let%F6lt%E9s?action=diff&source=n&minor=y HTTP/1.1" 200 12860 "-" "Mozilla/5.0 (compatible; Barkrowler/0.9; +https://babbar.tech/crawler)"
217.113.194.127 - - [05/Jan/2024:07:10:39 +0100] "GET /pmwiki/pmwiki.php/Main/Telefonon?action=diff&source=n&minor=y HTTP/1.1" 200 26833 "-" "Mozilla/5.0 (compatible; Barkrowler/0.9; +https://babbar.tech/crawler)"
217.113.194.115 - - [05/Jan/2024:07:12:33 +0100] "GET /pmwiki/pmwiki.php/Main/Telefonon?action=diff&source=n&minor=n HTTP/1.1" 200 17499 "-" "Mozilla/5.0 (compatible; Barkrowler/0.9; +https://babbar.tech/crawler)"
217.113.194.87 - - [05/Jan/2024:07:14:25 +0100] "GET /pmwiki/pmwiki.php/Main/2005M%E1jus?action=diff&source=n&minor=n HTTP/1.1" 200 16708 "-" "Mozilla/5.0 (compatible; Barkrowler/0.9; +https://babbar.tech/crawler)"
217.113.194.108 - - [05/Jan/2024:07:16:22 +0100] "GET /pmwiki/pmwiki.php/Main/2005M%E1jus?action=diff&source=y&minor=n HTTP/1.1" 200 16670 "-" "Mozilla/5.0 (compatible; Barkrowler/0.9; +https://babbar.tech/crawler)"
217.113.194.120 - - [05/Jan/2024:07:18:14 +0100] "GET /pmwiki/pmwiki.php/PmWiki/ReleaseNotes?action=upload&upname=wiki.png HTTP/1.1" 200 12395 "-" "Mozilla/5.0 (compatible; Barkrowler/0.9; +https://babbar.tech/crawler)"
