54.36.148.242 - - [18/Jun/2024:03:18:53 +0200] "GET /pmwiki/pmwiki.php/Main/AzEUBizotts%E1gaL%E1bbalTiporjaADemokr%E1ci%E1t?action=upload HTTP/1.1" 200 12886 "-" "Mozilla/5.0 (compatible; AhrefsBot/7.0; +http://ahrefs.com/robot/)"
216.244.66.203 - - [18/Jun/2024:03:23:10 +0200] "GET /pmwiki/pmwiki.php/Main/BillGates%C9sM%E1sKommunist%E1k?action=edit&restore=diff:1108661610:1108661610:&preview=y HTTP/1.1" 200 12804 "-" "Mozilla/5.0 (compatible; DotBot/1.2; +https://opensiteexplorer.org/dotbot; help@moz.com)"
216.244.66.203 - - [18/Jun/2024:03:29:23 +0200] "GET /pmwiki/pmwiki.php/Main/2005M%E1rciusiNy%EDltLev%E9l?action=edit HTTP/1.1" 200 12706 "-" "Mozilla/5.0 (compatible; DotBot/1.2; +https://opensiteexplorer.org/dotbot; help@moz.com)"
216.244.66.203 - - [18/Jun/2024:03:32:53 +0200] "GET /pmwiki/pmwiki.php/PmWiki/AdvancedTables?action=diff HTTP/1.1" 200 12947 "-" "Mozilla/5.0 (compatible; DotBot/1.2; +https://opensiteexplorer.org/dotbot; help@moz.com)"
44.214.187.82 - - [18/Jun/2024:03:39:14 +0200] "GET /pmwiki/pmwiki.php/PmWiki/AdvancedTables HTTP/1.1" 200 18559 "-" "Mozilla/5.0 (Windows NT 10.0; Win64; x64) AppleWebKit/605.1.15 (KHTML, like Gecko; compatible; FriendlyCrawler/1.0) Chrome/120.0.6099.216 Safari/605.1.15"
216.244.66.203 - - [18/Jun/2024:03:42:46 +0200] "GET /pmwiki/pmwiki.php/Main/BillGates%C9sM%E1sKommunist%E1k?action=edit&restore=diff:1108661610:1108661610:&preview=y HTTP/1.1" 200 12804 "-" "Mozilla/5.0 (compatible; DotBot/1.2; +https://opensiteexplorer.org/dotbot; help@moz.com)"
216.244.66.203 - - [18/Jun/2024:04:00:51 +0200] "GET /pmwiki/pmwiki.php/Main/BillGates%C9sM%E1sKommunist%E1k?action=edit&restore=diff:1108661610:1108661610:&preview=y HTTP/1.1" 200 12804 "-" "Mozilla/5.0 (compatible; DotBot/1.2; +https://opensiteexplorer.org/dotbot; help@moz.com)"
193.70.81.116 - - [18/Jun/2024:04:02:57 +0200] "GET /robots.txt HTTP/1.1" 404 1181 "-" "Mozilla/5.0 (compatible; MJ12bot/v1.4.8; http://mj12bot.com/)"
193.70.81.116 - - [18/Jun/2024:04:03:01 +0200] "GET /pmwiki/pmwiki.php/Main/Telefonon?action=diff HTTP/1.1" 403 30 "-" "Mozilla/5.0 (compatible; MJ12bot/v1.4.8; http://mj12bot.com/)"
193.70.81.116 - - [18/Jun/2024:04:03:09 +0200] "GET /pmwiki/pmwiki.php/Main/Telefonon?action=edit HTTP/1.1" 403 30 "-" "Mozilla/5.0 (compatible; MJ12bot/v1.4.8; http://mj12bot.com/)"
193.70.81.116 - - [18/Jun/2024:04:03:15 +0200] "GET /pmwiki/pmwiki.php/Main/Telefonon?action=print HTTP/1.1" 403 30 "-" "Mozilla/5.0 (compatible; MJ12bot/v1.4.8; http://mj12bot.com/)"
216.244.66.203 - - [18/Jun/2024:04:03:26 +0200] "GET /pmwiki/pmwiki.php/Main/2005M%E1rciusiNy%EDltLev%E9l?action=edit HTTP/1.1" 200 12706 "-" "Mozilla/5.0 (compatible; DotBot/1.2; +https://opensiteexplorer.org/dotbot; help@moz.com)"
216.244.66.203 - - [18/Jun/2024:04:09:23 +0200] "GET /pmwiki/pmwiki.php/PmWiki/AdvancedTables?action=diff HTTP/1.1" 200 12947 "-" "Mozilla/5.0 (compatible; DotBot/1.2; +https://opensiteexplorer.org/dotbot; help@moz.com)"
54.36.148.55 - - [18/Jun/2024:04:09:26 +0200] "GET /pmwiki/pmwiki.php/PmWiki/WikiGroups HTTP/1.1" 302 212 "-" "Mozilla/5.0 (compatible; AhrefsBot/7.0; +http://ahrefs.com/robot/)"
193.70.81.116 - - [18/Jun/2024:04:14:36 +0200] "GET /pmwiki/pmwiki.php/Main/Telefonon?action=upload HTTP/1.1" 403 30 "-" "Mozilla/5.0 (compatible; MJ12bot/v1.4.8; http://mj12bot.com/)"
193.70.81.116 - - [18/Jun/2024:04:14:39 +0200] "GET /pmwiki/pmwiki.php/Main/Telefonon?action=upload&upname=wiki.png HTTP/1.1" 403 30 "-" "Mozilla/5.0 (compatible; MJ12bot/v1.4.8; http://mj12bot.com/)"
216.244.66.203 - - [18/Jun/2024:04:17:48 +0200] "GET /pmwiki/pmwiki.php/PmWiki/BasicVariables?action=upload HTTP/1.1" 200 12412 "-" "Mozilla/5.0 (compatible; DotBot/1.2; +https://opensiteexplorer.org/dotbot; help@moz.com)"
150.230.58.58 - - [18/Jun/2024:04:38:07 +0200] "GET /wp-ver.php HTTP/1.1" 404 1181 "www.google.com" "Mozlila/5.0 (Linux; Android 7.0; SM-G892A Bulid/NRD90M; wv) AppleWebKit/537.36 (KHTML, like Gecko) Version/4.0 Chrome/60.0.3112.107 Moblie Safari/537.36"
216.244.66.203 - - [18/Jun/2024:04:45:23 +0200] "GET /robots.txt HTTP/1.1" 404 1181 "-" "Mozilla/5.0 (compatible; DotBot/1.2; +https://opensiteexplorer.org/dotbot; help@moz.com)"
216.244.66.203 - - [18/Jun/2024:05:10:35 +0200] "GET /pmwiki/pmwiki.php/Profiles/Itms?action=diff&source=n&minor=y HTTP/1.1" 200 12801 "-" "Mozilla/5.0 (compatible; DotBot/1.2; +https://opensiteexplorer.org/dotbot; help@moz.com)"
216.244.66.203 - - [18/Jun/2024:05:14:41 +0200] "GET /pmwiki/pmwiki.php/Main/Lev%E9lAParlamentInformaitikaiBizotts%E1gaEln%F6k%E9nek?action=upload HTTP/1.1" 200 13014 "-" "Mozilla/5.0 (compatible; DotBot/1.2; +https://opensiteexplorer.org/dotbot; help@moz.com)"
216.244.66.203 - - [18/Jun/2024:05:14:46 +0200] "GET /pmwiki/pmwiki.php/PmWiki/WikiTrails?action=diff HTTP/1.1" 200 12874 "-" "Mozilla/5.0 (compatible; DotBot/1.2; +https://opensiteexplorer.org/dotbot; help@moz.com)"
216.244.66.203 - - [18/Jun/2024:05:18:20 +0200] "GET /pmwiki/pmwiki.php/PmWiki/Variables?action=upload HTTP/1.1" 200 12332 "-" "Mozilla/5.0 (compatible; DotBot/1.2; +https://opensiteexplorer.org/dotbot; help@moz.com)"
216.244.66.203 - - [18/Jun/2024:05:18:24 +0200] "GET /pmwiki/pmwiki.php/PmWiki/WikiStyles?action=upload HTTP/1.1" 200 12347 "-" "Mozilla/5.0 (compatible; DotBot/1.2; +https://opensiteexplorer.org/dotbot; help@moz.com)"
216.244.66.203 - - [18/Jun/2024:05:34:04 +0200] "GET /pmwiki/pmwiki.php/Profiles/Itms?action=diff&source=n&minor=y HTTP/1.1" 200 12801 "-" "Mozilla/5.0 (compatible; DotBot/1.2; +https://opensiteexplorer.org/dotbot; help@moz.com)"
216.244.66.203 - - [18/Jun/2024:05:37:24 +0200] "GET /pmwiki/pmwiki.php/Main/Lev%E9lAParlamentInformaitikaiBizotts%E1gaEln%F6k%E9nek?action=upload HTTP/1.1" 200 13014 "-" "Mozilla/5.0 (compatible; DotBot/1.2; +https://opensiteexplorer.org/dotbot; help@moz.com)"
216.244.66.203 - - [18/Jun/2024:05:37:30 +0200] "GET /pmwiki/pmwiki.php/PmWiki/WikiTrails?action=diff HTTP/1.1" 200 12874 "-" "Mozilla/5.0 (compatible; DotBot/1.2; +https://opensiteexplorer.org/dotbot; help@moz.com)"
216.244.66.203 - - [18/Jun/2024:05:42:03 +0200] "GET /pmwiki/pmwiki.php/PmWiki/Variables?action=upload HTTP/1.1" 200 12332 "-" "Mozilla/5.0 (compatible; DotBot/1.2; +https://opensiteexplorer.org/dotbot; help@moz.com)"
216.244.66.203 - - [18/Jun/2024:05:42:09 +0200] "GET /pmwiki/pmwiki.php/PmWiki/WikiStyles?action=upload HTTP/1.1" 200 12347 "-" "Mozilla/5.0 (compatible; DotBot/1.2; +https://opensiteexplorer.org/dotbot; help@moz.com)"
216.244.66.203 - - [18/Jun/2024:05:57:23 +0200] "GET /pmwiki/pmwiki.php/Main/WikiPediaban?action=upload&upname=wiki.png HTTP/1.1" 200 12359 "-" "Mozilla/5.0 (compatible; DotBot/1.2; +https://opensiteexplorer.org/dotbot; help@moz.com)"
216.244.66.203 - - [18/Jun/2024:05:57:26 +0200] "GET /pmwiki/pmwiki.php/Profiles/FMCikk?action=upload HTTP/1.1" 200 12314 "-" "Mozilla/5.0 (compatible; DotBot/1.2; +https://opensiteexplorer.org/dotbot; help@moz.com)"
111.225.148.209 - - [18/Jun/2024:06:10:58 +0200] "GET /robots.txt HTTP/1.1" 404 1181 "-" "Mozilla/5.0 (Linux; Android 5.0) AppleWebKit/537.36 (KHTML, like Gecko) Mobile Safari/537.36 (compatible; Bytespider; https://zhanzhang.toutiao.com/)"
216.244.66.203 - - [18/Jun/2024:06:23:42 +0200] "GET /robots.txt HTTP/1.1" 404 1181 "-" "Mozilla/5.0 (compatible; DotBot/1.2; +https://opensiteexplorer.org/dotbot; help@moz.com)"
216.244.66.203 - - [18/Jun/2024:06:32:18 +0200] "GET /pmwiki/pmwiki.php/PmWiki/WikiStructure?action=diff HTTP/1.1" 200 12929 "-" "Mozilla/5.0 (compatible; DotBot/1.2; +https://opensiteexplorer.org/dotbot; help@moz.com)"
216.244.66.203 - - [18/Jun/2024:06:45:49 +0200] "GET /pmwiki/pmwiki.php/Profiles/%C9n%CDrtamH%E1tPublik%E1lom?action=diff HTTP/1.1" 200 13209 "-" "Mozilla/5.0 (compatible; DotBot/1.2; +https://opensiteexplorer.org/dotbot; help@moz.com)"
216.244.66.203 - - [18/Jun/2024:06:54:38 +0200] "GET /pmwiki/pmwiki.php/PmWiki/WikiStructure?action=diff HTTP/1.1" 200 12929 "-" "Mozilla/5.0 (compatible; DotBot/1.2; +https://opensiteexplorer.org/dotbot; help@moz.com)"
216.244.66.203 - - [18/Jun/2024:07:02:10 +0200] "GET /pmwiki/pmwiki.php/Profiles/%C9n%CDrtamH%E1tPublik%E1lom?action=diff HTTP/1.1" 200 13209 "-" "Mozilla/5.0 (compatible; DotBot/1.2; +https://opensiteexplorer.org/dotbot; help@moz.com)"
216.244.66.203 - - [18/Jun/2024:07:16:41 +0200] "GET /pmwiki/pmwiki.php/PmWiki/WikiStructure?action=diff HTTP/1.1" 200 12929 "-" "Mozilla/5.0 (compatible; DotBot/1.2; +https://opensiteexplorer.org/dotbot; help@moz.com)"
216.244.66.203 - - [18/Jun/2024:07:21:16 +0200] "GET /pmwiki/pmwiki.php/Profiles/%C9n%CDrtamH%E1tPublik%E1lom?action=diff HTTP/1.1" 200 13209 "-" "Mozilla/5.0 (compatible; DotBot/1.2; +https://opensiteexplorer.org/dotbot; help@moz.com)"
216.244.66.203 - - [18/Jun/2024:07:25:44 +0200] "GET /pmwiki/pmwiki.php/PmWiki/GroupAttributes?action=upload&upname=wiki.png HTTP/1.1" 200 12444 "-" "Mozilla/5.0 (compatible; DotBot/1.2; +https://opensiteexplorer.org/dotbot; help@moz.com)"
216.244.66.203 - - [18/Jun/2024:07:25:48 +0200] "GET /pmwiki/pmwiki.php/PmWiki/WikiSandbox?action=upload HTTP/1.1" 200 12363 "-" "Mozilla/5.0 (compatible; DotBot/1.2; +https://opensiteexplorer.org/dotbot; help@moz.com)"
51.222.253.6 - - [18/Jun/2024:07:27:57 +0200] "GET /robots.txt HTTP/1.1" 404 1181 "-" "Mozilla/5.0 (compatible; AhrefsBot/7.0; +http://ahrefs.com/robot/)"
54.36.148.105 - - [18/Jun/2024:07:27:58 +0200] "GET /pmwiki/pmwiki.php/Emeltdijas/Hu?action=edit HTTP/1.1" 200 12404 "-" "Mozilla/5.0 (compatible; AhrefsBot/7.0; +http://ahrefs.com/robot/)"
216.244.66.203 - - [18/Jun/2024:07:34:23 +0200] "GET /pmwiki/pmwiki.php/PmWiki/LinkVariables?action=upload&upname=wiki.png HTTP/1.1" 200 12412 "-" "Mozilla/5.0 (compatible; DotBot/1.2; +https://opensiteexplorer.org/dotbot; help@moz.com)"
216.244.66.203 - - [18/Jun/2024:07:46:05 +0200] "GET /pmwiki/pmwiki.php/PmWiki/WikiStructure?action=diff HTTP/1.1" 200 12929 "-" "Mozilla/5.0 (compatible; DotBot/1.2; +https://opensiteexplorer.org/dotbot; help@moz.com)"
216.244.66.203 - - [18/Jun/2024:07:50:58 +0200] "GET /pmwiki/pmwiki.php/Profiles/%C9n%CDrtamH%E1tPublik%E1lom?action=diff HTTP/1.1" 200 13209 "-" "Mozilla/5.0 (compatible; DotBot/1.2; +https://opensiteexplorer.org/dotbot; help@moz.com)"
216.244.66.203 - - [18/Jun/2024:08:09:12 +0200] "GET /robots.txt HTTP/1.1" 404 1181 "-" "Mozilla/5.0 (compatible; DotBot/1.2; +https://opensiteexplorer.org/dotbot; help@moz.com)"
216.244.66.203 - - [18/Jun/2024:08:22:30 +0200] "GET /pmwiki/pmwiki.php/Main/ATan%E1cs%C9rdembenT%E1rgyalhatASzoftverszabadalmiDirekt%EDv%E1r%F3l?action=diff HTTP/1.1" 200 18697 "-" "Mozilla/5.0 (compatible; DotBot/1.2; +https://opensiteexplorer.org/dotbot; help@moz.com)"
216.244.66.203 - - [18/Jun/2024:08:26:04 +0200] "GET /pmwiki/pmwiki.php/Main/2005M%E1rciusiK%F6z%F6sNyilatkozat?action=edit HTTP/1.1" 200 12802 "-" "Mozilla/5.0 (compatible; DotBot/1.2; +https://opensiteexplorer.org/dotbot; help@moz.com)"
216.244.66.203 - - [18/Jun/2024:08:26:09 +0200] "GET /pmwiki/pmwiki.php/Main/2005M%E1rciusiNyilatkozat?action=upload HTTP/1.1" 200 12546 "-" "Mozilla/5.0 (compatible; DotBot/1.2; +https://opensiteexplorer.org/dotbot; help@moz.com)"
216.244.66.203 - - [18/Jun/2024:08:26:13 +0200] "GET /pmwiki/pmwiki.php/Main/Doksik?action=edit&restore=diff:1119876665:1119866578:minor&preview=y HTTP/1.1" 200 12417 "-" "Mozilla/5.0 (compatible; DotBot/1.2; +https://opensiteexplorer.org/dotbot; help@moz.com)"
216.244.66.203 - - [18/Jun/2024:08:26:16 +0200] "GET /pmwiki/pmwiki.php/PmWiki/WikiWord?action=edit HTTP/1.1" 200 12437 "-" "Mozilla/5.0 (compatible; DotBot/1.2; +https://opensiteexplorer.org/dotbot; help@moz.com)"
216.244.66.203 - - [18/Jun/2024:08:31:05 +0200] "GET /pmwiki/pmwiki.php/PmWiki/WikiWikiWeb?action=upload HTTP/1.1" 200 12363 "-" "Mozilla/5.0 (compatible; DotBot/1.2; +https://opensiteexplorer.org/dotbot; help@moz.com)"
216.244.66.203 - - [18/Jun/2024:08:41:41 +0200] "GET /pmwiki/pmwiki.php/PmWiki/TextFormattingRules?action=upload&upname=wiki.png HTTP/1.1" 200 12507 "-" "Mozilla/5.0 (compatible; DotBot/1.2; +https://opensiteexplorer.org/dotbot; help@moz.com)"
47.128.19.32 - - [18/Jun/2024:08:46:43 +0200] "GET /robots.txt HTTP/1.1" 404 1181 "-" "Mozilla/5.0 (Linux; Android 5.0) AppleWebKit/537.36 (KHTML, like Gecko) Mobile Safari/537.36 (compatible; Bytespider; spider-feedback@bytedance.com)"
176.61.14.134 - - [18/Jun/2024:08:50:32 +0200] "GET /robots.txt HTTP/1.1" 404 1181 "-" "Mozilla/5.0 (Linux; Android 5.0; SM-G900P Build/LRX21T) AppleWebKit/537.36 (KHTML, like Gecko) Chrome/57.0.7043.1698 Mobile Safari/537.36"
216.244.66.203 - - [18/Jun/2024:09:00:39 +0200] "GET /robots.txt HTTP/1.1" 404 1181 "-" "Mozilla/5.0 (compatible; DotBot/1.2; +https://opensiteexplorer.org/dotbot; help@moz.com)"
216.244.66.203 - - [18/Jun/2024:09:07:51 +0200] "GET /pmwiki/pmwiki.php/Main/Feb09PR?action=edit HTTP/1.1" 200 12386 "-" "Mozilla/5.0 (compatible; DotBot/1.2; +https://opensiteexplorer.org/dotbot; help@moz.com)"
216.244.66.203 - - [18/Jun/2024:09:10:32 +0200] "GET /pmwiki/pmwiki.php/Main/Feb08PR?action=upload HTTP/1.1" 200 12266 "-" "Mozilla/5.0 (compatible; DotBot/1.2; +https://opensiteexplorer.org/dotbot; help@moz.com)"
216.244.66.203 - - [18/Jun/2024:09:24:03 +0200] "GET /pmwiki/pmwiki.php/PmWiki/LocalCustomizations?action=diff HTTP/1.1" 200 13035 "-" "Mozilla/5.0 (compatible; DotBot/1.2; +https://opensiteexplorer.org/dotbot; help@moz.com)"
216.244.66.203 - - [18/Jun/2024:09:24:17 +0200] "GET /pmwiki/pmwiki.php/PmWiki/MarkupMasterIndex?action=diff HTTP/1.1" 200 13022 "-" "Mozilla/5.0 (compatible; DotBot/1.2; +https://opensiteexplorer.org/dotbot; help@moz.com)"
216.244.66.203 - - [18/Jun/2024:09:28:05 +0200] "GET /pmwiki/pmwiki.php/PmWiki/Categories?action=upload HTTP/1.1" 200 12348 "-" "Mozilla/5.0 (compatible; DotBot/1.2; +https://opensiteexplorer.org/dotbot; help@moz.com)"
216.244.66.203 - - [18/Jun/2024:09:28:18 +0200] "GET /pmwiki/pmwiki.php/Profiles/Pm?action=diff HTTP/1.1" 200 12765 "-" "Mozilla/5.0 (compatible; DotBot/1.2; +https://opensiteexplorer.org/dotbot; help@moz.com)"
111.225.149.132 - - [18/Jun/2024:09:31:21 +0200] "GET /robots.txt HTTP/1.1" 404 1181 "-" "Mozilla/5.0 (Linux; Android 5.0) AppleWebKit/537.36 (KHTML, like Gecko) Mobile Safari/537.36 (compatible; Bytespider; https://zhanzhang.toutiao.com/)"
54.36.148.207 - - [18/Jun/2024:09:40:22 +0200] "GET /pmwiki/pmwiki.php/Main/ATan%E1cs%C9rdembenT%E1rgyalhatASzoftverszabadalmiDirekt%EDv%E1r%F3l?action=diff HTTP/1.1" 200 18697 "-" "Mozilla/5.0 (compatible; AhrefsBot/7.0; +http://ahrefs.com/robot/)"
216.244.66.203 - - [18/Jun/2024:09:52:09 +0200] "GET /robots.txt HTTP/1.1" 404 1181 "-" "Mozilla/5.0 (compatible; DotBot/1.2; +https://opensiteexplorer.org/dotbot; help@moz.com)"
52.167.144.65 - - [18/Jun/2024:10:08:09 +0200] "GET /robots.txt HTTP/1.1" 404 1181 "-" "Mozilla/5.0 AppleWebKit/537.36 (KHTML, like Gecko; compatible; bingbot/2.0; +http://www.bing.com/bingbot.htm) Chrome/116.0.1938.76 Safari/537.36"
52.167.144.190 - - [18/Jun/2024:10:08:18 +0200] "GET /sitemap.xml.gz HTTP/1.1" 404 1181 "-" "Mozilla/5.0 AppleWebKit/537.36 (KHTML, like Gecko; compatible; bingbot/2.0; +http://www.bing.com/bingbot.htm) Chrome/116.0.1938.76 Safari/537.36"
216.244.66.203 - - [18/Jun/2024:10:09:59 +0200] "GET /pmwiki/pmwiki.php/Main/Feb09PR?action=diff HTTP/1.1" 200 17891 "-" "Mozilla/5.0 (compatible; DotBot/1.2; +https://opensiteexplorer.org/dotbot; help@moz.com)"
216.244.66.203 - - [18/Jun/2024:10:17:20 +0200] "GET /pmwiki/pmwiki.php/Main/2004Szeptember1?action=diff HTTP/1.1" 200 15558 "-" "Mozilla/5.0 (compatible; DotBot/1.2; +https://opensiteexplorer.org/dotbot; help@moz.com)"
216.244.66.203 - - [18/Jun/2024:10:24:37 +0200] "GET /pmwiki/pmwiki.php/PmWiki/LayoutAdvanced?action=diff HTTP/1.1" 200 12946 "-" "Mozilla/5.0 (compatible; DotBot/1.2; +https://opensiteexplorer.org/dotbot; help@moz.com)"
216.244.66.203 - - [18/Jun/2024:10:24:55 +0200] "GET /pmwiki/pmwiki.php/PmWiki/WikiNature?action=edit HTTP/1.1" 200 12468 "-" "Mozilla/5.0 (compatible; DotBot/1.2; +https://opensiteexplorer.org/dotbot; help@moz.com)"
216.244.66.203 - - [18/Jun/2024:10:43:16 +0200] "GET /robots.txt HTTP/1.1" 404 1181 "-" "Mozilla/5.0 (compatible; DotBot/1.2; +https://opensiteexplorer.org/dotbot; help@moz.com)"
47.128.121.156 - - [18/Jun/2024:10:46:05 +0200] "GET /pmwiki/pmwiki.php/PmWiki/GroupHeaders?action=print HTTP/1.1" 200 4564 "-" "Mozilla/5.0 (Linux; Android 5.0) AppleWebKit/537.36 (KHTML, like Gecko) Mobile Safari/537.36 (compatible; Bytespider; spider-feedback@bytedance.com)"
47.128.121.156 - - [18/Jun/2024:10:46:06 +0200] "GET /pmwiki/pub/skins/print/print.css HTTP/1.1" 200 1598 "http://swpat.zpok.hu/pmwiki/pmwiki.php/PmWiki/GroupHeaders?action=print" "Mozilla/5.0 (Linux; Android 5.0) AppleWebKit/537.36 (KHTML, like Gecko) Mobile Safari/537.36 (compatible; Bytespider; spider-feedback@bytedance.com)"
40.77.167.47 - - [18/Jun/2024:10:57:00 +0200] "GET /sitemap.xml.gz HTTP/1.1" 404 1181 "-" "Mozilla/5.0 AppleWebKit/537.36 (KHTML, like Gecko; compatible; bingbot/2.0; +http://www.bing.com/bingbot.htm) Chrome/116.0.1938.76 Safari/537.36"
216.244.66.203 - - [18/Jun/2024:10:58:06 +0200] "GET /pmwiki/pmwiki.php/Main/Nyilatkozatok?action=edit&restore=diff:1120083286:1120083172:&preview=y HTTP/1.1" 200 12524 "-" "Mozilla/5.0 (compatible; DotBot/1.2; +https://opensiteexplorer.org/dotbot; help@moz.com)"
44.214.187.82 - - [18/Jun/2024:11:03:57 +0200] "GET /robots.txt HTTP/1.1" 404 1181 "-" "-"
44.214.187.82 - - [18/Jun/2024:11:03:58 +0200] "GET /pmwiki/pmwiki.php/PmWiki/ChangesFromPmWiki1?action=edit HTTP/1.1" 200 12595 "-" "Mozilla/5.0 (Windows NT 10.0; Win64; x64) AppleWebKit/605.1.15 (KHTML, like Gecko; compatible; FriendlyCrawler/1.0) Chrome/120.0.6099.216 Safari/605.1.15"
216.244.66.203 - - [18/Jun/2024:11:05:12 +0200] "GET /pmwiki/pmwiki.php/Main/AzIPRJavaslat?action=print HTTP/1.1" 200 5182 "-" "Mozilla/5.0 (compatible; DotBot/1.2; +https://opensiteexplorer.org/dotbot; help@moz.com)"
216.244.66.203 - - [18/Jun/2024:11:08:33 +0200] "GET /pmwiki/pmwiki.php/Profiles/V6?action=edit HTTP/1.1" 200 12370 "-" "Mozilla/5.0 (compatible; DotBot/1.2; +https://opensiteexplorer.org/dotbot; help@moz.com)"
216.244.66.203 - - [18/Jun/2024:11:11:42 +0200] "GET /pmwiki/pmwiki.php/Main/2005J%FAniusEKTBBesz%E1mol%F3?action=edit HTTP/1.1" 200 12722 "-" "Mozilla/5.0 (compatible; DotBot/1.2; +https://opensiteexplorer.org/dotbot; help@moz.com)"
216.244.66.203 - - [18/Jun/2024:11:16:04 +0200] "GET /pmwiki/pmwiki.php/Main/2005J%FAnius?action=edit&restore=diff:1120084776:1120084728:&preview=y HTTP/1.1" 200 12504 "-" "Mozilla/5.0 (compatible; DotBot/1.2; +https://opensiteexplorer.org/dotbot; help@moz.com)"
216.244.66.203 - - [18/Jun/2024:11:16:35 +0200] "GET /pmwiki/pmwiki.php/Main/2005Szeptember2?action=diff HTTP/1.1" 200 15260 "-" "Mozilla/5.0 (compatible; DotBot/1.2; +https://opensiteexplorer.org/dotbot; help@moz.com)"
216.244.66.203 - - [18/Jun/2024:11:17:04 +0200] "GET /pmwiki/pmwiki.php/PmWiki/Upgrades?action=diff HTTP/1.1" 200 12838 "-" "Mozilla/5.0 (compatible; DotBot/1.2; +https://opensiteexplorer.org/dotbot; help@moz.com)"
216.244.66.203 - - [18/Jun/2024:11:34:12 +0200] "GET /robots.txt HTTP/1.1" 404 1181 "-" "Mozilla/5.0 (compatible; DotBot/1.2; +https://opensiteexplorer.org/dotbot; help@moz.com)"
54.36.148.184 - - [18/Jun/2024:11:47:19 +0200] "GET /pmwiki/pmwiki.php/Main/AJelenlegiSzerzoiJogiTorveny?action=diff HTTP/1.1" 200 35610 "-" "Mozilla/5.0 (compatible; AhrefsBot/7.0; +http://ahrefs.com/robot/)"
216.244.66.203 - - [18/Jun/2024:11:48:29 +0200] "GET /pmwiki/pmwiki.php/Main/2003M%E1jusiNyilatkozathozKapcsol%F3d%F3Cikk?action=diff&source=y&minor=y HTTP/1.1" 200 16628 "-" "Mozilla/5.0 (compatible; DotBot/1.2; +https://opensiteexplorer.org/dotbot; help@moz.com)"
216.244.66.203 - - [18/Jun/2024:11:48:35 +0200] "GET /pmwiki/pmwiki.php/Main/Nyilatkozatok?action=edit&restore=diff:1120084186:1120084143:&preview=y HTTP/1.1" 200 12524 "-" "Mozilla/5.0 (compatible; DotBot/1.2; +https://opensiteexplorer.org/dotbot; help@moz.com)"
117.8.142.23 - - [18/Jun/2024:11:58:53 +0200] "GET /pmwiki/pmwiki.php/main/k%f6zlem%e9nye HTTP/1.1" 200 17975 "-" "Mozilla/5.0 (Linux; Android 10; HD1900 Build/QKQ1.190716.003; wv) AppleWebKit/537.36 (KHTML, like Gecko) Version/4.0 Chrome/75.0.3770.156 Mobile Safari/537.36 aweme_230400 JsSdk/1.0 NetType/WIFI AppName/aweme app_version/23.4.0 ByteLocale/zh-CN Region/CN AppSkin/white AppTheme/light BytedanceWebview/d8a21c6 WebView/075113004008"
180.104.158.86 - - [18/Jun/2024:11:58:54 +0200] "GET /pmwiki/pub/skins/gila/gila.css HTTP/1.1" 200 8887 "http://swpat.zpok.hu/pmwiki/pmwiki.php/main/k%f6zlem%e9nye" "Mozilla/5.0 (Linux; Android 10; HD1900 Build/QKQ1.190716.003; wv) AppleWebKit/537.36 (KHTML, like Gecko) Version/4.0 Chrome/75.0.3770.156 Mobile Safari/537.36 aweme_230400 JsSdk/1.0 NetType/WIFI AppName/aweme app_version/23.4.0 ByteLocale/zh-CN Region/CN AppSkin/white AppTheme/light BytedanceWebview/d8a21c6 WebView/075113004008"
216.244.66.203 - - [18/Jun/2024:11:59:22 +0200] "GET /pmwiki/pmwiki.php/Main/Cache?action=edit HTTP/1.1" 200 12350 "-" "Mozilla/5.0 (compatible; DotBot/1.2; +https://opensiteexplorer.org/dotbot; help@moz.com)"
216.244.66.203 - - [18/Jun/2024:11:59:52 +0200] "GET /pmwiki/pmwiki.php/Main/Mintalevel0509?action=edit&restore=diff:1116837949:1115109978:&preview=y HTTP/1.1" 200 12540 "-" "Mozilla/5.0 (compatible; DotBot/1.2; +https://opensiteexplorer.org/dotbot; help@moz.com)"
216.244.66.203 - - [18/Jun/2024:12:07:13 +0200] "GET /pmwiki/pmwiki.php/Main/2005M%E1rciusiK%F6z%F6sNyilatkozat?action=diff HTTP/1.1" 200 14318 "-" "Mozilla/5.0 (compatible; DotBot/1.2; +https://opensiteexplorer.org/dotbot; help@moz.com)"
216.244.66.203 - - [18/Jun/2024:12:07:39 +0200] "GET /pmwiki/pmwiki.php/PmWiki/I18nVariables?action=edit HTTP/1.1" 200 12516 "-" "Mozilla/5.0 (compatible; DotBot/1.2; +https://opensiteexplorer.org/dotbot; help@moz.com)"
216.244.66.203 - - [18/Jun/2024:12:08:05 +0200] "GET /pmwiki/pmwiki.php/PmWiki/IncludeOtherPages?action=edit HTTP/1.1" 200 12581 "-" "Mozilla/5.0 (compatible; DotBot/1.2; +https://opensiteexplorer.org/dotbot; help@moz.com)"
216.244.66.203 - - [18/Jun/2024:12:08:29 +0200] "GET /pmwiki/pmwiki.php/PmWiki/PatrickMichaud?action=diff HTTP/1.1" 200 12944 "-" "Mozilla/5.0 (compatible; DotBot/1.2; +https://opensiteexplorer.org/dotbot; help@moz.com)"
216.244.66.203 - - [18/Jun/2024:12:08:53 +0200] "GET /pmwiki/pmwiki.php/PmWiki/SimpleTables2?action=diff HTTP/1.1" 200 12929 "-" "Mozilla/5.0 (compatible; DotBot/1.2; +https://opensiteexplorer.org/dotbot; help@moz.com)"
216.244.66.203 - - [18/Jun/2024:12:26:58 +0200] "GET /robots.txt HTTP/1.1" 404 1181 "-" "Mozilla/5.0 (compatible; DotBot/1.2; +https://opensiteexplorer.org/dotbot; help@moz.com)"
110.249.202.76 - - [18/Jun/2024:12:32:49 +0200] "GET /robots.txt HTTP/1.1" 404 1181 "-" "Mozilla/5.0 (Linux; Android 5.0) AppleWebKit/537.36 (KHTML, like Gecko) Mobile Safari/537.36 (compatible; Bytespider; https://zhanzhang.toutiao.com/)"
54.36.148.194 - - [18/Jun/2024:12:40:21 +0200] "GET /pmwiki/pmwiki.php/Main/MiADRM?action=edit HTTP/1.1" 200 12366 "-" "Mozilla/5.0 (compatible; AhrefsBot/7.0; +http://ahrefs.com/robot/)"
216.244.66.203 - - [18/Jun/2024:12:51:47 +0200] "GET /pmwiki/pmwiki.php/Main/2004-esNyilatkozat?action=diff HTTP/1.1" 200 17019 "-" "Mozilla/5.0 (compatible; DotBot/1.2; +https://opensiteexplorer.org/dotbot; help@moz.com)"
216.244.66.203 - - [18/Jun/2024:12:51:57 +0200] "GET /pmwiki/pmwiki.php/Main/Feb03PR?action=upload HTTP/1.1" 200 12266 "-" "Mozilla/5.0 (compatible; DotBot/1.2; +https://opensiteexplorer.org/dotbot; help@moz.com)"
216.244.66.203 - - [18/Jun/2024:12:55:10 +0200] "GET /pmwiki/pmwiki.php/Main/CenZored?action=upload HTTP/1.1" 200 12282 "-" "Mozilla/5.0 (compatible; DotBot/1.2; +https://opensiteexplorer.org/dotbot; help@moz.com)"
216.244.66.203 - - [18/Jun/2024:13:01:55 +0200] "GET /pmwiki/pmwiki.php/Main/ADRMH%E1tr%E1nyai?action=edit&restore=diff:1110550860:1110478139:&preview=y HTTP/1.1" 200 12580 "-" "Mozilla/5.0 (compatible; DotBot/1.2; +https://opensiteexplorer.org/dotbot; help@moz.com)"
216.244.66.203 - - [18/Jun/2024:13:17:40 +0200] "GET /robots.txt HTTP/1.1" 404 1181 "-" "Mozilla/5.0 (compatible; DotBot/1.2; +https://opensiteexplorer.org/dotbot; help@moz.com)"
216.244.66.203 - - [18/Jun/2024:13:34:54 +0200] "GET /pmwiki/pmwiki.php/Main/Marc07PR?action=edit HTTP/1.1" 200 12399 "-" "Mozilla/5.0 (compatible; DotBot/1.2; +https://opensiteexplorer.org/dotbot; help@moz.com)"
216.244.66.203 - - [18/Jun/2024:13:37:44 +0200] "GET /pmwiki/pmwiki.php/Main/AzEUBizotts%E1gaL%E1bbalTiporjaADemokr%E1ci%E1t?action=diff HTTP/1.1" 200 20118 "-" "Mozilla/5.0 (compatible; DotBot/1.2; +https://opensiteexplorer.org/dotbot; help@moz.com)"
216.244.66.203 - - [18/Jun/2024:13:51:05 +0200] "GET /pmwiki/pmwiki.php/Main/Feb03PR?action=diff&source=y&minor=n HTTP/1.1" 200 18565 "-" "Mozilla/5.0 (compatible; DotBot/1.2; +https://opensiteexplorer.org/dotbot; help@moz.com)"
216.244.66.203 - - [18/Jun/2024:13:51:09 +0200] "GET /pmwiki/pmwiki.php/PmWiki/MailPosts?action=diff HTTP/1.1" 200 12857 "-" "Mozilla/5.0 (compatible; DotBot/1.2; +https://opensiteexplorer.org/dotbot; help@moz.com)"
54.36.148.148 - - [18/Jun/2024:14:10:51 +0200] "GET /pmwiki/pmwiki.php/Main/MiADRM?action=diff HTTP/1.1" 200 25129 "-" "Mozilla/5.0 (compatible; AhrefsBot/7.0; +http://ahrefs.com/robot/)"
216.244.66.203 - - [18/Jun/2024:14:12:50 +0200] "GET /robots.txt HTTP/1.1" 404 1181 "-" "Mozilla/5.0 (compatible; DotBot/1.2; +https://opensiteexplorer.org/dotbot; help@moz.com)"
216.244.66.203 - - [18/Jun/2024:14:32:03 +0200] "GET /pmwiki/pmwiki.php/PmWiki/CustomMarkup?action=print HTTP/1.1" 200 8313 "-" "Mozilla/5.0 (compatible; DotBot/1.2; +https://opensiteexplorer.org/dotbot; help@moz.com)"
216.244.66.203 - - [18/Jun/2024:14:36:02 +0200] "GET /pmwiki/pmwiki.php/Profiles/Restored?action=edit HTTP/1.1" 200 12466 "-" "Mozilla/5.0 (compatible; DotBot/1.2; +https://opensiteexplorer.org/dotbot; help@moz.com)"
110.238.106.186 - - [18/Jun/2024:14:50:14 +0200] "GET /pmwiki/pmwiki.php/Main/MitTehetek?action=diff HTTP/1.1" 200 26258 "-" "Mozilla/5.0 (Windows NT 10.0; Win64; x64) AppleWebKit/537.36 (KHTML, like Gecko) Chrome/101.0.4951.67 Safari/537.36"
195.191.219.130 - - [18/Jun/2024:14:52:53 +0200] "GET /robots.txt HTTP/1.1" 404 1181 "-" "Mozilla/5.0 (compatible; MJ12bot/v1.4.8; http://mj12bot.com/)"
195.191.219.130 - - [18/Jun/2024:14:52:55 +0200] "GET /pmwiki/pmwiki.php/Main/Telefonon HTTP/1.1" 200 16251 "-" "Mozilla/5.0 (compatible; MJ12bot/v1.4.8; http://mj12bot.com/)"
216.244.66.203 - - [18/Jun/2024:15:09:29 +0200] "GET /robots.txt HTTP/1.1" 404 1181 "-" "Mozilla/5.0 (compatible; DotBot/1.2; +https://opensiteexplorer.org/dotbot; help@moz.com)"
216.244.66.203 - - [18/Jun/2024:15:14:13 +0200] "GET /pmwiki/pmwiki.php/Main/Direkt%EDva?action=upload&upname=wiki.png HTTP/1.1" 200 12342 "-" "Mozilla/5.0 (compatible; DotBot/1.2; +https://opensiteexplorer.org/dotbot; help@moz.com)"
216.244.66.203 - - [18/Jun/2024:15:14:25 +0200] "GET /pmwiki/pmwiki.php/Profiles/Robert?action=edit HTTP/1.1" 200 12434 "-" "Mozilla/5.0 (compatible; DotBot/1.2; +https://opensiteexplorer.org/dotbot; help@moz.com)"
216.244.66.203 - - [18/Jun/2024:15:46:00 +0200] "GET /pmwiki/pmwiki.php/Main/2005M%E1rcius8?action=print HTTP/1.1" 200 20416 "-" "Mozilla/5.0 (compatible; DotBot/1.2; +https://opensiteexplorer.org/dotbot; help@moz.com)"
216.244.66.203 - - [18/Jun/2024:15:46:10 +0200] "GET /pmwiki/pmwiki.php/Main/SideBar?action=edit&restore=diff:1110469529:1110469172:&preview=y HTTP/1.1" 200 12430 "-" "Mozilla/5.0 (compatible; DotBot/1.2; +https://opensiteexplorer.org/dotbot; help@moz.com)"
111.225.148.172 - - [18/Jun/2024:16:16:11 +0200] "GET /robots.txt HTTP/1.1" 404 1181 "-" "Mozilla/5.0 (Linux; Android 5.0) AppleWebKit/537.36 (KHTML, like Gecko) Mobile Safari/537.36 (compatible; Bytespider; https://zhanzhang.toutiao.com/)"
216.244.66.203 - - [18/Jun/2024:17:49:03 +0200] "GET /robots.txt HTTP/1.1" 404 1181 "-" "Mozilla/5.0 (compatible; DotBot/1.2; +https://opensiteexplorer.org/dotbot; help@moz.com)"
216.244.66.203 - - [18/Jun/2024:17:59:59 +0200] "GET /pmwiki/pmwiki.php/PmWiki/WikiTrails?action=print HTTP/1.1" 200 5691 "-" "Mozilla/5.0 (compatible; DotBot/1.2; +https://opensiteexplorer.org/dotbot; help@moz.com)"
193.224.219.40 - - [18/Jun/2024:18:13:33 +0200] "GET / HTTP/1.1" 302 5 "-" "curl/7.64.0"
193.224.219.40 - - [18/Jun/2024:18:13:33 +0200] "GET /pmwiki/pmwiki.php HTTP/1.1" 200 37269 "-" "curl/7.64.0"
216.244.66.203 - - [18/Jun/2024:18:34:40 +0200] "GET /pmwiki/pmwiki.php/PmWiki/WikiTrails?action=print HTTP/1.1" 200 5691 "-" "Mozilla/5.0 (compatible; DotBot/1.2; +https://opensiteexplorer.org/dotbot; help@moz.com)"
114.119.134.192 - - [18/Jun/2024:18:36:33 +0200] "GET /pmwiki/pmwiki.php/PmWiki/LocalCustomizations?action=print HTTP/1.1" 200 6626 "http://swpat.zpok.hu/pmwiki/pmwiki.php/PmWiki/Upgrades?action=print" "Mozilla/5.0 (Linux; Android 7.0;) AppleWebKit/537.36 (KHTML, like Gecko) Mobile Safari/537.36 (compatible; PetalBot;+https://webmaster.petalsearch.com/site/petalbot)"
216.244.66.203 - - [18/Jun/2024:19:12:51 +0200] "GET /robots.txt HTTP/1.1" 404 1181 "-" "Mozilla/5.0 (compatible; DotBot/1.2; +https://opensiteexplorer.org/dotbot; help@moz.com)"
66.249.70.170 - - [18/Jun/2024:19:28:02 +0200] "GET /robots.txt HTTP/1.1" 404 1181 "-" "Mozilla/5.0 (compatible; Googlebot/2.1; +http://www.google.com/bot.html)"
66.249.70.169 - - [18/Jun/2024:19:28:03 +0200] "GET /pmwiki/pmwiki.php/Main/CikkekPrivacy?action=print HTTP/1.1" 403 30 "-" "Mozilla/5.0 (Linux; Android 6.0.1; Nexus 5X Build/MMB29P) AppleWebKit/537.36 (KHTML, like Gecko) Chrome/125.0.6422.175 Mobile Safari/537.36 (compatible; Googlebot/2.1; +http://www.google.com/bot.html)"
66.249.70.169 - - [18/Jun/2024:19:41:03 +0200] "GET /pmwiki/pmwiki.php/Main/CikkekPrivacy?action=edit HTTP/1.1" 403 30 "-" "Mozilla/5.0 (Linux; Android 6.0.1; Nexus 5X Build/MMB29P) AppleWebKit/537.36 (KHTML, like Gecko) Chrome/125.0.6422.175 Mobile Safari/537.36 (compatible; Googlebot/2.1; +http://www.google.com/bot.html)"
110.249.201.43 - - [18/Jun/2024:19:49:44 +0200] "GET /robots.txt HTTP/1.1" 404 1181 "-" "Mozilla/5.0 (Linux; Android 5.0) AppleWebKit/537.36 (KHTML, like Gecko) Mobile Safari/537.36 (compatible; Bytespider; https://zhanzhang.toutiao.com/)"
66.249.70.171 - - [18/Jun/2024:19:58:03 +0200] "GET /pmwiki/pmwiki.php/Main/CikkekPrivacy?action=upload HTTP/1.1" 403 30 "-" "Mozilla/5.0 (Linux; Android 6.0.1; Nexus 5X Build/MMB29P) AppleWebKit/537.36 (KHTML, like Gecko) Chrome/125.0.6422.175 Mobile Safari/537.36 (compatible; Googlebot/2.1; +http://www.google.com/bot.html)"
216.244.66.203 - - [18/Jun/2024:20:06:08 +0200] "GET /robots.txt HTTP/1.1" 404 1181 "-" "Mozilla/5.0 (compatible; DotBot/1.2; +https://opensiteexplorer.org/dotbot; help@moz.com)"
91.92.242.199 - - [18/Jun/2024:20:11:00 +0200] "GET /wp-content/plugins/WordPressCore/include.php HTTP/1.1" 404 1181 "www.google.com" "Mozilla/5.0 (Linux; Android 7.0; SM-G892A Build/NRD90M; wv) AppleWebKit/537.36 (KHTML, like Gecko) Version/4.0 Chrome/60.0.3112.107 Mobile Safari/537.36"
91.92.242.199 - - [18/Jun/2024:20:11:44 +0200] "GET /wp-includes/images/include.php HTTP/1.1" 404 1181 "www.google.com" "Mozilla/5.0 (Linux; Android 7.0; SM-G892A Build/NRD90M; wv) AppleWebKit/537.36 (KHTML, like Gecko) Version/4.0 Chrome/60.0.3112.107 Mobile Safari/537.36"
216.244.66.203 - - [18/Jun/2024:20:11:47 +0200] "GET /pmwiki/pmwiki.php/Main/2004Augusztus15?action=upload&upname=wiki.png HTTP/1.1" 200 12406 "-" "Mozilla/5.0 (compatible; DotBot/1.2; +https://opensiteexplorer.org/dotbot; help@moz.com)"
216.244.66.203 - - [18/Jun/2024:20:11:53 +0200] "GET /pmwiki/pmwiki.php/Main/HomePage?action=edit&restore=diff:1120341027:1120340302:&preview=y HTTP/1.1" 200 12447 "-" "Mozilla/5.0 (compatible; DotBot/1.2; +https://opensiteexplorer.org/dotbot; help@moz.com)"
216.244.66.203 - - [18/Jun/2024:20:12:04 +0200] "GET /pmwiki/pmwiki.php/Profiles/MacintelDRMOS?action=upload&upname=wiki.png HTTP/1.1" 200 12442 "-" "Mozilla/5.0 (compatible; DotBot/1.2; +https://opensiteexplorer.org/dotbot; help@moz.com)"
216.244.66.203 - - [18/Jun/2024:20:58:29 +0200] "GET /robots.txt HTTP/1.1" 404 1181 "-" "Mozilla/5.0 (compatible; DotBot/1.2; +https://opensiteexplorer.org/dotbot; help@moz.com)"
216.244.66.203 - - [18/Jun/2024:21:10:49 +0200] "GET /pmwiki/pmwiki.php/Main/HomePage?action=edit&restore=diff:1115110532:1115110455:&preview=y HTTP/1.1" 200 12447 "-" "Mozilla/5.0 (compatible; DotBot/1.2; +https://opensiteexplorer.org/dotbot; help@moz.com)"
216.244.66.203 - - [18/Jun/2024:21:23:02 +0200] "GET /pmwiki/pmwiki.php/Main/MiADRM?action=diff&source=y&minor=n HTTP/1.1" 200 22915 "-" "Mozilla/5.0 (compatible; DotBot/1.2; +https://opensiteexplorer.org/dotbot; help@moz.com)"
149.202.86.190 - - [18/Jun/2024:21:51:23 +0200] "GET /robots.txt HTTP/1.1" 404 1181 "-" "Mozilla/5.0 (compatible; MJ12bot/v1.4.8; http://mj12bot.com/)"
149.202.86.190 - - [18/Jun/2024:21:51:25 +0200] "GET /pmwiki/pmwiki.php?action=edit HTTP/1.1" 403 30 "-" "Mozilla/5.0 (compatible; MJ12bot/v1.4.8; http://mj12bot.com/)"
216.244.66.203 - - [18/Jun/2024:21:51:42 +0200] "GET /robots.txt HTTP/1.1" 404 1181 "-" "Mozilla/5.0 (compatible; DotBot/1.2; +https://opensiteexplorer.org/dotbot; help@moz.com)"
216.244.66.203 - - [18/Jun/2024:22:01:00 +0200] "GET /pmwiki/pmwiki.php/PmWiki/TextFormattingRules?action=print HTTP/1.1" 200 11659 "-" "Mozilla/5.0 (compatible; DotBot/1.2; +https://opensiteexplorer.org/dotbot; help@moz.com)"
216.244.66.203 - - [18/Jun/2024:22:11:12 +0200] "GET /pmwiki/pmwiki.php/Main/Google?action=edit&restore=diff:1123255569:1123254995:minor&preview=y HTTP/1.1" 200 12417 "-" "Mozilla/5.0 (compatible; DotBot/1.2; +https://opensiteexplorer.org/dotbot; help@moz.com)"
92.204.145.139 - - [18/Jun/2024:22:33:57 +0200] "GET /.aws/credentials HTTP/1.1" 404 1181 "-" "python-requests/2.25.1"
216.244.66.203 - - [18/Jun/2024:22:44:37 +0200] "GET /robots.txt HTTP/1.1" 404 1181 "-" "Mozilla/5.0 (compatible; DotBot/1.2; +https://opensiteexplorer.org/dotbot; help@moz.com)"
54.36.148.104 - - [18/Jun/2024:22:50:56 +0200] "GET /robots.txt HTTP/1.1" 404 1181 "-" "Mozilla/5.0 (compatible; AhrefsBot/7.0; +http://ahrefs.com/robot/)"
54.36.148.34 - - [18/Jun/2024:22:50:57 +0200] "GET /pmwiki/pmwiki.php/Main/Telefonon?action=diff HTTP/1.1" 200 26833 "-" "Mozilla/5.0 (compatible; AhrefsBot/7.0; +http://ahrefs.com/robot/)"
1.192.242.226 - - [18/Jun/2024:23:01:13 +0200] "GET /robots.txt HTTP/1.1" 404 1181 "-" "Mozilla/5.0 (Windows NT 10.0; WOW64) AppleWebKit/537.36 (KHTML, like Gecko) Chrome/70.0.4002.120 Safari/537.36 SE 2.X MetaSr 1.0"
216.244.66.203 - - [18/Jun/2024:23:13:20 +0200] "GET /pmwiki/pmwiki.php/Main/Minimum?action=diff&source=n&minor=y HTTP/1.1" 200 25837 "-" "Mozilla/5.0 (compatible; DotBot/1.2; +https://opensiteexplorer.org/dotbot; help@moz.com)"
216.244.66.203 - - [18/Jun/2024:23:13:29 +0200] "GET /pmwiki/pmwiki.php/Profiles/V6?action=diff&source=y&minor=n HTTP/1.1" 200 12765 "-" "Mozilla/5.0 (compatible; DotBot/1.2; +https://opensiteexplorer.org/dotbot; help@moz.com)"
216.244.66.203 - - [19/Jun/2024:00:30:30 +0200] "GET /robots.txt HTTP/1.1" 404 1181 "-" "Mozilla/5.0 (compatible; DotBot/1.2; +https://opensiteexplorer.org/dotbot; help@moz.com)"
111.225.149.18 - - [19/Jun/2024:00:38:56 +0200] "GET /robots.txt HTTP/1.1" 404 1181 "-" "Mozilla/5.0 (Linux; Android 5.0) AppleWebKit/537.36 (KHTML, like Gecko) Mobile Safari/537.36 (compatible; Bytespider; https://zhanzhang.toutiao.com/)"
216.244.66.203 - - [19/Jun/2024:00:42:13 +0200] "GET /pmwiki/pmwiki.php/Main/C%E9lok?action=edit&restore=diff:1116012227:1112895491:&preview=y HTTP/1.1" 200 12424 "-" "Mozilla/5.0 (compatible; DotBot/1.2; +https://opensiteexplorer.org/dotbot; help@moz.com)"
216.244.66.203 - - [19/Jun/2024:00:42:18 +0200] "GET /pmwiki/pmwiki.php/Main/Sajt%F3anyag?action=edit&restore=diff:1107936527:1107895949:&preview=y HTTP/1.1" 200 12505 "-" "Mozilla/5.0 (compatible; DotBot/1.2; +https://opensiteexplorer.org/dotbot; help@moz.com)"
216.244.66.203 - - [19/Jun/2024:00:49:50 +0200] "GET /pmwiki/pmwiki.php/Main/Cache?action=edit&restore=diff:1182600574:1182600574:minor&preview=y HTTP/1.1" 200 12401 "-" "Mozilla/5.0 (compatible; DotBot/1.2; +https://opensiteexplorer.org/dotbot; help@moz.com)"
54.36.149.52 - - [19/Jun/2024:00:56:30 +0200] "GET /pmwiki/pmwiki.php/Main/EztMondjukNekik?action=upload HTTP/1.1" 200 12390 "-" "Mozilla/5.0 (compatible; AhrefsBot/7.0; +http://ahrefs.com/robot/)"
216.244.66.203 - - [19/Jun/2024:01:24:44 +0200] "GET /robots.txt HTTP/1.1" 404 1181 "-" "Mozilla/5.0 (compatible; DotBot/1.2; +https://opensiteexplorer.org/dotbot; help@moz.com)"
216.244.66.203 - - [19/Jun/2024:01:55:28 +0200] "GET /pmwiki/pmwiki.php/Main/HomePage?action=edit&restore=diff:1110543897:1110531317:&preview=y HTTP/1.1" 200 12447 "-" "Mozilla/5.0 (compatible; DotBot/1.2; +https://opensiteexplorer.org/dotbot; help@moz.com)"
216.244.66.203 - - [19/Jun/2024:01:58:49 +0200] "GET /pmwiki/pmwiki.php/Main/Cache?action=diff&source=y&minor=n HTTP/1.1" 200 12743 "-" "Mozilla/5.0 (compatible; DotBot/1.2; +https://opensiteexplorer.org/dotbot; help@moz.com)"
216.244.66.203 - - [19/Jun/2024:01:58:58 +0200] "GET /pmwiki/pmwiki.php/Main/Marc07PR?action=diff&source=n&minor=y HTTP/1.1" 200 15457 "-" "Mozilla/5.0 (compatible; DotBot/1.2; +https://opensiteexplorer.org/dotbot; help@moz.com)"
216.244.66.203 - - [19/Jun/2024:01:59:06 +0200] "GET /pmwiki/pmwiki.php/Main/ToughLetter?action=print HTTP/1.1" 200 6624 "-" "Mozilla/5.0 (compatible; DotBot/1.2; +https://opensiteexplorer.org/dotbot; help@moz.com)"
54.36.149.12 - - [19/Jun/2024:02:04:57 +0200] "GET /pmwiki/pmwiki.php/Main/CikkekDRM HTTP/1.1" 200 18047 "-" "Mozilla/5.0 (compatible; AhrefsBot/7.0; +http://ahrefs.com/robot/)"
216.244.66.203 - - [19/Jun/2024:02:19:26 +0200] "GET /robots.txt HTTP/1.1" 404 1181 "-" "Mozilla/5.0 (compatible; DotBot/1.2; +https://opensiteexplorer.org/dotbot; help@moz.com)"
44.214.187.82 - - [19/Jun/2024:02:25:38 +0200] "GET /pmwiki/pmwiki.php/PmWiki/ChangesFromPmWiki1?action=print HTTP/1.1" 200 10086 "-" "Mozilla/5.0 (Windows NT 10.0; Win64; x64) AppleWebKit/605.1.15 (KHTML, like Gecko; compatible; FriendlyCrawler/1.0) Chrome/120.0.6099.216 Safari/605.1.15"
216.244.66.203 - - [19/Jun/2024:02:36:10 +0200] "GET /pmwiki/pmwiki.php/Main/DRM?action=edit&restore=diff:1110541855:1110481343:&preview=y HTTP/1.1" 200 12364 "-" "Mozilla/5.0 (compatible; DotBot/1.2; +https://opensiteexplorer.org/dotbot; help@moz.com)"
216.244.66.203 - - [19/Jun/2024:02:36:20 +0200] "GET /pmwiki/pmwiki.php/Main/SearchWiki?action=edit&restore=diff:1117581764:1117395091:&preview=y HTTP/1.1" 200 12476 "-" "Mozilla/5.0 (compatible; DotBot/1.2; +https://opensiteexplorer.org/dotbot; help@moz.com)"
216.244.66.203 - - [19/Jun/2024:02:39:21 +0200] "GET /pmwiki/pmwiki.php/Main/Todo?action=edit HTTP/1.1" 200 12335 "-" "Mozilla/5.0 (compatible; DotBot/1.2; +https://opensiteexplorer.org/dotbot; help@moz.com)"
216.244.66.203 - - [19/Jun/2024:02:46:47 +0200] "GET /pmwiki/pmwiki.php/Main/2005J%FAniusEKTBBesz%E1mol%F3?action=diff HTTP/1.1" 200 19642 "-" "Mozilla/5.0 (compatible; DotBot/1.2; +https://opensiteexplorer.org/dotbot; help@moz.com)"
216.244.66.203 - - [19/Jun/2024:02:46:55 +0200] "GET /pmwiki/pmwiki.php/Main/ToughLetter?action=edit&restore=diff:1119026934:1119026934:minor&preview=y HTTP/1.1" 200 12497 "-" "Mozilla/5.0 (compatible; DotBot/1.2; +https://opensiteexplorer.org/dotbot; help@moz.com)"
216.244.66.203 - - [19/Jun/2024:02:50:28 +0200] "GET /pmwiki/pmwiki.php/PmWiki/CustomInterMap?action=edit HTTP/1.1" 200 12533 "-" "Mozilla/5.0 (compatible; DotBot/1.2; +https://opensiteexplorer.org/dotbot; help@moz.com)"
216.244.66.203 - - [19/Jun/2024:02:50:34 +0200] "GET /pmwiki/pmwiki.php/PmWiki/UpgradingFromPmWiki1?action=diff HTTP/1.1" 200 13055 "-" "Mozilla/5.0 (compatible; DotBot/1.2; +https://opensiteexplorer.org/dotbot; help@moz.com)"
216.244.66.203 - - [19/Jun/2024:02:54:33 +0200] "GET /pmwiki/pmwiki.php/Main/Marc06LMEPR?action=upload&upname=wiki.png HTTP/1.1" 200 12343 "-" "Mozilla/5.0 (compatible; DotBot/1.2; +https://opensiteexplorer.org/dotbot; help@moz.com)"
216.244.66.203 - - [19/Jun/2024:02:54:36 +0200] "GET /pmwiki/pmwiki.php/Profiles/Mag?action=diff HTTP/1.1" 200 12783 "-" "Mozilla/5.0 (compatible; DotBot/1.2; +https://opensiteexplorer.org/dotbot; help@moz.com)"
216.244.66.203 - - [19/Jun/2024:03:13:27 +0200] "GET /robots.txt HTTP/1.1" 404 1181 "-" "Mozilla/5.0 (compatible; DotBot/1.2; +https://opensiteexplorer.org/dotbot; help@moz.com)"
54.36.149.53 - - [19/Jun/2024:03:16:22 +0200] "GET /pmwiki/pmwiki.php/Main/Bitem0304?action=edit HTTP/1.1" 200 12415 "-" "Mozilla/5.0 (compatible; AhrefsBot/7.0; +http://ahrefs.com/robot/)"
54.36.148.149 - - [19/Jun/2024:03:16:23 +0200] "GET /pmwiki/pub/guiedit/guiedit.js HTTP/1.1" 200 2247 "-" "Mozilla/5.0 (compatible; AhrefsBot/7.0; +http://ahrefs.com/robot/)"
216.244.66.203 - - [19/Jun/2024:03:18:18 +0200] "GET /pmwiki/pmwiki.php/Main/Bitem0304 HTTP/1.1" 200 17668 "-" "Mozilla/5.0 (compatible; DotBot/1.2; +https://opensiteexplorer.org/dotbot; help@moz.com)"
216.244.66.203 - - [19/Jun/2024:03:21:20 +0200] "GET /pmwiki/pmwiki.php/Main/ThankYouPoland?action=upload HTTP/1.1" 200 12375 "-" "Mozilla/5.0 (compatible; DotBot/1.2; +https://opensiteexplorer.org/dotbot; help@moz.com)"
216.244.66.203 - - [19/Jun/2024:03:26:26 +0200] "GET /pmwiki/pmwiki.php/Profiles/Eve?action=edit HTTP/1.1" 200 12386 "-" "Mozilla/5.0 (compatible; DotBot/1.2; +https://opensiteexplorer.org/dotbot; help@moz.com)"
216.244.66.203 - - [19/Jun/2024:03:29:45 +0200] "GET /pmwiki/pmwiki.php/Main/Cikkek?action=edit&restore=diff:1108982024:1108981855:&preview=y HTTP/1.1" 200 12417 "-" "Mozilla/5.0 (compatible; DotBot/1.2; +https://opensiteexplorer.org/dotbot; help@moz.com)"
216.244.66.203 - - [19/Jun/2024:03:29:57 +0200] "GET /pmwiki/pmwiki.php/Profiles/Ed?action=edit HTTP/1.1" 200 12370 "-" "Mozilla/5.0 (compatible; DotBot/1.2; +https://opensiteexplorer.org/dotbot; help@moz.com)"
216.244.66.203 - - [19/Jun/2024:03:32:44 +0200] "GET /pmwiki/pmwiki.php/Main/EztMondjukNekik?action=edit HTTP/1.1" 200 12510 "-" "Mozilla/5.0 (compatible; DotBot/1.2; +https://opensiteexplorer.org/dotbot; help@moz.com)"
216.244.66.203 - - [19/Jun/2024:03:36:10 +0200] "GET /pmwiki/pmwiki.php/Main/2003M%E1jusiNyilatkozat?action=edit HTTP/1.1" 200 12634 "-" "Mozilla/5.0 (compatible; DotBot/1.2; +https://opensiteexplorer.org/dotbot; help@moz.com)"
216.244.66.203 - - [19/Jun/2024:03:40:05 +0200] "GET /pmwiki/pmwiki.php/Main/Feb09PR?action=diff&source=y&minor=n HTTP/1.1" 200 18090 "-" "Mozilla/5.0 (compatible; DotBot/1.2; +https://opensiteexplorer.org/dotbot; help@moz.com)"
216.244.66.203 - - [19/Jun/2024:03:43:38 +0200] "GET /pmwiki/pmwiki.php/Main/FAQ?action=print HTTP/1.1" 200 8156 "-" "Mozilla/5.0 (compatible; DotBot/1.2; +https://opensiteexplorer.org/dotbot; help@moz.com)"
216.244.66.203 - - [19/Jun/2024:03:47:50 +0200] "GET /pmwiki/pmwiki.php/Main/McCreevy?action=upload&upname=wiki.png HTTP/1.1" 200 12298 "-" "Mozilla/5.0 (compatible; DotBot/1.2; +https://opensiteexplorer.org/dotbot; help@moz.com)"
216.244.66.203 - - [19/Jun/2024:03:47:56 +0200] "GET /pmwiki/pmwiki.php/Profiles/Mikei?action=upload HTTP/1.1" 200 12298 "-" "Mozilla/5.0 (compatible; DotBot/1.2; +https://opensiteexplorer.org/dotbot; help@moz.com)"
216.244.66.203 - - [19/Jun/2024:04:07:17 +0200] "GET /robots.txt HTTP/1.1" 404 1181 "-" "Mozilla/5.0 (compatible; DotBot/1.2; +https://opensiteexplorer.org/dotbot; help@moz.com)"
17.241.227.37 - - [19/Jun/2024:04:07:53 +0200] "GET /robots.txt HTTP/1.1" 404 1181 "-" "Mozilla/5.0 (Macintosh; Intel Mac OS X 10_15_7) AppleWebKit/605.1.15 (KHTML, like Gecko) Version/17.4 Safari/605.1.15 (Applebot/0.1; +http://www.apple.com/go/applebot)"
17.241.227.37 - - [19/Jun/2024:04:07:54 +0200] "GET /pmwiki/pmwiki.php HTTP/1.1" 200 37269 "-" "Mozilla/5.0 (Macintosh; Intel Mac OS X 10_15_7) AppleWebKit/605.1.15 (KHTML, like Gecko) Version/17.4 Safari/605.1.15 (Applebot/0.1; +http://www.apple.com/go/applebot)"
216.244.66.203 - - [19/Jun/2024:04:12:29 +0200] "GET /pmwiki/pmwiki.php/Main/SMELie HTTP/1.1" 200 13592 "-" "Mozilla/5.0 (compatible; DotBot/1.2; +https://opensiteexplorer.org/dotbot; help@moz.com)"
17.22.253.213 - - [19/Jun/2024:04:12:51 +0200] "GET /pmwiki/pub/skins/gila/gila.css HTTP/1.1" 200 8887 "http://swpat.zpok.hu/pmwiki/pmwiki.php" "Mozilla/5.0 (Macintosh; Intel Mac OS X 10_15_7) AppleWebKit/605.1.15 (KHTML, like Gecko) Version/17.4 Safari/605.1.15 (Applebot/0.1; +http://www.apple.com/go/applebot)"
216.244.66.203 - - [19/Jun/2024:04:21:18 +0200] "GET /pmwiki/pmwiki.php/Main/Feb03PR?action=diff HTTP/1.1" 200 18340 "-" "Mozilla/5.0 (compatible; DotBot/1.2; +https://opensiteexplorer.org/dotbot; help@moz.com)"
17.241.227.64 - - [19/Jun/2024:04:25:00 +0200] "GET /pmwiki/pmwiki.php/PmWiki/UploadVariables HTTP/1.1" 200 13858 "-" "Mozilla/5.0 (Macintosh; Intel Mac OS X 10_15_7) AppleWebKit/605.1.15 (KHTML, like Gecko) Version/17.4 Safari/605.1.15 (Applebot/0.1; +http://www.apple.com/go/applebot)"
216.244.66.203 - - [19/Jun/2024:04:26:39 +0200] "GET /pmwiki/pmwiki.php/Profiles/%C9n%CDrtamH%E1tPublik%E1lom?action=edit HTTP/1.1" 200 12770 "-" "Mozilla/5.0 (compatible; DotBot/1.2; +https://opensiteexplorer.org/dotbot; help@moz.com)"
216.244.66.203 - - [19/Jun/2024:04:30:33 +0200] "GET /pmwiki/pmwiki.php/PmWiki/UrlApprovals?action=edit HTTP/1.1" 200 12499 "-" "Mozilla/5.0 (compatible; DotBot/1.2; +https://opensiteexplorer.org/dotbot; help@moz.com)"
66.249.64.129 - - [19/Jun/2024:04:33:50 +0200] "GET /pmwiki/pmwiki.php/Main/Ipr HTTP/1.1" 200 13258 "-" "Mozilla/5.0 (Linux; Android 6.0.1; Nexus 5X Build/MMB29P) AppleWebKit/537.36 (KHTML, like Gecko) Chrome/125.0.6422.175 Mobile Safari/537.36 (compatible; Googlebot/2.1; +http://www.google.com/bot.html)"
216.244.66.203 - - [19/Jun/2024:04:34:40 +0200] "GET /pmwiki/pmwiki.php/Main/Feb03PR?action=diff&source=n&minor=y HTTP/1.1" 200 18340 "-" "Mozilla/5.0 (compatible; DotBot/1.2; +https://opensiteexplorer.org/dotbot; help@moz.com)"
216.244.66.203 - - [19/Jun/2024:04:34:44 +0200] "GET /pmwiki/pmwiki.php/PmWiki/RSS?action=diff&source=y&minor=n HTTP/1.1" 200 12749 "-" "Mozilla/5.0 (compatible; DotBot/1.2; +https://opensiteexplorer.org/dotbot; help@moz.com)"
216.244.66.203 - - [19/Jun/2024:04:34:47 +0200] "GET /pmwiki/pmwiki.php/PmWiki/WikiTrails?action=upload HTTP/1.1" 200 12347 "-" "Mozilla/5.0 (compatible; DotBot/1.2; +https://opensiteexplorer.org/dotbot; help@moz.com)"
216.244.66.203 - - [19/Jun/2024:04:34:52 +0200] "GET /pmwiki/pmwiki.php/Profiles/Mod?action=diff&source=n&minor=y HTTP/1.1" 200 12783 "-" "Mozilla/5.0 (compatible; DotBot/1.2; +https://opensiteexplorer.org/dotbot; help@moz.com)"
216.244.66.203 - - [19/Jun/2024:04:35:01 +0200] "GET /pmwiki/pmwiki.php/Profiles/Mod?action=diff&source=y&minor=n HTTP/1.1" 200 12783 "-" "Mozilla/5.0 (compatible; DotBot/1.2; +https://opensiteexplorer.org/dotbot; help@moz.com)"
216.244.66.203 - - [19/Jun/2024:04:38:38 +0200] "GET /pmwiki/pmwiki.php/PmWiki/AdvancedTables?action=upload HTTP/1.1" 200 12412 "-" "Mozilla/5.0 (compatible; DotBot/1.2; +https://opensiteexplorer.org/dotbot; help@moz.com)"
216.244.66.203 - - [19/Jun/2024:04:38:41 +0200] "GET /pmwiki/pmwiki.php/Profiles/Privcikkek?action=diff HTTP/1.1" 200 12909 "-" "Mozilla/5.0 (compatible; DotBot/1.2; +https://opensiteexplorer.org/dotbot; help@moz.com)"
111.225.149.141 - - [19/Jun/2024:04:40:45 +0200] "GET /robots.txt HTTP/1.1" 404 1181 "-" "Mozilla/5.0 (Linux; Android 5.0) AppleWebKit/537.36 (KHTML, like Gecko) Mobile Safari/537.36 (compatible; Bytespider; https://zhanzhang.toutiao.com/)"
216.244.66.203 - - [19/Jun/2024:05:01:23 +0200] "GET /robots.txt HTTP/1.1" 404 1181 "-" "Mozilla/5.0 (compatible; DotBot/1.2; +https://opensiteexplorer.org/dotbot; help@moz.com)"
216.244.66.203 - - [19/Jun/2024:05:30:11 +0200] "GET /pmwiki/pmwiki.php/Profiles/MitMondjunk?action=upload HTTP/1.1" 200 12394 "-" "Mozilla/5.0 (compatible; DotBot/1.2; +https://opensiteexplorer.org/dotbot; help@moz.com)"
216.244.66.203 - - [19/Jun/2024:05:34:26 +0200] "GET /pmwiki/pmwiki.php/Emeltdijas/Hu?action=upload&upname=wiki.png HTTP/1.1" 200 12300 "-" "Mozilla/5.0 (compatible; DotBot/1.2; +https://opensiteexplorer.org/dotbot; help@moz.com)"
216.244.66.203 - - [19/Jun/2024:05:56:21 +0200] "GET /robots.txt HTTP/1.1" 404 1181 "-" "Mozilla/5.0 (compatible; DotBot/1.2; +https://opensiteexplorer.org/dotbot; help@moz.com)"
216.244.66.203 - - [19/Jun/2024:06:01:38 +0200] "GET /pmwiki/pmwiki.php/Main/ABundestagT%E1mogatjaAzEur%F3paiParlamentet HTTP/1.1" 200 18357 "-" "Mozilla/5.0 (compatible; DotBot/1.2; +https://opensiteexplorer.org/dotbot; help@moz.com)"
216.244.66.203 - - [19/Jun/2024:06:13:15 +0200] "GET /pmwiki/pmwiki.php/Main/Cikkek?action=edit&restore=diff:1121072720:1121072709:&preview=y HTTP/1.1" 200 12417 "-" "Mozilla/5.0 (compatible; DotBot/1.2; +https://opensiteexplorer.org/dotbot; help@moz.com)"
216.244.66.203 - - [19/Jun/2024:06:19:48 +0200] "GET /pmwiki/pmwiki.php/PmWiki/CustomMarkup?action=edit HTTP/1.1" 200 12500 "-" "Mozilla/5.0 (compatible; DotBot/1.2; +https://opensiteexplorer.org/dotbot; help@moz.com)"
216.244.66.203 - - [19/Jun/2024:06:19:53 +0200] "GET /pmwiki/pmwiki.php/PmWiki/Internationalizations?action=edit HTTP/1.1" 200 12643 "-" "Mozilla/5.0 (compatible; DotBot/1.2; +https://opensiteexplorer.org/dotbot; help@moz.com)"
216.244.66.203 - - [19/Jun/2024:06:27:12 +0200] "GET /pmwiki/pmwiki.php/Main/2003M%E1jusBr%FCsszeliT%FAra?action=upload HTTP/1.1" 200 12586 "-" "Mozilla/5.0 (compatible; DotBot/1.2; +https://opensiteexplorer.org/dotbot; help@moz.com)"
216.244.66.203 - - [19/Jun/2024:06:27:21 +0200] "GET /pmwiki/pmwiki.php/PmWiki/Internationalizations?action=upload HTTP/1.1" 200 12523 "-" "Mozilla/5.0 (compatible; DotBot/1.2; +https://opensiteexplorer.org/dotbot; help@moz.com)"
