54.36.148.242 - - [20/Jun/2024:02:32:59 +0200] "GET /pmwiki/pmwiki.php/Main/H%EDrek?action=edit HTTP/1.1" 200 12380 "-" "Mozilla/5.0 (compatible; AhrefsBot/7.0; +http://ahrefs.com/robot/)"
216.244.66.203 - - [20/Jun/2024:02:50:06 +0200] "GET /pmwiki/pmwiki.php/Main/2003M%E1jusBr%FCsszeliT%FAra?action=edit HTTP/1.1" 200 12706 "-" "Mozilla/5.0 (compatible; DotBot/1.2; +https://opensiteexplorer.org/dotbot; help@moz.com)"
216.244.66.203 - - [20/Jun/2024:02:51:59 +0200] "GET /pmwiki/pmwiki.php/Main/2003M%E1jusiNyilatkozat?action=upload HTTP/1.1" 200 12514 "-" "Mozilla/5.0 (compatible; DotBot/1.2; +https://opensiteexplorer.org/dotbot; help@moz.com)"
216.244.66.203 - - [20/Jun/2024:02:54:08 +0200] "GET /pmwiki/pmwiki.php/UTF8/UTF8?action=upload HTTP/1.1" 200 12214 "-" "Mozilla/5.0 (compatible; DotBot/1.2; +https://opensiteexplorer.org/dotbot; help@moz.com)"
54.36.148.118 - - [20/Jun/2024:02:54:45 +0200] "GET /pmwiki/pmwiki.php/Main/V%E9delmiP%E9nz?action=diff HTTP/1.1" 200 13896 "-" "Mozilla/5.0 (compatible; AhrefsBot/7.0; +http://ahrefs.com/robot/)"
85.208.96.202 - - [20/Jun/2024:02:55:01 +0200] "GET /robots.txt HTTP/1.1" 404 1181 "-" "Mozilla/5.0 (compatible; SemrushBot/7~bl; +http://www.semrush.com/bot.html)"
185.191.171.5 - - [20/Jun/2024:02:55:02 +0200] "GET /pmwiki/pmwiki.php/Main/Cikkek HTTP/1.1" 200 66799 "-" "Mozilla/5.0 (compatible; SemrushBot/7~bl; +http://www.semrush.com/bot.html)"
54.36.148.223 - - [20/Jun/2024:03:16:24 +0200] "GET /pmwiki/pmwiki.php/Main/H%EDrek?action=upload HTTP/1.1" 200 12260 "-" "Mozilla/5.0 (compatible; AhrefsBot/7.0; +http://ahrefs.com/robot/)"
216.244.66.203 - - [20/Jun/2024:03:20:24 +0200] "GET /robots.txt HTTP/1.1" 404 1181 "-" "Mozilla/5.0 (compatible; DotBot/1.2; +https://opensiteexplorer.org/dotbot; help@moz.com)"
216.244.66.203 - - [20/Jun/2024:03:31:29 +0200] "GET /pmwiki/pmwiki.php/Main/Let%F6lt%E9s?action=edit HTTP/1.1" 200 12454 "-" "Mozilla/5.0 (compatible; DotBot/1.2; +https://opensiteexplorer.org/dotbot; help@moz.com)"
216.244.66.203 - - [20/Jun/2024:03:36:17 +0200] "GET /pmwiki/pmwiki.php/PmWiki/ImagesInWikiPages?action=edit HTTP/1.1" 200 12580 "-" "Mozilla/5.0 (compatible; DotBot/1.2; +https://opensiteexplorer.org/dotbot; help@moz.com)"
216.244.66.203 - - [20/Jun/2024:03:36:23 +0200] "GET /pmwiki/pmwiki.php/PmWiki/WikiStructure?action=edit HTTP/1.1" 200 12516 "-" "Mozilla/5.0 (compatible; DotBot/1.2; +https://opensiteexplorer.org/dotbot; help@moz.com)"
216.244.66.203 - - [20/Jun/2024:03:38:43 +0200] "GET /pmwiki/pmwiki.php/PmWiki/AuthorTracking?action=upload HTTP/1.1" 200 12412 "-" "Mozilla/5.0 (compatible; DotBot/1.2; +https://opensiteexplorer.org/dotbot; help@moz.com)"
216.244.66.203 - - [20/Jun/2024:03:41:41 +0200] "GET /pmwiki/pmwiki.php/Main/2005M%E1rciusiK%F6z%F6sNyilatkozat?action=upload HTTP/1.1" 200 12682 "-" "Mozilla/5.0 (compatible; DotBot/1.2; +https://opensiteexplorer.org/dotbot; help@moz.com)"
185.191.171.17 - - [20/Jun/2024:03:52:09 +0200] "GET /pmwiki/pmwiki.php/Main/DRMMunkacsoport HTTP/1.1" 200 12700 "-" "Mozilla/5.0 (compatible; SemrushBot/7~bl; +http://www.semrush.com/bot.html)"
94.74.82.42 - - [20/Jun/2024:03:59:50 +0200] "GET /pmwiki/pmwiki.php/Main/2005M%e1rcius8?action=diff HTTP/1.1" 200 33027 "-" "Mozilla/5.0 (Windows NT 10.0; Win64; x64) AppleWebKit/537.36 (KHTML, like Gecko) Chrome/110.0.0.0 Safari/537.36"
54.36.148.181 - - [20/Jun/2024:04:00:45 +0200] "GET /pmwiki/pmwiki.php/Main/JogiOldal HTTP/1.1" 200 26044 "-" "Mozilla/5.0 (compatible; AhrefsBot/7.0; +http://ahrefs.com/robot/)"
216.244.66.203 - - [20/Jun/2024:04:13:10 +0200] "GET /robots.txt HTTP/1.1" 404 1181 "-" "Mozilla/5.0 (compatible; DotBot/1.2; +https://opensiteexplorer.org/dotbot; help@moz.com)"
216.244.66.203 - - [20/Jun/2024:04:17:38 +0200] "GET /pmwiki/pmwiki.php/Main/AzEur%F3paiParlament%DAjraind%EDt%E1stK%F6vetelAzEln%F6kiKonferenciaElfogadtaAzInd%EDtv%E1nyt HTTP/1.1" 200 16658 "-" "Mozilla/5.0 (compatible; DotBot/1.2; +https://opensiteexplorer.org/dotbot; help@moz.com)"
66.249.64.128 - - [20/Jun/2024:04:17:54 +0200] "GET /robots.txt HTTP/1.1" 404 1181 "-" "Mozilla/5.0 (compatible; Googlebot/2.1; +http://www.google.com/bot.html)"
66.249.64.130 - - [20/Jun/2024:04:17:54 +0200] "GET /pmwiki/pmwiki.php/Main/Feb03PR?action=upload HTTP/1.1" 403 30 "-" "Mozilla/5.0 (Linux; Android 6.0.1; Nexus 5X Build/MMB29P) AppleWebKit/537.36 (KHTML, like Gecko) Chrome/125.0.6422.175 Mobile Safari/537.36 (compatible; Googlebot/2.1; +http://www.google.com/bot.html)"
54.36.149.52 - - [20/Jun/2024:04:23:40 +0200] "GET /pmwiki/pmwiki.php/Main/MiADRM HTTP/1.1" 200 12869 "-" "Mozilla/5.0 (compatible; AhrefsBot/7.0; +http://ahrefs.com/robot/)"
216.244.66.203 - - [20/Jun/2024:04:24:51 +0200] "GET /pmwiki/pmwiki.php/API/SDV?action=upload HTTP/1.1" 200 12181 "-" "Mozilla/5.0 (compatible; DotBot/1.2; +https://opensiteexplorer.org/dotbot; help@moz.com)"
216.244.66.203 - - [20/Jun/2024:04:28:15 +0200] "GET /pmwiki/pmwiki.php/Main/2005M%E1jus?action=diff HTTP/1.1" 200 16708 "-" "Mozilla/5.0 (compatible; DotBot/1.2; +https://opensiteexplorer.org/dotbot; help@moz.com)"
216.244.66.203 - - [20/Jun/2024:04:28:19 +0200] "GET /pmwiki/pmwiki.php/PmWiki/UpgradingFromPmWiki1?action=edit HTTP/1.1" 200 12628 "-" "Mozilla/5.0 (compatible; DotBot/1.2; +https://opensiteexplorer.org/dotbot; help@moz.com)"
216.244.66.203 - - [20/Jun/2024:04:28:23 +0200] "GET /pmwiki/pmwiki.php/PmWiki/WikiSandbox?action=edit HTTP/1.1" 200 12483 "-" "Mozilla/5.0 (compatible; DotBot/1.2; +https://opensiteexplorer.org/dotbot; help@moz.com)"
216.244.66.203 - - [20/Jun/2024:04:31:54 +0200] "GET /pmwiki/pmwiki.php/Profiles/Df?action=diff HTTP/1.1" 200 12765 "-" "Mozilla/5.0 (compatible; DotBot/1.2; +https://opensiteexplorer.org/dotbot; help@moz.com)"
216.244.66.203 - - [20/Jun/2024:04:40:08 +0200] "GET /pmwiki/pmwiki.php/Main/Fsn?action=print HTTP/1.1" 200 4713 "-" "Mozilla/5.0 (compatible; DotBot/1.2; +https://opensiteexplorer.org/dotbot; help@moz.com)"
216.244.66.203 - - [20/Jun/2024:05:05:44 +0200] "GET /robots.txt HTTP/1.1" 404 1181 "-" "Mozilla/5.0 (compatible; DotBot/1.2; +https://opensiteexplorer.org/dotbot; help@moz.com)"
216.244.66.203 - - [20/Jun/2024:05:12:06 +0200] "GET /pmwiki/pmwiki.php/Main/Cache?action=upload HTTP/1.1" 200 12230 "-" "Mozilla/5.0 (compatible; DotBot/1.2; +https://opensiteexplorer.org/dotbot; help@moz.com)"
216.244.66.203 - - [20/Jun/2024:05:12:56 +0200] "GET /pmwiki/pmwiki.php/PmWiki/ConditionalMarkup?action=diff HTTP/1.1" 200 13000 "-" "Mozilla/5.0 (compatible; DotBot/1.2; +https://opensiteexplorer.org/dotbot; help@moz.com)"
216.244.66.203 - - [20/Jun/2024:05:16:13 +0200] "GET /pmwiki/pmwiki.php/Main/2003M%E1jusiNyilatkozathozKapcsol%F3d%F3Cikk?action=upload HTTP/1.1" 200 12842 "-" "Mozilla/5.0 (compatible; DotBot/1.2; +https://opensiteexplorer.org/dotbot; help@moz.com)"
216.244.66.203 - - [20/Jun/2024:05:19:02 +0200] "GET /pmwiki/pmwiki.php/Main/TRIPSLie?action=upload&upname=wiki.png HTTP/1.1" 200 12295 "-" "Mozilla/5.0 (compatible; DotBot/1.2; +https://opensiteexplorer.org/dotbot; help@moz.com)"
216.244.66.203 - - [20/Jun/2024:05:19:06 +0200] "GET /pmwiki/pmwiki.php/PmWiki/TextFormattingRules?action=upload HTTP/1.1" 200 12491 "-" "Mozilla/5.0 (compatible; DotBot/1.2; +https://opensiteexplorer.org/dotbot; help@moz.com)"
216.244.66.203 - - [20/Jun/2024:05:26:19 +0200] "GET /pmwiki/pmwiki.php/Profiles/Artisjus?action=upload HTTP/1.1" 200 12346 "-" "Mozilla/5.0 (compatible; DotBot/1.2; +https://opensiteexplorer.org/dotbot; help@moz.com)"
216.244.66.203 - - [20/Jun/2024:05:30:02 +0200] "GET /pmwiki/pmwiki.php/PmWiki/LayoutBasics?action=print HTTP/1.1" 200 7350 "-" "Mozilla/5.0 (compatible; DotBot/1.2; +https://opensiteexplorer.org/dotbot; help@moz.com)"
54.36.148.107 - - [20/Jun/2024:05:36:35 +0200] "GET /pmwiki/pmwiki.php/Main/HomePage HTTP/1.1" 200 37269 "-" "Mozilla/5.0 (compatible; AhrefsBot/7.0; +http://ahrefs.com/robot/)"
190.92.212.116 - - [20/Jun/2024:05:42:26 +0200] "GET /pmwiki/pmwiki.php/Main/ToughLetter?action=print HTTP/1.1" 200 6624 "-" "Mozilla/5.0 (Windows NT 10.0; Win64; x64) AppleWebKit/537.36 (KHTML, like Gecko) Chrome/101.0.4951.67 Safari/537.36"
216.244.66.203 - - [20/Jun/2024:05:58:01 +0200] "GET /robots.txt HTTP/1.1" 404 1181 "-" "Mozilla/5.0 (compatible; DotBot/1.2; +https://opensiteexplorer.org/dotbot; help@moz.com)"
110.249.201.44 - - [20/Jun/2024:06:00:21 +0200] "GET /robots.txt HTTP/1.1" 404 1181 "-" "Mozilla/5.0 (Linux; Android 5.0) AppleWebKit/537.36 (KHTML, like Gecko) Mobile Safari/537.36 (compatible; Bytespider; https://zhanzhang.toutiao.com/)"
216.244.66.203 - - [20/Jun/2024:06:03:38 +0200] "GET /pmwiki/pmwiki.php/PmWiki/SimpleTables?action=edit HTTP/1.1" 200 12499 "-" "Mozilla/5.0 (compatible; DotBot/1.2; +https://opensiteexplorer.org/dotbot; help@moz.com)"
54.36.149.99 - - [20/Jun/2024:06:03:38 +0200] "GET /pmwiki/pmwiki.php/Main/DRM HTTP/1.1" 200 14856 "-" "Mozilla/5.0 (compatible; AhrefsBot/7.0; +http://ahrefs.com/robot/)"
216.244.66.203 - - [20/Jun/2024:06:04:41 +0200] "GET /pmwiki/pmwiki.php/PmWiki/PasswordsAdmin?action=edit HTTP/1.1" 200 12532 "-" "Mozilla/5.0 (compatible; DotBot/1.2; +https://opensiteexplorer.org/dotbot; help@moz.com)"
216.244.66.203 - - [20/Jun/2024:06:04:45 +0200] "GET /pmwiki/pmwiki.php/PmWiki/WikiStyleExamples?action=upload HTTP/1.1" 200 12459 "-" "Mozilla/5.0 (compatible; DotBot/1.2; +https://opensiteexplorer.org/dotbot; help@moz.com)"
216.244.66.203 - - [20/Jun/2024:06:08:51 +0200] "GET /pmwiki/pmwiki.php/PmWiki/PerGroupCustomizations?action=diff HTTP/1.1" 200 13091 "-" "Mozilla/5.0 (compatible; DotBot/1.2; +https://opensiteexplorer.org/dotbot; help@moz.com)"
216.244.66.203 - - [20/Jun/2024:06:12:33 +0200] "GET /pmwiki/pmwiki.php/PmWiki/WikiWord?action=print HTTP/1.1" 200 3158 "-" "Mozilla/5.0 (compatible; DotBot/1.2; +https://opensiteexplorer.org/dotbot; help@moz.com)"
216.244.66.203 - - [20/Jun/2024:06:20:17 +0200] "GET /pmwiki/pmwiki.php/Main/HomePage?action=edit&restore=diff:1107863698:1107862863:&preview=y HTTP/1.1" 200 12447 "-" "Mozilla/5.0 (compatible; DotBot/1.2; +https://opensiteexplorer.org/dotbot; help@moz.com)"
54.36.148.155 - - [20/Jun/2024:06:28:48 +0200] "GET /pmwiki/pmwiki.php/Main/CikkekPrivacy?action=upload HTTP/1.1" 200 12360 "-" "Mozilla/5.0 (compatible; AhrefsBot/7.0; +http://ahrefs.com/robot/)"
216.244.66.203 - - [20/Jun/2024:06:50:37 +0200] "GET /robots.txt HTTP/1.1" 404 1181 "-" "Mozilla/5.0 (compatible; DotBot/1.2; +https://opensiteexplorer.org/dotbot; help@moz.com)"
216.244.66.203 - - [20/Jun/2024:06:59:33 +0200] "GET /pmwiki/pmwiki.php/Main/Cikkek?action=edit&restore=diff:1137588706:1128687334:minor&preview=y HTTP/1.1" 200 12422 "-" "Mozilla/5.0 (compatible; DotBot/1.2; +https://opensiteexplorer.org/dotbot; help@moz.com)"
216.244.66.203 - - [20/Jun/2024:06:59:38 +0200] "GET /pmwiki/pmwiki.php/Main/CikkekDRM?action=edit&restore=diff:1130866761:1129894902:minor&preview=y HTTP/1.1" 200 12469 "-" "Mozilla/5.0 (compatible; DotBot/1.2; +https://opensiteexplorer.org/dotbot; help@moz.com)"
216.244.66.203 - - [20/Jun/2024:06:59:46 +0200] "GET /pmwiki/pmwiki.php/Main/Google?action=edit&restore=diff:1129709096:1123784558:minor&preview=y HTTP/1.1" 200 12417 "-" "Mozilla/5.0 (compatible; DotBot/1.2; +https://opensiteexplorer.org/dotbot; help@moz.com)"
216.244.66.203 - - [20/Jun/2024:06:59:50 +0200] "GET /pmwiki/pmwiki.php/PmWiki/MarkupMasterIndex?action=upload HTTP/1.1" 200 12481 "-" "Mozilla/5.0 (compatible; DotBot/1.2; +https://opensiteexplorer.org/dotbot; help@moz.com)"
216.244.66.203 - - [20/Jun/2024:07:04:38 +0200] "GET /pmwiki/pmwiki.php/PmWiki/WikiUsers?action=diff HTTP/1.1" 200 12853 "-" "Mozilla/5.0 (compatible; DotBot/1.2; +https://opensiteexplorer.org/dotbot; help@moz.com)"
44.214.187.82 - - [20/Jun/2024:07:06:53 +0200] "GET /robots.txt HTTP/1.1" 404 1181 "-" "-"
44.214.187.82 - - [20/Jun/2024:07:06:54 +0200] "GET /pmwiki/pmwiki.php/Main/RocardEp2?action=print HTTP/1.1" 200 18508 "-" "Mozilla/5.0 (Windows NT 10.0; Win64; x64) AppleWebKit/605.1.15 (KHTML, like Gecko; compatible; FriendlyCrawler/1.0) Chrome/120.0.6099.216 Safari/605.1.15"
216.244.66.203 - - [20/Jun/2024:07:18:32 +0200] "GET /pmwiki/pmwiki.php/Main/2004Augusztus5?action=print HTTP/1.1" 200 5461 "-" "Mozilla/5.0 (compatible; DotBot/1.2; +https://opensiteexplorer.org/dotbot; help@moz.com)"
54.36.148.243 - - [20/Jun/2024:07:21:23 +0200] "GET /pmwiki/pmwiki.php/Main/CikkekPrivacy?action=print HTTP/1.1" 200 2887 "-" "Mozilla/5.0 (compatible; AhrefsBot/7.0; +http://ahrefs.com/robot/)"
216.244.66.203 - - [20/Jun/2024:07:43:26 +0200] "GET /robots.txt HTTP/1.1" 404 1181 "-" "Mozilla/5.0 (compatible; DotBot/1.2; +https://opensiteexplorer.org/dotbot; help@moz.com)"
54.36.149.55 - - [20/Jun/2024:07:48:06 +0200] "GET /pmwiki/pmwiki.php/Main/CikkekPrivacy?action=diff HTTP/1.1" 200 14574 "-" "Mozilla/5.0 (compatible; AhrefsBot/7.0; +http://ahrefs.com/robot/)"
216.244.66.203 - - [20/Jun/2024:07:50:45 +0200] "GET /pmwiki/pmwiki.php/Main/Comission-negatesDemocracy?action=edit&restore=diff:1110529275:1110529275:&preview=y HTTP/1.1" 200 12733 "-" "Mozilla/5.0 (compatible; DotBot/1.2; +https://opensiteexplorer.org/dotbot; help@moz.com)"
216.244.66.203 - - [20/Jun/2024:07:52:36 +0200] "GET /pmwiki/pmwiki.php/Main/GroupAttributes?action=edit HTTP/1.1" 200 12514 "-" "Mozilla/5.0 (compatible; DotBot/1.2; +https://opensiteexplorer.org/dotbot; help@moz.com)"
216.244.66.203 - - [20/Jun/2024:07:57:23 +0200] "GET /pmwiki/pmwiki.php/Main/GatesMegzsaroltaD%E1ni%E1t?action=diff HTTP/1.1" 200 15072 "-" "Mozilla/5.0 (compatible; DotBot/1.2; +https://opensiteexplorer.org/dotbot; help@moz.com)"
216.244.66.203 - - [20/Jun/2024:07:57:30 +0200] "GET /pmwiki/pmwiki.php/PmWiki/InitialSetupTasks?action=edit HTTP/1.1" 200 12580 "-" "Mozilla/5.0 (compatible; DotBot/1.2; +https://opensiteexplorer.org/dotbot; help@moz.com)"
216.244.66.203 - - [20/Jun/2024:08:00:24 +0200] "GET /pmwiki/pmwiki.php/Profiles/WrapPlague?action=diff HTTP/1.1" 200 12909 "-" "Mozilla/5.0 (compatible; DotBot/1.2; +https://opensiteexplorer.org/dotbot; help@moz.com)"
216.244.66.203 - - [20/Jun/2024:08:03:38 +0200] "GET /pmwiki/pmwiki.php/Main/PDF417?action=upload&upname=wiki.png HTTP/1.1" 200 12262 "-" "Mozilla/5.0 (compatible; DotBot/1.2; +https://opensiteexplorer.org/dotbot; help@moz.com)"
216.244.66.203 - - [20/Jun/2024:08:03:41 +0200] "GET /pmwiki/pmwiki.php/Main/SzoftverSzabadalmak?action=print HTTP/1.1" 200 5369 "-" "Mozilla/5.0 (compatible; DotBot/1.2; +https://opensiteexplorer.org/dotbot; help@moz.com)"
216.244.66.203 - - [20/Jun/2024:08:07:00 +0200] "GET /pmwiki/pmwiki.php/Main/BillGates%C9sM%E1sKommunist%E1k?action=upload&upname=wiki.png HTTP/1.1" 200 12654 "-" "Mozilla/5.0 (compatible; DotBot/1.2; +https://opensiteexplorer.org/dotbot; help@moz.com)"
216.244.66.203 - - [20/Jun/2024:08:07:04 +0200] "GET /pmwiki/pmwiki.php/Profiles/Artisjus?action=diff HTTP/1.1" 200 12873 "-" "Mozilla/5.0 (compatible; DotBot/1.2; +https://opensiteexplorer.org/dotbot; help@moz.com)"
216.244.66.203 - - [20/Jun/2024:08:07:08 +0200] "GET /pmwiki/pmwiki.php/Profiles/Xmouse?action=upload HTTP/1.1" 200 12314 "-" "Mozilla/5.0 (compatible; DotBot/1.2; +https://opensiteexplorer.org/dotbot; help@moz.com)"
216.244.66.203 - - [20/Jun/2024:08:15:34 +0200] "GET /pmwiki/pmwiki.php/Main/C%E9lok?action=diff&source=n&minor=y HTTP/1.1" 200 23024 "-" "Mozilla/5.0 (compatible; DotBot/1.2; +https://opensiteexplorer.org/dotbot; help@moz.com)"
216.244.66.203 - - [20/Jun/2024:08:15:36 +0200] "GET /pmwiki/pmwiki.php/Main/CenZored?action=diff&source=n&minor=y HTTP/1.1" 200 16528 "-" "Mozilla/5.0 (compatible; DotBot/1.2; +https://opensiteexplorer.org/dotbot; help@moz.com)"
216.244.66.203 - - [20/Jun/2024:08:15:40 +0200] "GET /pmwiki/pmwiki.php/Main/Let%F6lt%E9s?action=diff&source=n&minor=y HTTP/1.1" 200 12857 "-" "Mozilla/5.0 (compatible; DotBot/1.2; +https://opensiteexplorer.org/dotbot; help@moz.com)"
216.244.66.203 - - [20/Jun/2024:08:15:44 +0200] "GET /pmwiki/pmwiki.php/PmWiki/Variables?action=diff&source=y&minor=n HTTP/1.1" 200 12857 "-" "Mozilla/5.0 (compatible; DotBot/1.2; +https://opensiteexplorer.org/dotbot; help@moz.com)"
216.244.66.203 - - [20/Jun/2024:08:15:47 +0200] "GET /pmwiki/pmwiki.php/Profiles/FMCikk?action=upload&upname=wiki.png HTTP/1.1" 200 12330 "-" "Mozilla/5.0 (compatible; DotBot/1.2; +https://opensiteexplorer.org/dotbot; help@moz.com)"
54.36.149.97 - - [20/Jun/2024:08:17:09 +0200] "GET /pmwiki/pmwiki.php/Main/Doksik HTTP/1.1" 200 14123 "-" "Mozilla/5.0 (compatible; AhrefsBot/7.0; +http://ahrefs.com/robot/)"
17.241.75.211 - - [20/Jun/2024:08:25:00 +0200] "GET /robots.txt HTTP/1.1" 404 1181 "-" "Mozilla/5.0 (Macintosh; Intel Mac OS X 10_15_7) AppleWebKit/605.1.15 (KHTML, like Gecko) Version/17.4 Safari/605.1.15 (Applebot/0.1; +http://www.apple.com/go/applebot)"
17.241.75.211 - - [20/Jun/2024:08:25:01 +0200] "GET /pmwiki/pmwiki.php/PmWiki/WikiTrails HTTP/1.1" 200 15266 "-" "Mozilla/5.0 (Macintosh; Intel Mac OS X 10_15_7) AppleWebKit/605.1.15 (KHTML, like Gecko) Version/17.4 Safari/605.1.15 (Applebot/0.1; +http://www.apple.com/go/applebot)"
216.244.66.203 - - [20/Jun/2024:08:34:28 +0200] "GET /robots.txt HTTP/1.1" 404 1181 "-" "Mozilla/5.0 (compatible; DotBot/1.2; +https://opensiteexplorer.org/dotbot; help@moz.com)"
216.244.66.203 - - [20/Jun/2024:08:40:47 +0200] "GET /pmwiki/pmwiki.php/Main/Minimum?action=edit&restore=diff:1120337421:1120336117:minor&preview=y HTTP/1.1" 200 12433 "-" "Mozilla/5.0 (compatible; DotBot/1.2; +https://opensiteexplorer.org/dotbot; help@moz.com)"
54.36.148.136 - - [20/Jun/2024:08:44:21 +0200] "GET /pmwiki/pmwiki.php/Main/AJelenlegiSzerzoiJogiTorveny HTTP/1.1" 200 18664 "-" "Mozilla/5.0 (compatible; AhrefsBot/7.0; +http://ahrefs.com/robot/)"
216.244.66.203 - - [20/Jun/2024:09:08:27 +0200] "GET /pmwiki/pmwiki.php/Main/SideBar?action=edit&restore=diff:1114710715:1114586698:&preview=y HTTP/1.1" 200 12430 "-" "Mozilla/5.0 (compatible; DotBot/1.2; +https://opensiteexplorer.org/dotbot; help@moz.com)"
110.249.201.159 - - [20/Jun/2024:09:15:58 +0200] "GET /robots.txt HTTP/1.1" 404 1181 "-" "Mozilla/5.0 (Linux; Android 5.0) AppleWebKit/537.36 (KHTML, like Gecko) Mobile Safari/537.36 (compatible; Bytespider; https://zhanzhang.toutiao.com/)"
216.244.66.203 - - [20/Jun/2024:09:27:09 +0200] "GET /robots.txt HTTP/1.1" 404 1181 "-" "Mozilla/5.0 (compatible; DotBot/1.2; +https://opensiteexplorer.org/dotbot; help@moz.com)"
216.244.66.203 - - [20/Jun/2024:09:34:30 +0200] "GET /pmwiki/pmwiki.php/Main/2004Augusztus5?action=upload HTTP/1.1" 200 12374 "-" "Mozilla/5.0 (compatible; DotBot/1.2; +https://opensiteexplorer.org/dotbot; help@moz.com)"
216.244.66.203 - - [20/Jun/2024:09:43:16 +0200] "GET /pmwiki/pmwiki.php/Main/Minta?action=upload&upname=wiki.png HTTP/1.1" 200 12246 "-" "Mozilla/5.0 (compatible; DotBot/1.2; +https://opensiteexplorer.org/dotbot; help@moz.com)"
216.244.66.203 - - [20/Jun/2024:09:43:22 +0200] "GET /pmwiki/pmwiki.php/Main/RocardEp2?action=print HTTP/1.1" 200 18508 "-" "Mozilla/5.0 (compatible; DotBot/1.2; +https://opensiteexplorer.org/dotbot; help@moz.com)"
216.244.66.203 - - [20/Jun/2024:09:43:35 +0200] "GET /pmwiki/pmwiki.php/Main/TelefononFaxon?action=upload HTTP/1.1" 200 12374 "-" "Mozilla/5.0 (compatible; DotBot/1.2; +https://opensiteexplorer.org/dotbot; help@moz.com)"
216.244.66.203 - - [20/Jun/2024:09:47:22 +0200] "GET /pmwiki/pmwiki.php/Main/Google?action=edit&restore=diff:1122637842:1122637842:minor&preview=y HTTP/1.1" 200 12417 "-" "Mozilla/5.0 (compatible; DotBot/1.2; +https://opensiteexplorer.org/dotbot; help@moz.com)"
216.244.66.203 - - [20/Jun/2024:09:47:32 +0200] "GET /pmwiki/pmwiki.php/PmWiki/InitialSetupTasks?action=print HTTP/1.1" 200 6008 "-" "Mozilla/5.0 (compatible; DotBot/1.2; +https://opensiteexplorer.org/dotbot; help@moz.com)"
216.244.66.203 - - [20/Jun/2024:09:59:35 +0200] "GET /pmwiki/pmwiki.php/Emeltdijas/Hu?action=diff&source=n&minor=y HTTP/1.1" 200 14411 "-" "Mozilla/5.0 (compatible; DotBot/1.2; +https://opensiteexplorer.org/dotbot; help@moz.com)"
216.244.66.203 - - [20/Jun/2024:09:59:41 +0200] "GET /pmwiki/pmwiki.php/Main/NoSoftwarePatents?action=print HTTP/1.1" 200 2450 "-" "Mozilla/5.0 (compatible; DotBot/1.2; +https://opensiteexplorer.org/dotbot; help@moz.com)"
216.244.66.203 - - [20/Jun/2024:09:59:46 +0200] "GET /pmwiki/pmwiki.php/Profiles/Pm?action=diff&source=y&minor=n HTTP/1.1" 200 12765 "-" "Mozilla/5.0 (compatible; DotBot/1.2; +https://opensiteexplorer.org/dotbot; help@moz.com)"
216.244.66.203 - - [20/Jun/2024:10:20:21 +0200] "GET /robots.txt HTTP/1.1" 404 1181 "-" "Mozilla/5.0 (compatible; DotBot/1.2; +https://opensiteexplorer.org/dotbot; help@moz.com)"
216.244.66.203 - - [20/Jun/2024:10:30:39 +0200] "GET /pmwiki/pmwiki.php/Main/2004-esNyilatkozat?action=diff&source=n&minor=y HTTP/1.1" 200 17019 "-" "Mozilla/5.0 (compatible; DotBot/1.2; +https://opensiteexplorer.org/dotbot; help@moz.com)"
216.244.66.203 - - [20/Jun/2024:10:30:44 +0200] "GET /pmwiki/pmwiki.php/PmWiki/SimpleTables2?action=diff&source=y&minor=n HTTP/1.1" 200 12929 "-" "Mozilla/5.0 (compatible; DotBot/1.2; +https://opensiteexplorer.org/dotbot; help@moz.com)"
54.36.149.76 - - [20/Jun/2024:10:31:44 +0200] "GET /pmwiki/pmwiki.php/Main/Doksik?action=diff HTTP/1.1" 200 19426 "-" "Mozilla/5.0 (compatible; AhrefsBot/7.0; +http://ahrefs.com/robot/)"
44.214.187.82 - - [20/Jun/2024:10:33:49 +0200] "GET /robots.txt HTTP/1.1" 404 1181 "-" "-"
44.214.187.82 - - [20/Jun/2024:10:33:49 +0200] "GET /pmwiki/pmwiki.php/Main/Minimum?action=print HTTP/1.1" 200 5740 "-" "Mozilla/5.0 (Windows NT 10.0; Win64; x64) AppleWebKit/605.1.15 (KHTML, like Gecko; compatible; FriendlyCrawler/1.0) Chrome/120.0.6099.216 Safari/605.1.15"
54.36.148.135 - - [20/Jun/2024:10:53:49 +0200] "GET /pmwiki/pmwiki.php/Main/Doksik?action=edit HTTP/1.1" 200 12366 "-" "Mozilla/5.0 (compatible; AhrefsBot/7.0; +http://ahrefs.com/robot/)"
216.244.66.203 - - [20/Jun/2024:11:11:51 +0200] "GET /robots.txt HTTP/1.1" 404 1181 "-" "Mozilla/5.0 (compatible; DotBot/1.2; +https://opensiteexplorer.org/dotbot; help@moz.com)"
54.36.148.239 - - [20/Jun/2024:11:23:19 +0200] "GET /pmwiki/pmwiki.php/Main/Doksik?action=print HTTP/1.1" 200 4591 "-" "Mozilla/5.0 (compatible; AhrefsBot/7.0; +http://ahrefs.com/robot/)"
47.128.120.171 - - [20/Jun/2024:11:40:28 +0200] "GET /pmwiki/pmwiki.php/PmWiki/FAQ?action=print HTTP/1.1" 200 14337 "-" "Mozilla/5.0 (Linux; Android 5.0) AppleWebKit/537.36 (KHTML, like Gecko) Mobile Safari/537.36 (compatible; Bytespider; spider-feedback@bytedance.com)"
47.128.120.171 - - [20/Jun/2024:11:40:29 +0200] "GET /pmwiki/pub/skins/print/print.css HTTP/1.1" 200 1598 "http://swpat.zpok.hu/pmwiki/pmwiki.php/PmWiki/FAQ?action=print" "Mozilla/5.0 (Linux; Android 5.0) AppleWebKit/537.36 (KHTML, like Gecko) Mobile Safari/537.36 (compatible; Bytespider; spider-feedback@bytedance.com)"
216.244.66.203 - - [20/Jun/2024:11:41:00 +0200] "GET /pmwiki/pmwiki.php/Main/Google?action=edit&restore=diff:1123255642:1123255569:minor&preview=y HTTP/1.1" 200 12417 "-" "Mozilla/5.0 (compatible; DotBot/1.2; +https://opensiteexplorer.org/dotbot; help@moz.com)"
54.36.149.97 - - [20/Jun/2024:11:43:12 +0200] "GET /pmwiki/pmwiki.php/Main/Doksik?action=upload HTTP/1.1" 200 12246 "-" "Mozilla/5.0 (compatible; AhrefsBot/7.0; +http://ahrefs.com/robot/)"
47.128.32.133 - - [20/Jun/2024:11:44:27 +0200] "GET /robots.txt HTTP/1.1" 404 1181 "-" "Mozilla/5.0 (Linux; Android 5.0) AppleWebKit/537.36 (KHTML, like Gecko) Mobile Safari/537.36 (compatible; Bytespider; spider-feedback@bytedance.com)"
219.144.255.136 - - [20/Jun/2024:11:46:28 +0200] "GET /pmwiki/pmwiki.php/main/k%f6zlem%e9nye HTTP/1.1" 200 17975 "-" "Mozilla/5.0 (Linux; Android 6.0; Nexus 5 Build/MRA58N) AppleWebKit/537.36 (KHTML, like Gecko) Chrome/60.0.5317.1158 Mobile Safari/537.36"
64.246.82.205 - - [20/Jun/2024:11:48:29 +0200] "GET /robots.txt HTTP/1.1" 404 1181 "-" "Mozilla/5.0 (Linux; Android 6.0; Nexus 5 Build/MRA58N) AppleWebKit/537.36 (KHTML, like Gecko) Chrome/51.0.8234.1725 Mobile Safari/537.36"
216.244.66.203 - - [20/Jun/2024:11:49:00 +0200] "GET /pmwiki/pmwiki.php/PmWiki/WikiStyleExamples?action=diff&source=y&minor=n HTTP/1.1" 200 13000 "-" "Mozilla/5.0 (compatible; DotBot/1.2; +https://opensiteexplorer.org/dotbot; help@moz.com)"
111.225.149.186 - - [20/Jun/2024:11:50:25 +0200] "GET /pmwiki/pmwiki.php/main/k%f6zlem%e9nye HTTP/1.1" 200 17975 "-" "Mozilla/5.0 (Linux; Android 5.0) AppleWebKit/537.36 (KHTML, like Gecko) Mobile Safari/537.36 (compatible; Bytespider; https://zhanzhang.toutiao.com/)"
47.128.48.89 - - [20/Jun/2024:11:52:29 +0200] "GET /robots.txt HTTP/1.1" 404 1181 "-" "Mozilla/5.0 (Linux; Android 5.0) AppleWebKit/537.36 (KHTML, like Gecko) Mobile Safari/537.36 (compatible; Bytespider; spider-feedback@bytedance.com)"
51.14.143.80 - - [20/Jun/2024:11:56:32 +0200] "GET /robots.txt HTTP/1.1" 404 1181 "-" "Mozilla/5.0 (iPhone; CPU iPhone OS 11_0 like Mac OS X) AppleWebKit/537.36 (KHTML, like Gecko) Chrome/53.0.8796.1425 Mobile Safari/537.36"
54.36.148.187 - - [20/Jun/2024:12:02:33 +0200] "GET /pmwiki/pmwiki.php/Main/Google HTTP/1.1" 200 25006 "-" "Mozilla/5.0 (compatible; AhrefsBot/7.0; +http://ahrefs.com/robot/)"
216.244.66.203 - - [20/Jun/2024:12:03:40 +0200] "GET /robots.txt HTTP/1.1" 404 1181 "-" "Mozilla/5.0 (compatible; DotBot/1.2; +https://opensiteexplorer.org/dotbot; help@moz.com)"
54.36.148.222 - - [20/Jun/2024:12:22:22 +0200] "GET /pmwiki/pmwiki.php/Main/CikkekPrivacy HTTP/1.1" 200 12503 "-" "Mozilla/5.0 (compatible; AhrefsBot/7.0; +http://ahrefs.com/robot/)"
111.225.149.186 - - [20/Jun/2024:12:36:04 +0200] "GET /robots.txt HTTP/1.1" 404 1181 "-" "Mozilla/5.0 (Linux; Android 5.0) AppleWebKit/537.36 (KHTML, like Gecko) Mobile Safari/537.36 (compatible; Bytespider; https://zhanzhang.toutiao.com/)"
51.222.253.20 - - [20/Jun/2024:12:42:41 +0200] "GET /robots.txt HTTP/1.1" 404 1181 "-" "Mozilla/5.0 (compatible; AhrefsBot/7.0; +http://ahrefs.com/robot/)"
54.36.148.80 - - [20/Jun/2024:12:42:42 +0200] "GET /pmwiki/pmwiki.php/Main/AzEur%F3paiParlament%DAjraind%EDt%E1stK%F6vetelAzEln%F6kiKonferenciaElfogadtaAzInd%EDtv%E1nyt?action=upload HTTP/1.1" 200 13610 "-" "Mozilla/5.0 (compatible; AhrefsBot/7.0; +http://ahrefs.com/robot/)"
44.214.187.82 - - [20/Jun/2024:12:50:54 +0200] "GET /pmwiki/pmwiki.php/Main/Telefonon?action=print HTTP/1.1" 200 6709 "-" "Mozilla/5.0 (Windows NT 10.0; Win64; x64) AppleWebKit/605.1.15 (KHTML, like Gecko; compatible; FriendlyCrawler/1.0) Chrome/120.0.6099.216 Safari/605.1.15"
216.244.66.203 - - [20/Jun/2024:12:55:49 +0200] "GET /robots.txt HTTP/1.1" 404 1181 "-" "Mozilla/5.0 (compatible; DotBot/1.2; +https://opensiteexplorer.org/dotbot; help@moz.com)"
54.36.149.12 - - [20/Jun/2024:13:02:59 +0200] "GET /pmwiki/pmwiki.php/Main/AzEur%F3paiParlament%DAjraind%EDt%E1stK%F6vetelAzEln%F6kiKonferenciaElfogadtaAzInd%EDtv%E1nyt?action=diff HTTP/1.1" 200 18112 "-" "Mozilla/5.0 (compatible; AhrefsBot/7.0; +http://ahrefs.com/robot/)"
54.36.148.69 - - [20/Jun/2024:13:20:43 +0200] "GET /pmwiki/pmwiki.php/Main/AzEur%F3paiParlament%DAjraind%EDt%E1stK%F6vetelAzEln%F6kiKonferenciaElfogadtaAzInd%EDtv%E1nyt?action=edit HTTP/1.1" 200 13730 "-" "Mozilla/5.0 (compatible; AhrefsBot/7.0; +http://ahrefs.com/robot/)"
216.244.66.203 - - [20/Jun/2024:13:32:17 +0200] "GET /pmwiki/pmwiki.php/PmWiki/Passwords?action=upload&upname=wiki.png HTTP/1.1" 200 12347 "-" "Mozilla/5.0 (compatible; DotBot/1.2; +https://opensiteexplorer.org/dotbot; help@moz.com)"
54.36.148.127 - - [20/Jun/2024:13:37:35 +0200] "GET /pmwiki/pmwiki.php/Main/DRM?action=print HTTP/1.1" 200 5476 "-" "Mozilla/5.0 (compatible; AhrefsBot/7.0; +http://ahrefs.com/robot/)"
54.36.148.117 - - [20/Jun/2024:13:48:47 +0200] "GET /pmwiki/pmwiki.php/Main/H%EDrek HTTP/1.1" 200 15050 "-" "Mozilla/5.0 (compatible; AhrefsBot/7.0; +http://ahrefs.com/robot/)"
216.244.66.203 - - [20/Jun/2024:13:49:50 +0200] "GET /robots.txt HTTP/1.1" 404 1181 "-" "Mozilla/5.0 (compatible; DotBot/1.2; +https://opensiteexplorer.org/dotbot; help@moz.com)"
54.36.148.81 - - [20/Jun/2024:13:50:46 +0200] "GET /pmwiki/pmwiki.php/Main/WikiSandbox HTTP/1.1" 200 12116 "-" "Mozilla/5.0 (compatible; AhrefsBot/7.0; +http://ahrefs.com/robot/)"
216.244.66.203 - - [20/Jun/2024:14:00:48 +0200] "GET /pmwiki/pmwiki.php/Main/PDF417?action=diff&source=n&minor=y HTTP/1.1" 200 41178 "-" "Mozilla/5.0 (compatible; DotBot/1.2; +https://opensiteexplorer.org/dotbot; help@moz.com)"
44.214.187.82 - - [20/Jun/2024:14:28:01 +0200] "GET /robots.txt HTTP/1.1" 404 1181 "-" "-"
44.214.187.82 - - [20/Jun/2024:14:28:01 +0200] "GET /pmwiki/pmwiki.php/Main/Marc08essay?action=print HTTP/1.1" 200 9200 "-" "Mozilla/5.0 (Windows NT 10.0; Win64; x64) AppleWebKit/605.1.15 (KHTML, like Gecko; compatible; FriendlyCrawler/1.0) Chrome/120.0.6099.216 Safari/605.1.15"
216.244.66.203 - - [20/Jun/2024:14:49:46 +0200] "GET /robots.txt HTTP/1.1" 404 1181 "-" "Mozilla/5.0 (compatible; DotBot/1.2; +https://opensiteexplorer.org/dotbot; help@moz.com)"
216.244.66.203 - - [20/Jun/2024:14:54:19 +0200] "GET /pmwiki/pmwiki.php/Main/Feb08PR?action=edit HTTP/1.1" 200 12386 "-" "Mozilla/5.0 (compatible; DotBot/1.2; +https://opensiteexplorer.org/dotbot; help@moz.com)"
216.244.66.203 - - [20/Jun/2024:14:58:11 +0200] "GET /pmwiki/pmwiki.php/Profiles/Leforditando?action=edit HTTP/1.1" 200 12530 "-" "Mozilla/5.0 (compatible; DotBot/1.2; +https://opensiteexplorer.org/dotbot; help@moz.com)"
54.36.148.95 - - [20/Jun/2024:14:59:00 +0200] "GET /pmwiki/pmwiki.php/Main/DRM?action=upload HTTP/1.1" 200 12198 "-" "Mozilla/5.0 (compatible; AhrefsBot/7.0; +http://ahrefs.com/robot/)"
216.244.66.203 - - [20/Jun/2024:15:01:07 +0200] "GET /pmwiki/pmwiki.php/Main/AzEUBizotts%E1gaL%E1bbalTiporjaADemokr%E1ci%E1t?action=upload HTTP/1.1" 200 12886 "-" "Mozilla/5.0 (compatible; DotBot/1.2; +https://opensiteexplorer.org/dotbot; help@moz.com)"
216.244.66.203 - - [20/Jun/2024:15:04:50 +0200] "GET /pmwiki/pmwiki.php/PmWiki/Security?action=edit HTTP/1.1" 200 12437 "-" "Mozilla/5.0 (compatible; DotBot/1.2; +https://opensiteexplorer.org/dotbot; help@moz.com)"
216.244.66.203 - - [20/Jun/2024:15:11:33 +0200] "GET /pmwiki/pmwiki.php/Main/HomePage?action=edit&restore=diff:1110531268:1110525409:&preview=y HTTP/1.1" 200 12447 "-" "Mozilla/5.0 (compatible; DotBot/1.2; +https://opensiteexplorer.org/dotbot; help@moz.com)"
216.244.66.203 - - [20/Jun/2024:15:11:38 +0200] "GET /pmwiki/pmwiki.php/PmWiki/Upgrades?action=upload HTTP/1.1" 200 12315 "-" "Mozilla/5.0 (compatible; DotBot/1.2; +https://opensiteexplorer.org/dotbot; help@moz.com)"
44.214.187.82 - - [20/Jun/2024:15:38:21 +0200] "GET /robots.txt HTTP/1.1" 404 1181 "-" "-"
44.214.187.82 - - [20/Jun/2024:15:38:22 +0200] "GET /pmwiki/pmwiki.php/Main/BMEKonferencia?action=print HTTP/1.1" 200 5262 "-" "Mozilla/5.0 (Windows NT 10.0; Win64; x64) AppleWebKit/605.1.15 (KHTML, like Gecko; compatible; FriendlyCrawler/1.0) Chrome/120.0.6099.216 Safari/605.1.15"
54.36.148.11 - - [20/Jun/2024:15:38:47 +0200] "GET /pmwiki/pmwiki.php/Main/DRM?action=diff HTTP/1.1" 200 91419 "-" "Mozilla/5.0 (compatible; AhrefsBot/7.0; +http://ahrefs.com/robot/)"
110.249.202.164 - - [20/Jun/2024:15:43:20 +0200] "GET /robots.txt HTTP/1.1" 404 1181 "-" "Mozilla/5.0 (Linux; Android 5.0) AppleWebKit/537.36 (KHTML, like Gecko) Mobile Safari/537.36 (compatible; Bytespider; https://zhanzhang.toutiao.com/)"
216.244.66.203 - - [20/Jun/2024:15:47:12 +0200] "GET /robots.txt HTTP/1.1" 404 1181 "-" "Mozilla/5.0 (compatible; DotBot/1.2; +https://opensiteexplorer.org/dotbot; help@moz.com)"
216.244.66.203 - - [20/Jun/2024:15:53:30 +0200] "GET /pmwiki/pmwiki.php/Main/JuriEktbEloterjesztes?action=upload HTTP/1.1" 200 12486 "-" "Mozilla/5.0 (compatible; DotBot/1.2; +https://opensiteexplorer.org/dotbot; help@moz.com)"
216.244.66.203 - - [20/Jun/2024:15:54:17 +0200] "GET /pmwiki/pmwiki.php/Main/BMEKonferencia?action=edit&restore=diff:1110548618:1110548500:&preview=y HTTP/1.1" 200 12540 "-" "Mozilla/5.0 (compatible; DotBot/1.2; +https://opensiteexplorer.org/dotbot; help@moz.com)"
216.244.66.203 - - [20/Jun/2024:15:55:53 +0200] "GET /pmwiki/pmwiki.php/Main/WikiPediaban?action=edit HTTP/1.1" 200 12463 "-" "Mozilla/5.0 (compatible; DotBot/1.2; +https://opensiteexplorer.org/dotbot; help@moz.com)"
216.244.66.203 - - [20/Jun/2024:16:03:03 +0200] "GET /pmwiki/pmwiki.php/Main/JuriVelemeny?action=edit HTTP/1.1" 200 12462 "-" "Mozilla/5.0 (compatible; DotBot/1.2; +https://opensiteexplorer.org/dotbot; help@moz.com)"
216.244.66.203 - - [20/Jun/2024:16:03:30 +0200] "GET /pmwiki/pmwiki.php/Main/Nyilatkozat?action=upload HTTP/1.1" 200 12330 "-" "Mozilla/5.0 (compatible; DotBot/1.2; +https://opensiteexplorer.org/dotbot; help@moz.com)"
54.36.148.79 - - [20/Jun/2024:16:19:24 +0200] "GET /pmwiki/pmwiki.php/Main/DRM?action=edit HTTP/1.1" 200 12318 "-" "Mozilla/5.0 (compatible; AhrefsBot/7.0; +http://ahrefs.com/robot/)"
44.214.187.82 - - [20/Jun/2024:16:29:54 +0200] "GET /pmwiki/pmwiki.php/Main/ABundestagT%e1mogatjaAzEur%f3paiParlamentet?action=print HTTP/1.1" 200 8394 "-" "Mozilla/5.0 (Windows NT 10.0; Win64; x64) AppleWebKit/605.1.15 (KHTML, like Gecko; compatible; FriendlyCrawler/1.0) Chrome/120.0.6099.216 Safari/605.1.15"
216.244.66.203 - - [20/Jun/2024:16:42:16 +0200] "GET /robots.txt HTTP/1.1" 404 1181 "-" "Mozilla/5.0 (compatible; DotBot/1.2; +https://opensiteexplorer.org/dotbot; help@moz.com)"
216.244.66.203 - - [20/Jun/2024:16:49:01 +0200] "GET /pmwiki/pmwiki.php/Main/Nyilatkozat?action=edit HTTP/1.1" 200 12450 "-" "Mozilla/5.0 (compatible; DotBot/1.2; +https://opensiteexplorer.org/dotbot; help@moz.com)"
216.244.66.203 - - [20/Jun/2024:16:49:06 +0200] "GET /pmwiki/pmwiki.php/PmWiki/GroupAttributes?action=edit HTTP/1.1" 200 12548 "-" "Mozilla/5.0 (compatible; DotBot/1.2; +https://opensiteexplorer.org/dotbot; help@moz.com)"
175.173.23.160 - - [20/Jun/2024:16:55:13 +0200] "GET /pmwiki/pmwiki.php/main/k%f6zlem%e9nye HTTP/1.1" 200 17975 "-" "Mozilla/5.0 (Linux; Android 10; HD1900 Build/QKQ1.190716.003; wv) AppleWebKit/537.36 (KHTML, like Gecko) Version/4.0 Chrome/75.0.3770.156 Mobile Safari/537.36 aweme_230400 JsSdk/1.0 NetType/WIFI AppName/aweme app_version/23.4.0 ByteLocale/zh-CN Region/CN AppSkin/white AppTheme/light BytedanceWebview/d8a21c6 WebView/075113004008"
175.173.13.74 - - [20/Jun/2024:16:55:14 +0200] "GET /pmwiki/pub/skins/gila/gila.css HTTP/1.1" 200 8887 "http://swpat.zpok.hu/pmwiki/pmwiki.php/main/k%f6zlem%e9nye" "Mozilla/5.0 (Linux; Android 10; HD1900 Build/QKQ1.190716.003; wv) AppleWebKit/537.36 (KHTML, like Gecko) Version/4.0 Chrome/75.0.3770.156 Mobile Safari/537.36 aweme_230400 JsSdk/1.0 NetType/WIFI AppName/aweme app_version/23.4.0 ByteLocale/zh-CN Region/CN AppSkin/white AppTheme/light BytedanceWebview/d8a21c6 WebView/075113004008"
216.244.66.203 - - [20/Jun/2024:16:55:17 +0200] "GET /pmwiki/pmwiki.php/PmWiki/OtherVariables?action=edit HTTP/1.1" 200 12532 "-" "Mozilla/5.0 (compatible; DotBot/1.2; +https://opensiteexplorer.org/dotbot; help@moz.com)"
54.36.148.251 - - [20/Jun/2024:17:02:03 +0200] "GET /pmwiki/pmwiki.php/Main/Nyilatkozatok?action=upload HTTP/1.1" 200 12358 "-" "Mozilla/5.0 (compatible; AhrefsBot/7.0; +http://ahrefs.com/robot/)"
44.214.187.82 - - [20/Jun/2024:17:02:19 +0200] "GET /robots.txt HTTP/1.1" 404 1181 "-" "-"
44.214.187.82 - - [20/Jun/2024:17:02:19 +0200] "GET /pmwiki/pmwiki.php/Main/ThankYouPoland?action=print HTTP/1.1" 200 4332 "-" "Mozilla/5.0 (Windows NT 10.0; Win64; x64) AppleWebKit/605.1.15 (KHTML, like Gecko; compatible; FriendlyCrawler/1.0) Chrome/120.0.6099.216 Safari/605.1.15"
216.244.66.203 - - [20/Jun/2024:17:17:10 +0200] "GET /pmwiki/pmwiki.php/Main/Minta?action=diff&source=y&minor=n HTTP/1.1" 200 15688 "-" "Mozilla/5.0 (compatible; DotBot/1.2; +https://opensiteexplorer.org/dotbot; help@moz.com)"
216.244.66.203 - - [20/Jun/2024:17:35:46 +0200] "GET /robots.txt HTTP/1.1" 404 1181 "-" "Mozilla/5.0 (compatible; DotBot/1.2; +https://opensiteexplorer.org/dotbot; help@moz.com)"
216.244.66.203 - - [20/Jun/2024:17:43:11 +0200] "GET /pmwiki/pmwiki.php/Main/2004Augusztus18?action=edit HTTP/1.1" 200 12510 "-" "Mozilla/5.0 (compatible; DotBot/1.2; +https://opensiteexplorer.org/dotbot; help@moz.com)"
216.244.66.203 - - [20/Jun/2024:17:43:16 +0200] "GET /pmwiki/pmwiki.php/Main/2004Augusztus5?action=diff HTTP/1.1" 200 16408 "-" "Mozilla/5.0 (compatible; DotBot/1.2; +https://opensiteexplorer.org/dotbot; help@moz.com)"
54.36.148.162 - - [20/Jun/2024:17:43:44 +0200] "GET /pmwiki/pmwiki.php/Main/Nyilatkozatok?action=edit HTTP/1.1" 200 12478 "-" "Mozilla/5.0 (compatible; AhrefsBot/7.0; +http://ahrefs.com/robot/)"
216.244.66.203 - - [20/Jun/2024:17:47:37 +0200] "GET /pmwiki/pmwiki.php/Main/Power?action=edit HTTP/1.1" 200 12354 "-" "Mozilla/5.0 (compatible; DotBot/1.2; +https://opensiteexplorer.org/dotbot; help@moz.com)"
54.82.80.246 - - [20/Jun/2024:17:52:01 +0200] "GET /.git/config HTTP/1.1" 404 1181 "-" "Mozilla/5.0 (Linux; U; Android 1.5; en-us; T-Mobile G1 Build/CRB43) AppleWebKit/528.5 (KHTML, like Gecko) Version/3.1.2 Mobile Safari 525.20.1"
216.244.66.203 - - [20/Jun/2024:17:54:10 +0200] "GET /pmwiki/pmwiki.php/PmWiki/LayoutVariables?action=diff HTTP/1.1" 200 12964 "-" "Mozilla/5.0 (compatible; DotBot/1.2; +https://opensiteexplorer.org/dotbot; help@moz.com)"
216.244.66.203 - - [20/Jun/2024:17:59:29 +0200] "GET /pmwiki/pmwiki.php/Main/HomePage?action=edit&restore=diff:1108754689:1108754653:&preview=y HTTP/1.1" 200 12447 "-" "Mozilla/5.0 (compatible; DotBot/1.2; +https://opensiteexplorer.org/dotbot; help@moz.com)"
216.244.66.203 - - [20/Jun/2024:18:07:56 +0200] "GET /pmwiki/pmwiki.php/Main/Feb09PR?action=print HTTP/1.1" 200 5713 "-" "Mozilla/5.0 (compatible; DotBot/1.2; +https://opensiteexplorer.org/dotbot; help@moz.com)"
216.244.66.203 - - [20/Jun/2024:18:11:39 +0200] "GET /pmwiki/pmwiki.php/PmWiki/WikiAdministrator?action=print HTTP/1.1" 200 3508 "-" "Mozilla/5.0 (compatible; DotBot/1.2; +https://opensiteexplorer.org/dotbot; help@moz.com)"
44.214.187.82 - - [20/Jun/2024:18:16:16 +0200] "GET /pmwiki/pmwiki.php/Main/AdelphiAlapokm%e1ny?action=upload HTTP/1.1" 200 12453 "-" "Mozilla/5.0 (Windows NT 10.0; Win64; x64) AppleWebKit/605.1.15 (KHTML, like Gecko; compatible; FriendlyCrawler/1.0) Chrome/120.0.6099.216 Safari/605.1.15"
54.36.148.148 - - [20/Jun/2024:18:22:13 +0200] "GET /pmwiki/pmwiki.php/Main/Tud%E1smonop%F3lium?action=edit HTTP/1.1" 200 12566 "-" "Mozilla/5.0 (compatible; AhrefsBot/7.0; +http://ahrefs.com/robot/)"
216.244.66.203 - - [20/Jun/2024:18:29:51 +0200] "GET /robots.txt HTTP/1.1" 404 1181 "-" "Mozilla/5.0 (compatible; DotBot/1.2; +https://opensiteexplorer.org/dotbot; help@moz.com)"
216.244.66.203 - - [20/Jun/2024:18:40:18 +0200] "GET /pmwiki/pmwiki.php/Profiles/Xmouse?action=edit HTTP/1.1" 200 12434 "-" "Mozilla/5.0 (compatible; DotBot/1.2; +https://opensiteexplorer.org/dotbot; help@moz.com)"
216.244.66.203 - - [20/Jun/2024:18:43:47 +0200] "GET /pmwiki/pmwiki.php/Main/Rocard?action=edit HTTP/1.1" 200 12365 "-" "Mozilla/5.0 (compatible; DotBot/1.2; +https://opensiteexplorer.org/dotbot; help@moz.com)"
44.214.187.82 - - [20/Jun/2024:18:47:55 +0200] "GET /pmwiki/pmwiki.php/Main/AdelphiAlapokm%e1ny?action=diff HTTP/1.1" 200 17542 "-" "Mozilla/5.0 (Windows NT 10.0; Win64; x64) AppleWebKit/605.1.15 (KHTML, like Gecko; compatible; FriendlyCrawler/1.0) Chrome/120.0.6099.216 Safari/605.1.15"
216.244.66.203 - - [20/Jun/2024:18:48:10 +0200] "GET /pmwiki/pmwiki.php/Main/2003M%E1jusBr%FCsszeliT%FAra?action=diff HTTP/1.1" 200 14621 "-" "Mozilla/5.0 (compatible; DotBot/1.2; +https://opensiteexplorer.org/dotbot; help@moz.com)"
216.244.66.203 - - [20/Jun/2024:18:55:46 +0200] "GET /pmwiki/pmwiki.php/Main/Marc07PR?action=diff&source=y&minor=n HTTP/1.1" 200 15617 "-" "Mozilla/5.0 (compatible; DotBot/1.2; +https://opensiteexplorer.org/dotbot; help@moz.com)"
216.244.66.203 - - [20/Jun/2024:18:55:49 +0200] "GET /pmwiki/pmwiki.php/Profiles/Eve?action=diff&source=n&minor=y HTTP/1.1" 200 12783 "-" "Mozilla/5.0 (compatible; DotBot/1.2; +https://opensiteexplorer.org/dotbot; help@moz.com)"
54.36.148.4 - - [20/Jun/2024:18:59:45 +0200] "GET /pmwiki/pmwiki.php/Main/Tud%E1smonop%F3lium?action=print HTTP/1.1" 200 7085 "-" "Mozilla/5.0 (compatible; AhrefsBot/7.0; +http://ahrefs.com/robot/)"
44.214.187.82 - - [20/Jun/2024:19:12:11 +0200] "GET /pmwiki/pmwiki.php/Main/AzIPRJavaslat?action=edit HTTP/1.1" 200 12478 "-" "Mozilla/5.0 (Windows NT 10.0; Win64; x64) AppleWebKit/605.1.15 (KHTML, like Gecko; compatible; FriendlyCrawler/1.0) Chrome/120.0.6099.216 Safari/605.1.15"
216.244.66.203 - - [20/Jun/2024:19:21:58 +0200] "GET /robots.txt HTTP/1.1" 404 1181 "-" "Mozilla/5.0 (compatible; DotBot/1.2; +https://opensiteexplorer.org/dotbot; help@moz.com)"
44.214.187.82 - - [20/Jun/2024:19:27:16 +0200] "GET /pmwiki/pmwiki.php/Main/AzIPRJavaslat?action=upload HTTP/1.1" 200 12358 "-" "Mozilla/5.0 (Windows NT 10.0; Win64; x64) AppleWebKit/605.1.15 (KHTML, like Gecko; compatible; FriendlyCrawler/1.0) Chrome/120.0.6099.216 Safari/605.1.15"
216.244.66.203 - - [20/Jun/2024:19:32:11 +0200] "GET /pmwiki/pmwiki.php/Main/Marc07PR?action=print HTTP/1.1" 200 4687 "-" "Mozilla/5.0 (compatible; DotBot/1.2; +https://opensiteexplorer.org/dotbot; help@moz.com)"
110.249.202.106 - - [20/Jun/2024:19:34:43 +0200] "GET /robots.txt HTTP/1.1" 404 1181 "-" "Mozilla/5.0 (Linux; Android 5.0) AppleWebKit/537.36 (KHTML, like Gecko) Mobile Safari/537.36 (compatible; Bytespider; https://zhanzhang.toutiao.com/)"
216.244.66.203 - - [20/Jun/2024:19:37:05 +0200] "GET /pmwiki/pmwiki.php/Main/AJelenlegiSzerzoiJogiTorveny?action=edit&restore=diff:1110742799:1110742769:&preview=y HTTP/1.1" 200 12764 "-" "Mozilla/5.0 (compatible; DotBot/1.2; +https://opensiteexplorer.org/dotbot; help@moz.com)"
44.214.187.82 - - [20/Jun/2024:19:39:37 +0200] "GET /pmwiki/pmwiki.php/Main/AzIPRJavaslat?action=diff HTTP/1.1" 200 16096 "-" "Mozilla/5.0 (Windows NT 10.0; Win64; x64) AppleWebKit/605.1.15 (KHTML, like Gecko; compatible; FriendlyCrawler/1.0) Chrome/120.0.6099.216 Safari/605.1.15"
54.36.148.13 - - [20/Jun/2024:19:53:33 +0200] "GET /pmwiki/pmwiki.php/Main/AJelenlegiSzerzoiJogiTorveny?action=print HTTP/1.1" 200 8868 "-" "Mozilla/5.0 (compatible; AhrefsBot/7.0; +http://ahrefs.com/robot/)"
66.249.64.128 - - [20/Jun/2024:19:56:17 +0200] "GET /robots.txt HTTP/1.1" 404 1181 "-" "Mozilla/5.0 (compatible; Googlebot/2.1; +http://www.google.com/bot.html)"
66.249.64.128 - - [20/Jun/2024:19:56:17 +0200] "GET /pmwiki/pmwiki.php/Main/CikkekPrivacy?action=upload HTTP/1.1" 403 30 "-" "Mozilla/5.0 (Linux; Android 6.0.1; Nexus 5X Build/MMB29P) AppleWebKit/537.36 (KHTML, like Gecko) Chrome/125.0.6422.175 Mobile Safari/537.36 (compatible; Googlebot/2.1; +http://www.google.com/bot.html)"
216.244.66.203 - - [20/Jun/2024:19:56:58 +0200] "GET /pmwiki/pmwiki.php/PmWiki/AvailableActions?action=diff HTTP/1.1" 200 12983 "-" "Mozilla/5.0 (compatible; DotBot/1.2; +https://opensiteexplorer.org/dotbot; help@moz.com)"
216.244.66.203 - - [20/Jun/2024:19:57:02 +0200] "GET /pmwiki/pmwiki.php/PmWiki/Links?action=edit HTTP/1.1" 200 12387 "-" "Mozilla/5.0 (compatible; DotBot/1.2; +https://opensiteexplorer.org/dotbot; help@moz.com)"
114.119.150.208 - - [20/Jun/2024:20:11:55 +0200] "GET /robots.txt HTTP/1.1" 404 1181 "-" "Mozilla/5.0 (compatible;PetalBot;+https://webmaster.petalsearch.com/site/petalbot)"
54.36.149.50 - - [20/Jun/2024:20:14:29 +0200] "GET /pmwiki/pmwiki.php/Main/Tud%E1smonop%F3lium?action=diff HTTP/1.1" 200 29474 "-" "Mozilla/5.0 (compatible; AhrefsBot/7.0; +http://ahrefs.com/robot/)"
54.36.148.37 - - [20/Jun/2024:20:35:28 +0200] "GET /pmwiki/pmwiki.php/Main/Cutts?action=edit HTTP/1.1" 200 12352 "-" "Mozilla/5.0 (compatible; AhrefsBot/7.0; +http://ahrefs.com/robot/)"
44.214.187.82 - - [20/Jun/2024:20:36:07 +0200] "GET /pmwiki/pmwiki.php/Main/RocardEp2?action=diff HTTP/1.1" 200 29492 "-" "Mozilla/5.0 (Windows NT 10.0; Win64; x64) AppleWebKit/605.1.15 (KHTML, like Gecko; compatible; FriendlyCrawler/1.0) Chrome/120.0.6099.216 Safari/605.1.15"
54.36.149.5 - - [20/Jun/2024:20:56:14 +0200] "GET /pmwiki/pmwiki.php/Main/Rocard HTTP/1.1" 200 17404 "-" "Mozilla/5.0 (compatible; AhrefsBot/7.0; +http://ahrefs.com/robot/)"
44.214.187.82 - - [20/Jun/2024:20:57:35 +0200] "GET /pmwiki/pmwiki.php/Main/Minimum?action=edit HTTP/1.1" 200 12382 "-" "Mozilla/5.0 (Windows NT 10.0; Win64; x64) AppleWebKit/605.1.15 (KHTML, like Gecko; compatible; FriendlyCrawler/1.0) Chrome/120.0.6099.216 Safari/605.1.15"
216.244.66.203 - - [20/Jun/2024:21:04:31 +0200] "GET /robots.txt HTTP/1.1" 404 1181 "-" "Mozilla/5.0 (compatible; DotBot/1.2; +https://opensiteexplorer.org/dotbot; help@moz.com)"
44.214.187.82 - - [20/Jun/2024:21:13:08 +0200] "GET /pmwiki/pmwiki.php/Main/Minimum?action=upload HTTP/1.1" 200 12262 "-" "Mozilla/5.0 (Windows NT 10.0; Win64; x64) AppleWebKit/605.1.15 (KHTML, like Gecko; compatible; FriendlyCrawler/1.0) Chrome/120.0.6099.216 Safari/605.1.15"
54.36.149.19 - - [20/Jun/2024:21:18:37 +0200] "GET /pmwiki/pmwiki.php/Main/Cutts?action=diff HTTP/1.1" 200 32499 "-" "Mozilla/5.0 (compatible; AhrefsBot/7.0; +http://ahrefs.com/robot/)"
66.249.64.128 - - [20/Jun/2024:21:22:11 +0200] "GET /pmwiki/pmwiki.php/Main/CikkekPrivacy?action=edit HTTP/1.1" 403 30 "-" "Mozilla/5.0 (Linux; Android 6.0.1; Nexus 5X Build/MMB29P) AppleWebKit/537.36 (KHTML, like Gecko) Chrome/125.0.6422.175 Mobile Safari/537.36 (compatible; Googlebot/2.1; +http://www.google.com/bot.html)"
216.244.66.203 - - [20/Jun/2024:21:31:42 +0200] "GET /pmwiki/pmwiki.php/PmWiki/WikiFarms?action=print HTTP/1.1" 200 10354 "-" "Mozilla/5.0 (compatible; DotBot/1.2; +https://opensiteexplorer.org/dotbot; help@moz.com)"
216.244.66.203 - - [20/Jun/2024:21:35:24 +0200] "GET /pmwiki/pmwiki.php/Main/HomePage?action=edit&restore=diff:1108754653:1108152658:&preview=y HTTP/1.1" 200 12447 "-" "Mozilla/5.0 (compatible; DotBot/1.2; +https://opensiteexplorer.org/dotbot; help@moz.com)"
54.36.148.165 - - [20/Jun/2024:21:41:27 +0200] "GET /pmwiki/pmwiki.php/Main/Cutts?action=print HTTP/1.1" 200 22050 "-" "Mozilla/5.0 (compatible; AhrefsBot/7.0; +http://ahrefs.com/robot/)"
44.214.187.82 - - [20/Jun/2024:21:45:15 +0200] "GET /pmwiki/pmwiki.php/Main/Marc08essay?action=edit HTTP/1.1" 200 12446 "-" "Mozilla/5.0 (Windows NT 10.0; Win64; x64) AppleWebKit/605.1.15 (KHTML, like Gecko; compatible; FriendlyCrawler/1.0) Chrome/120.0.6099.216 Safari/605.1.15"
216.244.66.203 - - [20/Jun/2024:21:58:36 +0200] "GET /robots.txt HTTP/1.1" 404 1181 "-" "Mozilla/5.0 (compatible; DotBot/1.2; +https://opensiteexplorer.org/dotbot; help@moz.com)"
44.214.187.82 - - [20/Jun/2024:22:02:04 +0200] "GET /pmwiki/pmwiki.php/Main/Marc08essay?action=upload HTTP/1.1" 200 12326 "-" "Mozilla/5.0 (Windows NT 10.0; Win64; x64) AppleWebKit/605.1.15 (KHTML, like Gecko; compatible; FriendlyCrawler/1.0) Chrome/120.0.6099.216 Safari/605.1.15"
223.72.29.73 - - [20/Jun/2024:22:02:12 +0200] "GET /pmwiki/pmwiki.php/main/k%F6zlem%E9nye HTTP/1.1" 200 17975 "-" "Mozilla/5.0 (Linux; Android 9; MI 9 Build/PKQ1.181121.001; wv) AppleWebKit/537.36 (KHTML, like Gecko) Version/4.0 Chrome/64.0.3109.125 Mobile Safari/537.36"
44.214.187.82 - - [20/Jun/2024:22:13:56 +0200] "GET /pmwiki/pmwiki.php/Main/Marc08essay?action=diff HTTP/1.1" 200 76748 "-" "Mozilla/5.0 (Windows NT 10.0; Win64; x64) AppleWebKit/605.1.15 (KHTML, like Gecko; compatible; FriendlyCrawler/1.0) Chrome/120.0.6099.216 Safari/605.1.15"
216.244.66.203 - - [20/Jun/2024:22:18:03 +0200] "GET /pmwiki/pmwiki.php/Main/Todo?action=diff&source=y&minor=n HTTP/1.1" 200 15510 "-" "Mozilla/5.0 (compatible; DotBot/1.2; +https://opensiteexplorer.org/dotbot; help@moz.com)"
44.214.187.82 - - [20/Jun/2024:22:37:08 +0200] "GET /pmwiki/pmwiki.php/Main/BMEKonferencia?action=upload HTTP/1.1" 200 12374 "-" "Mozilla/5.0 (Windows NT 10.0; Win64; x64) AppleWebKit/605.1.15 (KHTML, like Gecko; compatible; FriendlyCrawler/1.0) Chrome/120.0.6099.216 Safari/605.1.15"
44.214.187.82 - - [20/Jun/2024:22:47:14 +0200] "GET /pmwiki/pmwiki.php/Main/BMEKonferencia?action=diff HTTP/1.1" 200 76698 "-" "Mozilla/5.0 (Windows NT 10.0; Win64; x64) AppleWebKit/605.1.15 (KHTML, like Gecko; compatible; FriendlyCrawler/1.0) Chrome/120.0.6099.216 Safari/605.1.15"
216.244.66.203 - - [20/Jun/2024:22:57:33 +0200] "GET /robots.txt HTTP/1.1" 404 1181 "-" "Mozilla/5.0 (compatible; DotBot/1.2; +https://opensiteexplorer.org/dotbot; help@moz.com)"
216.244.66.203 - - [20/Jun/2024:23:05:04 +0200] "GET /pmwiki/pmwiki.php/Main/Marc07PR HTTP/1.1" 200 14243 "-" "Mozilla/5.0 (compatible; DotBot/1.2; +https://opensiteexplorer.org/dotbot; help@moz.com)"
44.214.187.82 - - [20/Jun/2024:23:10:33 +0200] "GET /pmwiki/pmwiki.php/Main/SMELie HTTP/1.1" 200 13592 "-" "Mozilla/5.0 (Windows NT 10.0; Win64; x64) AppleWebKit/605.1.15 (KHTML, like Gecko; compatible; FriendlyCrawler/1.0) Chrome/120.0.6099.216 Safari/605.1.15"
44.214.187.82 - - [20/Jun/2024:23:20:25 +0200] "GET /pmwiki/pmwiki.php/Main/ABundestagT%e1mogatjaAzEur%f3paiParlamentet?action=edit HTTP/1.1" 200 12954 "-" "Mozilla/5.0 (Windows NT 10.0; Win64; x64) AppleWebKit/605.1.15 (KHTML, like Gecko; compatible; FriendlyCrawler/1.0) Chrome/120.0.6099.216 Safari/605.1.15"
44.214.187.82 - - [20/Jun/2024:23:40:50 +0200] "GET /pmwiki/pmwiki.php/Main/ABundestagT%e1mogatjaAzEur%f3paiParlamentet?action=diff HTTP/1.1" 200 20974 "-" "Mozilla/5.0 (Windows NT 10.0; Win64; x64) AppleWebKit/605.1.15 (KHTML, like Gecko; compatible; FriendlyCrawler/1.0) Chrome/120.0.6099.216 Safari/605.1.15"
44.214.187.82 - - [20/Jun/2024:23:52:03 +0200] "GET /pmwiki/pmwiki.php/Main/McCreevy HTTP/1.1" 200 13220 "-" "Mozilla/5.0 (Windows NT 10.0; Win64; x64) AppleWebKit/605.1.15 (KHTML, like Gecko; compatible; FriendlyCrawler/1.0) Chrome/120.0.6099.216 Safari/605.1.15"
216.244.66.203 - - [20/Jun/2024:23:55:13 +0200] "GET /robots.txt HTTP/1.1" 404 1181 "-" "Mozilla/5.0 (compatible; DotBot/1.2; +https://opensiteexplorer.org/dotbot; help@moz.com)"
44.214.187.82 - - [21/Jun/2024:00:13:16 +0200] "GET /pmwiki/pmwiki.php/Main/Marc06LMEPR?action=print HTTP/1.1" 200 4457 "-" "Mozilla/5.0 (Windows NT 10.0; Win64; x64) AppleWebKit/605.1.15 (KHTML, like Gecko; compatible; FriendlyCrawler/1.0) Chrome/120.0.6099.216 Safari/605.1.15"
