216.244.66.203 - - [17/Jun/2024:04:41:55 +0200] "GET /pmwiki/pmwiki.php/PmWiki/TipsForEditing?action=upload&upname=wiki.png HTTP/1.1" 200 12428 "-" "Mozilla/5.0 (compatible; DotBot/1.2; +https://opensiteexplorer.org/dotbot; help@moz.com)"
150.230.58.58 - - [17/Jun/2024:05:00:11 +0200] "GET /inputs.php HTTP/1.1" 404 1181 "-" "Mozlila/5.0 (Linux; Android 7.0; SM-G892A Bulid/NRD90M; wv) AppleWebKit/537.36 (KHTML, like Gecko) Version/4.0 Chrome/60.0.3112.107 Moblie Safari/537.36"
150.230.58.58 - - [17/Jun/2024:05:00:16 +0200] "GET /wp-includes/inputs.php HTTP/1.1" 404 1181 "-" "Mozlila/5.0 (Linux; Android 7.0; SM-G892A Bulid/NRD90M; wv) AppleWebKit/537.36 (KHTML, like Gecko) Version/4.0 Chrome/60.0.3112.107 Moblie Safari/537.36"
150.230.58.58 - - [17/Jun/2024:05:00:19 +0200] "GET /wp-content/uploads/inputs.php HTTP/1.1" 404 1181 "-" "Mozlila/5.0 (Linux; Android 7.0; SM-G892A Bulid/NRD90M; wv) AppleWebKit/537.36 (KHTML, like Gecko) Version/4.0 Chrome/60.0.3112.107 Moblie Safari/537.36"
150.230.58.58 - - [17/Jun/2024:05:00:21 +0200] "GET /wp-content/plugins/inputs.php HTTP/1.1" 404 1181 "-" "Mozlila/5.0 (Linux; Android 7.0; SM-G892A Bulid/NRD90M; wv) AppleWebKit/537.36 (KHTML, like Gecko) Version/4.0 Chrome/60.0.3112.107 Moblie Safari/537.36"
150.230.58.58 - - [17/Jun/2024:05:00:24 +0200] "GET /wp-admin/inputs.php HTTP/1.1" 404 1181 "-" "Mozlila/5.0 (Linux; Android 7.0; SM-G892A Bulid/NRD90M; wv) AppleWebKit/537.36 (KHTML, like Gecko) Version/4.0 Chrome/60.0.3112.107 Moblie Safari/537.36"
150.230.58.58 - - [17/Jun/2024:05:00:28 +0200] "GET /images/inputs.php HTTP/1.1" 404 1181 "-" "Mozlila/5.0 (Linux; Android 7.0; SM-G892A Bulid/NRD90M; wv) AppleWebKit/537.36 (KHTML, like Gecko) Version/4.0 Chrome/60.0.3112.107 Moblie Safari/537.36"
150.230.58.58 - - [17/Jun/2024:05:00:33 +0200] "GET /.well-known/acme-challenge/inputs.php HTTP/1.1" 404 1181 "-" "Mozlila/5.0 (Linux; Android 7.0; SM-G892A Bulid/NRD90M; wv) AppleWebKit/537.36 (KHTML, like Gecko) Version/4.0 Chrome/60.0.3112.107 Moblie Safari/537.36"
150.230.58.58 - - [17/Jun/2024:05:00:37 +0200] "GET /wp-content/themes/inputs.php HTTP/1.1" 404 1181 "-" "Mozlila/5.0 (Linux; Android 7.0; SM-G892A Bulid/NRD90M; wv) AppleWebKit/537.36 (KHTML, like Gecko) Version/4.0 Chrome/60.0.3112.107 Moblie Safari/537.36"
150.230.58.58 - - [17/Jun/2024:05:00:41 +0200] "GET /wp-content/inputs.php HTTP/1.1" 404 1181 "-" "Mozlila/5.0 (Linux; Android 7.0; SM-G892A Bulid/NRD90M; wv) AppleWebKit/537.36 (KHTML, like Gecko) Version/4.0 Chrome/60.0.3112.107 Moblie Safari/537.36"
150.230.58.58 - - [17/Jun/2024:05:00:45 +0200] "GET /cgi-bin/inputs.php HTTP/1.1" 404 1181 "-" "Mozlila/5.0 (Linux; Android 7.0; SM-G892A Bulid/NRD90M; wv) AppleWebKit/537.36 (KHTML, like Gecko) Version/4.0 Chrome/60.0.3112.107 Moblie Safari/537.36"
216.244.66.203 - - [17/Jun/2024:05:09:47 +0200] "GET /robots.txt HTTP/1.1" 404 1181 "-" "Mozilla/5.0 (compatible; DotBot/1.2; +https://opensiteexplorer.org/dotbot; help@moz.com)"
216.244.66.203 - - [17/Jun/2024:05:30:04 +0200] "GET /pmwiki/pmwiki.php/PmWiki/ImagesInWikiPages?action=diff&source=y&minor=n HTTP/1.1" 200 13001 "-" "Mozilla/5.0 (compatible; DotBot/1.2; +https://opensiteexplorer.org/dotbot; help@moz.com)"
216.244.66.203 - - [17/Jun/2024:05:30:09 +0200] "GET /pmwiki/pmwiki.php/Profiles/ATraduire?action=diff&source=y&minor=n HTTP/1.1" 200 12891 "-" "Mozilla/5.0 (compatible; DotBot/1.2; +https://opensiteexplorer.org/dotbot; help@moz.com)"
54.36.148.52 - - [17/Jun/2024:05:48:34 +0200] "GET /pmwiki/pmwiki.php/Main/RocardEp2?action=diff HTTP/1.1" 200 29492 "-" "Mozilla/5.0 (compatible; AhrefsBot/7.0; +http://ahrefs.com/robot/)"
216.244.66.203 - - [17/Jun/2024:06:03:05 +0200] "GET /robots.txt HTTP/1.1" 404 1181 "-" "Mozilla/5.0 (compatible; DotBot/1.2; +https://opensiteexplorer.org/dotbot; help@moz.com)"
216.244.66.203 - - [17/Jun/2024:06:14:52 +0200] "GET /pmwiki/pmwiki.php/Main/C%E9lok?action=diff&source=y&minor=n HTTP/1.1" 200 23169 "-" "Mozilla/5.0 (compatible; DotBot/1.2; +https://opensiteexplorer.org/dotbot; help@moz.com)"
216.244.66.203 - - [17/Jun/2024:06:14:57 +0200] "GET /pmwiki/pmwiki.php/Main/Cutts?action=diff&source=n&minor=y HTTP/1.1" 200 32499 "-" "Mozilla/5.0 (compatible; DotBot/1.2; +https://opensiteexplorer.org/dotbot; help@moz.com)"
216.244.66.203 - - [17/Jun/2024:06:27:36 +0200] "GET /pmwiki/pmwiki.php/Main/C%E9lok?action=diff&source=y&minor=n HTTP/1.1" 200 23169 "-" "Mozilla/5.0 (compatible; DotBot/1.2; +https://opensiteexplorer.org/dotbot; help@moz.com)"
216.244.66.203 - - [17/Jun/2024:06:27:41 +0200] "GET /pmwiki/pmwiki.php/Main/Cutts?action=diff&source=n&minor=y HTTP/1.1" 200 32499 "-" "Mozilla/5.0 (compatible; DotBot/1.2; +https://opensiteexplorer.org/dotbot; help@moz.com)"
51.222.253.17 - - [17/Jun/2024:06:29:15 +0200] "GET /robots.txt HTTP/1.1" 404 1181 "-" "Mozilla/5.0 (compatible; AhrefsBot/7.0; +http://ahrefs.com/robot/)"
54.36.148.146 - - [17/Jun/2024:06:29:16 +0200] "GET /pmwiki/pmwiki.php/Main/ABundestagT%E1mogatjaAzEur%F3paiParlamentet?action=print HTTP/1.1" 200 8394 "-" "Mozilla/5.0 (compatible; AhrefsBot/7.0; +http://ahrefs.com/robot/)"
17.241.75.100 - - [17/Jun/2024:06:40:59 +0200] "GET /pmwiki/pmwiki.php/PmWiki/AuthorTracking HTTP/1.1" 200 13641 "-" "Mozilla/5.0 (Macintosh; Intel Mac OS X 10_15_7) AppleWebKit/605.1.15 (KHTML, like Gecko) Version/17.4 Safari/605.1.15 (Applebot/0.1; +http://www.apple.com/go/applebot)"
216.244.66.203 - - [17/Jun/2024:06:50:10 +0200] "GET /pmwiki/pmwiki.php/API/API?action=diff&source=n&minor=y HTTP/1.1" 200 12688 "-" "Mozilla/5.0 (compatible; DotBot/1.2; +https://opensiteexplorer.org/dotbot; help@moz.com)"
85.208.96.203 - - [17/Jun/2024:06:56:39 +0200] "GET /robots.txt HTTP/1.1" 404 1181 "-" "Mozilla/5.0 (compatible; SemrushBot/7~bl; +http://www.semrush.com/bot.html)"
85.208.96.195 - - [17/Jun/2024:06:56:39 +0200] "GET /pmwiki/pmwiki.php/Main/2004Augusztus5 HTTP/1.1" 200 15089 "-" "Mozilla/5.0 (compatible; SemrushBot/7~bl; +http://www.semrush.com/bot.html)"
216.244.66.203 - - [17/Jun/2024:06:56:43 +0200] "GET /pmwiki/pmwiki.php/Main/C%E9lok?action=diff&source=y&minor=n HTTP/1.1" 200 23169 "-" "Mozilla/5.0 (compatible; DotBot/1.2; +https://opensiteexplorer.org/dotbot; help@moz.com)"
216.244.66.203 - - [17/Jun/2024:06:56:49 +0200] "GET /pmwiki/pmwiki.php/Main/Cutts?action=diff&source=n&minor=y HTTP/1.1" 200 32499 "-" "Mozilla/5.0 (compatible; DotBot/1.2; +https://opensiteexplorer.org/dotbot; help@moz.com)"
54.36.148.218 - - [17/Jun/2024:07:03:19 +0200] "GET /pmwiki/pmwiki.php/Main/RocardEp2?action=print HTTP/1.1" 200 18508 "-" "Mozilla/5.0 (compatible; AhrefsBot/7.0; +http://ahrefs.com/robot/)"
85.208.96.205 - - [17/Jun/2024:07:10:48 +0200] "GET /pmwiki/pmwiki.php/Main/AJelenlegiSzerzoiJogiTorveny HTTP/1.1" 200 18664 "-" "Mozilla/5.0 (compatible; SemrushBot/7~bl; +http://www.semrush.com/bot.html)"
216.244.66.203 - - [17/Jun/2024:07:19:05 +0200] "GET /pmwiki/pmwiki.php/Main/C%E9lok?action=diff&source=y&minor=n HTTP/1.1" 200 23169 "-" "Mozilla/5.0 (compatible; DotBot/1.2; +https://opensiteexplorer.org/dotbot; help@moz.com)"
216.244.66.203 - - [17/Jun/2024:07:19:11 +0200] "GET /pmwiki/pmwiki.php/Main/Cutts?action=diff&source=n&minor=y HTTP/1.1" 200 32499 "-" "Mozilla/5.0 (compatible; DotBot/1.2; +https://opensiteexplorer.org/dotbot; help@moz.com)"
216.244.66.203 - - [17/Jun/2024:07:36:18 +0200] "GET /pmwiki/pmwiki.php/API/API?action=diff&source=n&minor=y HTTP/1.1" 200 12688 "-" "Mozilla/5.0 (compatible; DotBot/1.2; +https://opensiteexplorer.org/dotbot; help@moz.com)"
85.208.98.23 - - [17/Jun/2024:07:38:32 +0200] "GET /robots.txt HTTP/1.1" 404 1181 "-" "Mozilla/5.0 (compatible; SemrushBot-BA; +http://www.semrush.com/bot.html)"
54.36.149.89 - - [17/Jun/2024:07:44:17 +0200] "GET /pmwiki/pmwiki.php/Main/ABundestagT%E1mogatjaAzEur%F3paiParlamentet?action=diff HTTP/1.1" 200 20974 "-" "Mozilla/5.0 (compatible; AhrefsBot/7.0; +http://ahrefs.com/robot/)"
85.208.96.202 - - [17/Jun/2024:08:04:12 +0200] "GET /robots.txt HTTP/1.1" 404 1181 "-" "Mozilla/5.0 (compatible; SemrushBot/7~bl; +http://www.semrush.com/bot.html)"
85.208.96.197 - - [17/Jun/2024:08:04:12 +0200] "GET /pmwiki/pmwiki.php/Main/Befektet%E9sv%E9delem HTTP/1.1" 200 15814 "-" "Mozilla/5.0 (compatible; SemrushBot/7~bl; +http://www.semrush.com/bot.html)"
216.244.66.203 - - [17/Jun/2024:08:06:12 +0200] "GET /robots.txt HTTP/1.1" 404 1181 "-" "Mozilla/5.0 (compatible; DotBot/1.2; +https://opensiteexplorer.org/dotbot; help@moz.com)"
54.36.149.14 - - [17/Jun/2024:08:21:16 +0200] "GET /pmwiki/pmwiki.php/Main/Direkt%EDva HTTP/1.1" 200 20621 "-" "Mozilla/5.0 (compatible; AhrefsBot/7.0; +http://ahrefs.com/robot/)"
66.249.69.9 - - [17/Jun/2024:08:22:32 +0200] "GET /pmwiki/pmwiki.php/Main/Gazdas%E1giOldal?action=upload HTTP/1.1" 403 30 "-" "Mozilla/5.0 (compatible; Googlebot/2.1; +http://www.google.com/bot.html)"
31.46.22.136 - - [17/Jun/2024:08:22:33 +0200] "GET /robots.txt HTTP/1.1" 404 1181 "-" "Mozilla/5.0 (compatible; Googlebot/2.1; +http://www.google.com/bot.html)"
213.163.23.68 - - [17/Jun/2024:08:22:33 +0200] "GET /pmwiki/pmwiki.php/Main/Gazdas%E1giOldal?action=upload HTTP/1.1" 403 30 "-" "Mozilla/5.0 (compatible; Googlebot/2.1; +http://www.google.com/bot.html)"
85.208.96.199 - - [17/Jun/2024:08:30:04 +0200] "GET /pmwiki/pmwiki.php/Main/EUCD HTTP/1.1" 200 12963 "-" "Mozilla/5.0 (compatible; SemrushBot/7~bl; +http://www.semrush.com/bot.html)"
85.208.96.194 - - [17/Jun/2024:08:32:22 +0200] "GET /pmwiki/pmwiki.php/Main/SearchWiki HTTP/1.1" 200 13669 "-" "Mozilla/5.0 (compatible; SemrushBot/7~bl; +http://www.semrush.com/bot.html)"
85.208.98.23 - - [17/Jun/2024:08:34:53 +0200] "GET /robots.txt HTTP/1.1" 404 1181 "-" "Mozilla/5.0 (compatible; SemrushBot-BA; +http://www.semrush.com/bot.html)"
85.208.98.20 - - [17/Jun/2024:08:38:16 +0200] "GET /pmwiki/pmwiki.php/Main/Linkek HTTP/1.1" 200 28889 "-" "Mozilla/5.0 (compatible; SemrushBot-BA; +http://www.semrush.com/bot.html)"
54.36.149.5 - - [17/Jun/2024:08:57:56 +0200] "GET /pmwiki/pmwiki.php/Main/SzoftverSzabadalmak HTTP/1.1" 200 15057 "-" "Mozilla/5.0 (compatible; AhrefsBot/7.0; +http://ahrefs.com/robot/)"
110.249.202.163 - - [17/Jun/2024:09:11:37 +0200] "GET /robots.txt HTTP/1.1" 404 1181 "-" "Mozilla/5.0 (Linux; Android 5.0) AppleWebKit/537.36 (KHTML, like Gecko) Mobile Safari/537.36 (compatible; Bytespider; https://zhanzhang.toutiao.com/)"
216.244.66.203 - - [17/Jun/2024:09:22:05 +0200] "GET /pmwiki/pmwiki.php/Main/Google?action=edit&restore=diff:1134502574:1134209750:minor&preview=y HTTP/1.1" 200 12417 "-" "Mozilla/5.0 (compatible; DotBot/1.2; +https://opensiteexplorer.org/dotbot; help@moz.com)"
216.244.66.203 - - [17/Jun/2024:09:22:10 +0200] "GET /pmwiki/pmwiki.php/Profiles/Df?action=diff&source=n&minor=y HTTP/1.1" 200 12765 "-" "Mozilla/5.0 (compatible; DotBot/1.2; +https://opensiteexplorer.org/dotbot; help@moz.com)"
54.36.149.55 - - [17/Jun/2024:09:27:27 +0200] "GET /pmwiki/pmwiki.php/Main/ABundestagT%E1mogatjaAzEur%F3paiParlamentet?action=edit HTTP/1.1" 200 12954 "-" "Mozilla/5.0 (compatible; AhrefsBot/7.0; +http://ahrefs.com/robot/)"
185.191.171.15 - - [17/Jun/2024:09:32:07 +0200] "GET /robots.txt HTTP/1.1" 404 1181 "-" "Mozilla/5.0 (compatible; SemrushBot/7~bl; +http://www.semrush.com/bot.html)"
85.208.96.207 - - [17/Jun/2024:09:32:08 +0200] "GET /pmwiki/pmwiki.php/Main/JogiOldal HTTP/1.1" 200 26044 "-" "Mozilla/5.0 (compatible; SemrushBot/7~bl; +http://www.semrush.com/bot.html)"
153.36.14.51 - - [17/Jun/2024:09:42:13 +0200] "GET /pmwiki/pmwiki.php/main/k%f6zlem%e9nye HTTP/1.1" 200 17975 "-" "Mozilla/5.0 (Linux; Android 10; HD1900 Build/QKQ1.190716.003; wv) AppleWebKit/537.36 (KHTML, like Gecko) Version/4.0 Chrome/75.0.3770.156 Mobile Safari/537.36 aweme_230400 JsSdk/1.0 NetType/WIFI AppName/aweme app_version/23.4.0 ByteLocale/zh-CN Region/CN AppSkin/white AppTheme/light BytedanceWebview/d8a21c6 WebView/075113004008"
61.52.46.210 - - [17/Jun/2024:09:42:15 +0200] "GET /pmwiki/pub/skins/gila/gila.css HTTP/1.1" 200 8887 "http://swpat.zpok.hu/pmwiki/pmwiki.php/main/k%f6zlem%e9nye" "Mozilla/5.0 (Linux; Android 10; HD1900 Build/QKQ1.190716.003; wv) AppleWebKit/537.36 (KHTML, like Gecko) Version/4.0 Chrome/75.0.3770.156 Mobile Safari/537.36 aweme_230400 JsSdk/1.0 NetType/WIFI AppName/aweme app_version/23.4.0 ByteLocale/zh-CN Region/CN AppSkin/white AppTheme/light BytedanceWebview/d8a21c6 WebView/075113004008"
216.244.66.203 - - [17/Jun/2024:09:48:15 +0200] "GET /pmwiki/pmwiki.php/Main/Google?action=edit&restore=diff:1134502574:1134209750:minor&preview=y HTTP/1.1" 200 12417 "-" "Mozilla/5.0 (compatible; DotBot/1.2; +https://opensiteexplorer.org/dotbot; help@moz.com)"
216.244.66.203 - - [17/Jun/2024:09:48:21 +0200] "GET /pmwiki/pmwiki.php/Profiles/Df?action=diff&source=n&minor=y HTTP/1.1" 200 12765 "-" "Mozilla/5.0 (compatible; DotBot/1.2; +https://opensiteexplorer.org/dotbot; help@moz.com)"
216.244.66.203 - - [17/Jun/2024:09:53:26 +0200] "GET /pmwiki/pmwiki.php/Main/Mintalevel0509?action=diff&source=n&minor=y HTTP/1.1" 200 23141 "-" "Mozilla/5.0 (compatible; DotBot/1.2; +https://opensiteexplorer.org/dotbot; help@moz.com)"
40.77.167.38 - - [17/Jun/2024:10:04:57 +0200] "GET /sitemap.xml HTTP/1.1" 404 1181 "-" "Mozilla/5.0 AppleWebKit/537.36 (KHTML, like Gecko; compatible; bingbot/2.0; +http://www.bing.com/bingbot.htm) Chrome/116.0.1938.76 Safari/537.36"
54.36.149.40 - - [17/Jun/2024:10:14:46 +0200] "GET /pmwiki/pmwiki.php/Main/Nyilatkozat?action=upload HTTP/1.1" 200 12330 "-" "Mozilla/5.0 (compatible; AhrefsBot/7.0; +http://ahrefs.com/robot/)"
216.244.66.203 - - [17/Jun/2024:10:16:31 +0200] "GET /robots.txt HTTP/1.1" 404 1181 "-" "Mozilla/5.0 (compatible; DotBot/1.2; +https://opensiteexplorer.org/dotbot; help@moz.com)"
216.244.66.203 - - [17/Jun/2024:10:37:30 +0200] "GET /pmwiki/pmwiki.php/Main/Damokl%E9szKardjaLebegAMagyarSzoftveriparFelett?action=print HTTP/1.1" 200 6075 "-" "Mozilla/5.0 (compatible; DotBot/1.2; +https://opensiteexplorer.org/dotbot; help@moz.com)"
47.128.48.140 - - [17/Jun/2024:10:42:20 +0200] "GET /pmwiki/pmwiki.php/PmWiki/CustomMarkup?action=print HTTP/1.1" 200 8313 "-" "Mozilla/5.0 (Linux; Android 5.0) AppleWebKit/537.36 (KHTML, like Gecko) Mobile Safari/537.36 (compatible; Bytespider; spider-feedback@bytedance.com)"
47.128.48.140 - - [17/Jun/2024:10:42:21 +0200] "GET /pmwiki/pub/skins/print/print.css HTTP/1.1" 200 1598 "http://swpat.zpok.hu/pmwiki/pmwiki.php/PmWiki/CustomMarkup?action=print" "Mozilla/5.0 (Linux; Android 5.0) AppleWebKit/537.36 (KHTML, like Gecko) Mobile Safari/537.36 (compatible; Bytespider; spider-feedback@bytedance.com)"
47.128.43.157 - - [17/Jun/2024:10:46:20 +0200] "GET /robots.txt HTTP/1.1" 404 1181 "-" "Mozilla/5.0 (Linux; Android 5.0) AppleWebKit/537.36 (KHTML, like Gecko) Mobile Safari/537.36 (compatible; Bytespider; spider-feedback@bytedance.com)"
108.173.241.66 - - [17/Jun/2024:10:50:20 +0200] "GET /robots.txt HTTP/1.1" 404 1181 "-" "Mozilla/5.0 (Linux; Android 8.0; Pixel 2 Build/OPD3.170816.012) AppleWebKit/537.36 (KHTML, like Gecko) Chrome/43.0.6980.1249 Mobile Safari/537.36"
40.77.167.35 - - [17/Jun/2024:10:53:01 +0200] "GET /sitemap.xml HTTP/1.1" 404 1181 "-" "Mozilla/5.0 AppleWebKit/537.36 (KHTML, like Gecko; compatible; bingbot/2.0; +http://www.bing.com/bingbot.htm) Chrome/116.0.1938.76 Safari/537.36"
47.128.118.41 - - [17/Jun/2024:10:54:18 +0200] "GET /robots.txt HTTP/1.1" 404 1181 "-" "Mozilla/5.0 (Linux; Android 5.0) AppleWebKit/537.36 (KHTML, like Gecko) Mobile Safari/537.36 (compatible; Bytespider; spider-feedback@bytedance.com)"
216.244.66.203 - - [17/Jun/2024:10:57:05 +0200] "GET /pmwiki/pmwiki.php/Main/Damokl%E9szKardjaLebegAMagyarSzoftveriparFelett?action=print HTTP/1.1" 200 6075 "-" "Mozilla/5.0 (compatible; DotBot/1.2; +https://opensiteexplorer.org/dotbot; help@moz.com)"
129.222.137.229 - - [17/Jun/2024:10:58:23 +0200] "GET /robots.txt HTTP/1.1" 404 1181 "-" "Mozilla/5.0 (Linux; Android 6.0; Nexus 5 Build/MRA58N) AppleWebKit/537.36 (KHTML, like Gecko) Chrome/48.0.3556.1340 Mobile Safari/537.36"
54.36.148.237 - - [17/Jun/2024:11:02:44 +0200] "GET /pmwiki/pmwiki.php/Main/Nyilatkozat?action=print HTTP/1.1" 200 8881 "-" "Mozilla/5.0 (compatible; AhrefsBot/7.0; +http://ahrefs.com/robot/)"
66.249.69.9 - - [17/Jun/2024:11:21:42 +0200] "GET /pmwiki/pmwiki.php/Main/HeringgelMegval%F3s%EDtottTal%E1lm%E1nyok HTTP/1.1" 200 18448 "-" "Mozilla/5.0 (Linux; Android 6.0.1; Nexus 5X Build/MMB29P) AppleWebKit/537.36 (KHTML, like Gecko) Chrome/125.0.6422.175 Mobile Safari/537.36 (compatible; Googlebot/2.1; +http://www.google.com/bot.html)"
216.244.66.203 - - [17/Jun/2024:11:21:48 +0200] "GET /pmwiki/pmwiki.php/Main/Damokl%E9szKardjaLebegAMagyarSzoftveriparFelett?action=print HTTP/1.1" 200 6075 "-" "Mozilla/5.0 (compatible; DotBot/1.2; +https://opensiteexplorer.org/dotbot; help@moz.com)"
54.36.149.78 - - [17/Jun/2024:11:55:22 +0200] "GET /pmwiki/pmwiki.php/Main/ATan%E1cs%C9rdembenT%E1rgyalhatASzoftverszabadalmiDirekt%EDv%E1r%F3l?action=print HTTP/1.1" 200 8015 "-" "Mozilla/5.0 (compatible; AhrefsBot/7.0; +http://ahrefs.com/robot/)"
54.36.148.5 - - [17/Jun/2024:12:51:28 +0200] "GET /pmwiki/pmwiki.php/Main/BMEKonferencia?action=edit HTTP/1.1" 200 12494 "-" "Mozilla/5.0 (compatible; AhrefsBot/7.0; +http://ahrefs.com/robot/)"
110.249.201.81 - - [17/Jun/2024:12:52:02 +0200] "GET /robots.txt HTTP/1.1" 404 1181 "-" "Mozilla/5.0 (Linux; Android 5.0) AppleWebKit/537.36 (KHTML, like Gecko) Mobile Safari/537.36 (compatible; Bytespider; https://zhanzhang.toutiao.com/)"
216.244.66.203 - - [17/Jun/2024:13:12:19 +0200] "GET /robots.txt HTTP/1.1" 404 1181 "-" "Mozilla/5.0 (compatible; DotBot/1.2; +https://opensiteexplorer.org/dotbot; help@moz.com)"
198.235.24.50 - - [17/Jun/2024:13:20:56 +0200] "GET / HTTP/1.1" 302 5 "-" "-"
198.235.24.50 - - [17/Jun/2024:13:20:59 +0200] "GET /pmwiki/pmwiki.php HTTP/1.1" 200 37269 "http://195.56.55.225:80/" "-"
216.244.66.203 - - [17/Jun/2024:13:28:28 +0200] "GET /pmwiki/pmwiki.php/Main/JuriVelemeny?action=edit&restore=diff:1118535665:1118535555:&preview=y HTTP/1.1" 200 12508 "-" "Mozilla/5.0 (compatible; DotBot/1.2; +https://opensiteexplorer.org/dotbot; help@moz.com)"
54.36.148.153 - - [17/Jun/2024:13:44:46 +0200] "GET /pmwiki/pmwiki.php/Main/RocardEp2 HTTP/1.1" 200 28076 "-" "Mozilla/5.0 (compatible; AhrefsBot/7.0; +http://ahrefs.com/robot/)"
216.244.66.203 - - [17/Jun/2024:13:50:42 +0200] "GET /pmwiki/pmwiki.php/Main/JuriVelemeny?action=edit&restore=diff:1118535665:1118535555:&preview=y HTTP/1.1" 200 12508 "-" "Mozilla/5.0 (compatible; DotBot/1.2; +https://opensiteexplorer.org/dotbot; help@moz.com)"
216.244.66.203 - - [17/Jun/2024:14:11:49 +0200] "GET /pmwiki/pmwiki.php/Main/JuriVelemeny?action=edit&restore=diff:1118535665:1118535555:&preview=y HTTP/1.1" 200 12508 "-" "Mozilla/5.0 (compatible; DotBot/1.2; +https://opensiteexplorer.org/dotbot; help@moz.com)"
216.244.66.203 - - [17/Jun/2024:14:52:02 +0200] "GET /robots.txt HTTP/1.1" 404 1181 "-" "Mozilla/5.0 (compatible; DotBot/1.2; +https://opensiteexplorer.org/dotbot; help@moz.com)"
216.244.66.203 - - [17/Jun/2024:14:59:40 +0200] "GET /pmwiki/pmwiki.php/Main/Marc06LMEPR?action=upload HTTP/1.1" 200 12327 "-" "Mozilla/5.0 (compatible; DotBot/1.2; +https://opensiteexplorer.org/dotbot; help@moz.com)"
216.244.66.203 - - [17/Jun/2024:15:03:48 +0200] "GET /pmwiki/pmwiki.php/Main/Marc06LMEPR?action=edit&restore=diff:1110528765:1110528765:&preview=y HTTP/1.1" 200 12493 "-" "Mozilla/5.0 (compatible; DotBot/1.2; +https://opensiteexplorer.org/dotbot; help@moz.com)"
216.244.66.203 - - [17/Jun/2024:15:06:52 +0200] "GET /pmwiki/pmwiki.php/Main/Cikkek?action=edit&restore=diff:1107864259:1107864259:&preview=y HTTP/1.1" 200 12417 "-" "Mozilla/5.0 (compatible; DotBot/1.2; +https://opensiteexplorer.org/dotbot; help@moz.com)"
216.244.66.203 - - [17/Jun/2024:15:07:07 +0200] "GET /pmwiki/pmwiki.php/Main/HarcT%EDzITSzabadalomEllen?action=diff HTTP/1.1" 200 16498 "-" "Mozilla/5.0 (compatible; DotBot/1.2; +https://opensiteexplorer.org/dotbot; help@moz.com)"
216.244.66.203 - - [17/Jun/2024:15:23:23 +0200] "GET /pmwiki/pmwiki.php/Main/Marc06LMEPR?action=upload HTTP/1.1" 200 12327 "-" "Mozilla/5.0 (compatible; DotBot/1.2; +https://opensiteexplorer.org/dotbot; help@moz.com)"
216.244.66.203 - - [17/Jun/2024:15:27:13 +0200] "GET /pmwiki/pmwiki.php/Main/Marc06LMEPR?action=edit&restore=diff:1110528765:1110528765:&preview=y HTTP/1.1" 200 12493 "-" "Mozilla/5.0 (compatible; DotBot/1.2; +https://opensiteexplorer.org/dotbot; help@moz.com)"
216.244.66.203 - - [17/Jun/2024:15:30:46 +0200] "GET /pmwiki/pmwiki.php/Main/Cikkek?action=edit&restore=diff:1107864259:1107864259:&preview=y HTTP/1.1" 200 12417 "-" "Mozilla/5.0 (compatible; DotBot/1.2; +https://opensiteexplorer.org/dotbot; help@moz.com)"
216.244.66.203 - - [17/Jun/2024:15:30:53 +0200] "GET /pmwiki/pmwiki.php/Main/HarcT%EDzITSzabadalomEllen?action=diff HTTP/1.1" 200 16498 "-" "Mozilla/5.0 (compatible; DotBot/1.2; +https://opensiteexplorer.org/dotbot; help@moz.com)"
110.249.201.72 - - [17/Jun/2024:15:58:35 +0200] "GET /robots.txt HTTP/1.1" 404 1181 "-" "Mozilla/5.0 (Linux; Android 5.0) AppleWebKit/537.36 (KHTML, like Gecko) Mobile Safari/537.36 (compatible; Bytespider; https://zhanzhang.toutiao.com/)"
216.244.66.203 - - [17/Jun/2024:16:09:10 +0200] "GET /robots.txt HTTP/1.1" 404 1181 "-" "Mozilla/5.0 (compatible; DotBot/1.2; +https://opensiteexplorer.org/dotbot; help@moz.com)"
216.244.66.203 - - [17/Jun/2024:16:19:24 +0200] "GET /pmwiki/pmwiki.php/PmWiki/InterMap?action=print HTTP/1.1" 200 4938 "-" "Mozilla/5.0 (compatible; DotBot/1.2; +https://opensiteexplorer.org/dotbot; help@moz.com)"
54.36.148.70 - - [17/Jun/2024:16:23:13 +0200] "GET /pmwiki/pmwiki.php/Main/Cutts HTTP/1.1" 200 31570 "-" "Mozilla/5.0 (compatible; AhrefsBot/7.0; +http://ahrefs.com/robot/)"
216.244.66.203 - - [17/Jun/2024:16:37:58 +0200] "GET /pmwiki/pmwiki.php/PmWiki/GroupAttributes?action=diff HTTP/1.1" 200 12965 "-" "Mozilla/5.0 (compatible; DotBot/1.2; +https://opensiteexplorer.org/dotbot; help@moz.com)"
216.244.66.203 - - [17/Jun/2024:16:43:32 +0200] "GET /pmwiki/pmwiki.php/PmWiki/InterMap?action=print HTTP/1.1" 200 4938 "-" "Mozilla/5.0 (compatible; DotBot/1.2; +https://opensiteexplorer.org/dotbot; help@moz.com)"
216.244.66.203 - - [17/Jun/2024:16:57:41 +0200] "GET /pmwiki/pmwiki.php/PmWiki/GroupAttributes?action=diff HTTP/1.1" 200 12965 "-" "Mozilla/5.0 (compatible; DotBot/1.2; +https://opensiteexplorer.org/dotbot; help@moz.com)"
54.36.148.55 - - [17/Jun/2024:17:06:26 +0200] "GET /pmwiki/pmwiki.php/Main/Cache HTTP/1.1" 200 16452 "-" "Mozilla/5.0 (compatible; AhrefsBot/7.0; +http://ahrefs.com/robot/)"
44.214.187.82 - - [17/Jun/2024:17:07:33 +0200] "GET /pmwiki/pmwiki.php/PmWiki/BasicVariables HTTP/1.1" 200 18828 "-" "Mozilla/5.0 (Windows NT 10.0; Win64; x64) AppleWebKit/605.1.15 (KHTML, like Gecko; compatible; FriendlyCrawler/1.0) Chrome/120.0.6099.216 Safari/605.1.15"
216.244.66.203 - - [17/Jun/2024:17:14:48 +0200] "GET /pmwiki/pmwiki.php/PmWiki/InterMap?action=print HTTP/1.1" 200 4938 "-" "Mozilla/5.0 (compatible; DotBot/1.2; +https://opensiteexplorer.org/dotbot; help@moz.com)"
216.244.66.203 - - [17/Jun/2024:17:27:20 +0200] "GET /pmwiki/pmwiki.php/PmWiki/GroupAttributes?action=diff HTTP/1.1" 200 12965 "-" "Mozilla/5.0 (compatible; DotBot/1.2; +https://opensiteexplorer.org/dotbot; help@moz.com)"
216.244.66.203 - - [17/Jun/2024:17:34:49 +0200] "GET /pmwiki/pmwiki.php/PmWiki/CustomWikiStyles?action=diff HTTP/1.1" 200 12982 "-" "Mozilla/5.0 (compatible; DotBot/1.2; +https://opensiteexplorer.org/dotbot; help@moz.com)"
54.36.148.165 - - [17/Jun/2024:17:54:13 +0200] "GET /pmwiki/pmwiki.php/Main/ABundestagT%E1mogatjaAzEur%F3paiParlamentet?action=upload HTTP/1.1" 200 12834 "-" "Mozilla/5.0 (compatible; AhrefsBot/7.0; +http://ahrefs.com/robot/)"
216.244.66.203 - - [17/Jun/2024:17:55:20 +0200] "GET /robots.txt HTTP/1.1" 404 1181 "-" "Mozilla/5.0 (compatible; DotBot/1.2; +https://opensiteexplorer.org/dotbot; help@moz.com)"
216.244.66.203 - - [17/Jun/2024:18:00:42 +0200] "GET /pmwiki/pmwiki.php/PmWiki/ChangeLog?action=upload&upname=wiki.png HTTP/1.1" 200 12347 "-" "Mozilla/5.0 (compatible; DotBot/1.2; +https://opensiteexplorer.org/dotbot; help@moz.com)"
216.244.66.203 - - [17/Jun/2024:18:16:32 +0200] "GET /pmwiki/pmwiki.php/Main/CenZored?action=edit HTTP/1.1" 200 12402 "-" "Mozilla/5.0 (compatible; DotBot/1.2; +https://opensiteexplorer.org/dotbot; help@moz.com)"
159.138.108.179 - - [17/Jun/2024:18:18:26 +0200] "GET /pmwiki/pmwiki.php/Main/Cutts?action=diff HTTP/1.1" 200 32499 "-" "Mozilla/5.0 (Windows NT 10.0; Win64; x64) AppleWebKit/537.36 (KHTML, like Gecko) Chrome/110.0.0.0 Safari/537.36"
216.244.66.203 - - [17/Jun/2024:18:22:48 +0200] "GET /pmwiki/pmwiki.php/Main/JuriHPOEloterjesztes?action=upload HTTP/1.1" 200 12470 "-" "Mozilla/5.0 (compatible; DotBot/1.2; +https://opensiteexplorer.org/dotbot; help@moz.com)"
216.244.66.203 - - [17/Jun/2024:18:22:52 +0200] "GET /pmwiki/pmwiki.php/PmWiki/CreatingNewPages?action=edit HTTP/1.1" 200 12565 "-" "Mozilla/5.0 (compatible; DotBot/1.2; +https://opensiteexplorer.org/dotbot; help@moz.com)"
216.244.66.203 - - [17/Jun/2024:18:25:55 +0200] "GET /pmwiki/pmwiki.php/Main/AllRecentChanges?action=diff HTTP/1.1" 200 12941 "-" "Mozilla/5.0 (compatible; DotBot/1.2; +https://opensiteexplorer.org/dotbot; help@moz.com)"
216.244.66.203 - - [17/Jun/2024:18:26:23 +0200] "GET /pmwiki/pmwiki.php/PmWiki/UploadsAdmin?action=diff HTTP/1.1" 200 12910 "-" "Mozilla/5.0 (compatible; DotBot/1.2; +https://opensiteexplorer.org/dotbot; help@moz.com)"
216.244.66.203 - - [17/Jun/2024:18:27:13 +0200] "GET /pmwiki/pmwiki.php/PmWiki/WikiPage?action=upload HTTP/1.1" 200 12316 "-" "Mozilla/5.0 (compatible; DotBot/1.2; +https://opensiteexplorer.org/dotbot; help@moz.com)"
216.244.66.203 - - [17/Jun/2024:18:27:48 +0200] "GET /pmwiki/pmwiki.php/Profiles/ATraduire?action=diff HTTP/1.1" 200 12891 "-" "Mozilla/5.0 (compatible; DotBot/1.2; +https://opensiteexplorer.org/dotbot; help@moz.com)"
54.36.148.222 - - [17/Jun/2024:18:40:11 +0200] "GET /robots.txt HTTP/1.1" 404 1181 "-" "Mozilla/5.0 (compatible; AhrefsBot/7.0; +http://ahrefs.com/robot/)"
54.36.148.147 - - [17/Jun/2024:18:40:12 +0200] "GET /pmwiki/pmwiki.php/Emeltdijas/Hu?action=print HTTP/1.1" 200 3447 "-" "Mozilla/5.0 (compatible; AhrefsBot/7.0; +http://ahrefs.com/robot/)"
54.223.31.5 - - [17/Jun/2024:18:40:22 +0200] "GET /pmwiki/pmwiki.php/main/k%f6zlem%e9nye HTTP/1.1" 200 17975 "-" "Mozilla/5.0 (iPhone; CPU iPhone OS 11_0 like Mac OS X) AppleWebKit/537.36 (KHTML, like Gecko) Chrome/39.0.7014.1694 Mobile Safari/537.36"
54.223.31.5 - - [17/Jun/2024:18:40:22 +0200] "GET /pmwiki/pub/skins/gila/gila.css HTTP/1.1" 200 8887 "http://swpat.zpok.hu/pmwiki/pmwiki.php/main/k%f6zlem%e9nye" "Mozilla/5.0 (iPhone; CPU iPhone OS 11_0 like Mac OS X) AppleWebKit/537.36 (KHTML, like Gecko) Chrome/39.0.7014.1694 Mobile Safari/537.36"
223.214.247.195 - - [17/Jun/2024:18:40:29 +0200] "GET /pmwiki/pmwiki.php/main/k%f6zlem%e9nye HTTP/1.1" 200 17975 "-" "Mozilla/5.0 (Linux; Android 10; HD1900 Build/QKQ1.190716.003; wv) AppleWebKit/537.36 (KHTML, like Gecko) Version/4.0 Chrome/75.0.3770.156 Mobile Safari/537.36 aweme_230400 JsSdk/1.0 NetType/WIFI AppName/aweme app_version/23.4.0 ByteLocale/zh-CN Region/CN AppSkin/white AppTheme/light BytedanceWebview/d8a21c6 WebView/075113004008"
180.104.158.74 - - [17/Jun/2024:18:40:30 +0200] "GET /pmwiki/pub/skins/gila/gila.css HTTP/1.1" 200 8887 "http://swpat.zpok.hu/pmwiki/pmwiki.php/main/k%f6zlem%e9nye" "Mozilla/5.0 (Linux; Android 10; HD1900 Build/QKQ1.190716.003; wv) AppleWebKit/537.36 (KHTML, like Gecko) Version/4.0 Chrome/75.0.3770.156 Mobile Safari/537.36 aweme_230400 JsSdk/1.0 NetType/WIFI AppName/aweme app_version/23.4.0 ByteLocale/zh-CN Region/CN AppSkin/white AppTheme/light BytedanceWebview/d8a21c6 WebView/075113004008"
216.244.66.203 - - [17/Jun/2024:18:45:41 +0200] "GET /robots.txt HTTP/1.1" 404 1181 "-" "Mozilla/5.0 (compatible; DotBot/1.2; +https://opensiteexplorer.org/dotbot; help@moz.com)"
52.167.144.166 - - [17/Jun/2024:18:46:25 +0200] "GET /pmwiki/pmwiki.php/Main/JogiOldal HTTP/1.1" 200 26044 "-" "Mozilla/5.0 AppleWebKit/537.36 (KHTML, like Gecko; compatible; bingbot/2.0; +http://www.bing.com/bingbot.htm) Chrome/116.0.1938.76 Safari/537.36"
52.167.144.166 - - [17/Jun/2024:18:47:23 +0200] "GET /pmwiki/pub/skins/gila/gila.css HTTP/1.1" 200 8887 "-" "Mozilla/5.0 AppleWebKit/537.36 (KHTML, like Gecko; compatible; bingbot/2.0; +http://www.bing.com/bingbot.htm) Chrome/116.0.1938.76 Safari/537.36"
216.244.66.203 - - [17/Jun/2024:18:52:12 +0200] "GET /pmwiki/pmwiki.php/Main/Feb08PR?action=diff HTTP/1.1" 200 20619 "-" "Mozilla/5.0 (compatible; DotBot/1.2; +https://opensiteexplorer.org/dotbot; help@moz.com)"
216.244.66.203 - - [17/Jun/2024:18:52:27 +0200] "GET /pmwiki/pmwiki.php/Main/SideBar?action=edit&restore=diff:1120083552:1120082784:&preview=y HTTP/1.1" 200 12430 "-" "Mozilla/5.0 (compatible; DotBot/1.2; +https://opensiteexplorer.org/dotbot; help@moz.com)"
216.244.66.203 - - [17/Jun/2024:18:58:39 +0200] "GET /pmwiki/pmwiki.php/Main/Bitem0304?action=diff HTTP/1.1" 200 28044 "-" "Mozilla/5.0 (compatible; DotBot/1.2; +https://opensiteexplorer.org/dotbot; help@moz.com)"
216.244.66.203 - - [17/Jun/2024:19:08:12 +0200] "GET /pmwiki/pmwiki.php/Main/Feb08PR?action=diff HTTP/1.1" 200 20619 "-" "Mozilla/5.0 (compatible; DotBot/1.2; +https://opensiteexplorer.org/dotbot; help@moz.com)"
216.244.66.203 - - [17/Jun/2024:19:08:19 +0200] "GET /pmwiki/pmwiki.php/Main/SideBar?action=edit&restore=diff:1120083552:1120082784:&preview=y HTTP/1.1" 200 12430 "-" "Mozilla/5.0 (compatible; DotBot/1.2; +https://opensiteexplorer.org/dotbot; help@moz.com)"
216.244.66.203 - - [17/Jun/2024:19:09:51 +0200] "GET /pmwiki/pmwiki.php/Main/Bitem0304?action=diff HTTP/1.1" 200 28044 "-" "Mozilla/5.0 (compatible; DotBot/1.2; +https://opensiteexplorer.org/dotbot; help@moz.com)"
216.244.66.203 - - [17/Jun/2024:19:14:44 +0200] "GET /pmwiki/pmwiki.php/Main/2005M%E1rciusiNyilatkozat?action=edit HTTP/1.1" 200 12666 "-" "Mozilla/5.0 (compatible; DotBot/1.2; +https://opensiteexplorer.org/dotbot; help@moz.com)"
216.244.66.203 - - [17/Jun/2024:19:15:28 +0200] "GET /pmwiki/pmwiki.php/Main/BillGates%C9sM%E1sKommunist%E1k?action=upload HTTP/1.1" 200 12638 "-" "Mozilla/5.0 (compatible; DotBot/1.2; +https://opensiteexplorer.org/dotbot; help@moz.com)"
216.244.66.203 - - [17/Jun/2024:19:18:57 +0200] "GET /pmwiki/pmwiki.php/Main/2004Szeptember1?action=upload HTTP/1.1" 200 12390 "-" "Mozilla/5.0 (compatible; DotBot/1.2; +https://opensiteexplorer.org/dotbot; help@moz.com)"
54.36.148.232 - - [17/Jun/2024:19:21:02 +0200] "GET /pmwiki/pmwiki.php/Main/Telefonon HTTP/1.1" 200 16251 "-" "Mozilla/5.0 (compatible; AhrefsBot/7.0; +http://ahrefs.com/robot/)"
216.244.66.203 - - [17/Jun/2024:19:25:29 +0200] "GET /pmwiki/pmwiki.php/PmWiki/WikiGroup?action=upload HTTP/1.1" 200 12331 "-" "Mozilla/5.0 (compatible; DotBot/1.2; +https://opensiteexplorer.org/dotbot; help@moz.com)"
216.244.66.203 - - [17/Jun/2024:19:56:19 +0200] "GET /robots.txt HTTP/1.1" 404 1181 "-" "Mozilla/5.0 (compatible; DotBot/1.2; +https://opensiteexplorer.org/dotbot; help@moz.com)"
111.225.149.219 - - [17/Jun/2024:19:57:54 +0200] "GET /robots.txt HTTP/1.1" 404 1181 "-" "Mozilla/5.0 (Linux; Android 5.0) AppleWebKit/537.36 (KHTML, like Gecko) Mobile Safari/537.36 (compatible; Bytespider; https://zhanzhang.toutiao.com/)"
216.244.66.203 - - [17/Jun/2024:20:14:06 +0200] "GET /pmwiki/pmwiki.php/Main/RocardEp2?action=diff HTTP/1.1" 200 29492 "-" "Mozilla/5.0 (compatible; DotBot/1.2; +https://opensiteexplorer.org/dotbot; help@moz.com)"
52.230.152.180 - - [17/Jun/2024:20:17:59 +0200] "GET /robots.txt HTTP/1.1" 404 1181 "-" "Mozilla/5.0 AppleWebKit/537.36 (KHTML, like Gecko; compatible; GPTBot/1.0; +https://openai.com/gptbot)"
216.244.66.203 - - [17/Jun/2024:20:22:40 +0200] "GET /pmwiki/pmwiki.php/PmWiki/ChangeLog?action=diff HTTP/1.1" 200 12856 "-" "Mozilla/5.0 (compatible; DotBot/1.2; +https://opensiteexplorer.org/dotbot; help@moz.com)"
216.244.66.203 - - [17/Jun/2024:20:27:23 +0200] "GET /pmwiki/pmwiki.php/Main/DRM?action=edit&restore=diff:1110471898:1110471681:&preview=y HTTP/1.1" 200 12364 "-" "Mozilla/5.0 (compatible; DotBot/1.2; +https://opensiteexplorer.org/dotbot; help@moz.com)"
216.244.66.203 - - [17/Jun/2024:20:49:06 +0200] "GET /pmwiki/pmwiki.php/Main/RocardEp2?action=diff HTTP/1.1" 200 29492 "-" "Mozilla/5.0 (compatible; DotBot/1.2; +https://opensiteexplorer.org/dotbot; help@moz.com)"
216.244.66.203 - - [17/Jun/2024:20:51:16 +0200] "GET /pmwiki/pmwiki.php/PmWiki/ChangeLog?action=diff HTTP/1.1" 200 12856 "-" "Mozilla/5.0 (compatible; DotBot/1.2; +https://opensiteexplorer.org/dotbot; help@moz.com)"
216.244.66.203 - - [17/Jun/2024:20:54:11 +0200] "GET /pmwiki/pmwiki.php/Main/DRM?action=edit&restore=diff:1110471898:1110471681:&preview=y HTTP/1.1" 200 12364 "-" "Mozilla/5.0 (compatible; DotBot/1.2; +https://opensiteexplorer.org/dotbot; help@moz.com)"
216.244.66.203 - - [17/Jun/2024:20:58:18 +0200] "GET /pmwiki/pmwiki.php/Main/AdelphiAlapokm%E1ny?action=print HTTP/1.1" 200 6473 "-" "Mozilla/5.0 (compatible; DotBot/1.2; +https://opensiteexplorer.org/dotbot; help@moz.com)"
216.244.66.203 - - [17/Jun/2024:21:17:45 +0200] "GET /robots.txt HTTP/1.1" 404 1181 "-" "Mozilla/5.0 (compatible; DotBot/1.2; +https://opensiteexplorer.org/dotbot; help@moz.com)"
54.36.149.105 - - [17/Jun/2024:21:21:05 +0200] "GET /pmwiki/pmwiki.php/Main/AJelenlegiSzerzoiJogiTorveny?action=edit HTTP/1.1" 200 12718 "-" "Mozilla/5.0 (compatible; AhrefsBot/7.0; +http://ahrefs.com/robot/)"
216.244.66.203 - - [17/Jun/2024:21:32:46 +0200] "GET /pmwiki/pmwiki.php/Main/2005J%FAnius?action=edit HTTP/1.1" 200 12458 "-" "Mozilla/5.0 (compatible; DotBot/1.2; +https://opensiteexplorer.org/dotbot; help@moz.com)"
216.244.66.203 - - [17/Jun/2024:21:32:51 +0200] "GET /pmwiki/pmwiki.php/Profiles/MacintelDRMOS?action=edit HTTP/1.1" 200 12546 "-" "Mozilla/5.0 (compatible; DotBot/1.2; +https://opensiteexplorer.org/dotbot; help@moz.com)"
216.244.66.203 - - [17/Jun/2024:21:43:31 +0200] "GET /pmwiki/pmwiki.php/PmWiki/RefCount?action=diff HTTP/1.1" 200 12839 "-" "Mozilla/5.0 (compatible; DotBot/1.2; +https://opensiteexplorer.org/dotbot; help@moz.com)"
216.244.66.203 - - [17/Jun/2024:21:49:51 +0200] "GET /pmwiki/pmwiki.php/Cookbook/EditBar?action=upload HTTP/1.1" 200 12330 "-" "Mozilla/5.0 (compatible; DotBot/1.2; +https://opensiteexplorer.org/dotbot; help@moz.com)"
216.244.66.203 - - [17/Jun/2024:21:49:56 +0200] "GET /pmwiki/pmwiki.php/PmWiki/WikiGroups?action=upload HTTP/1.1" 200 12348 "-" "Mozilla/5.0 (compatible; DotBot/1.2; +https://opensiteexplorer.org/dotbot; help@moz.com)"
110.238.110.240 - - [17/Jun/2024:21:58:22 +0200] "GET /pmwiki/pmwiki.php/Main/2004Augusztus5?action=diff HTTP/1.1" 200 16408 "-" "Mozilla/5.0 (Windows NT 10.0; Win64; x64) AppleWebKit/537.36 (KHTML, like Gecko) Chrome/101.0.4951.67 Safari/537.36"
216.244.66.203 - - [17/Jun/2024:22:07:38 +0200] "GET /robots.txt HTTP/1.1" 404 1181 "-" "Mozilla/5.0 (compatible; DotBot/1.2; +https://opensiteexplorer.org/dotbot; help@moz.com)"
216.244.66.203 - - [17/Jun/2024:22:17:16 +0200] "GET /pmwiki/pmwiki.php/Main/Cikkek?action=edit&restore=diff:1108981855:1108899667:&preview=y HTTP/1.1" 200 12417 "-" "Mozilla/5.0 (compatible; DotBot/1.2; +https://opensiteexplorer.org/dotbot; help@moz.com)"
216.244.66.203 - - [17/Jun/2024:22:23:19 +0200] "GET /pmwiki/pmwiki.php/Main/2004-esNyilatkozat?action=edit HTTP/1.1" 200 12558 "-" "Mozilla/5.0 (compatible; DotBot/1.2; +https://opensiteexplorer.org/dotbot; help@moz.com)"
216.244.66.203 - - [17/Jun/2024:22:32:03 +0200] "GET /pmwiki/pmwiki.php/PmWiki/LinkVariables?action=diff HTTP/1.1" 200 12929 "-" "Mozilla/5.0 (compatible; DotBot/1.2; +https://opensiteexplorer.org/dotbot; help@moz.com)"
216.244.66.203 - - [17/Jun/2024:22:32:16 +0200] "GET /pmwiki/pmwiki.php/PmWiki/UpgradingFromPmWiki1?action=upload HTTP/1.1" 200 12508 "-" "Mozilla/5.0 (compatible; DotBot/1.2; +https://opensiteexplorer.org/dotbot; help@moz.com)"
54.36.148.10 - - [17/Jun/2024:22:35:05 +0200] "GET /pmwiki/pmwiki.php/Main/CikkekPrivacy?action=edit HTTP/1.1" 200 12480 "-" "Mozilla/5.0 (compatible; AhrefsBot/7.0; +http://ahrefs.com/robot/)"
216.244.66.203 - - [17/Jun/2024:22:40:42 +0200] "GET /pmwiki/pmwiki.php/Main/Rocard?action=upload&upname=wiki.png HTTP/1.1" 200 12261 "-" "Mozilla/5.0 (compatible; DotBot/1.2; +https://opensiteexplorer.org/dotbot; help@moz.com)"
216.244.66.203 - - [17/Jun/2024:22:40:57 +0200] "GET /pmwiki/pmwiki.php/Profiles/J?action=upload HTTP/1.1" 200 12234 "-" "Mozilla/5.0 (compatible; DotBot/1.2; +https://opensiteexplorer.org/dotbot; help@moz.com)"
54.215.237.44 - - [17/Jun/2024:22:47:03 +0200] "GET / HTTP/1.1" 302 5 "-" "bitdiscovery-suggestions"
216.244.66.203 - - [17/Jun/2024:22:52:23 +0200] "GET /pmwiki/pmwiki.php/Main/Cikkek?action=edit&restore=diff:1108981855:1108899667:&preview=y HTTP/1.1" 200 12417 "-" "Mozilla/5.0 (compatible; DotBot/1.2; +https://opensiteexplorer.org/dotbot; help@moz.com)"
216.244.66.203 - - [17/Jun/2024:22:54:18 +0200] "GET /pmwiki/pmwiki.php/Main/2004-esNyilatkozat?action=edit HTTP/1.1" 200 12558 "-" "Mozilla/5.0 (compatible; DotBot/1.2; +https://opensiteexplorer.org/dotbot; help@moz.com)"
216.244.66.203 - - [17/Jun/2024:23:00:42 +0200] "GET /pmwiki/pmwiki.php/PmWiki/LinkVariables?action=diff HTTP/1.1" 200 12929 "-" "Mozilla/5.0 (compatible; DotBot/1.2; +https://opensiteexplorer.org/dotbot; help@moz.com)"
216.244.66.203 - - [17/Jun/2024:23:00:46 +0200] "GET /pmwiki/pmwiki.php/PmWiki/UpgradingFromPmWiki1?action=upload HTTP/1.1" 200 12508 "-" "Mozilla/5.0 (compatible; DotBot/1.2; +https://opensiteexplorer.org/dotbot; help@moz.com)"
216.244.66.203 - - [17/Jun/2024:23:15:18 +0200] "GET /pmwiki/pmwiki.php/Main/Rocard?action=upload&upname=wiki.png HTTP/1.1" 200 12261 "-" "Mozilla/5.0 (compatible; DotBot/1.2; +https://opensiteexplorer.org/dotbot; help@moz.com)"
216.244.66.203 - - [17/Jun/2024:23:15:25 +0200] "GET /pmwiki/pmwiki.php/Profiles/J?action=upload HTTP/1.1" 200 12234 "-" "Mozilla/5.0 (compatible; DotBot/1.2; +https://opensiteexplorer.org/dotbot; help@moz.com)"
54.215.237.44 - - [17/Jun/2024:23:29:38 +0200] "GET /pmwiki/pmwiki.php HTTP/1.1" 200 37269 "-" "bitdiscovery-suggestions"
216.244.66.203 - - [17/Jun/2024:23:41:58 +0200] "GET /robots.txt HTTP/1.1" 404 1181 "-" "Mozilla/5.0 (compatible; DotBot/1.2; +https://opensiteexplorer.org/dotbot; help@moz.com)"
54.36.149.0 - - [17/Jun/2024:23:50:42 +0200] "GET /pmwiki/pmwiki.php/Main/EztMondjukNekik?action=print HTTP/1.1" 200 4479 "-" "Mozilla/5.0 (compatible; AhrefsBot/7.0; +http://ahrefs.com/robot/)"
216.244.66.203 - - [17/Jun/2024:23:58:22 +0200] "GET /pmwiki/pmwiki.php/Main/2005J%FAnius?action=diff HTTP/1.1" 200 17830 "-" "Mozilla/5.0 (compatible; DotBot/1.2; +https://opensiteexplorer.org/dotbot; help@moz.com)"
216.244.66.203 - - [17/Jun/2024:23:58:27 +0200] "GET /pmwiki/pmwiki.php/Profiles/J?action=edit HTTP/1.1" 200 12354 "-" "Mozilla/5.0 (compatible; DotBot/1.2; +https://opensiteexplorer.org/dotbot; help@moz.com)"
216.244.66.203 - - [18/Jun/2024:00:06:46 +0200] "GET /pmwiki/pmwiki.php/PmWiki/EditVariables?action=diff HTTP/1.1" 200 12928 "-" "Mozilla/5.0 (compatible; DotBot/1.2; +https://opensiteexplorer.org/dotbot; help@moz.com)"
216.244.66.203 - - [18/Jun/2024:00:06:50 +0200] "GET /pmwiki/pmwiki.php/PmWiki/LayoutAdvanced?action=edit HTTP/1.1" 200 12531 "-" "Mozilla/5.0 (compatible; DotBot/1.2; +https://opensiteexplorer.org/dotbot; help@moz.com)"
216.244.66.203 - - [18/Jun/2024:00:06:55 +0200] "GET /pmwiki/pmwiki.php/PmWiki/LayoutVariables?action=edit HTTP/1.1" 200 12547 "-" "Mozilla/5.0 (compatible; DotBot/1.2; +https://opensiteexplorer.org/dotbot; help@moz.com)"
216.244.66.203 - - [18/Jun/2024:00:10:00 +0200] "GET /pmwiki/pmwiki.php/Main/2005Szeptember2?action=upload HTTP/1.1" 200 12390 "-" "Mozilla/5.0 (compatible; DotBot/1.2; +https://opensiteexplorer.org/dotbot; help@moz.com)"
216.244.66.203 - - [18/Jun/2024:00:10:31 +0200] "GET /pmwiki/pmwiki.php/PmWiki/IncludeOtherPages?action=upload HTTP/1.1" 200 12461 "-" "Mozilla/5.0 (compatible; DotBot/1.2; +https://opensiteexplorer.org/dotbot; help@moz.com)"
216.244.66.203 - - [18/Jun/2024:00:10:56 +0200] "GET /pmwiki/pmwiki.php/Profiles/DirectPhone?action=diff HTTP/1.1" 200 12927 "-" "Mozilla/5.0 (compatible; DotBot/1.2; +https://opensiteexplorer.org/dotbot; help@moz.com)"
216.244.66.203 - - [18/Jun/2024:00:16:36 +0200] "GET /pmwiki/pmwiki.php/Main/GroupAttributes?action=upload&upname=wiki.png HTTP/1.1" 200 12410 "-" "Mozilla/5.0 (compatible; DotBot/1.2; +https://opensiteexplorer.org/dotbot; help@moz.com)"
216.244.66.203 - - [18/Jun/2024:00:34:13 +0200] "GET /robots.txt HTTP/1.1" 404 1181 "-" "Mozilla/5.0 (compatible; DotBot/1.2; +https://opensiteexplorer.org/dotbot; help@moz.com)"
216.244.66.203 - - [18/Jun/2024:00:41:25 +0200] "GET /pmwiki/pmwiki.php/Main/2005M%E1rcius8?action=upload HTTP/1.1" 200 12370 "-" "Mozilla/5.0 (compatible; DotBot/1.2; +https://opensiteexplorer.org/dotbot; help@moz.com)"
216.244.66.203 - - [18/Jun/2024:00:41:31 +0200] "GET /pmwiki/pmwiki.php/Main/Minta?action=edit HTTP/1.1" 200 12350 "-" "Mozilla/5.0 (compatible; DotBot/1.2; +https://opensiteexplorer.org/dotbot; help@moz.com)"
216.244.66.203 - - [18/Jun/2024:00:49:30 +0200] "GET /pmwiki/pmwiki.php/PmWiki/Contributors?action=diff HTTP/1.1" 200 12911 "-" "Mozilla/5.0 (compatible; DotBot/1.2; +https://opensiteexplorer.org/dotbot; help@moz.com)"
216.244.66.203 - - [18/Jun/2024:00:49:33 +0200] "GET /pmwiki/pmwiki.php/PmWiki/MailingLists?action=diff HTTP/1.1" 200 12910 "-" "Mozilla/5.0 (compatible; DotBot/1.2; +https://opensiteexplorer.org/dotbot; help@moz.com)"
216.244.66.203 - - [18/Jun/2024:00:49:37 +0200] "GET /pmwiki/pmwiki.php/PmWiki/Variables?action=diff HTTP/1.1" 200 12857 "-" "Mozilla/5.0 (compatible; DotBot/1.2; +https://opensiteexplorer.org/dotbot; help@moz.com)"
216.244.66.203 - - [18/Jun/2024:00:54:39 +0200] "GET /pmwiki/pmwiki.php/PmWiki/CustomInterMap?action=upload HTTP/1.1" 200 12413 "-" "Mozilla/5.0 (compatible; DotBot/1.2; +https://opensiteexplorer.org/dotbot; help@moz.com)"
216.244.66.203 - - [18/Jun/2024:00:54:42 +0200] "GET /pmwiki/pmwiki.php/PmWiki/CustomWikiStyles?action=upload HTTP/1.1" 200 12443 "-" "Mozilla/5.0 (compatible; DotBot/1.2; +https://opensiteexplorer.org/dotbot; help@moz.com)"
216.244.66.203 - - [18/Jun/2024:00:54:44 +0200] "GET /pmwiki/pmwiki.php/PmWiki/Uploads?action=upload HTTP/1.1" 200 12300 "-" "Mozilla/5.0 (compatible; DotBot/1.2; +https://opensiteexplorer.org/dotbot; help@moz.com)"
216.244.66.203 - - [18/Jun/2024:00:54:46 +0200] "GET /pmwiki/pmwiki.php/PmWiki/UrlApprovals?action=upload HTTP/1.1" 200 12379 "-" "Mozilla/5.0 (compatible; DotBot/1.2; +https://opensiteexplorer.org/dotbot; help@moz.com)"
216.244.66.203 - - [18/Jun/2024:00:59:23 +0200] "GET /pmwiki/pmwiki.php/Main/AzEUBizotts%E1gaL%E1bbalTiporjaADemokr%E1ci%E1t?action=print HTTP/1.1" 200 7059 "-" "Mozilla/5.0 (compatible; DotBot/1.2; +https://opensiteexplorer.org/dotbot; help@moz.com)"
216.244.66.203 - - [18/Jun/2024:01:10:13 +0200] "GET /pmwiki/pmwiki.php/Profiles/Ed?action=upload&upname=wiki.png HTTP/1.1" 200 12266 "-" "Mozilla/5.0 (compatible; DotBot/1.2; +https://opensiteexplorer.org/dotbot; help@moz.com)"
216.244.66.203 - - [18/Jun/2024:01:25:11 +0200] "GET /robots.txt HTTP/1.1" 404 1181 "-" "Mozilla/5.0 (compatible; DotBot/1.2; +https://opensiteexplorer.org/dotbot; help@moz.com)"
216.244.66.203 - - [18/Jun/2024:01:30:51 +0200] "GET /pmwiki/pmwiki.php/Main/2004Augusztus5?action=edit HTTP/1.1" 200 12494 "-" "Mozilla/5.0 (compatible; DotBot/1.2; +https://opensiteexplorer.org/dotbot; help@moz.com)"
216.244.66.203 - - [18/Jun/2024:01:30:56 +0200] "GET /pmwiki/pmwiki.php/Main/Bitem0304?action=upload HTTP/1.1" 200 12295 "-" "Mozilla/5.0 (compatible; DotBot/1.2; +https://opensiteexplorer.org/dotbot; help@moz.com)"
216.244.66.203 - - [18/Jun/2024:01:34:18 +0200] "GET /pmwiki/pmwiki.php/Main/2004-esNyilatkozat?action=upload HTTP/1.1" 200 12438 "-" "Mozilla/5.0 (compatible; DotBot/1.2; +https://opensiteexplorer.org/dotbot; help@moz.com)"
216.244.66.203 - - [18/Jun/2024:01:34:28 +0200] "GET /pmwiki/pmwiki.php/PmWiki/PageHistory?action=diff HTTP/1.1" 200 12893 "-" "Mozilla/5.0 (compatible; DotBot/1.2; +https://opensiteexplorer.org/dotbot; help@moz.com)"
216.244.66.203 - - [18/Jun/2024:01:42:25 +0200] "GET /pmwiki/pmwiki.php/Main/JuriVelemeny?action=upload HTTP/1.1" 200 12342 "-" "Mozilla/5.0 (compatible; DotBot/1.2; +https://opensiteexplorer.org/dotbot; help@moz.com)"
216.244.66.203 - - [18/Jun/2024:01:42:30 +0200] "GET /pmwiki/pmwiki.php/PmWiki/CustomMarkup?action=upload HTTP/1.1" 200 12380 "-" "Mozilla/5.0 (compatible; DotBot/1.2; +https://opensiteexplorer.org/dotbot; help@moz.com)"
216.244.66.203 - - [18/Jun/2024:01:53:28 +0200] "GET /pmwiki/pmwiki.php/Main/2004Augusztus5?action=edit HTTP/1.1" 200 12494 "-" "Mozilla/5.0 (compatible; DotBot/1.2; +https://opensiteexplorer.org/dotbot; help@moz.com)"
216.244.66.203 - - [18/Jun/2024:01:53:33 +0200] "GET /pmwiki/pmwiki.php/Main/Bitem0304?action=upload HTTP/1.1" 200 12295 "-" "Mozilla/5.0 (compatible; DotBot/1.2; +https://opensiteexplorer.org/dotbot; help@moz.com)"
216.244.66.203 - - [18/Jun/2024:01:56:06 +0200] "GET /pmwiki/pmwiki.php/Main/2004-esNyilatkozat?action=upload HTTP/1.1" 200 12438 "-" "Mozilla/5.0 (compatible; DotBot/1.2; +https://opensiteexplorer.org/dotbot; help@moz.com)"
216.244.66.203 - - [18/Jun/2024:01:56:10 +0200] "GET /pmwiki/pmwiki.php/PmWiki/PageHistory?action=diff HTTP/1.1" 200 12893 "-" "Mozilla/5.0 (compatible; DotBot/1.2; +https://opensiteexplorer.org/dotbot; help@moz.com)"
216.244.66.203 - - [18/Jun/2024:01:59:33 +0200] "GET /pmwiki/pmwiki.php/Main/JuriVelemeny?action=upload HTTP/1.1" 200 12342 "-" "Mozilla/5.0 (compatible; DotBot/1.2; +https://opensiteexplorer.org/dotbot; help@moz.com)"
216.244.66.203 - - [18/Jun/2024:01:59:40 +0200] "GET /pmwiki/pmwiki.php/PmWiki/CustomMarkup?action=upload HTTP/1.1" 200 12380 "-" "Mozilla/5.0 (compatible; DotBot/1.2; +https://opensiteexplorer.org/dotbot; help@moz.com)"
216.244.66.203 - - [18/Jun/2024:02:15:26 +0200] "GET /pmwiki/pmwiki.php/Main/2004Augusztus5?action=edit HTTP/1.1" 200 12494 "-" "Mozilla/5.0 (compatible; DotBot/1.2; +https://opensiteexplorer.org/dotbot; help@moz.com)"
216.244.66.203 - - [18/Jun/2024:02:15:32 +0200] "GET /pmwiki/pmwiki.php/Main/Bitem0304?action=upload HTTP/1.1" 200 12295 "-" "Mozilla/5.0 (compatible; DotBot/1.2; +https://opensiteexplorer.org/dotbot; help@moz.com)"
216.244.66.203 - - [18/Jun/2024:02:18:22 +0200] "GET /pmwiki/pmwiki.php/Main/2004-esNyilatkozat?action=upload HTTP/1.1" 200 12438 "-" "Mozilla/5.0 (compatible; DotBot/1.2; +https://opensiteexplorer.org/dotbot; help@moz.com)"
216.244.66.203 - - [18/Jun/2024:02:18:27 +0200] "GET /pmwiki/pmwiki.php/PmWiki/PageHistory?action=diff HTTP/1.1" 200 12893 "-" "Mozilla/5.0 (compatible; DotBot/1.2; +https://opensiteexplorer.org/dotbot; help@moz.com)"
216.244.66.203 - - [18/Jun/2024:02:20:24 +0200] "GET /pmwiki/pmwiki.php/Main/JuriVelemeny?action=upload HTTP/1.1" 200 12342 "-" "Mozilla/5.0 (compatible; DotBot/1.2; +https://opensiteexplorer.org/dotbot; help@moz.com)"
216.244.66.203 - - [18/Jun/2024:02:20:29 +0200] "GET /pmwiki/pmwiki.php/PmWiki/CustomMarkup?action=upload HTTP/1.1" 200 12380 "-" "Mozilla/5.0 (compatible; DotBot/1.2; +https://opensiteexplorer.org/dotbot; help@moz.com)"
190.92.211.83 - - [18/Jun/2024:02:23:45 +0200] "GET /pmwiki/pmwiki.php/Main/ToughLetter HTTP/1.1" 200 16216 "-" "Mozilla/5.0 (Windows NT 10.0; Win64; x64) AppleWebKit/537.36 (KHTML, like Gecko) Chrome/107.0.0.0 Safari/537.36"
216.244.66.203 - - [18/Jun/2024:02:32:10 +0200] "GET /pmwiki/pmwiki.php/Main/2004Febru%E1riK%F6sz%F6netLengyelorsz%E1gnak?action=upload&upname=wiki.png HTTP/1.1" 200 12854 "-" "Mozilla/5.0 (compatible; DotBot/1.2; +https://opensiteexplorer.org/dotbot; help@moz.com)"
111.225.149.202 - - [18/Jun/2024:02:33:57 +0200] "GET /robots.txt HTTP/1.1" 404 1181 "-" "Mozilla/5.0 (Linux; Android 5.0) AppleWebKit/537.36 (KHTML, like Gecko) Mobile Safari/537.36 (compatible; Bytespider; https://zhanzhang.toutiao.com/)"
216.244.66.203 - - [18/Jun/2024:02:41:17 +0200] "GET /pmwiki/pmwiki.php/Main/2004Augusztus5?action=edit HTTP/1.1" 200 12494 "-" "Mozilla/5.0 (compatible; DotBot/1.2; +https://opensiteexplorer.org/dotbot; help@moz.com)"
216.244.66.203 - - [18/Jun/2024:02:41:22 +0200] "GET /pmwiki/pmwiki.php/Main/Bitem0304?action=upload HTTP/1.1" 200 12295 "-" "Mozilla/5.0 (compatible; DotBot/1.2; +https://opensiteexplorer.org/dotbot; help@moz.com)"
216.244.66.203 - - [18/Jun/2024:02:43:20 +0200] "GET /pmwiki/pmwiki.php/Main/2004-esNyilatkozat?action=upload HTTP/1.1" 200 12438 "-" "Mozilla/5.0 (compatible; DotBot/1.2; +https://opensiteexplorer.org/dotbot; help@moz.com)"
216.244.66.203 - - [18/Jun/2024:02:43:25 +0200] "GET /pmwiki/pmwiki.php/PmWiki/PageHistory?action=diff HTTP/1.1" 200 12893 "-" "Mozilla/5.0 (compatible; DotBot/1.2; +https://opensiteexplorer.org/dotbot; help@moz.com)"
216.244.66.203 - - [18/Jun/2024:02:45:54 +0200] "GET /pmwiki/pmwiki.php/Main/JuriVelemeny?action=upload HTTP/1.1" 200 12342 "-" "Mozilla/5.0 (compatible; DotBot/1.2; +https://opensiteexplorer.org/dotbot; help@moz.com)"
216.244.66.203 - - [18/Jun/2024:02:45:58 +0200] "GET /pmwiki/pmwiki.php/PmWiki/CustomMarkup?action=upload HTTP/1.1" 200 12380 "-" "Mozilla/5.0 (compatible; DotBot/1.2; +https://opensiteexplorer.org/dotbot; help@moz.com)"
66.249.69.9 - - [18/Jun/2024:02:55:41 +0200] "GET /robots.txt HTTP/1.1" 404 1181 "-" "Mozilla/5.0 (compatible; Googlebot/2.1; +http://www.google.com/bot.html)"
66.249.69.9 - - [18/Jun/2024:02:55:42 +0200] "GET /pmwiki/pmwiki.php/Main/Ipr HTTP/1.1" 200 13258 "-" "Mozilla/5.0 (Linux; Android 6.0.1; Nexus 5X Build/MMB29P) AppleWebKit/537.36 (KHTML, like Gecko) Chrome/125.0.6422.175 Mobile Safari/537.36 (compatible; Googlebot/2.1; +http://www.google.com/bot.html)"
216.244.66.203 - - [18/Jun/2024:03:08:49 +0200] "GET /robots.txt HTTP/1.1" 404 1181 "-" "Mozilla/5.0 (compatible; DotBot/1.2; +https://opensiteexplorer.org/dotbot; help@moz.com)"
