66.249.70.200 - - [02/Jan/2024:01:54:53 +0100] "GET /~illesf/kisvasut/egyeb/tiszaligetff.jpg HTTP/1.1" 404 - "-" "Googlebot-Image/1.0"
66.249.70.200 - - [02/Jan/2024:01:54:54 +0100] "GET /fjoo/ganz_ev5.jpg HTTP/1.1" 404 - "-" "Googlebot-Image/1.0"
66.249.70.200 - - [02/Jan/2024:01:54:54 +0100] "GET /~fjoo/SU_17E7a.jpg HTTP/1.1" 404 - "-" "Googlebot-Image/1.0"
44.242.165.82 - - [02/Jan/2024:02:08:43 +0100] "GET / HTTP/1.1" 404 - "-" "Mozilla/5.0 (Windows NT 10.0; Win64; x64) AppleWebKit/537.36 (KHTML, like Gecko) Chrome/109.0.0.0 Safari/537.3"
44.242.165.82 - - [02/Jan/2024:02:08:49 +0100] "GET / HTTP/1.1" 404 - "-" "Mozilla/5.0 (Windows NT 10.0; Win64; x64) AppleWebKit/537.36 (KHTML, like Gecko) Chrome/109.0.0.0 Safari/537.3"
66.249.70.199 - - [02/Jan/2024:02:13:31 +0100] "GET /~illesf/temp/varm-9a.jpg HTTP/1.1" 404 - "-" "Googlebot-Image/1.0"
66.249.64.129 - - [02/Jan/2024:02:13:35 +0100] "GET /ads.txt HTTP/1.1" 404 - "-" "Mozilla/5.0 (compatible; Googlebot/2.1; +http://www.google.com/bot.html)"
95.108.213.110 - - [02/Jan/2024:02:21:20 +0100] "GET /robots.txt HTTP/1.1" 404 - "-" "Mozilla/5.0 (compatible; YandexBot/3.0; +http://yandex.com/bots)"
5.255.231.78 - - [02/Jan/2024:02:21:20 +0100] "GET /termeszet/99/jan/radnai.htm HTTP/1.1" 404 - "-" "Mozilla/5.0 (compatible; YandexBot/3.0; +http://yandex.com/bots)"
66.249.64.129 - - [02/Jan/2024:02:24:35 +0100] "GET / HTTP/1.1" 404 - "-" "Mozilla/5.0 (compatible; Googlebot/2.1; +http://www.google.com/bot.html)"
66.249.70.198 - - [02/Jan/2024:02:25:37 +0100] "GET /robots.txt HTTP/1.1" 404 - "-" "Mozilla/5.0 (compatible; Googlebot/2.1; +http://www.google.com/bot.html)"
66.249.70.200 - - [02/Jan/2024:02:25:37 +0100] "GET /fjoo/temp/Inarcs.jpg HTTP/1.1" 404 - "-" "Googlebot-Image/1.0"
66.249.70.198 - - [02/Jan/2024:02:25:37 +0100] "GET /fjoo/temp/zetor.jpg HTTP/1.1" 404 - "-" "Googlebot-Image/1.0"
66.249.70.198 - - [02/Jan/2024:02:25:38 +0100] "GET /fjoo/temp/siklas.jpg HTTP/1.1" 404 - "-" "Googlebot-Image/1.0"
66.249.70.200 - - [02/Jan/2024:02:25:38 +0100] "GET /fjoo/temp/02_10_02/6341Oa.jpg HTTP/1.1" 404 - "-" "Googlebot-Image/1.0"
66.249.70.200 - - [02/Jan/2024:02:25:39 +0100] "GET /fjoo/temp/A27-003.jpg HTTP/1.1" 404 - "-" "Googlebot-Image/1.0"
66.249.70.200 - - [02/Jan/2024:02:25:39 +0100] "GET /fjoo/temp/M61_M41.jpg HTTP/1.1" 404 - "-" "Googlebot-Image/1.0"
66.249.70.200 - - [02/Jan/2024:02:25:40 +0100] "GET /fjoo/temp/M62_sunset.jpg HTTP/1.1" 404 - "-" "Googlebot-Image/1.0"
66.249.70.200 - - [02/Jan/2024:02:25:40 +0100] "GET /fjoo/temp/A27-003a.jpg HTTP/1.1" 404 - "-" "Googlebot-Image/1.0"
66.249.70.198 - - [02/Jan/2024:02:25:40 +0100] "GET /fjoo/temp/M62_sunseta.jpg HTTP/1.1" 404 - "-" "Googlebot-Image/1.0"
66.249.70.198 - - [02/Jan/2024:02:25:41 +0100] "GET /fjoo/temp/M61_M41a.jpg HTTP/1.1" 404 - "-" "Googlebot-Image/1.0"
66.249.70.200 - - [02/Jan/2024:02:26:23 +0100] "GET /~illesf/temp/Mk482030.jpg HTTP/1.1" 404 - "-" "Googlebot-Image/1.0"
131.153.240.178 - - [02/Jan/2024:02:33:54 +0100] "GET / HTTP/1.1" 404 - "-" "Mozilla/5.0 (Windows NT 10.0; Win64; x64) AppleWebKit/537.36 (KHTML, like Gecko) Chrome/106.0.0.0 Safari/537.36"
209.126.151.120 - - [02/Jan/2024:02:39:16 +0100] "GET / HTTP/1.1" 404 - "-" "bitdiscovery-suggestions"
66.249.70.198 - - [02/Jan/2024:02:39:38 +0100] "GET /~illesf/temp/32-36.jpg HTTP/1.1" 404 - "-" "Googlebot-Image/1.0"
66.249.70.199 - - [02/Jan/2024:02:40:45 +0100] "GET /fjoo/temp/M62-175.jpg HTTP/1.1" 404 - "-" "Googlebot-Image/1.0"
66.249.70.199 - - [02/Jan/2024:02:40:45 +0100] "GET /fjoo/temp/M62-215.jpg HTTP/1.1" 404 - "-" "Googlebot-Image/1.0"
66.249.70.200 - - [02/Jan/2024:02:41:41 +0100] "GET /~fjoo/bosnflag.gif HTTP/1.1" 404 - "-" "Googlebot-Image/1.0"
66.249.70.200 - - [02/Jan/2024:02:41:42 +0100] "GET /~fjoo/joo_910.jpg HTTP/1.1" 404 - "-" "Googlebot-Image/1.0"
66.249.70.200 - - [02/Jan/2024:02:41:42 +0100] "GET /~fjoo/joo_913.jpg HTTP/1.1" 404 - "-" "Googlebot-Image/1.0"
66.249.70.200 - - [02/Jan/2024:02:41:43 +0100] "GET /~fjoo/joo_917a.jpg HTTP/1.1" 404 - "-" "Googlebot-Image/1.0"
66.249.70.200 - - [02/Jan/2024:02:41:43 +0100] "GET /~fjoo/joo_917.jpg HTTP/1.1" 404 - "-" "Googlebot-Image/1.0"
66.249.70.200 - - [02/Jan/2024:02:41:43 +0100] "GET /~fjoo/joo_916a.jpg HTTP/1.1" 404 - "-" "Googlebot-Image/1.0"
66.249.70.200 - - [02/Jan/2024:02:41:44 +0100] "GET /~fjoo/joo_918.jpg HTTP/1.1" 404 - "-" "Googlebot-Image/1.0"
66.249.70.198 - - [02/Jan/2024:02:41:45 +0100] "GET /~fjoo/joo_918a.jpg HTTP/1.1" 404 - "-" "Googlebot-Image/1.0"
66.249.70.198 - - [02/Jan/2024:02:41:45 +0100] "GET /~fjoo/joo_919.jpg HTTP/1.1" 404 - "-" "Googlebot-Image/1.0"
66.249.70.199 - - [02/Jan/2024:02:41:45 +0100] "GET /~fjoo/joo_911.jpg HTTP/1.1" 404 - "-" "Googlebot-Image/1.0"
66.249.70.199 - - [02/Jan/2024:02:41:46 +0100] "GET /~fjoo/joo_919a.jpg HTTP/1.1" 404 - "-" "Googlebot-Image/1.0"
66.249.70.198 - - [02/Jan/2024:02:41:46 +0100] "GET /~fjoo/SBB_ICNa.jpg HTTP/1.1" 404 - "-" "Googlebot-Image/1.0"
66.249.70.198 - - [02/Jan/2024:02:41:47 +0100] "GET /~fjoo/joo_912a.jpg HTTP/1.1" 404 - "-" "Googlebot-Image/1.0"
66.249.70.199 - - [02/Jan/2024:02:41:47 +0100] "GET /~fjoo/SBB_ICN.jpg HTTP/1.1" 404 - "-" "Googlebot-Image/1.0"
66.249.70.198 - - [02/Jan/2024:02:41:48 +0100] "GET /~fjoo/joo_913a.jpg HTTP/1.1" 404 - "-" "Googlebot-Image/1.0"
66.249.70.198 - - [02/Jan/2024:02:41:48 +0100] "GET /~fjoo/joo_909.jpg HTTP/1.1" 404 - "-" "Googlebot-Image/1.0"
66.249.70.198 - - [02/Jan/2024:02:41:48 +0100] "GET /~fjoo/joo_909a.jpg HTTP/1.1" 404 - "-" "Googlebot-Image/1.0"
66.249.70.198 - - [02/Jan/2024:02:41:49 +0100] "GET /~fjoo/joo_910a.jpg HTTP/1.1" 404 - "-" "Googlebot-Image/1.0"
66.249.70.198 - - [02/Jan/2024:02:41:50 +0100] "GET /~fjoo/joo_912.jpg HTTP/1.1" 404 - "-" "Googlebot-Image/1.0"
66.249.70.198 - - [02/Jan/2024:02:41:50 +0100] "GET /~fjoo/joo_911a.jpg HTTP/1.1" 404 - "-" "Googlebot-Image/1.0"
66.249.70.198 - - [02/Jan/2024:02:41:50 +0100] "GET /~fjoo/joo_916.jpg HTTP/1.1" 404 - "-" "Googlebot-Image/1.0"
66.249.70.198 - - [02/Jan/2024:02:41:51 +0100] "GET /~fjoo/E492_V63a.jpg HTTP/1.1" 404 - "-" "Googlebot-Image/1.0"
66.249.70.199 - - [02/Jan/2024:02:43:35 +0100] "GET /~jfeiler/baiamare/docs/baiamare.pdf HTTP/1.1" 404 - "-" "Mozilla/5.0 AppleWebKit/537.36 (KHTML, like Gecko; compatible; GoogleOther) Chrome/120.0.6099.71 Safari/537.36"
66.249.70.199 - - [02/Jan/2024:02:51:12 +0100] "GET /~fjoo/VVoyager.jpg HTTP/1.1" 404 - "-" "Googlebot-Image/1.0"
66.249.70.200 - - [02/Jan/2024:02:51:13 +0100] "GET /~fjoo/VVoyagera.jpg HTTP/1.1" 404 - "-" "Googlebot-Image/1.0"
66.249.70.199 - - [02/Jan/2024:02:51:42 +0100] "GET /~fjoo/varos_kpa.jpg HTTP/1.1" 404 - "-" "Googlebot-Image/1.0"
66.249.70.198 - - [02/Jan/2024:02:51:43 +0100] "GET /~fjoo/varos_kp.jpg HTTP/1.1" 404 - "-" "Googlebot-Image/1.0"
66.249.70.200 - - [02/Jan/2024:02:52:05 +0100] "GET /~fjoo/temp/02_04_25/Graf_Bhv3.jpg HTTP/1.1" 404 - "-" "Googlebot-Image/1.0"
66.249.70.198 - - [02/Jan/2024:02:56:06 +0100] "GET /~fjoo/424_zsr.jpg HTTP/1.1" 404 - "-" "Googlebot-Image/1.0"
66.249.70.200 - - [02/Jan/2024:02:56:07 +0100] "GET /~fjoo/PCD00178a.jpg HTTP/1.1" 404 - "-" "Googlebot-Image/1.0"
66.249.70.198 - - [02/Jan/2024:03:04:57 +0100] "GET /~fjoo/temp/Mercia3.jpg HTTP/1.1" 404 - "-" "Googlebot-Image/1.0"
5.9.121.81 - - [02/Jan/2024:03:14:29 +0100] "GET / HTTP/1.1" 404 - "-" "Mozilla/5.0 (Macintosh; Intel Mac OS X 10_15_7) AppleWebKit/537.36 (KHTML, like Gecko) Chrome/104.0.0.0 Safari/537.36"
5.9.121.81 - - [02/Jan/2024:03:14:42 +0100] "GET /~illes HTTP/1.1" 404 - "-" "Mozilla/5.0 (Macintosh; Intel Mac OS X 10_15_7) AppleWebKit/537.36 (KHTML, like Gecko) Chrome/104.0.0.0 Safari/537.36"
66.249.70.199 - - [02/Jan/2024:03:17:48 +0100] "GET /~fjoo/temp/02_04_25/Graf_Bhv2.jpg HTTP/1.1" 404 - "-" "Googlebot-Image/1.0"
66.249.70.199 - - [02/Jan/2024:03:20:13 +0100] "GET /~fjoo/temp/MDmot-3009.jpg HTTP/1.1" 404 - "-" "Googlebot-Image/1.0"
66.249.70.200 - - [02/Jan/2024:03:20:14 +0100] "GET /fjoo/temp/WC_Taurus.jpg HTTP/1.1" 404 - "-" "Googlebot-Image/1.0"
66.249.70.198 - - [02/Jan/2024:03:20:14 +0100] "GET /fjoo/temp/M41-2106_Paszto.jpg HTTP/1.1" 404 - "-" "Googlebot-Image/1.0"
66.249.70.198 - - [02/Jan/2024:03:20:18 +0100] "GET /~fjoo/PCD00178.jpg HTTP/1.1" 404 - "-" "Googlebot-Image/1.0"
66.249.70.198 - - [02/Jan/2024:03:22:20 +0100] "GET /fjoo/POHEVtab.jpg HTTP/1.1" 404 - "-" "Googlebot-Image/1.0"
131.153.240.178 - - [02/Jan/2024:03:25:49 +0100] "GET / HTTP/1.1" 404 - "-" "Mozilla/5.0 (Windows NT 10.0; Win64; x64) AppleWebKit/537.36 (KHTML, like Gecko) Chrome/106.0.0.0 Safari/537.36"
66.249.70.198 - - [02/Jan/2024:03:30:40 +0100] "GET /~fjoo/temp/02_04_25/Hatvan_V-1.jpg HTTP/1.1" 404 - "-" "Googlebot-Image/1.0"
66.249.70.198 - - [02/Jan/2024:03:43:31 +0100] "GET /~fjoo/temp/02_04_25/Graf_Irsa.jpg HTTP/1.1" 404 - "-" "Googlebot-Image/1.0"
5.255.231.69 - - [02/Jan/2024:03:51:07 +0100] "GET /robots.txt HTTP/1.1" 404 - "-" "Mozilla/5.0 (compatible; YandexBot/3.0; +http://yandex.com/bots)"
213.180.203.217 - - [02/Jan/2024:03:51:07 +0100] "GET /biztkomm/505.shtml HTTP/1.1" 404 - "-" "Mozilla/5.0 (compatible; YandexBot/3.0; +http://yandex.com/bots)"
66.249.70.200 - - [02/Jan/2024:03:52:49 +0100] "GET /~fjoo/66007.jpg HTTP/1.1" 404 - "-" "Googlebot-Image/1.0"
66.249.70.198 - - [02/Jan/2024:03:53:09 +0100] "GET /~fjoo/Burma1.jpg HTTP/1.1" 404 - "-" "Googlebot-Image/1.0"
66.249.70.199 - - [02/Jan/2024:03:53:09 +0100] "GET /~fjoo/Burma2.jpg HTTP/1.1" 404 - "-" "Googlebot-Image/1.0"
66.249.70.200 - - [02/Jan/2024:03:53:12 +0100] "GET /fjoo/CFR_62DD.jpg HTTP/1.1" 404 - "-" "Googlebot-Image/1.0"
66.249.70.200 - - [02/Jan/2024:03:53:12 +0100] "GET /fjoo/101_Kolna.jpg HTTP/1.1" 404 - "-" "Googlebot-Image/1.0"
66.249.70.199 - - [02/Jan/2024:03:53:13 +0100] "GET /fjoo/M40Mende.jpg HTTP/1.1" 404 - "-" "Googlebot-Image/1.0"
66.249.70.199 - - [02/Jan/2024:03:53:13 +0100] "GET /fjoo/V43_1004a.jpg HTTP/1.1" 404 - "-" "Googlebot-Image/1.0"
66.249.70.198 - - [02/Jan/2024:03:53:14 +0100] "GET /fjoo/OBB_2070a.jpg HTTP/1.1" 404 - "-" "Googlebot-Image/1.0"
66.249.70.199 - - [02/Jan/2024:03:53:14 +0100] "GET /fjoo/OSE_NG_claga.jpg HTTP/1.1" 404 - "-" "Googlebot-Image/1.0"
66.249.70.199 - - [02/Jan/2024:03:53:15 +0100] "GET /fjoo/Taurus.jpg HTTP/1.1" 404 - "-" "Googlebot-Image/1.0"
66.249.70.198 - - [02/Jan/2024:03:53:15 +0100] "GET /fjoo/BDZ_Fisha.jpg HTTP/1.1" 404 - "-" "Googlebot-Image/1.0"
66.249.70.198 - - [02/Jan/2024:03:53:16 +0100] "GET /fjoo/OSE_NG_clag.jpg HTTP/1.1" 404 - "-" "Googlebot-Image/1.0"
66.249.70.199 - - [02/Jan/2024:03:53:16 +0100] "GET /fjoo/V43_ICemu.jpg HTTP/1.1" 404 - "-" "Googlebot-Image/1.0"
66.249.70.199 - - [02/Jan/2024:03:53:17 +0100] "GET /fjoo/BDZ_Fish.jpg HTTP/1.1" 404 - "-" "Googlebot-Image/1.0"
66.249.70.198 - - [02/Jan/2024:03:53:17 +0100] "GET /~fjoo/deliossz.jpg HTTP/1.1" 404 - "-" "Googlebot-Image/1.0"
66.249.70.198 - - [02/Jan/2024:03:53:17 +0100] "GET /fjoo/CFR_62DDa.jpg HTTP/1.1" 404 - "-" "Googlebot-Image/1.0"
66.249.70.198 - - [02/Jan/2024:03:53:18 +0100] "GET /fjoo/C50_Pafr.jpg HTTP/1.1" 404 - "-" "Googlebot-Image/1.0"
66.249.70.198 - - [02/Jan/2024:03:53:18 +0100] "GET /fjoo/OSE_NG_clag.jpga.jpg HTTP/1.1" 404 - "-" "Googlebot-Image/1.0"
66.249.70.198 - - [02/Jan/2024:03:53:19 +0100] "GET /fjoo/V43_1004.jpg HTTP/1.1" 404 - "-" "Googlebot-Image/1.0"
66.249.70.198 - - [02/Jan/2024:03:53:19 +0100] "GET /fjoo/M40Mendea.jpg HTTP/1.1" 404 - "-" "Googlebot-Image/1.0"
66.249.70.198 - - [02/Jan/2024:03:53:20 +0100] "GET /fjoo/Taurusa.jpg HTTP/1.1" 404 - "-" "Googlebot-Image/1.0"
66.249.70.198 - - [02/Jan/2024:03:53:20 +0100] "GET /fjoo/OBB_2095a.jpg HTTP/1.1" 404 - "-" "Googlebot-Image/1.0"
66.249.70.198 - - [02/Jan/2024:03:53:21 +0100] "GET /fjoo/C50_Pafra.jpg HTTP/1.1" 404 - "-" "Googlebot-Image/1.0"
66.249.70.198 - - [02/Jan/2024:03:53:21 +0100] "GET /fjoo/OBB_2095.jpg HTTP/1.1" 404 - "-" "Googlebot-Image/1.0"
66.249.70.198 - - [02/Jan/2024:03:53:22 +0100] "GET /fjoo/101_Koln.jpg HTTP/1.1" 404 - "-" "Googlebot-Image/1.0"
66.249.70.198 - - [02/Jan/2024:03:53:22 +0100] "GET /fjoo/OBB_2070.jpg HTTP/1.1" 404 - "-" "Googlebot-Image/1.0"
66.249.70.198 - - [02/Jan/2024:03:53:22 +0100] "GET /fjoo/V43_ICemua.jpg HTTP/1.1" 404 - "-" "Googlebot-Image/1.0"
66.249.70.198 - - [02/Jan/2024:03:53:23 +0100] "GET /fjoo/OSE_A9415.jpg HTTP/1.1" 404 - "-" "Googlebot-Image/1.0"
66.249.70.198 - - [02/Jan/2024:03:53:23 +0100] "GET /fjoo/OSE_A9415a.jpg HTTP/1.1" 404 - "-" "Googlebot-Image/1.0"
66.249.70.198 - - [02/Jan/2024:03:56:23 +0100] "GET /~fjoo/temp/02_04_25/Graf_Bhv.jpg HTTP/1.1" 404 - "-" "Googlebot-Image/1.0"
66.249.70.200 - - [02/Jan/2024:04:08:18 +0100] "GET /~illesf/1435/pv_pb/thumbnails/970531h.jpg HTTP/1.1" 404 - "-" "Googlebot-Image/1.0"
66.249.70.199 - - [02/Jan/2024:04:10:46 +0100] "GET /~ferencj/A_256.jpg HTTP/1.1" 404 - "-" "Googlebot-Image/1.0"
66.249.70.200 - - [02/Jan/2024:04:12:03 +0100] "GET /~illesf/temp/pecskepeslap.jpg HTTP/1.1" 404 - "-" "Googlebot-Image/1.0"
66.249.70.200 - - [02/Jan/2024:04:18:52 +0100] "GET /~fjoo/debr430aa.jpg HTTP/1.1" 404 - "-" "Googlebot-Image/1.0"
66.249.70.200 - - [02/Jan/2024:04:20:13 +0100] "GET /fjoo/temp/pipacsa.jpg HTTP/1.1" 404 - "-" "Googlebot-Image/1.0"
66.249.70.199 - - [02/Jan/2024:04:20:14 +0100] "GET /fjoo/temp/Bz-MD-62.jpg HTTP/1.1" 404 - "-" "Googlebot-Image/1.0"
66.249.70.199 - - [02/Jan/2024:04:20:14 +0100] "GET /fjoo/temp/Bz-MD-62a.jpg HTTP/1.1" 404 - "-" "Googlebot-Image/1.0"
66.249.70.200 - - [02/Jan/2024:04:20:15 +0100] "GET /fjoo/temp/pipacs.jpg HTTP/1.1" 404 - "-" "Googlebot-Image/1.0"
131.153.240.178 - - [02/Jan/2024:04:24:56 +0100] "GET / HTTP/1.1" 404 - "-" "Mozilla/5.0 (Windows NT 10.0; Win64; x64) AppleWebKit/537.36 (KHTML, like Gecko) Chrome/106.0.0.0 Safari/537.36"
66.249.70.199 - - [02/Jan/2024:04:26:23 +0100] "GET /~fjoo/temp/02_04_25/A62_001F.jpg HTTP/1.1" 404 - "-" "Googlebot-Image/1.0"
66.249.70.200 - - [02/Jan/2024:04:33:53 +0100] "GET /~fjoo/temp/02_04_25/A62_001C.jpg HTTP/1.1" 404 - "-" "Googlebot-Image/1.0"
47.128.56.21 - - [02/Jan/2024:04:35:51 +0100] "GET /img_upload/4993343bc2f5623bef83ec7984792f31/Az_igazi_karacsonyfa_mindig_zoldebb2.jpg HTTP/1.1" 404 - "-" "Mozilla/5.0 (Linux; Android 5.0) AppleWebKit/537.36 (KHTML, like Gecko) Mobile Safari/537.36 (compatible; Bytespider; spider-feedback@bytedance.com)"
87.250.224.8 - - [02/Jan/2024:04:37:41 +0100] "GET /robots.txt HTTP/1.1" 404 - "-" "Mozilla/5.0 (compatible; YandexBot/3.0; +http://yandex.com/bots)"
87.250.224.243 - - [02/Jan/2024:04:37:41 +0100] "GET /kontakt/index_en.html HTTP/1.1" 404 - "-" "Mozilla/5.0 (compatible; YandexBot/3.0; +http://yandex.com/bots)"
66.249.70.198 - - [02/Jan/2024:04:41:23 +0100] "GET /~fjoo/temp/Mercia2.jpg HTTP/1.1" 404 - "-" "Googlebot-Image/1.0"
66.249.70.200 - - [02/Jan/2024:04:46:31 +0100] "GET /~illesf/kisvasut/homokvasut/homokvasut01.jpg HTTP/1.1" 404 - "-" "Googlebot-Image/1.0"
5.255.231.43 - - [02/Jan/2024:04:47:29 +0100] "GET /biztkomm/204.shtml HTTP/1.1" 404 - "-" "Mozilla/5.0 (compatible; YandexBot/3.0; +http://yandex.com/bots)"
66.249.70.198 - - [02/Jan/2024:04:48:53 +0100] "GET /~fjoo/temp/Mercia7.jpg HTTP/1.1" 404 - "-" "Googlebot-Image/1.0"
66.249.70.200 - - [02/Jan/2024:04:53:06 +0100] "GET /~fjoo/blutigera.jpg HTTP/1.1" 404 - "-" "Googlebot-Image/1.0"
66.249.70.200 - - [02/Jan/2024:04:53:07 +0100] "GET /~fjoo/tun_m41a.jpg HTTP/1.1" 404 - "-" "Googlebot-Image/1.0"
66.249.70.199 - - [02/Jan/2024:04:53:07 +0100] "GET /~fjoo/blutiger.jpg HTTP/1.1" 404 - "-" "Googlebot-Image/1.0"
66.249.70.199 - - [02/Jan/2024:04:53:07 +0100] "GET /~fjoo/tun_m41.jpg HTTP/1.1" 404 - "-" "Googlebot-Image/1.0"
66.249.70.198 - - [02/Jan/2024:04:56:23 +0100] "GET /~fjoo/temp/02_04_25/M44_114.jpg HTTP/1.1" 404 - "-" "Googlebot-Image/1.0"
66.249.70.198 - - [02/Jan/2024:05:03:53 +0100] "GET /~fjoo/temp/02_04_25/A62_001H.jpg HTTP/1.1" 404 - "-" "Googlebot-Image/1.0"
113.226.103.88 - - [02/Jan/2024:05:10:23 +0100] "GET / HTTP/1.1" 404 - "-" "Mozilla/5.0 (iPhone; CPU iPhone OS 11_0 like Mac OS X) AppleWebKit/604.1.38 (KHTML, like Gecko) Version/11.0 Mobile/15A372 Safari/604.1"
66.249.70.200 - - [02/Jan/2024:05:11:23 +0100] "GET /~fjoo/temp/02_04_25/Graf_Ullo.jpg HTTP/1.1" 404 - "-" "Googlebot-Image/1.0"
66.249.70.200 - - [02/Jan/2024:05:15:34 +0100] "GET /fjoo/temp/malom.jpg HTTP/1.1" 404 - "-" "Googlebot-Image/1.0"
66.249.70.199 - - [02/Jan/2024:05:15:35 +0100] "GET /fjoo/temp/Szalajka-halastavaka.jpg HTTP/1.1" 404 - "-" "Googlebot-Image/1.0"
66.249.70.199 - - [02/Jan/2024:05:15:35 +0100] "GET /fjoo/temp/fotohalta.jpg HTTP/1.1" 404 - "-" "Googlebot-Image/1.0"
66.249.70.199 - - [02/Jan/2024:05:15:35 +0100] "GET /fjoo/temp/Szalajka-halastavak.jpg HTTP/1.1" 404 - "-" "Googlebot-Image/1.0"
66.249.70.198 - - [02/Jan/2024:05:15:36 +0100] "GET /fjoo/temp/Sotet_erdo_melyena.jpg HTTP/1.1" 404 - "-" "Googlebot-Image/1.0"
66.249.70.200 - - [02/Jan/2024:05:15:36 +0100] "GET /fjoo/temp/Erdei_ma.jpg HTTP/1.1" 404 - "-" "Googlebot-Image/1.0"
66.249.70.199 - - [02/Jan/2024:05:15:37 +0100] "GET /fjoo/temp/Felsotarkany.jpg HTTP/1.1" 404 - "-" "Googlebot-Image/1.0"
66.249.70.199 - - [02/Jan/2024:05:15:37 +0100] "GET /fjoo/temp/maloma.jpg HTTP/1.1" 404 - "-" "Googlebot-Image/1.0"
66.249.70.198 - - [02/Jan/2024:05:15:38 +0100] "GET /fjoo/temp/Erdei_m.jpg HTTP/1.1" 404 - "-" "Googlebot-Image/1.0"
66.249.70.199 - - [02/Jan/2024:05:15:38 +0100] "GET /fjoo/temp/Felsotarkanya.jpg HTTP/1.1" 404 - "-" "Googlebot-Image/1.0"
66.249.70.199 - - [02/Jan/2024:05:15:39 +0100] "GET /fjoo/temp/Sotet_erdo_melyen.jpg HTTP/1.1" 404 - "-" "Googlebot-Image/1.0"
66.249.70.199 - - [02/Jan/2024:05:15:39 +0100] "GET /fjoo/temp/fotohalt.jpg HTTP/1.1" 404 - "-" "Googlebot-Image/1.0"
66.249.70.198 - - [02/Jan/2024:05:15:40 +0100] "GET /fjoo/temp/Szilvasa.jpg HTTP/1.1" 404 - "-" "Googlebot-Image/1.0"
66.249.70.198 - - [02/Jan/2024:05:15:40 +0100] "GET /fjoo/temp/Taskai_delta.jpg HTTP/1.1" 404 - "-" "Googlebot-Image/1.0"
66.249.70.198 - - [02/Jan/2024:05:15:41 +0100] "GET /fjoo/temp/Taskai_deltaa.jpg HTTP/1.1" 404 - "-" "Googlebot-Image/1.0"
66.249.70.198 - - [02/Jan/2024:05:15:41 +0100] "GET /fjoo/temp/Szilvas.jpg HTTP/1.1" 404 - "-" "Googlebot-Image/1.0"
66.249.70.199 - - [02/Jan/2024:05:18:52 +0100] "GET /~fjoo/temp/02_04_25/A62_001I.jpg HTTP/1.1" 404 - "-" "Googlebot-Image/1.0"
66.249.70.199 - - [02/Jan/2024:05:25:15 +0100] "GET /~fjoo/1014_veza.jpg HTTP/1.1" 404 - "-" "Googlebot-Image/1.0"
66.249.70.199 - - [02/Jan/2024:05:25:16 +0100] "GET /~fjoo/Deli3.jpg HTTP/1.1" 404 - "-" "Googlebot-Image/1.0"
66.249.70.200 - - [02/Jan/2024:05:26:23 +0100] "GET /~fjoo/temp/02_04_25/FC_PGF_Monor.jpg HTTP/1.1" 404 - "-" "Googlebot-Image/1.0"
198.235.24.106 - - [02/Jan/2024:05:28:13 +0100] "GET / HTTP/1.1" 302 288 "-" "Expanse, a Palo Alto Networks company, searches across the global IPv4 space multiple times per day to identify customers' presences on the Internet. If you would like to be excluded from our scans, please send IP addresses/domains to: scaninfo@paloaltonetworks.com"
66.249.70.198 - - [02/Jan/2024:05:33:53 +0100] "GET /~fjoo/temp/02_04_25/Graf_Peteri.jpg HTTP/1.1" 404 - "-" "Googlebot-Image/1.0"
131.153.240.162 - - [02/Jan/2024:05:36:42 +0100] "GET / HTTP/1.1" 404 - "-" "Mozilla/5.0 (Windows NT 10.0; Win64; x64) AppleWebKit/537.36 (KHTML, like Gecko) Chrome/106.0.0.0 Safari/537.36"
66.249.70.199 - - [02/Jan/2024:05:41:23 +0100] "GET /~fjoo/temp/02_04_25/Graf_varo2.jpg HTTP/1.1" 404 - "-" "Googlebot-Image/1.0"
66.249.70.200 - - [02/Jan/2024:05:48:53 +0100] "GET /~fjoo/temp/02_04_25/Graf_KoKi.jpg HTTP/1.1" 404 - "-" "Googlebot-Image/1.0"
47.128.42.119 - - [02/Jan/2024:05:52:08 +0100] "GET /img_upload/4993343bc2f5623bef83ec7984792f31/Az_igazi_karacsonyfa_mindig_zoldebb2.jpg HTTP/1.1" 404 - "-" "Mozilla/5.0 (Linux; Android 5.0) AppleWebKit/537.36 (KHTML, like Gecko) Mobile Safari/537.36 (compatible; Bytespider; spider-feedback@bytedance.com)"
66.249.70.200 - - [02/Jan/2024:05:53:29 +0100] "GET /fjoo/M62_263kti.jpg HTTP/1.1" 404 - "-" "Googlebot-Image/1.0"
66.249.70.198 - - [02/Jan/2024:05:56:23 +0100] "GET /~fjoo/temp/02_04_25/Graf_varo.jpg HTTP/1.1" 404 - "-" "Googlebot-Image/1.0"
66.249.70.198 - - [02/Jan/2024:06:02:54 +0100] "GET /~illesf/villamos/bp/map/bpmap4.jpg HTTP/1.1" 404 - "-" "Googlebot-Image/1.0"
66.249.70.198 - - [02/Jan/2024:06:03:31 +0100] "GET /fjoo/temp/A61-017a.jpg HTTP/1.1" 404 - "-" "Googlebot-Image/1.0"
66.249.70.199 - - [02/Jan/2024:06:03:31 +0100] "GET /fjoo/temp/A61-017.jpg HTTP/1.1" 404 - "-" "Googlebot-Image/1.0"
66.249.70.198 - - [02/Jan/2024:06:03:53 +0100] "GET /~fjoo/temp/Mercia6.jpg HTTP/1.1" 404 - "-" "Googlebot-Image/1.0"
66.249.70.198 - - [02/Jan/2024:06:07:35 +0100] "GET /~fjoo/PCD00387.jpg HTTP/1.1" 404 - "-" "Googlebot-Image/1.0"
66.249.70.198 - - [02/Jan/2024:06:07:36 +0100] "GET /~fjoo/PCD00388a.jpg HTTP/1.1" 404 - "-" "Googlebot-Image/1.0"
66.249.70.198 - - [02/Jan/2024:06:07:37 +0100] "GET /~fjoo/PCD00158.jpg HTTP/1.1" 404 - "-" "Googlebot-Image/1.0"
66.249.70.198 - - [02/Jan/2024:06:07:37 +0100] "GET /~fjoo/PCD00388.jpg HTTP/1.1" 404 - "-" "Googlebot-Image/1.0"
66.249.70.198 - - [02/Jan/2024:06:07:38 +0100] "GET /~fjoo/PCD00389.jpg HTTP/1.1" 404 - "-" "Googlebot-Image/1.0"
66.249.70.198 - - [02/Jan/2024:06:07:38 +0100] "GET /fjoo/m61004_1a.jpg HTTP/1.1" 404 - "-" "Googlebot-Image/1.0"
66.249.70.198 - - [02/Jan/2024:06:07:38 +0100] "GET /~fjoo/LokiKoKia.jpg HTTP/1.1" 404 - "-" "Googlebot-Image/1.0"
66.249.70.198 - - [02/Jan/2024:06:07:39 +0100] "GET /~fjoo/csom_sikl.jpg HTTP/1.1" 404 - "-" "Googlebot-Image/1.0"
66.249.70.198 - - [02/Jan/2024:06:07:39 +0100] "GET /~fjoo/m62243sv.jpg HTTP/1.1" 404 - "-" "Googlebot-Image/1.0"
66.249.70.198 - - [02/Jan/2024:06:07:40 +0100] "GET /~fjoo/m62243sva.jpg HTTP/1.1" 404 - "-" "Googlebot-Image/1.0"
66.249.70.198 - - [02/Jan/2024:06:07:40 +0100] "GET /~fjoo/PCD00035.jpg HTTP/1.1" 404 - "-" "Googlebot-Image/1.0"
66.249.70.198 - - [02/Jan/2024:06:07:41 +0100] "GET /~fjoo/LokiKoKi.jpg HTTP/1.1" 404 - "-" "Googlebot-Image/1.0"
66.249.70.198 - - [02/Jan/2024:06:07:41 +0100] "GET /fjoo/Deli3a.jpg HTTP/1.1" 404 - "-" "Googlebot-Image/1.0"
66.249.70.198 - - [02/Jan/2024:06:07:42 +0100] "GET /fjoo/PCD00168a.jpg HTTP/1.1" 404 - "-" "Googlebot-Image/1.0"
66.249.70.198 - - [02/Jan/2024:06:07:42 +0100] "GET /~fjoo/Vonthobn.jpg HTTP/1.1" 404 - "-" "Googlebot-Image/1.0"
66.249.70.198 - - [02/Jan/2024:06:07:43 +0100] "GET /~fjoo/M61004_1a.jpg HTTP/1.1" 404 - "-" "Googlebot-Image/1.0"
66.249.70.200 - - [02/Jan/2024:06:10:23 +0100] "GET /fjoo/VL10-1489a.jpg HTTP/1.1" 404 - "-" "Googlebot-Image/1.0"
66.249.70.200 - - [02/Jan/2024:06:10:24 +0100] "GET /fjoo/1016_041a.jpg HTTP/1.1" 404 - "-" "Googlebot-Image/1.0"
66.249.70.199 - - [02/Jan/2024:06:11:23 +0100] "GET /~fjoo/temp/02_04_25/Szemeretelep.jpg HTTP/1.1" 404 - "-" "Googlebot-Image/1.0"
213.180.203.104 - - [02/Jan/2024:06:12:08 +0100] "GET /robots.txt HTTP/1.1" 404 - "-" "Mozilla/5.0 (compatible; YandexBot/3.0; +http://yandex.com/bots)"
87.250.224.6 - - [02/Jan/2024:06:12:08 +0100] "GET /~illesf/villamos/miskolc/terkep.html HTTP/1.1" 404 - "-" "Mozilla/5.0 (compatible; YandexBot/3.0; +http://yandex.com/bots)"
66.249.70.200 - - [02/Jan/2024:06:16:22 +0100] "GET /fjoo/temp/M62export.jpg HTTP/1.1" 404 - "-" "Googlebot-Image/1.0"
66.249.70.198 - - [02/Jan/2024:06:17:39 +0100] "GET /~illesf/temp/szz05.jpg HTTP/1.1" 404 - "-" "Googlebot-Image/1.0"
66.249.70.199 - - [02/Jan/2024:06:17:39 +0100] "GET /~illesf/temp/720-14.jpg HTTP/1.1" 404 - "-" "Googlebot-Image/1.0"
66.249.70.200 - - [02/Jan/2024:06:17:40 +0100] "GET /~illesf/temp/720-35.jpg HTTP/1.1" 404 - "-" "Googlebot-Image/1.0"
66.249.70.198 - - [02/Jan/2024:06:18:52 +0100] "GET /~fjoo/temp/02_04_25/A62_001M.jpg HTTP/1.1" 404 - "-" "Googlebot-Image/1.0"
66.249.70.200 - - [02/Jan/2024:06:26:23 +0100] "GET /~fjoo/temp/02_04_25/A62_001G.jpg HTTP/1.1" 404 - "-" "Googlebot-Image/1.0"
66.249.70.200 - - [02/Jan/2024:06:33:17 +0100] "GET /~illesf/vilamos/bp/ni01a.jpg HTTP/1.1" 404 - "-" "Googlebot-Image/1.0"
66.249.70.198 - - [02/Jan/2024:06:33:18 +0100] "GET /~illesf/villamos/bp/ni01a.jpg HTTP/1.1" 404 - "-" "Googlebot-Image/1.0"
66.249.70.198 - - [02/Jan/2024:06:33:53 +0100] "GET /~fjoo/temp/02_04_25/A62_001D.jpg HTTP/1.1" 404 - "-" "Googlebot-Image/1.0"
140.228.21.65 - - [02/Jan/2024:06:39:52 +0100] "GET /wp-login.php HTTP/1.1" 404 - "-" "Mozilla/5.0 (Windows NT 10.0; Win64; x64) AppleWebKit/537.36 (KHTML, like Gecko) Chrome/91.0.4472.124 Safari/537.36"
66.249.70.199 - - [02/Jan/2024:06:41:23 +0100] "GET /~fjoo/temp/02_04_25/A62_001L.jpg HTTP/1.1" 404 - "-" "Googlebot-Image/1.0"
66.249.70.200 - - [02/Jan/2024:06:50:53 +0100] "GET /~fjoo/Kratochw.jpg HTTP/1.1" 404 - "-" "Googlebot-Image/1.0"
66.249.70.199 - - [02/Jan/2024:06:52:14 +0100] "GET /~fjoo/temp/02_06_20/Zeg_delta.jpg HTTP/1.1" 404 - "-" "Googlebot-Image/1.0"
66.249.70.198 - - [02/Jan/2024:06:52:15 +0100] "GET /~fjoo/temp/02_06_20/Zeg_delta2.jpg HTTP/1.1" 404 - "-" "Googlebot-Image/1.0"
66.249.70.200 - - [02/Jan/2024:06:52:15 +0100] "GET /~fjoo/temp/02_06_20/OBB_011-37.jpg HTTP/1.1" 404 - "-" "Googlebot-Image/1.0"
66.249.70.198 - - [02/Jan/2024:06:52:16 +0100] "GET /~fjoo/temp/02_06_20/101_083.jpg HTTP/1.1" 404 - "-" "Googlebot-Image/1.0"
66.249.70.199 - - [02/Jan/2024:06:52:16 +0100] "GET /~fjoo/temp/02_06_20/1116_GR1.jpg HTTP/1.1" 404 - "-" "Googlebot-Image/1.0"
66.249.70.198 - - [02/Jan/2024:06:52:17 +0100] "GET /~fjoo/temp/02_06_20/1116_OBB_011-37.jpg HTTP/1.1" 404 - "-" "Googlebot-Image/1.0"
66.249.70.198 - - [02/Jan/2024:06:52:17 +0100] "GET /~fjoo/temp/02_06_20/2070_042.jpg HTTP/1.1" 404 - "-" "Googlebot-Image/1.0"
66.249.70.198 - - [02/Jan/2024:06:52:17 +0100] "GET /~fjoo/temp/02_06_20/1116_GR2.jpg HTTP/1.1" 404 - "-" "Googlebot-Image/1.0"
66.249.70.198 - - [02/Jan/2024:06:53:37 +0100] "GET /~fjoo/temp/Mercia5.jpg HTTP/1.1" 404 - "-" "Googlebot-Image/1.0"
66.249.70.198 - - [02/Jan/2024:06:58:21 +0100] "GET /~fjoo/temp/02_04_25/A62_001B.jpg HTTP/1.1" 404 - "-" "Googlebot-Image/1.0"
66.249.70.200 - - [02/Jan/2024:07:03:05 +0100] "GET /~fjoo/temp/Mercia1.jpg HTTP/1.1" 404 - "-" "Googlebot-Image/1.0"
66.249.70.198 - - [02/Jan/2024:07:07:49 +0100] "GET /~fjoo/temp/02_04_25/A62_001J.jpg HTTP/1.1" 404 - "-" "Googlebot-Image/1.0"
66.249.70.200 - - [02/Jan/2024:07:08:41 +0100] "GET /img_upload/19db176d4f589f6c5928b33f24352cc2/Report_53.pdf HTTP/1.1" 404 - "-" "Googlebot/2.1 (+http://www.google.com/bot.html)"
66.249.70.200 - - [02/Jan/2024:07:12:34 +0100] "GET /~fjoo/temp/02_04_25/A62_001K.jpg HTTP/1.1" 404 - "-" "Googlebot-Image/1.0"
94.156.68.28 - - [02/Jan/2024:07:14:55 +0100] "GET / HTTP/1.1" 404 - "-" "Mozilla/5.0 (Windows NT 10.0; Win64; x64) AppleWebKit/537.36 (KHTML, like Gecko) Chrome/78.0.3904.108 Safari/537.36"
94.156.68.28 - - [02/Jan/2024:07:14:55 +0100] "GET / HTTP/1.1" 404 - "-" "Mozilla/5.0 (Windows NT 10.0; Win64; x64) AppleWebKit/537.36 (KHTML, like Gecko) Chrome/78.0.3904.108 Safari/537.36"
94.156.68.28 - - [02/Jan/2024:07:14:55 +0100] "GET /wp-includes/wlwmanifest.xml HTTP/1.1" 404 - "-" "Mozilla/5.0 (Windows NT 10.0; Win64; x64) AppleWebKit/537.36 (KHTML, like Gecko) Chrome/78.0.3904.108 Safari/537.36"
94.156.68.28 - - [02/Jan/2024:07:14:55 +0100] "GET /xmlrpc.php?rsd HTTP/1.1" 404 - "-" "Mozilla/5.0 (Windows NT 10.0; Win64; x64) AppleWebKit/537.36 (KHTML, like Gecko) Chrome/78.0.3904.108 Safari/537.36"
94.156.68.28 - - [02/Jan/2024:07:14:55 +0100] "GET / HTTP/1.1" 404 - "-" "Mozilla/5.0 (Windows NT 10.0; Win64; x64) AppleWebKit/537.36 (KHTML, like Gecko) Chrome/78.0.3904.108 Safari/537.36"
94.156.68.28 - - [02/Jan/2024:07:14:55 +0100] "GET /blog/wp-includes/wlwmanifest.xml HTTP/1.1" 404 - "-" "Mozilla/5.0 (Windows NT 10.0; Win64; x64) AppleWebKit/537.36 (KHTML, like Gecko) Chrome/78.0.3904.108 Safari/537.36"
94.156.68.28 - - [02/Jan/2024:07:14:55 +0100] "GET /web/wp-includes/wlwmanifest.xml HTTP/1.1" 404 - "-" "Mozilla/5.0 (Windows NT 10.0; Win64; x64) AppleWebKit/537.36 (KHTML, like Gecko) Chrome/78.0.3904.108 Safari/537.36"
94.156.68.28 - - [02/Jan/2024:07:14:55 +0100] "GET /wordpress/wp-includes/wlwmanifest.xml HTTP/1.1" 404 - "-" "Mozilla/5.0 (Windows NT 10.0; Win64; x64) AppleWebKit/537.36 (KHTML, like Gecko) Chrome/78.0.3904.108 Safari/537.36"
94.156.68.28 - - [02/Jan/2024:07:14:55 +0100] "GET /website/wp-includes/wlwmanifest.xml HTTP/1.1" 404 - "-" "Mozilla/5.0 (Windows NT 10.0; Win64; x64) AppleWebKit/537.36 (KHTML, like Gecko) Chrome/78.0.3904.108 Safari/537.36"
94.156.68.28 - - [02/Jan/2024:07:14:55 +0100] "GET /wp/wp-includes/wlwmanifest.xml HTTP/1.1" 404 - "-" "Mozilla/5.0 (Windows NT 10.0; Win64; x64) AppleWebKit/537.36 (KHTML, like Gecko) Chrome/78.0.3904.108 Safari/537.36"
94.156.68.28 - - [02/Jan/2024:07:14:55 +0100] "GET /news/wp-includes/wlwmanifest.xml HTTP/1.1" 404 - "-" "Mozilla/5.0 (Windows NT 10.0; Win64; x64) AppleWebKit/537.36 (KHTML, like Gecko) Chrome/78.0.3904.108 Safari/537.36"
94.156.68.28 - - [02/Jan/2024:07:14:55 +0100] "GET /2018/wp-includes/wlwmanifest.xml HTTP/1.1" 404 - "-" "Mozilla/5.0 (Windows NT 10.0; Win64; x64) AppleWebKit/537.36 (KHTML, like Gecko) Chrome/78.0.3904.108 Safari/537.36"
94.156.68.28 - - [02/Jan/2024:07:14:55 +0100] "GET /2019/wp-includes/wlwmanifest.xml HTTP/1.1" 404 - "-" "Mozilla/5.0 (Windows NT 10.0; Win64; x64) AppleWebKit/537.36 (KHTML, like Gecko) Chrome/78.0.3904.108 Safari/537.36"
94.156.68.28 - - [02/Jan/2024:07:14:56 +0100] "GET /shop/wp-includes/wlwmanifest.xml HTTP/1.1" 404 - "-" "Mozilla/5.0 (Windows NT 10.0; Win64; x64) AppleWebKit/537.36 (KHTML, like Gecko) Chrome/78.0.3904.108 Safari/537.36"
94.156.68.28 - - [02/Jan/2024:07:14:56 +0100] "GET /wp1/wp-includes/wlwmanifest.xml HTTP/1.1" 404 - "-" "Mozilla/5.0 (Windows NT 10.0; Win64; x64) AppleWebKit/537.36 (KHTML, like Gecko) Chrome/78.0.3904.108 Safari/537.36"
94.156.68.28 - - [02/Jan/2024:07:14:56 +0100] "GET /test/wp-includes/wlwmanifest.xml HTTP/1.1" 404 - "-" "Mozilla/5.0 (Windows NT 10.0; Win64; x64) AppleWebKit/537.36 (KHTML, like Gecko) Chrome/78.0.3904.108 Safari/537.36"
94.156.68.28 - - [02/Jan/2024:07:14:56 +0100] "GET /media/wp-includes/wlwmanifest.xml HTTP/1.1" 404 - "-" "Mozilla/5.0 (Windows NT 10.0; Win64; x64) AppleWebKit/537.36 (KHTML, like Gecko) Chrome/78.0.3904.108 Safari/537.36"
94.156.68.28 - - [02/Jan/2024:07:14:56 +0100] "GET /wp2/wp-includes/wlwmanifest.xml HTTP/1.1" 404 - "-" "Mozilla/5.0 (Windows NT 10.0; Win64; x64) AppleWebKit/537.36 (KHTML, like Gecko) Chrome/78.0.3904.108 Safari/537.36"
94.156.68.28 - - [02/Jan/2024:07:14:56 +0100] "GET /site/wp-includes/wlwmanifest.xml HTTP/1.1" 404 - "-" "Mozilla/5.0 (Windows NT 10.0; Win64; x64) AppleWebKit/537.36 (KHTML, like Gecko) Chrome/78.0.3904.108 Safari/537.36"
94.156.68.28 - - [02/Jan/2024:07:14:56 +0100] "GET /cms/wp-includes/wlwmanifest.xml HTTP/1.1" 404 - "-" "Mozilla/5.0 (Windows NT 10.0; Win64; x64) AppleWebKit/537.36 (KHTML, like Gecko) Chrome/78.0.3904.108 Safari/537.36"
94.156.68.28 - - [02/Jan/2024:07:14:56 +0100] "GET /sito/wp-includes/wlwmanifest.xml HTTP/1.1" 404 - "-" "Mozilla/5.0 (Windows NT 10.0; Win64; x64) AppleWebKit/537.36 (KHTML, like Gecko) Chrome/78.0.3904.108 Safari/537.36"
66.249.70.200 - - [02/Jan/2024:07:17:18 +0100] "GET /img_upload/4993343bc2f5623bef83ec7984792f31/managed/2005_10/hires_bojkottok_rosa_parks3.jpg HTTP/1.1" 404 - "-" "Googlebot-Image/1.0"
66.249.70.198 - - [02/Jan/2024:07:22:02 +0100] "GET /~fjoo/temp/02_04_25/Graf_BDt.jpg HTTP/1.1" 404 - "-" "Googlebot-Image/1.0"
66.249.70.200 - - [02/Jan/2024:07:26:46 +0100] "GET /~fjoo/temp/02_04_25/kijarat.jpg HTTP/1.1" 404 - "-" "Googlebot-Image/1.0"
66.249.70.198 - - [02/Jan/2024:07:31:30 +0100] "GET /fjoo/temp/040128/t_NGM_emlektargyak.jpg HTTP/1.1" 404 - "-" "Googlebot-Image/1.0"
66.249.70.198 - - [02/Jan/2024:07:35:33 +0100] "GET /~fjoo/490_056a.jpg HTTP/1.1" 404 - "-" "Googlebot-Image/1.0"
66.249.70.198 - - [02/Jan/2024:07:36:15 +0100] "GET /fjoo/temp/040128/NGM_emlektargyak.jpg HTTP/1.1" 404 - "-" "Googlebot-Image/1.0"
58.250.125.93 - - [02/Jan/2024:07:36:52 +0100] "GET / HTTP/1.1" 404 - "-" "Sogou web spider/4.0(+http://www.sogou.com/docs/help/webmasters.htm#07)"
49.7.20.28 - - [02/Jan/2024:07:36:55 +0100] "GET / HTTP/1.1" 404 - "-" "Sogou web spider/4.0(+http://www.sogou.com/docs/help/webmasters.htm#07)"
49.7.20.28 - - [02/Jan/2024:07:36:55 +0100] "GET / HTTP/1.1" 404 - "-" "Mozilla/5.0 (Macintosh; Intel Mac OS X 10_15_1) AppleWebKit/537.36 (KHTML, like Gecko) Chrome/78.0.3904.97 Safari/537.36"
66.249.70.198 - - [02/Jan/2024:07:40:59 +0100] "GET /fjoo/temp/02_05_26/%20310_006_Maribor.jpg HTTP/1.1" 404 - "-" "Googlebot-Image/1.0"
66.249.70.198 - - [02/Jan/2024:07:43:36 +0100] "GET /~fjoo/vasnez.htm HTTP/1.1" 404 - "-" "Mozilla/5.0 (Linux; Android 6.0.1; Nexus 5X Build/MMB29P) AppleWebKit/537.36 (KHTML, like Gecko) Chrome/120.0.6099.71 Mobile Safari/537.36 (compatible; Googlebot/2.1; +http://www.google.com/bot.html)"
66.249.70.198 - - [02/Jan/2024:07:45:43 +0100] "GET /fjoo/temp/02_05_26/BVhmot_201_IC.jpg HTTP/1.1" 404 - "-" "Googlebot-Image/1.0"
66.249.70.198 - - [02/Jan/2024:07:48:03 +0100] "GET /~fjoo/m62gdyniaa.jpg HTTP/1.1" 404 - "-" "Googlebot-Image/1.0"
66.249.70.198 - - [02/Jan/2024:07:48:04 +0100] "GET /~fjoo/PCD00158a.jpg HTTP/1.1" 404 - "-" "Googlebot-Image/1.0"
66.249.70.198 - - [02/Jan/2024:07:48:04 +0100] "GET /~fjoo/pkp_sn61a.jpg HTTP/1.1" 404 - "-" "Googlebot-Image/1.0"
66.249.70.198 - - [02/Jan/2024:07:48:05 +0100] "GET /~fjoo/m62gdynia.jpg HTTP/1.1" 404 - "-" "Googlebot-Image/1.0"
66.249.70.200 - - [02/Jan/2024:07:50:27 +0100] "GET /fjoo/temp/02_05_26/Bvhmot_201_IC.jpg HTTP/1.1" 404 - "-" "Googlebot-Image/1.0"
95.108.213.218 - - [02/Jan/2024:07:53:22 +0100] "GET /robots.txt HTTP/1.1" 404 - "-" "Mozilla/5.0 (compatible; YandexBot/3.0; +http://yandex.com/bots)"
95.108.213.152 - - [02/Jan/2024:07:53:22 +0100] "GET /biztkomm/605.shtml HTTP/1.1" 404 - "-" "Mozilla/5.0 (compatible; YandexBot/3.0; +http://yandex.com/bots)"
66.249.70.200 - - [02/Jan/2024:07:59:56 +0100] "GET /fjoo/temp/02_05_26/312_110_Sezana.jpg HTTP/1.1" 404 - "-" "Googlebot-Image/1.0"
66.249.70.198 - - [02/Jan/2024:08:04:40 +0100] "GET /fjoo/temp/02_05_26/664_118_viaduct.jpg HTTP/1.1" 404 - "-" "Googlebot-Image/1.0"
66.249.70.198 - - [02/Jan/2024:08:09:24 +0100] "GET /fjoo/temp/02_05_26/%20342_014_Capljane_IC_Croatia.jpg HTTP/1.1" 404 - "-" "Googlebot-Image/1.0"
66.249.70.199 - - [02/Jan/2024:08:14:08 +0100] "GET /fjoo/temp/02_05_26/steam.jpg HTTP/1.1" 404 - "-" "Googlebot-Image/1.0"
209.126.151.125 - - [02/Jan/2024:08:15:52 +0100] "GET / HTTP/1.1" 404 - "-" "bitdiscovery-suggestions"
66.249.70.200 - - [02/Jan/2024:08:16:38 +0100] "GET /fjoo/temp/02_05_26/%2053_017_Murska_S.jpg HTTP/1.1" 404 - "-" "Googlebot-Image/1.0"
131.153.240.162 - - [02/Jan/2024:08:18:43 +0100] "GET / HTTP/1.1" 404 - "-" "Mozilla/5.0 (Windows NT 10.0; Win64; x64) AppleWebKit/537.36 (KHTML, like Gecko) Chrome/106.0.0.0 Safari/537.36"
66.249.66.193 - - [02/Jan/2024:08:19:08 +0100] "GET /fjoo/temp/02_05_26/310_006_Maribor.jpg HTTP/1.1" 404 - "-" "Googlebot-Image/1.0"
213.180.203.39 - - [02/Jan/2024:08:21:11 +0100] "GET /robots.txt HTTP/1.1" 404 - "-" "Mozilla/5.0 (compatible; YandexBot/3.0; +http://yandex.com/bots)"
5.255.231.142 - - [02/Jan/2024:08:21:12 +0100] "GET /cyanide/baiamare/docs/MoranCyanidePaper0799 HTTP/1.1" 404 - "-" "Mozilla/5.0 (compatible; YandexBot/3.0; +http://yandex.com/bots)"
66.249.70.199 - - [02/Jan/2024:08:21:38 +0100] "GET /fjoo/temp/02_05_26/664_118_Bohinjska_B.jpg HTTP/1.1" 404 - "-" "Googlebot-Image/1.0"
66.249.70.200 - - [02/Jan/2024:08:24:08 +0100] "GET /~illesf/temp/_07.jpg HTTP/1.1" 404 - "-" "Googlebot-Image/1.0"
66.249.70.199 - - [02/Jan/2024:08:26:38 +0100] "GET /fjoo/temp/02_05_26/Trieste_tram_404.jpg HTTP/1.1" 404 - "-" "Googlebot-Image/1.0"
66.249.70.198 - - [02/Jan/2024:08:29:08 +0100] "GET /fjoo/temp/02_05_26/Trieste_siklo_2.jpg HTTP/1.1" 404 - "-" "Googlebot-Image/1.0"
66.249.70.199 - - [02/Jan/2024:08:31:38 +0100] "GET /fjoo/temp/02_05_26/53_017_Murska_S.jpg HTTP/1.1" 404 - "-" "Googlebot-Image/1.0"
66.249.70.200 - - [02/Jan/2024:08:34:10 +0100] "GET /fjoo/temp/02_05_26/%20664_102_Murska_S_Drava.jpg HTTP/1.1" 404 - "-" "Googlebot-Image/1.0"
66.249.70.200 - - [02/Jan/2024:08:36:40 +0100] "GET /fjoo/temp/02_05_26/2xE646_Trieste.jpg HTTP/1.1" 404 - "-" "Googlebot-Image/1.0"
66.249.70.198 - - [02/Jan/2024:08:39:08 +0100] "GET /fjoo/temp/02_05_26/ex-DB_212.jpg HTTP/1.1" 404 - "-" "Googlebot-Image/1.0"
51.222.253.16 - - [02/Jan/2024:08:41:34 +0100] "GET /robots.txt HTTP/1.1" 404 - "-" "Mozilla/5.0 (compatible; AhrefsBot/7.0; +http://ahrefs.com/robot/)"
66.249.70.200 - - [02/Jan/2024:08:41:38 +0100] "GET /fjoo/temp/02_05_26/664_102_Murska_S_Drava.jpg HTTP/1.1" 404 - "-" "Googlebot-Image/1.0"
66.249.70.198 - - [02/Jan/2024:08:44:08 +0100] "GET /fjoo/temp/02_05_26/664_105_Nova-G.jpg HTTP/1.1" 404 - "-" "Googlebot-Image/1.0"
66.249.70.199 - - [02/Jan/2024:08:46:38 +0100] "GET /fjoo/temp/02_05_26/1014_005_Wien-Sud2.jpg HTTP/1.1" 404 - "-" "Googlebot-Image/1.0"
66.249.70.199 - - [02/Jan/2024:08:49:08 +0100] "GET /fjoo/temp/02_05_26/%20664_111_Maribor_3808.jpg HTTP/1.1" 404 - "-" "Googlebot-Image/1.0"
66.249.70.200 - - [02/Jan/2024:08:51:38 +0100] "GET /fjoo/temp/02_05_26/6020_018_Wien-Sud.jpg HTTP/1.1" 404 - "-" "Googlebot-Image/1.0"
66.249.70.200 - - [02/Jan/2024:08:54:08 +0100] "GET /~illesf/villamos/kassa/622ks99b.jpg HTTP/1.1" 404 - "-" "Googlebot-Image/1.0"
66.249.70.199 - - [02/Jan/2024:08:56:38 +0100] "GET /fjoo/temp/02_05_26/363_012_Sezana.jpg HTTP/1.1" 404 - "-" "Googlebot-Image/1.0"
135.181.213.219 - - [02/Jan/2024:08:57:35 +0100] "GET /robots.txt HTTP/1.1" 404 - "-" "Mozilla/5.0 (compatible; MJ12bot/v1.4.8; http://mj12bot.com/)"
135.181.213.219 - - [02/Jan/2024:08:57:36 +0100] "GET //%22cikk.shtml?x=45783%5C%22 HTTP/1.1" 404 - "-" "Mozilla/5.0 (compatible; MJ12bot/v1.4.8; http://mj12bot.com/)"
135.181.213.219 - - [02/Jan/2024:08:58:01 +0100] "GET /robots.txt HTTP/1.1" 404 - "-" "Mozilla/5.0 (compatible; MJ12bot/v1.4.8; http://mj12bot.com/)"
135.181.213.219 - - [02/Jan/2024:08:58:03 +0100] "GET ///" HTTP/1.1" 404 - "-" "Mozilla/5.0 (compatible; MJ12bot/v1.4.8; http://mj12bot.com/)"
135.181.213.219 - - [02/Jan/2024:08:58:04 +0100] "GET /albakor-r%C5%91l HTTP/1.1" 404 - "-" "Mozilla/5.0 (compatible; MJ12bot/v1.4.8; http://mj12bot.com/)"
135.181.213.219 - - [02/Jan/2024:08:58:06 +0100] "GET /gaja//" HTTP/1.1" 404 - "-" "Mozilla/5.0 (compatible; MJ12bot/v1.4.8; http://mj12bot.com/)"
135.181.213.219 - - [02/Jan/2024:08:58:07 +0100] "GET /genmanipulacio/kepregeny///" HTTP/1.1" 404 - "-" "Mozilla/5.0 (compatible; MJ12bot/v1.4.8; http://mj12bot.com/)"
135.181.213.219 - - [02/Jan/2024:08:58:09 +0100] "GET /genmanipul%C3%A1cio HTTP/1.1" 404 - "-" "Mozilla/5.0 (compatible; MJ12bot/v1.4.8; http://mj12bot.com/)"
135.181.213.219 - - [02/Jan/2024:08:58:10 +0100] "GET /globaliz%C3%A1cio/lugano.htm HTTP/1.1" 404 - "-" "Mozilla/5.0 (compatible; MJ12bot/v1.4.8; http://mj12bot.com/)"
135.181.213.219 - - [02/Jan/2024:08:58:12 +0100] "GET /img_upload/5571a0a949fe21a2f14ec496592dfdc0/cdromtalanitas2.gif//" HTTP/1.1" 404 - "-" "Mozilla/5.0 (compatible; MJ12bot/v1.4.8; http://mj12bot.com/)"
66.249.70.199 - - [02/Jan/2024:08:59:08 +0100] "GET /~fjoo/E492_BpFb.jpg HTTP/1.1" 404 - "-" "Googlebot-Image/1.0"
66.249.70.199 - - [02/Jan/2024:09:01:38 +0100] "GET /~illesf/villamos/kassa/622ks99bi.jpg HTTP/1.1" 404 - "-" "Googlebot-Image/1.0"
66.249.70.199 - - [02/Jan/2024:09:04:08 +0100] "GET /fjoo/temp/02_05_26/Trieste_tram_1.jpg HTTP/1.1" 404 - "-" "Googlebot-Image/1.0"
216.244.66.203 - - [02/Jan/2024:09:04:51 +0100] "GET /robots.txt HTTP/1.1" 404 - "-" "Mozilla/5.0 (compatible; DotBot/1.2; +https://opensiteexplorer.org/dotbot; help@moz.com)"
66.249.70.198 - - [02/Jan/2024:09:06:38 +0100] "GET /fjoo/temp/02_05_26/664_111_Murska_RG1641.jpg HTTP/1.1" 404 - "-" "Googlebot-Image/1.0"
216.244.66.203 - - [02/Jan/2024:09:08:07 +0100] "GET /img%20upload/a1dd5094e546efa37a56d8e3359d3cb3/Biodiverzit%C3%A1s%20Egyezm%C3%A9ny%201.doc HTTP/1.1" 404 - "-" "Mozilla/5.0 (compatible; DotBot/1.2; +https://opensiteexplorer.org/dotbot; help@moz.com)"
40.77.167.181 - - [02/Jan/2024:09:10:06 +0100] "GET /robots.txt HTTP/1.1" 404 - "-" "Mozilla/5.0 AppleWebKit/537.36 (KHTML, like Gecko; compatible; bingbot/2.0; +http://www.bing.com/bingbot.htm) Chrome/116.0.1938.76 Safari/537.36"
157.55.39.49 - - [02/Jan/2024:09:10:17 +0100] "GET /zoldpc/articles.php?lng=hu&pg=299 HTTP/1.1" 404 - "-" "Mozilla/5.0 AppleWebKit/537.36 (KHTML, like Gecko; compatible; bingbot/2.0; +http://www.bing.com/bingbot.htm) Chrome/116.0.1938.76 Safari/537.36"
66.249.70.199 - - [02/Jan/2024:09:11:38 +0100] "GET /fjoo/temp/02_05_26/664_111_Maribor_3808.jpg HTTP/1.1" 404 - "-" "Googlebot-Image/1.0"
66.249.70.200 - - [02/Jan/2024:09:14:08 +0100] "GET /~illesf/villamos/szeged/sz5sg99a.jpg HTTP/1.1" 404 - "-" "Googlebot-Image/1.0"
66.249.70.199 - - [02/Jan/2024:09:16:38 +0100] "GET /fjoo/temp/02_05_26/664_118_close-up.jpg HTTP/1.1" 404 - "-" "Googlebot-Image/1.0"
66.249.70.199 - - [02/Jan/2024:09:19:08 +0100] "GET /~illesf/temp/nzatudja.jpg HTTP/1.1" 404 - "-" "Googlebot-Image/1.0"
66.249.70.200 - - [02/Jan/2024:09:21:38 +0100] "GET /fjoo/temp/02_05_26/ALe_803_Trieste.jpg HTTP/1.1" 404 - "-" "Googlebot-Image/1.0"
66.249.70.200 - - [02/Jan/2024:09:24:09 +0100] "GET /fjoo/temp/02_05_26/664_118_Most_na_Soci.jpg HTTP/1.1" 404 - "-" "Googlebot-Image/1.0"
66.249.70.199 - - [02/Jan/2024:09:29:08 +0100] "GET /~illesf/villamos/szeged/terkep/szeged_archiv.gif HTTP/1.1" 404 - "-" "Googlebot-Image/1.0"
66.249.70.198 - - [02/Jan/2024:09:31:38 +0100] "GET /~illesf/temp/szz05.jpg HTTP/1.1" 404 - "-" "Googlebot-Image/1.0"
49.7.227.204 - - [02/Jan/2024:09:32:07 +0100] "GET / HTTP/1.1" 404 - "-" "Mozilla/5.0 (iPhone; CPU iPhone OS 13_2_3 like Mac OS X) AppleWebKit/605.1.15 (KHTML, like Gecko) Version/13.0.3 Mobile/15E148 Safari/604.1"
66.249.70.199 - - [02/Jan/2024:09:34:08 +0100] "GET /~illesf/temp/720-14.jpg HTTP/1.1" 404 - "-" "Googlebot-Image/1.0"
66.249.70.200 - - [02/Jan/2024:09:36:38 +0100] "GET /~illesf/villamos/brno/kt8d5.gif HTTP/1.1" 404 - "-" "Googlebot-Image/1.0"
66.249.70.200 - - [02/Jan/2024:09:39:08 +0100] "GET /~fjoo/temp/EWS37712.jpg HTTP/1.1" 404 - "-" "Googlebot-Image/1.0"
66.249.70.198 - - [02/Jan/2024:09:42:53 +0100] "GET /~fjoo/PCD00199a.jpg HTTP/1.1" 404 - "-" "Googlebot-Image/1.0"
66.249.70.199 - - [02/Jan/2024:09:43:38 +0100] "GET /cikk.shtml?x=29951 HTTP/1.1" 404 - "-" "Mozilla/5.0 (Linux; Android 6.0.1; Nexus 5X Build/MMB29P) AppleWebKit/537.36 (KHTML, like Gecko) Chrome/120.0.6099.71 Mobile Safari/537.36 (compatible; Googlebot/2.1; +http://www.google.com/bot.html)"
66.249.70.200 - - [02/Jan/2024:09:44:08 +0100] "GET /~illesf/villamos/0502_brno/images/20050221_pict3218.jpg HTTP/1.1" 404 - "-" "Googlebot-Image/1.0"
66.249.70.198 - - [02/Jan/2024:09:46:38 +0100] "GET /fjoo/temp/A27-003a.jpg HTTP/1.1" 404 - "-" "Googlebot-Image/1.0"
66.249.70.198 - - [02/Jan/2024:09:49:08 +0100] "GET /fjoo/temp/A27-003.jpg HTTP/1.1" 404 - "-" "Googlebot-Image/1.0"
66.249.70.200 - - [02/Jan/2024:09:51:38 +0100] "GET /fjoo/M40Mendea.jpg HTTP/1.1" 404 - "-" "Googlebot-Image/1.0"
66.249.70.198 - - [02/Jan/2024:09:54:08 +0100] "GET /fjoo/OSE_A9415a.jpg HTTP/1.1" 404 - "-" "Googlebot-Image/1.0"
66.249.70.199 - - [02/Jan/2024:09:56:38 +0100] "GET /fjoo/101_Kolna.jpg HTTP/1.1" 404 - "-" "Googlebot-Image/1.0"
66.249.70.199 - - [02/Jan/2024:09:59:08 +0100] "GET /fjoo/PCD00304a.jpg HTTP/1.1" 404 - "-" "Googlebot-Image/1.0"
66.249.70.198 - - [02/Jan/2024:10:01:38 +0100] "GET /~fjoo/Burma1.jpg HTTP/1.1" 404 - "-" "Googlebot-Image/1.0"
66.249.70.200 - - [02/Jan/2024:10:04:08 +0100] "GET /~fjoo/zsr131_1c.jpg HTTP/1.1" 404 - "-" "Googlebot-Image/1.0"
51.222.253.4 - - [02/Jan/2024:10:05:35 +0100] "GET /robots.txt HTTP/1.1" 404 - "-" "Mozilla/5.0 (compatible; AhrefsBot/7.0; +http://ahrefs.com/robot/)"
66.249.70.200 - - [02/Jan/2024:10:06:38 +0100] "GET /fjoo/C50_Pafra.jpg HTTP/1.1" 404 - "-" "Googlebot-Image/1.0"
131.153.142.170 - - [02/Jan/2024:10:06:45 +0100] "GET / HTTP/1.1" 404 - "-" "Mozilla/5.0 (Windows NT 10.0; Win64; x64) AppleWebKit/537.36 (KHTML, like Gecko) Chrome/106.0.0.0 Safari/537.36"
66.249.70.200 - - [02/Jan/2024:10:09:08 +0100] "GET /~fjoo/temp/02_06_20/Zeg_delta.jpg HTTP/1.1" 404 - "-" "Googlebot-Image/1.0"
66.249.70.200 - - [02/Jan/2024:10:11:38 +0100] "GET /fjoo/OSE_NG_clag.jpg HTTP/1.1" 404 - "-" "Googlebot-Image/1.0"
66.249.70.200 - - [02/Jan/2024:10:14:08 +0100] "GET /~fjoo/zsr131_2d.jpg HTTP/1.1" 404 - "-" "Googlebot-Image/1.0"
66.249.70.199 - - [02/Jan/2024:10:16:38 +0100] "GET /fjoo/OSE_NG_clag.jpga.jpg HTTP/1.1" 404 - "-" "Googlebot-Image/1.0"
80.85.142.44 - - [02/Jan/2024:10:18:20 +0100] "HEAD / HTTP/1.1" 404 - "https://vid-st.ru/assortiment/skoby-nakladki-vannochki-dlya-svarki-armatury/" "Mozilla/2.0 (compatible; MSIE5.00; Windows 2002)"
193.3.168.17 - - [02/Jan/2024:10:18:21 +0100] "HEAD / HTTP/1.1" 404 - "https://autolider42.ru/kupit-maslo-2t-dvuhtaktnoe-maslo-dlya-dvuhtaktnih-/" "Mozilla/5.0 (compatible; MSIE4.00; Windows 2004)"
80.85.139.166 - - [02/Jan/2024:10:18:21 +0100] "HEAD / HTTP/1.1" 404 - "https://newkin.lol/" "Mozilla/5.0 (compatible; MSIE4.00; Windows 2002)"
194.67.210.77 - - [02/Jan/2024:10:18:21 +0100] "HEAD / HTTP/1.1" 404 - "https://www.umg-machinery.ru/" "Mozilla/8.0 (compatible; MSIE4.00; Windows 2008)"
66.249.70.200 - - [02/Jan/2024:10:19:08 +0100] "GET /fjoo/OBB_2095.jpg HTTP/1.1" 404 - "-" "Googlebot-Image/1.0"
66.249.70.200 - - [02/Jan/2024:10:21:38 +0100] "GET /~fjoo/temp/02_06_20/Zeg_delta2.jpg HTTP/1.1" 404 - "-" "Googlebot-Image/1.0"
94.142.141.230 - - [02/Jan/2024:10:21:49 +0100] "HEAD / HTTP/1.1" 404 - "https://hplifecoachingandpilates.com/" "Mozilla/4.0 (compatible; MSIE4.00; Windows 2003)"
194.67.207.9 - - [02/Jan/2024:10:21:50 +0100] "HEAD / HTTP/1.1" 404 - "https://lucky-nocode.ru/" "Mozilla/2.0 (compatible; MSIE7.00; Windows 2006)"
185.125.219.13 - - [02/Jan/2024:10:21:50 +0100] "HEAD / HTTP/1.1" 404 - "https://vavilon-ritual.com.ua/" "Mozilla/2.0 (compatible; MSIE7.00; Windows 2003)"
193.124.191.92 - - [02/Jan/2024:10:21:50 +0100] "HEAD / HTTP/1.1" 404 - "https://santehuroki.ru" "Mozilla/8.0 (compatible; MSIE7.00; Windows 2005)"
193.124.188.83 - - [02/Jan/2024:10:21:51 +0100] "HEAD / HTTP/1.1" 404 - "https://lordserial.homes" "Mozilla/6.0 (compatible; MSIE3.00; Windows 2003)"
66.249.70.200 - - [02/Jan/2024:10:24:08 +0100] "GET /fjoo/CFR_62DDa.jpg HTTP/1.1" 404 - "-" "Googlebot-Image/1.0"
66.249.70.199 - - [02/Jan/2024:10:26:38 +0100] "GET /~fjoo/temp/02_06_20/OBB_011-37.jpg HTTP/1.1" 404 - "-" "Googlebot-Image/1.0"
213.180.203.190 - - [02/Jan/2024:10:28:03 +0100] "GET /robots.txt HTTP/1.1" 404 - "-" "Mozilla/5.0 (compatible; YandexBot/3.0; +http://yandex.com/bots)"
95.108.213.158 - - [02/Jan/2024:10:28:04 +0100] "GET /genmanipulacio/kepregeny/11.htm HTTP/1.1" 404 - "-" "Mozilla/5.0 (compatible; YandexBot/3.0; +http://yandex.com/bots)"
193.124.190.18 - - [02/Jan/2024:10:29:02 +0100] "HEAD / HTTP/1.1" 404 - "https://pointremont.ru/" "Mozilla/3.0 (compatible; MSIE5.00; Windows 2004)"
66.249.70.200 - - [02/Jan/2024:10:29:08 +0100] "GET /fjoo/V43_1004.jpg HTTP/1.1" 404 - "-" "Googlebot-Image/1.0"
66.249.70.198 - - [02/Jan/2024:10:31:38 +0100] "GET /fjoo/Taurusa.jpg HTTP/1.1" 404 - "-" "Googlebot-Image/1.0"
95.108.213.161 - - [02/Jan/2024:10:32:31 +0100] "GET /robots.txt HTTP/1.1" 404 - "-" "Mozilla/5.0 (compatible; YandexBot/3.0; +http://yandex.com/bots)"
95.108.213.108 - - [02/Jan/2024:10:32:32 +0100] "GET /fjoo/main.htm HTTP/1.1" 404 - "-" "Mozilla/5.0 (compatible; YandexBot/3.0; +http://yandex.com/bots)"
66.249.70.198 - - [02/Jan/2024:10:34:08 +0100] "GET /fjoo/101_Koln.jpg HTTP/1.1" 404 - "-" "Googlebot-Image/1.0"
66.249.70.200 - - [02/Jan/2024:10:35:47 +0100] "GET /~fjoo/A4_60009a.jpg HTTP/1.1" 404 - "-" "Googlebot-Image/1.0"
66.249.70.198 - - [02/Jan/2024:10:35:48 +0100] "GET /fjoo/m41_2002.jpg HTTP/1.1" 404 - "-" "Googlebot-Image/1.0"
66.249.70.200 - - [02/Jan/2024:10:35:48 +0100] "GET /fjoo/m61020sv1a.jpg HTTP/1.1" 404 - "-" "Googlebot-Image/1.0"
66.249.70.199 - - [02/Jan/2024:10:35:49 +0100] "GET /~fjoo/PCD00519.jpg HTTP/1.1" 404 - "-" "Googlebot-Image/1.0"
66.249.70.199 - - [02/Jan/2024:10:35:49 +0100] "GET /~fjoo/A4_60009.jpg HTTP/1.1" 404 - "-" "Googlebot-Image/1.0"
66.249.70.200 - - [02/Jan/2024:10:35:49 +0100] "GET /~fjoo/PCD00519a.jpg HTTP/1.1" 404 - "-" "Googlebot-Image/1.0"
66.249.70.200 - - [02/Jan/2024:10:35:50 +0100] "GET /fjoo/m41_2002a.jpg HTTP/1.1" 404 - "-" "Googlebot-Image/1.0"
66.249.70.199 - - [02/Jan/2024:10:36:38 +0100] "GET /~fjoo/zsr131_1b.jpg HTTP/1.1" 404 - "-" "Googlebot-Image/1.0"
66.249.70.200 - - [02/Jan/2024:10:39:08 +0100] "GET /~fjoo/deliossz.jpg HTTP/1.1" 404 - "-" "Googlebot-Image/1.0"
194.67.207.94 - - [02/Jan/2024:10:39:12 +0100] "HEAD / HTTP/1.1" 404 - "https://smarketdrive.com/" "Mozilla/6.0 (compatible; MSIE4.00; Windows 2008)"
185.5.249.185 - - [02/Jan/2024:10:39:28 +0100] "HEAD / HTTP/1.1" 404 - "https://okzone.info/" "Mozilla/2.0 (compatible; MSIE3.00; Windows 2006)"
66.249.70.198 - - [02/Jan/2024:10:41:38 +0100] "GET /~fjoo/zsr131_2b.jpg HTTP/1.1" 404 - "-" "Googlebot-Image/1.0"
66.249.70.200 - - [02/Jan/2024:10:42:07 +0100] "GET /~fjoo/temp/02_07_23/locsolas2.jpg HTTP/1.1" 404 - "-" "Googlebot-Image/1.0"
66.249.70.199 - - [02/Jan/2024:10:42:08 +0100] "GET /~fjoo/temp/02_07_23/M41_HEV3.jpg HTTP/1.1" 404 - "-" "Googlebot-Image/1.0"
66.249.70.199 - - [02/Jan/2024:10:42:08 +0100] "GET /~fjoo/temp/02_07_23/M41_HEV5.jpg HTTP/1.1" 404 - "-" "Googlebot-Image/1.0"
66.249.70.200 - - [02/Jan/2024:10:42:08 +0100] "GET /~fjoo/temp/02_07_23/1014_005_Torokb.jpg HTTP/1.1" 404 - "-" "Googlebot-Image/1.0"
66.249.70.199 - - [02/Jan/2024:10:42:09 +0100] "GET /~fjoo/temp/02_07_23/1014_005.jpg HTTP/1.1" 404 - "-" "Googlebot-Image/1.0"
66.249.70.200 - - [02/Jan/2024:10:42:09 +0100] "GET /~fjoo/temp/02_07_23/sin2.jpg HTTP/1.1" 404 - "-" "Googlebot-Image/1.0"
66.249.70.200 - - [02/Jan/2024:10:42:10 +0100] "GET /~fjoo/temp/02_07_23/1047_502_Deli.jpg HTTP/1.1" 404 - "-" "Googlebot-Image/1.0"
