66.249.70.200 - - [02/Jan/2024:10:42:10 +0100] "GET /~fjoo/temp/02_07_23/sin1.jpg HTTP/1.1" 404 - "-" "Googlebot-Image/1.0"
66.249.70.199 - - [02/Jan/2024:10:42:11 +0100] "GET /~fjoo/temp/02_07_23/M41_HEV1.jpg HTTP/1.1" 404 - "-" "Googlebot-Image/1.0"
66.249.70.199 - - [02/Jan/2024:10:42:11 +0100] "GET /~fjoo/temp/02_07_23/6341_001.jpg HTTP/1.1" 404 - "-" "Googlebot-Image/1.0"
66.249.70.199 - - [02/Jan/2024:10:42:12 +0100] "GET /~fjoo/temp/02_07_23/lopni_valo.jpg HTTP/1.1" 404 - "-" "Googlebot-Image/1.0"
66.249.70.199 - - [02/Jan/2024:10:42:12 +0100] "GET /~fjoo/temp/02_07_23/M41_HEV4.jpg HTTP/1.1" 404 - "-" "Googlebot-Image/1.0"
66.249.70.199 - - [02/Jan/2024:10:42:12 +0100] "GET /~fjoo/temp/02_07_23/M41_HEV6.jpg HTTP/1.1" 404 - "-" "Googlebot-Image/1.0"
66.249.70.199 - - [02/Jan/2024:10:42:13 +0100] "GET /~fjoo/temp/02_07_23/M44_M44.jpg HTTP/1.1" 404 - "-" "Googlebot-Image/1.0"
66.249.70.198 - - [02/Jan/2024:10:42:13 +0100] "GET /~fjoo/temp/02_07_23/1047_002_Deli.jpg HTTP/1.1" 404 - "-" "Googlebot-Image/1.0"
66.249.70.199 - - [02/Jan/2024:10:42:14 +0100] "GET /~fjoo/temp/02_07_23/MAV_PR.jpg HTTP/1.1" 404 - "-" "Googlebot-Image/1.0"
66.249.70.199 - - [02/Jan/2024:10:42:14 +0100] "GET /~fjoo/temp/02_07_23/EG-02.jpg HTTP/1.1" 404 - "-" "Googlebot-Image/1.0"
66.249.70.199 - - [02/Jan/2024:10:42:15 +0100] "GET /~fjoo/temp/02_07_23/M41_HEV2.jpg HTTP/1.1" 404 - "-" "Googlebot-Image/1.0"
66.249.70.198 - - [02/Jan/2024:10:42:15 +0100] "GET /~fjoo/temp/02_07_23/locsolas1.jpg HTTP/1.1" 404 - "-" "Googlebot-Image/1.0"
66.249.70.198 - - [02/Jan/2024:10:42:16 +0100] "GET /~fjoo/temp/02_07_23/1047_502_1014.jpg HTTP/1.1" 404 - "-" "Googlebot-Image/1.0"
66.249.70.198 - - [02/Jan/2024:10:42:16 +0100] "GET /~fjoo/temp/02_07_23/BDVmot_019.jpg HTTP/1.1" 404 - "-" "Googlebot-Image/1.0"
66.249.70.198 - - [02/Jan/2024:10:42:17 +0100] "GET /~fjoo/temp/02_07_23/EG-02_hegeszt.jpg HTTP/1.1" 404 - "-" "Googlebot-Image/1.0"
66.249.70.198 - - [02/Jan/2024:10:42:17 +0100] "GET /~fjoo/temp/02_07_23/sin3.jpg HTTP/1.1" 404 - "-" "Googlebot-Image/1.0"
66.249.70.198 - - [02/Jan/2024:10:42:17 +0100] "GET /~fjoo/temp/02_07_23/1047_502.jpg HTTP/1.1" 404 - "-" "Googlebot-Image/1.0"
66.249.70.200 - - [02/Jan/2024:10:44:08 +0100] "GET /fjoo/V43_ICemua.jpg HTTP/1.1" 404 - "-" "Googlebot-Image/1.0"
66.249.70.200 - - [02/Jan/2024:10:46:38 +0100] "GET /fjoo/Taurus.jpg HTTP/1.1" 404 - "-" "Googlebot-Image/1.0"
66.249.70.198 - - [02/Jan/2024:10:49:08 +0100] "GET /fjoo/OBB_2070.jpg HTTP/1.1" 404 - "-" "Googlebot-Image/1.0"
66.249.70.199 - - [02/Jan/2024:10:49:16 +0100] "GET /~fjoo/Di3643GR5a.jpg HTTP/1.1" 404 - "-" "Googlebot-Image/1.0"
66.249.70.198 - - [02/Jan/2024:10:49:16 +0100] "GET /~fjoo/prophes.jpg HTTP/1.1" 404 - "-" "Googlebot-Image/1.0"
66.249.70.198 - - [02/Jan/2024:10:49:16 +0100] "GET /fjoo/PCD01104a.jpg HTTP/1.1" 404 - "-" "Googlebot-Image/1.0"
66.249.70.198 - - [02/Jan/2024:10:49:17 +0100] "GET /fjoo/PCD01104.jpg HTTP/1.1" 404 - "-" "Googlebot-Image/1.0"
66.249.70.198 - - [02/Jan/2024:10:49:24 +0100] "GET /img_upload/cb39111eba7a31c9c0e48686fa8e3c87/13.079_90.pdf HTTP/1.1" 404 - "-" "Googlebot/2.1 (+http://www.google.com/bot.html)"
66.249.70.198 - - [02/Jan/2024:10:51:38 +0100] "GET /fjoo/BDZ_Fisha.jpg HTTP/1.1" 404 - "-" "Googlebot-Image/1.0"
136.243.220.209 - - [02/Jan/2024:10:53:09 +0100] "GET /~ferencj/new9909.htm HTTP/1.1" 404 - "-" "Mozilla/5.0 (compatible; DataForSeoBot/1.0; +https://dataforseo.com/dataforseo-bot)"
66.249.70.199 - - [02/Jan/2024:10:54:08 +0100] "GET /fjoo/CFR_62DD.jpg HTTP/1.1" 404 - "-" "Googlebot-Image/1.0"
95.108.213.177 - - [02/Jan/2024:10:55:49 +0100] "GET /robots.txt HTTP/1.1" 404 - "-" "Mozilla/5.0 (compatible; YandexBot/3.0; +http://yandex.com/bots)"
213.180.203.155 - - [02/Jan/2024:10:55:49 +0100] "GET /~fjoo/temp/Db_futohaz.jpg HTTP/1.1" 404 - "-" "Mozilla/5.0 (compatible; YandexImages/3.0; +http://yandex.com/bots)"
136.243.220.209 - - [02/Jan/2024:10:56:07 +0100] "GET /~ferencj/ose_A251.htm HTTP/1.1" 404 - "-" "Mozilla/5.0 (compatible; DataForSeoBot/1.0; +https://dataforseo.com/dataforseo-bot)"
66.249.70.200 - - [02/Jan/2024:10:56:38 +0100] "GET /~fjoo/Burma2.jpg HTTP/1.1" 404 - "-" "Googlebot-Image/1.0"
66.249.70.200 - - [02/Jan/2024:10:59:08 +0100] "GET /fjoo/C50_Pafr.jpg HTTP/1.1" 404 - "-" "Googlebot-Image/1.0"
66.249.70.198 - - [02/Jan/2024:11:01:38 +0100] "GET /~fjoo/zsr131_2a.jpg HTTP/1.1" 404 - "-" "Googlebot-Image/1.0"
66.249.70.198 - - [02/Jan/2024:11:04:08 +0100] "GET /fjoo/M40Mende.jpg HTTP/1.1" 404 - "-" "Googlebot-Image/1.0"
66.249.70.199 - - [02/Jan/2024:11:06:38 +0100] "GET /fjoo/V43_ICemu.jpg HTTP/1.1" 404 - "-" "Googlebot-Image/1.0"
66.249.70.200 - - [02/Jan/2024:11:09:08 +0100] "GET /~fjoo/zsr131_1a.jpg HTTP/1.1" 404 - "-" "Googlebot-Image/1.0"
66.249.70.199 - - [02/Jan/2024:11:11:38 +0100] "GET /fjoo/OSE_NG_claga.jpg HTTP/1.1" 404 - "-" "Googlebot-Image/1.0"
66.249.70.198 - - [02/Jan/2024:11:14:08 +0100] "GET /~fjoo/zsr131_3b.jpg HTTP/1.1" 404 - "-" "Googlebot-Image/1.0"
66.249.70.199 - - [02/Jan/2024:11:16:38 +0100] "GET /fjoo/OSE_A9415.jpg HTTP/1.1" 404 - "-" "Googlebot-Image/1.0"
66.249.70.200 - - [02/Jan/2024:11:19:08 +0100] "GET /~fjoo/m62gdyniaa.jpg HTTP/1.1" 404 - "-" "Googlebot-Image/1.0"
66.249.70.198 - - [02/Jan/2024:11:21:38 +0100] "GET /fjoo/temp/M62_301Ba.jpg HTTP/1.1" 404 - "-" "Googlebot-Image/1.0"
66.249.70.198 - - [02/Jan/2024:11:24:08 +0100] "GET /fjoo/temp/1047_001.jpg HTTP/1.1" 404 - "-" "Googlebot-Image/1.0"
66.249.70.198 - - [02/Jan/2024:11:25:56 +0100] "GET /fjoo/temp/Keleti_tablaa.jpg HTTP/1.1" 404 - "-" "Googlebot-Image/1.0"
66.249.70.199 - - [02/Jan/2024:11:27:18 +0100] "GET /fjoo/temp/M62_301a.jpg HTTP/1.1" 404 - "-" "Googlebot-Image/1.0"
66.249.70.199 - - [02/Jan/2024:11:28:52 +0100] "GET /fjoo/temp/1047_001a.jpg HTTP/1.1" 404 - "-" "Googlebot-Image/1.0"
66.249.70.198 - - [02/Jan/2024:11:30:27 +0100] "GET /fjoo/temp/Keleti_tabla.jpg HTTP/1.1" 404 - "-" "Googlebot-Image/1.0"
66.249.70.198 - - [02/Jan/2024:11:31:06 +0100] "GET /~fjoo/acsev_de.jpg HTTP/1.1" 404 - "-" "Googlebot-Image/1.0"
66.249.70.198 - - [02/Jan/2024:11:32:02 +0100] "GET /fjoo/temp/M62_301Ca.jpg HTTP/1.1" 404 - "-" "Googlebot-Image/1.0"
66.249.70.200 - - [02/Jan/2024:11:33:17 +0100] "GET /img_upload/cb39111eba7a31c9c0e48686fa8e3c87/AcsBiologia2003.pdf HTTP/1.1" 404 - "-" "Googlebot/2.1 (+http://www.google.com/bot.html)"
66.249.70.198 - - [02/Jan/2024:11:33:37 +0100] "GET /~illesf/temp/csehorszag/Image16.jpg HTTP/1.1" 404 - "-" "Googlebot-Image/1.0"
66.249.70.198 - - [02/Jan/2024:11:35:11 +0100] "GET /~fjoo/temp/02_06_04/1116_101.jpg HTTP/1.1" 404 - "-" "Googlebot-Image/1.0"
66.249.70.199 - - [02/Jan/2024:11:36:46 +0100] "GET /~fjoo/temp/02_06_04/120_109_EN225_Koln.jpg HTTP/1.1" 404 - "-" "Googlebot-Image/1.0"
66.249.70.200 - - [02/Jan/2024:11:38:11 +0100] "GET / HTTP/1.1" 404 - "-" "Mozilla/5.0 (Linux; Android 6.0.1; Nexus 5X Build/MMB29P) AppleWebKit/537.36 (KHTML, like Gecko) Chrome/120.0.6099.71 Mobile Safari/537.36 (compatible; Googlebot/2.1; +http://www.google.com/bot.html)"
66.249.70.198 - - [02/Jan/2024:11:38:21 +0100] "GET /~illesf/temp/csehorszag/Image10.jpg HTTP/1.1" 404 - "-" "Googlebot-Image/1.0"
66.249.70.198 - - [02/Jan/2024:11:39:56 +0100] "GET /~fjoo/temp/Ggak.jpg HTTP/1.1" 404 - "-" "Googlebot-Image/1.0"
66.249.70.198 - - [02/Jan/2024:11:41:30 +0100] "GET /~fjoo/temp/02_06_04/DB-DSB.jpg HTTP/1.1" 404 - "-" "Googlebot-Image/1.0"
66.249.70.200 - - [02/Jan/2024:11:43:05 +0100] "GET /~fjoo/PKP_dmu_test.jpg HTTP/1.1" 404 - "-" "Googlebot-Image/1.0"
66.249.70.199 - - [02/Jan/2024:11:43:39 +0100] "GET /cikk.shtml?x=40220 HTTP/1.1" 404 - "-" "Mozilla/5.0 (Linux; Android 6.0.1; Nexus 5X Build/MMB29P) AppleWebKit/537.36 (KHTML, like Gecko) Chrome/120.0.6099.71 Mobile Safari/537.36 (compatible; Googlebot/2.1; +http://www.google.com/bot.html)"
66.249.70.200 - - [02/Jan/2024:11:44:40 +0100] "GET /~fjoo/temp/PKP_dmu_test.jpg HTTP/1.1" 404 - "-" "Googlebot-Image/1.0"
66.249.64.128 - - [02/Jan/2024:11:44:43 +0100] "GET /robots.txt HTTP/1.1" 404 - "-" "Mozilla/5.0 (compatible; Googlebot/2.1; +http://www.google.com/bot.html)"
66.249.64.128 - - [02/Jan/2024:11:44:43 +0100] "GET / HTTP/1.1" 404 - "-" "Mozilla/5.0 (compatible; Googlebot/2.1; +http://www.google.com/bot.html)"
66.249.64.130 - - [02/Jan/2024:11:44:44 +0100] "GET / HTTP/1.1" 404 - "-" "Mozilla/5.0 (Linux; Android 6.0.1; Nexus 5X Build/MMB29P) AppleWebKit/537.36 (KHTML, like Gecko) Chrome/120.0.6099.71 Mobile Safari/537.36 (compatible; Googlebot/2.1; +http://www.google.com/bot.html)"
66.249.64.128 - - [02/Jan/2024:11:44:44 +0100] "GET /favicon.ico HTTP/1.1" 404 - "-" "Googlebot-Image/1.0"
66.249.64.130 - - [02/Jan/2024:11:44:47 +0100] "GET /favicon.ico HTTP/1.1" 404 - "-" "Googlebot-Image/1.0"
216.244.66.203 - - [02/Jan/2024:11:45:35 +0100] "GET /robots.txt HTTP/1.1" 404 - "-" "Mozilla/5.0 (compatible; DotBot/1.2; +https://opensiteexplorer.org/dotbot; help@moz.com)"
66.249.70.198 - - [02/Jan/2024:11:46:15 +0100] "GET /fjoo/temp/M62_301.jpg HTTP/1.1" 404 - "-" "Googlebot-Image/1.0"
66.249.70.200 - - [02/Jan/2024:11:47:49 +0100] "GET /fjoo/temp/M62_301C.jpg HTTP/1.1" 404 - "-" "Googlebot-Image/1.0"
66.249.70.199 - - [02/Jan/2024:11:49:24 +0100] "GET /fjoo/temp/M62_301B.jpg HTTP/1.1" 404 - "-" "Googlebot-Image/1.0"
77.75.79.95 - - [02/Jan/2024:11:50:15 +0100] "GET /mirror/bankwatch/ HTTP/1.1" 404 - "-" "Mozilla/5.0 (compatible; SeznamBot/4.0; +http://napoveda.seznam.cz/seznambot-intro/)"
77.75.79.95 - - [02/Jan/2024:11:50:15 +0100] "GET /robots.txt HTTP/1.1" 404 - "-" "Mozilla/5.0 (compatible; SeznamBot/4.0; +http://napoveda.seznam.cz/seznambot-intro/)"
131.153.142.170 - - [02/Jan/2024:11:53:07 +0100] "GET / HTTP/1.1" 404 - "-" "Mozilla/5.0 (Windows NT 10.0; Win64; x64) AppleWebKit/537.36 (KHTML, like Gecko) Chrome/106.0.0.0 Safari/537.36"
66.249.70.200 - - [02/Jan/2024:11:57:08 +0100] "GET /img_upload/cb39111eba7a31c9c0e48686fa8e3c87/BS_et_al_98_Exploring.pdf HTTP/1.1" 404 - "-" "Googlebot/2.1 (+http://www.google.com/bot.html)"
216.244.66.203 - - [02/Jan/2024:11:58:39 +0100] "GET /pkmk/friss.htm HTTP/1.1" 404 - "-" "Mozilla/5.0 (compatible; DotBot/1.2; +https://opensiteexplorer.org/dotbot; help@moz.com)"
195.228.125.249 - - [02/Jan/2024:12:04:05 +0100] "GET / HTTP/1.1" 404 - "-" "Mozilla/5.0 (Windows NT 10.0; Win64; x64; rv:120.0) Gecko/20100101 Firefox/120.0"
195.228.125.249 - - [02/Jan/2024:12:04:05 +0100] "GET /favicon.ico HTTP/1.1" 404 - "http://zpok.hu/" "Mozilla/5.0 (Windows NT 10.0; Win64; x64; rv:120.0) Gecko/20100101 Firefox/120.0"
178.236.246.255 - - [02/Jan/2024:12:08:22 +0100] "GET /.env HTTP/1.1" 404 - "-" "Mozilla/5.0 (Linux; U; Android 4.4.2; en-US; HM NOTE 1W Build/KOT49H) AppleWebKit/534.30 (KHTML, like Gecko) Version/4.0 UCBrowser/11.0.5.850 U3/0.8.0 Mobile Safari/534.30"
178.236.246.255 - - [02/Jan/2024:12:08:24 +0100] "POST / HTTP/1.1" 404 - "-" "Mozilla/5.0 (Linux; U; Android 4.4.2; en-US; HM NOTE 1W Build/KOT49H) AppleWebKit/534.30 (KHTML, like Gecko) Version/4.0 UCBrowser/11.0.5.850 U3/0.8.0 Mobile Safari/534.30"
178.236.246.255 - - [02/Jan/2024:12:08:31 +0100] "GET /vendor/phpunit/phpunit/src/Util/PHP/eval-stdin.php HTTP/1.1" 404 - "-" "python-requests/2.25.1"
66.249.70.200 - - [02/Jan/2024:12:10:48 +0100] "GET /fogyved/genpiszk/mun_2.html HTTP/1.1" 404 - "-" "Mozilla/5.0 (Linux; Android 6.0.1; Nexus 5X Build/MMB29P) AppleWebKit/537.36 (KHTML, like Gecko) Chrome/120.0.6099.71 Mobile Safari/537.36 (compatible; Googlebot/2.1; +http://www.google.com/bot.html)"
66.249.70.199 - - [02/Jan/2024:12:21:14 +0100] "GET /~illesf/villamos/viszonylat/51KUT.JPG HTTP/1.1" 404 - "-" "Googlebot-Image/1.0"
66.249.70.198 - - [02/Jan/2024:12:29:38 +0100] "GET /~illesf/temp/nagykaracsony_felso.jpg HTTP/1.1" 404 - "-" "Googlebot-Image/1.0"
5.255.231.193 - - [02/Jan/2024:12:48:43 +0100] "GET /robots.txt HTTP/1.1" 404 - "-" "Mozilla/5.0 (compatible; YandexBot/3.0; +http://yandex.com/bots)"
213.180.203.204 - - [02/Jan/2024:12:48:44 +0100] "GET /~gaja HTTP/1.1" 404 - "-" "Mozilla/5.0 (compatible; YandexBot/3.0; +http://yandex.com/bots)"
66.249.70.200 - - [02/Jan/2024:13:16:19 +0100] "GET /img_upload/cb39111eba7a31c9c0e48686fa8e3c87/255_268_MS985.pdf HTTP/1.1" 404 - "-" "Googlebot/2.1 (+http://www.google.com/bot.html)"
131.153.240.162 - - [02/Jan/2024:13:24:41 +0100] "GET / HTTP/1.1" 404 - "-" "Mozilla/5.0 (Windows NT 10.0; Win64; x64) AppleWebKit/537.36 (KHTML, like Gecko) Chrome/106.0.0.0 Safari/537.36"
64.124.8.87 - - [02/Jan/2024:13:24:44 +0100] "GET /robots.txt HTTP/1.1" 404 - "-" "Mozilla/5.0 (compatible; ImagesiftBot; +imagesift.com)"
64.124.8.87 - - [02/Jan/2024:13:24:44 +0100] "GET /img_upload/322859aa0578c5a894c85ecd18bf54d8/myscan1.jpg HTTP/1.1" 404 - "-" "Mozilla/5.0 (compatible; ImagesiftBot; +imagesift.com)"
66.249.70.199 - - [02/Jan/2024:13:43:41 +0100] "GET /~illesf/temp/csehorszag/Image11.jpg HTTP/1.1" 404 - "-" "Googlebot-Image/1.0"
66.249.70.199 - - [02/Jan/2024:13:43:42 +0100] "GET /~utf/ HTTP/1.1" 404 - "-" "Mozilla/5.0 (Linux; Android 6.0.1; Nexus 5X Build/MMB29P) AppleWebKit/537.36 (KHTML, like Gecko) Chrome/120.0.6099.71 Mobile Safari/537.36 (compatible; Googlebot/2.1; +http://www.google.com/bot.html)"
66.249.70.199 - - [02/Jan/2024:13:50:32 +0100] "GET /fjoo/temp/02_05_15/ADL_1.jpg HTTP/1.1" 404 - "-" "Googlebot-Image/1.0"
66.249.70.200 - - [02/Jan/2024:13:57:09 +0100] "GET /img_upload/cb39111eba7a31c9c0e48686fa8e3c87/EL2005_erdotermeszetesseg_cikk_1.pdf HTTP/1.1" 404 - "-" "Googlebot/2.1 (+http://www.google.com/bot.html)"
136.243.228.197 - - [02/Jan/2024:14:01:47 +0100] "GET /mailman/listinfo/genlist/ HTTP/1.1" 404 - "-" "Mozilla/5.0 (compatible; DataForSeoBot/1.0; +https://dataforseo.com/dataforseo-bot)"
66.249.70.200 - - [02/Jan/2024:14:02:04 +0100] "GET /img_upload/cb39111eba7a31c9c0e48686fa8e3c87/erosetal.pdf HTTP/1.1" 404 - "-" "Googlebot/2.1 (+http://www.google.com/bot.html)"
47.128.33.199 - - [02/Jan/2024:14:03:52 +0100] "GET /img_upload/4993343bc2f5623bef83ec7984792f31/Az_igazi_karacsonyfa_mindig_zoldebb2.jpg HTTP/1.1" 404 - "-" "Mozilla/5.0 (Linux; Android 5.0) AppleWebKit/537.36 (KHTML, like Gecko) Mobile Safari/537.36 (compatible; Bytespider; spider-feedback@bytedance.com)"
47.128.50.6 - - [02/Jan/2024:14:04:10 +0100] "GET /robots.txt HTTP/1.1" 404 - "-" "Mozilla/5.0 (Linux; Android 5.0) AppleWebKit/537.36 (KHTML, like Gecko) Mobile Safari/537.36 (compatible; Bytespider; spider-feedback@bytedance.com)"
3.10.241.64 - - [02/Jan/2024:14:34:14 +0100] "GET / HTTP/1.1" 404 - "-" "\"Mozilla/5.0 (X11; Linux x86_64; rv:78.0) Gecko/20100101 Firefox/78.0\""
66.249.70.199 - - [02/Jan/2024:14:35:20 +0100] "GET /~illesf/temp/pecskepeslap.jpg HTTP/1.1" 404 - "-" "Googlebot-Image/1.0"
66.249.70.198 - - [02/Jan/2024:14:35:21 +0100] "GET /~illesf/temp/rejtveny.jpg HTTP/1.1" 404 - "-" "Googlebot-Image/1.0"
66.249.70.200 - - [02/Jan/2024:14:36:29 +0100] "GET /robots.txt HTTP/1.1" 404 - "-" "Mozilla/5.0 (compatible; Googlebot/2.1; +http://www.google.com/bot.html)"
66.249.70.198 - - [02/Jan/2024:14:38:47 +0100] "GET /~ferencj/2M43_Bzx.jpg HTTP/1.1" 404 - "-" "Googlebot-Image/1.0"
23.229.113.138 - - [02/Jan/2024:14:40:59 +0100] "GET / HTTP/1.1" 404 - "-" "Mozilla/5.0 (Windows NT 10.0; Win64; x64) AppleWebKit/537.36 (KHTML, like Gecko) Chrome/120.0.0.0 Safari/537.36"
23.229.113.138 - - [02/Jan/2024:14:41:01 +0100] "GET /robots.txt HTTP/1.1" 404 - "-" "Mozilla/5.0 (Windows NT 10.0; Win64; x64) AppleWebKit/537.36 (KHTML, like Gecko) Chrome/120.0.0.0 Safari/537.36"
23.229.113.138 - - [02/Jan/2024:14:41:03 +0100] "GET /ads.txt HTTP/1.1" 404 - "-" "Mozilla/5.0 (Windows NT 10.0; Win64; x64) AppleWebKit/537.36 (KHTML, like Gecko) Chrome/120.0.0.0 Safari/537.36"
66.249.70.199 - - [02/Jan/2024:14:56:32 +0100] "GET /fjoo/temp/CFR_60-1015.jpg HTTP/1.1" 404 - "-" "Googlebot-Image/1.0"
66.249.70.198 - - [02/Jan/2024:14:56:33 +0100] "GET /fjoo/temp/CFR_Ro-La.jpg HTTP/1.1" 404 - "-" "Googlebot-Image/1.0"
66.249.70.199 - - [02/Jan/2024:14:56:33 +0100] "GET /fjoo/temp/CFR_railcara.jpg HTTP/1.1" 404 - "-" "Googlebot-Image/1.0"
66.249.70.199 - - [02/Jan/2024:14:56:34 +0100] "GET /fjoo/temp/CFR_Ro-Laa.jpg HTTP/1.1" 404 - "-" "Googlebot-Image/1.0"
66.249.70.198 - - [02/Jan/2024:14:56:34 +0100] "GET /fjoo/temp/CFR_60-1015a.jpg HTTP/1.1" 404 - "-" "Googlebot-Image/1.0"
66.249.70.198 - - [02/Jan/2024:14:56:35 +0100] "GET /fjoo/temp/CFR_Arpad.jpg HTTP/1.1" 404 - "-" "Googlebot-Image/1.0"
66.249.70.200 - - [02/Jan/2024:14:56:35 +0100] "GET /fjoo/temp/CFR_railcar.jpg HTTP/1.1" 404 - "-" "Googlebot-Image/1.0"
66.249.70.199 - - [02/Jan/2024:14:56:35 +0100] "GET /fjoo/temp/CFR_Arpada.jpg HTTP/1.1" 404 - "-" "Googlebot-Image/1.0"
131.153.240.178 - - [02/Jan/2024:15:06:40 +0100] "GET / HTTP/1.1" 404 - "-" "Mozilla/5.0 (Windows NT 10.0; Win64; x64) AppleWebKit/537.36 (KHTML, like Gecko) Chrome/106.0.0.0 Safari/537.36"
66.249.70.200 - - [02/Jan/2024:15:08:52 +0100] "GET /fjoo/PCD00404.jpg HTTP/1.1" 404 - "-" "Googlebot-Image/1.0"
66.249.70.198 - - [02/Jan/2024:15:08:53 +0100] "GET /fjoo/PCD00396.jpg HTTP/1.1" 404 - "-" "Googlebot-Image/1.0"
5.255.231.183 - - [02/Jan/2024:15:18:38 +0100] "GET /robots.txt HTTP/1.1" 404 - "-" "Mozilla/5.0 (compatible; YandexBot/3.0; +http://yandex.com/bots)"
95.108.213.124 - - [02/Jan/2024:15:18:38 +0100] "GET /fjoo/m61004ex.htm HTTP/1.1" 404 - "-" "Mozilla/5.0 (compatible; YandexBot/3.0; +http://yandex.com/bots)"
31.13.127.17 - - [02/Jan/2024:15:19:18 +0100] "GET /~fjoo/PCD00109.jpg HTTP/1.1" 404 - "-" "facebookexternalhit/1.1 (+http://www.facebook.com/externalhit_uatext.php)"
87.97.20.28 - - [02/Jan/2024:15:31:44 +0100] "GET /~fjoo/PCD00109a.jpg HTTP/1.1" 404 - "-" "Mozilla/5.0 (iPad; CPU OS 17_1_2 like Mac OS X) AppleWebKit/605.1.15 (KHTML, like Gecko) Mobile/21B101 [FBAN/FBIOS;FBAV/445.0.0.35.117;FBBV/548375166;FBDV/iPad7,5;FBMD/iPad;FBSN/iPadOS;FBSV/17.1.2;FBSS/2;FBID/tablet;FBLC/hu_HU;FBOP/5;FBRV/552350591]"
87.97.20.28 - - [02/Jan/2024:15:31:44 +0100] "GET /~fjoo/PCD00109a.jpg HTTP/1.1" 404 - "-" "Mozilla/5.0 (iPad; CPU OS 17_1_2 like Mac OS X) AppleWebKit/605.1.15 (KHTML, like Gecko) Mobile/21B101 [FBAN/FBIOS;FBAV/445.0.0.35.117;FBBV/548375166;FBDV/iPad7,5;FBMD/iPad;FBSN/iPadOS;FBSV/17.1.2;FBSS/2;FBID/tablet;FBLC/hu_HU;FBOP/5;FBRV/552350591]"
95.108.213.147 - - [02/Jan/2024:15:32:23 +0100] "GET /robots.txt HTTP/1.1" 404 - "-" "Mozilla/5.0 (compatible; YandexBot/3.0; +http://yandex.com/bots)"
213.180.203.13 - - [02/Jan/2024:15:32:23 +0100] "GET /~fjoo/hunind1.htm HTTP/1.1" 404 - "-" "Mozilla/5.0 (compatible; YandexBot/3.0; +http://yandex.com/bots)"
97.74.211.129 - - [02/Jan/2024:15:36:41 +0100] "GET /wp-login.php HTTP/1.1" 404 - "-" "Mozilla/5.0 (X11; Fedora; Linux x86_64; rv:94.0) Gecko/20100101 Firefox/95.0"
213.180.203.184 - - [02/Jan/2024:15:41:02 +0100] "GET /robots.txt HTTP/1.1" 404 - "-" "Mozilla/5.0 (compatible; YandexBot/3.0; +http://yandex.com/bots)"
213.180.203.53 - - [02/Jan/2024:15:41:03 +0100] "GET /outburst/ HTTP/1.1" 404 - "-" "Mozilla/5.0 (compatible; YandexBot/3.0; +http://yandex.com/bots)"
66.249.70.200 - - [02/Jan/2024:15:52:05 +0100] "GET /~fjoo/M61010depFusti.jpg HTTP/1.1" 404 - "-" "Googlebot-Image/1.0"
66.249.70.200 - - [02/Jan/2024:15:52:06 +0100] "GET /~fjoo/M61010depFustia.jpg HTTP/1.1" 404 - "-" "Googlebot-Image/1.0"
146.70.66.75 - - [02/Jan/2024:16:45:34 +0100] "GET / HTTP/1.1" 404 - "-" "Mozilla/5.0 (Windows NT 10.0; Win64; x64) AppleWebKit/537.36 (KHTML, like Gecko) Chrome/84.0.4147.105 Safari/537.36"
136.243.228.197 - - [02/Jan/2024:16:48:58 +0100] "GET /waldorf/fulltext.shtml?x=18956 HTTP/1.1" 404 - "-" "Mozilla/5.0 (compatible; DataForSeoBot/1.0; +https://dataforseo.com/dataforseo-bot)"
131.153.240.162 - - [02/Jan/2024:16:49:45 +0100] "GET / HTTP/1.1" 404 - "-" "Mozilla/5.0 (Windows NT 10.0; Win64; x64) AppleWebKit/537.36 (KHTML, like Gecko) Chrome/106.0.0.0 Safari/537.36"
54.36.148.160 - - [02/Jan/2024:16:50:23 +0100] "GET / HTTP/1.1" 404 - "-" "Mozilla/5.0 (compatible; AhrefsBot/7.0; +http://ahrefs.com/robot/)"
66.249.70.199 - - [02/Jan/2024:17:05:43 +0100] "GET /~illesf/terkepek/bp1913.jpg HTTP/1.1" 404 - "-" "Googlebot-Image/1.0"
66.249.70.198 - - [02/Jan/2024:17:05:44 +0100] "GET /~illesf/terkepek/erzsebetfalva01.jpg HTTP/1.1" 404 - "-" "Googlebot-Image/1.0"
18.200.250.255 - - [02/Jan/2024:17:16:32 +0100] "GET / HTTP/1.1" 404 - "-" "Mozilla/5.0 (OS/2; U; OS/2; en-US) AppleWebKit/533.3 (KHTML, like Gecko) Arora/0.11.0 Safari/533.3"
66.249.70.199 - - [02/Jan/2024:17:17:48 +0100] "GET /~fjoo/temp/02_12_16/BLS_258_Zweisimmen.jpg HTTP/1.1" 404 - "-" "Googlebot-Image/1.0"
66.249.70.199 - - [02/Jan/2024:17:17:49 +0100] "GET /~fjoo/temp/02_12_16/MOB_6004_Zweisimmen.jpg HTTP/1.1" 404 - "-" "Googlebot-Image/1.0"
66.249.70.200 - - [02/Jan/2024:17:17:49 +0100] "GET /~fjoo/temp/02_12_16/1041-017.jpg HTTP/1.1" 404 - "-" "Googlebot-Image/1.0"
66.249.70.198 - - [02/Jan/2024:17:17:50 +0100] "GET /~fjoo/temp/02_12_16/1604_Mulhouse.jpg HTTP/1.1" 404 - "-" "Googlebot-Image/1.0"
66.249.70.198 - - [02/Jan/2024:17:17:50 +0100] "GET /~fjoo/temp/02_12_16/1047-004_WW.jpg HTTP/1.1" 404 - "-" "Googlebot-Image/1.0"
66.249.70.199 - - [02/Jan/2024:17:17:51 +0100] "GET /~fjoo/temp/02_12_16/5401_steam.jpg HTTP/1.1" 404 - "-" "Googlebot-Image/1.0"
66.249.70.199 - - [02/Jan/2024:17:17:51 +0100] "GET /~fjoo/temp/02_12_16/1604_loop.jpg HTTP/1.1" 404 - "-" "Googlebot-Image/1.0"
66.249.70.200 - - [02/Jan/2024:17:17:51 +0100] "GET /~fjoo/temp/02_12_16/72070_Belfort.jpg HTTP/1.1" 404 - "-" "Googlebot-Image/1.0"
66.249.70.198 - - [02/Jan/2024:17:17:52 +0100] "GET /~fjoo/temp/02_12_16/465-002_Spiez.jpg HTTP/1.1" 404 - "-" "Googlebot-Image/1.0"
66.249.70.199 - - [02/Jan/2024:17:17:52 +0100] "GET /~fjoo/temp/02_12_16/2614_Namur.jpg HTTP/1.1" 404 - "-" "Googlebot-Image/1.0"
120.245.60.124 - - [02/Jan/2024:17:28:49 +0100] "GET /robots.txt HTTP/1.1" 404 - "-" "Mozilla/5.0 (Windows NT 10.0; WOW64) AppleWebKit/537.36 (KHTML, like Gecko) Chrome/86.0.4006.153 Safari/537.36 LBBROWSER"
181.214.153.37 - - [02/Jan/2024:17:29:55 +0100] "GET /wp-login.php HTTP/1.1" 404 - "-" "Mozilla/5.0 (Windows NT 10.0; Win64; x64) AppleWebKit/537.36 (KHTML, like Gecko) Chrome/91.0.4472.124 Safari/537.36"
66.249.64.130 - - [02/Jan/2024:17:30:16 +0100] "GET /img_upload/cb39111eba7a31c9c0e48686fa8e3c87/A6.205_212.pdf HTTP/1.1" 404 - "-" "Googlebot/2.1 (+http://www.google.com/bot.html)"
66.249.70.199 - - [02/Jan/2024:17:38:28 +0100] "GET /fjoo/E492_004a.jpg HTTP/1.1" 404 - "-" "Googlebot-Image/1.0"
66.249.70.200 - - [02/Jan/2024:17:38:29 +0100] "GET /fjoo/E492_004.jpg HTTP/1.1" 404 - "-" "Googlebot-Image/1.0"
213.180.203.163 - - [02/Jan/2024:17:40:28 +0100] "GET /robots.txt HTTP/1.1" 404 - "-" "Mozilla/5.0 (compatible; YandexBot/3.0; +http://yandex.com/bots)"
213.180.203.84 - - [02/Jan/2024:17:40:29 +0100] "GET /~fjoo/2m47szko.jpg HTTP/1.1" 404 - "-" "Mozilla/5.0 (compatible; YandexImages/3.0; +http://yandex.com/bots)"
66.249.70.198 - - [02/Jan/2024:17:40:39 +0100] "GET /img_upload/cb39111eba7a31c9c0e48686fa8e3c87/rangeland2003.pdf HTTP/1.1" 404 - "-" "Googlebot/2.1 (+http://www.google.com/bot.html)"
66.249.70.200 - - [02/Jan/2024:17:56:02 +0100] "GET /~ferencj/A_256.jpg HTTP/1.1" 404 - "-" "Googlebot-Image/1.0"
5.255.231.4 - - [02/Jan/2024:17:58:10 +0100] "GET /robots.txt HTTP/1.1" 404 - "-" "Mozilla/5.0 (compatible; YandexBot/3.0; +http://yandex.com/bots)"
95.108.213.241 - - [02/Jan/2024:17:58:10 +0100] "GET /~fjoo/temp/ST44.jpg HTTP/1.1" 404 - "-" "Mozilla/5.0 (compatible; YandexImages/3.0; +http://yandex.com/bots)"
207.241.235.245 - - [02/Jan/2024:18:05:37 +0100] "GET /img_upload/322859aa0578c5a894c85ecd18bf54d8/terror6m1we.jpg HTTP/1.1" 404 - "-" "Mozilla/5.0 (X11; Linux x86_64) AppleWebKit/605.1.15 (KHTML, like Gecko) Chrome/89.0.4389.82 Safari/605.1.15"
216.73.161.165 - - [02/Jan/2024:18:11:38 +0100] "GET //themes.php HTTP/1.1" 404 - "-" "Go-http-client/1.1"
216.73.161.165 - - [02/Jan/2024:18:11:39 +0100] "GET //about.php HTTP/1.1" 404 - "-" "Go-http-client/1.1"
216.73.161.165 - - [02/Jan/2024:18:11:39 +0100] "GET //wp-admin/css/colors/blue/CasperExV1.php HTTP/1.1" 404 - "-" "Go-http-client/1.1"
216.73.161.165 - - [02/Jan/2024:18:11:39 +0100] "GET //wp-content/index.php HTTP/1.1" 404 - "-" "Go-http-client/1.1"
216.73.161.165 - - [02/Jan/2024:18:11:40 +0100] "GET //byp.php HTTP/1.1" 404 - "-" "Go-http-client/1.1"
216.73.161.165 - - [02/Jan/2024:18:11:40 +0100] "GET //edit-comments.php HTTP/1.1" 404 - "-" "Go-http-client/1.1"
216.73.161.165 - - [02/Jan/2024:18:11:41 +0100] "GET //smm.php HTTP/1.1" 404 - "-" "Go-http-client/1.1"
216.73.161.165 - - [02/Jan/2024:18:11:41 +0100] "GET //cloud.php HTTP/1.1" 404 - "-" "Go-http-client/1.1"
216.73.161.171 - - [02/Jan/2024:18:11:42 +0100] "GET //wp.php HTTP/1.1" 404 - "-" "Go-http-client/1.1"
216.73.161.171 - - [02/Jan/2024:18:11:42 +0100] "GET //1.php HTTP/1.1" 404 - "-" "Go-http-client/1.1"
216.73.161.171 - - [02/Jan/2024:18:11:42 +0100] "GET //classwithtostring.php HTTP/1.1" 404 - "-" "Go-http-client/1.1"
216.73.161.171 - - [02/Jan/2024:18:11:43 +0100] "GET //admin.php HTTP/1.1" 404 - "-" "Go-http-client/1.1"
216.73.161.171 - - [02/Jan/2024:18:11:43 +0100] "GET //gecko.php HTTP/1.1" 404 - "-" "Go-http-client/1.1"
216.73.161.171 - - [02/Jan/2024:18:11:44 +0100] "GET //mini.php HTTP/1.1" 404 - "-" "Go-http-client/1.1"
216.73.161.171 - - [02/Jan/2024:18:11:44 +0100] "GET //user.php HTTP/1.1" 404 - "-" "Go-http-client/1.1"
216.73.161.171 - - [02/Jan/2024:18:11:44 +0100] "GET //0z.php HTTP/1.1" 404 - "-" "Go-http-client/1.1"
173.239.211.139 - - [02/Jan/2024:18:11:45 +0100] "GET //wp-content/plugins/index.php HTTP/1.1" 404 - "-" "Go-http-client/1.1"
173.239.211.139 - - [02/Jan/2024:18:11:46 +0100] "GET //xl2023.php HTTP/1.1" 404 - "-" "Go-http-client/1.1"
173.239.211.139 - - [02/Jan/2024:18:11:46 +0100] "GET //log.php HTTP/1.1" 404 - "-" "Go-http-client/1.1"
173.239.211.139 - - [02/Jan/2024:18:11:46 +0100] "GET //upload.php HTTP/1.1" 404 - "-" "Go-http-client/1.1"
173.239.211.139 - - [02/Jan/2024:18:11:47 +0100] "GET //lufix.php HTTP/1.1" 404 - "-" "Go-http-client/1.1"
173.239.211.139 - - [02/Jan/2024:18:11:47 +0100] "GET //plugins.php HTTP/1.1" 404 - "-" "Go-http-client/1.1"
173.239.211.139 - - [02/Jan/2024:18:11:47 +0100] "GET //small.php HTTP/1.1" 404 - "-" "Go-http-client/1.1"
173.239.211.139 - - [02/Jan/2024:18:11:48 +0100] "GET //init.php HTTP/1.1" 404 - "-" "Go-http-client/1.1"
216.73.161.174 - - [02/Jan/2024:18:11:49 +0100] "GET //users.php HTTP/1.1" 404 - "-" "Go-http-client/1.1"
216.73.161.174 - - [02/Jan/2024:18:11:49 +0100] "GET //doc.php HTTP/1.1" 404 - "-" "Go-http-client/1.1"
216.73.161.174 - - [02/Jan/2024:18:11:49 +0100] "GET //shell.php HTTP/1.1" 404 - "-" "Go-http-client/1.1"
216.73.161.174 - - [02/Jan/2024:18:11:50 +0100] "GET //fm.php HTTP/1.1" 404 - "-" "Go-http-client/1.1"
216.73.161.174 - - [02/Jan/2024:18:11:50 +0100] "GET //wp-admin/users.php HTTP/1.1" 404 - "-" "Go-http-client/1.1"
216.73.161.174 - - [02/Jan/2024:18:11:51 +0100] "GET //repeater.php HTTP/1.1" 404 - "-" "Go-http-client/1.1"
216.73.161.174 - - [02/Jan/2024:18:11:51 +0100] "GET //wso.php HTTP/1.1" 404 - "-" "Go-http-client/1.1"
216.73.161.174 - - [02/Jan/2024:18:11:51 +0100] "GET //shell20211028.php HTTP/1.1" 404 - "-" "Go-http-client/1.1"
173.239.211.115 - - [02/Jan/2024:18:11:52 +0100] "GET //wp-blog.php HTTP/1.1" 404 - "-" "Go-http-client/1.1"
173.239.211.115 - - [02/Jan/2024:18:11:52 +0100] "GET //wp-content/plugins/apikey/mar.php HTTP/1.1" 404 - "-" "Go-http-client/1.1"
173.239.211.115 - - [02/Jan/2024:18:11:53 +0100] "GET //wp-admin/images/module.php HTTP/1.1" 404 - "-" "Go-http-client/1.1"
173.239.211.115 - - [02/Jan/2024:18:11:53 +0100] "GET //wp-includes/radio.php HTTP/1.1" 404 - "-" "Go-http-client/1.1"
173.239.211.115 - - [02/Jan/2024:18:11:54 +0100] "GET //admin/controller/extension/wpm.php HTTP/1.1" 404 437 "-" "Go-http-client/1.1"
195.56.55.225 - - [02/Jan/2024:18:11:54 +0100] "GET /apc-aa-2.8.1/admin//controller/extension/wpm.php HTTP/1.1" 404 - "-" "Go-http-client/1.1"
173.239.211.115 - - [02/Jan/2024:18:11:54 +0100] "GET //autoload_classmap.php HTTP/1.1" 404 - "-" "Go-http-client/1.1"
173.239.211.115 - - [02/Jan/2024:18:11:54 +0100] "GET //radio.php HTTP/1.1" 404 - "-" "Go-http-client/1.1"
173.239.211.115 - - [02/Jan/2024:18:11:55 +0100] "GET //payout.php HTTP/1.1" 404 - "-" "Go-http-client/1.1"
173.239.211.122 - - [02/Jan/2024:18:11:55 +0100] "GET //lock360.php HTTP/1.1" 404 - "-" "Go-http-client/1.1"
173.239.211.122 - - [02/Jan/2024:18:11:56 +0100] "GET //pi.php HTTP/1.1" 404 - "-" "Go-http-client/1.1"
173.239.211.122 - - [02/Jan/2024:18:11:56 +0100] "GET //wp-2019.php HTTP/1.1" 404 - "-" "Go-http-client/1.1"
173.239.211.122 - - [02/Jan/2024:18:11:56 +0100] "GET //01.php HTTP/1.1" 404 - "-" "Go-http-client/1.1"
173.239.211.122 - - [02/Jan/2024:18:11:57 +0100] "GET //x.php HTTP/1.1" 404 - "-" "Go-http-client/1.1"
173.239.211.122 - - [02/Jan/2024:18:11:57 +0100] "GET //wp_info.php HTTP/1.1" 404 - "-" "Go-http-client/1.1"
173.239.211.122 - - [02/Jan/2024:18:11:57 +0100] "GET //fw.php HTTP/1.1" 404 - "-" "Go-http-client/1.1"
173.239.211.122 - - [02/Jan/2024:18:11:58 +0100] "GET //wp-content/upload.php HTTP/1.1" 404 - "-" "Go-http-client/1.1"
173.239.211.136 - - [02/Jan/2024:18:11:59 +0100] "GET //xleet.php HTTP/1.1" 404 - "-" "Go-http-client/1.1"
173.239.211.136 - - [02/Jan/2024:18:11:59 +0100] "GET //wp-content/plugins/masterx/wpx.php HTTP/1.1" 404 - "-" "Go-http-client/1.1"
173.239.211.136 - - [02/Jan/2024:18:11:59 +0100] "GET //xml.php HTTP/1.1" 404 - "-" "Go-http-client/1.1"
173.239.211.136 - - [02/Jan/2024:18:12:00 +0100] "GET //wp-admin/includes/about.php HTTP/1.1" 404 - "-" "Go-http-client/1.1"
173.239.211.136 - - [02/Jan/2024:18:12:00 +0100] "GET //403.php HTTP/1.1" 404 - "-" "Go-http-client/1.1"
173.239.211.136 - - [02/Jan/2024:18:12:00 +0100] "GET //by.php HTTP/1.1" 404 - "-" "Go-http-client/1.1"
173.239.211.136 - - [02/Jan/2024:18:12:01 +0100] "GET //css.php HTTP/1.1" 404 - "-" "Go-http-client/1.1"
173.239.211.136 - - [02/Jan/2024:18:12:01 +0100] "GET //wp-content/plugins/instabuilder2/cache/plugins/moon.php HTTP/1.1" 404 - "-" "Go-http-client/1.1"
216.73.161.172 - - [02/Jan/2024:18:12:02 +0100] "GET //uploads/wp-blog.php HTTP/1.1" 404 - "-" "Go-http-client/1.1"
216.73.161.172 - - [02/Jan/2024:18:12:02 +0100] "GET //wp-content/plugins/Cache/dropdown.php HTTP/1.1" 404 - "-" "Go-http-client/1.1"
216.73.161.172 - - [02/Jan/2024:18:12:03 +0100] "GET //moon.php HTTP/1.1" 404 - "-" "Go-http-client/1.1"
216.73.161.172 - - [02/Jan/2024:18:12:03 +0100] "GET //wp-includes/sodium_compat/src/Core/Curve25519/Ge/wp_blog.php HTTP/1.1" 404 - "-" "Go-http-client/1.1"
216.73.161.172 - - [02/Jan/2024:18:12:03 +0100] "GET //wp-content/shell20211028.php HTTP/1.1" 404 - "-" "Go-http-client/1.1"
216.73.161.172 - - [02/Jan/2024:18:12:04 +0100] "GET //wp-admin/includes/users.php HTTP/1.1" 404 - "-" "Go-http-client/1.1"
216.73.161.172 - - [02/Jan/2024:18:12:04 +0100] "GET //wso112233.php HTTP/1.1" 404 - "-" "Go-http-client/1.1"
216.73.161.172 - - [02/Jan/2024:18:12:04 +0100] "GET //ee.php HTTP/1.1" 404 - "-" "Go-http-client/1.1"
173.239.211.139 - - [02/Jan/2024:18:12:05 +0100] "GET //wp-content/plugins/Cache/Cache.php HTTP/1.1" 404 - "-" "Go-http-client/1.1"
173.239.211.139 - - [02/Jan/2024:18:12:05 +0100] "GET //wp-admin/shell20211028.php HTTP/1.1" 404 - "-" "Go-http-client/1.1"
173.239.211.139 - - [02/Jan/2024:18:12:06 +0100] "GET //wp-content/plugins/dzs-zoomsounds/1877.php HTTP/1.1" 404 - "-" "Go-http-client/1.1"
173.239.211.139 - - [02/Jan/2024:18:12:06 +0100] "GET //wp-info.php HTTP/1.1" 404 - "-" "Go-http-client/1.1"
173.239.211.139 - - [02/Jan/2024:18:12:07 +0100] "GET //sett.php HTTP/1.1" 404 - "-" "Go-http-client/1.1"
173.239.211.139 - - [02/Jan/2024:18:12:07 +0100] "GET //customize.php HTTP/1.1" 404 - "-" "Go-http-client/1.1"
173.239.211.139 - - [02/Jan/2024:18:12:07 +0100] "GET //wp-admin/alfa.php HTTP/1.1" 404 - "-" "Go-http-client/1.1"
173.239.211.139 - - [02/Jan/2024:18:12:08 +0100] "GET //wp-content/up.php HTTP/1.1" 404 - "-" "Go-http-client/1.1"
216.73.161.166 - - [02/Jan/2024:18:12:08 +0100] "GET //text.php HTTP/1.1" 404 - "-" "Go-http-client/1.1"
216.73.161.166 - - [02/Jan/2024:18:12:09 +0100] "GET //style.php HTTP/1.1" 404 - "-" "Go-http-client/1.1"
216.73.161.166 - - [02/Jan/2024:18:12:09 +0100] "GET //ws.php HTTP/1.1" 404 - "-" "Go-http-client/1.1"
216.73.161.166 - - [02/Jan/2024:18:12:09 +0100] "GET //wp-includes/blocks/table/int/tmpl/index.php HTTP/1.1" 404 - "-" "Go-http-client/1.1"
216.73.161.166 - - [02/Jan/2024:18:12:10 +0100] "GET //wp-admin/dropdown.php HTTP/1.1" 404 - "-" "Go-http-client/1.1"
216.73.161.166 - - [02/Jan/2024:18:12:10 +0100] "GET //cp.php HTTP/1.1" 404 - "-" "Go-http-client/1.1"
216.73.161.166 - - [02/Jan/2024:18:12:11 +0100] "GET //marijuana.php HTTP/1.1" 404 - "-" "Go-http-client/1.1"
216.73.161.166 - - [02/Jan/2024:18:12:11 +0100] "GET //clen.php HTTP/1.1" 404 - "-" "Go-http-client/1.1"
216.73.161.163 - - [02/Jan/2024:18:12:12 +0100] "GET //mad.php HTTP/1.1" 404 - "-" "Go-http-client/1.1"
216.73.161.163 - - [02/Jan/2024:18:12:12 +0100] "GET //wp-includes/wp-class.php HTTP/1.1" 404 - "-" "Go-http-client/1.1"
216.73.161.163 - - [02/Jan/2024:18:12:12 +0100] "GET //wp-content/plugins/ccx/index.php HTTP/1.1" 404 - "-" "Go-http-client/1.1"
216.73.161.163 - - [02/Jan/2024:18:12:13 +0100] "GET //wp-content/themes/twentytwenty/404.php HTTP/1.1" 404 - "-" "Go-http-client/1.1"
216.73.161.163 - - [02/Jan/2024:18:12:13 +0100] "GET //modules/mod_simplefileuploadv1.3/elements/udd.php HTTP/1.1" 404 - "-" "Go-http-client/1.1"
216.73.161.163 - - [02/Jan/2024:18:12:13 +0100] "GET //admin/controller/extension/extension/Not_Found.php HTTP/1.1" 404 453 "-" "Go-http-client/1.1"
195.56.55.225 - - [02/Jan/2024:18:12:13 +0100] "GET /apc-aa-2.8.1/admin//controller/extension/extension/Not_Found.php HTTP/1.1" 404 - "-" "Go-http-client/1.1"
216.73.161.163 - - [02/Jan/2024:18:12:14 +0100] "GET //makhdmax.php HTTP/1.1" 404 - "-" "Go-http-client/1.1"
216.73.161.163 - - [02/Jan/2024:18:12:15 +0100] "GET //wp-includes/js/tinymce/skins/lightgray/fonts/index.php HTTP/1.1" 404 - "-" "Go-http-client/1.1"
216.73.161.170 - - [02/Jan/2024:18:12:15 +0100] "GET //default.php HTTP/1.1" 404 - "-" "Go-http-client/1.1"
216.73.161.170 - - [02/Jan/2024:18:12:16 +0100] "GET //wp-admin/wso112233.php HTTP/1.1" 404 - "-" "Go-http-client/1.1"
216.73.161.170 - - [02/Jan/2024:18:12:16 +0100] "GET //fox.php HTTP/1.1" 404 - "-" "Go-http-client/1.1"
216.73.161.170 - - [02/Jan/2024:18:12:16 +0100] "GET //wp-content/plugins/linkpreview/wp-blog.php HTTP/1.1" 404 - "-" "Go-http-client/1.1"
216.73.161.170 - - [02/Jan/2024:18:12:17 +0100] "GET //xx.php HTTP/1.1" 404 - "-" "Go-http-client/1.1"
216.73.161.170 - - [02/Jan/2024:18:12:17 +0100] "GET //sites/default/files/HolaDR7_70778.php HTTP/1.1" 404 - "-" "Go-http-client/1.1"
216.73.161.170 - - [02/Jan/2024:18:12:18 +0100] "GET //uploads/xleet.php HTTP/1.1" 404 - "-" "Go-http-client/1.1"
216.73.161.170 - - [02/Jan/2024:18:12:18 +0100] "GET //google.php HTTP/1.1" 404 - "-" "Go-http-client/1.1"
216.73.161.165 - - [02/Jan/2024:18:12:19 +0100] "GET //wp-admin/setup-config.php HTTP/1.1" 404 - "-" "Go-http-client/1.1"
216.73.161.165 - - [02/Jan/2024:18:12:19 +0100] "GET //wp-2020.php HTTP/1.1" 404 - "-" "Go-http-client/1.1"
216.73.161.165 - - [02/Jan/2024:18:12:19 +0100] "GET //c.php HTTP/1.1" 404 - "-" "Go-http-client/1.1"
216.73.161.165 - - [02/Jan/2024:18:12:20 +0100] "GET //wikindex.php HTTP/1.1" 404 - "-" "Go-http-client/1.1"
216.73.161.165 - - [02/Jan/2024:18:12:20 +0100] "GET //wp-admin/xleet.php HTTP/1.1" 404 - "-" "Go-http-client/1.1"
216.73.161.165 - - [02/Jan/2024:18:12:20 +0100] "GET //media-admin.php HTTP/1.1" 404 - "-" "Go-http-client/1.1"
216.73.161.165 - - [02/Jan/2024:18:12:21 +0100] "GET //wp-l0gin.php HTTP/1.1" 404 - "-" "Go-http-client/1.1"
66.249.70.199 - - [02/Jan/2024:18:12:44 +0100] "GET /~fjoo/PCD00047.jpg HTTP/1.1" 404 - "-" "Googlebot-Image/1.0"
213.180.203.30 - - [02/Jan/2024:18:15:44 +0100] "GET /fogyved HTTP/1.1" 404 - "-" "Mozilla/5.0 (compatible; YandexBot/3.0; +http://yandex.com/bots)"
66.249.70.198 - - [02/Jan/2024:18:36:06 +0100] "GET /cikk.shtml?x=34313 HTTP/1.1" 404 - "-" "Mozilla/5.0 (Linux; Android 6.0.1; Nexus 5X Build/MMB29P) AppleWebKit/537.36 (KHTML, like Gecko) Chrome/120.0.6099.71 Mobile Safari/537.36 (compatible; Googlebot/2.1; +http://www.google.com/bot.html)"
66.249.70.199 - - [02/Jan/2024:18:45:48 +0100] "GET /img_upload/cb39111eba7a31c9c0e48686fa8e3c87/NZJEcol21_2_199.pdf HTTP/1.1" 404 - "-" "Googlebot/2.1 (+http://www.google.com/bot.html)"
66.249.70.198 - - [02/Jan/2024:19:05:01 +0100] "GET /~fjoo/temp/02_04_25/A62_001E.jpg HTTP/1.1" 404 - "-" "Googlebot-Image/1.0"
66.249.70.199 - - [02/Jan/2024:19:14:01 +0100] "GET /fjoo/temp/03_01_13/ho05.jpg HTTP/1.1" 404 - "-" "Googlebot-Image/1.0"
3.101.226.155 - - [02/Jan/2024:19:15:31 +0100] "HEAD / HTTP/1.1" 404 - "-" "bitdiscovery"
3.101.226.155 - - [02/Jan/2024:19:15:32 +0100] "GET / HTTP/1.1" 404 - "-" "bitdiscovery"
66.249.70.198 - - [02/Jan/2024:19:32:01 +0100] "GET /~fjoo/m62gdynia.jpg HTTP/1.1" 404 - "-" "Googlebot-Image/1.0"
66.249.70.198 - - [02/Jan/2024:19:44:17 +0100] "GET /cikk.shtml?x=31251 HTTP/1.1" 404 - "-" "Mozilla/5.0 (Linux; Android 6.0.1; Nexus 5X Build/MMB29P) AppleWebKit/537.36 (KHTML, like Gecko) Chrome/120.0.6099.71 Mobile Safari/537.36 (compatible; Googlebot/2.1; +http://www.google.com/bot.html)"
157.55.39.6 - - [02/Jan/2024:19:47:00 +0100] "GET /biztkomm/5.shtml HTTP/1.1" 404 - "-" "Mozilla/5.0 AppleWebKit/537.36 (KHTML, like Gecko; compatible; bingbot/2.0; +http://www.bing.com/bingbot.htm) Chrome/116.0.1938.76 Safari/537.36"
66.249.70.199 - - [02/Jan/2024:19:54:49 +0100] "GET /waldorf/gif/mese5.jpg HTTP/1.1" 404 - "-" "Googlebot-Image/1.0"
66.249.70.199 - - [02/Jan/2024:20:00:44 +0100] "GET /fjoo/PCD00186.jpg HTTP/1.1" 404 - "-" "Googlebot-Image/1.0"
66.249.70.198 - - [02/Jan/2024:20:00:57 +0100] "GET /cyanide/baiamare/docs/DecodingCyanide.pdf HTTP/1.1" 404 - "-" "Googlebot/2.1 (+http://www.google.com/bot.html)"
66.249.70.198 - - [02/Jan/2024:20:07:12 +0100] "GET /fjoo/2M43_Bzx.jpg HTTP/1.1" 404 - "-" "Googlebot-Image/1.0"
66.249.70.198 - - [02/Jan/2024:20:11:04 +0100] "GET /~illesf/villamos/bp/4242000915.jpg HTTP/1.1" 404 - "-" "Googlebot-Image/1.0"
58.17.6.9 - - [02/Jan/2024:20:11:31 +0100] "GET / HTTP/1.1" 404 - "-" "Mozilla/5.0 (Linux; Android 4.4.4; Nexus 10 Build/JOP40F) AppleWebKit/537.36 (KHTML, like Gecko) Chrome/56.0.2924.87 Safari/535.19"
66.249.70.198 - - [02/Jan/2024:20:18:43 +0100] "GET /~illesf/villamos/bp/4242000915.jpg HTTP/1.1" 404 - "-" "Googlebot-Image/1.0"
131.153.143.50 - - [02/Jan/2024:20:23:05 +0100] "GET / HTTP/1.1" 404 - "-" "Mozilla/5.0 (Windows NT 10.0; Win64; x64) AppleWebKit/537.36 (KHTML, like Gecko) Chrome/106.0.0.0 Safari/537.36"
213.180.203.199 - - [02/Jan/2024:20:23:22 +0100] "GET /robots.txt HTTP/1.1" 404 - "-" "Mozilla/5.0 (compatible; YandexBot/3.0; +http://yandex.com/bots)"
213.180.203.142 - - [02/Jan/2024:20:23:22 +0100] "GET /~fjoo/zsr_131aa.jpg HTTP/1.1" 404 - "-" "Mozilla/5.0 (compatible; YandexImages/3.0; +http://yandex.com/bots)"
88.216.2.82 - - [02/Jan/2024:20:28:03 +0100] "GET /robots.txt HTTP/1.0" 404 - "-" "Mozilla/4.0 (compatible; fluid/0.0; +http://www.leak.info/bot.html)"
172.91.101.96 - - [02/Jan/2024:20:35:05 +0100] "GET /robots.txt HTTP/1.1" 404 - "-" "Magellan"
172.91.101.96 - - [02/Jan/2024:20:35:18 +0100] "GET / HTTP/1.1" 404 - "-" "Magellan"
66.249.70.200 - - [02/Jan/2024:20:36:46 +0100] "GET /~illesf/temp/debrecen5/02_20050327_pict4233.jpg HTTP/1.1" 404 - "-" "Googlebot-Image/1.0"
207.241.233.248 - - [02/Jan/2024:20:40:12 +0100] "GET /img_upload/322859aa0578c5a894c85ecd18bf54d8/terror6m1we.jpg HTTP/1.1" 404 - "-" "Mozilla/5.0 (X11; Linux x86_64) AppleWebKit/605.1.15 (KHTML, like Gecko) Chrome/89.0.4389.82 Safari/605.1.15"
66.249.70.200 - - [02/Jan/2024:20:43:48 +0100] "GET /fjoo/blutiger.jpg HTTP/1.1" 404 - "-" "Googlebot-Image/1.0"
66.249.70.200 - - [02/Jan/2024:20:52:48 +0100] "GET /fjoo/temp/02_06_04/SNCB_2509_Midi.jpg HTTP/1.1" 404 - "-" "Googlebot-Image/1.0"
66.249.70.199 - - [02/Jan/2024:20:54:44 +0100] "GET /~fjoo/varos_kpa.jpg HTTP/1.1" 404 - "-" "Googlebot-Image/1.0"
54.36.148.106 - - [02/Jan/2024:20:55:23 +0100] "GET /robots.txt HTTP/1.1" 404 - "-" "Mozilla/5.0 (compatible; AhrefsBot/7.0; +http://ahrefs.com/robot/)"
66.249.70.199 - - [02/Jan/2024:21:00:14 +0100] "GET /fjoo/temp/Grand-Canyon_a.jpg HTTP/1.1" 404 - "-" "Googlebot-Image/1.0"
66.249.70.198 - - [02/Jan/2024:21:00:14 +0100] "GET /fjoo/temp/Grand-Canyon.jpg HTTP/1.1" 404 - "-" "Googlebot-Image/1.0"
131.153.240.178 - - [02/Jan/2024:21:01:42 +0100] "GET / HTTP/1.1" 404 - "-" "Mozilla/5.0 (Windows NT 10.0; Win64; x64) AppleWebKit/537.36 (KHTML, like Gecko) Chrome/106.0.0.0 Safari/537.36"
66.249.70.199 - - [02/Jan/2024:21:06:47 +0100] "GET /biztkomm/602.shtml HTTP/1.1" 404 - "-" "Mozilla/5.0 (Linux; Android 6.0.1; Nexus 5X Build/MMB29P) AppleWebKit/537.36 (KHTML, like Gecko) Chrome/120.0.6099.71 Mobile Safari/537.36 (compatible; Googlebot/2.1; +http://www.google.com/bot.html)"
66.249.70.198 - - [02/Jan/2024:21:12:44 +0100] "GET /fjoo/m41_2002a.jpg HTTP/1.1" 404 - "-" "Googlebot-Image/1.0"
66.249.70.200 - - [02/Jan/2024:21:15:19 +0100] "GET /~fjoo/1014_veza.jpg HTTP/1.1" 404 - "-" "Googlebot-Image/1.0"
66.249.70.198 - - [02/Jan/2024:21:15:20 +0100] "GET /~fjoo/Deli3.jpg HTTP/1.1" 404 - "-" "Googlebot-Image/1.0"
66.249.70.199 - - [02/Jan/2024:21:22:01 +0100] "GET /~illesf/villamos/brno/kt8d5n.gif HTTP/1.1" 404 - "-" "Googlebot-Image/1.0"
66.249.70.200 - - [02/Jan/2024:21:22:02 +0100] "GET /~illesf/villamos/brno/t3r.gif HTTP/1.1" 404 - "-" "Googlebot-Image/1.0"
66.249.70.198 - - [02/Jan/2024:21:30:44 +0100] "GET /~illesf/temp/debrecen5/terkep_5osvonal.jpg HTTP/1.1" 404 - "-" "Googlebot-Image/1.0"
66.249.70.200 - - [02/Jan/2024:21:36:47 +0100] "GET /biztkomm/303.shtml HTTP/1.1" 404 - "-" "Mozilla/5.0 (Linux; Android 6.0.1; Nexus 5X Build/MMB29P) AppleWebKit/537.36 (KHTML, like Gecko) Chrome/120.0.6099.71 Mobile Safari/537.36 (compatible; Googlebot/2.1; +http://www.google.com/bot.html)"
66.249.70.198 - - [02/Jan/2024:21:37:05 +0100] "GET /fjoo/MAV_T679.jpg HTTP/1.1" 404 - "-" "Googlebot-Image/1.0"
66.249.70.199 - - [02/Jan/2024:21:37:05 +0100] "GET /fjoo/MAV_T679a.jpgT679.1223 HTTP/1.1" 404 - "-" "Googlebot-Image/1.0"
95.108.213.253 - - [02/Jan/2024:21:40:15 +0100] "GET /robots.txt HTTP/1.1" 404 - "-" "Mozilla/5.0 (compatible; YandexBot/3.0; +http://yandex.com/bots)"
95.108.213.246 - - [02/Jan/2024:21:40:16 +0100] "GET /~fjoo/temp/CD/snowblower1.jpg HTTP/1.1" 404 - "-" "Mozilla/5.0 (compatible; YandexImages/3.0; +http://yandex.com/bots)"
66.249.70.198 - - [02/Jan/2024:21:42:17 +0100] "GET /~illesf/temp/720-14.jpg HTTP/1.1" 404 - "-" "Googlebot-Image/1.0"
66.249.70.198 - - [02/Jan/2024:21:42:18 +0100] "GET /~illesf/temp/szz05.jpg HTTP/1.1" 404 - "-" "Googlebot-Image/1.0"
66.249.70.199 - - [02/Jan/2024:21:42:19 +0100] "GET /~illesf/temp/720-35.jpg HTTP/1.1" 404 - "-" "Googlebot-Image/1.0"
131.153.240.178 - - [02/Jan/2024:21:43:58 +0100] "GET / HTTP/1.1" 404 - "-" "Mozilla/5.0 (Windows NT 10.0; Win64; x64) AppleWebKit/537.36 (KHTML, like Gecko) Chrome/106.0.0.0 Safari/537.36"
207.46.13.126 - - [02/Jan/2024:21:45:31 +0100] "GET /termeszet/99/jan/hiuz.htm HTTP/1.1" 404 - "-" "Mozilla/5.0 AppleWebKit/537.36 (KHTML, like Gecko; compatible; bingbot/2.0; +http://www.bing.com/bingbot.htm) Chrome/116.0.1938.76 Safari/537.36"
66.249.70.198 - - [02/Jan/2024:21:48:44 +0100] "GET /fjoo/m41_2002.jpg HTTP/1.1" 404 - "-" "Googlebot-Image/1.0"
66.249.70.198 - - [02/Jan/2024:21:53:54 +0100] "GET /~illesf/kisvasut/homokvasut/homokvasut01.jpg HTTP/1.1" 404 - "-" "Googlebot-Image/1.0"
213.180.203.194 - - [02/Jan/2024:22:06:35 +0100] "GET /robots.txt HTTP/1.1" 404 - "-" "Mozilla/5.0 (compatible; YandexBot/3.0; +http://yandex.com/bots)"
213.180.203.226 - - [02/Jan/2024:22:06:36 +0100] "GET /fjoo/MAV_T679.jpg HTTP/1.1" 404 - "-" "Mozilla/5.0 (compatible; YandexImages/3.0; +http://yandex.com/bots)"
66.249.70.199 - - [02/Jan/2024:22:06:44 +0100] "GET /fjoo/Di3643GR5.jpg HTTP/1.1" 404 - "-" "Googlebot-Image/1.0"
66.249.70.200 - - [02/Jan/2024:22:15:44 +0100] "GET /fjoo/temp/02_06_04/THA_4332_Midi.jpg HTTP/1.1" 404 - "-" "Googlebot-Image/1.0"
66.249.70.198 - - [02/Jan/2024:22:21:39 +0100] "GET /hirvero/levlistak.shtml HTTP/1.1" 404 - "-" "Mozilla/5.0 (Linux; Android 6.0.1; Nexus 5X Build/MMB29P) AppleWebKit/537.36 (KHTML, like Gecko) Chrome/120.0.6099.71 Mobile Safari/537.36 (compatible; Googlebot/2.1; +http://www.google.com/bot.html)"
194.187.169.38 - - [02/Jan/2024:22:24:14 +0100] "GET /mirror/bankwatch HTTP/1.1" 404 - "-" "Mozilla/5.0 (compatible; Qwantify-dev3193/1.0; +https://help.qwant.com/bot/)"
66.249.70.199 - - [02/Jan/2024:22:24:44 +0100] "GET /fjoo/temp/02_06_04/301_Dinant.jpg HTTP/1.1" 404 - "-" "Googlebot-Image/1.0"
131.153.240.10 - - [02/Jan/2024:22:27:21 +0100] "GET / HTTP/1.1" 404 - "-" "Mozilla/5.0 (Windows NT 10.0; Win64; x64) AppleWebKit/537.36 (KHTML, like Gecko) Chrome/106.0.0.0 Safari/537.36"
66.249.70.200 - - [02/Jan/2024:22:33:44 +0100] "GET /fjoo/temp/02_06_04/2801_Salzinnes.jpg HTTP/1.1" 404 - "-" "Googlebot-Image/1.0"
131.153.142.170 - - [02/Jan/2024:23:15:09 +0100] "GET / HTTP/1.1" 404 - "-" "Mozilla/5.0 (Windows NT 10.0; Win64; x64) AppleWebKit/537.36 (KHTML, like Gecko) Chrome/106.0.0.0 Safari/537.36"
66.249.70.198 - - [02/Jan/2024:23:18:02 +0100] "GET /img_upload/cb39111eba7a31c9c0e48686fa8e3c87/Botta_Dukat_et_al_FoliaGeobotanica.pdf HTTP/1.1" 404 - "-" "Googlebot/2.1 (+http://www.google.com/bot.html)"
66.249.70.199 - - [02/Jan/2024:23:24:38 +0100] "GET /fjoo/M62_263A.jpg HTTP/1.1" 404 - "-" "Googlebot-Image/1.0"
66.249.70.199 - - [02/Jan/2024:23:24:39 +0100] "GET /fjoo/M62_263Aa.jpg HTTP/1.1" 404 - "-" "Googlebot-Image/1.0"
66.249.70.198 - - [02/Jan/2024:23:24:40 +0100] "GET /fjoo/M62_263Ba.jpg HTTP/1.1" 404 - "-" "Googlebot-Image/1.0"
66.249.70.200 - - [02/Jan/2024:23:24:41 +0100] "GET /fjoo/M62_263B.jpg HTTP/1.1" 404 - "-" "Googlebot-Image/1.0"
66.249.70.199 - - [02/Jan/2024:23:30:54 +0100] "GET /~illesf/villamos/kassa/622ks99bi.jpg HTTP/1.1" 404 - "-" "Googlebot-Image/1.0"
66.249.70.200 - - [02/Jan/2024:23:30:55 +0100] "GET /~illesf/villamos/kassa/622ks99b.jpg HTTP/1.1" 404 - "-" "Googlebot-Image/1.0"
216.244.66.203 - - [02/Jan/2024:23:32:57 +0100] "GET /robots.txt HTTP/1.1" 404 - "-" "Mozilla/5.0 (compatible; DotBot/1.2; +https://opensiteexplorer.org/dotbot; help@moz.com)"
88.99.238.79 - - [02/Jan/2024:23:34:14 +0100] "GET /ads.txt HTTP/1.0" 404 - "-" "Mozilla/5.0 (Windows NT 10.0; Win64; x64; rv:86.0) Gecko/20100101 Firefox/86.0"
47.128.26.167 - - [02/Jan/2024:23:42:52 +0100] "GET /img_upload/4993343bc2f5623bef83ec7984792f31/Az_igazi_karacsonyfa_mindig_zoldebb2.jpg HTTP/1.1" 404 - "-" "Mozilla/5.0 (Linux; Android 5.0) AppleWebKit/537.36 (KHTML, like Gecko) Mobile Safari/537.36 (compatible; Bytespider; spider-feedback@bytedance.com)"
182.42.111.213 - - [02/Jan/2024:23:47:14 +0100] "GET / HTTP/1.1" 404 - "-" "Mozilla/5.0 (iPhone; CPU iPhone OS 13_2_3 like Mac OS X) AppleWebKit/605.1.15 (KHTML, like Gecko) Version/13.0.3 Mobile/15E148 Safari/604.1"
216.244.66.203 - - [02/Jan/2024:23:55:16 +0100] "GET /%7Emmesopron/ HTTP/1.1" 404 - "-" "Mozilla/5.0 (compatible; DotBot/1.2; +https://opensiteexplorer.org/dotbot; help@moz.com)"
168.253.118.57 - - [02/Jan/2024:23:57:40 +0100] "GET / HTTP/1.1" 302 288 "-" "Mozilla/5.0 (Windows NT 10.0; WOW64; rv:47.0) Gecko/20100101 Firefox/47.0"
54.36.148.26 - - [03/Jan/2024:00:02:59 +0100] "GET /robots.txt HTTP/1.1" 404 - "-" "Mozilla/5.0 (compatible; AhrefsBot/7.0; +http://ahrefs.com/robot/)"
134.122.24.246 - - [03/Jan/2024:00:05:56 +0100] "GET / HTTP/1.1" 302 288 "-" "Mozilla/5.0 (Windows NT 10.0; WOW64; rv:47.0) Gecko/20100101 Firefox/47.0"
131.153.142.170 - - [03/Jan/2024:00:06:01 +0100] "GET / HTTP/1.1" 404 - "-" "Mozilla/5.0 (Windows NT 10.0; Win64; x64) AppleWebKit/537.36 (KHTML, like Gecko) Chrome/106.0.0.0 Safari/537.36"
66.249.70.198 - - [03/Jan/2024:00:24:52 +0100] "GET /~fjoo/PCD00388.jpg HTTP/1.1" 404 - "-" "Googlebot-Image/1.0"
66.249.70.200 - - [03/Jan/2024:00:24:53 +0100] "GET /~fjoo/PCD00119.jpg HTTP/1.1" 404 - "-" "Googlebot-Image/1.0"
66.249.70.200 - - [03/Jan/2024:00:24:53 +0100] "GET /~fjoo/PCD00116.jpg HTTP/1.1" 404 - "-" "Googlebot-Image/1.0"
66.249.70.200 - - [03/Jan/2024:00:24:54 +0100] "GET /~fjoo/PCD00087.jpg HTTP/1.1" 404 - "-" "Googlebot-Image/1.0"
66.249.70.199 - - [03/Jan/2024:00:24:54 +0100] "GET /~fjoo/2m47szko.jpg HTTP/1.1" 404 - "-" "Googlebot-Image/1.0"
66.249.70.200 - - [03/Jan/2024:00:24:55 +0100] "GET /~fjoo/PCD00113.jpg HTTP/1.1" 404 - "-" "Googlebot-Image/1.0"
66.249.70.200 - - [03/Jan/2024:00:24:55 +0100] "GET /~fjoo/PCD00113a.jpg HTTP/1.1" 404 - "-" "Googlebot-Image/1.0"
66.249.70.199 - - [03/Jan/2024:00:24:55 +0100] "GET /~fjoo/PCD00115.jpg HTTP/1.1" 404 - "-" "Googlebot-Image/1.0"
66.249.70.199 - - [03/Jan/2024:00:24:56 +0100] "GET /~fjoo/PCD00119a.jpg HTTP/1.1" 404 - "-" "Googlebot-Image/1.0"
66.249.70.198 - - [03/Jan/2024:00:24:56 +0100] "GET /~fjoo/PCD00388a.jpg HTTP/1.1" 404 - "-" "Googlebot-Image/1.0"
66.249.70.199 - - [03/Jan/2024:00:24:57 +0100] "GET /~fjoo/PCD00115a.jpg HTTP/1.1" 404 - "-" "Googlebot-Image/1.0"
66.249.70.199 - - [03/Jan/2024:00:24:57 +0100] "GET /~fjoo/PCD00087a.jpg HTTP/1.1" 404 - "-" "Googlebot-Image/1.0"
66.249.70.199 - - [03/Jan/2024:00:24:58 +0100] "GET /~fjoo/PCD00116a.jpg HTTP/1.1" 404 - "-" "Googlebot-Image/1.0"
66.249.70.200 - - [03/Jan/2024:00:30:04 +0100] "GET /~fjoo/temp/02_06_04/120_109_EN225_Koln.jpg HTTP/1.1" 404 - "-" "Googlebot-Image/1.0"
66.249.70.200 - - [03/Jan/2024:00:30:04 +0100] "GET /~fjoo/temp/2x53_Houyet.jpg HTTP/1.1" 404 - "-" "Googlebot-Image/1.0"
66.249.70.200 - - [03/Jan/2024:00:30:05 +0100] "GET /~fjoo/temp/LCH_01.jpg HTTP/1.1" 404 - "-" "Googlebot-Image/1.0"
66.249.70.198 - - [03/Jan/2024:00:30:05 +0100] "GET /~fjoo/temp/LCH_31.jpg HTTP/1.1" 404 - "-" "Googlebot-Image/1.0"
