52.230.152.25 - - [01/Jun/2024:00:05:45 +0200] "GET /robots.txt HTTP/1.1" 404 - "-" "Mozilla/5.0 AppleWebKit/537.36 (KHTML, like Gecko; compatible; GPTBot/1.0; +https://openai.com/gptbot)"
66.249.77.70 - - [01/Jun/2024:00:08:43 +0200] "GET /fjoo/temp/GYSEV/1047_V43.jpg HTTP/1.1" 404 - "-" "Googlebot-Image/1.0"
47.128.33.190 - - [01/Jun/2024:00:09:33 +0200] "GET /robots.txt HTTP/1.1" 404 - "-" "Mozilla/5.0 (Linux; Android 5.0) AppleWebKit/537.36 (KHTML, like Gecko) Mobile Safari/537.36 (compatible; Bytespider; spider-feedback@bytedance.com)"
94.4.66.230 - - [01/Jun/2024:00:13:34 +0200] "GET /robots.txt HTTP/1.1" 404 - "-" "Mozilla/5.0 (Linux; Android 6.0; Nexus 5 Build/MRA58N) AppleWebKit/537.36 (KHTML, like Gecko) Chrome/59.0.7808.1105 Mobile Safari/537.36"
47.128.62.241 - - [01/Jun/2024:00:17:40 +0200] "GET /robots.txt HTTP/1.1" 404 - "-" "Mozilla/5.0 (Linux; Android 5.0) AppleWebKit/537.36 (KHTML, like Gecko) Mobile Safari/537.36 (compatible; Bytespider; spider-feedback@bytedance.com)"
95.108.213.117 - - [01/Jun/2024:00:18:32 +0200] "GET /robots.txt HTTP/1.1" 404 - "-" "Mozilla/5.0 (compatible; YandexBot/3.0; +http://yandex.com/bots)"
95.108.213.167 - - [01/Jun/2024:00:18:33 +0200] "GET /fjoo/gemenc.htm HTTP/1.1" 404 - "-" "Mozilla/5.0 (compatible; YandexBot/3.0; +http://yandex.com/bots)"
114.74.80.216 - - [01/Jun/2024:00:21:42 +0200] "GET /robots.txt HTTP/1.1" 404 - "-" "Mozilla/5.0 (Linux; Android 5.0; SM-G900P Build/LRX21T) AppleWebKit/537.36 (KHTML, like Gecko) Chrome/45.0.5928.1038 Mobile Safari/537.36"
66.249.77.72 - - [01/Jun/2024:00:26:58 +0200] "GET /fjoo/temp/GYSEV/BV_graff.jpg HTTP/1.1" 404 - "-" "Googlebot-Image/1.0"
66.249.77.70 - - [01/Jun/2024:00:27:04 +0200] "GET /globalizacio/bush_plakat.png HTTP/1.1" 404 - "-" "Googlebot-Image/1.0"
131.153.240.178 - - [01/Jun/2024:00:28:55 +0200] "GET / HTTP/1.1" 404 - "-" "Mozilla/5.0 (Windows NT 10.0; Win64; x64) AppleWebKit/537.36 (KHTML, like Gecko) Chrome/106.0.0.0 Safari/537.36"
162.215.171.162 - - [01/Jun/2024:00:29:12 +0200] "GET /.env HTTP/1.1" 404 - "-" "-"
162.215.171.162 - - [01/Jun/2024:00:29:19 +0200] "GET /.env HTTP/1.1" 404 - "-" "-"
52.230.152.41 - - [01/Jun/2024:00:30:52 +0200] "GET /robots.txt HTTP/1.1" 404 - "-" "Mozilla/5.0 AppleWebKit/537.36 (KHTML, like Gecko; compatible; GPTBot/1.0; +https://openai.com/gptbot)"
66.249.77.71 - - [01/Jun/2024:00:32:57 +0200] "GET /img_upload/cb39111eba7a31c9c0e48686fa8e3c87/P_001212.pdf HTTP/1.1" 404 - "-" "Googlebot/2.1 (+http://www.google.com/bot.html)"
66.249.77.72 - - [01/Jun/2024:00:34:43 +0200] "GET /~fjoo/dkvtram2.jpg HTTP/1.1" 404 - "-" "Googlebot-Image/1.0"
66.249.77.70 - - [01/Jun/2024:00:39:44 +0200] "GET /~fjoo/liberec.jpg HTTP/1.1" 404 - "-" "Googlebot-Image/1.0"
173.252.83.21 - - [01/Jun/2024:00:43:57 +0200] "GET /vedegylet/modules.php?name=News&file=article&sid=582 HTTP/1.1" 404 - "-" "facebookexternalhit/1.1 (+http://www.facebook.com/externalhit_uatext.php)"
51.222.253.8 - - [01/Jun/2024:00:48:42 +0200] "GET /robots.txt HTTP/1.1" 404 - "-" "Mozilla/5.0 (compatible; AhrefsBot/7.0; +http://ahrefs.com/robot/)"
66.249.77.72 - - [01/Jun/2024:00:50:47 +0200] "GET /fjoo/temp/GYSEV/2_vezer.jpg HTTP/1.1" 404 - "-" "Googlebot-Image/1.0"
173.252.127.11 - - [01/Jun/2024:01:09:21 +0200] "GET /img_upload/be54694605bbfec644dcd2ea3afc74e6/0221demrt.mp3 HTTP/1.1" 404 - "-" "facebookexternalhit/1.1 (+http://www.facebook.com/externalhit_uatext.php)"
66.249.77.71 - - [01/Jun/2024:01:12:17 +0200] "GET /~fjoo/PCD01321a.jpg HTTP/1.1" 404 - "-" "Googlebot-Image/1.0"
66.249.77.70 - - [01/Jun/2024:01:12:37 +0200] "GET /fjoo/sz664116.jpg HTTP/1.1" 404 - "-" "Googlebot-Image/1.0"
66.249.77.72 - - [01/Jun/2024:01:13:21 +0200] "GET /~fjoo/PCD01321.jpg HTTP/1.1" 404 - "-" "Googlebot-Image/1.0"
66.249.77.70 - - [01/Jun/2024:01:13:29 +0200] "GET /fjoo/sz664116a.jpg HTTP/1.1" 404 - "-" "Googlebot-Image/1.0"
157.55.39.54 - - [01/Jun/2024:01:21:14 +0200] "GET /fjoo/vasnez.htm HTTP/1.1" 404 - "-" "Mozilla/5.0 AppleWebKit/537.36 (KHTML, like Gecko; compatible; bingbot/2.0; +http://www.bing.com/bingbot.htm) Chrome/116.0.1938.76 Safari/537.36"
216.244.66.203 - - [01/Jun/2024:01:24:00 +0200] "GET /robots.txt HTTP/1.1" 404 - "-" "Mozilla/5.0 (compatible; DotBot/1.2; +https://opensiteexplorer.org/dotbot; help@moz.com)"
47.76.209.138 - - [01/Jun/2024:01:34:52 +0200] "HEAD / HTTP/1.1" 404 - "-" "Mozilla/5.0 (Windows NT 6.3; Win64; x64) AppleWebKit/537.36 (KHTML, like Gecko) Chrome/71.0.3443.89 Safari/537.36"
47.76.209.138 - - [01/Jun/2024:01:34:53 +0200] "GET / HTTP/1.1" 404 - "-" "Mozilla/5.0 (Windows NT 6.3; Win64; x64) AppleWebKit/537.36 (KHTML, like Gecko) Chrome/71.0.3443.89 Safari/537.36"
47.76.99.127 - - [01/Jun/2024:01:35:14 +0200] "HEAD / HTTP/1.1" 404 - "-" "Mozilla/5.0 (Windows NT 10.0; Win64; x64) AppleWebKit/537.36 (KHTML, like Gecko) Chrome/71.0.2005.28 Safari/537.36"
47.76.99.127 - - [01/Jun/2024:01:35:14 +0200] "GET / HTTP/1.1" 404 - "-" "Mozilla/5.0 (Windows NT 10.0; Win64; x64) AppleWebKit/537.36 (KHTML, like Gecko) Chrome/71.0.2005.28 Safari/537.36"
66.249.77.71 - - [01/Jun/2024:01:41:14 +0200] "GET /fjoo/muki_m2.jpg HTTP/1.1" 404 - "-" "Googlebot-Image/1.0"
216.244.66.203 - - [01/Jun/2024:01:47:06 +0200] "GET /genmanipulacio/kepregeny/19a.htm HTTP/1.1" 404 - "-" "Mozilla/5.0 (compatible; DotBot/1.2; +https://opensiteexplorer.org/dotbot; help@moz.com)"
66.249.77.71 - - [01/Jun/2024:01:48:14 +0200] "GET /~fjoo/ujjegy.jpg HTTP/1.1" 404 - "-" "Googlebot-Image/1.0"
131.153.240.10 - - [01/Jun/2024:01:56:05 +0200] "GET / HTTP/1.1" 404 - "-" "Mozilla/5.0 (Windows NT 10.0; Win64; x64) AppleWebKit/537.36 (KHTML, like Gecko) Chrome/106.0.0.0 Safari/537.36"
157.55.39.12 - - [01/Jun/2024:02:00:18 +0200] "GET /cyanide/baiamare/News/bbc20052000.htm HTTP/1.1" 404 - "-" "Mozilla/5.0 AppleWebKit/537.36 (KHTML, like Gecko; compatible; bingbot/2.0; +http://www.bing.com/bingbot.htm) Chrome/116.0.1938.76 Safari/537.36"
95.108.213.246 - - [01/Jun/2024:02:11:59 +0200] "GET /robots.txt HTTP/1.1" 404 - "-" "Mozilla/5.0 (compatible; YandexBot/3.0; +http://yandex.com/bots)"
5.255.231.120 - - [01/Jun/2024:02:11:59 +0200] "GET /~illesf/villamos/brno/brnovill.html%0A
HTTP/1.1" 404 - "-" "Mozilla/5.0 (compatible; YandexBot/3.0; +http://yandex.com/bots)"
193.6.201.128 - - [01/Jun/2024:02:25:35 +0200] "GET /globalizacio/ HTTP/1.1" 404 - "-" "Mozilla/5.0 (X11; Linux x86_64; rv:58.0) Gecko/20100101 Firefox/58.0"
66.249.77.71 - - [01/Jun/2024:02:35:07 +0200] "GET /~illesf/villamos/bp/ni01a.jpg HTTP/1.1" 404 - "-" "Googlebot-Image/1.0"
66.249.77.72 - - [01/Jun/2024:02:35:10 +0200] "GET /~illesf/vilamos/bp/ni01a.jpg HTTP/1.1" 404 - "-" "Googlebot-Image/1.0"
192.0.99.227 - - [01/Jun/2024:02:36:28 +0200] "GET /img_upload/322859aa0578c5a894c85ecd18bf54d8/04_alnyomat_2.jpg HTTP/1.1" 404 - "-" "Photon/1.0"
66.249.77.71 - - [01/Jun/2024:02:46:37 +0200] "GET /fjoo/temp/GYSEV/2_vezer.jpg HTTP/1.1" 404 - "-" "Googlebot-Image/1.0"
66.249.77.71 - - [01/Jun/2024:02:46:38 +0200] "GET /fjoo/temp/GYSEV/2xM44_300.jpg HTTP/1.1" 404 - "-" "Googlebot-Image/1.0"
66.249.77.70 - - [01/Jun/2024:02:46:39 +0200] "GET /fjoo/temp/GYSEV/V43_329.jpg HTTP/1.1" 404 - "-" "Googlebot-Image/1.0"
66.249.77.71 - - [01/Jun/2024:02:46:39 +0200] "GET /fjoo/temp/GYSEV/3xV43_MD.jpg HTTP/1.1" 404 - "-" "Googlebot-Image/1.0"
66.249.77.70 - - [01/Jun/2024:02:46:40 +0200] "GET /fjoo/temp/GYSEV/M44_301.jpg HTTP/1.1" 404 - "-" "Googlebot-Image/1.0"
66.249.77.71 - - [01/Jun/2024:02:46:40 +0200] "GET /fjoo/temp/GYSEV/1047_501_Wulka.jpg HTTP/1.1" 404 - "-" "Googlebot-Image/1.0"
66.249.77.72 - - [01/Jun/2024:02:46:41 +0200] "GET /fjoo/temp/GYSEV/1047_001_Deli.jpg HTTP/1.1" 404 - "-" "Googlebot-Image/1.0"
66.249.77.70 - - [01/Jun/2024:02:46:41 +0200] "GET /fjoo/temp/GYSEV/bemondas_CD-rol.jpg HTTP/1.1" 404 - "-" "Googlebot-Image/1.0"
66.249.77.70 - - [01/Jun/2024:02:46:41 +0200] "GET /fjoo/temp/GYSEV/Berenyi.jpg HTTP/1.1" 404 - "-" "Googlebot-Image/1.0"
66.249.77.70 - - [01/Jun/2024:02:46:42 +0200] "GET /fjoo/temp/GYSEV/1047_001_Wulka.jpg HTTP/1.1" 404 - "-" "Googlebot-Image/1.0"
66.249.77.70 - - [01/Jun/2024:02:46:42 +0200] "GET /fjoo/temp/GYSEV/modell_atadas.jpg HTTP/1.1" 404 - "-" "Googlebot-Image/1.0"
66.249.77.71 - - [01/Jun/2024:02:46:43 +0200] "GET /fjoo/temp/GYSEV/2xV43_300.jpg HTTP/1.1" 404 - "-" "Googlebot-Image/1.0"
66.249.77.70 - - [01/Jun/2024:02:46:43 +0200] "GET /fjoo/temp/GYSEV/2o_Apv.jpg HTTP/1.1" 404 - "-" "Googlebot-Image/1.0"
66.249.77.71 - - [01/Jun/2024:02:46:44 +0200] "GET /fjoo/temp/GYSEV/M40_222.jpg HTTP/1.1" 404 - "-" "Googlebot-Image/1.0"
66.249.77.70 - - [01/Jun/2024:02:46:44 +0200] "GET /fjoo/temp/GYSEV/OBB-sek.jpg HTTP/1.1" 404 - "-" "Googlebot-Image/1.0"
66.249.77.71 - - [01/Jun/2024:02:46:45 +0200] "GET /fjoo/temp/GYSEV/detail.jpg HTTP/1.1" 404 - "-" "Googlebot-Image/1.0"
66.249.77.70 - - [01/Jun/2024:02:46:45 +0200] "GET /fjoo/temp/GYSEV/1047_1116.jpg HTTP/1.1" 404 - "-" "Googlebot-Image/1.0"
66.249.77.70 - - [01/Jun/2024:02:46:46 +0200] "GET /fjoo/temp/GYSEV/M62_180.jpg HTTP/1.1" 404 - "-" "Googlebot-Image/1.0"
66.249.77.70 - - [01/Jun/2024:02:46:46 +0200] "GET /fjoo/temp/GYSEV/1014_009.jpg HTTP/1.1" 404 - "-" "Googlebot-Image/1.0"
66.249.77.70 - - [01/Jun/2024:02:46:46 +0200] "GET /fjoo/temp/GYSEV/1047_futohaz.jpg HTTP/1.1" 404 - "-" "Googlebot-Image/1.0"
66.249.77.70 - - [01/Jun/2024:02:46:47 +0200] "GET /fjoo/temp/GYSEV/1047_V43.jpg HTTP/1.1" 404 - "-" "Googlebot-Image/1.0"
66.249.77.70 - - [01/Jun/2024:02:46:47 +0200] "GET /fjoo/temp/GYSEV/2x1047A.jpg HTTP/1.1" 404 - "-" "Googlebot-Image/1.0"
66.249.77.70 - - [01/Jun/2024:02:46:48 +0200] "GET /fjoo/temp/GYSEV/atadas.jpg HTTP/1.1" 404 - "-" "Googlebot-Image/1.0"
66.249.77.70 - - [01/Jun/2024:02:46:48 +0200] "GET /fjoo/temp/GYSEV/BV_graff.jpg HTTP/1.1" 404 - "-" "Googlebot-Image/1.0"
217.147.172.206 - - [01/Jun/2024:02:48:41 +0200] "GET /mirror/bankwatch/ HTTP/1.0" 404 - "http://www.zpok.hu/mirror/bankwatch/" "Mozilla/4.0 (compatible; MSIE 6.0; Windows NT 5.1; SV1; .NET CLR 2.0.50727)"
193.6.201.128 - - [01/Jun/2024:02:49:07 +0200] "GET /genmanipulacio/ HTTP/1.1" 404 - "-" "Mozilla/5.0 (X11; Linux x86_64; rv:58.0) Gecko/20100101 Firefox/58.0"
157.55.39.12 - - [01/Jun/2024:02:50:11 +0200] "GET /fjoo/m61_last.htm HTTP/1.1" 404 - "-" "Mozilla/5.0 AppleWebKit/537.36 (KHTML, like Gecko; compatible; bingbot/2.0; +http://www.bing.com/bingbot.htm) Chrome/116.0.1938.76 Safari/537.36"
205.210.31.86 - - [01/Jun/2024:02:52:07 +0200] "GET / HTTP/1.1" 404 - "-" "Expanse, a Palo Alto Networks company, searches across the global IPv4 space multiple times per day to identify customers' presences on the Internet. If you would like to be excluded from our scans, please send IP addresses/domains to: scaninfo@paloaltonetworks.com"
66.249.77.70 - - [01/Jun/2024:03:18:29 +0200] "GET /~fjoo/temp/S8007.jpg HTTP/1.1" 404 - "-" "Googlebot-Image/1.0"
66.249.77.70 - - [01/Jun/2024:03:18:30 +0200] "GET /fjoo/temp/M62_301.jpg HTTP/1.1" 404 - "-" "Googlebot-Image/1.0"
66.249.77.70 - - [01/Jun/2024:03:18:31 +0200] "GET /fjoo/temp/M62_301C.jpg HTTP/1.1" 404 - "-" "Googlebot-Image/1.0"
66.249.77.72 - - [01/Jun/2024:03:18:31 +0200] "GET /fjoo/temp/1047_001.jpg HTTP/1.1" 404 - "-" "Googlebot-Image/1.0"
66.249.77.71 - - [01/Jun/2024:03:18:31 +0200] "GET /fjoo/temp/Keleti_tablaa.jpg HTTP/1.1" 404 - "-" "Googlebot-Image/1.0"
66.249.77.70 - - [01/Jun/2024:03:18:32 +0200] "GET /fjoo/temp/M62_301a.jpg HTTP/1.1" 404 - "-" "Googlebot-Image/1.0"
66.249.77.70 - - [01/Jun/2024:03:18:33 +0200] "GET /fjoo/temp/M62_301Ba.jpg HTTP/1.1" 404 - "-" "Googlebot-Image/1.0"
66.249.77.72 - - [01/Jun/2024:03:18:32 +0200] "GET /~fjoo/temp/4117.jpg HTTP/1.1" 404 - "-" "Googlebot-Image/1.0"
66.249.77.70 - - [01/Jun/2024:03:18:34 +0200] "GET /fjoo/temp/M62_301B.jpg HTTP/1.1" 404 - "-" "Googlebot-Image/1.0"
66.249.77.70 - - [01/Jun/2024:03:18:33 +0200] "GET /~fjoo/temp/8332.jpg HTTP/1.1" 404 - "-" "Googlebot-Image/1.0"
66.249.77.71 - - [01/Jun/2024:03:18:34 +0200] "GET /fjoo/temp/M62_301Ca.jpg HTTP/1.1" 404 - "-" "Googlebot-Image/1.0"
66.249.77.70 - - [01/Jun/2024:03:18:35 +0200] "GET /fjoo/temp/Keleti_tabla.jpg HTTP/1.1" 404 - "-" "Googlebot-Image/1.0"
66.249.77.71 - - [01/Jun/2024:03:18:34 +0200] "GET /fjoo/temp/1047_001a.jpg HTTP/1.1" 404 - "-" "Googlebot-Image/1.0"
131.153.143.50 - - [01/Jun/2024:03:24:24 +0200] "GET / HTTP/1.1" 404 - "-" "Mozilla/5.0 (Windows NT 10.0; Win64; x64) AppleWebKit/537.36 (KHTML, like Gecko) Chrome/106.0.0.0 Safari/537.36"
47.128.123.165 - - [01/Jun/2024:03:33:40 +0200] "GET /~fjoo/v43gysev.jpg HTTP/1.1" 404 - "http://ellnebo.se/postvagnen/117131.htm" "Mozilla/5.0 (compatible; Bytespider; spider-feedback@bytedance.com) AppleWebKit/537.36 (KHTML, like Gecko) Chrome/70.0.0.0 Safari/537.36"
213.180.203.133 - - [01/Jun/2024:03:33:50 +0200] "GET /robots.txt HTTP/1.1" 404 - "-" "Mozilla/5.0 (compatible; YandexBot/3.0; +http://yandex.com/bots)"
87.250.224.76 - - [01/Jun/2024:03:33:50 +0200] "GET /~illesf/index.html HTTP/1.1" 404 - "-" "Mozilla/5.0 (compatible; YandexBot/3.0; +http://yandex.com/bots)"
213.180.203.250 - - [01/Jun/2024:03:34:25 +0200] "GET /vedegylet/doc/fe- HTTP/1.1" 404 - "-" "Mozilla/5.0 (compatible; YandexBot/3.0; +http://yandex.com/bots)"
193.6.201.253 - - [01/Jun/2024:03:47:34 +0200] "GET /globalizacio/ HTTP/1.1" 404 - "-" "Mozilla/5.0 (X11; Linux x86_64; rv:58.0) Gecko/20100101 Firefox/58.0"
66.249.77.70 - - [01/Jun/2024:03:49:38 +0200] "GET /~illesf/holvan.jpg HTTP/1.1" 404 - "-" "Googlebot-Image/1.0"
5.255.231.128 - - [01/Jun/2024:04:12:54 +0200] "GET /robots.txt HTTP/1.1" 404 - "-" "Mozilla/5.0 (compatible; YandexBot/3.0; +http://yandex.com/bots)"
87.250.224.78 - - [01/Jun/2024:04:12:54 +0200] "GET /~fjoo/Dacia_teher.jpg HTTP/1.1" 404 - "-" "Mozilla/5.0 (compatible; YandexImages/3.0; +http://yandex.com/bots)"
78.131.88.33 - - [01/Jun/2024:04:22:49 +0200] "GET / HTTP/1.1" 404 - "-" "Mozilla/5.0 (Windows NT 10.0; Win64; x64; rv:109.0) Gecko/20100101 Firefox/119.0"
131.153.240.162 - - [01/Jun/2024:04:53:13 +0200] "GET / HTTP/1.1" 404 - "-" "Mozilla/5.0 (Windows NT 10.0; Win64; x64) AppleWebKit/537.36 (KHTML, like Gecko) Chrome/106.0.0.0 Safari/537.36"
54.36.148.227 - - [01/Jun/2024:04:56:07 +0200] "GET /robots.txt HTTP/1.1" 404 - "-" "Mozilla/5.0 (compatible; AhrefsBot/7.0; +http://ahrefs.com/robot/)"
173.252.87.5 - - [01/Jun/2024:05:08:34 +0200] "GET /waldorf/gyik.htm HTTP/1.1" 404 - "-" "facebookexternalhit/1.1 (+http://www.facebook.com/externalhit_uatext.php)"
66.249.77.71 - - [01/Jun/2024:05:21:53 +0200] "GET /fjoo/temp/02_06_04/MIVB_2029_Louise.jpg HTTP/1.1" 404 - "-" "Googlebot-Image/1.0"
193.6.201.253 - - [01/Jun/2024:05:28:19 +0200] "GET /genmanipulacio/ HTTP/1.1" 404 - "-" "Mozilla/5.0 (X11; Linux x86_64; rv:58.0) Gecko/20100101 Firefox/58.0"
102.129.152.225 - - [01/Jun/2024:05:39:17 +0200] "GET / HTTP/1.1" 404 - "-" "Mozilla/5.0 (Windows; U; Windows NT 6.1; en-US; rv:1.9.1.5) Gecko/20091102 Firefox/3.5.5 (.NET CLR 3.5.30729)"
3.224.220.101 - - [01/Jun/2024:05:40:35 +0200] "GET /robots.txt HTTP/1.1" 404 - "-" "Mozilla/5.0 (Macintosh; Intel Mac OS X 10_10_1) AppleWebKit/600.2.5 (KHTML, like Gecko) Version/8.0.2 Safari/600.2.5 (Amazonbot/0.1; +https://developer.amazon.com/support/amazonbot)"
3.224.220.101 - - [01/Jun/2024:05:40:40 +0200] "GET /vedegylet/doc/budapest.pdf HTTP/1.1" 404 - "-" "Mozilla/5.0 (Macintosh; Intel Mac OS X 10_10_1) AppleWebKit/600.2.5 (KHTML, like Gecko) Version/8.0.2 Safari/600.2.5 (Amazonbot/0.1; +https://developer.amazon.com/support/amazonbot)"
173.252.107.118 - - [01/Jun/2024:05:44:18 +0200] "GET /sbnet/org/secs HTTP/1.1" 404 - "-" "facebookexternalhit/1.1 (+http://www.facebook.com/externalhit_uatext.php)"
66.249.77.72 - - [01/Jun/2024:05:49:04 +0200] "GET /~fjoo/temp/MDmot-3009.jpg HTTP/1.1" 404 - "-" "Googlebot-Image/1.0"
66.249.77.72 - - [01/Jun/2024:06:00:23 +0200] "GET /fjoo/temp/USA/28_march/FL9_1.jpg HTTP/1.1" 404 - "-" "Googlebot-Image/1.0"
66.249.77.70 - - [01/Jun/2024:06:00:29 +0200] "GET /fjoo/temp/USA/28_march/FL9_3.jpg HTTP/1.1" 404 - "-" "Googlebot-Image/1.0"
66.249.77.70 - - [01/Jun/2024:06:00:29 +0200] "GET /fjoo/temp/USA/27_March/Grand_Central_4.jpg HTTP/1.1" 404 - "-" "Googlebot-Image/1.0"
66.249.77.71 - - [01/Jun/2024:06:00:30 +0200] "GET /fjoo/temp/USA/27_March/Grand_Central_1.jpg HTTP/1.1" 404 - "-" "Googlebot-Image/1.0"
66.249.77.70 - - [01/Jun/2024:06:00:30 +0200] "GET /fjoo/temp/USA/28_march/FL9_2.jpg HTTP/1.1" 404 - "-" "Googlebot-Image/1.0"
66.249.77.71 - - [01/Jun/2024:06:00:30 +0200] "GET /fjoo/temp/USA/27_March/Greyhound.jpg HTTP/1.1" 404 - "-" "Googlebot-Image/1.0"
66.249.77.71 - - [01/Jun/2024:06:00:31 +0200] "GET /fjoo/temp/USA/27_March/Grand_Central_2.jpg HTTP/1.1" 404 - "-" "Googlebot-Image/1.0"
66.249.77.70 - - [01/Jun/2024:06:00:31 +0200] "GET /fjoo/temp/USA/27_March/Grand_Central_3.jpg HTTP/1.1" 404 - "-" "Googlebot-Image/1.0"
66.249.77.70 - - [01/Jun/2024:06:03:03 +0200] "GET /fjoo/temp/02_05_11/MV_2.jpg HTTP/1.1" 404 - "-" "Googlebot-Image/1.0"
102.219.54.129 - - [01/Jun/2024:06:08:33 +0200] "GET / HTTP/1.1" 302 288 "-" "Mozilla/5.0 (Windows NT 10.0; WOW64; rv:47.0) Gecko/20100101 Firefox/47.0"
124.225.164.130 - - [01/Jun/2024:06:11:49 +0200] "GET / HTTP/1.1" 404 - "-" "Mozilla/5.0 (iPhone; CPU iPhone OS 13_2_3 like Mac OS X) AppleWebKit/605.1.15 (KHTML, like Gecko) Version/13.0.3 Mobile/15E148 Safari/604.1"
131.153.240.10 - - [01/Jun/2024:06:28:18 +0200] "GET / HTTP/1.1" 404 - "-" "Mozilla/5.0 (Windows NT 10.0; Win64; x64) AppleWebKit/537.36 (KHTML, like Gecko) Chrome/106.0.0.0 Safari/537.36"
66.249.77.70 - - [01/Jun/2024:06:48:04 +0200] "GET /img_upload/cb39111eba7a31c9c0e48686fa8e3c87/p_1998_1_417797.pdf HTTP/1.1" 404 - "-" "Googlebot/2.1 (+http://www.google.com/bot.html)"
69.171.230.4 - - [01/Jun/2024:06:49:01 +0200] "GET /meteor/paks/andrea.htm HTTP/1.1" 404 - "-" "facebookexternalhit/1.1 (+http://www.facebook.com/externalhit_uatext.php)"
35.84.32.52 - - [01/Jun/2024:06:56:58 +0200] "GET / HTTP/1.1" 404 - "-" "Mozilla/5.0 (Windows NT 10.0; Win64; x64) AppleWebKit/537.36 (KHTML, like Gecko) Chrome/117.0.0.0 Safari/537.36 Edg/117.0.2045.43"
35.84.32.52 - - [01/Jun/2024:06:57:05 +0200] "GET / HTTP/1.1" 404 - "-" "Mozilla/5.0 (Windows NT 10.0; Win64; x64) AppleWebKit/537.36 (KHTML, like Gecko) Chrome/117.0.0.0 Safari/537.36 Edg/117.0.2045.43"
216.244.66.203 - - [01/Jun/2024:07:04:33 +0200] "GET /robots.txt HTTP/1.1" 404 - "-" "Mozilla/5.0 (compatible; DotBot/1.2; +https://opensiteexplorer.org/dotbot; help@moz.com)"
213.180.203.109 - - [01/Jun/2024:07:04:42 +0200] "GET /robots.txt HTTP/1.1" 404 - "-" "Mozilla/5.0 (compatible; YandexBot/3.0; +http://yandex.com/bots)"
213.180.203.87 - - [01/Jun/2024:07:04:43 +0200] "GET /~fjoo/temp/02_04_25/FC_PGF_Monor.jpg HTTP/1.1" 404 - "-" "Mozilla/5.0 (compatible; YandexImages/3.0; +http://yandex.com/bots)"
66.249.77.70 - - [01/Jun/2024:07:07:56 +0200] "GET /img_upload/cb39111eba7a31c9c0e48686fa8e3c87/A6.205_212.pdf HTTP/1.1" 404 - "-" "Googlebot/2.1 (+http://www.google.com/bot.html)"
143.110.211.137 - - [01/Jun/2024:07:12:34 +0200] "GET / HTTP/1.1" 404 - "-" "Mozilla/5.0 (Macintosh; Intel Mac OS X 10_15_7) AppleWebKit/537.36 (KHTML, like Gecko) Chrome/121.0.0.0 Safari/537.36"
69.171.230.9 - - [01/Jun/2024:07:22:18 +0200] "GET /fjoo/ose.htm HTTP/1.1" 404 - "-" "facebookexternalhit/1.1 (+http://www.facebook.com/externalhit_uatext.php)"
66.249.77.71 - - [01/Jun/2024:07:25:48 +0200] "GET /img_upload/cb39111eba7a31c9c0e48686fa8e3c87/AcsVelencei2005.pdf HTTP/1.1" 404 - "-" "Googlebot/2.1 (+http://www.google.com/bot.html)"
188.165.232.135 - - [01/Jun/2024:07:27:05 +0200] "GET /robots.txt HTTP/1.1" 404 - "-" "Mozilla/5.0 (compatible; MJ12bot/v1.4.8; http://mj12bot.com/)"
188.165.232.135 - - [01/Jun/2024:07:27:10 +0200] "GET //%22cikk.shtml?x=45473%5C%22 HTTP/1.1" 404 - "-" "Mozilla/5.0 (compatible; MJ12bot/v1.4.8; http://mj12bot.com/)"
188.165.232.135 - - [01/Jun/2024:07:27:16 +0200] "GET //%22cikk.shtml?x=45771%5C%22 HTTP/1.1" 404 - "-" "Mozilla/5.0 (compatible; MJ12bot/v1.4.8; http://mj12bot.com/)"
188.165.232.135 - - [01/Jun/2024:07:27:25 +0200] "GET //%22cikk.shtml?x=45772%5C%22 HTTP/1.1" 404 - "-" "Mozilla/5.0 (compatible; MJ12bot/v1.4.8; http://mj12bot.com/)"
205.210.31.176 - - [01/Jun/2024:07:30:43 +0200] "GET / HTTP/1.1" 404 - "-" "Expanse, a Palo Alto Networks company, searches across the global IPv4 space multiple times per day to identify customers' presences on the Internet. If you would like to be excluded from our scans, please send IP addresses/domains to: scaninfo@paloaltonetworks.com"
52.230.152.8 - - [01/Jun/2024:07:38:38 +0200] "GET /robots.txt HTTP/1.1" 404 - "-" "Mozilla/5.0 AppleWebKit/537.36 (KHTML, like Gecko; compatible; GPTBot/1.0; +https://openai.com/gptbot)"
157.55.39.56 - - [01/Jun/2024:07:40:45 +0200] "GET /biztkomm/304.shtml HTTP/1.1" 404 - "-" "Mozilla/5.0 AppleWebKit/537.36 (KHTML, like Gecko; compatible; bingbot/2.0; +http://www.bing.com/bingbot.htm) Chrome/116.0.1938.76 Safari/537.36"
66.249.77.70 - - [01/Jun/2024:07:41:11 +0200] "GET /fjoo/PCD00073a.jpg HTTP/1.1" 404 - "-" "Googlebot-Image/1.0"
66.249.77.70 - - [01/Jun/2024:07:41:21 +0200] "GET /fjoo/PCD00073.jpg HTTP/1.1" 404 - "-" "Googlebot-Image/1.0"
91.92.243.143 - - [01/Jun/2024:07:42:30 +0200] "GET /wp-content/plugins/wp-catcher/index.php HTTP/1.1" 404 - "www.google.com" "Mozlila/5.0 (Linux; Android 7.0; SM-G892A Bulid/NRD90M; wv) AppleWebKit/537.36 (KHTML, like Gecko) Version/4.0 Chrome/60.0.3112.107 Moblie Safari/537.36"
216.244.66.203 - - [01/Jun/2024:07:43:35 +0200] "GET /fjoo/ftarkany.htm HTTP/1.1" 404 - "-" "Mozilla/5.0 (compatible; DotBot/1.2; +https://opensiteexplorer.org/dotbot; help@moz.com)"
216.244.66.203 - - [01/Jun/2024:07:43:41 +0200] "GET /fjoo/palhaza.htm HTTP/1.1" 404 - "-" "Mozilla/5.0 (compatible; DotBot/1.2; +https://opensiteexplorer.org/dotbot; help@moz.com)"
216.244.66.203 - - [01/Jun/2024:07:46:27 +0200] "GET /genmanipulacio/geforest.jpg HTTP/1.1" 404 - "-" "Mozilla/5.0 (compatible; DotBot/1.2; +https://opensiteexplorer.org/dotbot; help@moz.com)"
54.36.148.221 - - [01/Jun/2024:07:49:29 +0200] "GET /~illesf/villamos/szeged/terkep/terkep.html HTTP/1.1" 404 - "-" "Mozilla/5.0 (compatible; AhrefsBot/7.0; +http://ahrefs.com/robot/)"
66.249.77.70 - - [01/Jun/2024:07:50:36 +0200] "GET /~fjoo/temp/02_06_09/2050_017_Langau.jpg HTTP/1.1" 404 - "-" "Googlebot-Image/1.0"
66.249.77.70 - - [01/Jun/2024:07:50:37 +0200] "GET /~fjoo/temp/02_06_09/2050_017_Langau_3.jpg HTTP/1.1" 404 - "-" "Googlebot-Image/1.0"
66.249.77.71 - - [01/Jun/2024:07:50:37 +0200] "GET /~fjoo/temp/02_06_09/M62_260_teher_Zeg.jpg HTTP/1.1" 404 - "-" "Googlebot-Image/1.0"
66.249.77.70 - - [01/Jun/2024:07:50:37 +0200] "GET /~fjoo/temp/02_06_09/1110_023_Ebenfurth_Ro-La.jpg HTTP/1.1" 404 - "-" "Googlebot-Image/1.0"
66.249.77.70 - - [01/Jun/2024:07:50:38 +0200] "GET /~fjoo/temp/02_06_09/2050_017_Langau3.jpg HTTP/1.1" 404 - "-" "Googlebot-Image/1.0"
66.249.77.72 - - [01/Jun/2024:07:50:38 +0200] "GET /~fjoo/temp/02_06_09/1014_011_Wien_Sud.jpg HTTP/1.1" 404 - "-" "Googlebot-Image/1.0"
66.249.77.70 - - [01/Jun/2024:07:50:39 +0200] "GET /~fjoo/temp/02_06_09/2050_017_Langau_4.jpg HTTP/1.1" 404 - "-" "Googlebot-Image/1.0"
66.249.77.72 - - [01/Jun/2024:07:50:39 +0200] "GET /~fjoo/temp02_06_09/Tp_ind_tabla.jpg HTTP/1.1" 404 - "-" "Googlebot-Image/1.0"
66.249.77.70 - - [01/Jun/2024:07:50:40 +0200] "GET /~fjoo/temp/02_06_09/2050_017_Drosendorf3.jpg HTTP/1.1" 404 - "-" "Googlebot-Image/1.0"
66.249.77.71 - - [01/Jun/2024:07:50:40 +0200] "GET /~fjoo/temp/02_06_09/M62_M40_Zlovo.jpg HTTP/1.1" 404 - "-" "Googlebot-Image/1.0"
66.249.77.71 - - [01/Jun/2024:07:50:41 +0200] "GET /~fjoo/temp/02_06_09/Tp_ind_tabla.jpg HTTP/1.1" 404 - "-" "Googlebot-Image/1.0"
66.249.77.71 - - [01/Jun/2024:07:50:41 +0200] "GET /~fjoo/temp/02_06_09/CD_dmu_Retz2.jpg HTTP/1.1" 404 - "-" "Googlebot-Image/1.0"
66.249.77.70 - - [01/Jun/2024:07:50:41 +0200] "GET /~fjoo/temp/02_06_09/2050_017_Drosendorf2.jpg HTTP/1.1" 404 - "-" "Googlebot-Image/1.0"
66.249.77.70 - - [01/Jun/2024:07:50:42 +0200] "GET /~fjoo/temp/02_06_09/M62_180_Tp.jpg HTTP/1.1" 404 - "-" "Googlebot-Image/1.0"
66.249.77.71 - - [01/Jun/2024:07:50:42 +0200] "GET /~fjoo/temp/02_06_09/CD_guard.jpg HTTP/1.1" 404 - "-" "Googlebot-Image/1.0"
66.249.77.70 - - [01/Jun/2024:07:50:43 +0200] "GET /fjoo/temp/M62_171.jpg HTTP/1.1" 404 - "-" "Googlebot-Image/1.0"
66.249.77.70 - - [01/Jun/2024:07:50:43 +0200] "GET /~fjoo/temp/02_06_09/2050_017_Langau_2.jpg HTTP/1.1" 404 - "-" "Googlebot-Image/1.0"
66.249.77.70 - - [01/Jun/2024:07:50:44 +0200] "GET /~fjoo/temp/02_06_09/CD_dmu_Retz.jpg HTTP/1.1" 404 - "-" "Googlebot-Image/1.0"
66.249.77.70 - - [01/Jun/2024:07:50:44 +0200] "GET /~fjoo/temp/02_06_09/101_061_Hutteldorf_EC.jpg HTTP/1.1" 404 - "-" "Googlebot-Image/1.0"
66.249.77.70 - - [01/Jun/2024:07:50:45 +0200] "GET /~fjoo/temp/02_06_09/Zeg_delta.jpg HTTP/1.1" 404 - "-" "Googlebot-Image/1.0"
66.249.77.70 - - [01/Jun/2024:07:50:45 +0200] "GET /~fjoo/temp/02_06_09/2050_017_Langau4.jpg HTTP/1.1" 404 - "-" "Googlebot-Image/1.0"
66.249.77.70 - - [01/Jun/2024:07:50:46 +0200] "GET /~fjoo/temp/02_06_09/2050_017_Langau2.jpg HTTP/1.1" 404 - "-" "Googlebot-Image/1.0"
66.249.77.70 - - [01/Jun/2024:07:50:46 +0200] "GET /~fjoo/temp/02_06_09/Zeg_regi_tartaly.jpg HTTP/1.1" 404 - "-" "Googlebot-Image/1.0"
66.249.77.70 - - [01/Jun/2024:07:50:47 +0200] "GET /~fjoo/temp/02_06_09/2050_017_Drosendorf.jpg HTTP/1.1" 404 - "-" "Googlebot-Image/1.0"
173.252.107.116 - - [01/Jun/2024:08:01:52 +0200] "GET /~ferencj/ose_A251.htm HTTP/1.1" 404 - "-" "facebookexternalhit/1.1 (+http://www.facebook.com/externalhit_uatext.php)"
131.153.143.50 - - [01/Jun/2024:08:07:59 +0200] "GET / HTTP/1.1" 404 - "-" "Mozilla/5.0 (Windows NT 10.0; Win64; x64) AppleWebKit/537.36 (KHTML, like Gecko) Chrome/106.0.0.0 Safari/537.36"
194.67.210.77 - - [01/Jun/2024:08:26:21 +0200] "HEAD / HTTP/1.1" 404 - "https://velesritual.com.ua/" "Mozilla/8.0 (compatible; MSIE7.00; Windows 2004)"
213.180.203.166 - - [01/Jun/2024:08:27:37 +0200] "GET /robots.txt HTTP/1.1" 404 - "-" "Mozilla/5.0 (compatible; YandexBot/3.0; +http://yandex.com/bots)"
5.255.231.11 - - [01/Jun/2024:08:27:37 +0200] "GET /cyanide/baiamare/ HTTP/1.1" 404 - "-" "Mozilla/5.0 (compatible; YandexBot/3.0; +http://yandex.com/bots)"
213.180.203.26 - - [01/Jun/2024:08:30:08 +0200] "GET /~fjoo/tun_m41.jpg HTTP/1.1" 404 - "-" "Mozilla/5.0 (compatible; YandexImages/3.0; +http://yandex.com/bots)"
185.5.249.185 - - [01/Jun/2024:08:32:53 +0200] "HEAD / HTTP/1.1" 404 - "https://vavilon-ritual.com.ua/" "Mozilla/3.0 (compatible; MSIE2.00; Windows 2007)"
194.67.207.94 - - [01/Jun/2024:08:33:14 +0200] "HEAD / HTTP/1.1" 404 - "https://ritual.net.ua/" "Mozilla/3.0 (compatible; MSIE3.00; Windows 2008)"
185.125.219.13 - - [01/Jun/2024:08:35:36 +0200] "HEAD / HTTP/1.1" 404 - "https://ua.velesritual.com.ua/" "Mozilla/4.0 (compatible; MSIE5.00; Windows 2006)"
194.67.207.9 - - [01/Jun/2024:08:35:36 +0200] "HEAD / HTTP/1.1" 404 - "https://glagolia.com/services/razrabotka-logotipa/" "Mozilla/7.0 (compatible; MSIE3.00; Windows 2003)"
173.252.107.118 - - [01/Jun/2024:08:38:18 +0200] "GET /cyanide/baiamare/docs/Report1702.htm HTTP/1.1" 404 - "-" "facebookexternalhit/1.1 (+http://www.facebook.com/externalhit_uatext.php)"
52.230.152.130 - - [01/Jun/2024:08:39:26 +0200] "GET /robots.txt HTTP/1.1" 404 - "-" "Mozilla/5.0 AppleWebKit/537.36 (KHTML, like Gecko; compatible; GPTBot/1.0; +https://openai.com/gptbot)"
193.124.191.92 - - [01/Jun/2024:08:40:51 +0200] "HEAD / HTTP/1.1" 404 - "https://expert-time.ru/" "Mozilla/3.0 (compatible; MSIE7.00; Windows 2002)"
94.142.141.230 - - [01/Jun/2024:08:40:52 +0200] "HEAD / HTTP/1.1" 404 - "https://barsu.by/" "Mozilla/6.0 (compatible; MSIE7.00; Windows 2003)"
185.105.116.12 - - [01/Jun/2024:08:51:26 +0200] "HEAD / HTTP/1.1" 404 - "https://studyinvienna.ru/mainpage" "Mozilla/7.0 (compatible; MSIE5.00; Windows 2008)"
194.67.207.55 - - [01/Jun/2024:08:51:32 +0200] "HEAD / HTTP/1.1" 404 - "https://www.otvetynavopros.ru/kompjutery-i-noutbuki-i-telefony/" "Mozilla/6.0 (compatible; MSIE3.00; Windows 2002)"
66.249.77.70 - - [01/Jun/2024:09:01:42 +0200] "GET /~illesf/villamos/brno/kt8d5n.gif HTTP/1.1" 404 - "-" "Googlebot-Image/1.0"
66.249.77.72 - - [01/Jun/2024:09:01:43 +0200] "GET /robots.txt HTTP/1.1" 404 - "-" "Mozilla/5.0 (compatible; Googlebot/2.1; +http://www.google.com/bot.html)"
66.249.77.71 - - [01/Jun/2024:09:02:42 +0200] "GET /~fjoo/temp/Mercia4.jpg HTTP/1.1" 404 - "-" "Googlebot-Image/1.0"
66.249.77.70 - - [01/Jun/2024:09:04:05 +0200] "GET /fjoo/temp/2761-017_Felsogalla_040920_Mercia_150dpi.jpg HTTP/1.1" 404 - "-" "Googlebot-Image/1.0"
5.255.231.84 - - [01/Jun/2024:09:15:01 +0200] "GET /robots.txt HTTP/1.1" 404 - "-" "Mozilla/5.0 (compatible; YandexBot/3.0; +http://yandex.com/bots)"
213.180.203.224 - - [01/Jun/2024:09:15:01 +0200] "GET /genmanipulacio/kepregeny/2a.htm HTTP/1.1" 404 - "-" "Mozilla/5.0 (compatible; YandexBot/3.0; +http://yandex.com/bots)"
131.153.240.178 - - [01/Jun/2024:09:36:50 +0200] "GET / HTTP/1.1" 404 - "-" "Mozilla/5.0 (Windows NT 10.0; Win64; x64) AppleWebKit/537.36 (KHTML, like Gecko) Chrome/106.0.0.0 Safari/537.36"
52.230.152.138 - - [01/Jun/2024:09:42:11 +0200] "GET /robots.txt HTTP/1.1" 404 - "-" "Mozilla/5.0 AppleWebKit/537.36 (KHTML, like Gecko; compatible; GPTBot/1.0; +https://openai.com/gptbot)"
102.129.145.91 - - [01/Jun/2024:09:42:13 +0200] "GET / HTTP/1.1" 404 - "-" "Mozilla/5.0 (Windows; U; Windows NT 6.1; en-US; rv:1.9.1.5) Gecko/20091102 Firefox/3.5.5 (.NET CLR 3.5.30729)"
5.255.231.250 - - [01/Jun/2024:09:48:55 +0200] "GET /robots.txt HTTP/1.1" 404 - "-" "Mozilla/5.0 (compatible; YandexBot/3.0; +http://yandex.com/bots)"
87.250.224.211 - - [01/Jun/2024:09:48:56 +0200] "GET /kukabuvar/kb10/index.html HTTP/1.1" 404 - "-" "Mozilla/5.0 (compatible; YandexBot/3.0; +http://yandex.com/bots)"
66.249.77.71 - - [01/Jun/2024:09:49:05 +0200] "GET /fjoo/PCD00029.jpg HTTP/1.1" 404 - "-" "Googlebot-Image/1.0"
193.6.201.128 - - [01/Jun/2024:09:50:46 +0200] "GET / HTTP/1.1" 404 - "-" "Mozilla/5.0 (X11; Linux x86_64; rv:58.0) Gecko/20100101 Firefox/58.0"
66.249.77.70 - - [01/Jun/2024:09:55:29 +0200] "GET /globalizacio/bush_plakat.png HTTP/1.1" 404 - "-" "Googlebot-Image/1.0"
37.168.70.131 - - [01/Jun/2024:09:58:28 +0200] "GET /fjoo/szilvasv.htm HTTP/1.1" 404 - "-" "Mozilla/5.0 (Linux; Android 10; K) AppleWebKit/537.36 (KHTML, like Gecko) Chrome/125.0.0.0 Mobile Safari/537.36"
37.168.70.131 - - [01/Jun/2024:09:58:29 +0200] "GET /favicon.ico HTTP/1.1" 404 - "http://www.zpok.hu/fjoo/szilvasv.htm" "Mozilla/5.0 (Linux; Android 10; K) AppleWebKit/537.36 (KHTML, like Gecko) Chrome/125.0.0.0 Mobile Safari/537.36"
87.250.224.207 - - [01/Jun/2024:09:59:27 +0200] "GET /-makk HTTP/1.1" 404 - "-" "Mozilla/5.0 (compatible; YandexBot/3.0; +http://yandex.com/bots)"
95.217.9.15 - - [01/Jun/2024:10:10:14 +0200] "GET /genmanipulacio/kepregeny/ HTTP/1.1" 404 - "-" "Mozilla/5.0 (Windows NT 10.0; Win64; x64; rv:126.0) Gecko/20100101 Firefox/126.0"
66.249.77.72 - - [01/Jun/2024:10:20:55 +0200] "GET /~illesf/temp/20040924_pict0177_copy.jpg HTTP/1.1" 404 - "-" "Googlebot-Image/1.0"
95.108.213.116 - - [01/Jun/2024:10:22:41 +0200] "GET /robots.txt HTTP/1.1" 404 - "-" "Mozilla/5.0 (compatible; YandexBot/3.0; +http://yandex.com/bots)"
5.255.231.115 - - [01/Jun/2024:10:22:42 +0200] "GET /~fjoo/PCD00519a.jpg HTTP/1.1" 404 - "-" "Mozilla/5.0 (compatible; YandexImages/3.0; +http://yandex.com/bots)"
194.38.23.16 - - [01/Jun/2024:10:23:37 +0200] "GET /assets/admin/plugins/jquery-file-upload/server/php/index.php?file=tf2rghf.jpg HTTP/1.1" 404 - "-" "ALittle Client"
194.38.23.16 - - [01/Jun/2024:10:23:39 +0200] "GET /plugins/jquery-file-upload/server/php/index.php?file=tf2rghf.jpg HTTP/1.1" 404 - "-" "ALittle Client"
194.38.23.16 - - [01/Jun/2024:10:23:40 +0200] "GET /public/admin/assets/plugins/jquery-file-upload/server/php/index.php?file=tf2rghf.jpg HTTP/1.1" 404 - "-" "ALittle Client"
66.249.77.70 - - [01/Jun/2024:10:36:55 +0200] "GET /fjoo/PCD00138.jpg HTTP/1.1" 404 - "-" "Googlebot-Image/1.0"
85.208.98.18 - - [01/Jun/2024:10:40:21 +0200] "GET /robots.txt HTTP/1.1" 404 - "-" "Mozilla/5.0 (compatible; SemrushBot; +http://www.semrush.com/bot.html)"
213.180.203.162 - - [01/Jun/2024:10:45:49 +0200] "GET /robots.txt HTTP/1.1" 404 - "-" "Mozilla/5.0 (compatible; YandexBot/3.0; +http://yandex.com/bots)"
95.108.213.132 - - [01/Jun/2024:10:45:50 +0200] "GET /genmanipulacio/kepregeny/ HTTP/1.1" 404 - "-" "Mozilla/5.0 (compatible; YandexBot/3.0; +http://yandex.com/bots)"
66.249.77.70 - - [01/Jun/2024:10:48:14 +0200] "GET /fjoo/jz642b.jpg HTTP/1.1" 404 - "-" "Googlebot-Image/1.0"
66.249.77.70 - - [01/Jun/2024:11:03:30 +0200] "GET /~ferencj/2M43_Bzx.jpg HTTP/1.1" 404 - "-" "Googlebot-Image/1.0"
66.249.77.71 - - [01/Jun/2024:11:10:00 +0200] "GET /~fjoo/424_zsr.jpg HTTP/1.1" 404 - "-" "Googlebot-Image/1.0"
66.249.77.72 - - [01/Jun/2024:11:10:02 +0200] "GET /~fjoo/PCD00178a.jpg HTTP/1.1" 404 - "-" "Googlebot-Image/1.0"
157.55.39.54 - - [01/Jun/2024:11:11:26 +0200] "GET /hirek/davos010127.html HTTP/1.1" 404 - "-" "Mozilla/5.0 AppleWebKit/537.36 (KHTML, like Gecko; compatible; bingbot/2.0; +http://www.bing.com/bingbot.htm) Chrome/116.0.1938.76 Safari/537.36"
66.249.77.72 - - [01/Jun/2024:11:14:04 +0200] "GET /~fjoo/V43_1083a.jpg HTTP/1.1" 404 - "-" "Googlebot-Image/1.0"
66.249.77.71 - - [01/Jun/2024:11:15:57 +0200] "GET /~fjoo/V43_1083.jpg HTTP/1.1" 404 - "-" "Googlebot-Image/1.0"
131.153.143.50 - - [01/Jun/2024:11:16:34 +0200] "GET / HTTP/1.1" 404 - "-" "Mozilla/5.0 (Windows NT 10.0; Win64; x64) AppleWebKit/537.36 (KHTML, like Gecko) Chrome/106.0.0.0 Safari/537.36"
66.249.77.71 - - [01/Jun/2024:11:16:39 +0200] "GET /~fjoo/PCD00109a.jpg HTTP/1.1" 404 - "-" "Googlebot-Image/1.0"
66.249.77.72 - - [01/Jun/2024:11:17:45 +0200] "GET /~fjoo/temp/TM.jpg HTTP/1.1" 404 - "-" "Googlebot-Image/1.0"
66.249.77.70 - - [01/Jun/2024:11:17:56 +0200] "GET /~fjoo/temp/Db_futohaz.jpg HTTP/1.1" 404 - "-" "Googlebot-Image/1.0"
66.249.77.70 - - [01/Jun/2024:11:18:13 +0200] "GET /~fjoo/temp/2xM41_16334.jpg HTTP/1.1" 404 - "-" "Googlebot-Image/1.0"
66.249.77.70 - - [01/Jun/2024:11:18:21 +0200] "GET /~fjoo/temp/M28-1014.jpg HTTP/1.1" 404 - "-" "Googlebot-Image/1.0"
66.249.77.70 - - [01/Jun/2024:11:18:36 +0200] "GET /~fjoo/PCD00109.jpg HTTP/1.1" 404 - "-" "Googlebot-Image/1.0"
66.249.77.72 - - [01/Jun/2024:11:35:34 +0200] "GET /~fjoo/joo_916.jpg HTTP/1.1" 404 - "-" "Googlebot-Image/1.0"
66.249.77.71 - - [01/Jun/2024:11:35:35 +0200] "GET /~fjoo/joo_910.jpg HTTP/1.1" 404 - "-" "Googlebot-Image/1.0"
66.249.77.70 - - [01/Jun/2024:11:35:36 +0200] "GET /~fjoo/joo_912.jpg HTTP/1.1" 404 - "-" "Googlebot-Image/1.0"
66.249.77.70 - - [01/Jun/2024:11:35:36 +0200] "GET /~fjoo/joo_917a.jpg HTTP/1.1" 404 - "-" "Googlebot-Image/1.0"
66.249.77.71 - - [01/Jun/2024:11:35:36 +0200] "GET /~fjoo/joo_909.jpg HTTP/1.1" 404 - "-" "Googlebot-Image/1.0"
66.249.77.71 - - [01/Jun/2024:11:35:37 +0200] "GET /~fjoo/joo_919.jpg HTTP/1.1" 404 - "-" "Googlebot-Image/1.0"
66.249.77.71 - - [01/Jun/2024:11:35:37 +0200] "GET /~fjoo/joo_913.jpg HTTP/1.1" 404 - "-" "Googlebot-Image/1.0"
66.249.77.72 - - [01/Jun/2024:11:35:38 +0200] "GET /~fjoo/joo_918a.jpg HTTP/1.1" 404 - "-" "Googlebot-Image/1.0"
66.249.77.71 - - [01/Jun/2024:11:35:38 +0200] "GET /~fjoo/joo_918.jpg HTTP/1.1" 404 - "-" "Googlebot-Image/1.0"
66.249.77.70 - - [01/Jun/2024:11:35:39 +0200] "GET /~fjoo/bosnflag.gif HTTP/1.1" 404 - "-" "Googlebot-Image/1.0"
66.249.77.70 - - [01/Jun/2024:11:35:39 +0200] "GET /~fjoo/joo_909a.jpg HTTP/1.1" 404 - "-" "Googlebot-Image/1.0"
66.249.77.71 - - [01/Jun/2024:11:35:40 +0200] "GET /~fjoo/joo_916a.jpg HTTP/1.1" 404 - "-" "Googlebot-Image/1.0"
66.249.77.71 - - [01/Jun/2024:11:35:40 +0200] "GET /~fjoo/joo_912a.jpg HTTP/1.1" 404 - "-" "Googlebot-Image/1.0"
66.249.77.70 - - [01/Jun/2024:11:35:41 +0200] "GET /~fjoo/joo_917.jpg HTTP/1.1" 404 - "-" "Googlebot-Image/1.0"
66.249.77.70 - - [01/Jun/2024:11:35:41 +0200] "GET /~fjoo/joo_913a.jpg HTTP/1.1" 404 - "-" "Googlebot-Image/1.0"
66.249.77.70 - - [01/Jun/2024:11:35:41 +0200] "GET /~fjoo/joo_910a.jpg HTTP/1.1" 404 - "-" "Googlebot-Image/1.0"
66.249.77.70 - - [01/Jun/2024:11:35:42 +0200] "GET /~fjoo/joo_911a.jpg HTTP/1.1" 404 - "-" "Googlebot-Image/1.0"
66.249.77.70 - - [01/Jun/2024:11:35:43 +0200] "GET /~fjoo/joo_919a.jpg HTTP/1.1" 404 - "-" "Googlebot-Image/1.0"
66.249.77.70 - - [01/Jun/2024:11:35:43 +0200] "GET /~fjoo/joo_911.jpg HTTP/1.1" 404 - "-" "Googlebot-Image/1.0"
66.249.77.70 - - [01/Jun/2024:11:35:43 +0200] "GET /~fjoo/SBB_ICNa.jpg HTTP/1.1" 404 - "-" "Googlebot-Image/1.0"
66.249.77.70 - - [01/Jun/2024:11:35:44 +0200] "GET /~fjoo/SBB_ICN.jpg HTTP/1.1" 404 - "-" "Googlebot-Image/1.0"
191.96.150.203 - - [01/Jun/2024:11:52:16 +0200] "GET /wp-login.php HTTP/1.1" 404 - "-" "Mozilla/5.0 (Windows NT 10.0; Win64; x64) AppleWebKit/537.36 (KHTML, like Gecko) Chrome/91.0.4472.124 Safari/537.36"
216.244.66.203 - - [01/Jun/2024:12:11:16 +0200] "GET /robots.txt HTTP/1.1" 404 - "-" "Mozilla/5.0 (compatible; DotBot/1.2; +https://opensiteexplorer.org/dotbot; help@moz.com)"
84.17.40.90 - - [01/Jun/2024:12:11:51 +0200] "GET / HTTP/1.1" 404 - "-" "Mozilla/5.0 (Windows; U; Windows NT 6.1; en-US; rv:1.9.1.5) Gecko/20091102 Firefox/3.5.5 (.NET CLR 3.5.30729)"
85.208.98.18 - - [01/Jun/2024:12:12:15 +0200] "GET /robots.txt HTTP/1.1" 404 - "-" "Mozilla/5.0 (compatible; SemrushBot; +http://www.semrush.com/bot.html)"
87.250.224.12 - - [01/Jun/2024:12:29:43 +0200] "GET /robots.txt HTTP/1.1" 404 - "-" "Mozilla/5.0 (compatible; YandexBot/3.0; +http://yandex.com/bots)"
95.108.213.105 - - [01/Jun/2024:12:29:44 +0200] "GET /biztkomm/204.shtml HTTP/1.1" 404 - "-" "Mozilla/5.0 (compatible; YandexBot/3.0; +http://yandex.com/bots)"
66.249.73.18 - - [01/Jun/2024:12:39:32 +0200] "GET / HTTP/1.1" 404 - "-" "Mozilla/5.0 (Linux; Android 6.0.1; Nexus 5X Build/MMB29P) AppleWebKit/537.36 (KHTML, like Gecko) Chrome/125.0.6422.141 Mobile Safari/537.36 (compatible; Googlebot/2.1; +http://www.google.com/bot.html)"
162.255.84.206 - - [01/Jun/2024:12:40:23 +0200] "GET /wp-admin/maint/index.php HTTP/1.1" 404 - "-" "Mozlila/5.0 (Linux; Android 7.0; SM-G892A Bulid/NRD90M; wv) AppleWebKit/537.36 (KHTML, like Gecko) Version/4.0 Chrome/60.0.3112.107 Moblie Safari/537.36"
162.255.84.206 - - [01/Jun/2024:12:41:04 +0200] "GET /simple.php HTTP/1.1" 404 - "-" "Mozlila/5.0 (Linux; Android 7.0; SM-G892A Bulid/NRD90M; wv) AppleWebKit/537.36 (KHTML, like Gecko) Version/4.0 Chrome/60.0.3112.107 Moblie Safari/537.36"
162.255.84.206 - - [01/Jun/2024:12:41:36 +0200] "GET /inputs.php HTTP/1.1" 404 - "-" "Mozlila/5.0 (Linux; Android 7.0; SM-G892A Bulid/NRD90M; wv) AppleWebKit/537.36 (KHTML, like Gecko) Version/4.0 Chrome/60.0.3112.107 Moblie Safari/537.36"
162.255.84.206 - - [01/Jun/2024:12:42:33 +0200] "GET /wp-add.php?a=c HTTP/1.1" 404 - "-" "Mozlila/5.0 (Linux; Android 7.0; SM-G892A Bulid/NRD90M; wv) AppleWebKit/537.36 (KHTML, like Gecko) Version/4.0 Chrome/60.0.3112.107 Moblie Safari/537.36"
162.255.84.206 - - [01/Jun/2024:12:42:44 +0200] "GET /wp-includes/Text/index.php HTTP/1.1" 404 - "-" "Mozlila/5.0 (Linux; Android 7.0; SM-G892A Bulid/NRD90M; wv) AppleWebKit/537.36 (KHTML, like Gecko) Version/4.0 Chrome/60.0.3112.107 Moblie Safari/537.36"
162.255.84.206 - - [01/Jun/2024:12:42:45 +0200] "GET /wp-includes/ID3/index.php HTTP/1.1" 404 - "-" "Mozlila/5.0 (Linux; Android 7.0; SM-G892A Bulid/NRD90M; wv) AppleWebKit/537.36 (KHTML, like Gecko) Version/4.0 Chrome/60.0.3112.107 Moblie Safari/537.36"
162.255.84.206 - - [01/Jun/2024:12:42:54 +0200] "GET /wp-includes/index.php HTTP/1.1" 404 - "-" "Mozlila/5.0 (Linux; Android 7.0; SM-G892A Bulid/NRD90M; wv) AppleWebKit/537.36 (KHTML, like Gecko) Version/4.0 Chrome/60.0.3112.107 Moblie Safari/537.36"
162.255.84.206 - - [01/Jun/2024:12:42:57 +0200] "GET /wp-includes/certificates/index.php HTTP/1.1" 404 - "-" "Mozlila/5.0 (Linux; Android 7.0; SM-G892A Bulid/NRD90M; wv) AppleWebKit/537.36 (KHTML, like Gecko) Version/4.0 Chrome/60.0.3112.107 Moblie Safari/537.36"
162.255.84.206 - - [01/Jun/2024:12:42:58 +0200] "GET /atomlib.php HTTP/1.1" 404 - "-" "Mozlila/5.0 (Linux; Android 7.0; SM-G892A Bulid/NRD90M; wv) AppleWebKit/537.36 (KHTML, like Gecko) Version/4.0 Chrome/60.0.3112.107 Moblie Safari/537.36"
162.255.84.206 - - [01/Jun/2024:12:43:02 +0200] "GET /wp-content/themes/seotheme/mar.php HTTP/1.1" 404 - "-" "Mozlila/5.0 (Linux; Android 7.0; SM-G892A Bulid/NRD90M; wv) AppleWebKit/537.36 (KHTML, like Gecko) Version/4.0 Chrome/60.0.3112.107 Moblie Safari/537.36"
162.255.84.206 - - [01/Jun/2024:12:43:08 +0200] "GET /wp-content/plugins/seoplugins/mar.php HTTP/1.1" 404 - "-" "Mozlila/5.0 (Linux; Android 7.0; SM-G892A Bulid/NRD90M; wv) AppleWebKit/537.36 (KHTML, like Gecko) Version/4.0 Chrome/60.0.3112.107 Moblie Safari/537.36"
162.255.84.206 - - [01/Jun/2024:12:43:17 +0200] "GET /wp-admin/includes/index.php HTTP/1.1" 404 - "-" "Mozlila/5.0 (Linux; Android 7.0; SM-G892A Bulid/NRD90M; wv) AppleWebKit/537.36 (KHTML, like Gecko) Version/4.0 Chrome/60.0.3112.107 Moblie Safari/537.36"
162.255.84.206 - - [01/Jun/2024:12:43:40 +0200] "GET /wp-includes/images/index.php HTTP/1.1" 404 - "-" "Mozlila/5.0 (Linux; Android 7.0; SM-G892A Bulid/NRD90M; wv) AppleWebKit/537.36 (KHTML, like Gecko) Version/4.0 Chrome/60.0.3112.107 Moblie Safari/537.36"
216.244.66.203 - - [01/Jun/2024:12:43:43 +0200] "GET /%7Efjoo/MAV_T679.jpg HTTP/1.1" 404 - "-" "Mozilla/5.0 (compatible; DotBot/1.2; +https://opensiteexplorer.org/dotbot; help@moz.com)"
162.255.84.206 - - [01/Jun/2024:12:43:46 +0200] "GET /wp-admin/css/index.php HTTP/1.1" 404 - "-" "Mozlila/5.0 (Linux; Android 7.0; SM-G892A Bulid/NRD90M; wv) AppleWebKit/537.36 (KHTML, like Gecko) Version/4.0 Chrome/60.0.3112.107 Moblie Safari/537.36"
162.255.84.206 - - [01/Jun/2024:12:43:47 +0200] "GET /wp-includes/pomo/index.php HTTP/1.1" 404 - "-" "Mozlila/5.0 (Linux; Android 7.0; SM-G892A Bulid/NRD90M; wv) AppleWebKit/537.36 (KHTML, like Gecko) Version/4.0 Chrome/60.0.3112.107 Moblie Safari/537.36"
162.255.84.206 - - [01/Jun/2024:12:43:57 +0200] "GET /wp-includes/rest-api/index.php HTTP/1.1" 404 - "-" "Mozlila/5.0 (Linux; Android 7.0; SM-G892A Bulid/NRD90M; wv) AppleWebKit/537.36 (KHTML, like Gecko) Version/4.0 Chrome/60.0.3112.107 Moblie Safari/537.36"
162.255.84.206 - - [01/Jun/2024:12:44:00 +0200] "GET /wp-includes/fonts/index.php HTTP/1.1" 404 - "-" "Mozlila/5.0 (Linux; Android 7.0; SM-G892A Bulid/NRD90M; wv) AppleWebKit/537.36 (KHTML, like Gecko) Version/4.0 Chrome/60.0.3112.107 Moblie Safari/537.36"
162.255.84.206 - - [01/Jun/2024:12:44:06 +0200] "GET /wp-includes/js/index.php HTTP/1.1" 404 - "-" "Mozlila/5.0 (Linux; Android 7.0; SM-G892A Bulid/NRD90M; wv) AppleWebKit/537.36 (KHTML, like Gecko) Version/4.0 Chrome/60.0.3112.107 Moblie Safari/537.36"
162.255.84.206 - - [01/Jun/2024:12:44:10 +0200] "GET /wp-admin/images/index.php HTTP/1.1" 404 - "-" "Mozlila/5.0 (Linux; Android 7.0; SM-G892A Bulid/NRD90M; wv) AppleWebKit/537.36 (KHTML, like Gecko) Version/4.0 Chrome/60.0.3112.107 Moblie Safari/537.36"
162.255.84.206 - - [01/Jun/2024:12:44:12 +0200] "GET /wp-admin/meta/index.php HTTP/1.1" 404 - "-" "Mozlila/5.0 (Linux; Android 7.0; SM-G892A Bulid/NRD90M; wv) AppleWebKit/537.36 (KHTML, like Gecko) Version/4.0 Chrome/60.0.3112.107 Moblie Safari/537.36"
162.255.84.206 - - [01/Jun/2024:12:44:14 +0200] "GET /wp-admin/network/index.php HTTP/1.1" 404 - "-" "Mozlila/5.0 (Linux; Android 7.0; SM-G892A Bulid/NRD90M; wv) AppleWebKit/537.36 (KHTML, like Gecko) Version/4.0 Chrome/60.0.3112.107 Moblie Safari/537.36"
162.255.84.206 - - [01/Jun/2024:12:44:19 +0200] "GET /wp-admin/user/index.php HTTP/1.1" 404 - "-" "Mozlila/5.0 (Linux; Android 7.0; SM-G892A Bulid/NRD90M; wv) AppleWebKit/537.36 (KHTML, like Gecko) Version/4.0 Chrome/60.0.3112.107 Moblie Safari/537.36"
162.255.84.206 - - [01/Jun/2024:12:44:23 +0200] "GET /wp-includes/assets/index.php HTTP/1.1" 404 - "-" "Mozlila/5.0 (Linux; Android 7.0; SM-G892A Bulid/NRD90M; wv) AppleWebKit/537.36 (KHTML, like Gecko) Version/4.0 Chrome/60.0.3112.107 Moblie Safari/537.36"
162.255.84.206 - - [01/Jun/2024:12:44:24 +0200] "GET /wp-includes/block-patterns/index.php HTTP/1.1" 404 - "-" "Mozlila/5.0 (Linux; Android 7.0; SM-G892A Bulid/NRD90M; wv) AppleWebKit/537.36 (KHTML, like Gecko) Version/4.0 Chrome/60.0.3112.107 Moblie Safari/537.36"
162.255.84.206 - - [01/Jun/2024:12:44:27 +0200] "GET /wp-includes/block-supports/index.php HTTP/1.1" 404 - "-" "Mozlila/5.0 (Linux; Android 7.0; SM-G892A Bulid/NRD90M; wv) AppleWebKit/537.36 (KHTML, like Gecko) Version/4.0 Chrome/60.0.3112.107 Moblie Safari/537.36"
162.255.84.206 - - [01/Jun/2024:12:44:29 +0200] "GET /wp-includes/blocks/index.php HTTP/1.1" 404 - "-" "Mozlila/5.0 (Linux; Android 7.0; SM-G892A Bulid/NRD90M; wv) AppleWebKit/537.36 (KHTML, like Gecko) Version/4.0 Chrome/60.0.3112.107 Moblie Safari/537.36"
162.255.84.206 - - [01/Jun/2024:12:44:35 +0200] "GET /wp-includes/css/index.php HTTP/1.1" 404 - "-" "Mozlila/5.0 (Linux; Android 7.0; SM-G892A Bulid/NRD90M; wv) AppleWebKit/537.36 (KHTML, like Gecko) Version/4.0 Chrome/60.0.3112.107 Moblie Safari/537.36"
162.255.84.206 - - [01/Jun/2024:12:44:41 +0200] "GET /wp-includes/customize/index.php HTTP/1.1" 404 - "-" "Mozlila/5.0 (Linux; Android 7.0; SM-G892A Bulid/NRD90M; wv) AppleWebKit/537.36 (KHTML, like Gecko) Version/4.0 Chrome/60.0.3112.107 Moblie Safari/537.36"
162.255.84.206 - - [01/Jun/2024:12:44:43 +0200] "GET /wp-includes/IXR/index.php HTTP/1.1" 404 - "-" "Mozlila/5.0 (Linux; Android 7.0; SM-G892A Bulid/NRD90M; wv) AppleWebKit/537.36 (KHTML, like Gecko) Version/4.0 Chrome/60.0.3112.107 Moblie Safari/537.36"
162.255.84.206 - - [01/Jun/2024:12:44:48 +0200] "GET /wp-includes/php-compat/index.php HTTP/1.1" 404 - "-" "Mozlila/5.0 (Linux; Android 7.0; SM-G892A Bulid/NRD90M; wv) AppleWebKit/537.36 (KHTML, like Gecko) Version/4.0 Chrome/60.0.3112.107 Moblie Safari/537.36"
162.255.84.206 - - [01/Jun/2024:12:44:50 +0200] "GET /wp-includes/PHPMailer/index.php HTTP/1.1" 404 - "-" "Mozlila/5.0 (Linux; Android 7.0; SM-G892A Bulid/NRD90M; wv) AppleWebKit/537.36 (KHTML, like Gecko) Version/4.0 Chrome/60.0.3112.107 Moblie Safari/537.36"
162.255.84.206 - - [01/Jun/2024:12:44:52 +0200] "GET /wp-includes/random_compat/index.php HTTP/1.1" 404 - "-" "Mozlila/5.0 (Linux; Android 7.0; SM-G892A Bulid/NRD90M; wv) AppleWebKit/537.36 (KHTML, like Gecko) Version/4.0 Chrome/60.0.3112.107 Moblie Safari/537.36"
162.255.84.206 - - [01/Jun/2024:12:45:01 +0200] "GET /wp-includes/Requests/index.php HTTP/1.1" 404 - "-" "Mozlila/5.0 (Linux; Android 7.0; SM-G892A Bulid/NRD90M; wv) AppleWebKit/537.36 (KHTML, like Gecko) Version/4.0 Chrome/60.0.3112.107 Moblie Safari/537.36"
5.255.231.14 - - [01/Jun/2024:12:45:12 +0200] "GET /img_upload/cb39111eba7a31c9c0e48686fa8e3c87/ShallowLake2003_2.pdf HTTP/1.1" 404 - "-" "Mozilla/5.0 (compatible; YandexBot/3.0; +http://yandex.com/bots)"
162.255.84.206 - - [01/Jun/2024:12:45:14 +0200] "GET /wp-includes/SimplePie/index.php HTTP/1.1" 404 - "-" "Mozlila/5.0 (Linux; Android 7.0; SM-G892A Bulid/NRD90M; wv) AppleWebKit/537.36 (KHTML, like Gecko) Version/4.0 Chrome/60.0.3112.107 Moblie Safari/537.36"
162.255.84.206 - - [01/Jun/2024:12:45:20 +0200] "GET /wp-includes/sitemaps/index.php HTTP/1.1" 404 - "-" "Mozlila/5.0 (Linux; Android 7.0; SM-G892A Bulid/NRD90M; wv) AppleWebKit/537.36 (KHTML, like Gecko) Version/4.0 Chrome/60.0.3112.107 Moblie Safari/537.36"
162.255.84.206 - - [01/Jun/2024:12:45:23 +0200] "GET /wp-includes/sodium_compat/index.php HTTP/1.1" 404 - "-" "Mozlila/5.0 (Linux; Android 7.0; SM-G892A Bulid/NRD90M; wv) AppleWebKit/537.36 (KHTML, like Gecko) Version/4.0 Chrome/60.0.3112.107 Moblie Safari/537.36"
162.255.84.206 - - [01/Jun/2024:12:45:25 +0200] "GET /wp-includes/style-engine/index.php HTTP/1.1" 404 - "-" "Mozlila/5.0 (Linux; Android 7.0; SM-G892A Bulid/NRD90M; wv) AppleWebKit/537.36 (KHTML, like Gecko) Version/4.0 Chrome/60.0.3112.107 Moblie Safari/537.36"
162.255.84.206 - - [01/Jun/2024:12:45:27 +0200] "GET /wp-includes/theme-compat/index.php HTTP/1.1" 404 - "-" "Mozlila/5.0 (Linux; Android 7.0; SM-G892A Bulid/NRD90M; wv) AppleWebKit/537.36 (KHTML, like Gecko) Version/4.0 Chrome/60.0.3112.107 Moblie Safari/537.36"
162.255.84.206 - - [01/Jun/2024:12:45:29 +0200] "GET /wp-includes/widgets/index.php HTTP/1.1" 404 - "-" "Mozlila/5.0 (Linux; Android 7.0; SM-G892A Bulid/NRD90M; wv) AppleWebKit/537.36 (KHTML, like Gecko) Version/4.0 Chrome/60.0.3112.107 Moblie Safari/537.36"
213.180.203.22 - - [01/Jun/2024:12:45:55 +0200] "GET /vedegylet/go.php?121000139 HTTP/1.1" 404 - "-" "Mozilla/5.0 (compatible; YandexBot/3.0; +http://yandex.com/bots)"
131.153.240.162 - - [01/Jun/2024:12:51:58 +0200] "GET / HTTP/1.1" 404 - "-" "Mozilla/5.0 (Windows NT 10.0; Win64; x64) AppleWebKit/537.36 (KHTML, like Gecko) Chrome/106.0.0.0 Safari/537.36"
54.36.148.224 - - [01/Jun/2024:13:22:43 +0200] "GET /robots.txt HTTP/1.1" 404 - "-" "Mozilla/5.0 (compatible; AhrefsBot/7.0; +http://ahrefs.com/robot/)"
24.151.81.99 - - [01/Jun/2024:13:29:28 +0200] "GET /~fjoo/railways.htm HTTP/1.1" 404 - "-" "Mozilla/5.0 (Windows NT 10.0; Win64; x64; rv:126.0) Gecko/20100101 Firefox/126.0"
24.151.81.99 - - [01/Jun/2024:13:29:28 +0200] "GET /favicon.ico HTTP/1.1" 404 - "http://www.zpok.hu/~fjoo/railways.htm" "Mozilla/5.0 (Windows NT 10.0; Win64; x64; rv:126.0) Gecko/20100101 Firefox/126.0"
173.252.83.4 - - [01/Jun/2024:13:34:38 +0200] "GET /robots.txt HTTP/1.1" 404 - "-" "facebookexternalhit/1.1 (+http://www.facebook.com/externalhit_uatext.php)"
173.252.83.116 - - [01/Jun/2024:13:34:46 +0200] "GET /vedegylet/modules.php?name=News&file=article&sid=582 HTTP/1.1" 404 - "-" "facebookexternalhit/1.1 (+http://www.facebook.com/externalhit_uatext.php)"
66.249.73.18 - - [01/Jun/2024:13:52:58 +0200] "GET /fjoo/ftarkany.htm HTTP/1.1" 404 - "-" "Mozilla/5.0 (Linux; Android 6.0.1; Nexus 5X Build/MMB29P) AppleWebKit/537.36 (KHTML, like Gecko) Chrome/125.0.6422.141 Mobile Safari/537.36 (compatible; Googlebot/2.1; +http://www.google.com/bot.html)"
66.249.73.17 - - [01/Jun/2024:13:53:48 +0200] "GET /~fjoo/PCD00074.jpg HTTP/1.1" 404 - "-" "Googlebot-Image/1.0"
