103.77.107.199 - - [01/Mar/2025:12:25:54 +0100] "GET /admin.php HTTP/1.1" 404 - "-" "Mozlila/5.0 (Linux; Android 7.0; SM-G892A Bulid/NRD90M; wv) AppleWebKit/537.36 (KHTML, like Gecko) Version/4.0 Chrome/60.0.3112.107 Moblie Safari/537.36"
103.77.107.199 - - [01/Mar/2025:12:25:54 +0100] "GET /about.php HTTP/1.1" 404 - "-" "Mozlila/5.0 (Linux; Android 7.0; SM-G892A Bulid/NRD90M; wv) AppleWebKit/537.36 (KHTML, like Gecko) Version/4.0 Chrome/60.0.3112.107 Moblie Safari/537.36"
103.77.107.199 - - [01/Mar/2025:12:25:55 +0100] "GET /dropdown.php HTTP/1.1" 404 - "-" "Mozlila/5.0 (Linux; Android 7.0; SM-G892A Bulid/NRD90M; wv) AppleWebKit/537.36 (KHTML, like Gecko) Version/4.0 Chrome/60.0.3112.107 Moblie Safari/537.36"
103.77.107.199 - - [01/Mar/2025:12:25:56 +0100] "GET /wp-header.php HTTP/1.1" 404 - "-" "Mozlila/5.0 (Linux; Android 7.0; SM-G892A Bulid/NRD90M; wv) AppleWebKit/537.36 (KHTML, like Gecko) Version/4.0 Chrome/60.0.3112.107 Moblie Safari/537.36"
103.77.107.199 - - [01/Mar/2025:12:25:58 +0100] "GET /alfanew.php HTTP/1.1" 404 - "-" "Mozlila/5.0 (Linux; Android 7.0; SM-G892A Bulid/NRD90M; wv) AppleWebKit/537.36 (KHTML, like Gecko) Version/4.0 Chrome/60.0.3112.107 Moblie Safari/537.36"
103.77.107.199 - - [01/Mar/2025:12:26:02 +0100] "GET /radio.php HTTP/1.1" 404 - "-" "Mozlila/5.0 (Linux; Android 7.0; SM-G892A Bulid/NRD90M; wv) AppleWebKit/537.36 (KHTML, like Gecko) Version/4.0 Chrome/60.0.3112.107 Moblie Safari/537.36"
103.77.107.199 - - [01/Mar/2025:12:26:02 +0100] "GET /simple.php HTTP/1.1" 404 - "-" "Mozlila/5.0 (Linux; Android 7.0; SM-G892A Bulid/NRD90M; wv) AppleWebKit/537.36 (KHTML, like Gecko) Version/4.0 Chrome/60.0.3112.107 Moblie Safari/537.36"
103.77.107.199 - - [01/Mar/2025:12:26:15 +0100] "GET /cong.php HTTP/1.1" 404 - "-" "Mozlila/5.0 (Linux; Android 7.0; SM-G892A Bulid/NRD90M; wv) AppleWebKit/537.36 (KHTML, like Gecko) Version/4.0 Chrome/60.0.3112.107 Moblie Safari/537.36"
103.77.107.199 - - [01/Mar/2025:12:26:22 +0100] "GET /options.php HTTP/1.1" 404 - "-" "Mozlila/5.0 (Linux; Android 7.0; SM-G892A Bulid/NRD90M; wv) AppleWebKit/537.36 (KHTML, like Gecko) Version/4.0 Chrome/60.0.3112.107 Moblie Safari/537.36"
103.77.107.199 - - [01/Mar/2025:12:26:22 +0100] "GET /alfa-rex.php HTTP/1.1" 404 - "-" "Mozlila/5.0 (Linux; Android 7.0; SM-G892A Bulid/NRD90M; wv) AppleWebKit/537.36 (KHTML, like Gecko) Version/4.0 Chrome/60.0.3112.107 Moblie Safari/537.36"
103.77.107.199 - - [01/Mar/2025:12:26:23 +0100] "GET /wp-content/index.php?x=ooo HTTP/1.1" 404 - "-" "Mozlila/5.0 (Linux; Android 7.0; SM-G892A Bulid/NRD90M; wv) AppleWebKit/537.36 (KHTML, like Gecko) Version/4.0 Chrome/60.0.3112.107 Moblie Safari/537.36"
103.77.107.199 - - [01/Mar/2025:12:26:24 +0100] "GET /wp-admin/options.php HTTP/1.1" 404 - "-" "Mozlila/5.0 (Linux; Android 7.0; SM-G892A Bulid/NRD90M; wv) AppleWebKit/537.36 (KHTML, like Gecko) Version/4.0 Chrome/60.0.3112.107 Moblie Safari/537.36"
103.77.107.199 - - [01/Mar/2025:12:26:35 +0100] "GET /wp-content/plugins/fix/up.php HTTP/1.1" 404 - "-" "Mozlila/5.0 (Linux; Android 7.0; SM-G892A Bulid/NRD90M; wv) AppleWebKit/537.36 (KHTML, like Gecko) Version/4.0 Chrome/60.0.3112.107 Moblie Safari/537.36"
20.171.207.220 - - [01/Mar/2025:12:34:24 +0100] "GET / HTTP/1.1" 404 - "-" "Mozilla/5.0 AppleWebKit/537.36 (KHTML, like Gecko; compatible; GPTBot/1.2; +https://openai.com/gptbot)"
20.171.207.220 - - [01/Mar/2025:12:40:56 +0100] "GET /waldorf HTTP/1.1" 404 - "-" "Mozilla/5.0 AppleWebKit/537.36 (KHTML, like Gecko; compatible; GPTBot/1.2; +https://openai.com/gptbot)"
66.249.68.33 - - [01/Mar/2025:12:48:23 +0100] "GET /~fjoo/M61010depFustia.jpg HTTP/1.1" 404 - "-" "Googlebot-Image/1.0"
43.157.209.252 - - [01/Mar/2025:12:55:42 +0100] "GET / HTTP/1.1" 404 - "-" "Mozilla/5.0 (iPhone; CPU iPhone OS 13_2_3 like Mac OS X) AppleWebKit/605.1.15 (KHTML, like Gecko) Version/13.0.3 Mobile/15E148 Safari/604.1"
195.191.219.133 - - [01/Mar/2025:13:02:22 +0100] "GET /robots.txt HTTP/1.1" 404 - "-" "Mozilla/5.0 (compatible; MJ12bot/v1.4.8; http://mj12bot.com/)"
195.191.219.133 - - [01/Mar/2025:13:02:24 +0100] "GET / HTTP/1.1" 404 - "-" "Mozilla/5.0 (compatible; MJ12bot/v1.4.8; http://mj12bot.com/)"
152.53.114.205 - - [01/Mar/2025:13:07:57 +0100] "GET /img_upload/1ea9642555433df5535758b1af9ca9e9/1._MWSZ_HIRLEVEL_2005.dec.16.pdf HTTP/1.1" 404 - "-" "Mozilla/5.0 (Windows NT 10.0; Win64; x64) AppleWebKit/537.36 (KHTML, like Gecko) Chrome/100.0.5109.801 Safari/537.36"
66.249.79.170 - - [01/Mar/2025:13:20:23 +0100] "GET /genmanipulacio/pic/7.jpg HTTP/1.1" 404 - "-" "Googlebot-Image/1.0"
52.167.144.204 - - [01/Mar/2025:13:20:30 +0100] "GET /~fjoo/nohabkir.htm HTTP/1.1" 404 - "-" "Mozilla/5.0 AppleWebKit/537.36 (KHTML, like Gecko; compatible; bingbot/2.0; +http://www.bing.com/bingbot.htm) Chrome/116.0.1938.76 Safari/537.36"
66.249.79.98 - - [01/Mar/2025:13:37:17 +0100] "GET /fjoo/A62_001A.jpg HTTP/1.1" 404 - "-" "Googlebot-Image/1.0"
87.250.224.72 - - [01/Mar/2025:13:43:32 +0100] "GET /robots.txt HTTP/1.1" 404 - "-" "Mozilla/5.0 (compatible; YandexBot/3.0; +http://yandex.com/bots)"
213.180.203.251 - - [01/Mar/2025:13:43:33 +0100] "GET /globalizacio/lugano.htm HTTP/1.1" 404 - "-" "Mozilla/5.0 (compatible; YandexBot/3.0; +http://yandex.com/bots)"
20.171.207.220 - - [01/Mar/2025:13:51:49 +0100] "GET /genmanipulacio/kepregeny/12.htm HTTP/1.1" 404 - "-" "Mozilla/5.0 AppleWebKit/537.36 (KHTML, like Gecko; compatible; GPTBot/1.2; +https://openai.com/gptbot)"
20.171.207.220 - - [01/Mar/2025:13:52:45 +0100] "GET /waldorf/intlist.htm HTTP/1.1" 404 - "-" "Mozilla/5.0 AppleWebKit/537.36 (KHTML, like Gecko; compatible; GPTBot/1.2; +https://openai.com/gptbot)"
20.171.207.220 - - [01/Mar/2025:13:55:23 +0100] "GET / HTTP/1.1" 404 - "-" "Mozilla/5.0 AppleWebKit/537.36 (KHTML, like Gecko; compatible; GPTBot/1.2; +https://openai.com/gptbot)"
207.46.13.51 - - [01/Mar/2025:14:06:56 +0100] "GET /termeszet/99/jan/csalan.htm HTTP/1.1" 404 - "-" "Mozilla/5.0 AppleWebKit/537.36 (KHTML, like Gecko; compatible; bingbot/2.0; +http://www.bing.com/bingbot.htm) Chrome/116.0.1938.76 Safari/537.36"
95.108.213.175 - - [01/Mar/2025:14:14:50 +0100] "GET /robots.txt HTTP/1.1" 404 - "-" "Mozilla/5.0 (compatible; YandexBot/3.0; +http://yandex.com/bots)"
87.250.224.114 - - [01/Mar/2025:14:14:51 +0100] "GET /biztkomm/206.shtml HTTP/1.1" 404 - "-" "Mozilla/5.0 (compatible; YandexBot/3.0; +http://yandex.com/bots)"
185.105.116.12 - - [01/Mar/2025:14:18:55 +0100] "HEAD / HTTP/1.1" 404 - "https://trustexchangers.com/" "Mozilla/5.0 (compatible; MSIE7.00; Windows 2003)"
20.171.207.220 - - [01/Mar/2025:14:27:33 +0100] "GET / HTTP/1.1" 404 - "-" "Mozilla/5.0 AppleWebKit/537.36 (KHTML, like Gecko; compatible; GPTBot/1.2; +https://openai.com/gptbot)"
66.249.79.198 - - [01/Mar/2025:14:28:44 +0100] "GET /~fjoo/m322055a.jpg HTTP/1.1" 404 - "-" "Googlebot-Image/1.0"
43.153.19.83 - - [01/Mar/2025:14:36:41 +0100] "GET / HTTP/1.1" 404 - "-" "Mozilla/5.0 (iPhone; CPU iPhone OS 13_2_3 like Mac OS X) AppleWebKit/605.1.15 (KHTML, like Gecko) Version/13.0.3 Mobile/15E148 Safari/604.1"
20.171.207.220 - - [01/Mar/2025:14:39:43 +0100] "GET /cyanide/baiamare/ HTTP/1.1" 404 - "-" "Mozilla/5.0 AppleWebKit/537.36 (KHTML, like Gecko; compatible; GPTBot/1.2; +https://openai.com/gptbot)"
54.84.250.51 - - [01/Mar/2025:14:47:02 +0100] "GET /img_upload/322859aa0578c5a894c85ecd18bf54d8/civilbeke1b.jpg HTTP/1.1" 404 - "-" "Mozilla/5.0 AppleWebKit/537.36 (KHTML, like Gecko; compatible; Amazonbot/0.1; +https://developer.amazon.com/support/amazonbot) Chrome/119.0.6045.214 Safari/537.36"
35.94.155.119 - - [01/Mar/2025:14:53:59 +0100] "GET / HTTP/1.1" 404 - "-" "Mozilla/5.0 (Windows NT 10.0; Win64; x64) AppleWebKit/537.36 (KHTML, like Gecko) Chrome/131.0.0.0 Safari/537.36 AtContent/95.5.5462.5"
35.94.155.119 - - [01/Mar/2025:14:54:06 +0100] "GET / HTTP/1.1" 404 - "-" "Mozilla/5.0 (Windows NT 10.0; Win64; x64) AppleWebKit/537.36 (KHTML, like Gecko) Chrome/131.0.0.0 Safari/537.36 AtContent/95.5.5462.5"
40.77.167.1 - - [01/Mar/2025:14:58:20 +0100] "GET /fjoo/gyongyos.htm HTTP/1.1" 404 - "-" "Mozilla/5.0 AppleWebKit/537.36 (KHTML, like Gecko; compatible; bingbot/2.0; +http://www.bing.com/bingbot.htm) Chrome/116.0.1938.76 Safari/537.36"
66.249.70.32 - - [01/Mar/2025:15:00:22 +0100] "GET /genmanipulacio/pic/51.gif HTTP/1.1" 404 - "-" "Googlebot-Image/1.0"
165.227.113.60 - - [01/Mar/2025:15:05:11 +0100] "GET /cdn-cgi/trace HTTP/1.1" 404 - "-" "Mozilla/5.0 zgrab/0.x"
165.140.167.12 - - [01/Mar/2025:15:12:06 +0100] "GET / HTTP/1.1" 302 288 "-" "Mozilla/5.0 (Windows NT 6.1) AppleWebKit/537.36 (KHTML, like Gecko) Chrome/41.0.2227.1 Safari/537.36"
66.249.70.34 - - [01/Mar/2025:15:13:32 +0100] "GET /fjoo/temp/02_10_02/6341.htm HTTP/1.1" 404 - "-" "Mozilla/5.0 (Linux; Android 6.0.1; Nexus 5X Build/MMB29P) AppleWebKit/537.36 (KHTML, like Gecko) Chrome/133.0.6943.53 Mobile Safari/537.36 (compatible; Googlebot/2.1; +http://www.google.com/bot.html)"
194.67.207.55 - - [01/Mar/2025:15:17:17 +0100] "HEAD / HTTP/1.1" 404 - "https://www.liveexpert.org/" "Mozilla/6.0 (compatible; MSIE7.00; Windows 2003)"
4.227.36.120 - - [01/Mar/2025:15:19:05 +0100] "GET /robots.txt HTTP/1.1" 404 - "-" "Mozilla/5.0 AppleWebKit/537.36 (KHTML, like Gecko; compatible; GPTBot/1.2; +https://openai.com/gptbot)"
20.171.207.220 - - [01/Mar/2025:15:19:06 +0100] "GET /waldorf/husvet.htm HTTP/1.1" 404 - "-" "Mozilla/5.0 AppleWebKit/537.36 (KHTML, like Gecko; compatible; GPTBot/1.2; +https://openai.com/gptbot)"
66.249.70.33 - - [01/Mar/2025:15:20:08 +0100] "GET /~fjoo/kadar1a.jpg HTTP/1.1" 404 - "-" "Googlebot-Image/1.0"
65.21.113.202 - - [01/Mar/2025:15:21:33 +0100] "GET /robots.txt HTTP/1.1" 404 - "-" "Mozilla/5.0 (compatible; AwarioBot/1.0; +https://awario.com/bots.html)"
65.21.113.202 - - [01/Mar/2025:15:21:33 +0100] "GET /mirror/bankwatch/transport.htm HTTP/1.1" 404 - "-" "Mozilla/5.0 (compatible; AwarioBot/1.0; +https://awario.com/bots.html)"
65.21.113.202 - - [01/Mar/2025:15:21:34 +0100] "GET /fogyved/e-szamok/ HTTP/1.1" 404 - "-" "Mozilla/5.0 (compatible; AwarioBot/1.0; +https://awario.com/bots.html)"
20.171.207.220 - - [01/Mar/2025:15:28:29 +0100] "GET /waldorf/husvet.htm HTTP/1.1" 404 - "-" "Mozilla/5.0 AppleWebKit/537.36 (KHTML, like Gecko; compatible; GPTBot/1.2; +https://openai.com/gptbot)"
66.249.80.197 - - [01/Mar/2025:15:39:22 +0100] "GET /genmanipulacio/pic/folia1s3.gif HTTP/1.1" 404 - "-" "Mozilla/5.0 (Windows NT 5.1; rv:11.0) Gecko Firefox/11.0 (via ggpht.com GoogleImageProxy)"
66.249.80.196 - - [01/Mar/2025:15:39:23 +0100] "GET /genmanipulacio/pic/1ab.jpg HTTP/1.1" 404 - "-" "Mozilla/5.0 (Windows NT 5.1; rv:11.0) Gecko Firefox/11.0 (via ggpht.com GoogleImageProxy)"
66.249.80.197 - - [01/Mar/2025:15:39:25 +0100] "GET /genmanipulacio/pic/2pre.jpg HTTP/1.1" 404 - "-" "Mozilla/5.0 (Windows NT 5.1; rv:11.0) Gecko Firefox/11.0 (via ggpht.com GoogleImageProxy)"
66.249.80.197 - - [01/Mar/2025:15:39:27 +0100] "GET /genmanipulacio/pic/3.jpg HTTP/1.1" 404 - "-" "Mozilla/5.0 (Windows NT 5.1; rv:11.0) Gecko Firefox/11.0 (via ggpht.com GoogleImageProxy)"
66.249.80.198 - - [01/Mar/2025:15:39:28 +0100] "GET /genmanipulacio/pic/23.gif HTTP/1.1" 404 - "-" "Mozilla/5.0 (Windows NT 5.1; rv:11.0) Gecko Firefox/11.0 (via ggpht.com GoogleImageProxy)"
66.249.80.196 - - [01/Mar/2025:15:39:29 +0100] "GET /genmanipulacio/pic/snowball.jpg HTTP/1.1" 404 - "-" "Mozilla/5.0 (Windows NT 5.1; rv:11.0) Gecko Firefox/11.0 (via ggpht.com GoogleImageProxy)"
66.249.80.197 - - [01/Mar/2025:15:39:31 +0100] "GET /genmanipulacio/pic/6.jpg HTTP/1.1" 404 - "-" "Mozilla/5.0 (Windows NT 5.1; rv:11.0) Gecko Firefox/11.0 (via ggpht.com GoogleImageProxy)"
66.249.80.198 - - [01/Mar/2025:15:39:33 +0100] "GET /genmanipulacio/pic/7.jpg HTTP/1.1" 404 - "-" "Mozilla/5.0 (Windows NT 5.1; rv:11.0) Gecko Firefox/11.0 (via ggpht.com GoogleImageProxy)"
66.249.80.197 - - [01/Mar/2025:15:39:34 +0100] "GET /genmanipulacio/pic/9a.jpg HTTP/1.1" 404 - "-" "Mozilla/5.0 (Windows NT 5.1; rv:11.0) Gecko Firefox/11.0 (via ggpht.com GoogleImageProxy)"
66.249.80.196 - - [01/Mar/2025:15:39:35 +0100] "GET /genmanipulacio/pic/9b.jpg HTTP/1.1" 404 - "-" "Mozilla/5.0 (Windows NT 5.1; rv:11.0) Gecko Firefox/11.0 (via ggpht.com GoogleImageProxy)"
66.249.80.198 - - [01/Mar/2025:15:39:37 +0100] "GET /genmanipulacio/pic/9c1.jpg HTTP/1.1" 404 - "-" "Mozilla/5.0 (Windows NT 5.1; rv:11.0) Gecko Firefox/11.0 (via ggpht.com GoogleImageProxy)"
66.249.80.196 - - [01/Mar/2025:15:39:38 +0100] "GET /genmanipulacio/pic/10a1.jpg HTTP/1.1" 404 - "-" "Mozilla/5.0 (Windows NT 5.1; rv:11.0) Gecko Firefox/11.0 (via ggpht.com GoogleImageProxy)"
66.249.80.196 - - [01/Mar/2025:15:39:39 +0100] "GET /genmanipulacio/pic/10b1.jpg HTTP/1.1" 404 - "-" "Mozilla/5.0 (Windows NT 5.1; rv:11.0) Gecko Firefox/11.0 (via ggpht.com GoogleImageProxy)"
66.249.80.198 - - [01/Mar/2025:15:39:41 +0100] "GET /genmanipulacio/pic/10c.jpg HTTP/1.1" 404 - "-" "Mozilla/5.0 (Windows NT 5.1; rv:11.0) Gecko Firefox/11.0 (via ggpht.com GoogleImageProxy)"
66.249.80.198 - - [01/Mar/2025:15:39:42 +0100] "GET /genmanipulacio/pic/terminator3.jpg HTTP/1.1" 404 - "-" "Mozilla/5.0 (Windows NT 5.1; rv:11.0) Gecko Firefox/11.0 (via ggpht.com GoogleImageProxy)"
66.249.80.197 - - [01/Mar/2025:15:39:43 +0100] "GET /genmanipulacio/pic/11.jpg HTTP/1.1" 404 - "-" "Mozilla/5.0 (Windows NT 5.1; rv:11.0) Gecko Firefox/11.0 (via ggpht.com GoogleImageProxy)"
66.249.80.196 - - [01/Mar/2025:15:39:45 +0100] "GET /genmanipulacio/pic/48pre.jpg HTTP/1.1" 404 - "-" "Mozilla/5.0 (Windows NT 5.1; rv:11.0) Gecko Firefox/11.0 (via ggpht.com GoogleImageProxy)"
66.249.80.196 - - [01/Mar/2025:15:39:46 +0100] "GET /genmanipulacio/pic/49pre.jpg HTTP/1.1" 404 - "-" "Mozilla/5.0 (Windows NT 5.1; rv:11.0) Gecko Firefox/11.0 (via ggpht.com GoogleImageProxy)"
66.249.80.196 - - [01/Mar/2025:15:39:47 +0100] "GET /genmanipulacio/pic/51.gif HTTP/1.1" 404 - "-" "Mozilla/5.0 (Windows NT 5.1; rv:11.0) Gecko Firefox/11.0 (via ggpht.com GoogleImageProxy)"
66.249.80.197 - - [01/Mar/2025:15:39:49 +0100] "GET /genmanipulacio/pic/bghmous.jpg HTTP/1.1" 404 - "-" "Mozilla/5.0 (Windows NT 5.1; rv:11.0) Gecko Firefox/11.0 (via ggpht.com GoogleImageProxy)"
66.249.80.197 - - [01/Mar/2025:15:39:50 +0100] "GET /genmanipulacio/pic/notmilk5.jpg HTTP/1.1" 404 - "-" "Mozilla/5.0 (Windows NT 5.1; rv:11.0) Gecko Firefox/11.0 (via ggpht.com GoogleImageProxy)"
66.249.80.196 - - [01/Mar/2025:15:39:51 +0100] "GET /genmanipulacio/pic/bstbossy.jpg HTTP/1.1" 404 - "-" "Mozilla/5.0 (Windows NT 5.1; rv:11.0) Gecko Firefox/11.0 (via ggpht.com GoogleImageProxy)"
66.249.80.198 - - [01/Mar/2025:15:39:53 +0100] "GET /genmanipulacio/pic/milk1.jpg HTTP/1.1" 404 - "-" "Mozilla/5.0 (Windows NT 5.1; rv:11.0) Gecko Firefox/11.0 (via ggpht.com GoogleImageProxy)"
66.249.80.197 - - [01/Mar/2025:15:39:54 +0100] "GET /genmanipulacio/pic/notmilk4.jpg HTTP/1.1" 404 - "-" "Mozilla/5.0 (Windows NT 5.1; rv:11.0) Gecko Firefox/11.0 (via ggpht.com GoogleImageProxy)"
66.249.80.197 - - [01/Mar/2025:15:39:55 +0100] "GET /genmanipulacio/pic/57.jpg HTTP/1.1" 404 - "-" "Mozilla/5.0 (Windows NT 5.1; rv:11.0) Gecko Firefox/11.0 (via ggpht.com GoogleImageProxy)"
66.249.80.197 - - [01/Mar/2025:15:39:57 +0100] "GET /genmanipulacio/pic/63.jpg HTTP/1.1" 404 - "-" "Mozilla/5.0 (Windows NT 5.1; rv:11.0) Gecko Firefox/11.0 (via ggpht.com GoogleImageProxy)"
66.249.80.197 - - [01/Mar/2025:15:39:58 +0100] "GET /genmanipulacio/pic/66pre.jpg HTTP/1.1" 404 - "-" "Mozilla/5.0 (Windows NT 5.1; rv:11.0) Gecko Firefox/11.0 (via ggpht.com GoogleImageProxy)"
87.250.224.43 - - [01/Mar/2025:15:39:58 +0100] "GET /robots.txt HTTP/1.1" 404 - "-" "Mozilla/5.0 (compatible; YandexBot/3.0; +http://yandex.com/bots)"
213.180.203.249 - - [01/Mar/2025:15:39:58 +0100] "GET /waldorf/ HTTP/1.1" 404 - "-" "Mozilla/5.0 (compatible; YandexBot/3.0; +http://yandex.com/bots)"
66.249.80.198 - - [01/Mar/2025:15:39:59 +0100] "GET /genmanipulacio/pic/69.jpg HTTP/1.1" 404 - "-" "Mozilla/5.0 (Windows NT 5.1; rv:11.0) Gecko Firefox/11.0 (via ggpht.com GoogleImageProxy)"
66.249.80.196 - - [01/Mar/2025:15:40:01 +0100] "GET /genmanipulacio/pic/72pre.jpg HTTP/1.1" 404 - "-" "Mozilla/5.0 (Windows NT 5.1; rv:11.0) Gecko Firefox/11.0 (via ggpht.com GoogleImageProxy)"
66.249.80.197 - - [01/Mar/2025:15:40:02 +0100] "GET /genmanipulacio/pic/75.gif HTTP/1.1" 404 - "-" "Mozilla/5.0 (Windows NT 5.1; rv:11.0) Gecko Firefox/11.0 (via ggpht.com GoogleImageProxy)"
66.249.80.198 - - [01/Mar/2025:15:40:04 +0100] "GET /genmanipulacio/pic/76.gif HTTP/1.1" 404 - "-" "Mozilla/5.0 (Windows NT 5.1; rv:11.0) Gecko Firefox/11.0 (via ggpht.com GoogleImageProxy)"
66.249.80.198 - - [01/Mar/2025:15:40:05 +0100] "GET /genmanipulacio/pic/78.jpg HTTP/1.1" 404 - "-" "Mozilla/5.0 (Windows NT 5.1; rv:11.0) Gecko Firefox/11.0 (via ggpht.com GoogleImageProxy)"
66.249.80.198 - - [01/Mar/2025:15:40:06 +0100] "GET /genmanipulacio/pic/79f.gif HTTP/1.1" 404 - "-" "Mozilla/5.0 (Windows NT 5.1; rv:11.0) Gecko Firefox/11.0 (via ggpht.com GoogleImageProxy)"
66.249.80.196 - - [01/Mar/2025:15:40:07 +0100] "GET /genmanipulacio/pic/79l.jpg HTTP/1.1" 404 - "-" "Mozilla/5.0 (Windows NT 5.1; rv:11.0) Gecko Firefox/11.0 (via ggpht.com GoogleImageProxy)"
66.249.80.196 - - [01/Mar/2025:15:40:09 +0100] "GET /genmanipulacio/pic/81_01.jpg HTTP/1.1" 404 - "-" "Mozilla/5.0 (Windows NT 5.1; rv:11.0) Gecko Firefox/11.0 (via ggpht.com GoogleImageProxy)"
66.249.80.196 - - [01/Mar/2025:15:40:10 +0100] "GET /genmanipulacio/pic/82pre.jpg HTTP/1.1" 404 - "-" "Mozilla/5.0 (Windows NT 5.1; rv:11.0) Gecko Firefox/11.0 (via ggpht.com GoogleImageProxy)"
66.249.80.197 - - [01/Mar/2025:15:40:11 +0100] "GET /genmanipulacio/pic/85.jpg HTTP/1.1" 404 - "-" "Mozilla/5.0 (Windows NT 5.1; rv:11.0) Gecko Firefox/11.0 (via ggpht.com GoogleImageProxy)"
20.171.207.220 - - [01/Mar/2025:15:48:16 +0100] "GET /waldorf/husvet.htm HTTP/1.1" 404 - "-" "Mozilla/5.0 AppleWebKit/537.36 (KHTML, like Gecko; compatible; GPTBot/1.2; +https://openai.com/gptbot)"
66.249.70.32 - - [01/Mar/2025:15:59:21 +0100] "GET /~fjoo/PCD00389a.jpg HTTP/1.1" 404 - "-" "Googlebot-Image/1.0"
20.171.207.220 - - [01/Mar/2025:16:00:46 +0100] "GET /waldorf/husvet.htm HTTP/1.1" 404 - "-" "Mozilla/5.0 AppleWebKit/537.36 (KHTML, like Gecko; compatible; GPTBot/1.2; +https://openai.com/gptbot)"
204.93.149.54 - - [01/Mar/2025:16:17:04 +0100] "GET / HTTP/1.1" 404 - "-" "Mozilla/5.0 (X11; Linux x86_64; rv:103.0) Gecko/20100101 Firefox/103.0"
204.93.149.54 - - [01/Mar/2025:16:17:04 +0100] "GET / HTTP/1.1" 404 - "-" "Mozilla/5.0 (X11; Linux x86_64; rv:103.0) Gecko/20100101 Firefox/103.0"
66.249.70.34 - - [01/Mar/2025:16:21:51 +0100] "GET /~fjoo/v43_1143a.jpg HTTP/1.1" 404 - "-" "Googlebot-Image/1.0"
20.171.207.220 - - [01/Mar/2025:16:30:13 +0100] "GET /img_upload/322859aa0578c5a894c85ecd18bf54d8/managed/stopsmog.jpg HTTP/1.1" 404 - "-" "Mozilla/5.0 AppleWebKit/537.36 (KHTML, like Gecko; compatible; GPTBot/1.2; +https://openai.com/gptbot)"
20.171.207.220 - - [01/Mar/2025:16:32:17 +0100] "GET /img_upload/322859aa0578c5a894c85ecd18bf54d8/managed/stopsmog.jpg HTTP/1.1" 404 - "-" "Mozilla/5.0 AppleWebKit/537.36 (KHTML, like Gecko; compatible; GPTBot/1.2; +https://openai.com/gptbot)"
20.171.207.220 - - [01/Mar/2025:16:32:42 +0100] "GET /img_upload/322859aa0578c5a894c85ecd18bf54d8/managed/stopsmog.jpg HTTP/1.1" 404 - "-" "Mozilla/5.0 AppleWebKit/537.36 (KHTML, like Gecko; compatible; GPTBot/1.2; +https://openai.com/gptbot)"
20.171.207.220 - - [01/Mar/2025:16:34:09 +0100] "GET /img_upload/322859aa0578c5a894c85ecd18bf54d8/managed/stopsmog.jpg HTTP/1.1" 404 - "-" "Mozilla/5.0 AppleWebKit/537.36 (KHTML, like Gecko; compatible; GPTBot/1.2; +https://openai.com/gptbot)"
20.171.207.220 - - [01/Mar/2025:16:37:01 +0100] "GET /img_upload/322859aa0578c5a894c85ecd18bf54d8/managed/stopsmog.jpg HTTP/1.1" 404 - "-" "Mozilla/5.0 AppleWebKit/537.36 (KHTML, like Gecko; compatible; GPTBot/1.2; +https://openai.com/gptbot)"
20.171.207.220 - - [01/Mar/2025:16:40:00 +0100] "GET /img_upload/322859aa0578c5a894c85ecd18bf54d8/managed/stopsmog.jpg HTTP/1.1" 404 - "-" "Mozilla/5.0 AppleWebKit/537.36 (KHTML, like Gecko; compatible; GPTBot/1.2; +https://openai.com/gptbot)"
20.171.207.220 - - [01/Mar/2025:16:41:59 +0100] "GET /img_upload/322859aa0578c5a894c85ecd18bf54d8/managed/stopsmog.jpg HTTP/1.1" 404 - "-" "Mozilla/5.0 AppleWebKit/537.36 (KHTML, like Gecko; compatible; GPTBot/1.2; +https://openai.com/gptbot)"
43.167.241.46 - - [01/Mar/2025:16:42:59 +0100] "GET / HTTP/1.1" 404 - "-" "Mozilla/5.0 (iPhone; CPU iPhone OS 13_2_3 like Mac OS X) AppleWebKit/605.1.15 (KHTML, like Gecko) Version/13.0.3 Mobile/15E148 Safari/604.1"
216.24.213.183 - - [01/Mar/2025:16:43:22 +0100] "GET /wp-login.php HTTP/1.1" 404 - "-" "Mozilla/5.0 (Windows NT 10.0; Win64; x64) AppleWebKit/537.36 (KHTML, like Gecko) Chrome/91.0.4472.124 Safari/537.36"
20.171.207.220 - - [01/Mar/2025:16:43:50 +0100] "GET /img_upload/322859aa0578c5a894c85ecd18bf54d8/managed/stopsmog.jpg HTTP/1.1" 404 - "-" "Mozilla/5.0 AppleWebKit/537.36 (KHTML, like Gecko; compatible; GPTBot/1.2; +https://openai.com/gptbot)"
20.171.207.220 - - [01/Mar/2025:16:45:07 +0100] "GET /moodle/ HTTP/1.1" 404 - "-" "Mozilla/5.0 AppleWebKit/537.36 (KHTML, like Gecko; compatible; GPTBot/1.2; +https://openai.com/gptbot)"
20.171.207.220 - - [01/Mar/2025:16:45:33 +0100] "GET /moodle/ HTTP/1.1" 404 - "-" "Mozilla/5.0 AppleWebKit/537.36 (KHTML, like Gecko; compatible; GPTBot/1.2; +https://openai.com/gptbot)"
20.171.207.220 - - [01/Mar/2025:16:45:47 +0100] "GET /img_upload/322859aa0578c5a894c85ecd18bf54d8/managed/stopsmog.jpg HTTP/1.1" 404 - "-" "Mozilla/5.0 AppleWebKit/537.36 (KHTML, like Gecko; compatible; GPTBot/1.2; +https://openai.com/gptbot)"
20.171.207.220 - - [01/Mar/2025:16:47:33 +0100] "GET /moodle/ HTTP/1.1" 404 - "-" "Mozilla/5.0 AppleWebKit/537.36 (KHTML, like Gecko; compatible; GPTBot/1.2; +https://openai.com/gptbot)"
20.171.207.220 - - [01/Mar/2025:16:47:45 +0100] "GET /img_upload/322859aa0578c5a894c85ecd18bf54d8/managed/stopsmog.jpg HTTP/1.1" 404 - "-" "Mozilla/5.0 AppleWebKit/537.36 (KHTML, like Gecko; compatible; GPTBot/1.2; +https://openai.com/gptbot)"
20.171.207.220 - - [01/Mar/2025:16:47:48 +0100] "GET /genmanipulacio/kepregeny/12.htm HTTP/1.1" 404 - "-" "Mozilla/5.0 AppleWebKit/537.36 (KHTML, like Gecko; compatible; GPTBot/1.2; +https://openai.com/gptbot)"
20.171.207.220 - - [01/Mar/2025:16:47:56 +0100] "GET /img_upload/322859aa0578c5a894c85ecd18bf54d8/managed/stopsmog.jpg HTTP/1.1" 404 - "-" "Mozilla/5.0 AppleWebKit/537.36 (KHTML, like Gecko; compatible; GPTBot/1.2; +https://openai.com/gptbot)"
20.171.207.220 - - [01/Mar/2025:16:48:51 +0100] "GET /img_upload/322859aa0578c5a894c85ecd18bf54d8/managed/stopsmog.jpg HTTP/1.1" 404 - "-" "Mozilla/5.0 AppleWebKit/537.36 (KHTML, like Gecko; compatible; GPTBot/1.2; +https://openai.com/gptbot)"
20.171.207.220 - - [01/Mar/2025:16:49:34 +0100] "GET /img_upload/322859aa0578c5a894c85ecd18bf54d8/managed/stopsmog.jpg HTTP/1.1" 404 - "-" "Mozilla/5.0 AppleWebKit/537.36 (KHTML, like Gecko; compatible; GPTBot/1.2; +https://openai.com/gptbot)"
20.171.207.220 - - [01/Mar/2025:16:49:59 +0100] "GET /img_upload/322859aa0578c5a894c85ecd18bf54d8/managed/stopsmog.jpg HTTP/1.1" 404 - "-" "Mozilla/5.0 AppleWebKit/537.36 (KHTML, like Gecko; compatible; GPTBot/1.2; +https://openai.com/gptbot)"
20.171.207.220 - - [01/Mar/2025:16:51:00 +0100] "GET /img_upload/322859aa0578c5a894c85ecd18bf54d8/managed/stopsmog.jpg HTTP/1.1" 404 - "-" "Mozilla/5.0 AppleWebKit/537.36 (KHTML, like Gecko; compatible; GPTBot/1.2; +https://openai.com/gptbot)"
20.171.207.220 - - [01/Mar/2025:16:57:33 +0100] "GET /img_upload/322859aa0578c5a894c85ecd18bf54d8/managed/stopsmog.jpg HTTP/1.1" 404 - "-" "Mozilla/5.0 AppleWebKit/537.36 (KHTML, like Gecko; compatible; GPTBot/1.2; +https://openai.com/gptbot)"
20.171.207.220 - - [01/Mar/2025:16:57:42 +0100] "GET /img_upload/322859aa0578c5a894c85ecd18bf54d8/managed/stopsmog.jpg HTTP/1.1" 404 - "-" "Mozilla/5.0 AppleWebKit/537.36 (KHTML, like Gecko; compatible; GPTBot/1.2; +https://openai.com/gptbot)"
66.249.70.32 - - [01/Mar/2025:16:57:51 +0100] "GET /fjoo/temp/02_06_04/MX_1006_Asmindrup.jpg HTTP/1.1" 404 - "-" "Googlebot-Image/1.0"
20.171.207.220 - - [01/Mar/2025:17:07:07 +0100] "GET / HTTP/1.1" 404 - "-" "Mozilla/5.0 AppleWebKit/537.36 (KHTML, like Gecko; compatible; GPTBot/1.2; +https://openai.com/gptbot)"
20.171.207.220 - - [01/Mar/2025:17:07:21 +0100] "GET / HTTP/1.1" 404 - "-" "Mozilla/5.0 AppleWebKit/537.36 (KHTML, like Gecko; compatible; GPTBot/1.2; +https://openai.com/gptbot)"
20.171.207.220 - - [01/Mar/2025:17:07:39 +0100] "GET / HTTP/1.1" 404 - "-" "Mozilla/5.0 AppleWebKit/537.36 (KHTML, like Gecko; compatible; GPTBot/1.2; +https://openai.com/gptbot)"
20.171.207.220 - - [01/Mar/2025:17:07:53 +0100] "GET / HTTP/1.1" 404 - "-" "Mozilla/5.0 AppleWebKit/537.36 (KHTML, like Gecko; compatible; GPTBot/1.2; +https://openai.com/gptbot)"
20.171.207.220 - - [01/Mar/2025:17:08:10 +0100] "GET / HTTP/1.1" 404 - "-" "Mozilla/5.0 AppleWebKit/537.36 (KHTML, like Gecko; compatible; GPTBot/1.2; +https://openai.com/gptbot)"
20.171.207.220 - - [01/Mar/2025:17:27:12 +0100] "GET /img_upload/322859aa0578c5a894c85ecd18bf54d8/managed/stopsmog.jpg HTTP/1.1" 404 - "-" "Mozilla/5.0 AppleWebKit/537.36 (KHTML, like Gecko; compatible; GPTBot/1.2; +https://openai.com/gptbot)"
66.249.70.33 - - [01/Mar/2025:17:33:51 +0100] "GET /fjoo/temp/pipacsember1_kicsi.jpg HTTP/1.1" 404 - "-" "Googlebot-Image/1.0"
51.222.253.14 - - [01/Mar/2025:17:50:05 +0100] "GET /robots.txt HTTP/1.1" 404 - "-" "Mozilla/5.0 (compatible; AhrefsBot/7.0; +http://ahrefs.com/robot/)"
34.38.210.81 - - [01/Mar/2025:17:50:24 +0100] "GET /robots.txt HTTP/1.1" 404 - "-" "Mozilla/5.0 (compatible; VelenPublicWebCrawler/1.0; +https://velen.io)"
34.38.210.81 - - [01/Mar/2025:17:50:24 +0100] "GET /internetjog/index.shtml HTTP/1.1" 404 - "-" "Mozilla/5.0 (compatible; VelenPublicWebCrawler/1.0; +https://velen.io)"
100.27.153.9 - - [01/Mar/2025:17:50:56 +0100] "GET /fogyved/e-szamok/e-tab1.html HTTP/1.1" 404 - "-" "Mozilla/5.0 AppleWebKit/537.36 (KHTML, like Gecko; compatible; Amazonbot/0.1; +https://developer.amazon.com/support/amazonbot) Chrome/119.0.6045.214 Safari/537.36"
47.79.98.33 - - [01/Mar/2025:17:50:59 +0100] "GET /waldorf/iskalt3.htm HTTP/1.1" 404 - "http://www.zpok.hu/waldorf/iskalt3.htm" "Mozilla/5.0 (Windows NT 10.0; Win64; x64) AppleWebKit/537.36 (KHTML, like Gecko) Chrome/114.0.0.0 Safari/537.36 Edg/114.0.1823.43"
47.79.117.123 - - [01/Mar/2025:17:51:56 +0100] "GET /hirek/haga.htm HTTP/1.1" 404 - "http://www.zpok.hu/hirek/haga.htm" "Mozilla/5.0 (Windows NT 10.0; Win64; x64) AppleWebKit/537.36 (KHTML, like Gecko) Chrome/114.0.0.0 Safari/537.36 Edg/114.0.1823.43"
66.249.70.32 - - [01/Mar/2025:17:52:38 +0100] "GET /genmanipulacio/cel.htm HTTP/1.1" 404 - "-" "Mozilla/5.0 (Linux; Android 6.0.1; Nexus 5X Build/MMB29P) AppleWebKit/537.36 (KHTML, like Gecko) Chrome/133.0.6943.53 Mobile Safari/537.36 (compatible; Googlebot/2.1; +http://www.google.com/bot.html)"
66.249.70.34 - - [01/Mar/2025:18:10:44 +0100] "GET /~illesf/!sg607.jpg HTTP/1.1" 404 - "-" "Googlebot-Image/1.0"
5.255.231.105 - - [01/Mar/2025:18:11:04 +0100] "GET /robots.txt HTTP/1.1" 404 - "-" "Mozilla/5.0 (compatible; YandexBot/3.0; +http://yandex.com/bots)"
5.255.231.201 - - [01/Mar/2025:18:11:05 +0100] "GET /kontakt/index_en.html HTTP/1.1" 404 - "-" "Mozilla/5.0 (compatible; YandexBot/3.0; +http://yandex.com/bots)"
52.167.144.172 - - [01/Mar/2025:18:12:06 +0100] "GET /levego/9778/9707822b.htm HTTP/1.1" 404 - "-" "Mozilla/5.0 AppleWebKit/537.36 (KHTML, like Gecko; compatible; bingbot/2.0; +http://www.bing.com/bingbot.htm) Chrome/116.0.1938.76 Safari/537.36"
104.128.191.72 - - [01/Mar/2025:18:13:00 +0100] "GET / HTTP/1.1" 302 288 "-" "Python/3.8 aiohttp/3.8.1"
35.172.125.172 - - [01/Mar/2025:18:14:12 +0100] "GET /~fjoo/nohabkir.htm HTTP/1.1" 404 - "-" "Mozilla/5.0 AppleWebKit/537.36 (KHTML, like Gecko; compatible; Amazonbot/0.1; +https://developer.amazon.com/support/amazonbot) Chrome/119.0.6045.214 Safari/537.36"
45.93.184.215 - - [01/Mar/2025:18:24:17 +0100] "GET / HTTP/1.1" 404 - "-" "Mozilla/5.0 (Windows NT 5.1; rv:21.0) Gecko/20100101 Firefox/21.0"
69.176.89.224 - - [01/Mar/2025:18:25:23 +0100] "GET /~illesf/kisvasut/hkkv/hkkv.html HTTP/1.1" 404 - "-" "Mozilla/5.0 (Macintosh; PPC Mac OS X 10_6_7) AppleWebKit/535.1 (KHTML, like Gecko) Chrome/14.0.790.0 Safari/535.1"
5.255.231.12 - - [01/Mar/2025:18:29:41 +0100] "GET /biztkomm/602.shtml HTTP/1.1" 404 - "-" "Mozilla/5.0 (compatible; YandexBot/3.0; +http://yandex.com/bots)"
162.62.231.139 - - [01/Mar/2025:18:30:01 +0100] "GET / HTTP/1.1" 404 - "-" "Mozilla/5.0 (iPhone; CPU iPhone OS 13_2_3 like Mac OS X) AppleWebKit/605.1.15 (KHTML, like Gecko) Version/13.0.3 Mobile/15E148 Safari/604.1"
66.249.70.33 - - [01/Mar/2025:18:31:19 +0100] "GET /robots.txt HTTP/1.1" 404 - "-" "Mozilla/5.0 (compatible; Googlebot/2.1; +http://www.google.com/bot.html)"
66.249.70.32 - - [01/Mar/2025:18:31:19 +0100] "GET /hi/pgt/pgk_pdf/pgk_racz_szilard.pdf HTTP/1.1" 404 - "-" "Googlebot/2.1 (+http://www.google.com/bot.html)"
95.108.213.206 - - [01/Mar/2025:18:34:54 +0100] "GET /~illesf/villamos/brno/rt6.gif HTTP/1.1" 404 - "-" "Mozilla/5.0 (compatible; YandexImages/3.0; +http://yandex.com/bots)"
5.255.231.203 - - [01/Mar/2025:18:36:52 +0100] "GET /robots.txt HTTP/1.1" 404 - "-" "Mozilla/5.0 (compatible; YandexBot/3.0; +http://yandex.com/bots)"
87.250.224.22 - - [01/Mar/2025:18:36:52 +0100] "GET /~fjoo/PCD00509.jpg HTTP/1.1" 404 - "-" "Mozilla/5.0 (compatible; YandexImages/3.0; +http://yandex.com/bots)"
66.249.70.32 - - [01/Mar/2025:18:43:42 +0100] "GET /fjoo/temp/02_06_04/101_005_Wien_West.jpg HTTP/1.1" 404 - "-" "Googlebot-Image/1.0"
66.249.70.33 - - [01/Mar/2025:19:03:16 +0100] "GET /img_upload/cb39111eba7a31c9c0e48686fa8e3c87/rao.pdf HTTP/1.1" 404 - "-" "Googlebot/2.1 (+http://www.google.com/bot.html)"
194.38.23.16 - - [01/Mar/2025:19:09:45 +0100] "GET /wp-content/themes/satoshi/styles/functions.css HTTP/1.1" 404 - "-" "ALittle Client"
20.171.207.220 - - [01/Mar/2025:19:13:11 +0100] "GET / HTTP/1.1" 404 - "-" "Mozilla/5.0 AppleWebKit/537.36 (KHTML, like Gecko; compatible; GPTBot/1.2; +https://openai.com/gptbot)"
66.249.70.32 - - [01/Mar/2025:19:21:51 +0100] "GET /fjoo/PCD01345a.jpg HTTP/1.1" 404 - "-" "Googlebot-Image/1.0"
20.171.207.220 - - [01/Mar/2025:19:26:42 +0100] "GET /genmanipulacio/kepre HTTP/1.1" 404 - "-" "Mozilla/5.0 AppleWebKit/537.36 (KHTML, like Gecko; compatible; GPTBot/1.2; +https://openai.com/gptbot)"
20.171.207.220 - - [01/Mar/2025:19:26:45 +0100] "GET /genmanipulacio/kepregeny/tartalom.htm HTTP/1.1" 404 - "-" "Mozilla/5.0 AppleWebKit/537.36 (KHTML, like Gecko; compatible; GPTBot/1.2; +https://openai.com/gptbot)"
20.171.207.220 - - [01/Mar/2025:19:26:54 +0100] "GET /genmanipulacio/kepregeny/tartalom.htm HTTP/1.1" 404 - "-" "Mozilla/5.0 AppleWebKit/537.36 (KHTML, like Gecko; compatible; GPTBot/1.2; +https://openai.com/gptbot)"
20.171.207.220 - - [01/Mar/2025:19:26:57 +0100] "GET /genmanipulacio/kepre HTTP/1.1" 404 - "-" "Mozilla/5.0 AppleWebKit/537.36 (KHTML, like Gecko; compatible; GPTBot/1.2; +https://openai.com/gptbot)"
20.171.207.220 - - [01/Mar/2025:19:27:42 +0100] "GET /genmanipulacio/kepre HTTP/1.1" 404 - "-" "Mozilla/5.0 AppleWebKit/537.36 (KHTML, like Gecko; compatible; GPTBot/1.2; +https://openai.com/gptbot)"
20.171.207.220 - - [01/Mar/2025:19:27:45 +0100] "GET /genmanipulacio/kepregeny/tartalom.htm HTTP/1.1" 404 - "-" "Mozilla/5.0 AppleWebKit/537.36 (KHTML, like Gecko; compatible; GPTBot/1.2; +https://openai.com/gptbot)"
20.171.207.220 - - [01/Mar/2025:19:28:54 +0100] "GET /genmanipulacio/kepre HTTP/1.1" 404 - "-" "Mozilla/5.0 AppleWebKit/537.36 (KHTML, like Gecko; compatible; GPTBot/1.2; +https://openai.com/gptbot)"
20.171.207.220 - - [01/Mar/2025:19:28:57 +0100] "GET /genmanipulacio/kepregeny/tartalom.htm HTTP/1.1" 404 - "-" "Mozilla/5.0 AppleWebKit/537.36 (KHTML, like Gecko; compatible; GPTBot/1.2; +https://openai.com/gptbot)"
54.36.148.123 - - [01/Mar/2025:19:34:05 +0100] "GET /robots.txt HTTP/1.1" 404 - "-" "Mozilla/5.0 (compatible; AhrefsBot/7.0; +http://ahrefs.com/robot/)"
64.124.8.217 - - [01/Mar/2025:19:34:36 +0100] "GET /robots.txt HTTP/1.1" 404 - "-" "Mozilla/5.0 (compatible; ImagesiftBot; +imagesift.com)"
64.124.8.217 - - [01/Mar/2025:19:34:37 +0100] "GET /fjoo/PCD00920.jpg HTTP/1.1" 404 - "-" "Mozilla/5.0 (compatible; ImagesiftBot; +imagesift.com)"
131.153.240.162 - - [01/Mar/2025:19:40:12 +0100] "GET / HTTP/1.1" 404 - "-" "Mozilla/5.0 (Windows NT 10.0; Win64; x64) AppleWebKit/537.36 (KHTML, like Gecko) Chrome/91.0.4472.124 Safari/537.36"
5.255.231.143 - - [01/Mar/2025:19:46:11 +0100] "GET /robots.txt HTTP/1.1" 404 - "-" "Mozilla/5.0 (compatible; YandexBot/3.0; +http://yandex.com/bots)"
213.180.203.165 - - [01/Mar/2025:19:46:12 +0100] "GET /pangea HTTP/1.1" 404 - "-" "Mozilla/5.0 (compatible; YandexBot/3.0; +http://yandex.com/bots)"
64.124.8.217 - - [01/Mar/2025:19:46:33 +0100] "GET /biztkomm/images/105globkorny.jpg HTTP/1.1" 404 - "-" "Mozilla/5.0 (compatible; ImagesiftBot; +imagesift.com)"
66.249.70.33 - - [01/Mar/2025:20:00:24 +0100] "GET /img_upload/cb39111eba7a31c9c0e48686fa8e3c87/P_000730.pdf HTTP/1.1" 404 - "-" "Googlebot/2.1 (+http://www.google.com/bot.html)"
20.171.207.220 - - [01/Mar/2025:20:03:25 +0100] "GET / HTTP/1.1" 404 - "-" "Mozilla/5.0 AppleWebKit/537.36 (KHTML, like Gecko; compatible; GPTBot/1.2; +https://openai.com/gptbot)"
66.249.70.33 - - [01/Mar/2025:20:12:51 +0100] "GET /~fjoo/FJ_39-2001a.jpg HTTP/1.1" 404 - "-" "Googlebot-Image/1.0"
43.153.47.201 - - [01/Mar/2025:20:16:56 +0100] "GET / HTTP/1.1" 404 - "-" "Mozilla/5.0 (iPhone; CPU iPhone OS 13_2_3 like Mac OS X) AppleWebKit/605.1.15 (KHTML, like Gecko) Version/13.0.3 Mobile/15E148 Safari/604.1"
20.171.207.220 - - [01/Mar/2025:20:19:00 +0100] "GET / HTTP/1.1" 404 - "-" "Mozilla/5.0 AppleWebKit/537.36 (KHTML, like Gecko; compatible; GPTBot/1.2; +https://openai.com/gptbot)"
20.171.207.220 - - [01/Mar/2025:20:24:20 +0100] "GET /biztkomm/401.shtml HTTP/1.1" 404 - "-" "Mozilla/5.0 AppleWebKit/537.36 (KHTML, like Gecko; compatible; GPTBot/1.2; +https://openai.com/gptbot)"
20.171.207.220 - - [01/Mar/2025:20:24:23 +0100] "GET /biztkomm/301.shtml HTTP/1.1" 404 - "-" "Mozilla/5.0 AppleWebKit/537.36 (KHTML, like Gecko; compatible; GPTBot/1.2; +https://openai.com/gptbot)"
20.171.207.220 - - [01/Mar/2025:20:24:26 +0100] "GET /biztkomm/406.shtml HTTP/1.1" 404 - "-" "Mozilla/5.0 AppleWebKit/537.36 (KHTML, like Gecko; compatible; GPTBot/1.2; +https://openai.com/gptbot)"
20.171.207.220 - - [01/Mar/2025:20:24:29 +0100] "GET /biztkomm/604.shtml HTTP/1.1" 404 - "-" "Mozilla/5.0 AppleWebKit/537.36 (KHTML, like Gecko; compatible; GPTBot/1.2; +https://openai.com/gptbot)"
20.171.207.220 - - [01/Mar/2025:20:24:32 +0100] "GET /biztkomm/303.shtml HTTP/1.1" 404 - "-" "Mozilla/5.0 AppleWebKit/537.36 (KHTML, like Gecko; compatible; GPTBot/1.2; +https://openai.com/gptbot)"
20.171.207.220 - - [01/Mar/2025:20:24:35 +0100] "GET /biztkomm/503.shtml HTTP/1.1" 404 - "-" "Mozilla/5.0 AppleWebKit/537.36 (KHTML, like Gecko; compatible; GPTBot/1.2; +https://openai.com/gptbot)"
20.171.207.220 - - [01/Mar/2025:20:24:38 +0100] "GET /biztkomm/402.shtml HTTP/1.1" 404 - "-" "Mozilla/5.0 AppleWebKit/537.36 (KHTML, like Gecko; compatible; GPTBot/1.2; +https://openai.com/gptbot)"
20.171.207.220 - - [01/Mar/2025:20:24:42 +0100] "GET / HTTP/1.1" 404 - "-" "Mozilla/5.0 AppleWebKit/537.36 (KHTML, like Gecko; compatible; GPTBot/1.2; +https://openai.com/gptbot)"
20.171.207.220 - - [01/Mar/2025:20:24:45 +0100] "GET /biztkomm/404.shtml HTTP/1.1" 404 - "-" "Mozilla/5.0 AppleWebKit/537.36 (KHTML, like Gecko; compatible; GPTBot/1.2; +https://openai.com/gptbot)"
20.171.207.220 - - [01/Mar/2025:20:24:48 +0100] "GET /biztkomm/606.shtml HTTP/1.1" 404 - "-" "Mozilla/5.0 AppleWebKit/537.36 (KHTML, like Gecko; compatible; GPTBot/1.2; +https://openai.com/gptbot)"
20.171.207.220 - - [01/Mar/2025:20:24:51 +0100] "GET /biztkomm/505.shtml HTTP/1.1" 404 - "-" "Mozilla/5.0 AppleWebKit/537.36 (KHTML, like Gecko; compatible; GPTBot/1.2; +https://openai.com/gptbot)"
20.171.207.220 - - [01/Mar/2025:20:24:54 +0100] "GET /biztkomm/601.shtml HTTP/1.1" 404 - "-" "Mozilla/5.0 AppleWebKit/537.36 (KHTML, like Gecko; compatible; GPTBot/1.2; +https://openai.com/gptbot)"
20.171.207.220 - - [01/Mar/2025:20:24:57 +0100] "GET /biztkomm/302.shtml HTTP/1.1" 404 - "-" "Mozilla/5.0 AppleWebKit/537.36 (KHTML, like Gecko; compatible; GPTBot/1.2; +https://openai.com/gptbot)"
20.171.207.220 - - [01/Mar/2025:20:25:00 +0100] "GET /biztkomm/603.shtml HTTP/1.1" 404 - "-" "Mozilla/5.0 AppleWebKit/537.36 (KHTML, like Gecko; compatible; GPTBot/1.2; +https://openai.com/gptbot)"
20.171.207.220 - - [01/Mar/2025:20:25:03 +0100] "GET /biztkomm/502.shtml HTTP/1.1" 404 - "-" "Mozilla/5.0 AppleWebKit/537.36 (KHTML, like Gecko; compatible; GPTBot/1.2; +https://openai.com/gptbot)"
20.171.207.220 - - [01/Mar/2025:20:25:07 +0100] "GET /biztkomm/403.shtml HTTP/1.1" 404 - "-" "Mozilla/5.0 AppleWebKit/537.36 (KHTML, like Gecko; compatible; GPTBot/1.2; +https://openai.com/gptbot)"
20.171.207.220 - - [01/Mar/2025:20:25:10 +0100] "GET /biztkomm/305.shtml HTTP/1.1" 404 - "-" "Mozilla/5.0 AppleWebKit/537.36 (KHTML, like Gecko; compatible; GPTBot/1.2; +https://openai.com/gptbot)"
20.171.207.220 - - [01/Mar/2025:20:25:13 +0100] "GET /biztkomm/304.shtml HTTP/1.1" 404 - "-" "Mozilla/5.0 AppleWebKit/537.36 (KHTML, like Gecko; compatible; GPTBot/1.2; +https://openai.com/gptbot)"
20.171.207.220 - - [01/Mar/2025:20:25:16 +0100] "GET /biztkomm/605.shtml HTTP/1.1" 404 - "-" "Mozilla/5.0 AppleWebKit/537.36 (KHTML, like Gecko; compatible; GPTBot/1.2; +https://openai.com/gptbot)"
20.171.207.220 - - [01/Mar/2025:20:25:19 +0100] "GET /biztkomm/607.shtml HTTP/1.1" 404 - "-" "Mozilla/5.0 AppleWebKit/537.36 (KHTML, like Gecko; compatible; GPTBot/1.2; +https://openai.com/gptbot)"
20.171.207.220 - - [01/Mar/2025:20:25:22 +0100] "GET /biztkomm/504.shtml HTTP/1.1" 404 - "-" "Mozilla/5.0 AppleWebKit/537.36 (KHTML, like Gecko; compatible; GPTBot/1.2; +https://openai.com/gptbot)"
20.171.207.220 - - [01/Mar/2025:20:25:25 +0100] "GET /biztkomm/405.shtml HTTP/1.1" 404 - "-" "Mozilla/5.0 AppleWebKit/537.36 (KHTML, like Gecko; compatible; GPTBot/1.2; +https://openai.com/gptbot)"
20.171.207.220 - - [01/Mar/2025:20:25:29 +0100] "GET /biztkomm/602.shtml HTTP/1.1" 404 - "-" "Mozilla/5.0 AppleWebKit/537.36 (KHTML, like Gecko; compatible; GPTBot/1.2; +https://openai.com/gptbot)"
20.171.207.220 - - [01/Mar/2025:20:25:32 +0100] "GET /biztkomm/501.shtml HTTP/1.1" 404 - "-" "Mozilla/5.0 AppleWebKit/537.36 (KHTML, like Gecko; compatible; GPTBot/1.2; +https://openai.com/gptbot)"
20.171.207.220 - - [01/Mar/2025:20:25:35 +0100] "GET /biztkomm/images/402.jpg HTTP/1.1" 404 - "-" "Mozilla/5.0 AppleWebKit/537.36 (KHTML, like Gecko; compatible; GPTBot/1.2; +https://openai.com/gptbot)"
66.249.70.33 - - [01/Mar/2025:20:25:43 +0100] "GET /~fjoo/PCD00404a.jpg HTTP/1.1" 404 - "-" "Googlebot-Image/1.0"
20.171.207.220 - - [01/Mar/2025:20:26:11 +0100] "GET / HTTP/1.1" 404 - "-" "Mozilla/5.0 AppleWebKit/537.36 (KHTML, like Gecko; compatible; GPTBot/1.2; +https://openai.com/gptbot)"
152.53.108.253 - - [01/Mar/2025:20:28:15 +0100] "GET /genmanipulacio/index.shtml HTTP/1.1" 404 - "-" "Mozilla/5.0 (Windows NT 10.0; Win64; x64) AppleWebKit/537.36 (KHTML, like Gecko) Chrome/100.0.5711.132 Safari/537.36"
20.171.207.220 - - [01/Mar/2025:20:36:08 +0100] "GET /globalizacio/danone2.jpg HTTP/1.1" 404 - "-" "Mozilla/5.0 AppleWebKit/537.36 (KHTML, like Gecko; compatible; GPTBot/1.2; +https://openai.com/gptbot)"
66.249.70.33 - - [01/Mar/2025:20:51:30 +0100] "GET /genmanipulacio/pic/9a.jpg HTTP/1.1" 404 - "-" "Googlebot-Image/1.0"
20.171.207.220 - - [01/Mar/2025:20:55:34 +0100] "GET /biztkomm/109.shtml HTTP/1.1" 404 - "-" "Mozilla/5.0 AppleWebKit/537.36 (KHTML, like Gecko; compatible; GPTBot/1.2; +https://openai.com/gptbot)"
20.171.207.220 - - [01/Mar/2025:20:55:37 +0100] "GET /biztkomm/108.shtml HTTP/1.1" 404 - "-" "Mozilla/5.0 AppleWebKit/537.36 (KHTML, like Gecko; compatible; GPTBot/1.2; +https://openai.com/gptbot)"
20.171.207.220 - - [01/Mar/2025:20:55:40 +0100] "GET /biztkomm/102.shtml HTTP/1.1" 404 - "-" "Mozilla/5.0 AppleWebKit/537.36 (KHTML, like Gecko; compatible; GPTBot/1.2; +https://openai.com/gptbot)"
20.171.207.220 - - [01/Mar/2025:20:55:44 +0100] "GET /biztkomm/205.shtml HTTP/1.1" 404 - "-" "Mozilla/5.0 AppleWebKit/537.36 (KHTML, like Gecko; compatible; GPTBot/1.2; +https://openai.com/gptbot)"
20.171.207.220 - - [01/Mar/2025:20:55:47 +0100] "GET /biztkomm/110.shtml HTTP/1.1" 404 - "-" "Mozilla/5.0 AppleWebKit/537.36 (KHTML, like Gecko; compatible; GPTBot/1.2; +https://openai.com/gptbot)"
20.171.207.220 - - [01/Mar/2025:20:55:50 +0100] "GET /biztkomm/101.shtml HTTP/1.1" 404 - "-" "Mozilla/5.0 AppleWebKit/537.36 (KHTML, like Gecko; compatible; GPTBot/1.2; +https://openai.com/gptbot)"
20.171.207.220 - - [01/Mar/2025:20:55:53 +0100] "GET /biztkomm/104.shtml HTTP/1.1" 404 - "-" "Mozilla/5.0 AppleWebKit/537.36 (KHTML, like Gecko; compatible; GPTBot/1.2; +https://openai.com/gptbot)"
20.171.207.220 - - [01/Mar/2025:20:55:56 +0100] "GET /biztkomm/106.shtml HTTP/1.1" 404 - "-" "Mozilla/5.0 AppleWebKit/537.36 (KHTML, like Gecko; compatible; GPTBot/1.2; +https://openai.com/gptbot)"
20.171.207.220 - - [01/Mar/2025:20:55:59 +0100] "GET /biztkomm/103.shtml HTTP/1.1" 404 - "-" "Mozilla/5.0 AppleWebKit/537.36 (KHTML, like Gecko; compatible; GPTBot/1.2; +https://openai.com/gptbot)"
20.171.207.220 - - [01/Mar/2025:20:56:03 +0100] "GET /biztkomm/202.shtml HTTP/1.1" 404 - "-" "Mozilla/5.0 AppleWebKit/537.36 (KHTML, like Gecko; compatible; GPTBot/1.2; +https://openai.com/gptbot)"
20.171.207.220 - - [01/Mar/2025:20:56:06 +0100] "GET /biztkomm/203.shtml HTTP/1.1" 404 - "-" "Mozilla/5.0 AppleWebKit/537.36 (KHTML, like Gecko; compatible; GPTBot/1.2; +https://openai.com/gptbot)"
20.171.207.220 - - [01/Mar/2025:20:56:09 +0100] "GET /biztkomm/207.shtml HTTP/1.1" 404 - "-" "Mozilla/5.0 AppleWebKit/537.36 (KHTML, like Gecko; compatible; GPTBot/1.2; +https://openai.com/gptbot)"
20.171.207.220 - - [01/Mar/2025:20:56:12 +0100] "GET /biztkomm/201.shtml HTTP/1.1" 404 - "-" "Mozilla/5.0 AppleWebKit/537.36 (KHTML, like Gecko; compatible; GPTBot/1.2; +https://openai.com/gptbot)"
20.171.207.220 - - [01/Mar/2025:20:56:15 +0100] "GET /biztkomm/105.shtml HTTP/1.1" 404 - "-" "Mozilla/5.0 AppleWebKit/537.36 (KHTML, like Gecko; compatible; GPTBot/1.2; +https://openai.com/gptbot)"
20.171.207.220 - - [01/Mar/2025:20:56:18 +0100] "GET /biztkomm/209.shtml HTTP/1.1" 404 - "-" "Mozilla/5.0 AppleWebKit/537.36 (KHTML, like Gecko; compatible; GPTBot/1.2; +https://openai.com/gptbot)"
20.171.207.220 - - [01/Mar/2025:20:56:22 +0100] "GET /biztkomm/208.shtml HTTP/1.1" 404 - "-" "Mozilla/5.0 AppleWebKit/537.36 (KHTML, like Gecko; compatible; GPTBot/1.2; +https://openai.com/gptbot)"
20.171.207.220 - - [01/Mar/2025:20:56:25 +0100] "GET /biztkomm/107.shtml HTTP/1.1" 404 - "-" "Mozilla/5.0 AppleWebKit/537.36 (KHTML, like Gecko; compatible; GPTBot/1.2; +https://openai.com/gptbot)"
20.171.207.220 - - [01/Mar/2025:20:56:28 +0100] "GET /biztkomm/206.shtml HTTP/1.1" 404 - "-" "Mozilla/5.0 AppleWebKit/537.36 (KHTML, like Gecko; compatible; GPTBot/1.2; +https://openai.com/gptbot)"
20.171.207.220 - - [01/Mar/2025:20:56:31 +0100] "GET /biztkomm/204.shtml HTTP/1.1" 404 - "-" "Mozilla/5.0 AppleWebKit/537.36 (KHTML, like Gecko; compatible; GPTBot/1.2; +https://openai.com/gptbot)"
20.171.207.220 - - [01/Mar/2025:20:56:35 +0100] "GET /biztkomm/111.shtml HTTP/1.1" 404 - "-" "Mozilla/5.0 AppleWebKit/537.36 (KHTML, like Gecko; compatible; GPTBot/1.2; +https://openai.com/gptbot)"
20.171.207.220 - - [01/Mar/2025:20:56:38 +0100] "GET /biztkomm/3.shtml HTTP/1.1" 404 - "-" "Mozilla/5.0 AppleWebKit/537.36 (KHTML, like Gecko; compatible; GPTBot/1.2; +https://openai.com/gptbot)"
20.171.207.220 - - [01/Mar/2025:20:56:41 +0100] "GET /biztkomm/7.shtml HTTP/1.1" 404 - "-" "Mozilla/5.0 AppleWebKit/537.36 (KHTML, like Gecko; compatible; GPTBot/1.2; +https://openai.com/gptbot)"
20.171.207.220 - - [01/Mar/2025:20:56:44 +0100] "GET /biztkomm/6.shtml HTTP/1.1" 404 - "-" "Mozilla/5.0 AppleWebKit/537.36 (KHTML, like Gecko; compatible; GPTBot/1.2; +https://openai.com/gptbot)"
20.171.207.220 - - [01/Mar/2025:20:56:47 +0100] "GET /biztkomm/4.shtml HTTP/1.1" 404 - "-" "Mozilla/5.0 AppleWebKit/537.36 (KHTML, like Gecko; compatible; GPTBot/1.2; +https://openai.com/gptbot)"
20.171.207.220 - - [01/Mar/2025:20:56:51 +0100] "GET /biztkomm/2.shtml HTTP/1.1" 404 - "-" "Mozilla/5.0 AppleWebKit/537.36 (KHTML, like Gecko; compatible; GPTBot/1.2; +https://openai.com/gptbot)"
20.171.207.220 - - [01/Mar/2025:20:56:54 +0100] "GET /biztkomm/5.shtml HTTP/1.1" 404 - "-" "Mozilla/5.0 AppleWebKit/537.36 (KHTML, like Gecko; compatible; GPTBot/1.2; +https://openai.com/gptbot)"
20.171.207.220 - - [01/Mar/2025:20:56:57 +0100] "GET /biztkomm/1.shtml HTTP/1.1" 404 - "-" "Mozilla/5.0 AppleWebKit/537.36 (KHTML, like Gecko; compatible; GPTBot/1.2; +https://openai.com/gptbot)"
20.171.207.220 - - [01/Mar/2025:20:57:00 +0100] "GET /biztkomm/images/105globkorny.jpg HTTP/1.1" 404 - "-" "Mozilla/5.0 AppleWebKit/537.36 (KHTML, like Gecko; compatible; GPTBot/1.2; +https://openai.com/gptbot)"
66.249.70.33 - - [01/Mar/2025:21:04:25 +0100] "GET /~fjoo/PCD00390a.jpg HTTP/1.1" 404 - "-" "Googlebot-Image/1.0"
154.47.20.214 - - [01/Mar/2025:21:10:04 +0100] "GET /wp-login.php HTTP/1.1" 404 - "-" "Mozilla/5.0 (Windows NT 10.0; Win64; x64) AppleWebKit/537.36 (KHTML, like Gecko) Chrome/91.0.4472.124 Safari/537.36"
20.171.207.220 - - [01/Mar/2025:21:10:51 +0100] "GET /globalizacio/danone2.jpg HTTP/1.1" 404 - "-" "Mozilla/5.0 AppleWebKit/537.36 (KHTML, like Gecko; compatible; GPTBot/1.2; +https://openai.com/gptbot)"
65.21.113.202 - - [01/Mar/2025:21:13:01 +0100] "GET /robots.txt HTTP/1.1" 404 - "-" "Mozilla/5.0 (compatible; AwarioBot/1.0; +https://awario.com/bots.html)"
65.21.113.202 - - [01/Mar/2025:21:13:01 +0100] "GET /dravapeticio HTTP/1.1" 404 - "-" "Mozilla/5.0 (compatible; AwarioBot/1.0; +https://awario.com/bots.html)"
20.171.207.220 - - [01/Mar/2025:21:16:48 +0100] "GET /globalizacio/danone2.jpg HTTP/1.1" 404 - "-" "Mozilla/5.0 AppleWebKit/537.36 (KHTML, like Gecko; compatible; GPTBot/1.2; +https://openai.com/gptbot)"
66.249.70.33 - - [01/Mar/2025:21:17:19 +0100] "GET /~fjoo/PCD00386a.jpg HTTP/1.1" 404 - "-" "Googlebot-Image/1.0"
93.177.119.44 - - [01/Mar/2025:21:18:41 +0100] "GET / HTTP/1.1" 404 - "-" "Mozilla/5.0 (Macintosh; Intel Mac OS X 10_15_7) AppleWebKit/537.36 (KHTML, like Gecko) Chrome/123.0.6312.87 Safari/537.36"
151.80.6.248 - - [01/Mar/2025:21:28:41 +0100] "GET /termeszet/ HTTP/1.1" 404 - "-" "Mozilla/5.0 (Windows NT 10.0; Win64; x64) AppleWebKit/537.36 (KHTML, like Gecko) Chrome/107.0.0.0 Safari/537.36"
66.249.70.32 - - [01/Mar/2025:21:30:11 +0100] "GET /fjoo/temp/USA/5_April/CSX_N168-02a.jpg HTTP/1.1" 404 - "-" "Googlebot-Image/1.0"
217.147.172.206 - - [01/Mar/2025:21:31:50 +0100] "GET /mirror/bankwatch/ HTTP/1.0" 404 - "http://www.zpok.hu/mirror/bankwatch/" "Mozilla/4.0 (compatible; MSIE 6.0; Windows NT 5.1; SV1; .NET CLR 2.0.50727)"
151.80.6.248 - - [01/Mar/2025:21:38:04 +0100] "GET /vedegylet/ HTTP/1.1" 404 - "-" "Mozilla/5.0 (Macintosh; Intel Mac OS X 10_15_7) AppleWebKit/537.36 (KHTML, like Gecko) Chrome/124.0.0.0 Safari/537.36"
151.80.6.248 - - [01/Mar/2025:21:40:56 +0100] "GET /vedegylet/ HTTP/1.1" 404 - "-" "Mozilla/5.0 (Windows NT 10.0; Win64; x64) AppleWebKit/537.36 (KHTML, like Gecko) Chrome/110.0.0.0 Safari/537.36"
3.230.144.119 - - [01/Mar/2025:21:45:14 +0100] "GET / HTTP/1.1" 404 - "-" "Mozilla/5.0 (Macintosh; Intel Mac OS X 10.15; rv:109.0) Gecko/20100101 Firefox/119.0"
44.222.77.54 - - [01/Mar/2025:21:45:14 +0100] "GET / HTTP/1.1" 404 - "-" "Mozilla/5.0 (Windows NT 10.0; Win64; x64) AppleWebKit/537.36 (KHTML, like Gecko) Chrome/74.0.3729.157 Safari/537.36"
66.249.70.38 - - [01/Mar/2025:21:46:56 +0100] "GET /robots.txt HTTP/1.1" 404 - "-" "Mozilla/5.0 (compatible; Googlebot/2.1; +http://www.google.com/bot.html)"
66.249.70.39 - - [01/Mar/2025:21:46:56 +0100] "GET /ads.txt HTTP/1.1" 404 - "-" "Mozilla/5.0 (compatible; Googlebot/2.1; +http://www.google.com/bot.html)"
4.227.36.120 - - [01/Mar/2025:21:50:01 +0100] "GET /robots.txt HTTP/1.1" 404 - "-" "Mozilla/5.0 AppleWebKit/537.36 (KHTML, like Gecko; compatible; GPTBot/1.2; +https://openai.com/gptbot)"
20.171.207.220 - - [01/Mar/2025:21:50:02 +0100] "GET /globalizacio/danone2.jpg HTTP/1.1" 404 - "-" "Mozilla/5.0 AppleWebKit/537.36 (KHTML, like Gecko; compatible; GPTBot/1.2; +https://openai.com/gptbot)"
20.171.207.220 - - [01/Mar/2025:21:53:14 +0100] "GET /globalizacio/danone2.jpg HTTP/1.1" 404 - "-" "Mozilla/5.0 AppleWebKit/537.36 (KHTML, like Gecko; compatible; GPTBot/1.2; +https://openai.com/gptbot)"
43.157.179.227 - - [01/Mar/2025:21:53:47 +0100] "GET / HTTP/1.1" 404 - "-" "Mozilla/5.0 (iPhone; CPU iPhone OS 13_2_3 like Mac OS X) AppleWebKit/605.1.15 (KHTML, like Gecko) Version/13.0.3 Mobile/15E148 Safari/604.1"
66.249.70.33 - - [01/Mar/2025:21:55:43 +0100] "GET /genmanipulacio/pic/49pre.jpg HTTP/1.1" 404 - "-" "Googlebot-Image/1.0"
199.47.82.19 - - [01/Mar/2025:21:57:34 +0100] "GET /robots.txt HTTP/1.1" 404 - "-" "Turnitin (https://bit.ly/2UvnfoQ)"
66.249.70.34 - - [01/Mar/2025:21:57:51 +0100] "GET /fjoo/temp/02_07_29/atszallas.jpg HTTP/1.1" 404 - "-" "Googlebot-Image/1.0"
34.38.210.81 - - [01/Mar/2025:22:01:32 +0100] "GET /robots.txt HTTP/1.1" 404 - "-" "Mozilla/5.0 (compatible; VelenPublicWebCrawler/1.0; +https://velen.io)"
34.38.210.81 - - [01/Mar/2025:22:01:32 +0100] "GET /globalizacio HTTP/1.1" 404 - "-" "Mozilla/5.0 (compatible; VelenPublicWebCrawler/1.0; +https://velen.io)"
34.78.36.141 - - [01/Mar/2025:22:04:10 +0100] "GET / HTTP/1.1" 404 - "-" "Mozilla/5.0 (Windows NT 10.0; Win64; x64) AppleWebKit/537.36 (KHTML, like Gecko) Chrome/84.0.4147.105 Safari/537.36"
